2026-06-23 19:53:22.194 9 ERROR oslo_messaging.rpc.server return f(*args, **kwargs)
2026-06-23 19:53:22.194 9 ERROR oslo_messaging.rpc.server ^^^^^^^^^^^^^^^^^^
2026-06-23 19:53:22.194 9 ERROR oslo_messaging.rpc.server
File "/var/lib/openstack/lib/python3.12/site-packages/neutron_lib/db/api.py", line 183, in wrapped
2026-06-23 19:53:22.194 9 ERROR oslo_messaging.rpc.server with excutils.save_and_reraise_exception():
2026-06-23 19:53:22.194 9 ERROR oslo_messaging.rpc.server
File "/var/lib/openstack/lib/python3.12/site-packages/oslo_utils/excutils.py", line 227, in __exit__
2026-06-23 19:53:22.194 9 ERROR oslo_messaging.rpc.server self.force_reraise()
2026-06-23 19:53:22.194 9 ERROR oslo_messaging.rpc.server
File "/var/lib/openstack/lib/python3.12/site-packages/oslo_utils/excutils.py", line 200, in force_reraise
2026-06-23 19:53:22.194 9 ERROR oslo_messaging.rpc.server raise self.value
2026-06-23 19:53:22.194 9 ERROR oslo_messaging.rpc.server
File "/var/lib/openstack/lib/python3.12/site-packages/neutron_lib/db/api.py", line 181, in wrapped
2026-06-23 19:53:22.194 9 ERROR oslo_messaging.rpc.server return f(*dup_args, **dup_kwargs)
2026-06-23 19:53:22.194 9 ERROR oslo_messaging.rpc.server ^^^^^^^^^^^^^^^^^^^^^^^^^^
2026-06-23 19:53:22.194 9 ERROR oslo_messaging.rpc.server
File "/var/lib/openstack/lib/python3.12/site-packages/neutron/api/rpc/handlers/dhcp_rpc.py", line 340, in get_dhcp_port
2026-06-23 19:53:22.194 9 ERROR oslo_messaging.rpc.server return plugin.get_port(context, port_id)
2026-06-23 19:53:22.194 9 ERROR oslo_messaging.rpc.server ^^^^^^^^^^^^^^^^^^^^^^^^^^^^^^^^^
2026-06-23 19:53:22.194 9 ERROR oslo_messaging.rpc.server
File "/var/lib/openstack/lib/python3.12/site-packages/neutron_lib/db/api.py", line 223, in wrapped
2026-06-23 19:53:22.194 9 ERROR oslo_messaging.rpc.server return f_with_retry(*args, **kwargs,
2026-06-23 19:53:22.194 9 ERROR oslo_messaging.rpc.server ^^^^^^^^^^^^^^^^^^^^^^^^^^^^^
2026-06-23 19:53:22.194 9 ERROR oslo_messaging.rpc.server
File "/var/lib/openstack/lib/python3.12/site-packages/neutron_lib/db/api.py", line 137, in wrapped
2026-06-23 19:53:22.194 9 ERROR oslo_messaging.rpc.server with excutils.save_and_reraise_exception():
2026-06-23 19:53:22.194 9 ERROR oslo_messaging.rpc.server
File "/var/lib/openstack/lib/python3.12/site-packages/oslo_utils/excutils.py", line 227, in __exit__
2026-06-23 19:53:22.194 9 ERROR oslo_messaging.rpc.server self.force_reraise()
2026-06-23 19:53:22.194 9 ERROR oslo_messaging.rpc.server
File "/var/lib/openstack/lib/python3.12/site-packages/oslo_utils/excutils.py", line 200, in force_reraise
2026-06-23 19:53:22.194 9 ERROR oslo_messaging.rpc.server raise self.value
2026-06-23 19:53:22.194 9 ERROR oslo_messaging.rpc.server
File "/var/lib/openstack/lib/python3.12/site-packages/neutron_lib/db/api.py", line 135, in wrapped
2026-06-23 19:53:22.194 9 ERROR oslo_messaging.rpc.server return f(*args, **kwargs)
2026-06-23 19:53:22.194 9 ERROR oslo_messaging.rpc.server ^^^^^^^^^^^^^^^^^^
2026-06-23 19:53:22.194 9 ERROR oslo_messaging.rpc.server
File "/var/lib/openstack/lib/python3.12/site-packages/oslo_db/api.py", line 144, in wrapper
2026-06-23 19:53:22.194 9 ERROR oslo_messaging.rpc.server with excutils.save_and_reraise_exception() as ectxt:
2026-06-23 19:53:22.194 9 ERROR oslo_messaging.rpc.server
File "/var/lib/openstack/lib/python3.12/site-packages/oslo_utils/excutils.py", line 227, in __exit__
2026-06-23 19:53:22.194 9 ERROR oslo_messaging.rpc.server self.force_reraise()
2026-06-23 19:53:22.194 9 ERROR oslo_messaging.rpc.server
File "/var/lib/openstack/lib/python3.12/site-packages/oslo_utils/excutils.py", line 200, in force_reraise
2026-06-23 19:53:22.194 9 ERROR oslo_messaging.rpc.server raise self.value
2026-06-23 19:53:22.194 9 ERROR oslo_messaging.rpc.server
File "/var/lib/openstack/lib/python3.12/site-packages/oslo_db/api.py", line 142, in wrapper
2026-06-23 19:53:22.194 9 ERROR oslo_messaging.rpc.server return f(*args, **kwargs)
2026-06-23 19:53:22.194 9 ERROR oslo_messaging.rpc.server ^^^^^^^^^^^^^^^^^^
2026-06-23 19:53:22.194 9 ERROR oslo_messaging.rpc.server
File "/var/lib/openstack/lib/python3.12/site-packages/neutron_lib/db/api.py", line 183, in wrapped
2026-06-23 19:53:22.194 9 ERROR oslo_messaging.rpc.server with excutils.save_and_reraise_exception():
2026-06-23 19:53:22.194 9 ERROR oslo_messaging.rpc.server
File "/var/lib/openstack/lib/python3.12/site-packages/oslo_utils/excutils.py", line 227, in __exit__
2026-06-23 19:53:22.194 9 ERROR oslo_messaging.rpc.server self.force_reraise()
2026-06-23 19:53:22.194 9 ERROR oslo_messaging.rpc.server
File "/var/lib/openstack/lib/python3.12/site-packages/oslo_utils/excutils.py", line 200, in force_reraise
2026-06-23 19:53:22.194 9 ERROR oslo_messaging.rpc.server raise self.value
2026-06-23 19:53:22.194 9 ERROR oslo_messaging.rpc.server
File "/var/lib/openstack/lib/python3.12/site-packages/neutron_lib/db/api.py", line 181, in wrapped
2026-06-23 19:53:22.194 9 ERROR oslo_messaging.rpc.server return f(*dup_args, **dup_kwargs)
2026-06-23 19:53:22.194 9 ERROR oslo_messaging.rpc.server ^^^^^^^^^^^^^^^^^^^^^^^^^^
2026-06-23 19:53:22.194 9 ERROR oslo_messaging.rpc.server
File "/var/lib/openstack/lib/python3.12/site-packages/oslo_db/sqlalchemy/enginefacade.py", line 998, in wrapper
2026-06-23 19:53:22.194 9 ERROR oslo_messaging.rpc.server return fn(*args, **kwargs)
2026-06-23 19:53:22.194 9 ERROR oslo_messaging.rpc.server ^^^^^^^^^^^^^^^^^^^
2026-06-23 19:53:22.194 9 ERROR oslo_messaging.rpc.server
File "/var/lib/openstack/lib/python3.12/site-packages/neutron/db/db_base_plugin_v2.py", line 1665, in get_port
2026-06-23 19:53:22.194 9 ERROR oslo_messaging.rpc.server port = self._get_port(context, id, lazy_fields=lazy_fields)
2026-06-23 19:53:22.194 9 ERROR oslo_messaging.rpc.server ^^^^^^^^^^^^^^^^^^^^^^^^^^^^^^^^^^^^^^^^^^^^^^^^^^^^
2026-06-23 19:53:22.194 9 ERROR oslo_messaging.rpc.server
File "/var/lib/openstack/lib/python3.12/site-packages/oslo_db/sqlalchemy/enginefacade.py", line 998, in wrapper
2026-06-23 19:53:22.194 9 ERROR oslo_messaging.rpc.server return fn(*args, **kwargs)
2026-06-23 19:53:22.194 9 ERROR oslo_messaging.rpc.server ^^^^^^^^^^^^^^^^^^^
2026-06-23 19:53:22.194 9 ERROR oslo_messaging.rpc.server
File "/var/lib/openstack/lib/python3.12/site-packages/neutron/db/db_base_plugin_common.py", line 298, in _get_port
2026-06-23 19:53:22.194 9 ERROR oslo_messaging.rpc.server raise exceptions.PortNotFound(port_id=id)
2026-06-23 19:53:22.194 9 ERROR oslo_messaging.rpc.server neutron_lib.exceptions.PortNotFound: Port 7a72d1ce-4d58-40d6-9707-a1eaee3bc1cf could not be found.
2026-06-23 19:53:22.194 9 ERROR oslo_messaging.rpc.server
2026-06-23 19:53:22.861 9 INFO neutron.plugins.ml2.plugin [None req-2c67baab-3989-4538-ad23-e7e434440f05 - - - - - -] Attempt 1 to provision port d05934f0-4ad6-4798-b9bd-25fdb1aee50b
2026-06-23 19:53:23.180 9 INFO neutron.plugins.ml2.plugin [None req-2c67baab-3989-4538-ad23-e7e434440f05 - - - - - -] Attempt 1 to provision port bbd59ed2-944a-441b-bd19-26edc39210b4
2026-06-23 19:53:24.767 9 INFO neutron.plugins.ml2.plugin [None req-2c67baab-3989-4538-ad23-e7e434440f05 - - - - - -] Attempt 1 to provision port d05934f0-4ad6-4798-b9bd-25fdb1aee50b
2026-06-23 19:53:24.983 9 INFO neutron.plugins.ml2.plugin [None req-2c67baab-3989-4538-ad23-e7e434440f05 - - - - - -] Attempt 1 to provision port bbd59ed2-944a-441b-bd19-26edc39210b4
2026-06-23 19:53:25.729 10 INFO neutron.plugins.ml2.plugin [None req-83b46ff4-36aa-4978-815e-57f70f6a332c - - - - - -] Attempt 1 to provision port 31725274-1a2d-437b-bd69-6952a968c98c
2026-06-23 19:53:26.735 9 INFO neutron.plugins.ml2.plugin [None req-2c67baab-3989-4538-ad23-e7e434440f05 - - - - - -] Attempt 1 to provision port 31725274-1a2d-437b-bd69-6952a968c98c
2026-06-23 19:53:29.239 9 INFO neutron.plugins.ml2.plugin [None req-2c67baab-3989-4538-ad23-e7e434440f05 - - - - - -] Attempt 1 to provision port 4c54b292-8d64-473e-abb5-5ee6bd4b343b
2026-06-23 19:53:29.356 9 INFO neutron.notifiers.nova [-] Nova event matching ['req-807e31ba-b4ea-4aa7-b717-4eda0679faea'] response: {'server_uuid': 'd03bde6b-7e5f-4718-9a51-d34fcf8a45a9', 'name': 'network-vif-plugged', 'status': 'completed', 'tag': '4c54b292-8d64-473e-abb5-5ee6bd4b343b', 'code': 200}
2026-06-23 19:53:30.719 9 INFO neutron.plugins.ml2.plugin [None req-2c67baab-3989-4538-ad23-e7e434440f05 - - - - - -] Attempt 1 to provision port 4c54b292-8d64-473e-abb5-5ee6bd4b343b
2026-06-23 19:53:31.470 10 INFO neutron.plugins.ml2.plugin [None req-b67be9ee-0fa6-4e7d-bfab-c3531614863e - - - - - -] Attempt 1 to provision port 31725274-1a2d-437b-bd69-6952a968c98c
2026-06-23 19:53:32.790 9 INFO neutron.plugins.ml2.plugin [None req-2c67baab-3989-4538-ad23-e7e434440f05 - - - - - -] Attempt 1 to provision port 31725274-1a2d-437b-bd69-6952a968c98c
2026-06-23 19:53:33.004 9 INFO neutron.plugins.ml2.plugin [None req-2c67baab-3989-4538-ad23-e7e434440f05 - - - - - -] Attempt 1 to provision port 23df5173-98ab-4bac-b0de-041a58e15395
2026-06-23 19:53:34.723 10 INFO neutron.plugins.ml2.plugin [None req-2c67baab-3989-4538-ad23-e7e434440f05 - - - - - -] Attempt 1 to provision port a09f091f-aa6a-4d59-b1e5-56881e15953d
2026-06-23 19:53:35.028 10 INFO neutron.plugins.ml2.plugin [None req-2c67baab-3989-4538-ad23-e7e434440f05 - - - - - -] Attempt 1 to provision port 23df5173-98ab-4bac-b0de-041a58e15395
2026-06-23 19:53:36.759 10 INFO neutron.plugins.ml2.plugin [None req-2c67baab-3989-4538-ad23-e7e434440f05 - - - - - -] Attempt 1 to provision port a09f091f-aa6a-4d59-b1e5-56881e15953d
2026-06-23 19:53:46.025 9 INFO neutron.plugins.ml2.plugin [None req-7a01d750-8987-467d-9a86-9e71b7be1620 - - - - - -] Attempt 1 to provision port 8e3d57a1-4344-4bf4-b6f7-18d66fb56a73
2026-06-23 19:53:46.839 9 INFO neutron.plugins.ml2.plugin [None req-2c67baab-3989-4538-ad23-e7e434440f05 - - - - - -] Attempt 1 to provision port 30ad4286-46a0-4cfb-9ff6-754ba3afa0a8
2026-06-23 19:53:47.124 9 INFO neutron.plugins.ml2.plugin [None req-dc075ffe-f222-468e-8246-ff3545f79af2 - - - - - -] Attempt 1 to provision port 30ad4286-46a0-4cfb-9ff6-754ba3afa0a8
2026-06-23 19:53:48.444 9 INFO neutron.plugins.ml2.plugin [None req-5c11f167-12af-4f4d-876c-9de0e94ab572 - - - - - -] Attempt 1 to provision port 30ad4286-46a0-4cfb-9ff6-754ba3afa0a8
2026-06-23 19:53:48.860 10 INFO neutron.plugins.ml2.plugin [None req-2c67baab-3989-4538-ad23-e7e434440f05 - - - - - -] Attempt 1 to provision port 9444296b-a1ce-4c89-9822-5f83d833a0bb
2026-06-23 19:53:48.891 10 INFO neutron.plugins.ml2.db [None req-2c67baab-3989-4538-ad23-e7e434440f05 - - - - - -] No ports have port_id starting with 9444296b-a1ce-4c89-9822-5f83d833a0bb
2026-06-23 19:53:48.958 10 INFO neutron.plugins.ml2.plugin [None req-2c67baab-3989-4538-ad23-e7e434440f05 - - - - - -] Attempt 1 to provision port 30ad4286-46a0-4cfb-9ff6-754ba3afa0a8
2026-06-23 19:53:49.130 9 INFO neutron.plugins.ml2.plugin [None req-07ea7867-ce5c-40b4-abd3-f1872b814711 - - - - - -] Attempt 1 to provision port 570bf2b3-ce6d-4bb3-9117-c1a301727ba6
2026-06-23 19:53:49.286 10 INFO neutron.plugins.ml2.plugin [None req-2c67baab-3989-4538-ad23-e7e434440f05 - - - - - -] Attempt 1 to provision port 9d5d717c-2842-483c-9a6e-dd3e8f360260
2026-06-23 19:53:49.369 9 INFO neutron.plugins.ml2.plugin [None req-07ea7867-ce5c-40b4-abd3-f1872b814711 - - - - - -] Attempt 1 to provision port 500d4776-dcdf-48d0-b763-1a2644d67c15
2026-06-23 19:53:49.418 9 INFO neutron.plugins.ml2.plugin [None req-07ea7867-ce5c-40b4-abd3-f1872b814711 - - - - - -] Attempt 1 to provision port 8a57ae0b-2c56-487d-ac55-ada782698a3f
2026-06-23 19:53:49.845 10 INFO neutron.plugins.ml2.plugin [None req-a3900b56-b92e-443b-8f23-f0a01ecba309 - - - - - -] Attempt 1 to provision port 570bf2b3-ce6d-4bb3-9117-c1a301727ba6
2026-06-23 19:53:49.894 10 INFO neutron.plugins.ml2.plugin [None req-2c67baab-3989-4538-ad23-e7e434440f05 - - - - - -] Attempt 1 to provision port 5b5e3aa1-4170-465f-9070-7150340b30e9
2026-06-23 19:53:49.950 10 INFO neutron.plugins.ml2.plugin [None req-a3900b56-b92e-443b-8f23-f0a01ecba309 - - - - - -] Attempt 1 to provision port 5b5e3aa1-4170-465f-9070-7150340b30e9
2026-06-23 19:53:50.475 10 INFO neutron.plugins.ml2.plugin [None req-2c67baab-3989-4538-ad23-e7e434440f05 - - - - - -] Attempt 1 to provision port 570bf2b3-ce6d-4bb3-9117-c1a301727ba6
2026-06-23 19:53:50.958 9 INFO neutron.plugins.ml2.plugin [None req-2c67baab-3989-4538-ad23-e7e434440f05 - - - - - -] Attempt 1 to provision port 9d5d717c-2842-483c-9a6e-dd3e8f360260
2026-06-23 19:53:51.066 10 INFO neutron.plugins.ml2.plugin [None req-4efa6df8-3e9e-484a-9e7f-f083f15d951e - - - - - -] Attempt 1 to provision port 5b5e3aa1-4170-465f-9070-7150340b30e9
2026-06-23 19:53:51.152 10 INFO neutron.plugins.ml2.plugin [None req-4efa6df8-3e9e-484a-9e7f-f083f15d951e - - - - - -] Attempt 1 to provision port 8a57ae0b-2c56-487d-ac55-ada782698a3f
2026-06-23 19:53:51.183 9 INFO neutron.plugins.ml2.plugin [None req-2c67baab-3989-4538-ad23-e7e434440f05 - - - - - -] Attempt 1 to provision port 5b5e3aa1-4170-465f-9070-7150340b30e9
2026-06-23 19:53:51.444 9 INFO neutron.plugins.ml2.plugin [None req-2c67baab-3989-4538-ad23-e7e434440f05 - - - - - -] Attempt 1 to provision port 570bf2b3-ce6d-4bb3-9117-c1a301727ba6
2026-06-23 19:53:51.758 10 INFO neutron.plugins.ml2.plugin [None req-3a3d6962-4d92-45f7-86f4-c22198fd2d6f - - - - - -] Attempt 1 to provision port 18972af5-f51d-4a4e-8091-08e997d39f79
2026-06-23 19:53:52.466 9 INFO neutron.plugins.ml2.plugin [None req-9a0786f9-7b99-4095-b186-3c049d59bb4d - - - - - -] Attempt 1 to provision port 18972af5-f51d-4a4e-8091-08e997d39f79
2026-06-23 19:53:52.963 10 INFO neutron.plugins.ml2.plugin [None req-2c67baab-3989-4538-ad23-e7e434440f05 - - - - - -] Attempt 1 to provision port 6c8ce100-2bcf-4162-875d-e0cab60879fa
2026-06-23 19:53:53.797 9 INFO neutron.notifiers.nova [-] Nova event matching ['req-bbf69d36-13ea-464a-985d-4fa4e231548a'] response: {'server_uuid': 'd03bde6b-7e5f-4718-9a51-d34fcf8a45a9', 'name': 'network-vif-unplugged', 'status': 'completed', 'tag': '4c54b292-8d64-473e-abb5-5ee6bd4b343b', 'code': 200}
2026-06-23 19:53:55.009 9 INFO neutron.plugins.ml2.plugin [None req-2c67baab-3989-4538-ad23-e7e434440f05 - - - - - -] Attempt 1 to provision port 4c54b292-8d64-473e-abb5-5ee6bd4b343b
2026-06-23 19:53:55.417 9 INFO neutron.plugins.ml2.plugin [None req-2c67baab-3989-4538-ad23-e7e434440f05 - - - - - -] Attempt 1 to provision port 6c8ce100-2bcf-4162-875d-e0cab60879fa
2026-06-23 19:53:56.161 9 INFO neutron.notifiers.nova [-] Nova event matching ['req-af707bad-d31a-4233-83ac-5c6a13539f3b'] response: {'server_uuid': 'd03bde6b-7e5f-4718-9a51-d34fcf8a45a9', 'name': 'network-vif-plugged', 'status': 'completed', 'tag': '4c54b292-8d64-473e-abb5-5ee6bd4b343b', 'code': 200}
2026-06-23 19:53:57.178 9 INFO neutron.plugins.ml2.plugin [None req-2c67baab-3989-4538-ad23-e7e434440f05 - - - - - -] Attempt 1 to provision port 4c54b292-8d64-473e-abb5-5ee6bd4b343b
2026-06-23 19:54:08.013 9 INFO neutron.plugins.ml2.plugin [None req-2c67baab-3989-4538-ad23-e7e434440f05 - - - - - -] Attempt 1 to provision port 68e70a54-9e40-4e46-a03a-be1b622fa67a
2026-06-23 19:54:08.127 9 INFO neutron.notifiers.nova [-] Nova event matching ['req-db6aecab-7c99-4bc7-8c0f-ffd191ffe666'] response: {'server_uuid': 'bd7b14ca-4cc8-46fb-8fac-807057a3122f', 'name': 'network-vif-plugged', 'status': 'completed', 'tag': '68e70a54-9e40-4e46-a03a-be1b622fa67a', 'code': 200}
2026-06-23 19:54:08.970 10 INFO neutron.plugins.ml2.plugin [None req-2c67baab-3989-4538-ad23-e7e434440f05 - - - - - -] Attempt 1 to provision port 8e3d57a1-4344-4bf4-b6f7-18d66fb56a73
2026-06-23 19:54:09.261 10 INFO neutron.plugins.ml2.plugin [None req-2c67baab-3989-4538-ad23-e7e434440f05 - - - - - -] Attempt 1 to provision port 8a57ae0b-2c56-487d-ac55-ada782698a3f
2026-06-23 19:54:09.522 10 INFO neutron.plugins.ml2.plugin [None req-2c67baab-3989-4538-ad23-e7e434440f05 - - - - - -] Attempt 1 to provision port 68e70a54-9e40-4e46-a03a-be1b622fa67a
2026-06-23 19:54:11.578 10 INFO neutron.plugins.ml2.plugin [None req-2c67baab-3989-4538-ad23-e7e434440f05 - - - - - -] Attempt 1 to provision port 18972af5-f51d-4a4e-8091-08e997d39f79
2026-06-23 19:54:11.902 10 INFO neutron.plugins.ml2.plugin [None req-2c67baab-3989-4538-ad23-e7e434440f05 - - - - - -] Attempt 1 to provision port 8e3d57a1-4344-4bf4-b6f7-18d66fb56a73
2026-06-23 19:54:12.084 10 INFO neutron.plugins.ml2.plugin [None req-2c67baab-3989-4538-ad23-e7e434440f05 - - - - - -] Attempt 1 to provision port 723ed852-acd3-43c5-b6de-b9b9edd2dae2
2026-06-23 19:54:12.199 10 INFO neutron.notifiers.nova [-] Nova event matching ['req-35254f22-18e2-4de2-844b-ef40d336da3c'] response: {'server_uuid': '902b60e7-a707-45f5-bd85-304465f56160', 'name': 'network-vif-plugged', 'status': 'completed', 'tag': '723ed852-acd3-43c5-b6de-b9b9edd2dae2', 'code': 200}
2026-06-23 19:54:12.437 10 INFO neutron.plugins.ml2.plugin [None req-2c67baab-3989-4538-ad23-e7e434440f05 - - - - - -] Attempt 1 to provision port 500d4776-dcdf-48d0-b763-1a2644d67c15
2026-06-23 19:54:12.757 10 INFO neutron.plugins.ml2.plugin [None req-2c67baab-3989-4538-ad23-e7e434440f05 - - - - - -] Attempt 1 to provision port 8a57ae0b-2c56-487d-ac55-ada782698a3f
2026-06-23 19:54:13.262 9 INFO neutron.plugins.ml2.plugin [None req-2c67baab-3989-4538-ad23-e7e434440f05 - - - - - -] Attempt 1 to provision port 18972af5-f51d-4a4e-8091-08e997d39f79
2026-06-23 19:54:13.521 9 INFO neutron.plugins.ml2.plugin [None req-2c67baab-3989-4538-ad23-e7e434440f05 - - - - - -] Attempt 1 to provision port 723ed852-acd3-43c5-b6de-b9b9edd2dae2
2026-06-23 19:54:13.757 9 INFO neutron.plugins.ml2.plugin [None req-2c67baab-3989-4538-ad23-e7e434440f05 - - - - - -] Attempt 1 to provision port 500d4776-dcdf-48d0-b763-1a2644d67c15
2026-06-23 19:54:17.375 10 INFO neutron.notifiers.nova [-] Nova event matching ['req-4d2c3140-1262-4ce8-a01c-8ed954157310'] response: {'server_uuid': '902b60e7-a707-45f5-bd85-304465f56160', 'name': 'network-vif-unplugged', 'status': 'completed', 'tag': '723ed852-acd3-43c5-b6de-b9b9edd2dae2', 'code': 200}
2026-06-23 19:54:25.710 9 INFO neutron.plugins.ml2.plugin [None req-19ffc5be-77aa-447a-b4fe-b0a93f581c0d - - - - - -] Attempt 1 to provision port ed6789b5-bf15-415b-a4dc-bae3b4dd0a44
2026-06-23 19:54:26.815 9 INFO neutron.plugins.ml2.plugin [None req-e35253ad-2fd5-435c-aefc-583f64421018 - - - - - -] Attempt 1 to provision port 5103b430-446c-4336-86c6-2024bdd118c6
2026-06-23 19:54:27.178 10 INFO neutron.plugins.ml2.plugin [None req-2c67baab-3989-4538-ad23-e7e434440f05 - - - - - -] Attempt 1 to provision port 5103b430-446c-4336-86c6-2024bdd118c6
2026-06-23 19:54:28.118 9 INFO neutron.plugins.ml2.plugin [None req-18abbd44-3228-453f-9329-8466659cf939 - - - - - -] Attempt 1 to provision port 5de5f614-bc73-4ccd-9dd4-97ce6bedce48
2026-06-23 19:54:28.146 9 INFO neutron.plugins.ml2.plugin [None req-18abbd44-3228-453f-9329-8466659cf939 - - - - - -] Attempt 1 to provision port 5103b430-446c-4336-86c6-2024bdd118c6
2026-06-23 19:54:28.834 9 INFO neutron.plugins.ml2.plugin [None req-1480ffe1-365a-4474-8b07-0e296d594211 - - - - - -] Attempt 1 to provision port 5de5f614-bc73-4ccd-9dd4-97ce6bedce48
2026-06-23 19:54:29.208 9 INFO neutron.plugins.ml2.plugin [None req-2c67baab-3989-4538-ad23-e7e434440f05 - - - - - -] Attempt 1 to provision port 30db7e5a-2e5f-47a1-a531-24523c76ebe0
2026-06-23 19:54:29.744 10 INFO neutron.plugins.ml2.plugin [None req-35f779fd-2fd8-4979-a917-ecc88a8dd914 - - - - - -] Attempt 1 to provision port 5de5f614-bc73-4ccd-9dd4-97ce6bedce48
2026-06-23 19:54:31.156 9 INFO neutron.plugins.ml2.plugin [None req-2c67baab-3989-4538-ad23-e7e434440f05 - - - - - -] Attempt 1 to provision port 30db7e5a-2e5f-47a1-a531-24523c76ebe0
2026-06-23 19:54:40.306 10 INFO neutron.plugins.ml2.plugin [None req-2c67baab-3989-4538-ad23-e7e434440f05 - - - - - -] Attempt 1 to provision port a2815fbb-0c5c-4993-b6c4-91dee59ac6ae
2026-06-23 19:54:40.417 10 INFO neutron.notifiers.nova [-] Nova event matching ['req-b97948a8-87c6-4dc0-be7c-da4005377218'] response: {'server_uuid': '96f67b9d-1d33-47bc-ab1f-b7134b045df9', 'name': 'network-vif-plugged', 'status': 'completed', 'tag': 'a2815fbb-0c5c-4993-b6c4-91dee59ac6ae', 'code': 200}
2026-06-23 19:54:41.228 9 INFO neutron.plugins.ml2.plugin [None req-2c67baab-3989-4538-ad23-e7e434440f05 - - - - - -] Attempt 1 to provision port a2815fbb-0c5c-4993-b6c4-91dee59ac6ae
2026-06-23 19:54:45.340 10 INFO neutron.plugins.ml2.plugin [None req-2c67baab-3989-4538-ad23-e7e434440f05 - - - - - -] Attempt 1 to provision port c02f651a-64fc-4bd3-ac08-cc29e9127d25
2026-06-23 19:54:45.826 10 INFO neutron.plugins.ml2.plugin [None req-2c67baab-3989-4538-ad23-e7e434440f05 - - - - - -] Attempt 1 to provision port 2c21d936-9e98-4260-b8b4-2c7668b1468b
2026-06-23 19:54:46.422 10 INFO neutron.plugins.ml2.plugin [None req-67edecaa-2333-4c6a-82f1-b772c5461de8 - - - - - -] Attempt 1 to provision port 2c21d936-9e98-4260-b8b4-2c7668b1468b
2026-06-23 19:54:47.124 9 INFO neutron.plugins.ml2.plugin [None req-370db1ba-a017-4891-847f-42efe984ddd4 - - - - - -] Attempt 1 to provision port 9a06544e-a713-47e0-b831-885a2672a4ed
2026-06-23 19:54:47.149 9 INFO neutron.plugins.ml2.plugin [None req-370db1ba-a017-4891-847f-42efe984ddd4 - - - - - -] Attempt 1 to provision port 2c21d936-9e98-4260-b8b4-2c7668b1468b
2026-06-23 19:54:47.227 9 INFO neutron.plugins.ml2.plugin [None req-370db1ba-a017-4891-847f-42efe984ddd4 - - - - - -] Attempt 1 to provision port c02f651a-64fc-4bd3-ac08-cc29e9127d25
2026-06-23 19:54:47.236 10 INFO neutron.plugins.ml2.plugin [None req-2c67baab-3989-4538-ad23-e7e434440f05 - - - - - -] Attempt 1 to provision port ed6789b5-bf15-415b-a4dc-bae3b4dd0a44
2026-06-23 19:54:47.570 10 INFO neutron.plugins.ml2.plugin [None req-2c67baab-3989-4538-ad23-e7e434440f05 - - - - - -] Attempt 1 to provision port c02f651a-64fc-4bd3-ac08-cc29e9127d25
2026-06-23 19:54:47.821 10 INFO neutron.plugins.ml2.plugin [None req-2c67baab-3989-4538-ad23-e7e434440f05 - - - - - -] Attempt 1 to provision port 2c21d936-9e98-4260-b8b4-2c7668b1468b
2026-06-23 19:54:47.845 9 INFO neutron.plugins.ml2.plugin [None req-f2e5f76e-4231-4564-a42d-dd797fcd0918 - - - - - -] Attempt 1 to provision port c02f651a-64fc-4bd3-ac08-cc29e9127d25
2026-06-23 19:54:47.940 9 INFO neutron.plugins.ml2.plugin [None req-f2e5f76e-4231-4564-a42d-dd797fcd0918 - - - - - -] Attempt 1 to provision port addb8b4d-308b-4fd3-aa9b-e301c8f552ae
2026-06-23 19:54:48.075 10 INFO neutron.plugins.ml2.plugin [None req-2c67baab-3989-4538-ad23-e7e434440f05 - - - - - -] Attempt 1 to provision port 5de5f614-bc73-4ccd-9dd4-97ce6bedce48
2026-06-23 19:54:49.250 9 INFO neutron.plugins.ml2.plugin [None req-2c67baab-3989-4538-ad23-e7e434440f05 - - - - - -] Attempt 1 to provision port ed6789b5-bf15-415b-a4dc-bae3b4dd0a44
2026-06-23 19:54:55.208 10 INFO neutron.plugins.ml2.plugin [None req-2c67baab-3989-4538-ad23-e7e434440f05 - - - - - -] Attempt 1 to provision port 8f7e2c60-cbbb-4897-ab41-3f57f658dd2b
2026-06-23 19:54:56.085 10 INFO neutron.plugins.ml2.plugin [None req-be55bb91-1652-4abb-bcf5-6264a0e8fd39 - - - - - -] Attempt 1 to provision port 8f7e2c60-cbbb-4897-ab41-3f57f658dd2b
2026-06-23 19:54:56.787 10 INFO neutron.plugins.ml2.plugin [None req-0bf99e5d-bb1d-48ba-8ba5-a765fc3f9400 - - - - - -] Attempt 1 to provision port 8f7e2c60-cbbb-4897-ab41-3f57f658dd2b
2026-06-23 19:54:59.218 10 INFO neutron.plugins.ml2.plugin [None req-2c67baab-3989-4538-ad23-e7e434440f05 - - - - - -] Attempt 1 to provision port 68669d36-42c3-41c8-8176-30c3a52a637b
2026-06-23 19:55:01.232 10 INFO neutron.plugins.ml2.plugin [None req-2c67baab-3989-4538-ad23-e7e434440f05 - - - - - -] Attempt 1 to provision port 68669d36-42c3-41c8-8176-30c3a52a637b
2026-06-23 19:55:01.519 10 INFO neutron.plugins.ml2.plugin [None req-be5d8b31-bddb-46e2-9422-70c882785c71 - - - - - -] Attempt 1 to provision port 68669d36-42c3-41c8-8176-30c3a52a637b
2026-06-23 19:55:02.215 10 INFO neutron.plugins.ml2.plugin [None req-07715623-1357-4e1c-81bf-0497628d1ef1 - - - - - -] Attempt 1 to provision port 68669d36-42c3-41c8-8176-30c3a52a637b
2026-06-23 19:55:03.926 9 INFO neutron.plugins.ml2.plugin [None req-d68b3e63-5589-4e8f-9ed0-da6b126c0651 - - - - - -] Attempt 1 to provision port 67439f11-7228-49e8-97ab-1b4c9da9121b
2026-06-23 19:55:18.687 10 INFO neutron.plugins.ml2.plugin [None req-1a23ff0d-0981-4317-ba53-3cc84e41d173 - - - - - -] Attempt 1 to provision port 100c47da-a3ae-41f6-9e56-bfc8cda0c5fc
2026-06-23 19:55:19.274 9 INFO neutron.plugins.ml2.plugin [None req-2c67baab-3989-4538-ad23-e7e434440f05 - - - - - -] Attempt 1 to provision port 758c508c-3497-43cf-b4d8-1be2fe56e718
2026-06-23 19:55:19.388 10 INFO neutron.plugins.ml2.plugin [None req-026e7c86-2407-43d1-afd0-23ceb78fe268 - - - - - -] Attempt 1 to provision port d83fdaba-68c9-4720-a6fb-9eb5158d5277
2026-06-23 19:55:19.693 9 INFO neutron.plugins.ml2.plugin [None req-2c67baab-3989-4538-ad23-e7e434440f05 - - - - - -] Attempt 1 to provision port 100c47da-a3ae-41f6-9e56-bfc8cda0c5fc
2026-06-23 19:55:19.977 9 INFO neutron.plugins.ml2.plugin [None req-2c67baab-3989-4538-ad23-e7e434440f05 - - - - - -] Attempt 1 to provision port 2783da67-b2e0-476f-a287-a9330cd0b570
2026-06-23 19:55:20.127 9 INFO neutron.plugins.ml2.plugin [None req-905c29df-dd60-429c-b664-a43ccdb30e38 - - - - - -] Attempt 1 to provision port 2783da67-b2e0-476f-a287-a9330cd0b570
2026-06-23 19:55:20.797 10 INFO neutron.plugins.ml2.plugin [None req-a53de3a4-b7d3-4904-ab08-58fb5d57ab7c - - - - - -] Attempt 1 to provision port 758c508c-3497-43cf-b4d8-1be2fe56e718
2026-06-23 19:55:20.851 10 INFO neutron.plugins.ml2.plugin [None req-a53de3a4-b7d3-4904-ab08-58fb5d57ab7c - - - - - -] Attempt 1 to provision port 100c47da-a3ae-41f6-9e56-bfc8cda0c5fc
2026-06-23 19:55:21.200 10 INFO neutron.plugins.ml2.plugin [None req-2c67baab-3989-4538-ad23-e7e434440f05 - - - - - -] Attempt 1 to provision port 758c508c-3497-43cf-b4d8-1be2fe56e718
2026-06-23 19:55:21.395 10 INFO neutron.plugins.ml2.plugin [None req-2c67baab-3989-4538-ad23-e7e434440f05 - - - - - -] Attempt 1 to provision port 100c47da-a3ae-41f6-9e56-bfc8cda0c5fc
2026-06-23 19:55:21.594 10 INFO neutron.plugins.ml2.plugin [None req-2c67baab-3989-4538-ad23-e7e434440f05 - - - - - -] Attempt 1 to provision port 2783da67-b2e0-476f-a287-a9330cd0b570
2026-06-23 19:55:21.902 10 INFO neutron.plugins.ml2.plugin [None req-5193708e-8e3c-40f2-8656-036b48c8dc12 - - - - - -] Attempt 1 to provision port 2783da67-b2e0-476f-a287-a9330cd0b570
2026-06-23 19:55:22.608 10 INFO neutron.plugins.ml2.plugin [None req-415c9391-6185-4bdf-9d51-20ff7fcabfcf - - - - - -] Attempt 1 to provision port 758c508c-3497-43cf-b4d8-1be2fe56e718
2026-06-23 19:55:23.263 10 INFO neutron.plugins.ml2.plugin [None req-2c67baab-3989-4538-ad23-e7e434440f05 - - - - - -] Attempt 1 to provision port 758c508c-3497-43cf-b4d8-1be2fe56e718
2026-06-23 19:55:23.315 10 INFO neutron.plugins.ml2.plugin [None req-efb5d425-875c-4ef9-a73b-871b72eddf0e - - - - - -] Attempt 1 to provision port 8d0df278-2e2a-413e-88fa-6b00d3e6d0f9
2026-06-23 19:55:23.356 10 INFO neutron.plugins.ml2.plugin [None req-efb5d425-875c-4ef9-a73b-871b72eddf0e - - - - - -] Attempt 1 to provision port 100c47da-a3ae-41f6-9e56-bfc8cda0c5fc
2026-06-23 19:55:23.497 10 INFO neutron.plugins.ml2.plugin [None req-2c67baab-3989-4538-ad23-e7e434440f05 - - - - - -] Attempt 1 to provision port 1e3d8e69-e94e-4f95-88b5-a3f11a409c72
2026-06-23 19:55:24.022 10 INFO neutron.plugins.ml2.plugin [None req-74c62a83-1882-42d6-9b1b-67ba532afdf7 - - - - - -] Attempt 1 to provision port 2783da67-b2e0-476f-a287-a9330cd0b570
2026-06-23 19:55:24.083 10 INFO neutron.plugins.ml2.plugin [None req-74c62a83-1882-42d6-9b1b-67ba532afdf7 - - - - - -] Attempt 1 to provision port 1b2edb56-6dc6-4479-823f-2f5f8131e303
2026-06-23 19:55:24.735 9 INFO neutron.plugins.ml2.plugin [None req-18ab8c46-5d98-4137-bd39-c8fc099739c3 - - - - - -] Attempt 1 to provision port 8d0df278-2e2a-413e-88fa-6b00d3e6d0f9
2026-06-23 19:55:25.206 10 INFO neutron.plugins.ml2.plugin [None req-2c67baab-3989-4538-ad23-e7e434440f05 - - - - - -] Attempt 1 to provision port 1e3d8e69-e94e-4f95-88b5-a3f11a409c72
2026-06-23 19:55:25.490 10 INFO neutron.plugins.ml2.plugin [None req-ed95471d-6c98-4d25-8c93-84c6fd86420a - - - - - -] Attempt 1 to provision port 758c508c-3497-43cf-b4d8-1be2fe56e718
2026-06-23 19:55:25.575 10 INFO neutron.plugins.ml2.plugin [None req-ed95471d-6c98-4d25-8c93-84c6fd86420a - - - - - -] Attempt 1 to provision port 8d0df278-2e2a-413e-88fa-6b00d3e6d0f9
2026-06-23 19:55:25.600 10 INFO neutron.plugins.ml2.plugin [None req-ed95471d-6c98-4d25-8c93-84c6fd86420a - - - - - -] Attempt 1 to provision port 1b2edb56-6dc6-4479-823f-2f5f8131e303
2026-06-23 19:55:26.139 9 INFO neutron.plugins.ml2.plugin [None req-a890ced3-df51-4ca7-8c19-6e54425d021e - - - - - -] Attempt 1 to provision port 64547bf7-d383-42f1-9da8-65aa1b823f08
2026-06-23 19:55:26.164 9 INFO neutron.plugins.ml2.plugin [None req-a890ced3-df51-4ca7-8c19-6e54425d021e - - - - - -] Attempt 1 to provision port 1b2edb56-6dc6-4479-823f-2f5f8131e303
2026-06-23 19:55:27.043 10 INFO neutron.plugins.ml2.plugin [None req-3125fee9-fd38-4d5b-a9b8-91c2b2fa6cc5 - - - - - -] Attempt 1 to provision port 64547bf7-d383-42f1-9da8-65aa1b823f08
2026-06-23 19:55:30.962 9 INFO neutron.plugins.ml2.plugin [None req-1ba299d4-306d-4dfd-a565-e3ff0deca0b0 - - - - - -] Attempt 1 to provision port 49baebba-27f5-4687-a6cc-6767b7e7007a
2026-06-23 19:55:33.326 9 INFO neutron.plugins.ml2.plugin [None req-2c67baab-3989-4538-ad23-e7e434440f05 - - - - - -] Attempt 1 to provision port 8c8261b2-c6c5-45bb-b48d-db679e3197aa
2026-06-23 19:55:33.737 9 INFO neutron.plugins.ml2.plugin [None req-2c67baab-3989-4538-ad23-e7e434440f05 - - - - - -] Attempt 1 to provision port 7d4517d3-b813-4477-9279-737b8b9edbaa
2026-06-23 19:55:35.091 10 INFO neutron.plugins.ml2.plugin [None req-f6a89635-f000-42d9-8e50-5d019571c4a8 - - - - - -] Attempt 1 to provision port 1aa0b72b-e8e7-44fc-a59f-e4b49520122e
2026-06-23 19:55:35.490 9 INFO neutron.plugins.ml2.plugin [None req-2c67baab-3989-4538-ad23-e7e434440f05 - - - - - -] Attempt 1 to provision port 1aa0b72b-e8e7-44fc-a59f-e4b49520122e
2026-06-23 19:55:35.692 9 INFO neutron.plugins.ml2.plugin [None req-2c67baab-3989-4538-ad23-e7e434440f05 - - - - - -] Attempt 1 to provision port 8c8261b2-c6c5-45bb-b48d-db679e3197aa
2026-06-23 19:55:36.507 10 INFO neutron.plugins.ml2.plugin [None req-42891fcf-0b09-40cf-ad01-9fcd17f8fc51 - - - - - -] Attempt 1 to provision port 1aa0b72b-e8e7-44fc-a59f-e4b49520122e
2026-06-23 19:55:36.568 10 INFO neutron.plugins.ml2.plugin [None req-42891fcf-0b09-40cf-ad01-9fcd17f8fc51 - - - - - -] Attempt 1 to provision port d857c736-b7f1-4fd4-baf5-180af0a7cac4
2026-06-23 19:55:37.207 9 INFO neutron.plugins.ml2.plugin [None req-dfafb44b-1657-4ec0-8769-a132b360c42e - - - - - -] Attempt 1 to provision port d857c736-b7f1-4fd4-baf5-180af0a7cac4
2026-06-23 19:55:37.813 9 INFO neutron.plugins.ml2.plugin [None req-2c67baab-3989-4538-ad23-e7e434440f05 - - - - - -] Attempt 1 to provision port 15d1332d-96b5-4a48-8346-2b5c648bb1d0
2026-06-23 19:55:37.919 9 INFO neutron.plugins.ml2.plugin [None req-0ef38c17-8636-4237-803d-8127bacaaba0 - - - - - -] Attempt 1 to provision port d857c736-b7f1-4fd4-baf5-180af0a7cac4
2026-06-23 19:55:37.927 9 INFO neutron.notifiers.nova [-] Nova event matching ['req-ee2c3441-5e5e-4f2f-b95f-7a222389dbed'] response: {'server_uuid': '6ba1eff7-776d-4ca2-bab1-7c2fc70b5797', 'name': 'network-vif-plugged', 'status': 'completed', 'tag': '15d1332d-96b5-4a48-8346-2b5c648bb1d0', 'code': 200}
2026-06-23 19:55:38.205 9 INFO neutron.plugins.ml2.plugin [None req-2c67baab-3989-4538-ad23-e7e434440f05 - - - - - -] Attempt 1 to provision port 1aa0b72b-e8e7-44fc-a59f-e4b49520122e
2026-06-23 19:55:39.714 10 INFO neutron.plugins.ml2.plugin [None req-2c67baab-3989-4538-ad23-e7e434440f05 - - - - - -] Attempt 1 to provision port 3a70e808-8765-4a57-8660-8e5cf6e42e6b
2026-06-23 19:55:40.239 10 INFO neutron.plugins.ml2.plugin [None req-2c67baab-3989-4538-ad23-e7e434440f05 - - - - - -] Attempt 1 to provision port 15d1332d-96b5-4a48-8346-2b5c648bb1d0
2026-06-23 19:55:41.034 10 INFO neutron.plugins.ml2.plugin [None req-a39c7820-2f1d-4d07-a812-9fb6d05272fe - - - - - -] Attempt 1 to provision port 3a70e808-8765-4a57-8660-8e5cf6e42e6b
2026-06-23 19:55:41.574 10 INFO neutron.plugins.ml2.plugin [None req-2c67baab-3989-4538-ad23-e7e434440f05 - - - - - -] Attempt 1 to provision port 3a70e808-8765-4a57-8660-8e5cf6e42e6b
2026-06-23 19:55:41.741 10 INFO neutron.plugins.ml2.plugin [None req-f09450ce-6524-4102-b021-1b16295f513e - - - - - -] Attempt 1 to provision port eb317961-dd1b-4173-803b-5b93a5afda2f
2026-06-23 19:55:41.784 10 INFO neutron.plugins.ml2.plugin [None req-2c67baab-3989-4538-ad23-e7e434440f05 - - - - - -] Attempt 1 to provision port 8d0df278-2e2a-413e-88fa-6b00d3e6d0f9
2026-06-23 19:55:42.106 10 INFO neutron.plugins.ml2.plugin [None req-2c67baab-3989-4538-ad23-e7e434440f05 - - - - - -] Attempt 1 to provision port 1b2edb56-6dc6-4479-823f-2f5f8131e303
2026-06-23 19:55:42.386 10 INFO neutron.plugins.ml2.plugin [None req-2c67baab-3989-4538-ad23-e7e434440f05 - - - - - -] Attempt 1 to provision port 64547bf7-d383-42f1-9da8-65aa1b823f08
2026-06-23 19:55:42.445 9 INFO neutron.plugins.ml2.plugin [None req-aa82bcc4-e83a-490f-b31d-d338fe823bae - - - - - -] Attempt 1 to provision port c187465b-5fdc-43fe-a6b3-e1a778adc6e9
2026-06-23 19:55:42.473 9 INFO neutron.plugins.ml2.plugin [None req-aa82bcc4-e83a-490f-b31d-d338fe823bae - - - - - -] Attempt 1 to provision port 3a70e808-8765-4a57-8660-8e5cf6e42e6b
2026-06-23 19:55:42.677 10 INFO neutron.plugins.ml2.plugin [None req-2c67baab-3989-4538-ad23-e7e434440f05 - - - - - -] Attempt 1 to provision port eb317961-dd1b-4173-803b-5b93a5afda2f
2026-06-23 19:55:43.147 10 INFO neutron.plugins.ml2.plugin [None req-be9f7f66-cdec-4498-ad8f-fb3e4a115fb0 - - - - - -] Attempt 1 to provision port c187465b-5fdc-43fe-a6b3-e1a778adc6e9
2026-06-23 19:55:43.186 10 INFO neutron.plugins.ml2.plugin [None req-be9f7f66-cdec-4498-ad8f-fb3e4a115fb0 - - - - - -] Attempt 1 to provision port eb317961-dd1b-4173-803b-5b93a5afda2f
2026-06-23 19:55:43.532 10 INFO neutron.plugins.ml2.plugin [None req-2c67baab-3989-4538-ad23-e7e434440f05 - - - - - -] Attempt 1 to provision port 8d0df278-2e2a-413e-88fa-6b00d3e6d0f9
2026-06-23 19:55:43.791 10 INFO neutron.plugins.ml2.plugin [None req-2c67baab-3989-4538-ad23-e7e434440f05 - - - - - -] Attempt 1 to provision port 1b2edb56-6dc6-4479-823f-2f5f8131e303
2026-06-23 19:55:43.854 10 INFO neutron.plugins.ml2.plugin [None req-ae64a8ca-055d-424f-ae95-c8944b11b7a2 - - - - - -] Attempt 1 to provision port c187465b-5fdc-43fe-a6b3-e1a778adc6e9
2026-06-23 19:55:43.986 10 INFO neutron.plugins.ml2.plugin [None req-2c67baab-3989-4538-ad23-e7e434440f05 - - - - - -] Attempt 1 to provision port d83fdaba-68c9-4720-a6fb-9eb5158d5277
2026-06-23 19:55:44.251 10 INFO neutron.plugins.ml2.plugin [None req-2c67baab-3989-4538-ad23-e7e434440f05 - - - - - -] Attempt 1 to provision port 64547bf7-d383-42f1-9da8-65aa1b823f08
2026-06-23 19:55:44.481 10 INFO neutron.plugins.ml2.plugin [None req-2c67baab-3989-4538-ad23-e7e434440f05 - - - - - -] Attempt 1 to provision port eb317961-dd1b-4173-803b-5b93a5afda2f
2026-06-23 19:55:45.512 9 INFO neutron.plugins.ml2.plugin [None req-2c67baab-3989-4538-ad23-e7e434440f05 - - - - - -] Attempt 1 to provision port d83fdaba-68c9-4720-a6fb-9eb5158d5277
2026-06-23 19:55:49.276 10 INFO neutron.plugins.ml2.plugin [None req-b67e0e3f-018f-43e1-93c0-dfb7faee21bf - - - - - -] Attempt 1 to provision port 8d1892bb-adaa-4f52-8c71-9b2dfbebfdeb
2026-06-23 19:55:50.013 9 INFO neutron.plugins.ml2.plugin [None req-2c67baab-3989-4538-ad23-e7e434440f05 - - - - - -] Attempt 1 to provision port 8d1892bb-adaa-4f52-8c71-9b2dfbebfdeb
2026-06-23 19:55:50.262 9 INFO neutron.plugins.ml2.plugin [None req-2c67baab-3989-4538-ad23-e7e434440f05 - - - - - -] Attempt 1 to provision port dfd6e9a8-cb9a-48a8-a91a-cfefe70c65d9
2026-06-23 19:55:50.398 9 INFO neutron.notifiers.nova [-] Nova event matching ['req-e04ee28d-5c6b-4a21-9f49-370ab479234d'] response: {'server_uuid': '65199b8f-18b1-4e30-8cef-736a4aed25b9', 'name': 'network-vif-plugged', 'status': 'completed', 'tag': 'dfd6e9a8-cb9a-48a8-a91a-cfefe70c65d9', 'code': 200}
2026-06-23 19:55:50.587 9 INFO neutron.plugins.ml2.plugin [None req-7eae0074-19fc-4c1b-8719-726cdc403b96 - - - - - -] Attempt 1 to provision port 8d1892bb-adaa-4f52-8c71-9b2dfbebfdeb
2026-06-23 19:55:51.567 10 INFO neutron.plugins.ml2.plugin [None req-2c67baab-3989-4538-ad23-e7e434440f05 - - - - - -] Attempt 1 to provision port d857c736-b7f1-4fd4-baf5-180af0a7cac4
2026-06-23 19:55:51.954 10 INFO neutron.plugins.ml2.plugin [None req-2c67baab-3989-4538-ad23-e7e434440f05 - - - - - -] Attempt 1 to provision port dfd6e9a8-cb9a-48a8-a91a-cfefe70c65d9
2026-06-23 19:55:52.224 10 INFO neutron.plugins.ml2.plugin [None req-2c67baab-3989-4538-ad23-e7e434440f05 - - - - - -] Attempt 1 to provision port 49baebba-27f5-4687-a6cc-6767b7e7007a
2026-06-23 19:55:53.550 10 INFO neutron.plugins.ml2.plugin [None req-2c67baab-3989-4538-ad23-e7e434440f05 - - - - - -] Attempt 1 to provision port d857c736-b7f1-4fd4-baf5-180af0a7cac4
2026-06-23 19:55:53.782 10 INFO neutron.plugins.ml2.plugin [None req-2c67baab-3989-4538-ad23-e7e434440f05 - - - - - -] Attempt 1 to provision port 49baebba-27f5-4687-a6cc-6767b7e7007a
2026-06-23 19:55:55.110 10 INFO neutron.plugins.ml2.plugin [None req-bd19b5d9-bc76-48d4-9288-e6b0178e74b0 - - - - - -] Attempt 1 to provision port 085f45ef-d4cf-4423-b2cf-8da342e711d4
2026-06-23 19:55:55.472 9 INFO neutron.plugins.ml2.plugin [None req-2c67baab-3989-4538-ad23-e7e434440f05 - - - - - -] Attempt 1 to provision port 085f45ef-d4cf-4423-b2cf-8da342e711d4
2026-06-23 19:55:56.215 10 INFO neutron.plugins.ml2.plugin [None req-df329a8e-b501-431d-aefe-8af70557c3e5 - - - - - -] Attempt 1 to provision port 085f45ef-d4cf-4423-b2cf-8da342e711d4
2026-06-23 19:55:57.591 9 INFO neutron.plugins.ml2.plugin [None req-2c67baab-3989-4538-ad23-e7e434440f05 - - - - - -] Attempt 1 to provision port e09523da-8e6f-4462-ac35-af36ffe67888
2026-06-23 19:55:57.754 9 INFO neutron.notifiers.nova [-] Nova event matching ['req-afbddb04-f613-4ae1-b31b-4fd3558799ba'] response: {'server_uuid': 'e149daf7-3941-4a43-b636-548c84418853', 'name': 'network-vif-plugged', 'status': 'completed', 'tag': 'e09523da-8e6f-4462-ac35-af36ffe67888', 'code': 200}
2026-06-23 19:55:58.431 9 INFO neutron.plugins.ml2.plugin [None req-922977f9-91a2-40f7-b4aa-075cf0a92bbd - - - - - -] Attempt 1 to provision port 4c459473-5a22-4f33-b457-a87b5803dc20
2026-06-23 19:55:59.456 10 INFO neutron.plugins.ml2.plugin [None req-2c67baab-3989-4538-ad23-e7e434440f05 - - - - - -] Attempt 1 to provision port e09523da-8e6f-4462-ac35-af36ffe67888
2026-06-23 19:56:11.381 9 INFO neutron.plugins.ml2.plugin [None req-2963556e-0710-4693-86fc-3745efd946a7 - - - - - -] Attempt 1 to provision port 92bf4ca0-ec32-4afc-b590-be8f3fd0f8f6
2026-06-23 19:56:11.486 10 INFO neutron.plugins.ml2.plugin [None req-2c67baab-3989-4538-ad23-e7e434440f05 - - - - - -] Attempt 1 to provision port ed89e2e6-2813-4c24-915c-8d26be3f50d3
2026-06-23 19:56:12.488 9 INFO neutron.plugins.ml2.plugin [None req-eff159c3-c4d9-4ca7-b516-d8070750d807 - - - - - -] Attempt 1 to provision port ed89e2e6-2813-4c24-915c-8d26be3f50d3
2026-06-23 19:56:13.551 9 INFO neutron.plugins.ml2.plugin [None req-2c67baab-3989-4538-ad23-e7e434440f05 - - - - - -] Attempt 1 to provision port 700b5ddb-a2ea-41cb-9ab6-89c2ce5ede75
2026-06-23 19:56:13.799 9 INFO neutron.plugins.ml2.plugin [None req-fb638846-bb4d-4667-a1aa-cf34e7f89772 - - - - - -] Attempt 1 to provision port ed89e2e6-2813-4c24-915c-8d26be3f50d3
2026-06-23 19:56:13.982 9 INFO neutron.plugins.ml2.plugin [None req-2c67baab-3989-4538-ad23-e7e434440f05 - - - - - -] Attempt 1 to provision port ed89e2e6-2813-4c24-915c-8d26be3f50d3
2026-06-23 19:56:14.498 9 INFO neutron.plugins.ml2.plugin [None req-8ee205bf-78b5-4e0f-b013-165e6ac0a7a1 - - - - - -] Attempt 1 to provision port ad4e0156-fa72-4006-b994-03dd1aae3a80
2026-06-23 19:56:15.231 9 INFO neutron.plugins.ml2.plugin [None req-5a9e2344-99f3-42ab-9036-d22c270ded4a - - - - - -] Attempt 1 to provision port ad4e0156-fa72-4006-b994-03dd1aae3a80
2026-06-23 19:56:15.494 9 INFO neutron.plugins.ml2.plugin [None req-2c67baab-3989-4538-ad23-e7e434440f05 - - - - - -] Attempt 1 to provision port 700b5ddb-a2ea-41cb-9ab6-89c2ce5ede75
2026-06-23 19:56:17.015 9 INFO neutron.plugins.ml2.plugin [None req-810743f7-4339-4a7b-bb7b-5f86beba91c0 - - - - - -] Attempt 1 to provision port 06c0d5cd-dd2a-4872-9be0-f5c7c7570274
2026-06-23 19:56:17.528 10 INFO neutron.plugins.ml2.plugin [None req-2c67baab-3989-4538-ad23-e7e434440f05 - - - - - -] Attempt 1 to provision port ecdbf7f2-01c5-43b0-97cf-421cee9159d1
2026-06-23 19:56:18.328 9 INFO neutron.plugins.ml2.plugin [None req-2c8be14c-84de-44a1-9728-056c289ea47b - - - - - -] Attempt 1 to provision port ecdbf7f2-01c5-43b0-97cf-421cee9159d1
2026-06-23 19:56:19.235 10 INFO neutron.plugins.ml2.plugin [None req-6d915c9d-ac3f-4e64-82d4-5b8e916bd8ba - - - - - -] Attempt 1 to provision port 181bed78-165e-45ba-979a-71a0a418cd2a
2026-06-23 19:56:19.934 9 INFO neutron.plugins.ml2.plugin [None req-90ac8002-e235-480e-89ad-2cb0f12548f7 - - - - - -] Attempt 1 to provision port ecdbf7f2-01c5-43b0-97cf-421cee9159d1
2026-06-23 19:56:20.001 9 INFO neutron.plugins.ml2.plugin [None req-90ac8002-e235-480e-89ad-2cb0f12548f7 - - - - - -] Attempt 1 to provision port 15a168f9-e7af-4c55-b049-49a62b9986f2
2026-06-23 19:56:20.272 10 INFO neutron.plugins.ml2.plugin [None req-2c67baab-3989-4538-ad23-e7e434440f05 - - - - - -] Attempt 1 to provision port 75c7b89e-6363-40a5-a57e-1d7a0c86a49c
2026-06-23 19:56:20.424 10 INFO neutron.notifiers.nova [-] Nova event matching ['req-342adf5c-3a17-43e6-8a7d-8aa613a46ba9'] response: {'server_uuid': '4c37d140-05d3-4f34-8775-1b7ad71b1264', 'name': 'network-vif-plugged', 'status': 'completed', 'tag': '75c7b89e-6363-40a5-a57e-1d7a0c86a49c', 'code': 200}
2026-06-23 19:56:20.643 10 INFO neutron.plugins.ml2.plugin [None req-161230bf-dfd3-4972-a523-648324591720 - - - - - -] Attempt 1 to provision port 15a168f9-e7af-4c55-b049-49a62b9986f2
2026-06-23 19:56:20.756 10 INFO neutron.plugins.ml2.plugin [None req-2c67baab-3989-4538-ad23-e7e434440f05 - - - - - -] Attempt 1 to provision port ecdbf7f2-01c5-43b0-97cf-421cee9159d1
2026-06-23 19:56:21.018 10 INFO neutron.plugins.ml2.plugin [None req-2c67baab-3989-4538-ad23-e7e434440f05 - - - - - -] Attempt 1 to provision port 0d9296f6-bb77-4be7-a036-3c826886efee
2026-06-23 19:56:21.344 9 INFO neutron.plugins.ml2.plugin [None req-9a93ca73-b820-4b1a-a259-d735031bc86d - - - - - -] Attempt 1 to provision port 15a168f9-e7af-4c55-b049-49a62b9986f2
2026-06-23 19:56:21.850 10 INFO neutron.plugins.ml2.plugin [None req-2c67baab-3989-4538-ad23-e7e434440f05 - - - - - -] Attempt 1 to provision port 75c7b89e-6363-40a5-a57e-1d7a0c86a49c
2026-06-23 19:56:22.103 10 INFO neutron.plugins.ml2.plugin [None req-2c67baab-3989-4538-ad23-e7e434440f05 - - - - - -] Attempt 1 to provision port 0d9296f6-bb77-4be7-a036-3c826886efee
2026-06-23 19:56:32.795 9 INFO neutron.plugins.ml2.plugin [None req-2c67baab-3989-4538-ad23-e7e434440f05 - - - - - -] Attempt 1 to provision port 4ef28543-7cb7-4462-b131-7738a499ff41
2026-06-23 19:56:32.906 9 INFO neutron.notifiers.nova [-] Nova event matching ['req-fe238be5-a66e-44e1-b309-4a1370276b54'] response: {'server_uuid': '1644db1d-2067-4150-b4ff-ecfd985c16c3', 'name': 'network-vif-plugged', 'status': 'completed', 'tag': '4ef28543-7cb7-4462-b131-7738a499ff41', 'code': 200}
2026-06-23 19:56:33.848 10 INFO neutron.plugins.ml2.plugin [None req-2c67baab-3989-4538-ad23-e7e434440f05 - - - - - -] Attempt 1 to provision port 4ef28543-7cb7-4462-b131-7738a499ff41
2026-06-23 19:56:35.757 10 INFO neutron.plugins.ml2.plugin [None req-2c67baab-3989-4538-ad23-e7e434440f05 - - - - - -] Attempt 1 to provision port 92bf4ca0-ec32-4afc-b590-be8f3fd0f8f6
2026-06-23 19:56:36.094 10 INFO neutron.plugins.ml2.plugin [None req-2c67baab-3989-4538-ad23-e7e434440f05 - - - - - -] Attempt 1 to provision port ad4e0156-fa72-4006-b994-03dd1aae3a80
2026-06-23 19:56:37.814 10 INFO neutron.plugins.ml2.plugin [None req-2c67baab-3989-4538-ad23-e7e434440f05 - - - - - -] Attempt 1 to provision port 92bf4ca0-ec32-4afc-b590-be8f3fd0f8f6
2026-06-23 19:56:37.995 10 INFO neutron.plugins.ml2.plugin [None req-2c67baab-3989-4538-ad23-e7e434440f05 - - - - - -] Attempt 1 to provision port ad4e0156-fa72-4006-b994-03dd1aae3a80
2026-06-23 19:56:38.256 10 INFO neutron.plugins.ml2.plugin [None req-2c67baab-3989-4538-ad23-e7e434440f05 - - - - - -] Attempt 1 to provision port 15a168f9-e7af-4c55-b049-49a62b9986f2
2026-06-23 19:56:38.597 10 INFO neutron.plugins.ml2.plugin [None req-2c67baab-3989-4538-ad23-e7e434440f05 - - - - - -] Attempt 1 to provision port 06c0d5cd-dd2a-4872-9be0-f5c7c7570274
2026-06-23 19:56:39.753 9 INFO neutron.plugins.ml2.plugin [None req-2c67baab-3989-4538-ad23-e7e434440f05 - - - - - -] Attempt 1 to provision port 06c0d5cd-dd2a-4872-9be0-f5c7c7570274
2026-06-23 19:56:40.111 9 INFO neutron.plugins.ml2.plugin [None req-2c67baab-3989-4538-ad23-e7e434440f05 - - - - - -] Attempt 1 to provision port 15a168f9-e7af-4c55-b049-49a62b9986f2
2026-06-23 19:56:42.357 9 INFO neutron.plugins.ml2.plugin [None req-2c67baab-3989-4538-ad23-e7e434440f05 - - - - - -] Attempt 1 to provision port b7547331-bb97-4286-ba2f-8cf701d2cd22
2026-06-23 19:56:42.481 9 INFO neutron.notifiers.nova [-] Nova event matching ['req-1315484c-5e1c-4267-a0f9-4eddde103b06'] response: {'server_uuid': 'c179ae6f-f9cb-46a2-a32c-db0c9ae331d5', 'name': 'network-vif-plugged', 'status': 'completed', 'tag': 'b7547331-bb97-4286-ba2f-8cf701d2cd22', 'code': 200}
2026-06-23 19:56:43.756 10 INFO neutron.plugins.ml2.plugin [None req-2c67baab-3989-4538-ad23-e7e434440f05 - - - - - -] Attempt 1 to provision port b7547331-bb97-4286-ba2f-8cf701d2cd22
2026-06-23 19:57:21.970 9 INFO neutron.plugins.ml2.plugin [None req-2c67baab-3989-4538-ad23-e7e434440f05 - - - - - -] Attempt 1 to provision port ed93069c-ca16-42ff-a795-fc43074b732d
2026-06-23 19:57:22.311 9 INFO neutron.plugins.ml2.plugin [None req-2c67baab-3989-4538-ad23-e7e434440f05 - - - - - -] Attempt 1 to provision port f119cbbe-ffd6-4e0c-9802-10e7a431c038
2026-06-23 19:57:22.563 9 INFO neutron.plugins.ml2.plugin [None req-43069342-94b7-4bcc-97f5-518e50a33981 - - - - - -] Attempt 1 to provision port ed93069c-ca16-42ff-a795-fc43074b732d
2026-06-23 19:57:23.273 10 INFO neutron.plugins.ml2.plugin [None req-9fd0c45d-7a87-43c9-9b06-73ceef194170 - - - - - -] Attempt 1 to provision port f119cbbe-ffd6-4e0c-9802-10e7a431c038
2026-06-23 19:57:23.963 9 INFO neutron.plugins.ml2.plugin [None req-74525170-146d-477e-80c5-30be820e55dd - - - - - -] Attempt 1 to provision port ad300c0b-9e17-42fb-bd9a-5cfda9c874b3 /var/lib/openstack/lib/python3.12/site-packages/oslo_db/sqlalchemy/enginefacade.py:664: SAWarning: DELETE statement on table 'portsecuritybindings' expected to delete 1 row(s); 0 were matched. Please set confirm_deleted_rows=False within the mapper configuration to prevent this warning. self.session.flush() /var/lib/openstack/lib/python3.12/site-packages/oslo_db/sqlalchemy/enginefacade.py:664: SAWarning: DELETE statement on table 'ml2_port_bindings' expected to delete 1 row(s); 0 were matched. Please set confirm_deleted_rows=False within the mapper configuration to prevent this warning. self.session.flush() /var/lib/openstack/lib/python3.12/site-packages/oslo_db/sqlalchemy/enginefacade.py:664: SAWarning: DELETE statement on table 'ml2_port_binding_levels' expected to delete 1 row(s); 0 were matched. Please set confirm_deleted_rows=False within the mapper configuration to prevent this warning. self.session.flush() /var/lib/openstack/lib/python3.12/site-packages/oslo_db/sqlalchemy/enginefacade.py:664: SAWarning: DELETE statement on table 'ports' expected to delete 1 row(s); 0 were matched. Please set confirm_deleted_rows=False within the mapper configuration to prevent this warning. self.session.flush()
2026-06-23 19:57:24.144 9 INFO neutron.plugins.ml2.plugin [None req-74525170-146d-477e-80c5-30be820e55dd - - - - - -] Attempt 1 to provision port 3fb6ff2f-a88f-4ab3-9a0c-6244b552dab5
2026-06-23 19:57:24.159 10 INFO neutron.plugins.ml2.plugin [None req-2c67baab-3989-4538-ad23-e7e434440f05 - - - - - -] Attempt 1 to provision port 3fb6ff2f-a88f-4ab3-9a0c-6244b552dab5 /var/lib/openstack/lib/python3.12/site-packages/oslo_db/sqlalchemy/enginefacade.py:664: SAWarning: DELETE statement on table 'portsecuritybindings' expected to delete 1 row(s); 0 were matched. Please set confirm_deleted_rows=False within the mapper configuration to prevent this warning. self.session.flush() /var/lib/openstack/lib/python3.12/site-packages/oslo_db/sqlalchemy/enginefacade.py:664: SAWarning: DELETE statement on table 'ml2_port_bindings' expected to delete 1 row(s); 0 were matched. Please set confirm_deleted_rows=False within the mapper configuration to prevent this warning. self.session.flush() /var/lib/openstack/lib/python3.12/site-packages/oslo_db/sqlalchemy/enginefacade.py:664: SAWarning: DELETE statement on table 'ml2_port_binding_levels' expected to delete 1 row(s); 0 were matched. Please set confirm_deleted_rows=False within the mapper configuration to prevent this warning. self.session.flush() /var/lib/openstack/lib/python3.12/site-packages/oslo_db/sqlalchemy/enginefacade.py:664: SAWarning: DELETE statement on table 'ports' expected to delete 1 row(s); 0 were matched. Please set confirm_deleted_rows=False within the mapper configuration to prevent this warning. self.session.flush()
2026-06-23 19:57:24.668 9 INFO neutron.plugins.ml2.plugin [None req-659a4f04-9b0d-4546-95de-7344313d1df1 - - - - - -] Attempt 1 to provision port 999509d4-e8d0-4aa5-87d5-fcbfb91b1587
2026-06-23 19:57:24.810 10 INFO neutron.plugins.ml2.plugin [None req-2c67baab-3989-4538-ad23-e7e434440f05 - - - - - -] Attempt 1 to provision port 999509d4-e8d0-4aa5-87d5-fcbfb91b1587
