+ exec neutron-metadata-agent --config-file /etc/neutron/neutron.conf --config-file /tmp/pod-shared/neutron-agent.ini --config-file /etc/neutron/metadata_agent.ini 3 RLock(s) were not greened, to fix this error make sure you run eventlet.monkey_patch() before importing any other modules. /var/lib/openstack/lib/python3.12/site-packages/pecan/core.py:320: SyntaxWarning: invalid escape sequence '\*' ''' /var/lib/openstack/lib/python3.12/site-packages/pecan/routing.py:48: SyntaxWarning: invalid escape sequence '\(' '^[0-9a-zA-Z-_$\(\)\.~!,;:*+@=]+$', route
2026-06-23 19:19:50.824 37 INFO neutron.common.config [-] Logging enabled!
2026-06-23 19:19:50.825 37 INFO neutron.common.config [-] /var/lib/openstack/bin/neutron-metadata-agent version 25.2.4.dev2
2026-06-23 19:19:50.846 37 INFO oslo_service.service [None req-9e2d49a6-62f0-4abc-b1be-dcedb6f666a1 - - - - - -] Starting 2 workers
2026-06-23 19:19:50.855 45 INFO eventlet.wsgi.server [-] (45) wsgi starting up on http:/var/lib/neutron/openstack-helm/metadata_proxy
2026-06-23 19:19:50.855 46 INFO eventlet.wsgi.server [-] (46) wsgi starting up on http:/var/lib/neutron/openstack-helm/metadata_proxy
2026-06-23 19:21:21.256 46 ERROR neutron.agent.metadata.agent [-] No port found in network None with IP address 169.254.169.254
2026-06-23 19:21:21.257 46 INFO eventlet.wsgi.server [-] 169.254.169.254, "GET / HTTP/1.1" status: 404 len: 176 time: 1.0598140
2026-06-23 19:23:22.523 46 ERROR neutron.agent.metadata.agent [-] No port found in network None with IP address 169.254.169.254
2026-06-23 19:23:22.524 46 INFO eventlet.wsgi.server [-] 169.254.169.254, "GET / HTTP/1.1" status: 404 len: 176 time: 0.0096684
2026-06-23 19:26:32.567 46 ERROR neutron.agent.metadata.agent [-] No port found in network None with IP address 169.254.169.254
2026-06-23 19:26:32.568 46 INFO eventlet.wsgi.server [-] 169.254.169.254, "GET / HTTP/1.1" status: 404 len: 176 time: 0.0072000
2026-06-23 19:27:02.511 46 ERROR neutron.agent.metadata.agent [-] No port found in network None with IP address 169.254.169.254
2026-06-23 19:27:02.512 46 INFO eventlet.wsgi.server [-] 169.254.169.254, "GET / HTTP/1.1" status: 404 len: 176 time: 0.0070729
2026-06-23 19:29:42.496 46 ERROR neutron.agent.metadata.agent [-] No port found in network None with IP address 169.254.169.254
2026-06-23 19:29:42.497 46 INFO eventlet.wsgi.server [-] 169.254.169.254, "GET / HTTP/1.1" status: 404 len: 176 time: 0.0064223
2026-06-23 19:32:53.674 45 ERROR neutron.agent.metadata.agent [-] No port found in network None with IP address 169.254.169.254
2026-06-23 19:32:53.675 45 INFO eventlet.wsgi.server [-] 169.254.169.254, "GET / HTTP/1.1" status: 404 len: 176 time: 1.0668237
2026-06-23 19:36:02.558 46 ERROR neutron.agent.metadata.agent [-] No port found in network None with IP address 169.254.169.254
2026-06-23 19:36:02.558 46 INFO eventlet.wsgi.server [-] 169.254.169.254, "GET / HTTP/1.1" status: 404 len: 176 time: 0.0096228
2026-06-23 19:37:02.518 45 ERROR neutron.agent.metadata.agent [-] No port found in network None with IP address 169.254.169.254
2026-06-23 19:37:02.519 45 INFO eventlet.wsgi.server [-] 169.254.169.254, "GET / HTTP/1.1" status: 404 len: 176 time: 0.0061011
2026-06-23 19:39:12.520 45 ERROR neutron.agent.metadata.agent [-] No port found in network None with IP address 169.254.169.254
2026-06-23 19:39:12.520 45 INFO eventlet.wsgi.server [-] 169.254.169.254, "GET / HTTP/1.1" status: 404 len: 176 time: 0.0085917
2026-06-23 19:42:22.495 46 ERROR neutron.agent.metadata.agent [-] No port found in network None with IP address 169.254.169.254
2026-06-23 19:42:22.496 46 INFO eventlet.wsgi.server [-] 169.254.169.254, "GET / HTTP/1.1" status: 404 len: 176 time: 0.0071199
2026-06-23 19:45:33.490 45 ERROR neutron.agent.metadata.agent [-] No port found in network None with IP address 169.254.169.254
2026-06-23 19:45:33.491 45 INFO eventlet.wsgi.server [-] 169.254.169.254, "GET / HTTP/1.1" status: 404 len: 176 time: 1.0126441
2026-06-23 19:47:02.499 45 ERROR neutron.agent.metadata.agent [-] No port found in network None with IP address 169.254.169.254
2026-06-23 19:47:02.499 45 INFO eventlet.wsgi.server [-] 169.254.169.254, "GET / HTTP/1.1" status: 404 len: 176 time: 0.0074310
2026-06-23 19:48:42.519 45 ERROR neutron.agent.metadata.agent [-] No port found in network None with IP address 169.254.169.254
2026-06-23 19:48:42.520 45 INFO eventlet.wsgi.server [-] 169.254.169.254, "GET / HTTP/1.1" status: 404 len: 176 time: 0.0063746
2026-06-23 19:51:52.490 46 ERROR neutron.agent.metadata.agent [-] No port found in network None with IP address 169.254.169.254
2026-06-23 19:51:52.491 46 INFO eventlet.wsgi.server [-] 169.254.169.254, "GET / HTTP/1.1" status: 404 len: 176 time: 0.0055163
2026-06-23 19:53:18.621 46 INFO eventlet.wsgi.server [-] 10.100.0.9, "GET /2009-04-04/meta-data/instance-id HTTP/1.1" status: 200 len: 146 time: 1.8822343
2026-06-23 19:53:18.676 45 INFO eventlet.wsgi.server [-] 10.100.0.9, "GET /2009-04-04/meta-data/public-keys HTTP/1.1" status: 200 len: 163 time: 0.0443094
2026-06-23 19:53:18.699 46 INFO eventlet.wsgi.server [-] 10.100.0.9, "GET /2009-04-04/meta-data/public-keys/0/openssh-key HTTP/1.1" status: 200 len: 341 time: 0.0150328
2026-06-23 19:53:18.720 45 INFO eventlet.wsgi.server [-] 10.100.0.9, "GET /2009-04-04/meta-data/instance-id HTTP/1.1" status: 200 len: 146 time: 0.0145993
2026-06-23 19:53:18.747 46 INFO eventlet.wsgi.server [-] 10.100.0.9, "GET /2009-04-04/meta-data/ami-launch-index HTTP/1.1" status: 200 len: 136 time: 0.0205386
2026-06-23 19:53:18.770 45 INFO eventlet.wsgi.server [-] 10.100.0.9, "GET /2009-04-04/meta-data/instance-type HTTP/1.1" status: 200 len: 142 time: 0.0122657
2026-06-23 19:53:18.788 46 INFO eventlet.wsgi.server [-] 10.100.0.9, "GET /2009-04-04/meta-data/local-ipv4 HTTP/1.1" status: 200 len: 146 time: 0.0116875
2026-06-23 19:53:18.809 45 INFO eventlet.wsgi.server [-] 10.100.0.9, "GET /2009-04-04/meta-data/public-ipv4 HTTP/1.1" status: 200 len: 149 time: 0.0131342
2026-06-23 19:53:18.825 46 INFO eventlet.wsgi.server [-] 10.100.0.9, "GET /2009-04-04/meta-data/hostname HTTP/1.1" status: 200 len: 201 time: 0.0105426
2026-06-23 19:53:18.841 46 INFO eventlet.wsgi.server [-] 10.100.0.9, "GET /2009-04-04/meta-data/local-hostname HTTP/1.1" status: 200 len: 201 time: 0.0095539
2026-06-23 19:53:18.873 45 INFO eventlet.wsgi.server [-] 10.100.0.9, "GET /2009-04-04/user-data HTTP/1.1" status: 200 len: 231 time: 0.0131178
2026-06-23 19:53:18.891 45 INFO eventlet.wsgi.server [-] 10.100.0.9, "GET /2009-04-04/meta-data/block-device-mapping HTTP/1.1" status: 200 len: 143 time: 0.0115738
2026-06-23 19:53:18.907 46 INFO eventlet.wsgi.server [-] 10.100.0.9, "GET /2009-04-04/meta-data/block-device-mapping/ami HTTP/1.1" status: 200 len: 138 time: 0.0117755
2026-06-23 19:53:18.922 46 INFO eventlet.wsgi.server [-] 10.100.0.9, "GET /2009-04-04/meta-data/block-device-mapping/root HTTP/1.1" status: 200 len: 143 time: 0.0107548
2026-06-23 19:53:18.939 45 INFO eventlet.wsgi.server [-] 10.100.0.9, "GET /2009-04-04/meta-data/public-hostname HTTP/1.1" status: 200 len: 201 time: 0.0091786
2026-06-23 19:53:18.960 46 INFO eventlet.wsgi.server [-] 10.100.0.9, "GET /2009-04-04/meta-data/placement/availability-zone HTTP/1.1" status: 200 len: 139 time: 0.0129943
2026-06-23 19:53:41.230 45 INFO eventlet.wsgi.server [-] 10.100.0.6, "GET /2009-04-04/meta-data/instance-id HTTP/1.1" status: 200 len: 146 time: 1.6229320
2026-06-23 19:53:41.253 45 INFO eventlet.wsgi.server [-] 10.100.0.6, "GET /2009-04-04/meta-data/public-keys HTTP/1.1" status: 200 len: 164 time: 0.0109785
2026-06-23 19:53:41.272 46 INFO eventlet.wsgi.server [-] 10.100.0.6, "GET /2009-04-04/meta-data/public-keys/0/openssh-key HTTP/1.1" status: 200 len: 341 time: 0.0132775
2026-06-23 19:53:41.293 46 INFO eventlet.wsgi.server [-] 10.100.0.6, "GET /2009-04-04/meta-data/instance-id HTTP/1.1" status: 200 len: 146 time: 0.0117517
2026-06-23 19:53:41.319 46 INFO eventlet.wsgi.server [-] 10.100.0.6, "GET /2009-04-04/meta-data/ami-launch-index HTTP/1.1" status: 200 len: 136 time: 0.0161827
2026-06-23 19:53:41.339 45 INFO eventlet.wsgi.server [-] 10.100.0.6, "GET /2009-04-04/meta-data/instance-type HTTP/1.1" status: 200 len: 142 time: 0.0108361
2026-06-23 19:53:41.360 45 INFO eventlet.wsgi.server [-] 10.100.0.6, "GET /2009-04-04/meta-data/local-ipv4 HTTP/1.1" status: 200 len: 146 time: 0.0141766
2026-06-23 19:53:41.383 45 INFO eventlet.wsgi.server [-] 10.100.0.6, "GET /2009-04-04/meta-data/public-ipv4 HTTP/1.1" status: 200 len: 149 time: 0.0109432
2026-06-23 19:53:41.404 45 INFO eventlet.wsgi.server [-] 10.100.0.6, "GET /2009-04-04/meta-data/hostname HTTP/1.1" status: 200 len: 192 time: 0.0110729
2026-06-23 19:53:41.427 45 INFO eventlet.wsgi.server [-] 10.100.0.6, "GET /2009-04-04/meta-data/local-hostname HTTP/1.1" status: 200 len: 192 time: 0.0142937
2026-06-23 19:53:41.447 45 INFO eventlet.wsgi.server [-] 10.100.0.6, "GET /2009-04-04/user-data HTTP/1.1" status: 200 len: 231 time: 0.0099165
2026-06-23 19:53:41.469 45 INFO eventlet.wsgi.server [-] 10.100.0.6, "GET /2009-04-04/meta-data/block-device-mapping HTTP/1.1" status: 200 len: 143 time: 0.0128584
2026-06-23 19:53:41.489 45 INFO eventlet.wsgi.server [-] 10.100.0.6, "GET /2009-04-04/meta-data/block-device-mapping/ami HTTP/1.1" status: 200 len: 138 time: 0.0131545
2026-06-23 19:53:41.507 45 INFO eventlet.wsgi.server [-] 10.100.0.6, "GET /2009-04-04/meta-data/block-device-mapping/root HTTP/1.1" status: 200 len: 143 time: 0.0129874
2026-06-23 19:53:41.528 45 INFO eventlet.wsgi.server [-] 10.100.0.6, "GET /2009-04-04/meta-data/public-hostname HTTP/1.1" status: 200 len: 192 time: 0.0136106
2026-06-23 19:53:41.544 45 INFO eventlet.wsgi.server [-] 10.100.0.6, "GET /2009-04-04/meta-data/placement/availability-zone HTTP/1.1" status: 200 len: 139 time: 0.0102940
2026-06-23 19:54:05.476 46 INFO eventlet.wsgi.server [-] 10.100.0.6, "GET /2009-04-04/meta-data/instance-id HTTP/1.1" status: 200 len: 146 time: 0.1548262
2026-06-23 19:54:05.510 45 INFO eventlet.wsgi.server [-] 10.100.0.6, "GET /2009-04-04/meta-data/public-keys HTTP/1.1" status: 200 len: 164 time: 0.0212879
2026-06-23 19:54:05.524 45 INFO eventlet.wsgi.server [-] 10.100.0.6, "GET /2009-04-04/meta-data/public-keys/0/openssh-key HTTP/1.1" status: 200 len: 341 time: 0.0085371
2026-06-23 19:54:05.542 46 INFO eventlet.wsgi.server [-] 10.100.0.6, "GET /2009-04-04/meta-data/instance-id HTTP/1.1" status: 200 len: 146 time: 0.0116274
2026-06-23 19:54:05.567 46 INFO eventlet.wsgi.server [-] 10.100.0.6, "GET /2009-04-04/meta-data/ami-launch-index HTTP/1.1" status: 200 len: 136 time: 0.0151916
2026-06-23 19:54:05.589 46 INFO eventlet.wsgi.server [-] 10.100.0.6, "GET /2009-04-04/meta-data/instance-type HTTP/1.1" status: 200 len: 142 time: 0.0143242
2026-06-23 19:54:05.608 46 INFO eventlet.wsgi.server [-] 10.100.0.6, "GET /2009-04-04/meta-data/local-ipv4 HTTP/1.1" status: 200 len: 146 time: 0.0108106
2026-06-23 19:54:05.628 46 INFO eventlet.wsgi.server [-] 10.100.0.6, "GET /2009-04-04/meta-data/public-ipv4 HTTP/1.1" status: 200 len: 149 time: 0.0136626
2026-06-23 19:54:05.647 46 INFO eventlet.wsgi.server [-] 10.100.0.6, "GET /2009-04-04/meta-data/hostname HTTP/1.1" status: 200 len: 192 time: 0.0100920
2026-06-23 19:54:05.669 46 INFO eventlet.wsgi.server [-] 10.100.0.6, "GET /2009-04-04/meta-data/local-hostname HTTP/1.1" status: 200 len: 192 time: 0.0145488
2026-06-23 19:54:05.689 46 INFO eventlet.wsgi.server [-] 10.100.0.6, "GET /2009-04-04/user-data HTTP/1.1" status: 200 len: 231 time: 0.0137959
2026-06-23 19:54:05.705 45 INFO eventlet.wsgi.server [-] 10.100.0.6, "GET /2009-04-04/meta-data/block-device-mapping HTTP/1.1" status: 200 len: 143 time: 0.0106370
2026-06-23 19:54:05.724 46 INFO eventlet.wsgi.server [-] 10.100.0.6, "GET /2009-04-04/meta-data/block-device-mapping/ami HTTP/1.1" status: 200 len: 138 time: 0.0116565
2026-06-23 19:54:05.742 45 INFO eventlet.wsgi.server [-] 10.100.0.6, "GET /2009-04-04/meta-data/block-device-mapping/root HTTP/1.1" status: 200 len: 143 time: 0.0139542
2026-06-23 19:54:05.769 46 INFO eventlet.wsgi.server [-] 10.100.0.6, "GET /2009-04-04/meta-data/public-hostname HTTP/1.1" status: 200 len: 192 time: 0.0186303
2026-06-23 19:54:05.799 46 INFO eventlet.wsgi.server [-] 10.100.0.6, "GET /2009-04-04/meta-data/placement/availability-zone HTTP/1.1" status: 200 len: 139 time: 0.0224268
2026-06-23 19:55:02.504 46 ERROR neutron.agent.metadata.agent [-] No port found in network None with IP address 169.254.169.254
2026-06-23 19:55:02.505 46 INFO eventlet.wsgi.server [-] 169.254.169.254, "GET / HTTP/1.1" status: 404 len: 176 time: 0.0052724
2026-06-23 19:55:52.089 46 INFO eventlet.wsgi.server [-] 10.2.1.225, "GET /2009-04-04/meta-data/instance-id HTTP/1.1" status: 200 len: 146 time: 0.7171485
2026-06-23 19:55:52.124 46 INFO eventlet.wsgi.server [-] 10.2.1.225, "GET /2009-04-04/meta-data/public-keys HTTP/1.1" status: 200 len: 174 time: 0.0251651
2026-06-23 19:55:52.147 46 INFO eventlet.wsgi.server [-] 10.2.1.225, "GET /2009-04-04/meta-data/public-keys/0/openssh-key HTTP/1.1" status: 200 len: 341 time: 0.0154924
2026-06-23 19:55:52.167 46 INFO eventlet.wsgi.server [-] 10.2.1.225, "GET /2009-04-04/meta-data/instance-id HTTP/1.1" status: 200 len: 146 time: 0.0136237
2026-06-23 19:55:52.196 46 INFO eventlet.wsgi.server [-] 10.2.1.225, "GET /2009-04-04/meta-data/ami-launch-index HTTP/1.1" status: 200 len: 136 time: 0.0142312
2026-06-23 19:55:52.221 45 INFO eventlet.wsgi.server [-] 10.2.1.225, "GET /2009-04-04/meta-data/instance-type HTTP/1.1" status: 200 len: 142 time: 0.0192473
2026-06-23 19:55:52.243 45 INFO eventlet.wsgi.server [-] 10.2.1.225, "GET /2009-04-04/meta-data/local-ipv4 HTTP/1.1" status: 200 len: 146 time: 0.0142593
2026-06-23 19:55:52.268 45 INFO eventlet.wsgi.server [-] 10.2.1.225, "GET /2009-04-04/meta-data/public-ipv4 HTTP/1.1" status: 200 len: 149 time: 0.0165801
2026-06-23 19:55:52.289 45 INFO eventlet.wsgi.server [-] 10.2.1.225, "GET /2009-04-04/meta-data/hostname HTTP/1.1" status: 200 len: 184 time: 0.0115898
2026-06-23 19:55:52.310 45 INFO eventlet.wsgi.server [-] 10.2.1.225, "GET /2009-04-04/meta-data/local-hostname HTTP/1.1" status: 200 len: 184 time: 0.0113397
2026-06-23 19:55:52.330 45 INFO neutron.agent.metadata.proxy_base [-] The instance: 6ba1eff7-776d-4ca2-bab1-7c2fc70b5797 is not present anymore, skipping cache...
2026-06-23 19:55:52.849 45 INFO eventlet.wsgi.server [-] 10.2.1.225, "GET /2009-04-04/user-data HTTP/1.1" status: 404 len: 297 time: 0.5312109
2026-06-23 19:55:52.878 45 INFO eventlet.wsgi.server [-] 10.2.1.225, "GET /2009-04-04/meta-data/block-device-mapping HTTP/1.1" status: 200 len: 143 time: 0.0160437
2026-06-23 19:55:52.890 45 INFO eventlet.wsgi.server [-] 10.2.1.225, "GET /2009-04-04/meta-data/block-device-mapping/ami HTTP/1.1" status: 200 len: 138 time: 0.0074451
2026-06-23 19:55:52.910 45 INFO eventlet.wsgi.server [-] 10.2.1.225, "GET /2009-04-04/meta-data/block-device-mapping/root HTTP/1.1" status: 200 len: 143 time: 0.0143173
2026-06-23 19:55:52.930 45 INFO eventlet.wsgi.server [-] 10.2.1.225, "GET /2009-04-04/meta-data/public-hostname HTTP/1.1" status: 200 len: 184 time: 0.0123582
2026-06-23 19:55:52.952 45 INFO eventlet.wsgi.server [-] 10.2.1.225, "GET /2009-04-04/meta-data/placement/availability-zone HTTP/1.1" status: 200 len: 139 time: 0.0108700
2026-06-23 19:56:01.260 46 INFO eventlet.wsgi.server [-] 10.100.0.4, "GET /2009-04-04/meta-data/instance-id HTTP/1.1" status: 200 len: 146 time: 0.6452911
2026-06-23 19:56:01.282 46 INFO eventlet.wsgi.server [-] 10.100.0.4, "GET /2009-04-04/meta-data/public-keys HTTP/1.1" status: 200 len: 176 time: 0.0129864
2026-06-23 19:56:01.297 46 INFO eventlet.wsgi.server [-] 10.100.0.4, "GET /2009-04-04/meta-data/public-keys/0/openssh-key HTTP/1.1" status: 200 len: 341 time: 0.0090492
2026-06-23 19:56:01.312 45 INFO eventlet.wsgi.server [-] 10.100.0.4, "GET /2009-04-04/meta-data/instance-id HTTP/1.1" status: 200 len: 146 time: 0.0085855
2026-06-23 19:56:01.325 45 INFO eventlet.wsgi.server [-] 10.100.0.4, "GET /2009-04-04/meta-data/ami-launch-index HTTP/1.1" status: 200 len: 136 time: 0.0075612
2026-06-23 19:56:01.338 45 INFO eventlet.wsgi.server [-] 10.100.0.4, "GET /2009-04-04/meta-data/instance-type HTTP/1.1" status: 200 len: 142 time: 0.0079460
2026-06-23 19:56:01.357 45 INFO eventlet.wsgi.server [-] 10.100.0.4, "GET /2009-04-04/meta-data/local-ipv4 HTTP/1.1" status: 200 len: 146 time: 0.0132866
2026-06-23 19:56:01.382 45 INFO eventlet.wsgi.server [-] 10.100.0.4, "GET /2009-04-04/meta-data/public-ipv4 HTTP/1.1" status: 200 len: 149 time: 0.0168965
2026-06-23 19:56:01.398 45 INFO eventlet.wsgi.server [-] 10.100.0.4, "GET /2009-04-04/meta-data/hostname HTTP/1.1" status: 200 len: 191 time: 0.0112159
2026-06-23 19:56:01.413 45 INFO eventlet.wsgi.server [-] 10.100.0.4, "GET /2009-04-04/meta-data/local-hostname HTTP/1.1" status: 200 len: 191 time: 0.0097234
2026-06-23 19:56:01.441 46 INFO neutron.agent.metadata.proxy_base [-] The instance: 65199b8f-18b1-4e30-8cef-736a4aed25b9 is not present anymore, skipping cache...
2026-06-23 19:56:01.955 46 INFO eventlet.wsgi.server [-] 10.100.0.4, "GET /2009-04-04/user-data HTTP/1.1" status: 404 len: 297 time: 0.5260060
2026-06-23 19:56:01.974 46 INFO eventlet.wsgi.server [-] 10.100.0.4, "GET /2009-04-04/meta-data/block-device-mapping HTTP/1.1" status: 200 len: 143 time: 0.0103014
2026-06-23 19:56:01.994 46 INFO eventlet.wsgi.server [-] 10.100.0.4, "GET /2009-04-04/meta-data/block-device-mapping/ami HTTP/1.1" status: 200 len: 138 time: 0.0133567
2026-06-23 19:56:02.017 46 INFO eventlet.wsgi.server [-] 10.100.0.4, "GET /2009-04-04/meta-data/block-device-mapping/root HTTP/1.1" status: 200 len: 143 time: 0.0140009
2026-06-23 19:56:02.041 45 INFO eventlet.wsgi.server [-] 10.100.0.4, "GET /2009-04-04/meta-data/public-hostname HTTP/1.1" status: 200 len: 191 time: 0.0090618
2026-06-23 19:56:02.060 45 INFO eventlet.wsgi.server [-] 10.100.0.4, "GET /2009-04-04/meta-data/placement/availability-zone HTTP/1.1" status: 200 len: 139 time: 0.0111828
2026-06-23 19:56:10.782 46 INFO eventlet.wsgi.server [-] 10.2.2.151, "GET /2009-04-04/meta-data/instance-id HTTP/1.1" status: 200 len: 146 time: 0.6610625
2026-06-23 19:56:10.809 46 INFO eventlet.wsgi.server [-] 10.2.2.151, "GET /2009-04-04/meta-data/public-keys HTTP/1.1" status: 200 len: 174 time: 0.0139496
2026-06-23 19:56:10.824 46 INFO eventlet.wsgi.server [-] 10.2.2.151, "GET /2009-04-04/meta-data/public-keys/0/openssh-key HTTP/1.1" status: 200 len: 341 time: 0.0102289
2026-06-23 19:56:10.844 46 INFO eventlet.wsgi.server [-] 10.2.2.151, "GET /2009-04-04/meta-data/instance-id HTTP/1.1" status: 200 len: 146 time: 0.0142801
2026-06-23 19:56:10.861 46 INFO eventlet.wsgi.server [-] 10.2.2.151, "GET /2009-04-04/meta-data/ami-launch-index HTTP/1.1" status: 200 len: 136 time: 0.0106821
2026-06-23 19:56:10.886 46 INFO eventlet.wsgi.server [-] 10.2.2.151, "GET /2009-04-04/meta-data/instance-type HTTP/1.1" status: 200 len: 142 time: 0.0169706
2026-06-23 19:56:10.902 46 INFO eventlet.wsgi.server [-] 10.2.2.151, "GET /2009-04-04/meta-data/local-ipv4 HTTP/1.1" status: 200 len: 146 time: 0.0112810
2026-06-23 19:56:10.915 46 INFO eventlet.wsgi.server [-] 10.2.2.151, "GET /2009-04-04/meta-data/public-ipv4 HTTP/1.1" status: 200 len: 149 time: 0.0079191
2026-06-23 19:56:10.932 45 INFO eventlet.wsgi.server [-] 10.2.2.151, "GET /2009-04-04/meta-data/hostname HTTP/1.1" status: 200 len: 185 time: 0.0123403
2026-06-23 19:56:10.968 45 INFO eventlet.wsgi.server [-] 10.2.2.151, "GET /2009-04-04/meta-data/local-hostname HTTP/1.1" status: 200 len: 185 time: 0.0143273
2026-06-23 19:56:10.989 45 INFO neutron.agent.metadata.proxy_base [-] The instance: e149daf7-3941-4a43-b636-548c84418853 is not present anymore, skipping cache...
2026-06-23 19:56:11.504 45 INFO eventlet.wsgi.server [-] 10.2.2.151, "GET /2009-04-04/user-data HTTP/1.1" status: 404 len: 297 time: 0.5300498
2026-06-23 19:56:11.526 46 INFO eventlet.wsgi.server [-] 10.2.2.151, "GET /2009-04-04/meta-data/block-device-mapping HTTP/1.1" status: 200 len: 143 time: 0.0102994
2026-06-23 19:56:11.541 46 INFO eventlet.wsgi.server [-] 10.2.2.151, "GET /2009-04-04/meta-data/block-device-mapping/ami HTTP/1.1" status: 200 len: 138 time: 0.0106976
2026-06-23 19:56:11.559 45 INFO eventlet.wsgi.server [-] 10.2.2.151, "GET /2009-04-04/meta-data/block-device-mapping/root HTTP/1.1" status: 200 len: 143 time: 0.0112784
2026-06-23 19:56:11.576 45 INFO eventlet.wsgi.server [-] 10.2.2.151, "GET /2009-04-04/meta-data/public-hostname HTTP/1.1" status: 200 len: 185 time: 0.0124125
2026-06-23 19:56:11.594 46 INFO eventlet.wsgi.server [-] 10.2.2.151, "GET /2009-04-04/meta-data/placement/availability-zone HTTP/1.1" status: 200 len: 139 time: 0.0101702
2026-06-23 19:56:31.605 46 INFO eventlet.wsgi.server [-] 10.100.0.7, "GET /2009-04-04/meta-data/instance-id HTTP/1.1" status: 200 len: 146 time: 0.7651963
2026-06-23 19:56:31.645 45 INFO eventlet.wsgi.server [-] 10.100.0.7, "GET /2009-04-04/meta-data/public-keys HTTP/1.1" status: 200 len: 176 time: 0.0309517
2026-06-23 19:56:31.662 45 INFO eventlet.wsgi.server [-] 10.100.0.7, "GET /2009-04-04/meta-data/public-keys/0/openssh-key HTTP/1.1" status: 200 len: 341 time: 0.0116799
2026-06-23 19:56:31.678 45 INFO eventlet.wsgi.server [-] 10.100.0.7, "GET /2009-04-04/meta-data/instance-id HTTP/1.1" status: 200 len: 146 time: 0.0106175
2026-06-23 19:56:31.698 45 INFO eventlet.wsgi.server [-] 10.100.0.7, "GET /2009-04-04/meta-data/ami-launch-index HTTP/1.1" status: 200 len: 136 time: 0.0139656
2026-06-23 19:56:31.718 45 INFO eventlet.wsgi.server [-] 10.100.0.7, "GET /2009-04-04/meta-data/instance-type HTTP/1.1" status: 200 len: 142 time: 0.0132387
2026-06-23 19:56:31.737 45 INFO eventlet.wsgi.server [-] 10.100.0.7, "GET /2009-04-04/meta-data/local-ipv4 HTTP/1.1" status: 200 len: 146 time: 0.0124123
2026-06-23 19:56:31.754 45 INFO eventlet.wsgi.server [-] 10.100.0.7, "GET /2009-04-04/meta-data/public-ipv4 HTTP/1.1" status: 200 len: 149 time: 0.0112035
2026-06-23 19:56:31.771 46 INFO eventlet.wsgi.server [-] 10.100.0.7, "GET /2009-04-04/meta-data/hostname HTTP/1.1" status: 200 len: 190 time: 0.0095727
2026-06-23 19:56:31.791 46 INFO eventlet.wsgi.server [-] 10.100.0.7, "GET /2009-04-04/meta-data/local-hostname HTTP/1.1" status: 200 len: 190 time: 0.0115764
2026-06-23 19:56:31.807 46 INFO neutron.agent.metadata.proxy_base [-] The instance: 4c37d140-05d3-4f34-8775-1b7ad71b1264 is not present anymore, skipping cache...
2026-06-23 19:56:32.320 46 INFO eventlet.wsgi.server [-] 10.100.0.7, "GET /2009-04-04/user-data HTTP/1.1" status: 404 len: 297 time: 0.5235906
2026-06-23 19:56:32.345 46 INFO eventlet.wsgi.server [-] 10.100.0.7, "GET /2009-04-04/meta-data/block-device-mapping HTTP/1.1" status: 200 len: 143 time: 0.0111694
2026-06-23 19:56:32.365 46 INFO eventlet.wsgi.server [-] 10.100.0.7, "GET /2009-04-04/meta-data/block-device-mapping/ami HTTP/1.1" status: 200 len: 138 time: 0.0132830
2026-06-23 19:56:32.385 46 INFO eventlet.wsgi.server [-] 10.100.0.7, "GET /2009-04-04/meta-data/block-device-mapping/root HTTP/1.1" status: 200 len: 143 time: 0.0128329
2026-06-23 19:56:32.407 46 INFO eventlet.wsgi.server [-] 10.100.0.7, "GET /2009-04-04/meta-data/public-hostname HTTP/1.1" status: 200 len: 190 time: 0.0125835
2026-06-23 19:56:32.429 45 INFO eventlet.wsgi.server [-] 10.100.0.7, "GET /2009-04-04/meta-data/placement/availability-zone HTTP/1.1" status: 200 len: 139 time: 0.0140982
2026-06-23 19:56:45.321 45 INFO eventlet.wsgi.server [-] 10.100.0.6, "GET /latest/meta-data/public-ipv4 HTTP/1.1" status: 200 len: 149 time: 0.6956375
2026-06-23 19:56:45.600 45 INFO eventlet.wsgi.server [-] 10.100.0.6, "POST /openstack/2013-10-17/password HTTP/1.1" status: 200 len: 134 time: 0.1526725
2026-06-23 19:57:03.697 45 ERROR neutron.agent.metadata.agent [-] No port found in network None with IP address 169.254.169.254
2026-06-23 19:57:03.697 45 INFO eventlet.wsgi.server [-] 169.254.169.254, "GET / HTTP/1.1" status: 404 len: 176 time: 1.0181983
2026-06-23 19:58:12.543 46 ERROR neutron.agent.metadata.agent [-] No port found in network None with IP address 169.254.169.254
2026-06-23 19:58:12.543 46 INFO eventlet.wsgi.server [-] 169.254.169.254, "GET / HTTP/1.1" status: 404 len: 176 time: 0.0104344
2026-06-23 20:01:22.499 46 ERROR neutron.agent.metadata.agent [-] No port found in network None with IP address 169.254.169.254
2026-06-23 20:01:22.500 46 INFO eventlet.wsgi.server [-] 169.254.169.254, "GET / HTTP/1.1" status: 404 len: 176 time: 0.0118361
2026-06-23 20:04:32.495 46 ERROR neutron.agent.metadata.agent [-] No port found in network None with IP address 169.254.169.254
2026-06-23 20:04:32.495 46 INFO eventlet.wsgi.server [-] 169.254.169.254, "GET / HTTP/1.1" status: 404 len: 176 time: 0.0062537