May 26 11:56:40.972172 np0000176602 devstack@neutron-api.service[103012]: DEBUG neutron.api.extensions [None req-31a6eba1-5d7d-4204-b7b2-af35eca6e678 None None] Ext name="Network MTU" alias="net-mtu" description="Provides MTU attribute for a network resource." updated="2015-03-25T10:00:00-00:00" {{(pid=103012) _check_extension /opt/stack/neutron/neutron/api/extensions.py:415}}
May 26 11:56:40.972172 np0000176602 devstack@neutron-api.service[103012]: INFO neutron.api.extensions [None req-31a6eba1-5d7d-4204-b7b2-af35eca6e678 None None] Loaded extension: net-mtu
May 26 11:56:40.972172 np0000176602 devstack@neutron-api.service[103012]: DEBUG neutron.api.extensions [None req-31a6eba1-5d7d-4204-b7b2-af35eca6e678 None None] Loading extension file: netmtu_writable.py {{(pid=103012) _load_all_extensions_from_path /opt/stack/neutron/neutron/api/extensions.py:449}}
May 26 11:56:40.972412 np0000176602 devstack@neutron-api.service[103012]: DEBUG neutron.api.extensions [None req-31a6eba1-5d7d-4204-b7b2-af35eca6e678 None None] Ext name="Network MTU (writable)" alias="net-mtu-writable" description="Provides a writable MTU attribute for a network resource." updated="2017-07-12T00:00:00-00:00" {{(pid=103012) _check_extension /opt/stack/neutron/neutron/api/extensions.py:415}}
May 26 11:56:40.972618 np0000176602 devstack@neutron-api.service[103012]: INFO neutron.api.extensions [None req-31a6eba1-5d7d-4204-b7b2-af35eca6e678 None None] Loaded extension: net-mtu-writable
May 26 11:56:40.972673 np0000176602 devstack@neutron-api.service[103012]: DEBUG neutron.api.extensions [None req-31a6eba1-5d7d-4204-b7b2-af35eca6e678 None None] Loading extension file: network_availability_zone.py {{(pid=103012) _load_all_extensions_from_path /opt/stack/neutron/neutron/api/extensions.py:449}}
May 26 11:56:40.972936 np0000176602 devstack@neutron-api.service[103012]: DEBUG neutron.api.extensions [None req-31a6eba1-5d7d-4204-b7b2-af35eca6e678 None None] Ext name="Network Availability Zone" alias="network_availability_zone" description="Availability zone support for network." updated="2015-01-01T10:00:00-00:00" {{(pid=103012) _check_extension /opt/stack/neutron/neutron/api/extensions.py:415}}
May 26 11:56:40.972974 np0000176602 devstack@neutron-api.service[103013]: INFO neutron.plugins.ml2.drivers.type_vlan [None req-3f83c1d1-9f15-4223-9322-9f66b47885ad None None] VlanTypeDriver initialization complete
May 26 11:56:40.973329 np0000176602 devstack@neutron-api.service[103012]: INFO neutron.api.extensions [None req-31a6eba1-5d7d-4204-b7b2-af35eca6e678 None None] Loaded extension: network_availability_zone
May 26 11:56:40.973698 np0000176602 devstack@neutron-api.service[103013]: INFO neutron.plugins.ml2.managers [None req-3f83c1d1-9f15-4223-9322-9f66b47885ad None None] Initializing extension driver 'port_security'
May 26 11:56:40.973813 np0000176602 devstack@neutron-api.service[103012]: DEBUG neutron.api.extensions [None req-31a6eba1-5d7d-4204-b7b2-af35eca6e678 None None] Loading extension file: network_ha.py {{(pid=103012) _load_all_extensions_from_path /opt/stack/neutron/neutron/api/extensions.py:449}}
May 26 11:56:40.973845 np0000176602 devstack@neutron-api.service[103013]: INFO neutron.plugins.ml2.extensions.port_security [None req-3f83c1d1-9f15-4223-9322-9f66b47885ad None None] PortSecurityExtensionDriver initialization complete
May 26 11:56:40.973845 np0000176602 devstack@neutron-api.service[103013]: INFO neutron.plugins.ml2.managers [None req-3f83c1d1-9f15-4223-9322-9f66b47885ad None None] Initializing extension driver 'qos'
May 26 11:56:40.973845 np0000176602 devstack@neutron-api.service[103013]: DEBUG neutron.plugins.ml2.extensions.qos [None req-3f83c1d1-9f15-4223-9322-9f66b47885ad None None] QosExtensionDriver initialization complete {{(pid=103013) initialize /opt/stack/neutron/neutron/plugins/ml2/extensions/qos.py:31}}
May 26 11:56:40.973953 np0000176602 devstack@neutron-api.service[103012]: DEBUG neutron.api.extensions [None req-31a6eba1-5d7d-4204-b7b2-af35eca6e678 None None] Ext name="Network HA creation flag" alias="network_ha" description="Network high availability creation flag." updated="2023-04-27T10:00:00-00:00" {{(pid=103012) _check_extension /opt/stack/neutron/neutron/api/extensions.py:415}}
May 26 11:56:40.974033 np0000176602 devstack@neutron-api.service[103013]: INFO neutron.plugins.ml2.managers [None req-3f83c1d1-9f15-4223-9322-9f66b47885ad None None] Initializing mechanism driver 'ovn'
May 26 11:56:40.974116 np0000176602 devstack@neutron-api.service[103012]: INFO neutron.api.extensions [None req-31a6eba1-5d7d-4204-b7b2-af35eca6e678 None None] Extension network_ha not supported by any of loaded plugins
May 26 11:56:40.974153 np0000176602 devstack@neutron-api.service[103013]: INFO neutron.plugins.ml2.drivers.ovn.mech_driver.mech_driver [None req-3f83c1d1-9f15-4223-9322-9f66b47885ad None None] Starting OVNMechanismDriver
May 26 11:56:40.974211 np0000176602 devstack@neutron-api.service[103012]: DEBUG neutron.api.extensions [None req-31a6eba1-5d7d-4204-b7b2-af35eca6e678 None None] Loading extension file: network_ip_availability.py {{(pid=103012) _load_all_extensions_from_path /opt/stack/neutron/neutron/api/extensions.py:449}}
May 26 11:56:40.974211 np0000176602 devstack@neutron-api.service[103012]: DEBUG neutron.api.extensions [None req-31a6eba1-5d7d-4204-b7b2-af35eca6e678 None None] Ext name="Network IP Availability" alias="network-ip-availability" description="Provides IP availability data for each network and subnet." updated="2015-09-24T00:00:00-00:00" {{(pid=103012) _check_extension /opt/stack/neutron/neutron/api/extensions.py:415}}
May 26 11:56:40.974211 np0000176602 devstack@neutron-api.service[103012]: INFO neutron.api.extensions [None req-31a6eba1-5d7d-4204-b7b2-af35eca6e678 None None] Loaded extension: network-ip-availability
May 26 11:56:40.974211 np0000176602 devstack@neutron-api.service[103012]: DEBUG neutron.api.extensions [None req-31a6eba1-5d7d-4204-b7b2-af35eca6e678 None None] Loading extension file: network_ip_availability_details.py {{(pid=103012) _load_all_extensions_from_path /opt/stack/neutron/neutron/api/extensions.py:449}}
May 26 11:56:40.974420 np0000176602 devstack@neutron-api.service[103012]: DEBUG neutron.api.extensions [None req-31a6eba1-5d7d-4204-b7b2-af35eca6e678 None None] Ext name="Network IP Availability Details Extension" alias="network-ip-availability-details" description="Add ip_availability_details attribute to network-ip-availabilities resource." updated="2025-10-31T00:00:00-00:00" {{(pid=103012) _check_extension /opt/stack/neutron/neutron/api/extensions.py:415}}
May 26 11:56:40.974605 np0000176602 devstack@neutron-api.service[103012]: INFO neutron.api.extensions [None req-31a6eba1-5d7d-4204-b7b2-af35eca6e678 None None] Loaded extension: network-ip-availability-details
May 26 11:56:40.974705 np0000176602 devstack@neutron-api.service[103012]: DEBUG neutron.api.extensions [None req-31a6eba1-5d7d-4204-b7b2-af35eca6e678 None None] Loading extension file: network_segment_range.py {{(pid=103012) _load_all_extensions_from_path /opt/stack/neutron/neutron/api/extensions.py:449}}
May 26 11:56:40.975039 np0000176602 devstack@neutron-api.service[103012]: DEBUG neutron.api.extensions [None req-31a6eba1-5d7d-4204-b7b2-af35eca6e678 None None] Ext name="Neutron Network Segment Range" alias="network-segment-range" description="Provides support for the network segment range management" updated="2018-11-29T00:00:00-00:00" {{(pid=103012) _check_extension /opt/stack/neutron/neutron/api/extensions.py:415}}
May 26 11:56:40.975154 np0000176602 devstack@neutron-api.service[103012]: INFO neutron.api.extensions [None req-31a6eba1-5d7d-4204-b7b2-af35eca6e678 None None] Extension network-segment-range not supported by any of loaded plugins
May 26 11:56:40.975202 np0000176602 devstack@neutron-api.service[103013]: DEBUG neutron_lib.callbacks.manager [None req-3f83c1d1-9f15-4223-9322-9f66b47885ad None None] Subscribe: > process before_spawn 55550000, False {{(pid=103013) subscribe /opt/stack/data/venv/lib/python3.12/site-packages/neutron_lib/callbacks/manager.py:52}}
May 26 11:56:40.975251 np0000176602 devstack@neutron-api.service[103012]: DEBUG neutron.api.extensions [None req-31a6eba1-5d7d-4204-b7b2-af35eca6e678 None None] Loading extension file: pagination.py {{(pid=103012) _load_all_extensions_from_path /opt/stack/neutron/neutron/api/extensions.py:449}}
May 26 11:56:40.975361 np0000176602 devstack@neutron-api.service[103013]: DEBUG neutron_lib.callbacks.manager [None req-3f83c1d1-9f15-4223-9322-9f66b47885ad None None] Subscribe: > process after_init 55550000, True {{(pid=103013) subscribe /opt/stack/data/venv/lib/python3.12/site-packages/neutron_lib/callbacks/manager.py:52}}
May 26 11:56:40.975474 np0000176602 devstack@neutron-api.service[103012]: DEBUG neutron.api.extensions [None req-31a6eba1-5d7d-4204-b7b2-af35eca6e678 None None] Ext name="Pagination support" alias="pagination" description="Extension that indicates that pagination is enabled." updated="2016-06-12T00:00:00-00:00" {{(pid=103012) _check_extension /opt/stack/neutron/neutron/api/extensions.py:415}}
May 26 11:56:40.975551 np0000176602 devstack@neutron-api.service[103013]: DEBUG neutron_lib.callbacks.manager [None req-3f83c1d1-9f15-4223-9322-9f66b47885ad None None] Subscribe: > segment after_create 55550000, False {{(pid=103013) subscribe /opt/stack/data/venv/lib/python3.12/site-packages/neutron_lib/callbacks/manager.py:52}}
May 26 11:56:40.975615 np0000176602 devstack@neutron-api.service[103012]: INFO neutron.api.extensions [None req-31a6eba1-5d7d-4204-b7b2-af35eca6e678 None None] Loaded extension: pagination
May 26 11:56:40.975644 np0000176602 devstack@neutron-api.service[103013]: DEBUG neutron_lib.callbacks.manager [None req-3f83c1d1-9f15-4223-9322-9f66b47885ad None None] Subscribe: > segment after_create 55550000, False {{(pid=103013) subscribe /opt/stack/data/venv/lib/python3.12/site-packages/neutron_lib/callbacks/manager.py:52}}
May 26 11:56:40.975705 np0000176602 devstack@neutron-api.service[103012]: DEBUG neutron.api.extensions [None req-31a6eba1-5d7d-4204-b7b2-af35eca6e678 None None] Loading extension file: port_device_profile.py {{(pid=103012) _load_all_extensions_from_path /opt/stack/neutron/neutron/api/extensions.py:449}}
May 26 11:56:40.975736 np0000176602 devstack@neutron-api.service[103013]: DEBUG neutron_lib.callbacks.manager [None req-3f83c1d1-9f15-4223-9322-9f66b47885ad None None] Subscribe: > segment after_delete 55550000, False {{(pid=103013) subscribe /opt/stack/data/venv/lib/python3.12/site-packages/neutron_lib/callbacks/manager.py:52}}
May 26 11:56:40.975844 np0000176602 devstack@neutron-api.service[103013]: DEBUG neutron_lib.callbacks.manager [None req-3f83c1d1-9f15-4223-9322-9f66b47885ad None None] Subscribe: > allowed_address_pair before_create 55550000, False {{(pid=103013) subscribe /opt/stack/data/venv/lib/python3.12/site-packages/neutron_lib/callbacks/manager.py:52}}
May 26 11:56:40.975878 np0000176602 devstack@neutron-api.service[103012]: DEBUG neutron.api.extensions [None req-31a6eba1-5d7d-4204-b7b2-af35eca6e678 None None] Ext name="Port device profile" alias="port-device-profile" description="Expose the port device profile (Cyborg)" updated="2020-12-17T10:00:00-00:00" {{(pid=103012) _check_extension /opt/stack/neutron/neutron/api/extensions.py:415}}
May 26 11:56:40.975953 np0000176602 devstack@neutron-api.service[103013]: DEBUG neutron_lib.callbacks.manager [None req-3f83c1d1-9f15-4223-9322-9f66b47885ad None None] Subscribe: > security_group precommit_create 55550000, False {{(pid=103013) subscribe /opt/stack/data/venv/lib/python3.12/site-packages/neutron_lib/callbacks/manager.py:52}}
May 26 11:56:40.976049 np0000176602 devstack@neutron-api.service[103012]: INFO neutron.api.extensions [None req-31a6eba1-5d7d-4204-b7b2-af35eca6e678 None None] Loaded extension: port-device-profile
May 26 11:56:40.976083 np0000176602 devstack@neutron-api.service[103013]: DEBUG neutron_lib.callbacks.manager [None req-3f83c1d1-9f15-4223-9322-9f66b47885ad None None] Subscribe: > security_group after_update 55550000, False {{(pid=103013) subscribe /opt/stack/data/venv/lib/python3.12/site-packages/neutron_lib/callbacks/manager.py:52}}
May 26 11:56:40.976147 np0000176602 devstack@neutron-api.service[103012]: DEBUG neutron.api.extensions [None req-31a6eba1-5d7d-4204-b7b2-af35eca6e678 None None] Loading extension file: port_hardware_offload_type.py {{(pid=103012) _load_all_extensions_from_path /opt/stack/neutron/neutron/api/extensions.py:449}}
May 26 11:56:40.976177 np0000176602 devstack@neutron-api.service[103013]: DEBUG neutron_lib.callbacks.manager [None req-3f83c1d1-9f15-4223-9322-9f66b47885ad None None] Subscribe: > security_group after_create 55550000, False {{(pid=103013) subscribe /opt/stack/data/venv/lib/python3.12/site-packages/neutron_lib/callbacks/manager.py:52}}
May 26 11:56:40.976288 np0000176602 devstack@neutron-api.service[103013]: DEBUG neutron_lib.callbacks.manager [None req-3f83c1d1-9f15-4223-9322-9f66b47885ad None None] Subscribe: > security_group precommit_delete 55550000, False {{(pid=103013) subscribe /opt/stack/data/venv/lib/python3.12/site-packages/neutron_lib/callbacks/manager.py:52}}
May 26 11:56:40.976356 np0000176602 devstack@neutron-api.service[103012]: DEBUG neutron.api.extensions [None req-31a6eba1-5d7d-4204-b7b2-af35eca6e678 None None] Ext name="Port hardware offload" alias="port-hardware-offload-type" description="Expose port hardware offload extension" updated="2023-05-09T10:00:00-00:00" {{(pid=103012) _check_extension /opt/stack/neutron/neutron/api/extensions.py:415}}
May 26 11:56:40.976393 np0000176602 devstack@neutron-api.service[103013]: DEBUG neutron_lib.callbacks.manager [None req-3f83c1d1-9f15-4223-9322-9f66b47885ad None None] Subscribe: > security_group after_delete 55550000, False {{(pid=103013) subscribe /opt/stack/data/venv/lib/python3.12/site-packages/neutron_lib/callbacks/manager.py:52}}
May 26 11:56:40.976466 np0000176602 devstack@neutron-api.service[103013]: DEBUG neutron_lib.callbacks.manager [None req-3f83c1d1-9f15-4223-9322-9f66b47885ad None None] Subscribe: > security_group_rule precommit_create 55550000, False {{(pid=103013) subscribe /opt/stack/data/venv/lib/python3.12/site-packages/neutron_lib/callbacks/manager.py:52}}
May 26 11:56:40.976535 np0000176602 devstack@neutron-api.service[103012]: INFO neutron.api.extensions [None req-31a6eba1-5d7d-4204-b7b2-af35eca6e678 None None] Extension port-hardware-offload-type not supported by any of loaded plugins
May 26 11:56:40.976595 np0000176602 devstack@neutron-api.service[103013]: DEBUG neutron_lib.callbacks.manager [None req-3f83c1d1-9f15-4223-9322-9f66b47885ad None None] Subscribe: > security_group_rule after_create 55550000, False {{(pid=103013) subscribe /opt/stack/data/venv/lib/python3.12/site-packages/neutron_lib/callbacks/manager.py:52}}
May 26 11:56:40.976626 np0000176602 devstack@neutron-api.service[103012]: DEBUG neutron.api.extensions [None req-31a6eba1-5d7d-4204-b7b2-af35eca6e678 None None] Loading extension file: port_hint_ovs_tx_steering.py {{(pid=103012) _load_all_extensions_from_path /opt/stack/neutron/neutron/api/extensions.py:449}}
May 26 11:56:40.976692 np0000176602 devstack@neutron-api.service[103013]: DEBUG neutron_lib.callbacks.manager [None req-3f83c1d1-9f15-4223-9322-9f66b47885ad None None] Subscribe: > security_group_rule before_delete 55550000, False {{(pid=103013) subscribe /opt/stack/data/venv/lib/python3.12/site-packages/neutron_lib/callbacks/manager.py:52}}
May 26 11:56:40.976795 np0000176602 devstack@neutron-api.service[103013]: DEBUG neutron_lib.callbacks.manager [None req-3f83c1d1-9f15-4223-9322-9f66b47885ad None None] Subscribe: > address_group after_create 55550000, False {{(pid=103013) subscribe /opt/stack/data/venv/lib/python3.12/site-packages/neutron_lib/callbacks/manager.py:52}}
May 26 11:56:40.976861 np0000176602 devstack@neutron-api.service[103012]: DEBUG neutron.api.extensions [None req-31a6eba1-5d7d-4204-b7b2-af35eca6e678 None None] Ext name="Port hint: Open vSwitch Tx steering" alias="port-hint-ovs-tx-steering" description="Enable Port hint: Open vSwitch Tx steering" updated="2023-01-01T00:00:00-00:00" {{(pid=103012) _check_extension /opt/stack/neutron/neutron/api/extensions.py:415}}
May 26 11:56:40.976891 np0000176602 devstack@neutron-api.service[103013]: DEBUG neutron_lib.callbacks.manager [None req-3f83c1d1-9f15-4223-9322-9f66b47885ad None None] Subscribe: > address_group after_update 55550000, False {{(pid=103013) subscribe /opt/stack/data/venv/lib/python3.12/site-packages/neutron_lib/callbacks/manager.py:52}}
May 26 11:56:40.977007 np0000176602 devstack@neutron-api.service[103013]: DEBUG neutron_lib.callbacks.manager [None req-3f83c1d1-9f15-4223-9322-9f66b47885ad None None] Subscribe: > address_group after_delete 55550000, False {{(pid=103013) subscribe /opt/stack/data/venv/lib/python3.12/site-packages/neutron_lib/callbacks/manager.py:52}}
May 26 11:56:40.977058 np0000176602 devstack@neutron-api.service[103012]: INFO neutron.api.extensions [None req-31a6eba1-5d7d-4204-b7b2-af35eca6e678 None None] Extension port-hint-ovs-tx-steering not supported by any of loaded plugins
May 26 11:56:40.977120 np0000176602 devstack@neutron-api.service[103012]: DEBUG neutron.api.extensions [None req-31a6eba1-5d7d-4204-b7b2-af35eca6e678 None None] Loading extension file: port_hints.py {{(pid=103012) _load_all_extensions_from_path /opt/stack/neutron/neutron/api/extensions.py:449}}
May 26 11:56:40.977197 np0000176602 devstack@neutron-api.service[103013]: DEBUG neutron_lib.callbacks.manager [None req-3f83c1d1-9f15-4223-9322-9f66b47885ad None None] Subscribe: > qos_plugin after_init 55550000, False {{(pid=103013) subscribe /opt/stack/data/venv/lib/python3.12/site-packages/neutron_lib/callbacks/manager.py:52}}
May 26 11:56:40.977339 np0000176602 devstack@neutron-api.service[103012]: DEBUG neutron.api.extensions [None req-31a6eba1-5d7d-4204-b7b2-af35eca6e678 None None] Ext name="Port hints" alias="port-hints" description="Backend specific port hints to allow backend specific tuning" updated="2023-01-01T00:00:00-00:00" {{(pid=103012) _check_extension /opt/stack/neutron/neutron/api/extensions.py:415}}
May 26 11:56:40.977373 np0000176602 devstack@neutron-api.service[103013]: DEBUG neutron_lib.callbacks.manager [None req-3f83c1d1-9f15-4223-9322-9f66b47885ad None None] Subscribe: > trunk_plugin after_init 55550000, False {{(pid=103013) subscribe /opt/stack/data/venv/lib/python3.12/site-packages/neutron_lib/callbacks/manager.py:52}}
May 26 11:56:40.977515 np0000176602 devstack@neutron-api.service[103012]: INFO neutron.api.extensions [None req-31a6eba1-5d7d-4204-b7b2-af35eca6e678 None None] Extension port-hints not supported by any of loaded plugins
May 26 11:56:40.977604 np0000176602 devstack@neutron-api.service[103013]: DEBUG neutron_lib.callbacks.manager [None req-3f83c1d1-9f15-4223-9322-9f66b47885ad None None] Subscribe: > logging-plugin after_init 55550000, False {{(pid=103013) subscribe /opt/stack/data/venv/lib/python3.12/site-packages/neutron_lib/callbacks/manager.py:52}}
May 26 11:56:40.977634 np0000176602 devstack@neutron-api.service[103012]: DEBUG neutron.api.extensions [None req-31a6eba1-5d7d-4204-b7b2-af35eca6e678 None None] Loading extension file: port_mac_address_override.py {{(pid=103012) _load_all_extensions_from_path /opt/stack/neutron/neutron/api/extensions.py:449}}
May 26 11:56:40.977825 np0000176602 devstack@neutron-api.service[103012]: DEBUG neutron.api.extensions [None req-31a6eba1-5d7d-4204-b7b2-af35eca6e678 None None] Ext name="Neutron Port MAC address override" alias="port-mac-override" description="Allow overriding the MAC address of a direct-physical Port via the active binding profile" updated="2022-03-18T10:00:00-00:00" {{(pid=103012) _check_extension /opt/stack/neutron/neutron/api/extensions.py:415}}
May 26 11:56:40.978018 np0000176602 devstack@neutron-api.service[103012]: INFO neutron.api.extensions [None req-31a6eba1-5d7d-4204-b7b2-af35eca6e678 None None] Extension port-mac-override not supported by any of loaded plugins
May 26 11:56:40.978056 np0000176602 devstack@neutron-api.service[103013]: INFO neutron.services.logapi.drivers.ovn.driver [None req-3f83c1d1-9f15-4223-9322-9f66b47885ad None None] OVN logging driver registered
May 26 11:56:40.978086 np0000176602 devstack@neutron-api.service[103012]: DEBUG neutron.api.extensions [None req-31a6eba1-5d7d-4204-b7b2-af35eca6e678 None None] Loading extension file: port_mac_address_regenerate.py {{(pid=103012) _load_all_extensions_from_path /opt/stack/neutron/neutron/api/extensions.py:449}}
May 26 11:56:40.978291 np0000176602 devstack@neutron-api.service[103012]: DEBUG neutron.api.extensions [None req-31a6eba1-5d7d-4204-b7b2-af35eca6e678 None None] Ext name="Neutron Port MAC address regenerate" alias="port-mac-address-regenerate" description="Network port MAC address regenerate" updated="2018-05-03T10:00:00-00:00" {{(pid=103012) _check_extension /opt/stack/neutron/neutron/api/extensions.py:415}}
May 26 11:56:40.978456 np0000176602 devstack@neutron-api.service[103012]: INFO neutron.api.extensions [None req-31a6eba1-5d7d-4204-b7b2-af35eca6e678 None None] Loaded extension: port-mac-address-regenerate
May 26 11:56:40.978562 np0000176602 devstack@neutron-api.service[103012]: DEBUG neutron.api.extensions [None req-31a6eba1-5d7d-4204-b7b2-af35eca6e678 None None] Loading extension file: port_numa_affinity_policy.py {{(pid=103012) _load_all_extensions_from_path /opt/stack/neutron/neutron/api/extensions.py:449}}
May 26 11:56:40.978784 np0000176602 devstack@neutron-api.service[103012]: DEBUG neutron.api.extensions [None req-31a6eba1-5d7d-4204-b7b2-af35eca6e678 None None] Ext name="Port NUMA affinity policy" alias="port-numa-affinity-policy" description="Expose the port NUMA affinity policy" updated="2020-07-08T10:00:00-00:00" {{(pid=103012) _check_extension /opt/stack/neutron/neutron/api/extensions.py:415}}
May 26 11:56:40.978950 np0000176602 devstack@neutron-api.service[103012]: INFO neutron.api.extensions [None req-31a6eba1-5d7d-4204-b7b2-af35eca6e678 None None] Loaded extension: port-numa-affinity-policy
May 26 11:56:40.979040 np0000176602 devstack@neutron-api.service[103012]: DEBUG neutron.api.extensions [None req-31a6eba1-5d7d-4204-b7b2-af35eca6e678 None None] Loading extension file: port_numa_affinity_policy_socket.py {{(pid=103012) _load_all_extensions_from_path /opt/stack/neutron/neutron/api/extensions.py:449}}
May 26 11:56:40.979275 np0000176602 devstack@neutron-api.service[103012]: DEBUG neutron.api.extensions [None req-31a6eba1-5d7d-4204-b7b2-af35eca6e678 None None] Ext name="Port NUMA affinity policy "socket"" alias="port-numa-affinity-policy-socket" description="Adds "socket" to the supported port NUMA affinity policies" updated="2024-02-09T10:00:00-00:00" {{(pid=103012) _check_extension /opt/stack/neutron/neutron/api/extensions.py:415}}
May 26 11:56:40.979417 np0000176602 devstack@neutron-api.service[103012]: INFO neutron.api.extensions [None req-31a6eba1-5d7d-4204-b7b2-af35eca6e678 None None] Loaded extension: port-numa-affinity-policy-socket
May 26 11:56:40.979520 np0000176602 devstack@neutron-api.service[103012]: DEBUG neutron.api.extensions [None req-31a6eba1-5d7d-4204-b7b2-af35eca6e678 None None] Loading extension file: port_resource_request.py {{(pid=103012) _load_all_extensions_from_path /opt/stack/neutron/neutron/api/extensions.py:449}}
May 26 11:56:40.979553 np0000176602 devstack@neutron-api.service[103013]: DEBUG neutron.plugins.ml2.plugin [None req-3f83c1d1-9f15-4223-9322-9f66b47885ad None None] neutron.plugins.ml2.plugin.Ml2Plugin method _start_rpc_notifiers called with arguments () {} {{(pid=103013) wrapper /opt/stack/data/venv/lib/python3.12/site-packages/oslo_log/helpers.py:77}}
May 26 11:56:40.979742 np0000176602 devstack@neutron-api.service[103012]: DEBUG neutron.api.extensions [None req-31a6eba1-5d7d-4204-b7b2-af35eca6e678 None None] Ext name="Port Resource Request" alias="port-resource-request" description="Expose resource request to Port" updated="2018-05-08T10:00:00-00:00" {{(pid=103012) _check_extension /opt/stack/neutron/neutron/api/extensions.py:415}}
May 26 11:56:40.979807 np0000176602 devstack@neutron-api.service[103013]: DEBUG neutron_lib.callbacks.manager [None req-3f83c1d1-9f15-4223-9322-9f66b47885ad None None] Subscribe: > port after_create 55550000, False {{(pid=103013) subscribe /opt/stack/data/venv/lib/python3.12/site-packages/neutron_lib/callbacks/manager.py:52}}
May 26 11:56:40.979910 np0000176602 devstack@neutron-api.service[103012]: INFO neutron.api.extensions [None req-31a6eba1-5d7d-4204-b7b2-af35eca6e678 None None] Extension port-resource-request not supported by any of loaded plugins
May 26 11:56:40.979941 np0000176602 devstack@neutron-api.service[103013]: DEBUG neutron_lib.callbacks.manager [None req-3f83c1d1-9f15-4223-9322-9f66b47885ad None None] Subscribe: > port after_update 55550000, False {{(pid=103013) subscribe /opt/stack/data/venv/lib/python3.12/site-packages/neutron_lib/callbacks/manager.py:52}}
May 26 11:56:40.980004 np0000176602 devstack@neutron-api.service[103012]: DEBUG neutron.api.extensions [None req-31a6eba1-5d7d-4204-b7b2-af35eca6e678 None None] Loading extension file: port_resource_request_groups.py {{(pid=103012) _load_all_extensions_from_path /opt/stack/neutron/neutron/api/extensions.py:449}}
May 26 11:56:40.980032 np0000176602 devstack@neutron-api.service[103013]: DEBUG neutron_lib.callbacks.manager [None req-3f83c1d1-9f15-4223-9322-9f66b47885ad None None] Subscribe: > port after_delete 55550000, False {{(pid=103013) subscribe /opt/stack/data/venv/lib/python3.12/site-packages/neutron_lib/callbacks/manager.py:52}}
May 26 11:56:40.980133 np0000176602 devstack@neutron-api.service[103013]: DEBUG neutron_lib.callbacks.manager [None req-3f83c1d1-9f15-4223-9322-9f66b47885ad None None] Subscribe: > subnet after_create 55550000, False {{(pid=103013) subscribe /opt/stack/data/venv/lib/python3.12/site-packages/neutron_lib/callbacks/manager.py:52}}
May 26 11:56:40.980225 np0000176602 devstack@neutron-api.service[103013]: DEBUG neutron_lib.callbacks.manager [None req-3f83c1d1-9f15-4223-9322-9f66b47885ad None None] Subscribe: > subnet after_update 55550000, False {{(pid=103013) subscribe /opt/stack/data/venv/lib/python3.12/site-packages/neutron_lib/callbacks/manager.py:52}}
May 26 11:56:40.980289 np0000176602 devstack@neutron-api.service[103012]: DEBUG neutron.api.extensions [None req-31a6eba1-5d7d-4204-b7b2-af35eca6e678 None None] Ext name="Port Resource Request Groups" alias="port-resource-request-groups" description="Support requesting multiple groups of resources and traits from the same RP subtree in resource_request" updated="2021-08-02T10:00:00-00:00" {{(pid=103012) _check_extension /opt/stack/neutron/neutron/api/extensions.py:415}}
May 26 11:56:40.980321 np0000176602 devstack@neutron-api.service[103013]: DEBUG neutron_lib.callbacks.manager [None req-3f83c1d1-9f15-4223-9322-9f66b47885ad None None] Subscribe: > subnet after_delete 55550000, False {{(pid=103013) subscribe /opt/stack/data/venv/lib/python3.12/site-packages/neutron_lib/callbacks/manager.py:52}}
May 26 11:56:40.980379 np0000176602 devstack@neutron-api.service[103012]: INFO neutron.api.extensions [None req-31a6eba1-5d7d-4204-b7b2-af35eca6e678 None None] Extension port-resource-request-groups not supported by any of loaded plugins
May 26 11:56:40.980423 np0000176602 devstack@neutron-api.service[103013]: DEBUG neutron_lib.callbacks.manager [None req-3f83c1d1-9f15-4223-9322-9f66b47885ad None None] Subscribe: > network after_create 55550000, False {{(pid=103013) subscribe /opt/stack/data/venv/lib/python3.12/site-packages/neutron_lib/callbacks/manager.py:52}}
May 26 11:56:40.980474 np0000176602 devstack@neutron-api.service[103012]: DEBUG neutron.api.extensions [None req-31a6eba1-5d7d-4204-b7b2-af35eca6e678 None None] Loading extension file: port_trusted_vif.py {{(pid=103012) _load_all_extensions_from_path /opt/stack/neutron/neutron/api/extensions.py:449}}
May 26 11:56:40.980563 np0000176602 devstack@neutron-api.service[103013]: DEBUG neutron_lib.callbacks.manager [None req-3f83c1d1-9f15-4223-9322-9f66b47885ad None None] Subscribe: > network after_update 55550000, False {{(pid=103013) subscribe /opt/stack/data/venv/lib/python3.12/site-packages/neutron_lib/callbacks/manager.py:52}}
May 26 11:56:40.980644 np0000176602 devstack@neutron-api.service[103013]: DEBUG neutron_lib.callbacks.manager [None req-3f83c1d1-9f15-4223-9322-9f66b47885ad None None] Subscribe: > network after_delete 55550000, False {{(pid=103013) subscribe /opt/stack/data/venv/lib/python3.12/site-packages/neutron_lib/callbacks/manager.py:52}}
May 26 11:56:40.980719 np0000176602 devstack@neutron-api.service[103012]: DEBUG neutron.api.extensions [None req-31a6eba1-5d7d-4204-b7b2-af35eca6e678 None None] Ext name="Port trusted vif" alias="port-trusted-vif" description="Expose port 'trusted' attribute in the API" updated="2024-07-10T10:00:00-00:00" {{(pid=103012) _check_extension /opt/stack/neutron/neutron/api/extensions.py:415}}
May 26 11:56:40.980781 np0000176602 devstack@neutron-api.service[103013]: DEBUG neutron_lib.callbacks.manager [None req-3f83c1d1-9f15-4223-9322-9f66b47885ad None None] Subscribe: > security_group after_create 55550000, False {{(pid=103013) subscribe /opt/stack/data/venv/lib/python3.12/site-packages/neutron_lib/callbacks/manager.py:52}}
May 26 11:56:40.980862 np0000176602 devstack@neutron-api.service[103013]: DEBUG neutron_lib.callbacks.manager [None req-3f83c1d1-9f15-4223-9322-9f66b47885ad None None] Subscribe: > security_group after_update 55550000, False {{(pid=103013) subscribe /opt/stack/data/venv/lib/python3.12/site-packages/neutron_lib/callbacks/manager.py:52}}
May 26 11:56:40.980900 np0000176602 devstack@neutron-api.service[103012]: INFO neutron.api.extensions [None req-31a6eba1-5d7d-4204-b7b2-af35eca6e678 None None] Extension port-trusted-vif not supported by any of loaded plugins
May 26 11:56:40.980959 np0000176602 devstack@neutron-api.service[103012]: DEBUG neutron.api.extensions [None req-31a6eba1-5d7d-4204-b7b2-af35eca6e678 None None] Loading extension file: portbindings.py {{(pid=103012) _load_all_extensions_from_path /opt/stack/neutron/neutron/api/extensions.py:449}}
May 26 11:56:40.980988 np0000176602 devstack@neutron-api.service[103013]: DEBUG neutron_lib.callbacks.manager [None req-3f83c1d1-9f15-4223-9322-9f66b47885ad None None] Subscribe: > security_group after_delete 55550000, False {{(pid=103013) subscribe /opt/stack/data/venv/lib/python3.12/site-packages/neutron_lib/callbacks/manager.py:52}}
May 26 11:56:40.981150 np0000176602 devstack@neutron-api.service[103013]: DEBUG neutron_lib.callbacks.manager [None req-3f83c1d1-9f15-4223-9322-9f66b47885ad None None] Subscribe: > security_group_rule after_create 55550000, False {{(pid=103013) subscribe /opt/stack/data/venv/lib/python3.12/site-packages/neutron_lib/callbacks/manager.py:52}}
May 26 11:56:40.981564 np0000176602 devstack@neutron-api.service[103012]: DEBUG neutron.api.extensions [None req-31a6eba1-5d7d-4204-b7b2-af35eca6e678 None None] Ext name="Port Binding" alias="binding" description="Expose port bindings of a virtual port to external application" updated="2014-02-03T10:00:00-00:00" {{(pid=103012) _check_extension /opt/stack/neutron/neutron/api/extensions.py:415}}
May 26 11:56:40.981663 np0000176602 devstack@neutron-api.service[103013]: DEBUG neutron_lib.callbacks.manager [None req-3f83c1d1-9f15-4223-9322-9f66b47885ad None None] Subscribe: > security_group_rule after_update 55550000, False {{(pid=103013) subscribe /opt/stack/data/venv/lib/python3.12/site-packages/neutron_lib/callbacks/manager.py:52}}
May 26 11:56:40.981723 np0000176602 devstack@neutron-api.service[103012]: INFO neutron.api.extensions [None req-31a6eba1-5d7d-4204-b7b2-af35eca6e678 None None] Loaded extension: binding
May 26 11:56:40.981752 np0000176602 devstack@neutron-api.service[103013]: DEBUG neutron_lib.callbacks.manager [None req-3f83c1d1-9f15-4223-9322-9f66b47885ad None None] Subscribe: > security_group_rule after_delete 55550000, False {{(pid=103013) subscribe /opt/stack/data/venv/lib/python3.12/site-packages/neutron_lib/callbacks/manager.py:52}}
May 26 11:56:40.981816 np0000176602 devstack@neutron-api.service[103012]: DEBUG neutron.api.extensions [None req-31a6eba1-5d7d-4204-b7b2-af35eca6e678 None None] Loading extension file: portbindings_extended.py {{(pid=103012) _load_all_extensions_from_path /opt/stack/neutron/neutron/api/extensions.py:449}}
May 26 11:56:40.981850 np0000176602 devstack@neutron-api.service[103013]: DEBUG neutron_lib.callbacks.manager [None req-3f83c1d1-9f15-4223-9322-9f66b47885ad None None] Subscribe: > address_group after_create 55550000, False {{(pid=103013) subscribe /opt/stack/data/venv/lib/python3.12/site-packages/neutron_lib/callbacks/manager.py:52}}
May 26 11:56:40.981850 np0000176602 devstack@neutron-api.service[103013]: DEBUG neutron_lib.callbacks.manager [None req-3f83c1d1-9f15-4223-9322-9f66b47885ad None None] Subscribe: > address_group after_update 55550000, False {{(pid=103013) subscribe /opt/stack/data/venv/lib/python3.12/site-packages/neutron_lib/callbacks/manager.py:52}}
May 26 11:56:40.981902 np0000176602 devstack@neutron-api.service[103013]: DEBUG neutron_lib.callbacks.manager [None req-3f83c1d1-9f15-4223-9322-9f66b47885ad None None] Subscribe: > address_group after_delete 55550000, False {{(pid=103013) subscribe /opt/stack/data/venv/lib/python3.12/site-packages/neutron_lib/callbacks/manager.py:52}}
May 26 11:56:40.981969 np0000176602 devstack@neutron-api.service[103012]: DEBUG neutron.api.extensions [None req-31a6eba1-5d7d-4204-b7b2-af35eca6e678 None None] Ext name="Port Bindings Extended" alias="binding-extended" description="Expose port bindings of a virtual port to external application" updated="2017-07-17T10:00:00-00:00" {{(pid=103012) _check_extension /opt/stack/neutron/neutron/api/extensions.py:415}}
May 26 11:56:40.982002 np0000176602 devstack@neutron-api.service[103013]: DEBUG neutron.plugins.ml2.ovo_rpc [None req-3f83c1d1-9f15-4223-9322-9f66b47885ad None None] ML2 OVO RPC backend initialized. {{(pid=103013) __init__ /opt/stack/neutron/neutron/plugins/ml2/ovo_rpc.py:117}}
May 26 11:56:40.982085 np0000176602 devstack@neutron-api.service[103012]: INFO neutron.api.extensions [None req-31a6eba1-5d7d-4204-b7b2-af35eca6e678 None None] Loaded extension: binding-extended
May 26 11:56:40.982166 np0000176602 devstack@neutron-api.service[103012]: DEBUG neutron.api.extensions [None req-31a6eba1-5d7d-4204-b7b2-af35eca6e678 None None] Loading extension file: portsecurity.py {{(pid=103012) _load_all_extensions_from_path /opt/stack/neutron/neutron/api/extensions.py:449}}
May 26 11:56:40.982354 np0000176602 devstack@neutron-api.service[103012]: DEBUG neutron.api.extensions [None req-31a6eba1-5d7d-4204-b7b2-af35eca6e678 None None] Ext name="Port Security" alias="port-security" description="Provides port security" updated="2012-07-23T10:00:00-00:00" {{(pid=103012) _check_extension /opt/stack/neutron/neutron/api/extensions.py:415}}
May 26 11:56:40.982537 np0000176602 devstack@neutron-api.service[103012]: INFO neutron.api.extensions [None req-31a6eba1-5d7d-4204-b7b2-af35eca6e678 None None] Loaded extension: port-security
May 26 11:56:40.982629 np0000176602 devstack@neutron-api.service[103012]: DEBUG neutron.api.extensions [None req-31a6eba1-5d7d-4204-b7b2-af35eca6e678 None None] Loading extension file: project_id.py {{(pid=103012) _load_all_extensions_from_path /opt/stack/neutron/neutron/api/extensions.py:449}}
May 26 11:56:40.982744 np0000176602 devstack@neutron-api.service[103013]: INFO neutron.quota [None req-3f83c1d1-9f15-4223-9322-9f66b47885ad None None] Loaded quota_driver: .
May 26 11:56:40.982877 np0000176602 devstack@neutron-api.service[103012]: DEBUG neutron.api.extensions [None req-31a6eba1-5d7d-4204-b7b2-af35eca6e678 None None] Ext name="project_id field enabled" alias="project-id" description="Extension that indicates that project_id field is enabled." updated="2016-09-09T09:09:09-09:09" {{(pid=103012) _check_extension /opt/stack/neutron/neutron/api/extensions.py:415}}
May 26 11:56:40.982907 np0000176602 devstack@neutron-api.service[103013]: INFO neutron.plugins.ml2.plugin [None req-3f83c1d1-9f15-4223-9322-9f66b47885ad None None] Modular L2 Plugin initialization complete
May 26 11:56:40.982941 np0000176602 devstack@neutron-api.service[103012]: INFO neutron.api.extensions [None req-31a6eba1-5d7d-4204-b7b2-af35eca6e678 None None] Loaded extension: project-id
May 26 11:56:40.982998 np0000176602 devstack@neutron-api.service[103013]: DEBUG neutron.manager [None req-3f83c1d1-9f15-4223-9322-9f66b47885ad None None] Loading services supported by the core plugin {{(pid=103013) _load_services_from_core_plugin /opt/stack/neutron/neutron/manager.py:170}}
May 26 11:56:40.983031 np0000176602 devstack@neutron-api.service[103012]: DEBUG neutron.api.extensions [None req-31a6eba1-5d7d-4204-b7b2-af35eca6e678 None None] Loading extension file: providernet.py {{(pid=103012) _load_all_extensions_from_path /opt/stack/neutron/neutron/api/extensions.py:449}}
May 26 11:56:40.983094 np0000176602 devstack@neutron-api.service[103013]: INFO neutron.plugins.ml2.managers [None req-3f83c1d1-9f15-4223-9322-9f66b47885ad None None] Got port-security extension from driver 'port_security'
May 26 11:56:40.983245 np0000176602 devstack@neutron-api.service[103012]: DEBUG neutron.api.extensions [None req-31a6eba1-5d7d-4204-b7b2-af35eca6e678 None None] Ext name="Provider Network" alias="provider" description="Expose mapping of virtual networks to physical networks" updated="2012-09-07T10:00:00-00:00" {{(pid=103012) _check_extension /opt/stack/neutron/neutron/api/extensions.py:415}}
May 26 11:56:40.983364 np0000176602 devstack@neutron-api.service[103013]: DEBUG neutron.manager [None req-3f83c1d1-9f15-4223-9322-9f66b47885ad None None] Loading service plugins: ['ovn-router', 'auto_allocate', 'tag', 'timestamp', 'network_ip_availability', 'flavors', 'revisions'] {{(pid=103013) _load_service_plugins /opt/stack/neutron/neutron/manager.py:195}}
May 26 11:56:40.983413 np0000176602 devstack@neutron-api.service[103012]: INFO neutron.api.extensions [None req-31a6eba1-5d7d-4204-b7b2-af35eca6e678 None None] Loaded extension: provider
May 26 11:56:40.983449 np0000176602 devstack@neutron-api.service[103013]: INFO neutron.manager [None req-3f83c1d1-9f15-4223-9322-9f66b47885ad None None] Loading Plugin: ovn-router
May 26 11:56:40.983517 np0000176602 devstack@neutron-api.service[103012]: DEBUG neutron.api.extensions [None req-31a6eba1-5d7d-4204-b7b2-af35eca6e678 None None] Loading extension file: qinq.py {{(pid=103012) _load_all_extensions_from_path /opt/stack/neutron/neutron/api/extensions.py:449}}
May 26 11:56:40.983763 np0000176602 devstack@neutron-api.service[103012]: DEBUG neutron.api.extensions [None req-31a6eba1-5d7d-4204-b7b2-af35eca6e678 None None] Ext name="QinQ networks" alias="qinq" description="Expose network 'qinq' attribute in the API. This allows to configure network to allow vlan in vlan configuration using 0x88a8 ethertype (QinQ)." updated="2024-12-02T10:00:00-00:00" {{(pid=103012) _check_extension /opt/stack/neutron/neutron/api/extensions.py:415}}
May 26 11:56:40.983931 np0000176602 devstack@neutron-api.service[103012]: INFO neutron.api.extensions [None req-31a6eba1-5d7d-4204-b7b2-af35eca6e678 None None] Loaded extension: qinq
May 26 11:56:40.984022 np0000176602 devstack@neutron-api.service[103012]: DEBUG neutron.api.extensions [None req-31a6eba1-5d7d-4204-b7b2-af35eca6e678 None None] Loading extension file: qos.py {{(pid=103012) _load_all_extensions_from_path /opt/stack/neutron/neutron/api/extensions.py:449}}
May 26 11:56:40.984834 np0000176602 devstack@neutron-api.service[103012]: DEBUG neutron.api.extensions [None req-31a6eba1-5d7d-4204-b7b2-af35eca6e678 None None] Ext name="Quality of Service" alias="qos" description="The Quality of Service extension." updated="2015-06-08T10:00:00-00:00" {{(pid=103012) _check_extension /opt/stack/neutron/neutron/api/extensions.py:415}}
May 26 11:56:40.985004 np0000176602 devstack@neutron-api.service[103012]: INFO neutron.api.extensions [None req-31a6eba1-5d7d-4204-b7b2-af35eca6e678 None None] Extension qos not supported by any of loaded plugins
May 26 11:56:40.985132 np0000176602 devstack@neutron-api.service[103012]: DEBUG neutron.api.extensions [None req-31a6eba1-5d7d-4204-b7b2-af35eca6e678 None None] Loading extension file: qos_bw_limit_direction.py {{(pid=103012) _load_all_extensions_from_path /opt/stack/neutron/neutron/api/extensions.py:449}}
May 26 11:56:40.985395 np0000176602 devstack@neutron-api.service[103012]: DEBUG neutron.api.extensions [None req-31a6eba1-5d7d-4204-b7b2-af35eca6e678 None None] Ext name="Direction for QoS bandwidth limit rule" alias="qos-bw-limit-direction" description="Allow to configure QoS bandwidth limit rule with specific direction: ingress or egress" updated="2017-04-10T10:00:00-00:00" {{(pid=103012) _check_extension /opt/stack/neutron/neutron/api/extensions.py:415}}
May 26 11:56:40.985592 np0000176602 devstack@neutron-api.service[103012]: INFO neutron.api.extensions [None req-31a6eba1-5d7d-4204-b7b2-af35eca6e678 None None] Extension qos-bw-limit-direction not supported by any of loaded plugins
May 26 11:56:40.985670 np0000176602 devstack@neutron-api.service[103012]: DEBUG neutron.api.extensions [None req-31a6eba1-5d7d-4204-b7b2-af35eca6e678 None None] Loading extension file: qos_bw_minimum_ingress.py {{(pid=103012) _load_all_extensions_from_path /opt/stack/neutron/neutron/api/extensions.py:449}}
May 26 11:56:40.985897 np0000176602 devstack@neutron-api.service[103012]: DEBUG neutron.api.extensions [None req-31a6eba1-5d7d-4204-b7b2-af35eca6e678 None None] Ext name="Ingress direction for QoS minimum bandwidth rule" alias="qos-bw-minimum-ingress" description="Allow to configure QoS minumum bandwidth rule with ingress direction." updated="2018-07-09T10:00:00-00:00" {{(pid=103012) _check_extension /opt/stack/neutron/neutron/api/extensions.py:415}}
May 26 11:56:40.986052 np0000176602 devstack@neutron-api.service[103012]: INFO neutron.api.extensions [None req-31a6eba1-5d7d-4204-b7b2-af35eca6e678 None None] Extension qos-bw-minimum-ingress not supported by any of loaded plugins
May 26 11:56:40.986134 np0000176602 devstack@neutron-api.service[103012]: DEBUG neutron.api.extensions [None req-31a6eba1-5d7d-4204-b7b2-af35eca6e678 None None] Loading extension file: qos_default.py {{(pid=103012) _load_all_extensions_from_path /opt/stack/neutron/neutron/api/extensions.py:449}}
May 26 11:56:40.986355 np0000176602 devstack@neutron-api.service[103012]: DEBUG neutron.api.extensions [None req-31a6eba1-5d7d-4204-b7b2-af35eca6e678 None None] Ext name="QoS default policy" alias="qos-default" description="Expose the QoS default policy per project" updated="2017-041-06T10:00:00-00:00" {{(pid=103012) _check_extension /opt/stack/neutron/neutron/api/extensions.py:415}}
May 26 11:56:40.986535 np0000176602 devstack@neutron-api.service[103012]: INFO neutron.api.extensions [None req-31a6eba1-5d7d-4204-b7b2-af35eca6e678 None None] Extension qos-default not supported by any of loaded plugins
May 26 11:56:40.986617 np0000176602 devstack@neutron-api.service[103012]: DEBUG neutron.api.extensions [None req-31a6eba1-5d7d-4204-b7b2-af35eca6e678 None None] Loading extension file: qos_fip.py {{(pid=103012) _load_all_extensions_from_path /opt/stack/neutron/neutron/api/extensions.py:449}}
May 26 11:56:40.986851 np0000176602 devstack@neutron-api.service[103012]: DEBUG neutron.api.extensions [None req-31a6eba1-5d7d-4204-b7b2-af35eca6e678 None None] Ext name="Floating IP QoS" alias="qos-fip" description="The floating IP Quality of Service extension" updated="2017-07-20T00:00:00-00:00" {{(pid=103012) _check_extension /opt/stack/neutron/neutron/api/extensions.py:415}}
May 26 11:56:40.987005 np0000176602 devstack@neutron-api.service[103012]: INFO neutron.api.extensions [None req-31a6eba1-5d7d-4204-b7b2-af35eca6e678 None None] Extension qos-fip not supported by any of loaded plugins
May 26 11:56:40.987085 np0000176602 devstack@neutron-api.service[103012]: DEBUG neutron.api.extensions [None req-31a6eba1-5d7d-4204-b7b2-af35eca6e678 None None] Loading extension file: qos_fip_network_policy.py {{(pid=103012) _load_all_extensions_from_path /opt/stack/neutron/neutron/api/extensions.py:449}}
May 26 11:56:40.987306 np0000176602 devstack@neutron-api.service[103012]: DEBUG neutron.api.extensions [None req-31a6eba1-5d7d-4204-b7b2-af35eca6e678 None None] Ext name="QoS floating IP network policy ID" alias="qos-fip-network-policy" description="Adds a the QoS network ID to the floating IP definition" updated="2021-11-15T10:00:00-00:00" {{(pid=103012) _check_extension /opt/stack/neutron/neutron/api/extensions.py:415}}
May 26 11:56:40.987470 np0000176602 devstack@neutron-api.service[103012]: INFO neutron.api.extensions [None req-31a6eba1-5d7d-4204-b7b2-af35eca6e678 None None] Extension qos-fip-network-policy not supported by any of loaded plugins
May 26 11:56:40.987569 np0000176602 devstack@neutron-api.service[103012]: DEBUG neutron.api.extensions [None req-31a6eba1-5d7d-4204-b7b2-af35eca6e678 None None] Loading extension file: qos_gateway_ip.py {{(pid=103012) _load_all_extensions_from_path /opt/stack/neutron/neutron/api/extensions.py:449}}
May 26 11:56:40.987819 np0000176602 devstack@neutron-api.service[103012]: DEBUG neutron.api.extensions [None req-31a6eba1-5d7d-4204-b7b2-af35eca6e678 None None] Ext name="Router gateway IP QoS" alias="qos-gateway-ip" description="The Router gateway IP Quality of Service extension" updated="2018-02-24T00:00:00-00:00" {{(pid=103012) _check_extension /opt/stack/neutron/neutron/api/extensions.py:415}}
May 26 11:56:40.987956 np0000176602 devstack@neutron-api.service[103012]: INFO neutron.api.extensions [None req-31a6eba1-5d7d-4204-b7b2-af35eca6e678 None None] Extension qos-gateway-ip not supported by any of loaded plugins
May 26 11:56:40.988040 np0000176602 devstack@neutron-api.service[103012]: DEBUG neutron.api.extensions [None req-31a6eba1-5d7d-4204-b7b2-af35eca6e678 None None] Loading extension file: qos_port_network_policy.py {{(pid=103012) _load_all_extensions_from_path /opt/stack/neutron/neutron/api/extensions.py:449}}
May 26 11:56:40.988261 np0000176602 devstack@neutron-api.service[103012]: DEBUG neutron.api.extensions [None req-31a6eba1-5d7d-4204-b7b2-af35eca6e678 None None] Ext name="QoS port network policy ID" alias="qos-port-network-policy" description="Adds a the QoS network ID to the port definition" updated="2019-11-01T10:00:00-00:00" {{(pid=103012) _check_extension /opt/stack/neutron/neutron/api/extensions.py:415}}
May 26 11:56:40.988424 np0000176602 devstack@neutron-api.service[103012]: INFO neutron.api.extensions [None req-31a6eba1-5d7d-4204-b7b2-af35eca6e678 None None] Extension qos-port-network-policy not supported by any of loaded plugins
May 26 11:56:40.988533 np0000176602 devstack@neutron-api.service[103012]: DEBUG neutron.api.extensions [None req-31a6eba1-5d7d-4204-b7b2-af35eca6e678 None None] Loading extension file: qos_pps_minimum_rule.py {{(pid=103012) _load_all_extensions_from_path /opt/stack/neutron/neutron/api/extensions.py:449}}
May 26 11:56:40.988786 np0000176602 devstack@neutron-api.service[103012]: DEBUG neutron.api.extensions [None req-31a6eba1-5d7d-4204-b7b2-af35eca6e678 None None] Ext name="QoS minimum packet rate rule" alias="qos-pps-minimum" description="Allow to configure QoS minimum packet rate rule." updated="2021-07-14T10:00:00-00:00" {{(pid=103012) _check_extension /opt/stack/neutron/neutron/api/extensions.py:415}}
May 26 11:56:40.988922 np0000176602 devstack@neutron-api.service[103012]: INFO neutron.api.extensions [None req-31a6eba1-5d7d-4204-b7b2-af35eca6e678 None None] Extension qos-pps-minimum not supported by any of loaded plugins
May 26 11:56:40.989011 np0000176602 devstack@neutron-api.service[103012]: DEBUG neutron.api.extensions [None req-31a6eba1-5d7d-4204-b7b2-af35eca6e678 None None] Loading extension file: qos_pps_minimum_rule_alias.py {{(pid=103012) _load_all_extensions_from_path /opt/stack/neutron/neutron/api/extensions.py:449}}
May 26 11:56:40.989282 np0000176602 devstack@neutron-api.service[103012]: DEBUG neutron.api.extensions [None req-31a6eba1-5d7d-4204-b7b2-af35eca6e678 None None] Ext name="QoS minimum packet rate rule alias" alias="qos-pps-minimum-rule-alias" description="API to enable GET, PUT and DELETE operations on QoS minimum packet rate rule without specifying policy ID" updated="2021-10-22T10:00:00-00:00" {{(pid=103012) _check_extension /opt/stack/neutron/neutron/api/extensions.py:415}}
May 26 11:56:40.989449 np0000176602 devstack@neutron-api.service[103012]: INFO neutron.api.extensions [None req-31a6eba1-5d7d-4204-b7b2-af35eca6e678 None None] Extension qos-pps-minimum-rule-alias not supported by any of loaded plugins
May 26 11:56:40.989557 np0000176602 devstack@neutron-api.service[103012]: DEBUG neutron.api.extensions [None req-31a6eba1-5d7d-4204-b7b2-af35eca6e678 None None] Loading extension file: qos_pps_rule.py {{(pid=103012) _load_all_extensions_from_path /opt/stack/neutron/neutron/api/extensions.py:449}}
May 26 11:56:40.989836 np0000176602 devstack@neutron-api.service[103012]: DEBUG neutron.api.extensions [None req-31a6eba1-5d7d-4204-b7b2-af35eca6e678 None None] Ext name="QoS Rule Type Packet per Second Extension" alias="qos-pps" description="Add QoS Rule Type Packet per Second" updated="2021-05-12T10:00:00-00:00" {{(pid=103012) _check_extension /opt/stack/neutron/neutron/api/extensions.py:415}}
May 26 11:56:40.990020 np0000176602 devstack@neutron-api.service[103012]: INFO neutron.api.extensions [None req-31a6eba1-5d7d-4204-b7b2-af35eca6e678 None None] Extension qos-pps not supported by any of loaded plugins
