2026-06-30 19:09:34.468 7 INFO placement.requestlog [None req-fef573e7-1f39-49d5-b4d6-10a5d78bc5ef 933b6592f1894faeb90a4a8a928d5c59 fc996e9930f940139ece25413ef09b38 - - 931d648f65ef4e4dab9258d162de2d7c 931d648f65ef4e4dab9258d162de2d7c] 10.0.0.242 "DELETE /resource_providers/aae86b83-81c9-4995-80b2-7037943c045c" status: 404 len: 246 microversion: 1.1 [pid: 7|app: 0|req: 461/921] 10.0.0.242 () {34 vars in 814 bytes} [Tue Jun 30 19:09:34 2026] DELETE /resource_providers/aae86b83-81c9-4995-80b2-7037943c045c => generated 246 bytes in 10 msecs (HTTP/1.1 404) 6 headers in 231 bytes (1 switches on core 0)
2026-06-30 19:09:35.602 8 INFO placement.requestlog [None req-75327327-31ed-46fa-bd69-6e3420b5b4e8 - - - - - -] 10.0.0.88 "GET /" status: 200 len: 136 microversion: 1.0
2026-06-30 19:09:35.602 7 INFO placement.requestlog [None req-a9c526cb-f706-4faa-b9e3-68114366b378 - - - - - -] 10.0.0.88 "GET /" status: 200 len: 136 microversion: 1.0
2026-06-30 19:09:36.382 8 INFO placement.requestlog [req-0542b520-30b9-4cb2-a8fd-41ff0c72efbc req-8f4c0c0a-97a4-4c1e-bc74-ed02207ec2f1 d3112b73218940068d2636df469ea961 fc996e9930f940139ece25413ef09b38 - - 931d648f65ef4e4dab9258d162de2d7c 931d648f65ef4e4dab9258d162de2d7c] 199.204.45.38 "GET /resource_providers/8b4d3931-1305-45f8-b3bd-e7f8755ac4b2/allocations" status: 200 len: 54 microversion: 1.0 [pid: 8|app: 0|req: 462/924] 199.204.45.38 () {32 vars in 854 bytes} [Tue Jun 30 19:09:36 2026] GET /resource_providers/8b4d3931-1305-45f8-b3bd-e7f8755ac4b2/allocations => generated 54 bytes in 14 msecs (HTTP/1.1 200) 6 headers in 223 bytes (1 switches on core 0)
2026-06-30 19:09:36.407 7 INFO placement.requestlog [req-0542b520-30b9-4cb2-a8fd-41ff0c72efbc req-ca78e7d9-ead1-4d8e-b563-ab7c965399cf d3112b73218940068d2636df469ea961 fc996e9930f940139ece25413ef09b38 - - 931d648f65ef4e4dab9258d162de2d7c 931d648f65ef4e4dab9258d162de2d7c] 199.204.45.38 "GET /resource_providers/8b4d3931-1305-45f8-b3bd-e7f8755ac4b2/allocations" status: 200 len: 54 microversion: 1.0 [pid: 7|app: 0|req: 463/925] 199.204.45.38 () {32 vars in 854 bytes} [Tue Jun 30 19:09:36 2026] GET /resource_providers/8b4d3931-1305-45f8-b3bd-e7f8755ac4b2/allocations => generated 54 bytes in 16 msecs (HTTP/1.1 200) 6 headers in 223 bytes (1 switches on core 0)
2026-06-30 19:09:45.602 8 INFO placement.requestlog [None req-5a5e1b82-5deb-49fd-8240-b269f73be1ab - - - - - -] 10.0.0.88 "GET /" status: 200 len: 136 microversion: 1.0
2026-06-30 19:09:45.605 7 INFO placement.requestlog [None req-57a0e984-d891-4085-be1b-502042569020 - - - - - -] 10.0.0.88 "GET /" status: 200 len: 136 microversion: 1.0
2026-06-30 19:09:55.603 7 INFO placement.requestlog [None req-a8c51a85-9b07-443c-b64e-7e7aa731d13c - - - - - -] 10.0.0.88 "GET /" status: 200 len: 136 microversion: 1.0
2026-06-30 19:09:55.605 8 INFO placement.requestlog [None req-4c39bd0d-fd24-4e80-9218-747cae65c088 - - - - - -] 10.0.0.88 "GET /" status: 200 len: 136 microversion: 1.0
2026-06-30 19:09:58.854 7 INFO placement.requestlog [None req-6dc50a22-963b-416d-a1c6-67383a42b51b 933b6592f1894faeb90a4a8a928d5c59 fc996e9930f940139ece25413ef09b38 - - 931d648f65ef4e4dab9258d162de2d7c 931d648f65ef4e4dab9258d162de2d7c] 10.0.0.242 "GET /resource_providers/f4cca335-a44f-43af-bdff-7681f7afcf58/aggregates" status: 404 len: 235 microversion: 1.1 [pid: 7|app: 0|req: 466/930] 10.0.0.242 () {32 vars in 814 bytes} [Tue Jun 30 19:09:58 2026] GET /resource_providers/f4cca335-a44f-43af-bdff-7681f7afcf58/aggregates => generated 235 bytes in 26 msecs (HTTP/1.1 404) 5 headers in 202 bytes (1 switches on core 0)
2026-06-30 19:09:58.859 8 INFO placement.requestlog [None req-faa58cac-beef-4082-ab5a-0dbb3eec6236 933b6592f1894faeb90a4a8a928d5c59 fc996e9930f940139ece25413ef09b38 - - 931d648f65ef4e4dab9258d162de2d7c 931d648f65ef4e4dab9258d162de2d7c] 10.0.0.242 "GET /resource_providers/f4cca335-a44f-43af-bdff-7681f7afcf58/aggregates" status: 404 len: 235 microversion: 1.1 [pid: 8|app: 0|req: 465/931] 10.0.0.242 () {32 vars in 814 bytes} [Tue Jun 30 19:09:58 2026] GET /resource_providers/f4cca335-a44f-43af-bdff-7681f7afcf58/aggregates => generated 235 bytes in 30 msecs (HTTP/1.1 404) 5 headers in 202 bytes (1 switches on core 0)
2026-06-30 19:09:58.874 7 INFO placement.requestlog [None req-ffe0e99b-2450-46c5-a71f-0cd4b9218760 933b6592f1894faeb90a4a8a928d5c59 fc996e9930f940139ece25413ef09b38 - - 931d648f65ef4e4dab9258d162de2d7c 931d648f65ef4e4dab9258d162de2d7c] 10.0.0.242 "DELETE /resource_providers/f4cca335-a44f-43af-bdff-7681f7afcf58" status: 404 len: 246 microversion: 1.1 [pid: 7|app: 0|req: 467/932] 10.0.0.242 () {34 vars in 814 bytes} [Tue Jun 30 19:09:58 2026] DELETE /resource_providers/f4cca335-a44f-43af-bdff-7681f7afcf58 => generated 246 bytes in 7 msecs (HTTP/1.1 404) 6 headers in 231 bytes (1 switches on core 0)
2026-06-30 19:09:58.887 8 INFO placement.requestlog [None req-1b0c2fad-26ab-499b-8353-0b8fb15b23bf 933b6592f1894faeb90a4a8a928d5c59 fc996e9930f940139ece25413ef09b38 - - 931d648f65ef4e4dab9258d162de2d7c 931d648f65ef4e4dab9258d162de2d7c] 10.0.0.242 "DELETE /resource_providers/f4cca335-a44f-43af-bdff-7681f7afcf58" status: 404 len: 246 microversion: 1.1 [pid: 8|app: 0|req: 466/933] 10.0.0.242 () {34 vars in 814 bytes} [Tue Jun 30 19:09:58 2026] DELETE /resource_providers/f4cca335-a44f-43af-bdff-7681f7afcf58 => generated 246 bytes in 13 msecs (HTTP/1.1 404) 6 headers in 231 bytes (1 switches on core 0)
2026-06-30 19:10:01.452 7 INFO placement.requestlog [None req-cd997b3a-895a-41b2-8970-91af094b79f1 933b6592f1894faeb90a4a8a928d5c59 fc996e9930f940139ece25413ef09b38 - - 931d648f65ef4e4dab9258d162de2d7c 931d648f65ef4e4dab9258d162de2d7c] 10.0.0.242 "GET /resource_providers/c4ce88d0-6a6f-4069-9c79-ee4a27259f4c/aggregates" status: 404 len: 235 microversion: 1.1 [pid: 7|app: 0|req: 468/934] 10.0.0.242 () {32 vars in 814 bytes} [Tue Jun 30 19:10:01 2026] GET /resource_providers/c4ce88d0-6a6f-4069-9c79-ee4a27259f4c/aggregates => generated 235 bytes in 20 msecs (HTTP/1.1 404) 5 headers in 202 bytes (1 switches on core 0)
2026-06-30 19:10:01.469 7 INFO placement.requestlog [None req-f318e91f-3292-49cb-b5fe-4f86198237b2 933b6592f1894faeb90a4a8a928d5c59 fc996e9930f940139ece25413ef09b38 - - 931d648f65ef4e4dab9258d162de2d7c 931d648f65ef4e4dab9258d162de2d7c] 10.0.0.242 "DELETE /resource_providers/c4ce88d0-6a6f-4069-9c79-ee4a27259f4c" status: 404 len: 246 microversion: 1.1
2026-06-30 19:10:01.469 8 INFO placement.requestlog [None req-4df7725b-4dea-4d0b-a3dc-988d1d347911 933b6592f1894faeb90a4a8a928d5c59 fc996e9930f940139ece25413ef09b38 - - 931d648f65ef4e4dab9258d162de2d7c 931d648f65ef4e4dab9258d162de2d7c] 10.0.0.242 "GET /resource_providers/c4ce88d0-6a6f-4069-9c79-ee4a27259f4c/aggregates" status: 404 len: 235 microversion: 1.1 [pid: 8|app: 0|req: 467/935] 10.0.0.242 () {32 vars in 814 bytes} [Tue Jun 30 19:10:01 2026] GET /resource_providers/c4ce88d0-6a6f-4069-9c79-ee4a27259f4c/aggregates => generated 235 bytes in 27 msecs (HTTP/1.1 404) 5 headers in 202 bytes (1 switches on core 0) [pid: 7|app: 0|req: 469/936] 10.0.0.242 () {34 vars in 814 bytes} [Tue Jun 30 19:10:01 2026] DELETE /resource_providers/c4ce88d0-6a6f-4069-9c79-ee4a27259f4c => generated 246 bytes in 11 msecs (HTTP/1.1 404) 6 headers in 231 bytes (1 switches on core 0)
2026-06-30 19:10:01.497 8 INFO placement.requestlog [None req-2569bcc0-77a7-47dd-b476-fbed5d5611f4 933b6592f1894faeb90a4a8a928d5c59 fc996e9930f940139ece25413ef09b38 - - 931d648f65ef4e4dab9258d162de2d7c 931d648f65ef4e4dab9258d162de2d7c] 10.0.0.242 "DELETE /resource_providers/c4ce88d0-6a6f-4069-9c79-ee4a27259f4c" status: 404 len: 246 microversion: 1.1 [pid: 8|app: 0|req: 468/937] 10.0.0.242 () {34 vars in 814 bytes} [Tue Jun 30 19:10:01 2026] DELETE /resource_providers/c4ce88d0-6a6f-4069-9c79-ee4a27259f4c => generated 246 bytes in 12 msecs (HTTP/1.1 404) 6 headers in 231 bytes (1 switches on core 0)
2026-06-30 19:10:01.501 7 INFO placement.requestlog [None req-ffd867d3-c5dc-4421-bc56-e0454d54126b 933b6592f1894faeb90a4a8a928d5c59 fc996e9930f940139ece25413ef09b38 - - 931d648f65ef4e4dab9258d162de2d7c 931d648f65ef4e4dab9258d162de2d7c] 10.0.0.242 "GET /resource_providers/d63db92e-627e-4d09-8c7f-44b76e169cd8/aggregates" status: 404 len: 235 microversion: 1.1 [pid: 7|app: 0|req: 470/938] 10.0.0.242 () {32 vars in 814 bytes} [Tue Jun 30 19:10:01 2026] GET /resource_providers/d63db92e-627e-4d09-8c7f-44b76e169cd8/aggregates => generated 235 bytes in 16 msecs (HTTP/1.1 404) 5 headers in 202 bytes (1 switches on core 0)
2026-06-30 19:10:01.519 8 INFO placement.requestlog [None req-ebf6c1a0-b2bb-4be5-8315-0d934640bbac 933b6592f1894faeb90a4a8a928d5c59 fc996e9930f940139ece25413ef09b38 - - 931d648f65ef4e4dab9258d162de2d7c 931d648f65ef4e4dab9258d162de2d7c] 10.0.0.242 "GET /resource_providers/d63db92e-627e-4d09-8c7f-44b76e169cd8/aggregates" status: 404 len: 235 microversion: 1.1 [pid: 8|app: 0|req: 469/939] 10.0.0.242 () {32 vars in 814 bytes} [Tue Jun 30 19:10:01 2026] GET /resource_providers/d63db92e-627e-4d09-8c7f-44b76e169cd8/aggregates => generated 235 bytes in 14 msecs (HTTP/1.1 404) 5 headers in 202 bytes (1 switches on core 0)
2026-06-30 19:10:01.525 7 INFO placement.requestlog [None req-887b0022-509b-412b-87f8-5367271932f3 933b6592f1894faeb90a4a8a928d5c59 fc996e9930f940139ece25413ef09b38 - - 931d648f65ef4e4dab9258d162de2d7c 931d648f65ef4e4dab9258d162de2d7c] 10.0.0.242 "DELETE /resource_providers/d63db92e-627e-4d09-8c7f-44b76e169cd8" status: 404 len: 246 microversion: 1.1 [pid: 7|app: 0|req: 471/940] 10.0.0.242 () {34 vars in 814 bytes} [Tue Jun 30 19:10:01 2026] DELETE /resource_providers/d63db92e-627e-4d09-8c7f-44b76e169cd8 => generated 246 bytes in 12 msecs (HTTP/1.1 404) 6 headers in 231 bytes (1 switches on core 0)
2026-06-30 19:10:01.534 8 INFO placement.requestlog [None req-f3d0af0c-0364-4773-9963-a0f3ce5c06cf 933b6592f1894faeb90a4a8a928d5c59 fc996e9930f940139ece25413ef09b38 - - 931d648f65ef4e4dab9258d162de2d7c 931d648f65ef4e4dab9258d162de2d7c] 10.0.0.242 "DELETE /resource_providers/d63db92e-627e-4d09-8c7f-44b76e169cd8" status: 404 len: 246 microversion: 1.1 [pid: 8|app: 0|req: 470/941] 10.0.0.242 () {34 vars in 814 bytes} [Tue Jun 30 19:10:01 2026] DELETE /resource_providers/d63db92e-627e-4d09-8c7f-44b76e169cd8 => generated 246 bytes in 8 msecs (HTTP/1.1 404) 6 headers in 231 bytes (1 switches on core 0)
2026-06-30 19:10:01.563 8 INFO placement.requestlog [None req-9b60c9e9-4685-4852-b27e-bebff9115e1e 933b6592f1894faeb90a4a8a928d5c59 fc996e9930f940139ece25413ef09b38 - - 931d648f65ef4e4dab9258d162de2d7c 931d648f65ef4e4dab9258d162de2d7c] 10.0.0.242 "GET /resource_providers/ed9df712-5398-46fb-8ccf-ea3c5d4e0089/aggregates" status: 404 len: 235 microversion: 1.1 [pid: 8|app: 0|req: 471/942] 10.0.0.242 () {32 vars in 814 bytes} [Tue Jun 30 19:10:01 2026] GET /resource_providers/ed9df712-5398-46fb-8ccf-ea3c5d4e0089/aggregates => generated 235 bytes in 12 msecs (HTTP/1.1 404) 5 headers in 202 bytes (1 switches on core 0)
2026-06-30 19:10:01.580 8 INFO placement.requestlog [None req-8e8aeb8b-2618-498e-b3b3-c34982e10411 933b6592f1894faeb90a4a8a928d5c59 fc996e9930f940139ece25413ef09b38 - - 931d648f65ef4e4dab9258d162de2d7c 931d648f65ef4e4dab9258d162de2d7c] 10.0.0.242 "DELETE /resource_providers/ed9df712-5398-46fb-8ccf-ea3c5d4e0089" status: 404 len: 246 microversion: 1.1 [pid: 8|app: 0|req: 472/943] 10.0.0.242 () {34 vars in 814 bytes} [Tue Jun 30 19:10:01 2026] DELETE /resource_providers/ed9df712-5398-46fb-8ccf-ea3c5d4e0089 => generated 246 bytes in 9 msecs (HTTP/1.1 404) 6 headers in 231 bytes (1 switches on core 0)
2026-06-30 19:10:01.602 8 INFO placement.requestlog [None req-ed3a0414-4121-472a-a580-78d74c5ec42c 933b6592f1894faeb90a4a8a928d5c59 fc996e9930f940139ece25413ef09b38 - - 931d648f65ef4e4dab9258d162de2d7c 931d648f65ef4e4dab9258d162de2d7c] 10.0.0.242 "GET /resource_providers/c4a173a7-3681-490e-8e5a-66b0fe2cd093/aggregates" status: 404 len: 235 microversion: 1.1 [pid: 8|app: 0|req: 473/944] 10.0.0.242 () {32 vars in 814 bytes} [Tue Jun 30 19:10:01 2026] GET /resource_providers/c4a173a7-3681-490e-8e5a-66b0fe2cd093/aggregates => generated 235 bytes in 11 msecs (HTTP/1.1 404) 5 headers in 202 bytes (1 switches on core 0)
2026-06-30 19:10:01.618 7 INFO placement.requestlog [None req-25bb37ff-d267-45c1-9ac3-93843ee4235b 933b6592f1894faeb90a4a8a928d5c59 fc996e9930f940139ece25413ef09b38 - - 931d648f65ef4e4dab9258d162de2d7c 931d648f65ef4e4dab9258d162de2d7c] 10.0.0.242 "GET /resource_providers/ed9df712-5398-46fb-8ccf-ea3c5d4e0089/aggregates" status: 404 len: 235 microversion: 1.1 [pid: 7|app: 0|req: 472/945] 10.0.0.242 () {32 vars in 814 bytes} [Tue Jun 30 19:10:01 2026] GET /resource_providers/ed9df712-5398-46fb-8ccf-ea3c5d4e0089/aggregates => generated 235 bytes in 85 msecs (HTTP/1.1 404) 5 headers in 202 bytes (1 switches on core 0)
2026-06-30 19:10:01.625 8 INFO placement.requestlog [None req-67a01a5e-06b3-4a53-a074-3021828b3c29 933b6592f1894faeb90a4a8a928d5c59 fc996e9930f940139ece25413ef09b38 - - 931d648f65ef4e4dab9258d162de2d7c 931d648f65ef4e4dab9258d162de2d7c] 10.0.0.242 "DELETE /resource_providers/c4a173a7-3681-490e-8e5a-66b0fe2cd093" status: 404 len: 246 microversion: 1.1 [pid: 8|app: 0|req: 474/946] 10.0.0.242 () {34 vars in 814 bytes} [Tue Jun 30 19:10:01 2026] DELETE /resource_providers/c4a173a7-3681-490e-8e5a-66b0fe2cd093 => generated 246 bytes in 12 msecs (HTTP/1.1 404) 6 headers in 231 bytes (1 switches on core 0)
2026-06-30 19:10:01.640 7 INFO placement.requestlog [None req-f5a972b8-111d-42f1-a1ba-dc28a6728d27 933b6592f1894faeb90a4a8a928d5c59 fc996e9930f940139ece25413ef09b38 - - 931d648f65ef4e4dab9258d162de2d7c 931d648f65ef4e4dab9258d162de2d7c] 10.0.0.242 "DELETE /resource_providers/ed9df712-5398-46fb-8ccf-ea3c5d4e0089" status: 404 len: 246 microversion: 1.1 [pid: 7|app: 0|req: 473/947] 10.0.0.242 () {34 vars in 814 bytes} [Tue Jun 30 19:10:01 2026] DELETE /resource_providers/ed9df712-5398-46fb-8ccf-ea3c5d4e0089 => generated 246 bytes in 11 msecs (HTTP/1.1 404) 6 headers in 231 bytes (1 switches on core 0)
2026-06-30 19:10:01.659 8 INFO placement.requestlog [None req-b0b4f881-cc66-48dd-965d-a96c76b0e8d6 933b6592f1894faeb90a4a8a928d5c59 fc996e9930f940139ece25413ef09b38 - - 931d648f65ef4e4dab9258d162de2d7c 931d648f65ef4e4dab9258d162de2d7c] 10.0.0.242 "GET /resource_providers/c4a173a7-3681-490e-8e5a-66b0fe2cd093/aggregates" status: 404 len: 235 microversion: 1.1 [pid: 8|app: 0|req: 475/948] 10.0.0.242 () {32 vars in 814 bytes} [Tue Jun 30 19:10:01 2026] GET /resource_providers/c4a173a7-3681-490e-8e5a-66b0fe2cd093/aggregates => generated 235 bytes in 11 msecs (HTTP/1.1 404) 5 headers in 202 bytes (1 switches on core 0)
2026-06-30 19:10:01.681 7 INFO placement.requestlog [None req-8fb2ce85-dd0e-44c9-a3d8-5e17e17c5bb0 933b6592f1894faeb90a4a8a928d5c59 fc996e9930f940139ece25413ef09b38 - - 931d648f65ef4e4dab9258d162de2d7c 931d648f65ef4e4dab9258d162de2d7c] 10.0.0.242 "DELETE /resource_providers/c4a173a7-3681-490e-8e5a-66b0fe2cd093" status: 404 len: 246 microversion: 1.1 [pid: 7|app: 0|req: 474/949] 10.0.0.242 () {34 vars in 814 bytes} [Tue Jun 30 19:10:01 2026] DELETE /resource_providers/c4a173a7-3681-490e-8e5a-66b0fe2cd093 => generated 246 bytes in 13 msecs (HTTP/1.1 404) 6 headers in 231 bytes (1 switches on core 0)
2026-06-30 19:10:05.602 8 INFO placement.requestlog [None req-3aecac8f-4656-44fa-af6c-a32381eea970 - - - - - -] 10.0.0.88 "GET /" status: 200 len: 136 microversion: 1.0
2026-06-30 19:10:05.601 7 INFO placement.requestlog [None req-a46cf486-db07-47b5-bb4f-64102ba99cb6 - - - - - -] 10.0.0.88 "GET /" status: 200 len: 136 microversion: 1.0
2026-06-30 19:10:12.816 7 INFO placement.requestlog [req-bec4ef5c-323e-46bd-bcd2-e2fc7797a066 req-cf862068-d71d-4783-bdaa-e969414ee834 d3112b73218940068d2636df469ea961 fc996e9930f940139ece25413ef09b38 - - 931d648f65ef4e4dab9258d162de2d7c 931d648f65ef4e4dab9258d162de2d7c] 10.0.0.17 "GET /allocation_candidates?limit=1000&resources=DISK_GB%3A1%2CMEMORY_MB%3A512%2CVCPU%3A1&root_required=%21COMPUTE_STATUS_DISABLED" status: 200 len: 2188 microversion: 1.36 [pid: 7|app: 0|req: 476/952] 10.0.0.17 () {34 vars in 1009 bytes} [Tue Jun 30 19:10:12 2026] GET /allocation_candidates?limit=1000&resources=DISK_GB%3A1%2CMEMORY_MB%3A512%2CVCPU%3A1&root_required=%21COMPUTE_STATUS_DISABLED => generated 2188 bytes in 62 msecs (HTTP/1.1 200) 8 headers in 297 bytes (1 switches on core 0)
2026-06-30 19:10:12.854 8 INFO placement.requestlog [req-bec4ef5c-323e-46bd-bcd2-e2fc7797a066 req-49dcc5e8-6e10-4869-b28b-02eee483a93c d3112b73218940068d2636df469ea961 fc996e9930f940139ece25413ef09b38 - - 931d648f65ef4e4dab9258d162de2d7c 931d648f65ef4e4dab9258d162de2d7c] 10.0.0.17 "GET /allocations/40cd85bd-d60e-418c-9442-1e05a0fdbb59" status: 200 len: 19 microversion: 1.28 [pid: 8|app: 0|req: 477/953] 10.0.0.17 () {34 vars in 858 bytes} [Tue Jun 30 19:10:12 2026] GET /allocations/40cd85bd-d60e-418c-9442-1e05a0fdbb59 => generated 19 bytes in 18 msecs (HTTP/1.1 200) 8 headers in 295 bytes (1 switches on core 0)
2026-06-30 19:10:12.935 7 INFO placement.requestlog [req-bec4ef5c-323e-46bd-bcd2-e2fc7797a066 req-8dfafa81-0ce2-4434-aa2c-1350c42b6b36 d3112b73218940068d2636df469ea961 fc996e9930f940139ece25413ef09b38 - - 931d648f65ef4e4dab9258d162de2d7c 931d648f65ef4e4dab9258d162de2d7c] 10.0.0.17 "PUT /allocations/40cd85bd-d60e-418c-9442-1e05a0fdbb59" status: 204 len: 0 microversion: 1.36 [pid: 7|app: 0|req: 477/954] 10.0.0.17 () {38 vars in 911 bytes} [Tue Jun 30 19:10:12 2026] PUT /allocations/40cd85bd-d60e-418c-9442-1e05a0fdbb59 => generated 0 bytes in 73 msecs (HTTP/1.1 204) 5 headers in 199 bytes (1 switches on core 0)
2026-06-30 19:10:13.144 8 INFO placement.requestlog [req-8b4f4edf-495f-48a8-9039-2fd1f1eacbe2 req-9663c03d-6f1d-4414-982a-3e3d14728abe d3112b73218940068d2636df469ea961 fc996e9930f940139ece25413ef09b38 - - 931d648f65ef4e4dab9258d162de2d7c 931d648f65ef4e4dab9258d162de2d7c] 10.0.0.17 "GET /allocation_candidates?limit=1000&resources=DISK_GB%3A1%2CMEMORY_MB%3A512%2CVCPU%3A1&root_required=%21COMPUTE_STATUS_DISABLED" status: 200 len: 2190 microversion: 1.36 [pid: 8|app: 0|req: 478/955] 10.0.0.17 () {34 vars in 1009 bytes} [Tue Jun 30 19:10:12 2026] GET /allocation_candidates?limit=1000&resources=DISK_GB%3A1%2CMEMORY_MB%3A512%2CVCPU%3A1&root_required=%21COMPUTE_STATUS_DISABLED => generated 2190 bytes in 152 msecs (HTTP/1.1 200) 8 headers in 297 bytes (1 switches on core 0)
2026-06-30 19:10:13.173 7 INFO placement.requestlog [req-8b4f4edf-495f-48a8-9039-2fd1f1eacbe2 req-56e450b6-a2cc-4896-ae3f-005cede661df d3112b73218940068d2636df469ea961 fc996e9930f940139ece25413ef09b38 - - 931d648f65ef4e4dab9258d162de2d7c 931d648f65ef4e4dab9258d162de2d7c] 10.0.0.17 "GET /allocations/cc5505fd-ec5c-4dab-b4f5-55fc79db663e" status: 200 len: 19 microversion: 1.28 [pid: 7|app: 0|req: 478/956] 10.0.0.17 () {34 vars in 858 bytes} [Tue Jun 30 19:10:13 2026] GET /allocations/cc5505fd-ec5c-4dab-b4f5-55fc79db663e => generated 19 bytes in 11 msecs (HTTP/1.1 200) 8 headers in 295 bytes (1 switches on core 0)
2026-06-30 19:10:13.196 8 INFO placement.requestlog [req-bec4ef5c-323e-46bd-bcd2-e2fc7797a066 req-1c2839ee-27ce-482c-8390-99b64343dcfc d3112b73218940068d2636df469ea961 fc996e9930f940139ece25413ef09b38 - - 931d648f65ef4e4dab9258d162de2d7c 931d648f65ef4e4dab9258d162de2d7c] 199.204.45.38 "GET /allocations/40cd85bd-d60e-418c-9442-1e05a0fdbb59" status: 200 len: 258 microversion: 1.28 [pid: 8|app: 0|req: 479/957] 199.204.45.38 () {34 vars in 860 bytes} [Tue Jun 30 19:10:13 2026] GET /allocations/40cd85bd-d60e-418c-9442-1e05a0fdbb59 => generated 258 bytes in 20 msecs (HTTP/1.1 200) 8 headers in 296 bytes (1 switches on core 0)
2026-06-30 19:10:13.258 7 INFO placement.requestlog [req-8b4f4edf-495f-48a8-9039-2fd1f1eacbe2 req-4e7a85d6-6c13-4aac-bc6d-683bfe9ab943 d3112b73218940068d2636df469ea961 fc996e9930f940139ece25413ef09b38 - - 931d648f65ef4e4dab9258d162de2d7c 931d648f65ef4e4dab9258d162de2d7c] 10.0.0.17 "PUT /allocations/cc5505fd-ec5c-4dab-b4f5-55fc79db663e" status: 204 len: 0 microversion: 1.36 [pid: 7|app: 0|req: 479/958] 10.0.0.17 () {38 vars in 911 bytes} [Tue Jun 30 19:10:13 2026] PUT /allocations/cc5505fd-ec5c-4dab-b4f5-55fc79db663e => generated 0 bytes in 80 msecs (HTTP/1.1 204) 5 headers in 199 bytes (1 switches on core 0)
2026-06-30 19:10:13.349 8 INFO placement.requestlog [req-bec4ef5c-323e-46bd-bcd2-e2fc7797a066 req-a8d64377-c32d-4d42-aefc-87e5c411ffd0 d3112b73218940068d2636df469ea961 fc996e9930f940139ece25413ef09b38 - - 931d648f65ef4e4dab9258d162de2d7c 931d648f65ef4e4dab9258d162de2d7c] 199.204.45.38 "GET /resource_providers/8b4d3931-1305-45f8-b3bd-e7f8755ac4b2/allocations" status: 200 len: 253 microversion: 1.0 [pid: 8|app: 0|req: 480/959] 199.204.45.38 () {32 vars in 854 bytes} [Tue Jun 30 19:10:13 2026] GET /resource_providers/8b4d3931-1305-45f8-b3bd-e7f8755ac4b2/allocations => generated 253 bytes in 18 msecs (HTTP/1.1 200) 6 headers in 224 bytes (1 switches on core 0)
2026-06-30 19:10:13.372 7 INFO placement.requestlog [req-bec4ef5c-323e-46bd-bcd2-e2fc7797a066 req-7f595cde-7ff2-42cc-9d49-f246e2cb3e3a d3112b73218940068d2636df469ea961 fc996e9930f940139ece25413ef09b38 - - 931d648f65ef4e4dab9258d162de2d7c 931d648f65ef4e4dab9258d162de2d7c] 199.204.45.38 "GET /allocations/40cd85bd-d60e-418c-9442-1e05a0fdbb59" status: 200 len: 258 microversion: 1.28 [pid: 7|app: 0|req: 480/960] 199.204.45.38 () {34 vars in 860 bytes} [Tue Jun 30 19:10:13 2026] GET /allocations/40cd85bd-d60e-418c-9442-1e05a0fdbb59 => generated 258 bytes in 14 msecs (HTTP/1.1 200) 8 headers in 296 bytes (1 switches on core 0)
2026-06-30 19:10:13.397 8 INFO placement.requestlog [req-bec4ef5c-323e-46bd-bcd2-e2fc7797a066 req-947fed9c-23c8-49cc-a8a1-118e37cb8342 d3112b73218940068d2636df469ea961 fc996e9930f940139ece25413ef09b38 - - 931d648f65ef4e4dab9258d162de2d7c 931d648f65ef4e4dab9258d162de2d7c] 199.204.45.38 "GET /allocations/cc5505fd-ec5c-4dab-b4f5-55fc79db663e" status: 200 len: 258 microversion: 1.28 [pid: 8|app: 0|req: 481/961] 199.204.45.38 () {34 vars in 860 bytes} [Tue Jun 30 19:10:13 2026] GET /allocations/cc5505fd-ec5c-4dab-b4f5-55fc79db663e => generated 258 bytes in 16 msecs (HTTP/1.1 200) 8 headers in 296 bytes (1 switches on core 0)
2026-06-30 19:10:13.546 7 INFO placement.requestlog [req-8b4f4edf-495f-48a8-9039-2fd1f1eacbe2 req-0e988079-3b8c-44ca-ad00-c3e080758a98 d3112b73218940068d2636df469ea961 fc996e9930f940139ece25413ef09b38 - - 931d648f65ef4e4dab9258d162de2d7c 931d648f65ef4e4dab9258d162de2d7c] 199.204.45.38 "GET /allocations/cc5505fd-ec5c-4dab-b4f5-55fc79db663e" status: 200 len: 258 microversion: 1.28 [pid: 7|app: 0|req: 481/962] 199.204.45.38 () {34 vars in 860 bytes} [Tue Jun 30 19:10:13 2026] GET /allocations/cc5505fd-ec5c-4dab-b4f5-55fc79db663e => generated 258 bytes in 17 msecs (HTTP/1.1 200) 8 headers in 296 bytes (1 switches on core 0)
2026-06-30 19:10:13.671 8 INFO placement.requestlog [req-8b4f4edf-495f-48a8-9039-2fd1f1eacbe2 req-65856b68-db25-46a4-8b6a-17a6b04a7e08 d3112b73218940068d2636df469ea961 fc996e9930f940139ece25413ef09b38 - - 931d648f65ef4e4dab9258d162de2d7c 931d648f65ef4e4dab9258d162de2d7c] 199.204.45.38 "GET /resource_providers/8b4d3931-1305-45f8-b3bd-e7f8755ac4b2/allocations" status: 200 len: 253 microversion: 1.0 [pid: 8|app: 0|req: 482/963] 199.204.45.38 () {32 vars in 854 bytes} [Tue Jun 30 19:10:13 2026] GET /resource_providers/8b4d3931-1305-45f8-b3bd-e7f8755ac4b2/allocations => generated 253 bytes in 33 msecs (HTTP/1.1 200) 6 headers in 224 bytes (1 switches on core 0)
2026-06-30 19:10:13.706 7 INFO placement.requestlog [req-8b4f4edf-495f-48a8-9039-2fd1f1eacbe2 req-32f4203c-dfca-451d-b12f-c6859d3233f6 d3112b73218940068d2636df469ea961 fc996e9930f940139ece25413ef09b38 - - 931d648f65ef4e4dab9258d162de2d7c 931d648f65ef4e4dab9258d162de2d7c] 199.204.45.38 "GET /allocations/40cd85bd-d60e-418c-9442-1e05a0fdbb59" status: 200 len: 258 microversion: 1.28 [pid: 7|app: 0|req: 482/964] 199.204.45.38 () {34 vars in 860 bytes} [Tue Jun 30 19:10:13 2026] GET /allocations/40cd85bd-d60e-418c-9442-1e05a0fdbb59 => generated 258 bytes in 24 msecs (HTTP/1.1 200) 8 headers in 296 bytes (1 switches on core 0)
2026-06-30 19:10:13.737 8 INFO placement.requestlog [req-8b4f4edf-495f-48a8-9039-2fd1f1eacbe2 req-9d9342a5-888e-48a6-bd4e-51c8e8f49c0f d3112b73218940068d2636df469ea961 fc996e9930f940139ece25413ef09b38 - - 931d648f65ef4e4dab9258d162de2d7c 931d648f65ef4e4dab9258d162de2d7c] 199.204.45.38 "GET /allocations/cc5505fd-ec5c-4dab-b4f5-55fc79db663e" status: 200 len: 258 microversion: 1.28 [pid: 8|app: 0|req: 483/965] 199.204.45.38 () {34 vars in 860 bytes} [Tue Jun 30 19:10:13 2026] GET /allocations/cc5505fd-ec5c-4dab-b4f5-55fc79db663e => generated 258 bytes in 16 msecs (HTTP/1.1 200) 8 headers in 296 bytes (1 switches on core 0)
2026-06-30 19:10:15.602 7 INFO placement.requestlog [None req-646f5ddb-a624-4425-84fb-d475505786db - - - - - -] 10.0.0.88 "GET /" status: 200 len: 136 microversion: 1.0
2026-06-30 19:10:15.603 8 INFO placement.requestlog [None req-5aceb704-9356-46b5-8178-337e0a4affab - - - - - -] 10.0.0.88 "GET /" status: 200 len: 136 microversion: 1.0
2026-06-30 19:10:19.008 7 INFO placement.requestlog [None req-cb93c9ff-2fae-4604-b828-7b111ea00323 933b6592f1894faeb90a4a8a928d5c59 fc996e9930f940139ece25413ef09b38 - - 931d648f65ef4e4dab9258d162de2d7c 931d648f65ef4e4dab9258d162de2d7c] 10.0.0.242 "GET /resource_providers/a0d2c095-5fc2-4def-8f7e-d50b58476dba/aggregates" status: 404 len: 235 microversion: 1.1 [pid: 7|app: 0|req: 484/968] 10.0.0.242 () {32 vars in 814 bytes} [Tue Jun 30 19:10:18 2026] GET /resource_providers/a0d2c095-5fc2-4def-8f7e-d50b58476dba/aggregates => generated 235 bytes in 12 msecs (HTTP/1.1 404) 5 headers in 202 bytes (1 switches on core 0)
2026-06-30 19:10:19.012 8 INFO placement.requestlog [None req-3d5dcf70-e57f-41c7-a400-c69535ba3b0d 933b6592f1894faeb90a4a8a928d5c59 fc996e9930f940139ece25413ef09b38 - - 931d648f65ef4e4dab9258d162de2d7c 931d648f65ef4e4dab9258d162de2d7c] 10.0.0.242 "GET /resource_providers/a0d2c095-5fc2-4def-8f7e-d50b58476dba/aggregates" status: 404 len: 235 microversion: 1.1 [pid: 8|app: 0|req: 485/969] 10.0.0.242 () {32 vars in 814 bytes} [Tue Jun 30 19:10:19 2026] GET /resource_providers/a0d2c095-5fc2-4def-8f7e-d50b58476dba/aggregates => generated 235 bytes in 9 msecs (HTTP/1.1 404) 5 headers in 202 bytes (1 switches on core 0)
2026-06-30 19:10:19.035 8 INFO placement.requestlog [None req-2f7f8791-5c7d-4c48-aac0-8b6407061ecc 933b6592f1894faeb90a4a8a928d5c59 fc996e9930f940139ece25413ef09b38 - - 931d648f65ef4e4dab9258d162de2d7c 931d648f65ef4e4dab9258d162de2d7c] 10.0.0.242 "DELETE /resource_providers/a0d2c095-5fc2-4def-8f7e-d50b58476dba" status: 404 len: 246 microversion: 1.1
2026-06-30 19:10:19.035 7 INFO placement.requestlog [None req-094bf854-9128-4ac7-a8e7-470e44bcbb50 933b6592f1894faeb90a4a8a928d5c59 fc996e9930f940139ece25413ef09b38 - - 931d648f65ef4e4dab9258d162de2d7c 931d648f65ef4e4dab9258d162de2d7c] 10.0.0.242 "DELETE /resource_providers/a0d2c095-5fc2-4def-8f7e-d50b58476dba" status: 404 len: 246 microversion: 1.1 [pid: 8|app: 0|req: 486/971] 10.0.0.242 () {34 vars in 814 bytes} [Tue Jun 30 19:10:19 2026] DELETE /resource_providers/a0d2c095-5fc2-4def-8f7e-d50b58476dba => generated 246 bytes in 11 msecs (HTTP/1.1 404) 6 headers in 231 bytes (1 switches on core 0) [pid: 7|app: 0|req: 485/971] 10.0.0.242 () {34 vars in 814 bytes} [Tue Jun 30 19:10:19 2026] DELETE /resource_providers/a0d2c095-5fc2-4def-8f7e-d50b58476dba => generated 246 bytes in 11 msecs (HTTP/1.1 404) 6 headers in 231 bytes (1 switches on core 0)
2026-06-30 19:10:21.055 8 INFO placement.requestlog [None req-4f5f3457-8fbd-46ae-aa3b-763cfc0304e1 933b6592f1894faeb90a4a8a928d5c59 fc996e9930f940139ece25413ef09b38 - - 931d648f65ef4e4dab9258d162de2d7c 931d648f65ef4e4dab9258d162de2d7c] 10.0.0.242 "GET /resource_providers/a0d2c095-5fc2-4def-8f7e-d50b58476dba/aggregates" status: 404 len: 235 microversion: 1.1 [pid: 8|app: 0|req: 487/972] 10.0.0.242 () {32 vars in 814 bytes} [Tue Jun 30 19:10:21 2026] GET /resource_providers/a0d2c095-5fc2-4def-8f7e-d50b58476dba/aggregates => generated 235 bytes in 13 msecs (HTTP/1.1 404) 5 headers in 202 bytes (1 switches on core 0)
2026-06-30 19:10:21.058 7 INFO placement.requestlog [None req-d03a87e8-e2c6-4bc3-a499-86005d49cee9 933b6592f1894faeb90a4a8a928d5c59 fc996e9930f940139ece25413ef09b38 - - 931d648f65ef4e4dab9258d162de2d7c 931d648f65ef4e4dab9258d162de2d7c] 10.0.0.242 "GET /resource_providers/a0d2c095-5fc2-4def-8f7e-d50b58476dba/aggregates" status: 404 len: 235 microversion: 1.1 [pid: 7|app: 0|req: 486/973] 10.0.0.242 () {32 vars in 814 bytes} [Tue Jun 30 19:10:21 2026] GET /resource_providers/a0d2c095-5fc2-4def-8f7e-d50b58476dba/aggregates => generated 235 bytes in 9 msecs (HTTP/1.1 404) 5 headers in 202 bytes (1 switches on core 0)
2026-06-30 19:10:21.101 7 INFO placement.requestlog [None req-138fe120-3a17-47a5-923a-c5701433e6c9 933b6592f1894faeb90a4a8a928d5c59 fc996e9930f940139ece25413ef09b38 - - 931d648f65ef4e4dab9258d162de2d7c 931d648f65ef4e4dab9258d162de2d7c] 10.0.0.242 "DELETE /resource_providers/a0d2c095-5fc2-4def-8f7e-d50b58476dba" status: 404 len: 246 microversion: 1.1 [pid: 7|app: 0|req: 487/974] 10.0.0.242 () {34 vars in 814 bytes} [Tue Jun 30 19:10:21 2026] DELETE /resource_providers/a0d2c095-5fc2-4def-8f7e-d50b58476dba => generated 246 bytes in 22 msecs (HTTP/1.1 404) 6 headers in 231 bytes (1 switches on core 0)
2026-06-30 19:10:21.102 8 INFO placement.requestlog [None req-f8bfb3d2-0e8d-4776-bdaa-c074e77df9f8 933b6592f1894faeb90a4a8a928d5c59 fc996e9930f940139ece25413ef09b38 - - 931d648f65ef4e4dab9258d162de2d7c 931d648f65ef4e4dab9258d162de2d7c] 10.0.0.242 "DELETE /resource_providers/a0d2c095-5fc2-4def-8f7e-d50b58476dba" status: 404 len: 246 microversion: 1.1 [pid: 8|app: 0|req: 488/975] 10.0.0.242 () {34 vars in 814 bytes} [Tue Jun 30 19:10:21 2026] DELETE /resource_providers/a0d2c095-5fc2-4def-8f7e-d50b58476dba => generated 246 bytes in 23 msecs (HTTP/1.1 404) 6 headers in 231 bytes (1 switches on core 0)
2026-06-30 19:10:21.874 7 INFO placement.requestlog [None req-1cfe38af-9828-48d1-810a-eafc53da1b3a 933b6592f1894faeb90a4a8a928d5c59 fc996e9930f940139ece25413ef09b38 - - 931d648f65ef4e4dab9258d162de2d7c 931d648f65ef4e4dab9258d162de2d7c] 10.0.0.242 "GET /resource_providers/14e28bed-6784-4f76-99ca-4391d9d30913/aggregates" status: 404 len: 235 microversion: 1.1 [pid: 7|app: 0|req: 488/976] 10.0.0.242 () {32 vars in 814 bytes} [Tue Jun 30 19:10:21 2026] GET /resource_providers/14e28bed-6784-4f76-99ca-4391d9d30913/aggregates => generated 235 bytes in 11 msecs (HTTP/1.1 404) 5 headers in 202 bytes (1 switches on core 0)
2026-06-30 19:10:21.876 8 INFO placement.requestlog [None req-b35aebbc-63f5-41b4-a618-b8f87a767adf 933b6592f1894faeb90a4a8a928d5c59 fc996e9930f940139ece25413ef09b38 - - 931d648f65ef4e4dab9258d162de2d7c 931d648f65ef4e4dab9258d162de2d7c] 10.0.0.242 "GET /resource_providers/14e28bed-6784-4f76-99ca-4391d9d30913/aggregates" status: 404 len: 235 microversion: 1.1 [pid: 8|app: 0|req: 489/977] 10.0.0.242 () {32 vars in 814 bytes} [Tue Jun 30 19:10:21 2026] GET /resource_providers/14e28bed-6784-4f76-99ca-4391d9d30913/aggregates => generated 235 bytes in 13 msecs (HTTP/1.1 404) 5 headers in 202 bytes (1 switches on core 0)
2026-06-30 19:10:21.900 8 INFO placement.requestlog [None req-573fa007-d322-4364-9ce9-5f18f18bf31a 933b6592f1894faeb90a4a8a928d5c59 fc996e9930f940139ece25413ef09b38 - - 931d648f65ef4e4dab9258d162de2d7c 931d648f65ef4e4dab9258d162de2d7c] 10.0.0.242 "DELETE /resource_providers/14e28bed-6784-4f76-99ca-4391d9d30913" status: 404 len: 246 microversion: 1.1 [pid: 8|app: 0|req: 490/978] 10.0.0.242 () {34 vars in 814 bytes} [Tue Jun 30 19:10:21 2026] DELETE /resource_providers/14e28bed-6784-4f76-99ca-4391d9d30913 => generated 246 bytes in 10 msecs (HTTP/1.1 404) 6 headers in 231 bytes (1 switches on core 0)
2026-06-30 19:10:21.905 7 INFO placement.requestlog [None req-149a354b-c46f-4e16-84ce-8e41897de078 933b6592f1894faeb90a4a8a928d5c59 fc996e9930f940139ece25413ef09b38 - - 931d648f65ef4e4dab9258d162de2d7c 931d648f65ef4e4dab9258d162de2d7c] 10.0.0.242 "DELETE /resource_providers/14e28bed-6784-4f76-99ca-4391d9d30913" status: 404 len: 246 microversion: 1.1 [pid: 7|app: 0|req: 489/979] 10.0.0.242 () {34 vars in 814 bytes} [Tue Jun 30 19:10:21 2026] DELETE /resource_providers/14e28bed-6784-4f76-99ca-4391d9d30913 => generated 246 bytes in 15 msecs (HTTP/1.1 404) 6 headers in 231 bytes (1 switches on core 0)
2026-06-30 19:10:23.299 7 INFO placement.requestlog [None req-a3bb9267-0720-4656-b2af-9ce41af657da 933b6592f1894faeb90a4a8a928d5c59 fc996e9930f940139ece25413ef09b38 - - 931d648f65ef4e4dab9258d162de2d7c 931d648f65ef4e4dab9258d162de2d7c] 10.0.0.242 "GET /resource_providers/0f1cd385-d48e-4817-a9db-486aed321902/aggregates" status: 404 len: 235 microversion: 1.1
2026-06-30 19:10:23.300 8 INFO placement.requestlog [None req-95070373-2f39-4b5d-9a68-e5821d856b4a 933b6592f1894faeb90a4a8a928d5c59 fc996e9930f940139ece25413ef09b38 - - 931d648f65ef4e4dab9258d162de2d7c 931d648f65ef4e4dab9258d162de2d7c] 10.0.0.242 "GET /resource_providers/0f1cd385-d48e-4817-a9db-486aed321902/aggregates" status: 404 len: 235 microversion: 1.1 [pid: 7|app: 0|req: 490/980] 10.0.0.242 () {32 vars in 814 bytes} [Tue Jun 30 19:10:23 2026] GET /resource_providers/0f1cd385-d48e-4817-a9db-486aed321902/aggregates => generated 235 bytes in 10 msecs (HTTP/1.1 404) 5 headers in 202 bytes (1 switches on core 0) [pid: 8|app: 0|req: 491/981] 10.0.0.242 () {32 vars in 814 bytes} [Tue Jun 30 19:10:23 2026] GET /resource_providers/0f1cd385-d48e-4817-a9db-486aed321902/aggregates => generated 235 bytes in 11 msecs (HTTP/1.1 404) 5 headers in 202 bytes (1 switches on core 0)
2026-06-30 19:10:23.331 8 INFO placement.requestlog [None req-63100a5d-30d5-4840-818b-0f1a1bbb2431 933b6592f1894faeb90a4a8a928d5c59 fc996e9930f940139ece25413ef09b38 - - 931d648f65ef4e4dab9258d162de2d7c 931d648f65ef4e4dab9258d162de2d7c] 10.0.0.242 "DELETE /resource_providers/0f1cd385-d48e-4817-a9db-486aed321902" status: 404 len: 246 microversion: 1.1
2026-06-30 19:10:23.331 7 INFO placement.requestlog [None req-ef52fd33-af9b-4cb6-9693-83ca264eca71 933b6592f1894faeb90a4a8a928d5c59 fc996e9930f940139ece25413ef09b38 - - 931d648f65ef4e4dab9258d162de2d7c 931d648f65ef4e4dab9258d162de2d7c] 10.0.0.242 "DELETE /resource_providers/0f1cd385-d48e-4817-a9db-486aed321902" status: 404 len: 246 microversion: 1.1 [pid: 8|app: 0|req: 492/982] 10.0.0.242 () {34 vars in 814 bytes} [Tue Jun 30 19:10:23 2026] DELETE /resource_providers/0f1cd385-d48e-4817-a9db-486aed321902 => generated 246 bytes in 11 msecs (HTTP/1.1 404) 6 headers in 231 bytes (1 switches on core 0) [pid: 7|app: 0|req: 491/983] 10.0.0.242 () {34 vars in 814 bytes} [Tue Jun 30 19:10:23 2026] DELETE /resource_providers/0f1cd385-d48e-4817-a9db-486aed321902 => generated 246 bytes in 11 msecs (HTTP/1.1 404) 6 headers in 231 bytes (1 switches on core 0)
2026-06-30 19:10:25.601 8 INFO placement.requestlog [None req-1b6df6de-ffde-4065-9f81-effb32e7c363 - - - - - -] 10.0.0.88 "GET /" status: 200 len: 136 microversion: 1.0
2026-06-30 19:10:25.602 7 INFO placement.requestlog [None req-1e35e71a-855d-4b2f-8642-cab817680793 - - - - - -] 10.0.0.88 "GET /" status: 200 len: 136 microversion: 1.0
2026-06-30 19:10:25.960 8 INFO placement.requestlog [req-f93e767b-9292-4336-bb90-3a4a7b9c80ca req-acc0e127-0a38-4415-8173-00d2f2b47094 d3112b73218940068d2636df469ea961 fc996e9930f940139ece25413ef09b38 - - 931d648f65ef4e4dab9258d162de2d7c 931d648f65ef4e4dab9258d162de2d7c] 10.0.0.17 "GET /allocation_candidates?limit=1000&resources=DISK_GB%3A1%2CMEMORY_MB%3A512%2CVCPU%3A1&root_required=%21COMPUTE_STATUS_DISABLED" status: 200 len: 2191 microversion: 1.36 [pid: 8|app: 0|req: 494/986] 10.0.0.17 () {34 vars in 1009 bytes} [Tue Jun 30 19:10:25 2026] GET /allocation_candidates?limit=1000&resources=DISK_GB%3A1%2CMEMORY_MB%3A512%2CVCPU%3A1&root_required=%21COMPUTE_STATUS_DISABLED => generated 2191 bytes in 55 msecs (HTTP/1.1 200) 8 headers in 297 bytes (1 switches on core 0)
2026-06-30 19:10:25.997 7 INFO placement.requestlog [req-f93e767b-9292-4336-bb90-3a4a7b9c80ca req-642eee32-4012-4d00-b70c-2b8f912495fb d3112b73218940068d2636df469ea961 fc996e9930f940139ece25413ef09b38 - - 931d648f65ef4e4dab9258d162de2d7c 931d648f65ef4e4dab9258d162de2d7c] 10.0.0.17 "GET /allocations/bff06e55-b761-423b-a6a3-59f1dd806e15" status: 200 len: 19 microversion: 1.28 [pid: 7|app: 0|req: 493/987] 10.0.0.17 () {34 vars in 858 bytes} [Tue Jun 30 19:10:25 2026] GET /allocations/bff06e55-b761-423b-a6a3-59f1dd806e15 => generated 19 bytes in 13 msecs (HTTP/1.1 200) 8 headers in 295 bytes (1 switches on core 0)
2026-06-30 19:10:26.058 8 INFO placement.requestlog [req-f93e767b-9292-4336-bb90-3a4a7b9c80ca req-8e936e81-c30d-497e-ae7f-d49dbfa5b410 d3112b73218940068d2636df469ea961 fc996e9930f940139ece25413ef09b38 - - 931d648f65ef4e4dab9258d162de2d7c 931d648f65ef4e4dab9258d162de2d7c] 10.0.0.17 "PUT /allocations/bff06e55-b761-423b-a6a3-59f1dd806e15" status: 204 len: 0 microversion: 1.36 [pid: 8|app: 0|req: 495/988] 10.0.0.17 () {38 vars in 911 bytes} [Tue Jun 30 19:10:26 2026] PUT /allocations/bff06e55-b761-423b-a6a3-59f1dd806e15 => generated 0 bytes in 51 msecs (HTTP/1.1 204) 5 headers in 199 bytes (1 switches on core 0)
2026-06-30 19:10:26.384 7 INFO placement.requestlog [req-f93e767b-9292-4336-bb90-3a4a7b9c80ca req-e3b2b36e-19d4-4887-90b7-01d23d58ad45 d3112b73218940068d2636df469ea961 fc996e9930f940139ece25413ef09b38 - - 931d648f65ef4e4dab9258d162de2d7c 931d648f65ef4e4dab9258d162de2d7c] 199.204.45.38 "GET /allocations/bff06e55-b761-423b-a6a3-59f1dd806e15" status: 200 len: 258 microversion: 1.28 [pid: 7|app: 0|req: 494/989] 199.204.45.38 () {34 vars in 860 bytes} [Tue Jun 30 19:10:26 2026] GET /allocations/bff06e55-b761-423b-a6a3-59f1dd806e15 => generated 258 bytes in 18 msecs (HTTP/1.1 200) 8 headers in 296 bytes (1 switches on core 0)
2026-06-30 19:10:26.501 8 INFO placement.requestlog [req-f93e767b-9292-4336-bb90-3a4a7b9c80ca req-feadca7a-ed71-4ea2-83a1-c474453b4c83 d3112b73218940068d2636df469ea961 fc996e9930f940139ece25413ef09b38 - - 931d648f65ef4e4dab9258d162de2d7c 931d648f65ef4e4dab9258d162de2d7c] 199.204.45.38 "GET /resource_providers/8b4d3931-1305-45f8-b3bd-e7f8755ac4b2/allocations" status: 200 len: 353 microversion: 1.0 [pid: 8|app: 0|req: 496/990] 199.204.45.38 () {32 vars in 854 bytes} [Tue Jun 30 19:10:26 2026] GET /resource_providers/8b4d3931-1305-45f8-b3bd-e7f8755ac4b2/allocations => generated 353 bytes in 19 msecs (HTTP/1.1 200) 6 headers in 224 bytes (1 switches on core 0)
2026-06-30 19:10:26.522 7 INFO placement.requestlog [req-f93e767b-9292-4336-bb90-3a4a7b9c80ca req-88366a7f-2673-42ff-980b-7c89ae00ec2b d3112b73218940068d2636df469ea961 fc996e9930f940139ece25413ef09b38 - - 931d648f65ef4e4dab9258d162de2d7c 931d648f65ef4e4dab9258d162de2d7c] 199.204.45.38 "GET /allocations/40cd85bd-d60e-418c-9442-1e05a0fdbb59" status: 200 len: 258 microversion: 1.28 [pid: 7|app: 0|req: 495/991] 199.204.45.38 () {34 vars in 860 bytes} [Tue Jun 30 19:10:26 2026] GET /allocations/40cd85bd-d60e-418c-9442-1e05a0fdbb59 => generated 258 bytes in 16 msecs (HTTP/1.1 200) 8 headers in 296 bytes (1 switches on core 0)
2026-06-30 19:10:26.543 8 INFO placement.requestlog [req-f93e767b-9292-4336-bb90-3a4a7b9c80ca req-46044b71-2d8a-480d-95b3-9f94810ed531 d3112b73218940068d2636df469ea961 fc996e9930f940139ece25413ef09b38 - - 931d648f65ef4e4dab9258d162de2d7c 931d648f65ef4e4dab9258d162de2d7c] 199.204.45.38 "GET /allocations/cc5505fd-ec5c-4dab-b4f5-55fc79db663e" status: 200 len: 258 microversion: 1.28 [pid: 8|app: 0|req: 497/992] 199.204.45.38 () {34 vars in 860 bytes} [Tue Jun 30 19:10:26 2026] GET /allocations/cc5505fd-ec5c-4dab-b4f5-55fc79db663e => generated 258 bytes in 15 msecs (HTTP/1.1 200) 8 headers in 296 bytes (1 switches on core 0)
2026-06-30 19:10:26.562 7 INFO placement.requestlog [req-f93e767b-9292-4336-bb90-3a4a7b9c80ca req-9af06551-44d9-422f-b7fd-dc00014b5a53 d3112b73218940068d2636df469ea961 fc996e9930f940139ece25413ef09b38 - - 931d648f65ef4e4dab9258d162de2d7c 931d648f65ef4e4dab9258d162de2d7c] 199.204.45.38 "GET /allocations/bff06e55-b761-423b-a6a3-59f1dd806e15" status: 200 len: 258 microversion: 1.28 [pid: 7|app: 0|req: 496/993] 199.204.45.38 () {34 vars in 860 bytes} [Tue Jun 30 19:10:26 2026] GET /allocations/bff06e55-b761-423b-a6a3-59f1dd806e15 => generated 258 bytes in 13 msecs (HTTP/1.1 200) 8 headers in 296 bytes (1 switches on core 0)
2026-06-30 19:10:27.695 7 INFO placement.requestlog [None req-085e2ca0-c364-4ec4-89b0-f844b1da3893 933b6592f1894faeb90a4a8a928d5c59 fc996e9930f940139ece25413ef09b38 - - 931d648f65ef4e4dab9258d162de2d7c 931d648f65ef4e4dab9258d162de2d7c] 10.0.0.242 "GET /resource_providers/0360970f-6c75-47ae-a079-6a45dbe29577/aggregates" status: 404 len: 235 microversion: 1.1 [pid: 7|app: 0|req: 497/994] 10.0.0.242 () {32 vars in 814 bytes} [Tue Jun 30 19:10:27 2026] GET /resource_providers/0360970f-6c75-47ae-a079-6a45dbe29577/aggregates => generated 235 bytes in 10 msecs (HTTP/1.1 404) 5 headers in 202 bytes (1 switches on core 0)
2026-06-30 19:10:27.699 8 INFO placement.requestlog [None req-092eac00-46ec-483b-ba9c-c99f33e1e095 933b6592f1894faeb90a4a8a928d5c59 fc996e9930f940139ece25413ef09b38 - - 931d648f65ef4e4dab9258d162de2d7c 931d648f65ef4e4dab9258d162de2d7c] 10.0.0.242 "GET /resource_providers/0360970f-6c75-47ae-a079-6a45dbe29577/aggregates" status: 404 len: 235 microversion: 1.1 [pid: 8|app: 0|req: 498/995] 10.0.0.242 () {32 vars in 814 bytes} [Tue Jun 30 19:10:27 2026] GET /resource_providers/0360970f-6c75-47ae-a079-6a45dbe29577/aggregates => generated 235 bytes in 14 msecs (HTTP/1.1 404) 5 headers in 202 bytes (1 switches on core 0)
2026-06-30 19:10:27.727 8 INFO placement.requestlog [None req-c75ee7c6-7357-47fd-a102-541bae6016d8 933b6592f1894faeb90a4a8a928d5c59 fc996e9930f940139ece25413ef09b38 - - 931d648f65ef4e4dab9258d162de2d7c 931d648f65ef4e4dab9258d162de2d7c] 10.0.0.242 "DELETE /resource_providers/0360970f-6c75-47ae-a079-6a45dbe29577" status: 404 len: 246 microversion: 1.1 [pid: 8|app: 0|req: 499/996] 10.0.0.242 () {34 vars in 814 bytes} [Tue Jun 30 19:10:27 2026] DELETE /resource_providers/0360970f-6c75-47ae-a079-6a45dbe29577 => generated 246 bytes in 12 msecs (HTTP/1.1 404) 6 headers in 231 bytes (1 switches on core 0)
2026-06-30 19:10:27.728 7 INFO placement.requestlog [None req-007401d4-44ef-4073-bf39-5f2872f44e36 933b6592f1894faeb90a4a8a928d5c59 fc996e9930f940139ece25413ef09b38 - - 931d648f65ef4e4dab9258d162de2d7c 931d648f65ef4e4dab9258d162de2d7c] 10.0.0.242 "DELETE /resource_providers/0360970f-6c75-47ae-a079-6a45dbe29577" status: 404 len: 246 microversion: 1.1 [pid: 7|app: 0|req: 498/997] 10.0.0.242 () {34 vars in 814 bytes} [Tue Jun 30 19:10:27 2026] DELETE /resource_providers/0360970f-6c75-47ae-a079-6a45dbe29577 => generated 246 bytes in 12 msecs (HTTP/1.1 404) 6 headers in 231 bytes (1 switches on core 0)
2026-06-30 19:10:30.224 7 INFO placement.requestlog [None req-f7cba6ca-4326-4f18-99bd-97f26d56cbd5 933b6592f1894faeb90a4a8a928d5c59 fc996e9930f940139ece25413ef09b38 - - 931d648f65ef4e4dab9258d162de2d7c 931d648f65ef4e4dab9258d162de2d7c] 10.0.0.242 "GET /resource_providers/c26b513e-9577-4aea-9be8-9664ca198136/aggregates" status: 404 len: 235 microversion: 1.1 [pid: 7|app: 0|req: 499/998] 10.0.0.242 () {32 vars in 814 bytes} [Tue Jun 30 19:10:30 2026] GET /resource_providers/c26b513e-9577-4aea-9be8-9664ca198136/aggregates => generated 235 bytes in 19 msecs (HTTP/1.1 404) 5 headers in 202 bytes (1 switches on core 0)
2026-06-30 19:10:30.227 8 INFO placement.requestlog [None req-5f530cd7-6490-4d43-b59a-a8fdf60f1117 933b6592f1894faeb90a4a8a928d5c59 fc996e9930f940139ece25413ef09b38 - - 931d648f65ef4e4dab9258d162de2d7c 931d648f65ef4e4dab9258d162de2d7c] 10.0.0.242 "GET /resource_providers/c26b513e-9577-4aea-9be8-9664ca198136/aggregates" status: 404 len: 235 microversion: 1.1 [pid: 8|app: 0|req: 500/999] 10.0.0.242 () {32 vars in 814 bytes} [Tue Jun 30 19:10:30 2026] GET /resource_providers/c26b513e-9577-4aea-9be8-9664ca198136/aggregates => generated 235 bytes in 22 msecs (HTTP/1.1 404) 5 headers in 202 bytes (1 switches on core 0)
2026-06-30 19:10:30.243 7 INFO placement.requestlog [None req-707fcf64-dba0-4c1e-a853-692291f1a8db 933b6592f1894faeb90a4a8a928d5c59 fc996e9930f940139ece25413ef09b38 - - 931d648f65ef4e4dab9258d162de2d7c 931d648f65ef4e4dab9258d162de2d7c] 10.0.0.242 "DELETE /resource_providers/c26b513e-9577-4aea-9be8-9664ca198136" status: 404 len: 246 microversion: 1.1 [pid: 7|app: 0|req: 500/1000] 10.0.0.242 () {34 vars in 814 bytes} [Tue Jun 30 19:10:30 2026] DELETE /resource_providers/c26b513e-9577-4aea-9be8-9664ca198136 => generated 246 bytes in 10 msecs (HTTP/1.1 404) 6 headers in 231 bytes (1 switches on core 0)
2026-06-30 19:10:30.252 8 INFO placement.requestlog [None req-15d8ec74-660c-4154-b28d-3279c61b7195 933b6592f1894faeb90a4a8a928d5c59 fc996e9930f940139ece25413ef09b38 - - 931d648f65ef4e4dab9258d162de2d7c 931d648f65ef4e4dab9258d162de2d7c] 10.0.0.242 "DELETE /resource_providers/c26b513e-9577-4aea-9be8-9664ca198136" status: 404 len: 246 microversion: 1.1 [pid: 8|app: 0|req: 501/1001] 10.0.0.242 () {34 vars in 814 bytes} [Tue Jun 30 19:10:30 2026] DELETE /resource_providers/c26b513e-9577-4aea-9be8-9664ca198136 => generated 246 bytes in 10 msecs (HTTP/1.1 404) 6 headers in 231 bytes (1 switches on core 0)
2026-06-30 19:10:30.755 8 INFO placement.requestlog [None req-10399b80-2806-4eea-911a-1126f12cdd95 933b6592f1894faeb90a4a8a928d5c59 fc996e9930f940139ece25413ef09b38 - - 931d648f65ef4e4dab9258d162de2d7c 931d648f65ef4e4dab9258d162de2d7c] 10.0.0.242 "GET /resource_providers/c37f02d2-83d7-4b25-959e-46b6d67afecf/aggregates" status: 404 len: 235 microversion: 1.1
2026-06-30 19:10:30.755 7 INFO placement.requestlog [None req-f89a685e-09f1-472e-abff-20aae8f96d3e 933b6592f1894faeb90a4a8a928d5c59 fc996e9930f940139ece25413ef09b38 - - 931d648f65ef4e4dab9258d162de2d7c 931d648f65ef4e4dab9258d162de2d7c] 10.0.0.242 "GET /resource_providers/c37f02d2-83d7-4b25-959e-46b6d67afecf/aggregates" status: 404 len: 235 microversion: 1.1 [pid: 7|app: 0|req: 501/1003] 10.0.0.242 () {32 vars in 814 bytes} [Tue Jun 30 19:10:30 2026] GET /resource_providers/c37f02d2-83d7-4b25-959e-46b6d67afecf/aggregates => generated 235 bytes in 12 msecs (HTTP/1.1 404) 5 headers in 202 bytes (1 switches on core 0) [pid: 8|app: 0|req: 502/1003] 10.0.0.242 () {32 vars in 814 bytes} [Tue Jun 30 19:10:30 2026] GET /resource_providers/c37f02d2-83d7-4b25-959e-46b6d67afecf/aggregates => generated 235 bytes in 12 msecs (HTTP/1.1 404) 5 headers in 202 bytes (1 switches on core 0)
2026-06-30 19:10:30.781 7 INFO placement.requestlog [None req-299ced11-20bf-4ef1-bed3-f0d1037d8126 933b6592f1894faeb90a4a8a928d5c59 fc996e9930f940139ece25413ef09b38 - - 931d648f65ef4e4dab9258d162de2d7c 931d648f65ef4e4dab9258d162de2d7c] 10.0.0.242 "DELETE /resource_providers/c37f02d2-83d7-4b25-959e-46b6d67afecf" status: 404 len: 246 microversion: 1.1 [pid: 7|app: 0|req: 502/1004] 10.0.0.242 () {34 vars in 814 bytes} [Tue Jun 30 19:10:30 2026] DELETE /resource_providers/c37f02d2-83d7-4b25-959e-46b6d67afecf => generated 246 bytes in 10 msecs (HTTP/1.1 404) 6 headers in 231 bytes (1 switches on core 0)
2026-06-30 19:10:30.786 8 INFO placement.requestlog [None req-a0fea73a-693b-441f-a146-3cb562cf5486 933b6592f1894faeb90a4a8a928d5c59 fc996e9930f940139ece25413ef09b38 - - 931d648f65ef4e4dab9258d162de2d7c 931d648f65ef4e4dab9258d162de2d7c] 10.0.0.242 "DELETE /resource_providers/c37f02d2-83d7-4b25-959e-46b6d67afecf" status: 404 len: 246 microversion: 1.1 [pid: 8|app: 0|req: 503/1005] 10.0.0.242 () {34 vars in 814 bytes} [Tue Jun 30 19:10:30 2026] DELETE /resource_providers/c37f02d2-83d7-4b25-959e-46b6d67afecf => generated 246 bytes in 13 msecs (HTTP/1.1 404) 6 headers in 231 bytes (1 switches on core 0)
2026-06-30 19:10:32.900 7 INFO placement.requestlog [None req-32faba4c-0cc8-4b69-8f7d-4055f9005351 933b6592f1894faeb90a4a8a928d5c59 fc996e9930f940139ece25413ef09b38 - - 931d648f65ef4e4dab9258d162de2d7c 931d648f65ef4e4dab9258d162de2d7c] 10.0.0.242 "GET /resource_providers/6db52603-9138-4c05-b00e-151019072a82/aggregates" status: 404 len: 235 microversion: 1.1 [pid: 7|app: 0|req: 503/1006] 10.0.0.242 () {32 vars in 814 bytes} [Tue Jun 30 19:10:32 2026] GET /resource_providers/6db52603-9138-4c05-b00e-151019072a82/aggregates => generated 235 bytes in 14 msecs (HTTP/1.1 404) 5 headers in 202 bytes (1 switches on core 0)
2026-06-30 19:10:32.903 8 INFO placement.requestlog [None req-ae0db2c3-5275-49bb-9135-e6f8aa6f71cd 933b6592f1894faeb90a4a8a928d5c59 fc996e9930f940139ece25413ef09b38 - - 931d648f65ef4e4dab9258d162de2d7c 931d648f65ef4e4dab9258d162de2d7c] 10.0.0.242 "GET /resource_providers/6db52603-9138-4c05-b00e-151019072a82/aggregates" status: 404 len: 235 microversion: 1.1 [pid: 8|app: 0|req: 504/1007] 10.0.0.242 () {32 vars in 814 bytes} [Tue Jun 30 19:10:32 2026] GET /resource_providers/6db52603-9138-4c05-b00e-151019072a82/aggregates => generated 235 bytes in 15 msecs (HTTP/1.1 404) 5 headers in 202 bytes (1 switches on core 0)
2026-06-30 19:10:32.917 7 INFO placement.requestlog [None req-ad5ef2f1-aae1-4b6b-b7ff-1c3bd9dee874 933b6592f1894faeb90a4a8a928d5c59 fc996e9930f940139ece25413ef09b38 - - 931d648f65ef4e4dab9258d162de2d7c 931d648f65ef4e4dab9258d162de2d7c] 10.0.0.242 "DELETE /resource_providers/6db52603-9138-4c05-b00e-151019072a82" status: 404 len: 246 microversion: 1.1 [pid: 7|app: 0|req: 504/1008] 10.0.0.242 () {34 vars in 814 bytes} [Tue Jun 30 19:10:32 2026] DELETE /resource_providers/6db52603-9138-4c05-b00e-151019072a82 => generated 246 bytes in 11 msecs (HTTP/1.1 404) 6 headers in 231 bytes (1 switches on core 0)
