Jun 29 04:28:10.156564 np0000183341 nova-scheduler[108478]: DEBUG cotyledon.oslo_config_glue [-] workarounds.disable_libvirt_livesnapshot = False {{(pid=108478) log_opt_values /opt/stack/data/venv/lib/python3.12/site-packages/oslo_config/cfg.py:3253}}
Jun 29 04:28:10.156564 np0000183341 nova-scheduler[108478]: DEBUG cotyledon.oslo_config_glue [-] workarounds.disable_rootwrap = False {{(pid=108478) log_opt_values /opt/stack/data/venv/lib/python3.12/site-packages/oslo_config/cfg.py:3253}}
Jun 29 04:28:10.156564 np0000183341 nova-scheduler[108478]: DEBUG cotyledon.oslo_config_glue [-] workarounds.enable_numa_live_migration = False {{(pid=108478) log_opt_values /opt/stack/data/venv/lib/python3.12/site-packages/oslo_config/cfg.py:3253}}
Jun 29 04:28:10.156564 np0000183341 nova-scheduler[108478]: DEBUG cotyledon.oslo_config_glue [-] workarounds.enable_qemu_monitor_announce_self = False {{(pid=108478) log_opt_values /opt/stack/data/venv/lib/python3.12/site-packages/oslo_config/cfg.py:3253}}
Jun 29 04:28:10.156564 np0000183341 nova-scheduler[108478]: DEBUG cotyledon.oslo_config_glue [-] workarounds.ensure_libvirt_rbd_instance_dir_cleanup = False {{(pid=108478) log_opt_values /opt/stack/data/venv/lib/python3.12/site-packages/oslo_config/cfg.py:3253}}
Jun 29 04:28:10.156564 np0000183341 nova-scheduler[108478]: DEBUG cotyledon.oslo_config_glue [-] workarounds.handle_virt_lifecycle_events = True {{(pid=108478) log_opt_values /opt/stack/data/venv/lib/python3.12/site-packages/oslo_config/cfg.py:3253}}
Jun 29 04:28:10.156812 np0000183341 nova-scheduler[108478]: DEBUG cotyledon.oslo_config_glue [-] workarounds.libvirt_disable_apic = False {{(pid=108478) log_opt_values /opt/stack/data/venv/lib/python3.12/site-packages/oslo_config/cfg.py:3253}}
Jun 29 04:28:10.156812 np0000183341 nova-scheduler[108478]: DEBUG cotyledon.oslo_config_glue [-] workarounds.never_download_image_if_on_rbd = False {{(pid=108478) log_opt_values /opt/stack/data/venv/lib/python3.12/site-packages/oslo_config/cfg.py:3253}}
Jun 29 04:28:10.156812 np0000183341 nova-scheduler[108478]: DEBUG cotyledon.oslo_config_glue [-] workarounds.qemu_monitor_announce_self_count = 3 {{(pid=108478) log_opt_values /opt/stack/data/venv/lib/python3.12/site-packages/oslo_config/cfg.py:3253}}
Jun 29 04:28:10.156812 np0000183341 nova-scheduler[108478]: DEBUG cotyledon.oslo_config_glue [-] workarounds.qemu_monitor_announce_self_interval = 1 {{(pid=108478) log_opt_values /opt/stack/data/venv/lib/python3.12/site-packages/oslo_config/cfg.py:3253}}
Jun 29 04:28:10.156812 np0000183341 nova-scheduler[108478]: DEBUG cotyledon.oslo_config_glue [-] workarounds.reserve_disk_resource_for_image_cache = False {{(pid=108478) log_opt_values /opt/stack/data/venv/lib/python3.12/site-packages/oslo_config/cfg.py:3253}}
Jun 29 04:28:10.156812 np0000183341 nova-scheduler[108478]: DEBUG cotyledon.oslo_config_glue [-] workarounds.skip_cpu_compare_at_startup = False {{(pid=108478) log_opt_values /opt/stack/data/venv/lib/python3.12/site-packages/oslo_config/cfg.py:3253}}
Jun 29 04:28:10.156812 np0000183341 nova-scheduler[108478]: DEBUG cotyledon.oslo_config_glue [-] workarounds.skip_cpu_compare_on_dest = False {{(pid=108478) log_opt_values /opt/stack/data/venv/lib/python3.12/site-packages/oslo_config/cfg.py:3253}}
Jun 29 04:28:10.156812 np0000183341 nova-scheduler[108478]: DEBUG cotyledon.oslo_config_glue [-] workarounds.skip_hypervisor_version_check_on_lm = False {{(pid=108478) log_opt_values /opt/stack/data/venv/lib/python3.12/site-packages/oslo_config/cfg.py:3253}}
Jun 29 04:28:10.156812 np0000183341 nova-scheduler[108478]: DEBUG cotyledon.oslo_config_glue [-] workarounds.skip_reserve_in_use_ironic_nodes = False {{(pid=108478) log_opt_values /opt/stack/data/venv/lib/python3.12/site-packages/oslo_config/cfg.py:3253}}
Jun 29 04:28:10.157030 np0000183341 nova-scheduler[108478]: DEBUG cotyledon.oslo_config_glue [-] workarounds.unified_limits_count_pcpu_as_vcpu = False {{(pid=108478) log_opt_values /opt/stack/data/venv/lib/python3.12/site-packages/oslo_config/cfg.py:3253}}
Jun 29 04:28:10.157030 np0000183341 nova-scheduler[108478]: DEBUG cotyledon.oslo_config_glue [-] workarounds.wait_for_vif_plugged_event_during_hard_reboot = [] {{(pid=108478) log_opt_values /opt/stack/data/venv/lib/python3.12/site-packages/oslo_config/cfg.py:3253}}
Jun 29 04:28:10.157030 np0000183341 nova-scheduler[108478]: DEBUG cotyledon.oslo_config_glue [-] wsgi.api_paste_config = /etc/nova/api-paste.ini {{(pid=108478) log_opt_values /opt/stack/data/venv/lib/python3.12/site-packages/oslo_config/cfg.py:3253}}
Jun 29 04:28:10.157030 np0000183341 nova-scheduler[108478]: DEBUG cotyledon.oslo_config_glue [-] wsgi.secure_proxy_ssl_header = None {{(pid=108478) log_opt_values /opt/stack/data/venv/lib/python3.12/site-packages/oslo_config/cfg.py:3253}}
Jun 29 04:28:10.157030 np0000183341 nova-scheduler[108478]: DEBUG cotyledon.oslo_config_glue [-] zvm.ca_file = None {{(pid=108478) log_opt_values /opt/stack/data/venv/lib/python3.12/site-packages/oslo_config/cfg.py:3253}}
Jun 29 04:28:10.157030 np0000183341 nova-scheduler[108478]: DEBUG cotyledon.oslo_config_glue [-] zvm.cloud_connector_url = None {{(pid=108478) log_opt_values /opt/stack/data/venv/lib/python3.12/site-packages/oslo_config/cfg.py:3253}}
Jun 29 04:28:10.157030 np0000183341 nova-scheduler[108478]: DEBUG cotyledon.oslo_config_glue [-] zvm.image_tmp_path = /opt/stack/data/nova/images {{(pid=108478) log_opt_values /opt/stack/data/venv/lib/python3.12/site-packages/oslo_config/cfg.py:3253}}
Jun 29 04:28:10.157030 np0000183341 nova-scheduler[108478]: DEBUG cotyledon.oslo_config_glue [-] zvm.reachable_timeout = 300 {{(pid=108478) log_opt_values /opt/stack/data/venv/lib/python3.12/site-packages/oslo_config/cfg.py:3253}}
Jun 29 04:28:10.157030 np0000183341 nova-scheduler[108478]: DEBUG cotyledon.oslo_config_glue [-] oslo_versionedobjects.fatal_exception_format_errors = False {{(pid=108478) log_opt_values /opt/stack/data/venv/lib/python3.12/site-packages/oslo_config/cfg.py:3253}}
Jun 29 04:28:10.157243 np0000183341 nova-scheduler[108478]: DEBUG cotyledon.oslo_config_glue [-] oslo_middleware.http_basic_auth_user_file = /etc/htpasswd {{(pid=108478) log_opt_values /opt/stack/data/venv/lib/python3.12/site-packages/oslo_config/cfg.py:3253}}
Jun 29 04:28:10.157243 np0000183341 nova-scheduler[108478]: DEBUG cotyledon.oslo_config_glue [-] oslo_messaging_metrics.metrics_buffer_size = 1000 {{(pid=108478) log_opt_values /opt/stack/data/venv/lib/python3.12/site-packages/oslo_config/cfg.py:3253}}
Jun 29 04:28:10.157243 np0000183341 nova-scheduler[108478]: DEBUG cotyledon.oslo_config_glue [-] oslo_messaging_metrics.metrics_enabled = False {{(pid=108478) log_opt_values /opt/stack/data/venv/lib/python3.12/site-packages/oslo_config/cfg.py:3253}}
Jun 29 04:28:10.157243 np0000183341 nova-scheduler[108478]: DEBUG cotyledon.oslo_config_glue [-] oslo_messaging_metrics.metrics_process_name = {{(pid=108478) log_opt_values /opt/stack/data/venv/lib/python3.12/site-packages/oslo_config/cfg.py:3253}}
Jun 29 04:28:10.157243 np0000183341 nova-scheduler[108478]: DEBUG cotyledon.oslo_config_glue [-] oslo_messaging_metrics.metrics_socket_file = /var/tmp/metrics_collector.sock {{(pid=108478) log_opt_values /opt/stack/data/venv/lib/python3.12/site-packages/oslo_config/cfg.py:3253}}
Jun 29 04:28:10.157243 np0000183341 nova-scheduler[108478]: DEBUG cotyledon.oslo_config_glue [-] oslo_messaging_metrics.metrics_thread_stop_timeout = 10 {{(pid=108478) log_opt_values /opt/stack/data/venv/lib/python3.12/site-packages/oslo_config/cfg.py:3253}}
Jun 29 04:28:10.157243 np0000183341 nova-scheduler[108478]: DEBUG cotyledon.oslo_config_glue [-] profiler.connection_string = messaging:// {{(pid=108478) log_opt_values /opt/stack/data/venv/lib/python3.12/site-packages/oslo_config/cfg.py:3253}}
Jun 29 04:28:10.157243 np0000183341 nova-scheduler[108478]: DEBUG cotyledon.oslo_config_glue [-] profiler.enabled = False {{(pid=108478) log_opt_values /opt/stack/data/venv/lib/python3.12/site-packages/oslo_config/cfg.py:3253}}
Jun 29 04:28:10.157418 np0000183341 nova-scheduler[108478]: DEBUG cotyledon.oslo_config_glue [-] profiler.es_doc_type = notification {{(pid=108478) log_opt_values /opt/stack/data/venv/lib/python3.12/site-packages/oslo_config/cfg.py:3253}}
Jun 29 04:28:10.157418 np0000183341 nova-scheduler[108478]: DEBUG cotyledon.oslo_config_glue [-] profiler.es_scroll_size = 10000 {{(pid=108478) log_opt_values /opt/stack/data/venv/lib/python3.12/site-packages/oslo_config/cfg.py:3253}}
Jun 29 04:28:10.157418 np0000183341 nova-scheduler[108478]: DEBUG cotyledon.oslo_config_glue [-] profiler.es_scroll_time = 2m {{(pid=108478) log_opt_values /opt/stack/data/venv/lib/python3.12/site-packages/oslo_config/cfg.py:3253}}
Jun 29 04:28:10.157418 np0000183341 nova-scheduler[108478]: DEBUG cotyledon.oslo_config_glue [-] profiler.filter_error_trace = False {{(pid=108478) log_opt_values /opt/stack/data/venv/lib/python3.12/site-packages/oslo_config/cfg.py:3253}}
Jun 29 04:28:10.157418 np0000183341 nova-scheduler[108478]: DEBUG cotyledon.oslo_config_glue [-] profiler.hmac_keys = **** {{(pid=108478) log_opt_values /opt/stack/data/venv/lib/python3.12/site-packages/oslo_config/cfg.py:3253}}
Jun 29 04:28:10.157418 np0000183341 nova-scheduler[108478]: DEBUG cotyledon.oslo_config_glue [-] profiler.sentinel_service_name = mymaster {{(pid=108478) log_opt_values /opt/stack/data/venv/lib/python3.12/site-packages/oslo_config/cfg.py:3253}}
Jun 29 04:28:10.157418 np0000183341 nova-scheduler[108478]: DEBUG cotyledon.oslo_config_glue [-] profiler.socket_timeout = 0.1 {{(pid=108478) log_opt_values /opt/stack/data/venv/lib/python3.12/site-packages/oslo_config/cfg.py:3253}}
Jun 29 04:28:10.157418 np0000183341 nova-scheduler[108478]: DEBUG cotyledon.oslo_config_glue [-] profiler.trace_requests = False {{(pid=108478) log_opt_values /opt/stack/data/venv/lib/python3.12/site-packages/oslo_config/cfg.py:3253}}
Jun 29 04:28:10.157418 np0000183341 nova-scheduler[108478]: DEBUG cotyledon.oslo_config_glue [-] profiler.trace_sqlalchemy = False {{(pid=108478) log_opt_values /opt/stack/data/venv/lib/python3.12/site-packages/oslo_config/cfg.py:3253}}
Jun 29 04:28:10.157704 np0000183341 nova-scheduler[108478]: DEBUG cotyledon.oslo_config_glue [-] profiler_jaeger.process_tags = {} {{(pid=108478) log_opt_values /opt/stack/data/venv/lib/python3.12/site-packages/oslo_config/cfg.py:3253}}
Jun 29 04:28:10.157704 np0000183341 nova-scheduler[108478]: DEBUG cotyledon.oslo_config_glue [-] profiler_jaeger.service_name_prefix = None {{(pid=108478) log_opt_values /opt/stack/data/venv/lib/python3.12/site-packages/oslo_config/cfg.py:3253}}
Jun 29 04:28:10.157704 np0000183341 nova-scheduler[108478]: DEBUG cotyledon.oslo_config_glue [-] profiler_otlp.service_name_prefix = None {{(pid=108478) log_opt_values /opt/stack/data/venv/lib/python3.12/site-packages/oslo_config/cfg.py:3253}}
Jun 29 04:28:10.157704 np0000183341 nova-scheduler[108478]: DEBUG cotyledon.oslo_config_glue [-] oslo_messaging_rabbit.amqp_auto_delete = False {{(pid=108478) log_opt_values /opt/stack/data/venv/lib/python3.12/site-packages/oslo_config/cfg.py:3253}}
Jun 29 04:28:10.157704 np0000183341 nova-scheduler[108478]: DEBUG cotyledon.oslo_config_glue [-] oslo_messaging_rabbit.amqp_durable_queues = False {{(pid=108478) log_opt_values /opt/stack/data/venv/lib/python3.12/site-packages/oslo_config/cfg.py:3253}}
Jun 29 04:28:10.157704 np0000183341 nova-scheduler[108478]: DEBUG cotyledon.oslo_config_glue [-] oslo_messaging_rabbit.conn_pool_min_size = 2 {{(pid=108478) log_opt_values /opt/stack/data/venv/lib/python3.12/site-packages/oslo_config/cfg.py:3253}}
Jun 29 04:28:10.157704 np0000183341 nova-scheduler[108478]: DEBUG cotyledon.oslo_config_glue [-] oslo_messaging_rabbit.conn_pool_ttl = 1200 {{(pid=108478) log_opt_values /opt/stack/data/venv/lib/python3.12/site-packages/oslo_config/cfg.py:3253}}
Jun 29 04:28:10.157704 np0000183341 nova-scheduler[108478]: DEBUG cotyledon.oslo_config_glue [-] oslo_messaging_rabbit.direct_mandatory_flag = True {{(pid=108478) log_opt_values /opt/stack/data/venv/lib/python3.12/site-packages/oslo_config/cfg.py:3253}}
Jun 29 04:28:10.157704 np0000183341 nova-scheduler[108478]: DEBUG cotyledon.oslo_config_glue [-] oslo_messaging_rabbit.enable_cancel_on_failover = False {{(pid=108478) log_opt_values /opt/stack/data/venv/lib/python3.12/site-packages/oslo_config/cfg.py:3253}}
Jun 29 04:28:10.157983 np0000183341 nova-scheduler[108478]: DEBUG cotyledon.oslo_config_glue [-] oslo_messaging_rabbit.heartbeat_rate = 3 {{(pid=108478) log_opt_values /opt/stack/data/venv/lib/python3.12/site-packages/oslo_config/cfg.py:3253}}
Jun 29 04:28:10.157983 np0000183341 nova-scheduler[108478]: DEBUG cotyledon.oslo_config_glue [-] oslo_messaging_rabbit.heartbeat_timeout_threshold = 60 {{(pid=108478) log_opt_values /opt/stack/data/venv/lib/python3.12/site-packages/oslo_config/cfg.py:3253}}
Jun 29 04:28:10.157983 np0000183341 nova-scheduler[108478]: DEBUG cotyledon.oslo_config_glue [-] oslo_messaging_rabbit.hostname = np0000183341 {{(pid=108478) log_opt_values /opt/stack/data/venv/lib/python3.12/site-packages/oslo_config/cfg.py:3253}}
Jun 29 04:28:10.157983 np0000183341 nova-scheduler[108478]: DEBUG cotyledon.oslo_config_glue [-] oslo_messaging_rabbit.kombu_compression = None {{(pid=108478) log_opt_values /opt/stack/data/venv/lib/python3.12/site-packages/oslo_config/cfg.py:3253}}
Jun 29 04:28:10.157983 np0000183341 nova-scheduler[108478]: DEBUG cotyledon.oslo_config_glue [-] oslo_messaging_rabbit.kombu_failover_strategy = round-robin {{(pid=108478) log_opt_values /opt/stack/data/venv/lib/python3.12/site-packages/oslo_config/cfg.py:3253}}
Jun 29 04:28:10.157983 np0000183341 nova-scheduler[108478]: DEBUG cotyledon.oslo_config_glue [-] oslo_messaging_rabbit.kombu_missing_consumer_retry_timeout = 60 {{(pid=108478) log_opt_values /opt/stack/data/venv/lib/python3.12/site-packages/oslo_config/cfg.py:3253}}
Jun 29 04:28:10.157983 np0000183341 nova-scheduler[108478]: DEBUG cotyledon.oslo_config_glue [-] oslo_messaging_rabbit.kombu_reconnect_delay = 1.0 {{(pid=108478) log_opt_values /opt/stack/data/venv/lib/python3.12/site-packages/oslo_config/cfg.py:3253}}
Jun 29 04:28:10.157983 np0000183341 nova-scheduler[108478]: DEBUG cotyledon.oslo_config_glue [-] oslo_messaging_rabbit.kombu_reconnect_splay = 0.0 {{(pid=108478) log_opt_values /opt/stack/data/venv/lib/python3.12/site-packages/oslo_config/cfg.py:3253}}
Jun 29 04:28:10.158211 np0000183341 nova-scheduler[108478]: DEBUG cotyledon.oslo_config_glue [-] oslo_messaging_rabbit.processname = nova-scheduler {{(pid=108478) log_opt_values /opt/stack/data/venv/lib/python3.12/site-packages/oslo_config/cfg.py:3253}}
Jun 29 04:28:10.158211 np0000183341 nova-scheduler[108478]: DEBUG cotyledon.oslo_config_glue [-] oslo_messaging_rabbit.rabbit_ha_queues = False {{(pid=108478) log_opt_values /opt/stack/data/venv/lib/python3.12/site-packages/oslo_config/cfg.py:3253}}
Jun 29 04:28:10.158211 np0000183341 nova-scheduler[108478]: DEBUG cotyledon.oslo_config_glue [-] oslo_messaging_rabbit.rabbit_interval_max = 30 {{(pid=108478) log_opt_values /opt/stack/data/venv/lib/python3.12/site-packages/oslo_config/cfg.py:3253}}
Jun 29 04:28:10.158211 np0000183341 nova-scheduler[108478]: DEBUG cotyledon.oslo_config_glue [-] oslo_messaging_rabbit.rabbit_login_method = AMQPLAIN {{(pid=108478) log_opt_values /opt/stack/data/venv/lib/python3.12/site-packages/oslo_config/cfg.py:3253}}
Jun 29 04:28:10.158211 np0000183341 nova-scheduler[108478]: DEBUG cotyledon.oslo_config_glue [-] oslo_messaging_rabbit.rabbit_qos_prefetch_count = 0 {{(pid=108478) log_opt_values /opt/stack/data/venv/lib/python3.12/site-packages/oslo_config/cfg.py:3253}}
Jun 29 04:28:10.158211 np0000183341 nova-scheduler[108478]: DEBUG cotyledon.oslo_config_glue [-] oslo_messaging_rabbit.rabbit_quorum_delivery_limit = 0 {{(pid=108478) log_opt_values /opt/stack/data/venv/lib/python3.12/site-packages/oslo_config/cfg.py:3253}}
Jun 29 04:28:10.158211 np0000183341 nova-scheduler[108478]: DEBUG cotyledon.oslo_config_glue [-] oslo_messaging_rabbit.rabbit_quorum_max_memory_bytes = 0 {{(pid=108478) log_opt_values /opt/stack/data/venv/lib/python3.12/site-packages/oslo_config/cfg.py:3253}}
Jun 29 04:28:10.158211 np0000183341 nova-scheduler[108478]: DEBUG cotyledon.oslo_config_glue [-] oslo_messaging_rabbit.rabbit_quorum_max_memory_length = 0 {{(pid=108478) log_opt_values /opt/stack/data/venv/lib/python3.12/site-packages/oslo_config/cfg.py:3253}}
Jun 29 04:28:10.158423 np0000183341 nova-scheduler[108478]: DEBUG cotyledon.oslo_config_glue [-] oslo_messaging_rabbit.rabbit_quorum_queue = False {{(pid=108478) log_opt_values /opt/stack/data/venv/lib/python3.12/site-packages/oslo_config/cfg.py:3253}}
Jun 29 04:28:10.158423 np0000183341 nova-scheduler[108478]: DEBUG cotyledon.oslo_config_glue [-] oslo_messaging_rabbit.rabbit_retry_backoff = 2 {{(pid=108478) log_opt_values /opt/stack/data/venv/lib/python3.12/site-packages/oslo_config/cfg.py:3253}}
Jun 29 04:28:10.158423 np0000183341 nova-scheduler[108478]: DEBUG cotyledon.oslo_config_glue [-] oslo_messaging_rabbit.rabbit_retry_interval = 1 {{(pid=108478) log_opt_values /opt/stack/data/venv/lib/python3.12/site-packages/oslo_config/cfg.py:3253}}
Jun 29 04:28:10.158423 np0000183341 nova-scheduler[108478]: DEBUG cotyledon.oslo_config_glue [-] oslo_messaging_rabbit.rabbit_stream_fanout = False {{(pid=108478) log_opt_values /opt/stack/data/venv/lib/python3.12/site-packages/oslo_config/cfg.py:3253}}
Jun 29 04:28:10.158423 np0000183341 nova-scheduler[108478]: DEBUG cotyledon.oslo_config_glue [-] oslo_messaging_rabbit.rabbit_transient_queues_ttl = 1800 {{(pid=108478) log_opt_values /opt/stack/data/venv/lib/python3.12/site-packages/oslo_config/cfg.py:3253}}
Jun 29 04:28:10.158423 np0000183341 nova-scheduler[108478]: DEBUG cotyledon.oslo_config_glue [-] oslo_messaging_rabbit.rabbit_transient_quorum_queue = False {{(pid=108478) log_opt_values /opt/stack/data/venv/lib/python3.12/site-packages/oslo_config/cfg.py:3253}}
Jun 29 04:28:10.158423 np0000183341 nova-scheduler[108478]: DEBUG cotyledon.oslo_config_glue [-] oslo_messaging_rabbit.rpc_conn_pool_size = 30 {{(pid=108478) log_opt_values /opt/stack/data/venv/lib/python3.12/site-packages/oslo_config/cfg.py:3253}}
Jun 29 04:28:10.158423 np0000183341 nova-scheduler[108478]: DEBUG cotyledon.oslo_config_glue [-] oslo_messaging_rabbit.ssl = False {{(pid=108478) log_opt_values /opt/stack/data/venv/lib/python3.12/site-packages/oslo_config/cfg.py:3253}}
Jun 29 04:28:10.158423 np0000183341 nova-scheduler[108478]: DEBUG cotyledon.oslo_config_glue [-] oslo_messaging_rabbit.ssl_ca_file = {{(pid=108478) log_opt_values /opt/stack/data/venv/lib/python3.12/site-packages/oslo_config/cfg.py:3253}}
Jun 29 04:28:10.158683 np0000183341 nova-scheduler[108478]: DEBUG cotyledon.oslo_config_glue [-] oslo_messaging_rabbit.ssl_cert_file = {{(pid=108478) log_opt_values /opt/stack/data/venv/lib/python3.12/site-packages/oslo_config/cfg.py:3253}}
Jun 29 04:28:10.158683 np0000183341 nova-scheduler[108478]: DEBUG cotyledon.oslo_config_glue [-] oslo_messaging_rabbit.ssl_enforce_fips_mode = False {{(pid=108478) log_opt_values /opt/stack/data/venv/lib/python3.12/site-packages/oslo_config/cfg.py:3253}}
Jun 29 04:28:10.158683 np0000183341 nova-scheduler[108478]: DEBUG cotyledon.oslo_config_glue [-] oslo_messaging_rabbit.ssl_enforce_hostname_verification = True {{(pid=108478) log_opt_values /opt/stack/data/venv/lib/python3.12/site-packages/oslo_config/cfg.py:3253}}
Jun 29 04:28:10.158683 np0000183341 nova-scheduler[108478]: DEBUG cotyledon.oslo_config_glue [-] oslo_messaging_rabbit.ssl_key_file = {{(pid=108478) log_opt_values /opt/stack/data/venv/lib/python3.12/site-packages/oslo_config/cfg.py:3253}}
Jun 29 04:28:10.158683 np0000183341 nova-scheduler[108478]: DEBUG cotyledon.oslo_config_glue [-] oslo_messaging_rabbit.ssl_version = {{(pid=108478) log_opt_values /opt/stack/data/venv/lib/python3.12/site-packages/oslo_config/cfg.py:3253}}
Jun 29 04:28:10.158683 np0000183341 nova-scheduler[108478]: DEBUG cotyledon.oslo_config_glue [-] oslo_messaging_rabbit.use_queue_manager = False {{(pid=108478) log_opt_values /opt/stack/data/venv/lib/python3.12/site-packages/oslo_config/cfg.py:3253}}
Jun 29 04:28:10.158683 np0000183341 nova-scheduler[108478]: DEBUG cotyledon.oslo_config_glue [-] oslo_messaging_notifications.driver = ['messagingv2'] {{(pid=108478) log_opt_values /opt/stack/data/venv/lib/python3.12/site-packages/oslo_config/cfg.py:3253}}
Jun 29 04:28:10.158683 np0000183341 nova-scheduler[108478]: DEBUG cotyledon.oslo_config_glue [-] oslo_messaging_notifications.retry = -1 {{(pid=108478) log_opt_values /opt/stack/data/venv/lib/python3.12/site-packages/oslo_config/cfg.py:3253}}
Jun 29 04:28:10.158683 np0000183341 nova-scheduler[108478]: DEBUG cotyledon.oslo_config_glue [-] oslo_messaging_notifications.topics = ['notifications'] {{(pid=108478) log_opt_values /opt/stack/data/venv/lib/python3.12/site-packages/oslo_config/cfg.py:3253}}
Jun 29 04:28:10.158923 np0000183341 nova-scheduler[108478]: DEBUG cotyledon.oslo_config_glue [-] oslo_messaging_notifications.transport_url = **** {{(pid=108478) log_opt_values /opt/stack/data/venv/lib/python3.12/site-packages/oslo_config/cfg.py:3253}}
Jun 29 04:28:10.158923 np0000183341 nova-scheduler[108478]: DEBUG cotyledon.oslo_config_glue [-] oslo_limit.auth_section = None {{(pid=108478) log_opt_values /opt/stack/data/venv/lib/python3.12/site-packages/oslo_config/cfg.py:3253}}
Jun 29 04:28:10.158923 np0000183341 nova-scheduler[108478]: DEBUG cotyledon.oslo_config_glue [-] oslo_limit.auth_type = None {{(pid=108478) log_opt_values /opt/stack/data/venv/lib/python3.12/site-packages/oslo_config/cfg.py:3253}}
Jun 29 04:28:10.158923 np0000183341 nova-scheduler[108478]: DEBUG cotyledon.oslo_config_glue [-] oslo_limit.cafile = None {{(pid=108478) log_opt_values /opt/stack/data/venv/lib/python3.12/site-packages/oslo_config/cfg.py:3253}}
Jun 29 04:28:10.158923 np0000183341 nova-scheduler[108478]: DEBUG cotyledon.oslo_config_glue [-] oslo_limit.certfile = None {{(pid=108478) log_opt_values /opt/stack/data/venv/lib/python3.12/site-packages/oslo_config/cfg.py:3253}}
Jun 29 04:28:10.158923 np0000183341 nova-scheduler[108478]: DEBUG cotyledon.oslo_config_glue [-] oslo_limit.collect_timing = False {{(pid=108478) log_opt_values /opt/stack/data/venv/lib/python3.12/site-packages/oslo_config/cfg.py:3253}}
Jun 29 04:28:10.158923 np0000183341 nova-scheduler[108478]: DEBUG cotyledon.oslo_config_glue [-] oslo_limit.connect_retries = None {{(pid=108478) log_opt_values /opt/stack/data/venv/lib/python3.12/site-packages/oslo_config/cfg.py:3253}}
Jun 29 04:28:10.158923 np0000183341 nova-scheduler[108478]: DEBUG cotyledon.oslo_config_glue [-] oslo_limit.connect_retry_delay = None {{(pid=108478) log_opt_values /opt/stack/data/venv/lib/python3.12/site-packages/oslo_config/cfg.py:3253}}
Jun 29 04:28:10.158923 np0000183341 nova-scheduler[108478]: DEBUG cotyledon.oslo_config_glue [-] oslo_limit.endpoint_id = None {{(pid=108478) log_opt_values /opt/stack/data/venv/lib/python3.12/site-packages/oslo_config/cfg.py:3253}}
Jun 29 04:28:10.159133 np0000183341 nova-scheduler[108478]: DEBUG cotyledon.oslo_config_glue [-] oslo_limit.endpoint_interface = public {{(pid=108478) log_opt_values /opt/stack/data/venv/lib/python3.12/site-packages/oslo_config/cfg.py:3253}}
Jun 29 04:28:10.159133 np0000183341 nova-scheduler[108478]: DEBUG cotyledon.oslo_config_glue [-] oslo_limit.endpoint_override = None {{(pid=108478) log_opt_values /opt/stack/data/venv/lib/python3.12/site-packages/oslo_config/cfg.py:3253}}
Jun 29 04:28:10.159133 np0000183341 nova-scheduler[108478]: DEBUG cotyledon.oslo_config_glue [-] oslo_limit.endpoint_region_name = None {{(pid=108478) log_opt_values /opt/stack/data/venv/lib/python3.12/site-packages/oslo_config/cfg.py:3253}}
Jun 29 04:28:10.159133 np0000183341 nova-scheduler[108478]: DEBUG cotyledon.oslo_config_glue [-] oslo_limit.endpoint_service_name = None {{(pid=108478) log_opt_values /opt/stack/data/venv/lib/python3.12/site-packages/oslo_config/cfg.py:3253}}
Jun 29 04:28:10.159133 np0000183341 nova-scheduler[108478]: DEBUG cotyledon.oslo_config_glue [-] oslo_limit.endpoint_service_type = None {{(pid=108478) log_opt_values /opt/stack/data/venv/lib/python3.12/site-packages/oslo_config/cfg.py:3253}}
Jun 29 04:28:10.159133 np0000183341 nova-scheduler[108478]: DEBUG cotyledon.oslo_config_glue [-] oslo_limit.insecure = False {{(pid=108478) log_opt_values /opt/stack/data/venv/lib/python3.12/site-packages/oslo_config/cfg.py:3253}}
Jun 29 04:28:10.159133 np0000183341 nova-scheduler[108478]: DEBUG cotyledon.oslo_config_glue [-] oslo_limit.keyfile = None {{(pid=108478) log_opt_values /opt/stack/data/venv/lib/python3.12/site-packages/oslo_config/cfg.py:3253}}
Jun 29 04:28:10.159133 np0000183341 nova-scheduler[108478]: DEBUG cotyledon.oslo_config_glue [-] oslo_limit.max_version = None {{(pid=108478) log_opt_values /opt/stack/data/venv/lib/python3.12/site-packages/oslo_config/cfg.py:3253}}
Jun 29 04:28:10.159133 np0000183341 nova-scheduler[108478]: DEBUG cotyledon.oslo_config_glue [-] oslo_limit.min_version = None {{(pid=108478) log_opt_values /opt/stack/data/venv/lib/python3.12/site-packages/oslo_config/cfg.py:3253}}
Jun 29 04:28:10.159315 np0000183341 nova-scheduler[108478]: DEBUG cotyledon.oslo_config_glue [-] oslo_limit.region_name = None {{(pid=108478) log_opt_values /opt/stack/data/venv/lib/python3.12/site-packages/oslo_config/cfg.py:3253}}
Jun 29 04:28:10.159315 np0000183341 nova-scheduler[108478]: DEBUG cotyledon.oslo_config_glue [-] oslo_limit.retriable_status_codes = None {{(pid=108478) log_opt_values /opt/stack/data/venv/lib/python3.12/site-packages/oslo_config/cfg.py:3253}}
Jun 29 04:28:10.159315 np0000183341 nova-scheduler[108478]: DEBUG cotyledon.oslo_config_glue [-] oslo_limit.service_name = None {{(pid=108478) log_opt_values /opt/stack/data/venv/lib/python3.12/site-packages/oslo_config/cfg.py:3253}}
Jun 29 04:28:10.159315 np0000183341 nova-scheduler[108478]: DEBUG cotyledon.oslo_config_glue [-] oslo_limit.service_type = None {{(pid=108478) log_opt_values /opt/stack/data/venv/lib/python3.12/site-packages/oslo_config/cfg.py:3253}}
Jun 29 04:28:10.159315 np0000183341 nova-scheduler[108478]: DEBUG cotyledon.oslo_config_glue [-] oslo_limit.split_loggers = False {{(pid=108478) log_opt_values /opt/stack/data/venv/lib/python3.12/site-packages/oslo_config/cfg.py:3253}}
Jun 29 04:28:10.159315 np0000183341 nova-scheduler[108478]: DEBUG cotyledon.oslo_config_glue [-] oslo_limit.status_code_retries = None {{(pid=108478) log_opt_values /opt/stack/data/venv/lib/python3.12/site-packages/oslo_config/cfg.py:3253}}
Jun 29 04:28:10.159315 np0000183341 nova-scheduler[108478]: DEBUG cotyledon.oslo_config_glue [-] oslo_limit.status_code_retry_delay = None {{(pid=108478) log_opt_values /opt/stack/data/venv/lib/python3.12/site-packages/oslo_config/cfg.py:3253}}
Jun 29 04:28:10.159315 np0000183341 nova-scheduler[108478]: DEBUG cotyledon.oslo_config_glue [-] oslo_limit.timeout = None {{(pid=108478) log_opt_values /opt/stack/data/venv/lib/python3.12/site-packages/oslo_config/cfg.py:3253}}
Jun 29 04:28:10.159315 np0000183341 nova-scheduler[108478]: DEBUG cotyledon.oslo_config_glue [-] oslo_limit.valid_interfaces = None {{(pid=108478) log_opt_values /opt/stack/data/venv/lib/python3.12/site-packages/oslo_config/cfg.py:3253}}
Jun 29 04:28:10.159499 np0000183341 nova-scheduler[108478]: DEBUG cotyledon.oslo_config_glue [-] oslo_limit.version = None {{(pid=108478) log_opt_values /opt/stack/data/venv/lib/python3.12/site-packages/oslo_config/cfg.py:3253}}
Jun 29 04:28:10.159499 np0000183341 nova-scheduler[108478]: DEBUG cotyledon.oslo_config_glue [-] oslo_reports.file_event_handler = None {{(pid=108478) log_opt_values /opt/stack/data/venv/lib/python3.12/site-packages/oslo_config/cfg.py:3253}}
Jun 29 04:28:10.159499 np0000183341 nova-scheduler[108478]: DEBUG cotyledon.oslo_config_glue [-] oslo_reports.file_event_handler_interval = 1 {{(pid=108478) log_opt_values /opt/stack/data/venv/lib/python3.12/site-packages/oslo_config/cfg.py:3253}}
Jun 29 04:28:10.159499 np0000183341 nova-scheduler[108478]: DEBUG cotyledon.oslo_config_glue [-] oslo_reports.log_dir = None {{(pid=108478) log_opt_values /opt/stack/data/venv/lib/python3.12/site-packages/oslo_config/cfg.py:3253}}
Jun 29 04:28:10.159499 np0000183341 nova-scheduler[108478]: DEBUG cotyledon.oslo_config_glue [-] ******************************************************************************** {{(pid=108478) log_opt_values /opt/stack/data/venv/lib/python3.12/site-packages/oslo_config/cfg.py:3260}}
Jun 29 04:28:10.159499 np0000183341 nova-scheduler[108478]: DEBUG cotyledon._service_worker [-] Run service ServiceWrapper(3) [108478] {{(pid=108478) wait_forever /opt/stack/data/venv/lib/python3.12/site-packages/cotyledon/_service_worker.py:218}}
Jun 29 04:28:10.159624 np0000183341 nova-scheduler[108450]: DEBUG oslo_db.sqlalchemy.engines [None req-9feae587-3404-49b3-919a-18974e9cc24a None None] MySQL server mode set to STRICT_TRANS_TABLES,STRICT_ALL_TABLES,NO_ZERO_IN_DATE,NO_ZERO_DATE,ERROR_FOR_DIVISION_BY_ZERO,TRADITIONAL,NO_ENGINE_SUBSTITUTION {{(pid=108450) _check_effective_sql_mode /opt/stack/data/venv/lib/python3.12/site-packages/oslo_db/sqlalchemy/engines.py:325}}
Jun 29 04:28:10.159682 np0000183341 nova-scheduler[108478]: INFO nova.service [-] Starting scheduler node (version 33.1.0)
Jun 29 04:28:10.163134 np0000183341 nova-scheduler[108478]: INFO dbcounter [None req-e3cf5e31-cbd2-4484-9bb0-82d74e88c76b None None] Registered counter for database nova_cell0
Jun 29 04:28:10.164431 np0000183341 nova-scheduler[108450]: DEBUG dbcounter [-] [108450] Writer thread running {{(pid=108450) stat_writer /opt/stack/data/venv/lib/python3.12/site-packages/dbcounter.py:102}}
Jun 29 04:28:10.171582 np0000183341 nova-scheduler[108459]: DEBUG oslo_db.sqlalchemy.engines [None req-493cb1dd-6732-4dec-a7d1-ff1bca423398 None None] MySQL server mode set to STRICT_TRANS_TABLES,STRICT_ALL_TABLES,NO_ZERO_IN_DATE,NO_ZERO_DATE,ERROR_FOR_DIVISION_BY_ZERO,TRADITIONAL,NO_ENGINE_SUBSTITUTION {{(pid=108459) _check_effective_sql_mode /opt/stack/data/venv/lib/python3.12/site-packages/oslo_db/sqlalchemy/engines.py:325}}
Jun 29 04:28:10.176239 np0000183341 nova-scheduler[108467]: DEBUG oslo_db.sqlalchemy.engines [None req-06eda2a8-98e6-4b49-8d62-66b489c439ec None None] MySQL server mode set to STRICT_TRANS_TABLES,STRICT_ALL_TABLES,NO_ZERO_IN_DATE,NO_ZERO_DATE,ERROR_FOR_DIVISION_BY_ZERO,TRADITIONAL,NO_ENGINE_SUBSTITUTION {{(pid=108467) _check_effective_sql_mode /opt/stack/data/venv/lib/python3.12/site-packages/oslo_db/sqlalchemy/engines.py:325}}
Jun 29 04:28:10.183744 np0000183341 nova-scheduler[108459]: DEBUG dbcounter [-] [108459] Writer thread running {{(pid=108459) stat_writer /opt/stack/data/venv/lib/python3.12/site-packages/dbcounter.py:102}}
Jun 29 04:28:10.188907 np0000183341 nova-scheduler[108450]: DEBUG nova.service [None req-9feae587-3404-49b3-919a-18974e9cc24a None None] Creating RPC server for service: nova-scheduler on topic: scheduler {{(pid=108450) start /opt/stack/nova/nova/service.py:196}}
Jun 29 04:28:10.192022 np0000183341 nova-scheduler[108467]: DEBUG dbcounter [-] [108467] Writer thread running {{(pid=108467) stat_writer /opt/stack/data/venv/lib/python3.12/site-packages/dbcounter.py:102}}
Jun 29 04:28:10.195231 np0000183341 nova-scheduler[108467]: DEBUG nova.service [None req-06eda2a8-98e6-4b49-8d62-66b489c439ec None None] Creating RPC server for service: nova-scheduler on topic: scheduler {{(pid=108467) start /opt/stack/nova/nova/service.py:196}}
Jun 29 04:28:10.206692 np0000183341 nova-scheduler[108459]: DEBUG nova.service [None req-493cb1dd-6732-4dec-a7d1-ff1bca423398 None None] Creating RPC server for service: nova-scheduler on topic: scheduler {{(pid=108459) start /opt/stack/nova/nova/service.py:196}}
Jun 29 04:28:10.207477 np0000183341 nova-scheduler[108478]: DEBUG oslo_db.sqlalchemy.engines [None req-e3cf5e31-cbd2-4484-9bb0-82d74e88c76b None None] MySQL server mode set to STRICT_TRANS_TABLES,STRICT_ALL_TABLES,NO_ZERO_IN_DATE,NO_ZERO_DATE,ERROR_FOR_DIVISION_BY_ZERO,TRADITIONAL,NO_ENGINE_SUBSTITUTION {{(pid=108478) _check_effective_sql_mode /opt/stack/data/venv/lib/python3.12/site-packages/oslo_db/sqlalchemy/engines.py:325}}
Jun 29 04:28:10.219911 np0000183341 nova-scheduler[108478]: DEBUG dbcounter [-] [108478] Writer thread running {{(pid=108478) stat_writer /opt/stack/data/venv/lib/python3.12/site-packages/dbcounter.py:102}}
Jun 29 04:28:10.223116 np0000183341 nova-scheduler[108478]: DEBUG nova.service [None req-e3cf5e31-cbd2-4484-9bb0-82d74e88c76b None None] Creating RPC server for service: nova-scheduler on topic: scheduler {{(pid=108478) start /opt/stack/nova/nova/service.py:196}}
Jun 29 04:28:10.223451 np0000183341 nova-scheduler[108450]: DEBUG nova.service [None req-9feae587-3404-49b3-919a-18974e9cc24a None None] Join ServiceGroup membership for this service scheduler {{(pid=108450) start /opt/stack/nova/nova/service.py:222}}
Jun 29 04:28:10.225435 np0000183341 nova-scheduler[108450]: DEBUG nova.servicegroup.drivers.db [None req-9feae587-3404-49b3-919a-18974e9cc24a None None] DB_Driver: join new ServiceGroup member np0000183341 to the scheduler group, service = {{(pid=108450) join /opt/stack/nova/nova/servicegroup/drivers/db.py:44}}
Jun 29 04:28:10.226442 np0000183341 nova-scheduler[108467]: DEBUG nova.service [None req-06eda2a8-98e6-4b49-8d62-66b489c439ec None None] Join ServiceGroup membership for this service scheduler {{(pid=108467) start /opt/stack/nova/nova/service.py:222}}
Jun 29 04:28:10.227082 np0000183341 nova-scheduler[108467]: DEBUG nova.servicegroup.drivers.db [None req-06eda2a8-98e6-4b49-8d62-66b489c439ec None None] DB_Driver: join new ServiceGroup member np0000183341 to the scheduler group, service = {{(pid=108467) join /opt/stack/nova/nova/servicegroup/drivers/db.py:44}}
Jun 29 04:28:10.238122 np0000183341 nova-scheduler[108459]: DEBUG nova.service [None req-493cb1dd-6732-4dec-a7d1-ff1bca423398 None None] Join ServiceGroup membership for this service scheduler {{(pid=108459) start /opt/stack/nova/nova/service.py:222}}
Jun 29 04:28:10.238305 np0000183341 nova-scheduler[108459]: DEBUG nova.servicegroup.drivers.db [None req-493cb1dd-6732-4dec-a7d1-ff1bca423398 None None] DB_Driver: join new ServiceGroup member np0000183341 to the scheduler group, service = {{(pid=108459) join /opt/stack/nova/nova/servicegroup/drivers/db.py:44}}
Jun 29 04:28:10.243422 np0000183341 nova-scheduler[108478]: DEBUG nova.service [None req-e3cf5e31-cbd2-4484-9bb0-82d74e88c76b None None] Join ServiceGroup membership for this service scheduler {{(pid=108478) start /opt/stack/nova/nova/service.py:222}}
Jun 29 04:28:10.243664 np0000183341 nova-scheduler[108478]: DEBUG nova.servicegroup.drivers.db [None req-e3cf5e31-cbd2-4484-9bb0-82d74e88c76b None None] DB_Driver: join new ServiceGroup member np0000183341 to the scheduler group, service = {{(pid=108478) join /opt/stack/nova/nova/servicegroup/drivers/db.py:44}}
Jun 29 04:28:15.242037 np0000183341 nova-scheduler[108450]: DEBUG oslo.service.backend._threading.loopingcall [-] Fixed interval looping call 'nova.servicegroup.drivers.db.DbDriver._report_state' sleeping for 119.99 seconds {{(pid=108450) _run_loop /opt/stack/data/venv/lib/python3.12/site-packages/oslo_service/backend/_threading/loopingcall.py:125}}
Jun 29 04:28:15.250352 np0000183341 nova-scheduler[108459]: DEBUG oslo.service.backend._threading.loopingcall [-] Fixed interval looping call 'nova.servicegroup.drivers.db.DbDriver._report_state' sleeping for 119.99 seconds {{(pid=108459) _run_loop /opt/stack/data/venv/lib/python3.12/site-packages/oslo_service/backend/_threading/loopingcall.py:125}}
Jun 29 04:28:15.255468 np0000183341 nova-scheduler[108467]: DEBUG oslo.service.backend._threading.loopingcall [-] Fixed interval looping call 'nova.servicegroup.drivers.db.DbDriver._report_state' sleeping for 119.98 seconds {{(pid=108467) _run_loop /opt/stack/data/venv/lib/python3.12/site-packages/oslo_service/backend/_threading/loopingcall.py:125}}
Jun 29 04:28:15.257750 np0000183341 nova-scheduler[108478]: DEBUG oslo.service.backend._threading.loopingcall [-] Fixed interval looping call 'nova.servicegroup.drivers.db.DbDriver._report_state' sleeping for 119.99 seconds {{(pid=108478) _run_loop /opt/stack/data/venv/lib/python3.12/site-packages/oslo_service/backend/_threading/loopingcall.py:125}}
Jun 29 04:28:18.744999 np0000183341 nova-scheduler[107776]: DEBUG dbcounter [-] [107776] Writing DB stats nova_api:SELECT=3 {{(pid=107776) stat_writer /opt/stack/data/venv/lib/python3.12/site-packages/dbcounter.py:115}}
Jun 29 04:28:18.891177 np0000183341 nova-scheduler[107776]: DEBUG dbcounter [-] [107776] Writing DB stats nova_cell0:SELECT=1 {{(pid=107776) stat_writer /opt/stack/data/venv/lib/python3.12/site-packages/dbcounter.py:115}}
Jun 29 04:28:18.896613 np0000183341 nova-scheduler[107776]: DEBUG dbcounter [-] [107776] Writing DB stats nova_cell1:SELECT=1 {{(pid=107776) stat_writer /opt/stack/data/venv/lib/python3.12/site-packages/dbcounter.py:115}}
Jun 29 04:28:25.236939 np0000183341 nova-scheduler[108450]: DEBUG dbcounter [-] [108450] Writing DB stats nova_cell0:SELECT=4,nova_cell0:INSERT=1,nova_cell0:UPDATE=1 {{(pid=108450) stat_writer /opt/stack/data/venv/lib/python3.12/site-packages/dbcounter.py:115}}
Jun 29 04:28:25.245215 np0000183341 nova-scheduler[108459]: DEBUG dbcounter [-] [108459] Writing DB stats nova_cell0:SELECT=4,nova_cell0:INSERT=1 {{(pid=108459) stat_writer /opt/stack/data/venv/lib/python3.12/site-packages/dbcounter.py:115}}
Jun 29 04:28:25.252659 np0000183341 nova-scheduler[108467]: DEBUG dbcounter [-] [108467] Writing DB stats nova_cell0:SELECT=3 {{(pid=108467) stat_writer /opt/stack/data/venv/lib/python3.12/site-packages/dbcounter.py:115}}
Jun 29 04:28:25.255718 np0000183341 nova-scheduler[108478]: DEBUG dbcounter [-] [108478] Writing DB stats nova_cell0:SELECT=3 {{(pid=108478) stat_writer /opt/stack/data/venv/lib/python3.12/site-packages/dbcounter.py:115}}
Jun 29 04:28:47.242306 np0000183341 nova-scheduler[108459]: DEBUG oslo.service.backend._threading.loopingcall [None req-7c9a03d0-47ed-4452-bba4-7ec7c6af78a6 None None] Dynamic interval looping call 'nova.service.Service.periodic_tasks' sleeping for 60.00 seconds {{(pid=108459) _run_loop /opt/stack/data/venv/lib/python3.12/site-packages/oslo_service/backend/_threading/loopingcall.py:125}}
Jun 29 04:28:49.228320 np0000183341 nova-scheduler[108450]: DEBUG oslo.service.backend._threading.loopingcall [None req-f675a133-c96b-4bad-b86f-cd89ea4aad9a None None] Dynamic interval looping call 'nova.service.Service.periodic_tasks' sleeping for 60.00 seconds {{(pid=108450) _run_loop /opt/stack/data/venv/lib/python3.12/site-packages/oslo_service/backend/_threading/loopingcall.py:125}}
Jun 29 04:28:50.246135 np0000183341 nova-scheduler[108478]: DEBUG oslo.service.backend._threading.loopingcall [None req-98765b25-3dc6-48a7-934a-951df910087a None None] Dynamic interval looping call 'nova.service.Service.periodic_tasks' sleeping for 60.00 seconds {{(pid=108478) _run_loop /opt/stack/data/venv/lib/python3.12/site-packages/oslo_service/backend/_threading/loopingcall.py:125}}
Jun 29 04:29:03.232314 np0000183341 nova-scheduler[108467]: DEBUG oslo.service.backend._threading.loopingcall [None req-80ddcd9a-5952-4f89-9839-75d49e5297ee None None] Dynamic interval looping call 'nova.service.Service.periodic_tasks' sleeping for 60.00 seconds {{(pid=108467) _run_loop /opt/stack/data/venv/lib/python3.12/site-packages/oslo_service/backend/_threading/loopingcall.py:125}}
Jun 29 04:29:47.243047 np0000183341 nova-scheduler[108459]: DEBUG oslo.service.backend._threading.loopingcall [None req-7c9a03d0-47ed-4452-bba4-7ec7c6af78a6 None None] Dynamic interval looping call 'nova.service.Service.periodic_tasks' sleeping for 60.00 seconds {{(pid=108459) _run_loop /opt/stack/data/venv/lib/python3.12/site-packages/oslo_service/backend/_threading/loopingcall.py:125}}
Jun 29 04:29:49.229044 np0000183341 nova-scheduler[108450]: DEBUG oslo.service.backend._threading.loopingcall [None req-f675a133-c96b-4bad-b86f-cd89ea4aad9a None None] Dynamic interval looping call 'nova.service.Service.periodic_tasks' sleeping for 60.00 seconds {{(pid=108450) _run_loop /opt/stack/data/venv/lib/python3.12/site-packages/oslo_service/backend/_threading/loopingcall.py:125}}
Jun 29 04:29:50.247345 np0000183341 nova-scheduler[108478]: DEBUG oslo.service.backend._threading.loopingcall [None req-98765b25-3dc6-48a7-934a-951df910087a None None] Dynamic interval looping call 'nova.service.Service.periodic_tasks' sleeping for 60.00 seconds {{(pid=108478) _run_loop /opt/stack/data/venv/lib/python3.12/site-packages/oslo_service/backend/_threading/loopingcall.py:125}}
Jun 29 04:30:03.233955 np0000183341 nova-scheduler[108467]: DEBUG oslo.service.backend._threading.loopingcall [None req-80ddcd9a-5952-4f89-9839-75d49e5297ee None None] Dynamic interval looping call 'nova.service.Service.periodic_tasks' sleeping for 60.00 seconds {{(pid=108467) _run_loop /opt/stack/data/venv/lib/python3.12/site-packages/oslo_service/backend/_threading/loopingcall.py:125}}
Jun 29 04:30:15.243669 np0000183341 nova-scheduler[108450]: DEBUG oslo.service.backend._threading.loopingcall [-] Fixed interval looping call 'nova.servicegroup.drivers.db.DbDriver._report_state' sleeping for 119.99 seconds {{(pid=108450) _run_loop /opt/stack/data/venv/lib/python3.12/site-packages/oslo_service/backend/_threading/loopingcall.py:125}}
Jun 29 04:30:15.248465 np0000183341 nova-scheduler[108467]: DEBUG oslo.service.backend._threading.loopingcall [-] Fixed interval looping call 'nova.servicegroup.drivers.db.DbDriver._report_state' sleeping for 119.99 seconds {{(pid=108467) _run_loop /opt/stack/data/venv/lib/python3.12/site-packages/oslo_service/backend/_threading/loopingcall.py:125}}
Jun 29 04:30:15.251316 np0000183341 nova-scheduler[108459]: DEBUG oslo.service.backend._threading.loopingcall [-] Fixed interval looping call 'nova.servicegroup.drivers.db.DbDriver._report_state' sleeping for 119.99 seconds {{(pid=108459) _run_loop /opt/stack/data/venv/lib/python3.12/site-packages/oslo_service/backend/_threading/loopingcall.py:125}}
Jun 29 04:30:15.252730 np0000183341 nova-scheduler[108478]: DEBUG oslo.service.backend._threading.loopingcall [-] Fixed interval looping call 'nova.servicegroup.drivers.db.DbDriver._report_state' sleeping for 120.00 seconds {{(pid=108478) _run_loop /opt/stack/data/venv/lib/python3.12/site-packages/oslo_service/backend/_threading/loopingcall.py:125}}
Jun 29 04:30:25.237863 np0000183341 nova-scheduler[108450]: DEBUG dbcounter [-] [108450] Writing DB stats nova_cell0:SELECT=1,nova_cell0:UPDATE=1 {{(pid=108450) stat_writer /opt/stack/data/venv/lib/python3.12/site-packages/dbcounter.py:115}}
Jun 29 04:30:25.243808 np0000183341 nova-scheduler[108459]: DEBUG dbcounter [-] [108459] Writing DB stats nova_cell0:SELECT=1 {{(pid=108459) stat_writer /opt/stack/data/venv/lib/python3.12/site-packages/dbcounter.py:115}}
Jun 29 04:30:25.246685 np0000183341 nova-scheduler[108467]: DEBUG dbcounter [-] [108467] Writing DB stats nova_cell0:SELECT=1,nova_cell0:UPDATE=1 {{(pid=108467) stat_writer /opt/stack/data/venv/lib/python3.12/site-packages/dbcounter.py:115}}
Jun 29 04:30:25.250923 np0000183341 nova-scheduler[108478]: DEBUG dbcounter [-] [108478] Writing DB stats nova_cell0:SELECT=1 {{(pid=108478) stat_writer /opt/stack/data/venv/lib/python3.12/site-packages/dbcounter.py:115}}
Jun 29 04:30:47.244059 np0000183341 nova-scheduler[108459]: DEBUG oslo.service.backend._threading.loopingcall [None req-7c9a03d0-47ed-4452-bba4-7ec7c6af78a6 None None] Dynamic interval looping call 'nova.service.Service.periodic_tasks' sleeping for 60.00 seconds {{(pid=108459) _run_loop /opt/stack/data/venv/lib/python3.12/site-packages/oslo_service/backend/_threading/loopingcall.py:125}}
Jun 29 04:30:49.230026 np0000183341 nova-scheduler[108450]: DEBUG oslo.service.backend._threading.loopingcall [None req-f675a133-c96b-4bad-b86f-cd89ea4aad9a None None] Dynamic interval looping call 'nova.service.Service.periodic_tasks' sleeping for 60.00 seconds {{(pid=108450) _run_loop /opt/stack/data/venv/lib/python3.12/site-packages/oslo_service/backend/_threading/loopingcall.py:125}}
Jun 29 04:30:50.248400 np0000183341 nova-scheduler[108478]: DEBUG oslo.service.backend._threading.loopingcall [None req-98765b25-3dc6-48a7-934a-951df910087a None None] Dynamic interval looping call 'nova.service.Service.periodic_tasks' sleeping for 60.00 seconds {{(pid=108478) _run_loop /opt/stack/data/venv/lib/python3.12/site-packages/oslo_service/backend/_threading/loopingcall.py:125}}
Jun 29 04:31:03.235467 np0000183341 nova-scheduler[108467]: DEBUG oslo.service.backend._threading.loopingcall [None req-80ddcd9a-5952-4f89-9839-75d49e5297ee None None] Dynamic interval looping call 'nova.service.Service.periodic_tasks' sleeping for 60.00 seconds {{(pid=108467) _run_loop /opt/stack/data/venv/lib/python3.12/site-packages/oslo_service/backend/_threading/loopingcall.py:125}}
Jun 29 04:31:47.244494 np0000183341 nova-scheduler[108459]: DEBUG oslo.service.backend._threading.loopingcall [None req-7c9a03d0-47ed-4452-bba4-7ec7c6af78a6 None None] Dynamic interval looping call 'nova.service.Service.periodic_tasks' sleeping for 60.00 seconds {{(pid=108459) _run_loop /opt/stack/data/venv/lib/python3.12/site-packages/oslo_service/backend/_threading/loopingcall.py:125}}
Jun 29 04:31:49.230854 np0000183341 nova-scheduler[108450]: DEBUG oslo.service.backend._threading.loopingcall [None req-f675a133-c96b-4bad-b86f-cd89ea4aad9a None None] Dynamic interval looping call 'nova.service.Service.periodic_tasks' sleeping for 60.00 seconds {{(pid=108450) _run_loop /opt/stack/data/venv/lib/python3.12/site-packages/oslo_service/backend/_threading/loopingcall.py:125}}
Jun 29 04:31:50.253156 np0000183341 nova-scheduler[108478]: DEBUG oslo.service.backend._threading.loopingcall [None req-98765b25-3dc6-48a7-934a-951df910087a None None] Dynamic interval looping call 'nova.service.Service.periodic_tasks' sleeping for 60.00 seconds {{(pid=108478) _run_loop /opt/stack/data/venv/lib/python3.12/site-packages/oslo_service/backend/_threading/loopingcall.py:125}}
Jun 29 04:32:03.236247 np0000183341 nova-scheduler[108467]: DEBUG oslo.service.backend._threading.loopingcall [None req-80ddcd9a-5952-4f89-9839-75d49e5297ee None None] Dynamic interval looping call 'nova.service.Service.periodic_tasks' sleeping for 60.00 seconds {{(pid=108467) _run_loop /opt/stack/data/venv/lib/python3.12/site-packages/oslo_service/backend/_threading/loopingcall.py:125}}
Jun 29 04:32:15.242464 np0000183341 nova-scheduler[108450]: DEBUG oslo.service.backend._threading.loopingcall [-] Fixed interval looping call 'nova.servicegroup.drivers.db.DbDriver._report_state' sleeping for 119.99 seconds {{(pid=108450) _run_loop /opt/stack/data/venv/lib/python3.12/site-packages/oslo_service/backend/_threading/loopingcall.py:125}}
Jun 29 04:32:15.248427 np0000183341 nova-scheduler[108467]: DEBUG oslo.service.backend._threading.loopingcall [-] Fixed interval looping call 'nova.servicegroup.drivers.db.DbDriver._report_state' sleeping for 119.99 seconds {{(pid=108467) _run_loop /opt/stack/data/venv/lib/python3.12/site-packages/oslo_service/backend/_threading/loopingcall.py:125}}
Jun 29 04:32:15.249227 np0000183341 nova-scheduler[108459]: DEBUG oslo.service.backend._threading.loopingcall [-] Fixed interval looping call 'nova.servicegroup.drivers.db.DbDriver._report_state' sleeping for 119.99 seconds {{(pid=108459) _run_loop /opt/stack/data/venv/lib/python3.12/site-packages/oslo_service/backend/_threading/loopingcall.py:125}}
Jun 29 04:32:15.258680 np0000183341 nova-scheduler[108478]: DEBUG oslo.service.backend._threading.loopingcall [-] Fixed interval looping call 'nova.servicegroup.drivers.db.DbDriver._report_state' sleeping for 119.99 seconds {{(pid=108478) _run_loop /opt/stack/data/venv/lib/python3.12/site-packages/oslo_service/backend/_threading/loopingcall.py:125}}
Jun 29 04:32:25.239262 np0000183341 nova-scheduler[108450]: DEBUG dbcounter [-] [108450] Writing DB stats nova_cell0:SELECT=1,nova_cell0:UPDATE=1 {{(pid=108450) stat_writer /opt/stack/data/venv/lib/python3.12/site-packages/dbcounter.py:115}}
Jun 29 04:32:25.245843 np0000183341 nova-scheduler[108467]: DEBUG dbcounter [-] [108467] Writing DB stats nova_cell0:SELECT=1 {{(pid=108467) stat_writer /opt/stack/data/venv/lib/python3.12/site-packages/dbcounter.py:115}}
Jun 29 04:32:25.246338 np0000183341 nova-scheduler[108459]: DEBUG dbcounter [-] [108459] Writing DB stats nova_cell0:SELECT=1 {{(pid=108459) stat_writer /opt/stack/data/venv/lib/python3.12/site-packages/dbcounter.py:115}}
Jun 29 04:32:25.255748 np0000183341 nova-scheduler[108478]: DEBUG dbcounter [-] [108478] Writing DB stats nova_cell0:SELECT=1 {{(pid=108478) stat_writer /opt/stack/data/venv/lib/python3.12/site-packages/dbcounter.py:115}}
Jun 29 04:32:46.599585 np0000183341 nova-scheduler[108450]: DEBUG nova.scheduler.manager [None req-9d09d556-bf0a-4a8c-ac05-9197e2436016 demo demo] Starting to schedule for instances: ['7ddd87ac-dd4b-48c6-90ab-120bb4b1b4e7'] {{(pid=108450) select_destinations /opt/stack/nova/nova/scheduler/manager.py:209}}
Jun 29 04:32:46.602589 np0000183341 nova-scheduler[108450]: DEBUG oslo_db.sqlalchemy.engines [None req-9d09d556-bf0a-4a8c-ac05-9197e2436016 demo demo] Parent process 107776 forked (108450) with an open database connection, which is being discarded and recreated. {{(pid=108450) checkout /opt/stack/data/venv/lib/python3.12/site-packages/oslo_db/sqlalchemy/engines.py:402}}
Jun 29 04:32:46.643109 np0000183341 nova-scheduler[108450]: DEBUG dbcounter [-] [108450] Writer thread running {{(pid=108450) stat_writer /opt/stack/data/venv/lib/python3.12/site-packages/dbcounter.py:102}}
