2026-04-28 03:59:40.758 8 INFO neutron.api.extensions [None req-40b53571-f8a4-432c-8f1f-a527dec2a418 - - - - - -] Loaded extension: network-ip-availability
2026-04-28 03:59:40.758 7 INFO neutron.api.extensions [None req-4705e8cb-e15e-4729-98dd-7fb299b1ec14 - - - - - -] Loaded extension: standard-attr-timestamp
2026-04-28 03:59:40.759 7 INFO neutron.api.extensions [None req-4705e8cb-e15e-4729-98dd-7fb299b1ec14 - - - - - -] Loaded extension: trunk
2026-04-28 03:59:40.759 8 INFO neutron.api.extensions [None req-40b53571-f8a4-432c-8f1f-a527dec2a418 - - - - - -] Loaded extension: network-ip-availability-details
2026-04-28 03:59:40.760 7 INFO neutron.api.extensions [None req-4705e8cb-e15e-4729-98dd-7fb299b1ec14 - - - - - -] Loaded extension: trunk-details
2026-04-28 03:59:40.760 7 INFO neutron.api.extensions [None req-4705e8cb-e15e-4729-98dd-7fb299b1ec14 - - - - - -] Extension uplink-status-propagation not supported by any of loaded plugins
2026-04-28 03:59:40.760 8 INFO neutron.api.extensions [None req-40b53571-f8a4-432c-8f1f-a527dec2a418 - - - - - -] Extension network-segment-range not supported by any of loaded plugins
2026-04-28 03:59:40.761 7 INFO neutron.api.extensions [None req-4705e8cb-e15e-4729-98dd-7fb299b1ec14 - - - - - -] Extension uplink-status-propagation-updatable not supported by any of loaded plugins
2026-04-28 03:59:40.761 8 INFO neutron.api.extensions [None req-40b53571-f8a4-432c-8f1f-a527dec2a418 - - - - - -] Loaded extension: pagination
2026-04-28 03:59:40.761 7 INFO neutron.api.extensions [None req-4705e8cb-e15e-4729-98dd-7fb299b1ec14 - - - - - -] Extension vlan-transparent not supported by any of loaded plugins
2026-04-28 03:59:40.762 8 INFO neutron.api.extensions [None req-40b53571-f8a4-432c-8f1f-a527dec2a418 - - - - - -] Loaded extension: port-device-profile
2026-04-28 03:59:40.762 7 INFO neutron.api.extensions [None req-4705e8cb-e15e-4729-98dd-7fb299b1ec14 - - - - - -] Loaded extension: vpn-aes-ctr
2026-04-28 03:59:40.762 8 INFO neutron.api.extensions [None req-40b53571-f8a4-432c-8f1f-a527dec2a418 - - - - - -] Extension port-hardware-offload-type not supported by any of loaded plugins
2026-04-28 03:59:40.763 8 INFO neutron.api.extensions [None req-40b53571-f8a4-432c-8f1f-a527dec2a418 - - - - - -] Extension port-hint-ovs-tx-steering not supported by any of loaded plugins
2026-04-28 03:59:40.763 8 INFO neutron.api.extensions [None req-40b53571-f8a4-432c-8f1f-a527dec2a418 - - - - - -] Extension port-hints not supported by any of loaded plugins
2026-04-28 03:59:40.764 7 INFO neutron.api.extensions [None req-4705e8cb-e15e-4729-98dd-7fb299b1ec14 - - - - - -] Extension vpn-agent-scheduler not supported by any of loaded plugins
2026-04-28 03:59:40.764 8 INFO neutron.api.extensions [None req-40b53571-f8a4-432c-8f1f-a527dec2a418 - - - - - -] Loaded extension: port-mac-override
2026-04-28 03:59:40.764 7 INFO neutron.api.extensions [None req-4705e8cb-e15e-4729-98dd-7fb299b1ec14 - - - - - -] Loaded extension: vpn-endpoint-groups
2026-04-28 03:59:40.765 8 INFO neutron.api.extensions [None req-40b53571-f8a4-432c-8f1f-a527dec2a418 - - - - - -] Loaded extension: port-mac-address-regenerate
2026-04-28 03:59:40.765 7 INFO neutron.api.extensions [None req-4705e8cb-e15e-4729-98dd-7fb299b1ec14 - - - - - -] Loaded extension: vpn-flavors
2026-04-28 03:59:40.765 8 INFO neutron.api.extensions [None req-40b53571-f8a4-432c-8f1f-a527dec2a418 - - - - - -] Loaded extension: port-numa-affinity-policy
2026-04-28 03:59:40.766 8 INFO neutron.api.extensions [None req-40b53571-f8a4-432c-8f1f-a527dec2a418 - - - - - -] Loaded extension: port-numa-affinity-policy-socket
2026-04-28 03:59:40.766 8 INFO neutron.api.extensions [None req-40b53571-f8a4-432c-8f1f-a527dec2a418 - - - - - -] Loaded extension: port-resource-request
2026-04-28 03:59:40.767 7 INFO neutron.api.extensions [None req-4705e8cb-e15e-4729-98dd-7fb299b1ec14 - - - - - -] Loaded extension: vpnaas
2026-04-28 03:59:40.767 8 INFO neutron.api.extensions [None req-40b53571-f8a4-432c-8f1f-a527dec2a418 - - - - - -] Loaded extension: port-resource-request-groups
2026-04-28 03:59:40.768 8 INFO neutron.api.extensions [None req-40b53571-f8a4-432c-8f1f-a527dec2a418 - - - - - -] Extension port-trusted-vif not supported by any of loaded plugins
2026-04-28 03:59:40.768 7 INFO neutron.api.extensions [None req-4705e8cb-e15e-4729-98dd-7fb299b1ec14 - - - - - -] Loaded extension: taas
2026-04-28 03:59:40.768 8 INFO neutron.api.extensions [None req-40b53571-f8a4-432c-8f1f-a527dec2a418 - - - - - -] Loaded extension: binding
2026-04-28 03:59:40.769 7 INFO neutron.api.extensions [None req-4705e8cb-e15e-4729-98dd-7fb299b1ec14 - - - - - -] Loaded extension: tap-mirror
2026-04-28 03:59:40.769 8 INFO neutron.api.extensions [None req-40b53571-f8a4-432c-8f1f-a527dec2a418 - - - - - -] Loaded extension: binding-extended
2026-04-28 03:59:40.770 7 INFO neutron.api.extensions [None req-4705e8cb-e15e-4729-98dd-7fb299b1ec14 - - - - - -] Loaded extension: tap-mirror-both-direction
2026-04-28 03:59:40.770 8 INFO neutron.api.extensions [None req-40b53571-f8a4-432c-8f1f-a527dec2a418 - - - - - -] Loaded extension: port-security
2026-04-28 03:59:40.770 7 INFO neutron.api.extensions [None req-4705e8cb-e15e-4729-98dd-7fb299b1ec14 - - - - - -] Loaded extension: taas-vlan-filter
2026-04-28 03:59:40.770 8 INFO neutron.api.extensions [None req-40b53571-f8a4-432c-8f1f-a527dec2a418 - - - - - -] Loaded extension: project-id
2026-04-28 03:59:40.771 8 INFO neutron.api.extensions [None req-40b53571-f8a4-432c-8f1f-a527dec2a418 - - - - - -] Loaded extension: provider
2026-04-28 03:59:40.772 8 INFO neutron.api.extensions [None req-40b53571-f8a4-432c-8f1f-a527dec2a418 - - - - - -] Extension qinq not supported by any of loaded plugins
2026-04-28 03:59:40.772 7 INFO neutron.quota.resource_registry [None req-4705e8cb-e15e-4729-98dd-7fb299b1ec14 - - - - - -] Creating instance of TrackedResource for resource:network
2026-04-28 03:59:40.773 7 INFO neutron.quota.resource_registry [None req-4705e8cb-e15e-4729-98dd-7fb299b1ec14 - - - - - -] Creating instance of TrackedResource for resource:subnet
2026-04-28 03:59:40.773 7 INFO neutron.quota.resource_registry [None req-4705e8cb-e15e-4729-98dd-7fb299b1ec14 - - - - - -] Creating instance of TrackedResource for resource:subnetpool
2026-04-28 03:59:40.773 7 INFO neutron.quota.resource_registry [None req-4705e8cb-e15e-4729-98dd-7fb299b1ec14 - - - - - -] Creating instance of TrackedResource for resource:port
2026-04-28 03:59:40.774 8 INFO neutron.api.extensions [None req-40b53571-f8a4-432c-8f1f-a527dec2a418 - - - - - -] Loaded extension: qos
2026-04-28 03:59:40.775 8 INFO neutron.api.extensions [None req-40b53571-f8a4-432c-8f1f-a527dec2a418 - - - - - -] Loaded extension: qos-bw-limit-direction
2026-04-28 03:59:40.776 8 INFO neutron.api.extensions [None req-40b53571-f8a4-432c-8f1f-a527dec2a418 - - - - - -] Loaded extension: qos-bw-minimum-ingress
2026-04-28 03:59:40.776 7 INFO neutron.quota.resource_registry [None req-4705e8cb-e15e-4729-98dd-7fb299b1ec14 - - - - - -] Creating instance of TrackedResource for resource:router
2026-04-28 03:59:40.776 7 INFO neutron.quota.resource_registry [None req-4705e8cb-e15e-4729-98dd-7fb299b1ec14 - - - - - -] Creating instance of TrackedResource for resource:floatingip
2026-04-28 03:59:40.777 8 INFO neutron.api.extensions [None req-40b53571-f8a4-432c-8f1f-a527dec2a418 - - - - - -] Loaded extension: qos-default
2026-04-28 03:59:40.778 8 INFO neutron.api.extensions [None req-40b53571-f8a4-432c-8f1f-a527dec2a418 - - - - - -] Loaded extension: qos-fip
2026-04-28 03:59:40.778 8 INFO neutron.api.extensions [None req-40b53571-f8a4-432c-8f1f-a527dec2a418 - - - - - -] Extension qos-fip-network-policy not supported by any of loaded plugins
2026-04-28 03:59:40.779 8 INFO neutron.api.extensions [None req-40b53571-f8a4-432c-8f1f-a527dec2a418 - - - - - -] Loaded extension: qos-gateway-ip
2026-04-28 03:59:40.779 8 INFO neutron.api.extensions [None req-40b53571-f8a4-432c-8f1f-a527dec2a418 - - - - - -] Loaded extension: qos-port-network-policy
2026-04-28 03:59:40.780 7 INFO neutron.quota.resource_registry [None req-4705e8cb-e15e-4729-98dd-7fb299b1ec14 - - - - - -] Creating instance of CountableResource for resource:rbac_policy
2026-04-28 03:59:40.780 8 INFO neutron.api.extensions [None req-40b53571-f8a4-432c-8f1f-a527dec2a418 - - - - - -] Loaded extension: qos-pps-minimum
2026-04-28 03:59:40.781 7 INFO neutron.quota.resource_registry [None req-4705e8cb-e15e-4729-98dd-7fb299b1ec14 - - - - - -] Creating instance of TrackedResource for resource:security_group
2026-04-28 03:59:40.781 7 INFO neutron.quota.resource_registry [None req-4705e8cb-e15e-4729-98dd-7fb299b1ec14 - - - - - -] Creating instance of TrackedResource for resource:security_group_rule
2026-04-28 03:59:40.781 8 INFO neutron.api.extensions [None req-40b53571-f8a4-432c-8f1f-a527dec2a418 - - - - - -] Loaded extension: qos-pps-minimum-rule-alias
2026-04-28 03:59:40.782 7 INFO neutron.quota.resource_registry [None req-4705e8cb-e15e-4729-98dd-7fb299b1ec14 - - - - - -] Creating instance of TrackedResource for resource:subnetpool
2026-04-28 03:59:40.782 7 WARNING neutron.quota.resource_registry [None req-4705e8cb-e15e-4729-98dd-7fb299b1ec14 - - - - - -] subnetpool is already registered
2026-04-28 03:59:40.782 8 INFO neutron.api.extensions [None req-40b53571-f8a4-432c-8f1f-a527dec2a418 - - - - - -] Loaded extension: qos-pps
2026-04-28 03:59:40.782 7 INFO neutron.quota.resource_registry [None req-4705e8cb-e15e-4729-98dd-7fb299b1ec14 - - - - - -] Creating instance of TrackedResource for resource:subnetpool
2026-04-28 03:59:40.783 7 WARNING neutron.quota.resource_registry [None req-4705e8cb-e15e-4729-98dd-7fb299b1ec14 - - - - - -] subnetpool is already registered
2026-04-28 03:59:40.783 8 INFO neutron.api.extensions [None req-40b53571-f8a4-432c-8f1f-a527dec2a418 - - - - - -] Loaded extension: qos-rule-type-details
2026-04-28 03:59:40.783 7 INFO neutron.quota.resource_registry [None req-4705e8cb-e15e-4729-98dd-7fb299b1ec14 - - - - - -] Creating instance of CountableResource for resource:trunk
2026-04-28 03:59:40.783 7 INFO neutron.quota.resource_registry [None req-4705e8cb-e15e-4729-98dd-7fb299b1ec14 - - - - - -] Creating instance of CountableResource for resource:ikepolicy
2026-04-28 03:59:40.784 8 INFO neutron.api.extensions [None req-40b53571-f8a4-432c-8f1f-a527dec2a418 - - - - - -] Loaded extension: qos-rule-type-filter
2026-04-28 03:59:40.784 7 INFO neutron.quota.resource_registry [None req-4705e8cb-e15e-4729-98dd-7fb299b1ec14 - - - - - -] Creating instance of CountableResource for resource:ipsecpolicy
2026-04-28 03:59:40.784 8 INFO neutron.api.extensions [None req-40b53571-f8a4-432c-8f1f-a527dec2a418 - - - - - -] Loaded extension: qos-rules-alias
2026-04-28 03:59:40.785 8 INFO neutron.api.extensions [None req-40b53571-f8a4-432c-8f1f-a527dec2a418 - - - - - -] Loaded extension: quota-check-limit
2026-04-28 03:59:40.786 7 INFO neutron.quota.resource_registry [None req-4705e8cb-e15e-4729-98dd-7fb299b1ec14 - - - - - -] Creating instance of CountableResource for resource:endpoint_group
2026-04-28 03:59:40.786 7 INFO neutron.quota.resource_registry [None req-4705e8cb-e15e-4729-98dd-7fb299b1ec14 - - - - - -] Creating instance of CountableResource for resource:vpnservice
2026-04-28 03:59:40.786 8 INFO neutron.api.extensions [None req-40b53571-f8a4-432c-8f1f-a527dec2a418 - - - - - -] Loaded extension: quota-check-limit-default
2026-04-28 03:59:40.786 7 INFO neutron.quota.resource_registry [None req-4705e8cb-e15e-4729-98dd-7fb299b1ec14 - - - - - -] Creating instance of CountableResource for resource:ipsec_site_connection
2026-04-28 03:59:40.787 7 INFO neutron.quota.resource_registry [None req-4705e8cb-e15e-4729-98dd-7fb299b1ec14 - - - - - -] Creating instance of CountableResource for resource:ipsecpolicy
2026-04-28 03:59:40.787 7 WARNING neutron.quota.resource_registry [None req-4705e8cb-e15e-4729-98dd-7fb299b1ec14 - - - - - -] ipsecpolicy is already registered
2026-04-28 03:59:40.787 7 INFO neutron.quota.resource_registry [None req-4705e8cb-e15e-4729-98dd-7fb299b1ec14 - - - - - -] Creating instance of CountableResource for resource:ikepolicy
2026-04-28 03:59:40.787 7 WARNING neutron.quota.resource_registry [None req-4705e8cb-e15e-4729-98dd-7fb299b1ec14 - - - - - -] ikepolicy is already registered
2026-04-28 03:59:40.789 8 INFO neutron.api.extensions [None req-40b53571-f8a4-432c-8f1f-a527dec2a418 - - - - - -] Loaded extension: quotas
2026-04-28 03:59:40.790 8 INFO neutron.api.extensions [None req-40b53571-f8a4-432c-8f1f-a527dec2a418 - - - - - -] Loaded extension: quota_details
2026-04-28 03:59:40.791 8 INFO neutron.api.extensions [None req-40b53571-f8a4-432c-8f1f-a527dec2a418 - - - - - -] Loaded extension: rbac-policies
2026-04-28 03:59:40.792 7 INFO neutron.quota.resource_registry [None req-4705e8cb-e15e-4729-98dd-7fb299b1ec14 - - - - - -] Creating instance of TrackedResource for resource:router
2026-04-28 03:59:40.792 7 WARNING neutron.quota.resource_registry [None req-4705e8cb-e15e-4729-98dd-7fb299b1ec14 - - - - - -] router is already registered
2026-04-28 03:59:40.792 8 INFO neutron.api.extensions [None req-40b53571-f8a4-432c-8f1f-a527dec2a418 - - - - - -] Loaded extension: rbac-address-group
2026-04-28 03:59:40.792 7 INFO neutron.quota.resource_registry [None req-4705e8cb-e15e-4729-98dd-7fb299b1ec14 - - - - - -] Creating instance of TrackedResource for resource:floatingip
2026-04-28 03:59:40.792 7 WARNING neutron.quota.resource_registry [None req-4705e8cb-e15e-4729-98dd-7fb299b1ec14 - - - - - -] floatingip is already registered
2026-04-28 03:59:40.793 8 INFO neutron.api.extensions [None req-40b53571-f8a4-432c-8f1f-a527dec2a418 - - - - - -] Loaded extension: rbac-address-scope
2026-04-28 03:59:40.793 8 INFO neutron.api.extensions [None req-40b53571-f8a4-432c-8f1f-a527dec2a418 - - - - - -] Loaded extension: rbac-security-groups
2026-04-28 03:59:40.794 8 INFO neutron.api.extensions [None req-40b53571-f8a4-432c-8f1f-a527dec2a418 - - - - - -] Loaded extension: rbac-subnetpool
2026-04-28 03:59:40.795 8 INFO neutron.api.extensions [None req-40b53571-f8a4-432c-8f1f-a527dec2a418 - - - - - -] Loaded extension: revision-if-match
2026-04-28 03:59:40.795 8 INFO neutron.api.extensions [None req-40b53571-f8a4-432c-8f1f-a527dec2a418 - - - - - -] Loaded extension: standard-attr-revisions
2026-04-28 03:59:40.796 7 INFO neutron.quota.resource_registry [None req-4705e8cb-e15e-4729-98dd-7fb299b1ec14 - - - - - -] Creating instance of CountableResource for resource:rbac_policy
2026-04-28 03:59:40.796 7 WARNING neutron.quota.resource_registry [None req-4705e8cb-e15e-4729-98dd-7fb299b1ec14 - - - - - -] rbac_policy is already registered
2026-04-28 03:59:40.796 8 INFO neutron.api.extensions [None req-40b53571-f8a4-432c-8f1f-a527dec2a418 - - - - - -] Loaded extension: router_availability_zone
2026-04-28 03:59:40.797 7 INFO neutron.quota.resource_registry [None req-4705e8cb-e15e-4729-98dd-7fb299b1ec14 - - - - - -] Creating instance of TrackedResource for resource:security_group
2026-04-28 03:59:40.797 7 WARNING neutron.quota.resource_registry [None req-4705e8cb-e15e-4729-98dd-7fb299b1ec14 - - - - - -] security_group is already registered
2026-04-28 03:59:40.797 8 INFO neutron.api.extensions [None req-40b53571-f8a4-432c-8f1f-a527dec2a418 - - - - - -] Extension router-enable-snat not supported by any of loaded plugins
2026-04-28 03:59:40.797 7 INFO neutron.quota.resource_registry [None req-4705e8cb-e15e-4729-98dd-7fb299b1ec14 - - - - - -] Creating instance of TrackedResource for resource:security_group_rule
2026-04-28 03:59:40.797 7 WARNING neutron.quota.resource_registry [None req-4705e8cb-e15e-4729-98dd-7fb299b1ec14 - - - - - -] security_group_rule is already registered
2026-04-28 03:59:40.798 8 INFO neutron.api.extensions [None req-40b53571-f8a4-432c-8f1f-a527dec2a418 - - - - - -] Extension router-service-type not supported by any of loaded plugins
2026-04-28 03:59:40.798 7 INFO neutron.quota.resource_registry [None req-4705e8cb-e15e-4729-98dd-7fb299b1ec14 - - - - - -] Creating instance of TrackedResource for resource:subnetpool
2026-04-28 03:59:40.798 7 WARNING neutron.quota.resource_registry [None req-4705e8cb-e15e-4729-98dd-7fb299b1ec14 - - - - - -] subnetpool is already registered
2026-04-28 03:59:40.799 7 INFO neutron.quota.resource_registry [None req-4705e8cb-e15e-4729-98dd-7fb299b1ec14 - - - - - -] Creating instance of TrackedResource for resource:subnetpool
2026-04-28 03:59:40.799 7 WARNING neutron.quota.resource_registry [None req-4705e8cb-e15e-4729-98dd-7fb299b1ec14 - - - - - -] subnetpool is already registered
2026-04-28 03:59:40.799 7 INFO neutron.quota.resource_registry [None req-4705e8cb-e15e-4729-98dd-7fb299b1ec14 - - - - - -] Creating instance of CountableResource for resource:trunk
2026-04-28 03:59:40.799 7 WARNING neutron.quota.resource_registry [None req-4705e8cb-e15e-4729-98dd-7fb299b1ec14 - - - - - -] trunk is already registered
2026-04-28 03:59:40.800 7 INFO neutron.quota.resource_registry [None req-4705e8cb-e15e-4729-98dd-7fb299b1ec14 - - - - - -] Creating instance of CountableResource for resource:ikepolicy
2026-04-28 03:59:40.800 7 WARNING neutron.quota.resource_registry [None req-4705e8cb-e15e-4729-98dd-7fb299b1ec14 - - - - - -] ikepolicy is already registered
2026-04-28 03:59:40.800 8 INFO neutron.api.extensions [None req-40b53571-f8a4-432c-8f1f-a527dec2a418 - - - - - -] Loaded extension: security-groups-default-rules
2026-04-28 03:59:40.800 7 INFO neutron.quota.resource_registry [None req-4705e8cb-e15e-4729-98dd-7fb299b1ec14 - - - - - -] Creating instance of CountableResource for resource:ipsecpolicy
2026-04-28 03:59:40.800 7 WARNING neutron.quota.resource_registry [None req-4705e8cb-e15e-4729-98dd-7fb299b1ec14 - - - - - -] ipsecpolicy is already registered
2026-04-28 03:59:40.801 7 INFO neutron.quota.resource_registry [None req-4705e8cb-e15e-4729-98dd-7fb299b1ec14 - - - - - -] Creating instance of CountableResource for resource:endpoint_group
2026-04-28 03:59:40.801 8 INFO neutron.api.extensions [None req-40b53571-f8a4-432c-8f1f-a527dec2a418 - - - - - -] Loaded extension: security-groups-normalized-cidr
2026-04-28 03:59:40.801 7 WARNING neutron.quota.resource_registry [None req-4705e8cb-e15e-4729-98dd-7fb299b1ec14 - - - - - -] endpoint_group is already registered
2026-04-28 03:59:40.801 7 INFO neutron.quota.resource_registry [None req-4705e8cb-e15e-4729-98dd-7fb299b1ec14 - - - - - -] Creating instance of CountableResource for resource:vpnservice
2026-04-28 03:59:40.801 7 WARNING neutron.quota.resource_registry [None req-4705e8cb-e15e-4729-98dd-7fb299b1ec14 - - - - - -] vpnservice is already registered
2026-04-28 03:59:40.801 8 INFO neutron.api.extensions [None req-40b53571-f8a4-432c-8f1f-a527dec2a418 - - - - - -] Loaded extension: port-security-groups-filtering
2026-04-28 03:59:40.802 7 INFO neutron.quota.resource_registry [None req-4705e8cb-e15e-4729-98dd-7fb299b1ec14 - - - - - -] Creating instance of CountableResource for resource:ipsec_site_connection
2026-04-28 03:59:40.802 7 WARNING neutron.quota.resource_registry [None req-4705e8cb-e15e-4729-98dd-7fb299b1ec14 - - - - - -] ipsec_site_connection is already registered
2026-04-28 03:59:40.802 7 INFO neutron.quota.resource_registry [None req-4705e8cb-e15e-4729-98dd-7fb299b1ec14 - - - - - -] Creating instance of CountableResource for resource:ipsecpolicy
2026-04-28 03:59:40.802 7 WARNING neutron.quota.resource_registry [None req-4705e8cb-e15e-4729-98dd-7fb299b1ec14 - - - - - -] ipsecpolicy is already registered
2026-04-28 03:59:40.802 8 INFO neutron.api.extensions [None req-40b53571-f8a4-432c-8f1f-a527dec2a418 - - - - - -] Loaded extension: security-groups-remote-address-group
2026-04-28 03:59:40.802 7 INFO neutron.quota.resource_registry [None req-4705e8cb-e15e-4729-98dd-7fb299b1ec14 - - - - - -] Creating instance of CountableResource for resource:ikepolicy
2026-04-28 03:59:40.803 7 WARNING neutron.quota.resource_registry [None req-4705e8cb-e15e-4729-98dd-7fb299b1ec14 - - - - - -] ikepolicy is already registered
2026-04-28 03:59:40.803 8 INFO neutron.api.extensions [None req-40b53571-f8a4-432c-8f1f-a527dec2a418 - - - - - -] Loaded extension: security-groups-rules-belongs-to-default-sg
2026-04-28 03:59:40.804 8 INFO neutron.api.extensions [None req-40b53571-f8a4-432c-8f1f-a527dec2a418 - - - - - -] Loaded extension: security-groups-shared-filtering
2026-04-28 03:59:40.808 8 INFO neutron.api.extensions [None req-40b53571-f8a4-432c-8f1f-a527dec2a418 - - - - - -] Loaded extension: security-group
2026-04-28 03:59:40.810 8 INFO neutron.api.extensions [None req-40b53571-f8a4-432c-8f1f-a527dec2a418 - - - - - -] Loaded extension: segment
2026-04-28 03:59:40.810 8 INFO neutron.api.extensions [None req-40b53571-f8a4-432c-8f1f-a527dec2a418 - - - - - -] Loaded extension: segments-peer-subnet-host-routes
2026-04-28 03:59:40.811 8 INFO neutron.api.extensions [None req-40b53571-f8a4-432c-8f1f-a527dec2a418 - - - - - -] Loaded extension: service-type
2026-04-28 03:59:40.812 8 INFO neutron.api.extensions [None req-40b53571-f8a4-432c-8f1f-a527dec2a418 - - - - - -] Loaded extension: sorting
2026-04-28 03:59:40.812 8 INFO neutron.api.extensions [None req-40b53571-f8a4-432c-8f1f-a527dec2a418 - - - - - -] Loaded extension: standard-attr-segment
2026-04-28 03:59:40.814 8 INFO neutron.api.extensions [None req-40b53571-f8a4-432c-8f1f-a527dec2a418 - - - - - -] Loaded extension: standard-attr-description
2026-04-28 03:59:40.814 8 INFO neutron.api.extensions [None req-40b53571-f8a4-432c-8f1f-a527dec2a418 - - - - - -] Loaded extension: stateful-security-group
2026-04-28 03:59:40.815 8 WARNING neutron.api.extensions [None req-40b53571-f8a4-432c-8f1f-a527dec2a418 - - - - - -] Did not find expected name "Stdattrs_common" in /var/lib/openstack/lib/python3.12/site-packages/neutron/extensions/stdattrs_common.py
2026-04-28 03:59:40.815 8 INFO neutron.api.extensions [None req-40b53571-f8a4-432c-8f1f-a527dec2a418 - - - - - -] Extension subnet-dns-publish-fixed-ip not supported by any of loaded plugins
2026-04-28 03:59:40.816 8 INFO neutron.api.extensions [None req-40b53571-f8a4-432c-8f1f-a527dec2a418 - - - - - -] Loaded extension: subnet-external-network
2026-04-28 03:59:40.817 8 INFO neutron.api.extensions [None req-40b53571-f8a4-432c-8f1f-a527dec2a418 - - - - - -] Loaded extension: subnet_onboard
2026-04-28 03:59:40.817 8 INFO neutron.api.extensions [None req-40b53571-f8a4-432c-8f1f-a527dec2a418 - - - - - -] Loaded extension: subnet-segmentid-writable
2026-04-28 03:59:40.818 8 INFO neutron.api.extensions [None req-40b53571-f8a4-432c-8f1f-a527dec2a418 - - - - - -] Loaded extension: subnet-service-types
2026-04-28 03:59:40.819 8 INFO neutron.api.extensions [None req-40b53571-f8a4-432c-8f1f-a527dec2a418 - - - - - -] Loaded extension: subnet_allocation
2026-04-28 03:59:40.820 8 INFO neutron.api.extensions [None req-40b53571-f8a4-432c-8f1f-a527dec2a418 - - - - - -] Loaded extension: subnetpool-prefix-ops
2026-04-28 03:59:40.821 8 INFO neutron.api.extensions [None req-40b53571-f8a4-432c-8f1f-a527dec2a418 - - - - - -] Loaded extension: tag-creation
2026-04-28 03:59:40.821 8 INFO neutron.api.extensions [None req-40b53571-f8a4-432c-8f1f-a527dec2a418 - - - - - -] Extension tag-ports-during-bulk-creation not supported by any of loaded plugins
2026-04-28 03:59:40.825 8 INFO neutron.api.extensions [None req-40b53571-f8a4-432c-8f1f-a527dec2a418 - - - - - -] Loaded extension: standard-attr-tag
2026-04-28 03:59:40.826 8 INFO neutron.api.extensions [None req-40b53571-f8a4-432c-8f1f-a527dec2a418 - - - - - -] Loaded extension: standard-attr-timestamp
2026-04-28 03:59:40.827 8 INFO neutron.api.extensions [None req-40b53571-f8a4-432c-8f1f-a527dec2a418 - - - - - -] Loaded extension: trunk
2026-04-28 03:59:40.828 8 INFO neutron.api.extensions [None req-40b53571-f8a4-432c-8f1f-a527dec2a418 - - - - - -] Loaded extension: trunk-details
2026-04-28 03:59:40.828 8 INFO neutron.api.extensions [None req-40b53571-f8a4-432c-8f1f-a527dec2a418 - - - - - -] Extension uplink-status-propagation not supported by any of loaded plugins
2026-04-28 03:59:40.829 8 INFO neutron.api.extensions [None req-40b53571-f8a4-432c-8f1f-a527dec2a418 - - - - - -] Extension uplink-status-propagation-updatable not supported by any of loaded plugins
2026-04-28 03:59:40.830 8 INFO neutron.api.extensions [None req-40b53571-f8a4-432c-8f1f-a527dec2a418 - - - - - -] Extension vlan-transparent not supported by any of loaded plugins
2026-04-28 03:59:40.831 8 INFO neutron.api.extensions [None req-40b53571-f8a4-432c-8f1f-a527dec2a418 - - - - - -] Loaded extension: vpn-aes-ctr
2026-04-28 03:59:40.833 8 INFO neutron.api.extensions [None req-40b53571-f8a4-432c-8f1f-a527dec2a418 - - - - - -] Extension vpn-agent-scheduler not supported by any of loaded plugins
2026-04-28 03:59:40.834 8 INFO neutron.api.extensions [None req-40b53571-f8a4-432c-8f1f-a527dec2a418 - - - - - -] Loaded extension: vpn-endpoint-groups
2026-04-28 03:59:40.835 8 INFO neutron.api.extensions [None req-40b53571-f8a4-432c-8f1f-a527dec2a418 - - - - - -] Loaded extension: vpn-flavors
2026-04-28 03:59:40.837 8 INFO neutron.api.extensions [None req-40b53571-f8a4-432c-8f1f-a527dec2a418 - - - - - -] Loaded extension: vpnaas
2026-04-28 03:59:40.839 8 INFO neutron.api.extensions [None req-40b53571-f8a4-432c-8f1f-a527dec2a418 - - - - - -] Loaded extension: taas
2026-04-28 03:59:40.840 8 INFO neutron.api.extensions [None req-40b53571-f8a4-432c-8f1f-a527dec2a418 - - - - - -] Loaded extension: tap-mirror
2026-04-28 03:59:40.840 7 WARNING keystonemiddleware._common.config [None req-4705e8cb-e15e-4729-98dd-7fb299b1ec14 - - - - - -] The option "audit_map_file" is not known to keystonemiddleware
2026-04-28 03:59:40.841 8 INFO neutron.api.extensions [None req-40b53571-f8a4-432c-8f1f-a527dec2a418 - - - - - -] Loaded extension: tap-mirror-both-direction
2026-04-28 03:59:40.842 8 INFO neutron.api.extensions [None req-40b53571-f8a4-432c-8f1f-a527dec2a418 - - - - - -] Loaded extension: taas-vlan-filter
2026-04-28 03:59:40.845 8 INFO neutron.quota.resource_registry [None req-40b53571-f8a4-432c-8f1f-a527dec2a418 - - - - - -] Creating instance of TrackedResource for resource:network
2026-04-28 03:59:40.845 8 INFO neutron.quota.resource_registry [None req-40b53571-f8a4-432c-8f1f-a527dec2a418 - - - - - -] Creating instance of TrackedResource for resource:subnet
2026-04-28 03:59:40.846 8 INFO neutron.quota.resource_registry [None req-40b53571-f8a4-432c-8f1f-a527dec2a418 - - - - - -] Creating instance of TrackedResource for resource:subnetpool
2026-04-28 03:59:40.846 8 INFO neutron.quota.resource_registry [None req-40b53571-f8a4-432c-8f1f-a527dec2a418 - - - - - -] Creating instance of TrackedResource for resource:port
2026-04-28 03:59:40.847 7 WARNING oslo_config.cfg [None req-4705e8cb-e15e-4729-98dd-7fb299b1ec14 - - - - - -] Deprecated: Option "auth_uri" from group "keystone_authtoken" is deprecated. Use option "www_authenticate_uri" from group "keystone_authtoken". WSGI app 0 (mountpoint='') ready in 7 seconds on interpreter 0x7f4a92432668 pid: 7 (default app)
2026-04-28 03:59:40.849 8 INFO neutron.quota.resource_registry [None req-40b53571-f8a4-432c-8f1f-a527dec2a418 - - - - - -] Creating instance of TrackedResource for resource:router
2026-04-28 03:59:40.850 8 INFO neutron.quota.resource_registry [None req-40b53571-f8a4-432c-8f1f-a527dec2a418 - - - - - -] Creating instance of TrackedResource for resource:floatingip
2026-04-28 03:59:40.854 8 INFO neutron.quota.resource_registry [None req-40b53571-f8a4-432c-8f1f-a527dec2a418 - - - - - -] Creating instance of CountableResource for resource:rbac_policy
2026-04-28 03:59:40.855 8 INFO neutron.quota.resource_registry [None req-40b53571-f8a4-432c-8f1f-a527dec2a418 - - - - - -] Creating instance of TrackedResource for resource:security_group
2026-04-28 03:59:40.855 8 INFO neutron.quota.resource_registry [None req-40b53571-f8a4-432c-8f1f-a527dec2a418 - - - - - -] Creating instance of TrackedResource for resource:security_group_rule
2026-04-28 03:59:40.856 8 INFO neutron.quota.resource_registry [None req-40b53571-f8a4-432c-8f1f-a527dec2a418 - - - - - -] Creating instance of TrackedResource for resource:subnetpool
2026-04-28 03:59:40.856 8 WARNING neutron.quota.resource_registry [None req-40b53571-f8a4-432c-8f1f-a527dec2a418 - - - - - -] subnetpool is already registered
2026-04-28 03:59:40.857 8 INFO neutron.quota.resource_registry [None req-40b53571-f8a4-432c-8f1f-a527dec2a418 - - - - - -] Creating instance of TrackedResource for resource:subnetpool
2026-04-28 03:59:40.857 8 WARNING neutron.quota.resource_registry [None req-40b53571-f8a4-432c-8f1f-a527dec2a418 - - - - - -] subnetpool is already registered
2026-04-28 03:59:40.859 8 INFO neutron.quota.resource_registry [None req-40b53571-f8a4-432c-8f1f-a527dec2a418 - - - - - -] Creating instance of CountableResource for resource:trunk
2026-04-28 03:59:40.859 8 INFO neutron.quota.resource_registry [None req-40b53571-f8a4-432c-8f1f-a527dec2a418 - - - - - -] Creating instance of CountableResource for resource:ikepolicy
2026-04-28 03:59:40.860 8 INFO neutron.quota.resource_registry [None req-40b53571-f8a4-432c-8f1f-a527dec2a418 - - - - - -] Creating instance of CountableResource for resource:ipsecpolicy
2026-04-28 03:59:40.860 8 INFO neutron.quota.resource_registry [None req-40b53571-f8a4-432c-8f1f-a527dec2a418 - - - - - -] Creating instance of CountableResource for resource:endpoint_group
2026-04-28 03:59:40.861 8 INFO neutron.quota.resource_registry [None req-40b53571-f8a4-432c-8f1f-a527dec2a418 - - - - - -] Creating instance of CountableResource for resource:vpnservice
2026-04-28 03:59:40.861 8 INFO neutron.quota.resource_registry [None req-40b53571-f8a4-432c-8f1f-a527dec2a418 - - - - - -] Creating instance of CountableResource for resource:ipsec_site_connection
2026-04-28 03:59:40.862 8 INFO neutron.quota.resource_registry [None req-40b53571-f8a4-432c-8f1f-a527dec2a418 - - - - - -] Creating instance of CountableResource for resource:ipsecpolicy
2026-04-28 03:59:40.862 8 WARNING neutron.quota.resource_registry [None req-40b53571-f8a4-432c-8f1f-a527dec2a418 - - - - - -] ipsecpolicy is already registered
2026-04-28 03:59:40.862 8 INFO neutron.quota.resource_registry [None req-40b53571-f8a4-432c-8f1f-a527dec2a418 - - - - - -] Creating instance of CountableResource for resource:ikepolicy
2026-04-28 03:59:40.863 8 WARNING neutron.quota.resource_registry [None req-40b53571-f8a4-432c-8f1f-a527dec2a418 - - - - - -] ikepolicy is already registered
2026-04-28 03:59:40.868 8 INFO neutron.quota.resource_registry [None req-40b53571-f8a4-432c-8f1f-a527dec2a418 - - - - - -] Creating instance of TrackedResource for resource:router
2026-04-28 03:59:40.868 8 WARNING neutron.quota.resource_registry [None req-40b53571-f8a4-432c-8f1f-a527dec2a418 - - - - - -] router is already registered
2026-04-28 03:59:40.869 8 INFO neutron.quota.resource_registry [None req-40b53571-f8a4-432c-8f1f-a527dec2a418 - - - - - -] Creating instance of TrackedResource for resource:floatingip
2026-04-28 03:59:40.869 8 WARNING neutron.quota.resource_registry [None req-40b53571-f8a4-432c-8f1f-a527dec2a418 - - - - - -] floatingip is already registered
2026-04-28 03:59:40.873 8 INFO neutron.quota.resource_registry [None req-40b53571-f8a4-432c-8f1f-a527dec2a418 - - - - - -] Creating instance of CountableResource for resource:rbac_policy
2026-04-28 03:59:40.873 8 WARNING neutron.quota.resource_registry [None req-40b53571-f8a4-432c-8f1f-a527dec2a418 - - - - - -] rbac_policy is already registered
2026-04-28 03:59:40.874 8 INFO neutron.quota.resource_registry [None req-40b53571-f8a4-432c-8f1f-a527dec2a418 - - - - - -] Creating instance of TrackedResource for resource:security_group
2026-04-28 03:59:40.874 8 WARNING neutron.quota.resource_registry [None req-40b53571-f8a4-432c-8f1f-a527dec2a418 - - - - - -] security_group is already registered
2026-04-28 03:59:40.874 8 INFO neutron.quota.resource_registry [None req-40b53571-f8a4-432c-8f1f-a527dec2a418 - - - - - -] Creating instance of TrackedResource for resource:security_group_rule
2026-04-28 03:59:40.874 8 WARNING neutron.quota.resource_registry [None req-40b53571-f8a4-432c-8f1f-a527dec2a418 - - - - - -] security_group_rule is already registered
2026-04-28 03:59:40.875 8 INFO neutron.quota.resource_registry [None req-40b53571-f8a4-432c-8f1f-a527dec2a418 - - - - - -] Creating instance of TrackedResource for resource:subnetpool
2026-04-28 03:59:40.875 8 WARNING neutron.quota.resource_registry [None req-40b53571-f8a4-432c-8f1f-a527dec2a418 - - - - - -] subnetpool is already registered
2026-04-28 03:59:40.876 8 INFO neutron.quota.resource_registry [None req-40b53571-f8a4-432c-8f1f-a527dec2a418 - - - - - -] Creating instance of TrackedResource for resource:subnetpool
2026-04-28 03:59:40.876 8 WARNING neutron.quota.resource_registry [None req-40b53571-f8a4-432c-8f1f-a527dec2a418 - - - - - -] subnetpool is already registered
2026-04-28 03:59:40.876 8 INFO neutron.quota.resource_registry [None req-40b53571-f8a4-432c-8f1f-a527dec2a418 - - - - - -] Creating instance of CountableResource for resource:trunk
2026-04-28 03:59:40.877 8 WARNING neutron.quota.resource_registry [None req-40b53571-f8a4-432c-8f1f-a527dec2a418 - - - - - -] trunk is already registered
2026-04-28 03:59:40.877 8 INFO neutron.quota.resource_registry [None req-40b53571-f8a4-432c-8f1f-a527dec2a418 - - - - - -] Creating instance of CountableResource for resource:ikepolicy
2026-04-28 03:59:40.877 8 WARNING neutron.quota.resource_registry [None req-40b53571-f8a4-432c-8f1f-a527dec2a418 - - - - - -] ikepolicy is already registered
2026-04-28 03:59:40.877 8 INFO neutron.quota.resource_registry [None req-40b53571-f8a4-432c-8f1f-a527dec2a418 - - - - - -] Creating instance of CountableResource for resource:ipsecpolicy
2026-04-28 03:59:40.878 8 WARNING neutron.quota.resource_registry [None req-40b53571-f8a4-432c-8f1f-a527dec2a418 - - - - - -] ipsecpolicy is already registered
2026-04-28 03:59:40.878 8 INFO neutron.quota.resource_registry [None req-40b53571-f8a4-432c-8f1f-a527dec2a418 - - - - - -] Creating instance of CountableResource for resource:endpoint_group
2026-04-28 03:59:40.878 8 WARNING neutron.quota.resource_registry [None req-40b53571-f8a4-432c-8f1f-a527dec2a418 - - - - - -] endpoint_group is already registered
2026-04-28 03:59:40.878 8 INFO neutron.quota.resource_registry [None req-40b53571-f8a4-432c-8f1f-a527dec2a418 - - - - - -] Creating instance of CountableResource for resource:vpnservice
2026-04-28 03:59:40.879 8 WARNING neutron.quota.resource_registry [None req-40b53571-f8a4-432c-8f1f-a527dec2a418 - - - - - -] vpnservice is already registered
2026-04-28 03:59:40.879 8 INFO neutron.quota.resource_registry [None req-40b53571-f8a4-432c-8f1f-a527dec2a418 - - - - - -] Creating instance of CountableResource for resource:ipsec_site_connection
2026-04-28 03:59:40.879 8 WARNING neutron.quota.resource_registry [None req-40b53571-f8a4-432c-8f1f-a527dec2a418 - - - - - -] ipsec_site_connection is already registered
2026-04-28 03:59:40.880 8 INFO neutron.quota.resource_registry [None req-40b53571-f8a4-432c-8f1f-a527dec2a418 - - - - - -] Creating instance of CountableResource for resource:ipsecpolicy
2026-04-28 03:59:40.880 8 WARNING neutron.quota.resource_registry [None req-40b53571-f8a4-432c-8f1f-a527dec2a418 - - - - - -] ipsecpolicy is already registered
2026-04-28 03:59:40.880 8 INFO neutron.quota.resource_registry [None req-40b53571-f8a4-432c-8f1f-a527dec2a418 - - - - - -] Creating instance of CountableResource for resource:ikepolicy
2026-04-28 03:59:40.881 8 WARNING neutron.quota.resource_registry [None req-40b53571-f8a4-432c-8f1f-a527dec2a418 - - - - - -] ikepolicy is already registered
2026-04-28 03:59:40.920 8 WARNING keystonemiddleware._common.config [None req-40b53571-f8a4-432c-8f1f-a527dec2a418 - - - - - -] The option "audit_map_file" is not known to keystonemiddleware
2026-04-28 03:59:40.927 8 WARNING oslo_config.cfg [None req-40b53571-f8a4-432c-8f1f-a527dec2a418 - - - - - -] Deprecated: Option "auth_uri" from group "keystone_authtoken" is deprecated. Use option "www_authenticate_uri" from group "keystone_authtoken". WSGI app 0 (mountpoint='') ready in 7 seconds on interpreter 0x7f4a92432668 pid: 8 (default app) /var/lib/openstack/lib/python3.12/site-packages/pycadf/identifier.py:70: UserWarning: Invalid uuid: unknown. To ensure interoperability, identifiers should be a valid uuid. warnings.warn(('Invalid uuid: %s. To ensure interoperability, '
2026-04-28 03:59:45.325 7 INFO neutron.pecan_wsgi.hooks.translation [None req-137e2b99-3f9b-4e18-b3da-8f7a191fc1a8 f002bc07053c442087db7e3ddeef895c a51746246abd441c9adbd00f7959bbd9 - - default default] GET failed (client error): The resource could not be found. [pid: 7|app: 0|req: 3/3] 199.204.45.240 () {44 vars in 927 bytes} [Tue Apr 28 03:59:44 2026] GET /v2.0/networks/public => generated 108 bytes in 799 msecs (HTTP/1.1 404) 4 headers in 164 bytes (1 switches on core 0) /var/lib/openstack/lib/python3.12/site-packages/pycadf/identifier.py:70: UserWarning: Invalid uuid: unknown. To ensure interoperability, identifiers should be a valid uuid. warnings.warn(('Invalid uuid: %s. To ensure interoperability, ' [pid: 8|app: 0|req: 1/5] 199.204.45.240 () {44 vars in 949 bytes} [Tue Apr 28 03:59:45 2026] GET /v2.0/networks?name=public => generated 15 bytes in 354 msecs (HTTP/1.1 200) 4 headers in 156 bytes (1 switches on core 0)
2026-04-28 03:59:46.199 7 WARNING neutron.services.revisions.revision_plugin [None req-a7c07306-51a6-4751-ba4d-2efe6d2ec53c f002bc07053c442087db7e3ddeef895c a51746246abd441c9adbd00f7959bbd9 - - default default] Could not find related network for resource to bump revision.
2026-04-28 03:59:46.215 7 INFO neutron.db.segments_db [None req-a7c07306-51a6-4751-ba4d-2efe6d2ec53c f002bc07053c442087db7e3ddeef895c a51746246abd441c9adbd00f7959bbd9 - - default default] Added segment c9e5ac55-2988-4c30-b385-0916d57ba02d of type flat for network 8d2f74e1-609d-4156-a2a6-d3c6779f9dc8
2026-04-28 03:59:46.252 7 INFO neutron.pecan_wsgi.hooks.translation [None req-a7c07306-51a6-4751-ba4d-2efe6d2ec53c f002bc07053c442087db7e3ddeef895c a51746246abd441c9adbd00f7959bbd9 - - default default] POST failed (client error): The resource could not be found. [pid: 7|app: 0|req: 5/6] 199.204.45.240 () {48 vars in 967 bytes} [Tue Apr 28 03:59:45 2026] POST /v2.0/networks => generated 124 bytes in 576 msecs (HTTP/1.1 404) 4 headers in 164 bytes (1 switches on core 0)
2026-04-28 03:59:52.508 8 INFO neutron.pecan_wsgi.hooks.translation [None req-5bc45813-b49e-4f26-a385-e435658a479f f002bc07053c442087db7e3ddeef895c a51746246abd441c9adbd00f7959bbd9 - - default default] GET failed (client error): The resource could not be found. [pid: 8|app: 0|req: 2/7] 199.204.45.240 () {44 vars in 927 bytes} [Tue Apr 28 03:59:52 2026] GET /v2.0/networks/public => generated 108 bytes in 426 msecs (HTTP/1.1 404) 4 headers in 164 bytes (1 switches on core 0) [pid: 7|app: 0|req: 6/8] 199.204.45.240 () {44 vars in 949 bytes} [Tue Apr 28 03:59:52 2026] GET /v2.0/networks?name=public => generated 15 bytes in 26 msecs (HTTP/1.1 200) 4 headers in 156 bytes (1 switches on core 0)
2026-04-28 03:59:52.933 8 WARNING neutron.services.revisions.revision_plugin [None req-a7324410-0846-4f1e-bcd0-2924029a3c32 f002bc07053c442087db7e3ddeef895c a51746246abd441c9adbd00f7959bbd9 - - default default] Could not find related network for resource to bump revision.
2026-04-28 03:59:52.956 8 INFO neutron.db.segments_db [None req-a7324410-0846-4f1e-bcd0-2924029a3c32 f002bc07053c442087db7e3ddeef895c a51746246abd441c9adbd00f7959bbd9 - - default default] Added segment 0f248a5e-1b84-4f6c-911f-688d89d04b8f of type flat for network 4df5390a-6de0-46ea-b182-8af41c6cecdf
2026-04-28 03:59:53.003 8 INFO neutron.pecan_wsgi.hooks.translation [None req-a7324410-0846-4f1e-bcd0-2924029a3c32 f002bc07053c442087db7e3ddeef895c a51746246abd441c9adbd00f7959bbd9 - - default default] POST failed (client error): The resource could not be found. [pid: 8|app: 0|req: 3/9] 199.204.45.240 () {48 vars in 967 bytes} [Tue Apr 28 03:59:52 2026] POST /v2.0/networks => generated 124 bytes in 478 msecs (HTTP/1.1 404) 4 headers in 164 bytes (1 switches on core 0)
2026-04-28 03:59:58.862 7 INFO neutron.pecan_wsgi.hooks.translation [None req-34d686ba-8837-4cf3-b286-c819c9e4895e f002bc07053c442087db7e3ddeef895c a51746246abd441c9adbd00f7959bbd9 - - default default] GET failed (client error): The resource could not be found. [pid: 7|app: 0|req: 7/10] 199.204.45.240 () {44 vars in 927 bytes} [Tue Apr 28 03:59:58 2026] GET /v2.0/networks/public => generated 108 bytes in 33 msecs (HTTP/1.1 404) 4 headers in 164 bytes (1 switches on core 0) [pid: 8|app: 0|req: 4/11] 199.204.45.240 () {44 vars in 949 bytes} [Tue Apr 28 03:59:58 2026] GET /v2.0/networks?name=public => generated 15 bytes in 15 msecs (HTTP/1.1 200) 4 headers in 156 bytes (1 switches on core 0)
2026-04-28 03:59:58.936 7 WARNING neutron.services.revisions.revision_plugin [None req-26a09025-03e7-4da9-830d-1575e31f1f4e f002bc07053c442087db7e3ddeef895c a51746246abd441c9adbd00f7959bbd9 - - default default] Could not find related network for resource to bump revision.
2026-04-28 03:59:58.947 7 INFO neutron.db.segments_db [None req-26a09025-03e7-4da9-830d-1575e31f1f4e f002bc07053c442087db7e3ddeef895c a51746246abd441c9adbd00f7959bbd9 - - default default] Added segment 2aec9a3e-fd6c-4089-9aa7-4396a42a7b65 of type flat for network feebf60d-e672-41f7-b8f3-cbd2dd14b8c4
2026-04-28 03:59:58.964 7 INFO neutron.pecan_wsgi.hooks.translation [None req-26a09025-03e7-4da9-830d-1575e31f1f4e f002bc07053c442087db7e3ddeef895c a51746246abd441c9adbd00f7959bbd9 - - default default] POST failed (client error): The resource could not be found. [pid: 7|app: 0|req: 8/12] 199.204.45.240 () {48 vars in 967 bytes} [Tue Apr 28 03:59:58 2026] POST /v2.0/networks => generated 124 bytes in 86 msecs (HTTP/1.1 404) 4 headers in 164 bytes (1 switches on core 0)
2026-04-28 04:00:05.178 7 INFO neutron.pecan_wsgi.hooks.translation [None req-ce3a3d24-5511-4120-b3fd-a2bf8bcd446b f002bc07053c442087db7e3ddeef895c a51746246abd441c9adbd00f7959bbd9 - - default default] GET failed (client error): The resource could not be found. [pid: 7|app: 0|req: 9/14] 199.204.45.240 () {44 vars in 927 bytes} [Tue Apr 28 04:00:05 2026] GET /v2.0/networks/public => generated 108 bytes in 83 msecs (HTTP/1.1 404) 4 headers in 164 bytes (1 switches on core 0) [pid: 8|app: 0|req: 6/15] 199.204.45.240 () {44 vars in 949 bytes} [Tue Apr 28 04:00:05 2026] GET /v2.0/networks?name=public => generated 15 bytes in 15 msecs (HTTP/1.1 200) 4 headers in 156 bytes (1 switches on core 0)
2026-04-28 04:00:05.242 7 WARNING neutron.services.revisions.revision_plugin [None req-b6b81254-0b6d-481d-909c-5805ddb1eccb f002bc07053c442087db7e3ddeef895c a51746246abd441c9adbd00f7959bbd9 - - default default] Could not find related network for resource to bump revision.
2026-04-28 04:00:05.260 7 INFO neutron.db.segments_db [None req-b6b81254-0b6d-481d-909c-5805ddb1eccb f002bc07053c442087db7e3ddeef895c a51746246abd441c9adbd00f7959bbd9 - - default default] Added segment 19df1a15-9b8a-41d4-85e9-e165d7e7590d of type flat for network 53d3eac6-2082-46f5-aa72-66c722c789ec
2026-04-28 04:00:05.288 7 INFO neutron.pecan_wsgi.hooks.translation [None req-b6b81254-0b6d-481d-909c-5805ddb1eccb f002bc07053c442087db7e3ddeef895c a51746246abd441c9adbd00f7959bbd9 - - default default] POST failed (client error): The resource could not be found. [pid: 7|app: 0|req: 10/16] 199.204.45.240 () {48 vars in 967 bytes} [Tue Apr 28 04:00:05 2026] POST /v2.0/networks => generated 124 bytes in 125 msecs (HTTP/1.1 404) 4 headers in 164 bytes (1 switches on core 0)
2026-04-28 04:00:11.315 8 INFO neutron.pecan_wsgi.hooks.translation [None req-194889f6-6140-4dad-8332-a5c8a0942a43 f002bc07053c442087db7e3ddeef895c a51746246abd441c9adbd00f7959bbd9 - - default default] GET failed (client error): The resource could not be found. [pid: 8|app: 0|req: 7/17] 199.204.45.240 () {44 vars in 927 bytes} [Tue Apr 28 04:00:11 2026] GET /v2.0/networks/public => generated 108 bytes in 52 msecs (HTTP/1.1 404) 4 headers in 164 bytes (1 switches on core 0) [pid: 7|app: 0|req: 11/18] 199.204.45.240 () {44 vars in 949 bytes} [Tue Apr 28 04:00:11 2026] GET /v2.0/networks?name=public => generated 15 bytes in 14 msecs (HTTP/1.1 200) 4 headers in 156 bytes (1 switches on core 0)
2026-04-28 04:00:11.389 8 WARNING neutron.services.revisions.revision_plugin [None req-c3dfe210-087f-4836-8411-23775cf21a51 f002bc07053c442087db7e3ddeef895c a51746246abd441c9adbd00f7959bbd9 - - default default] Could not find related network for resource to bump revision.
2026-04-28 04:00:11.408 8 INFO neutron.db.segments_db [None req-c3dfe210-087f-4836-8411-23775cf21a51 f002bc07053c442087db7e3ddeef895c a51746246abd441c9adbd00f7959bbd9 - - default default] Added segment 95af1457-c832-4ab4-931c-79fb90693293 of type flat for network c27b021b-157a-4123-ad0d-f8c3ad2691f3
2026-04-28 04:00:11.433 8 INFO neutron.pecan_wsgi.hooks.translation [None req-c3dfe210-087f-4836-8411-23775cf21a51 f002bc07053c442087db7e3ddeef895c a51746246abd441c9adbd00f7959bbd9 - - default default] POST failed (client error): The resource could not be found. [pid: 8|app: 0|req: 8/19] 199.204.45.240 () {48 vars in 967 bytes} [Tue Apr 28 04:00:11 2026] POST /v2.0/networks => generated 124 bytes in 104 msecs (HTTP/1.1 404) 4 headers in 164 bytes (1 switches on core 0)
2026-04-28 04:00:17.333 8 INFO neutron.pecan_wsgi.hooks.translation [None req-32804bf1-a968-4998-bfcf-1fe279e2bafd f002bc07053c442087db7e3ddeef895c a51746246abd441c9adbd00f7959bbd9 - - default default] GET failed (client error): The resource could not be found. [pid: 8|app: 0|req: 9/21] 199.204.45.240 () {44 vars in 927 bytes} [Tue Apr 28 04:00:17 2026] GET /v2.0/networks/public => generated 108 bytes in 52 msecs (HTTP/1.1 404) 4 headers in 164 bytes (1 switches on core 0) [pid: 7|app: 0|req: 13/22] 199.204.45.240 () {44 vars in 949 bytes} [Tue Apr 28 04:00:17 2026] GET /v2.0/networks?name=public => generated 15 bytes in 15 msecs (HTTP/1.1 200) 4 headers in 156 bytes (1 switches on core 0)
2026-04-28 04:00:17.439 8 WARNING neutron.services.revisions.revision_plugin [None req-7f6d52f1-d783-431e-b601-2f77fa6e9c0d f002bc07053c442087db7e3ddeef895c a51746246abd441c9adbd00f7959bbd9 - - default default] Could not find related network for resource to bump revision.
2026-04-28 04:00:17.462 8 INFO neutron.db.segments_db [None req-7f6d52f1-d783-431e-b601-2f77fa6e9c0d f002bc07053c442087db7e3ddeef895c a51746246abd441c9adbd00f7959bbd9 - - default default] Added segment 06ba6465-debf-485e-958c-f7cda88b747f of type flat for network 97d0db14-7853-48fd-bf7e-ef13d15a4a9c [pid: 8|app: 0|req: 10/23] 199.204.45.240 () {48 vars in 967 bytes} [Tue Apr 28 04:00:17 2026] POST /v2.0/networks => generated 706 bytes in 244 msecs (HTTP/1.1 201) 4 headers in 162 bytes (1 switches on core 0)
2026-04-28 04:00:18.710 7 INFO neutron.pecan_wsgi.hooks.translation [None req-f8e43c35-d293-45cc-8e59-a3ed92dbd1f9 f002bc07053c442087db7e3ddeef895c a51746246abd441c9adbd00f7959bbd9 - - default default] GET failed (client error): The resource could not be found. [pid: 7|app: 0|req: 14/24] 199.204.45.240 () {44 vars in 927 bytes} [Tue Apr 28 04:00:18 2026] GET /v2.0/networks/public => generated 108 bytes in 40 msecs (HTTP/1.1 404) 4 headers in 164 bytes (1 switches on core 0) [pid: 8|app: 0|req: 11/25] 199.204.45.240 () {44 vars in 949 bytes} [Tue Apr 28 04:00:18 2026] GET /v2.0/networks?name=public => generated 709 bytes in 35 msecs (HTTP/1.1 200) 4 headers in 157 bytes (1 switches on core 0)
2026-04-28 04:00:18.793 7 INFO neutron.pecan_wsgi.hooks.translation [None req-c74be624-7874-453e-81db-4cc332efb9e6 f002bc07053c442087db7e3ddeef895c a51746246abd441c9adbd00f7959bbd9 - - default default] GET failed (client error): The resource could not be found. [pid: 7|app: 0|req: 15/26] 199.204.45.240 () {44 vars in 1034 bytes} [Tue Apr 28 04:00:18 2026] GET /v2.0/subnets/public-subnet?network_id=97d0db14-7853-48fd-bf7e-ef13d15a4a9c => generated 113 bytes in 36 msecs (HTTP/1.1 404) 4 headers in 164 bytes (1 switches on core 0) [pid: 8|app: 0|req: 12/27] 199.204.45.240 () {44 vars in 1057 bytes} [Tue Apr 28 04:00:18 2026] GET /v2.0/subnets?name=public-subnet&network_id=97d0db14-7853-48fd-bf7e-ef13d15a4a9c => generated 14 bytes in 27 msecs (HTTP/1.1 200) 4 headers in 156 bytes (1 switches on core 0) [pid: 7|app: 0|req: 16/28] 199.204.45.240 () {48 vars in 965 bytes} [Tue Apr 28 04:00:18 2026] POST /v2.0/subnets => generated 664 bytes in 282 msecs (HTTP/1.1 201) 4 headers in 162 bytes (1 switches on core 0)
2026-04-28 04:05:15.948 8 INFO neutron.pecan_wsgi.hooks.translation [None req-4ba2cd05-a49a-4e59-ace2-de27e46796f5 f002bc07053c442087db7e3ddeef895c a51746246abd441c9adbd00f7959bbd9 - - default default] GET failed (client error): The resource could not be found. [pid: 8|app: 0|req: 33/68] 199.204.45.240 () {44 vars in 937 bytes} [Tue Apr 28 04:05:15 2026] GET /v2.0/networks/lb-mgmt-net => generated 113 bytes in 142 msecs (HTTP/1.1 404) 4 headers in 164 bytes (1 switches on core 0) [pid: 7|app: 0|req: 36/69] 199.204.45.240 () {44 vars in 959 bytes} [Tue Apr 28 04:05:15 2026] GET /v2.0/networks?name=lb-mgmt-net => generated 15 bytes in 18 msecs (HTTP/1.1 200) 4 headers in 156 bytes (1 switches on core 0)
2026-04-28 04:05:16.032 8 INFO neutron.db.segments_db [None req-a9dd1578-8016-4041-9d35-ddfac7932feb f002bc07053c442087db7e3ddeef895c a51746246abd441c9adbd00f7959bbd9 - - default default] Added segment 06fabcc5-8e2f-40a0-b8b2-9d9e072eea8e of type vxlan for network 06177b45-a96a-484a-bf69-380b3b0e2e3d [pid: 8|app: 0|req: 34/70] 199.204.45.240 () {48 vars in 966 bytes} [Tue Apr 28 04:05:15 2026] POST /v2.0/networks => generated 707 bytes in 142 msecs (HTTP/1.1 201) 4 headers in 162 bytes (1 switches on core 0)
