2026-07-09 06:46:54.382 7 INFO placement.requestlog [req-73bf5212-160a-4709-b271-aceaba34f2ed req-c3876dbe-4681-4c60-88ed-68692e838f39 09d390283f194d06ba915fc9d8f8bd8f 1b056a76dff9490baaa7fb7f46cf60b9 - - 9f36c36ff1a04966ac5fc50024a52187 9f36c36ff1a04966ac5fc50024a52187] 199.204.45.77 "GET /resource_providers/5f743fd0-23bb-4bfd-81fd-1eb45afb4b98/aggregates" status: 200 len: 53 microversion: 1.19 [pid: 7|app: 0|req: 291/583] 199.204.45.77 () {34 vars in 897 bytes} [Thu Jul 9 06:46:54 2026] GET /resource_providers/5f743fd0-23bb-4bfd-81fd-1eb45afb4b98/aggregates => generated 53 bytes in 13 msecs (HTTP/1.1 200) 8 headers in 295 bytes (1 switches on core 0)
2026-07-09 06:46:54.407 8 INFO placement.requestlog [req-73bf5212-160a-4709-b271-aceaba34f2ed req-7aea0b8d-cdca-4a03-8b3c-9f2a1d942f8c 09d390283f194d06ba915fc9d8f8bd8f 1b056a76dff9490baaa7fb7f46cf60b9 - - 9f36c36ff1a04966ac5fc50024a52187 9f36c36ff1a04966ac5fc50024a52187] 199.204.45.77 "GET /resource_providers/5f743fd0-23bb-4bfd-81fd-1eb45afb4b98/traits" status: 200 len: 2316 microversion: 1.6 [pid: 8|app: 0|req: 293/584] 199.204.45.77 () {34 vars in 888 bytes} [Thu Jul 9 06:46:54 2026] GET /resource_providers/5f743fd0-23bb-4bfd-81fd-1eb45afb4b98/traits => generated 2316 bytes in 19 msecs (HTTP/1.1 200) 6 headers in 225 bytes (1 switches on core 0)
2026-07-09 06:46:54.427 7 INFO placement.requestlog [req-73bf5212-160a-4709-b271-aceaba34f2ed req-b6d30f57-c0b3-4e71-87ff-c62ea50d772a 09d390283f194d06ba915fc9d8f8bd8f 1b056a76dff9490baaa7fb7f46cf60b9 - - 9f36c36ff1a04966ac5fc50024a52187 9f36c36ff1a04966ac5fc50024a52187] 199.204.45.77 "GET /resource_providers/5f743fd0-23bb-4bfd-81fd-1eb45afb4b98/allocations" status: 200 len: 54 microversion: 1.0 [pid: 7|app: 0|req: 292/585] 199.204.45.77 () {32 vars in 855 bytes} [Thu Jul 9 06:46:54 2026] GET /resource_providers/5f743fd0-23bb-4bfd-81fd-1eb45afb4b98/allocations => generated 54 bytes in 12 msecs (HTTP/1.1 200) 6 headers in 223 bytes (1 switches on core 0)
2026-07-09 06:46:59.739 8 INFO placement.requestlog [None req-40f5bc6a-2242-4118-866c-87687ff97704 - - - - - -] 10.0.0.54 "GET /" status: 200 len: 136 microversion: 1.0
2026-07-09 06:46:59.740 7 INFO placement.requestlog [None req-4873bdc9-8cd6-4434-9005-dd5a2f9eb73e - - - - - -] 10.0.0.54 "GET /" status: 200 len: 136 microversion: 1.0
2026-07-09 06:47:09.740 8 INFO placement.requestlog [None req-ab59e30b-5a87-432f-809f-bd96d624ca4f - - - - - -] 10.0.0.54 "GET /" status: 200 len: 136 microversion: 1.0
2026-07-09 06:47:09.740 7 INFO placement.requestlog [None req-bdde7ca0-b88a-462b-9035-45752d4084ac - - - - - -] 10.0.0.54 "GET /" status: 200 len: 136 microversion: 1.0
2026-07-09 06:47:19.740 8 INFO placement.requestlog [None req-28928550-671a-4a96-99e6-65f8640cb7c6 - - - - - -] 10.0.0.54 "GET /" status: 200 len: 136 microversion: 1.0
2026-07-09 06:47:19.740 7 INFO placement.requestlog [None req-9f6b9b59-88a7-41bc-a6d2-5e5ccbeb885d - - - - - -] 10.0.0.54 "GET /" status: 200 len: 136 microversion: 1.0
2026-07-09 06:47:29.740 8 INFO placement.requestlog [None req-b9e842a8-2dec-40ef-bab7-365a02779d43 - - - - - -] 10.0.0.54 "GET /" status: 200 len: 136 microversion: 1.0
2026-07-09 06:47:29.740 7 INFO placement.requestlog [None req-e48aad78-0546-4353-8d38-d7b2142d0a0b - - - - - -] 10.0.0.54 "GET /" status: 200 len: 136 microversion: 1.0
2026-07-09 06:47:39.740 8 INFO placement.requestlog [None req-09fb89c7-8e24-4f04-8466-55919411ff65 - - - - - -] 10.0.0.54 "GET /" status: 200 len: 136 microversion: 1.0
2026-07-09 06:47:39.740 7 INFO placement.requestlog [None req-de98a9d7-3b01-402a-ad0d-d7c1a50c6ce2 - - - - - -] 10.0.0.54 "GET /" status: 200 len: 136 microversion: 1.0
2026-07-09 06:47:49.740 8 INFO placement.requestlog [None req-e4e3ae59-66d9-4cdd-897d-dd8bef904438 - - - - - -] 10.0.0.54 "GET /" status: 200 len: 136 microversion: 1.0
2026-07-09 06:47:49.740 7 INFO placement.requestlog [None req-f585c278-6ddc-4080-9bba-9987bcae2de2 - - - - - -] 10.0.0.54 "GET /" status: 200 len: 136 microversion: 1.0
2026-07-09 06:47:55.196 7 INFO placement.requestlog [req-5a883a8d-2443-437f-9f6c-e6f3afa4299d req-7bf78617-1888-4831-abaf-6d8b1f3c9c16 09d390283f194d06ba915fc9d8f8bd8f 1b056a76dff9490baaa7fb7f46cf60b9 - - 9f36c36ff1a04966ac5fc50024a52187 9f36c36ff1a04966ac5fc50024a52187] 199.204.45.77 "GET /resource_providers/5f743fd0-23bb-4bfd-81fd-1eb45afb4b98/allocations" status: 200 len: 54 microversion: 1.0 [pid: 7|app: 0|req: 299/598] 199.204.45.77 () {32 vars in 855 bytes} [Thu Jul 9 06:47:55 2026] GET /resource_providers/5f743fd0-23bb-4bfd-81fd-1eb45afb4b98/allocations => generated 54 bytes in 24 msecs (HTTP/1.1 200) 6 headers in 223 bytes (1 switches on core 0)
2026-07-09 06:47:55.229 8 INFO placement.requestlog [req-5a883a8d-2443-437f-9f6c-e6f3afa4299d req-cb439d11-8933-4bb4-8616-563dd457f7e7 09d390283f194d06ba915fc9d8f8bd8f 1b056a76dff9490baaa7fb7f46cf60b9 - - 9f36c36ff1a04966ac5fc50024a52187 9f36c36ff1a04966ac5fc50024a52187] 199.204.45.77 "GET /resource_providers/5f743fd0-23bb-4bfd-81fd-1eb45afb4b98/allocations" status: 200 len: 54 microversion: 1.0 [pid: 8|app: 0|req: 300/599] 199.204.45.77 () {32 vars in 855 bytes} [Thu Jul 9 06:47:55 2026] GET /resource_providers/5f743fd0-23bb-4bfd-81fd-1eb45afb4b98/allocations => generated 54 bytes in 19 msecs (HTTP/1.1 200) 6 headers in 223 bytes (1 switches on core 0)
2026-07-09 06:47:59.740 7 INFO placement.requestlog [None req-f93b25bd-758a-4363-bf37-1a782b43c23c - - - - - -] 10.0.0.54 "GET /" status: 200 len: 136 microversion: 1.0
2026-07-09 06:47:59.741 8 INFO placement.requestlog [None req-edb53289-33ff-407a-bff7-e025eb6405db - - - - - -] 10.0.0.54 "GET /" status: 200 len: 136 microversion: 1.0
2026-07-09 06:48:09.740 8 INFO placement.requestlog [None req-4f5a8d58-cbba-48f8-bd5f-8905a7e10f96 - - - - - -] 10.0.0.54 "GET /" status: 200 len: 136 microversion: 1.0
2026-07-09 06:48:09.740 7 INFO placement.requestlog [None req-edbb8b6e-51b2-4924-b2e3-59f83a8a5b69 - - - - - -] 10.0.0.54 "GET /" status: 200 len: 136 microversion: 1.0
2026-07-09 06:48:19.740 7 INFO placement.requestlog [None req-2578df19-6166-403e-be05-b8c82aeef9e5 - - - - - -] 10.0.0.54 "GET /" status: 200 len: 136 microversion: 1.0
2026-07-09 06:48:19.740 8 INFO placement.requestlog [None req-c958ac0a-523f-42b5-8084-86332d218939 - - - - - -] 10.0.0.54 "GET /" status: 200 len: 136 microversion: 1.0
2026-07-09 06:48:29.740 8 INFO placement.requestlog [None req-f454753c-48af-48a3-909d-a7d172058a61 - - - - - -] 10.0.0.54 "GET /" status: 200 len: 136 microversion: 1.0
2026-07-09 06:48:29.740 7 INFO placement.requestlog [None req-c5830f6f-6c0f-45e7-a88a-db254c7bb9bf - - - - - -] 10.0.0.54 "GET /" status: 200 len: 136 microversion: 1.0
2026-07-09 06:48:39.740 7 INFO placement.requestlog [None req-8417044c-9a7e-4ebe-b37e-c88497237370 - - - - - -] 10.0.0.54 "GET /" status: 200 len: 136 microversion: 1.0
2026-07-09 06:48:39.740 8 INFO placement.requestlog [None req-109b2aa1-ad85-4d04-b5d8-3508305be565 - - - - - -] 10.0.0.54 "GET /" status: 200 len: 136 microversion: 1.0
2026-07-09 06:48:49.741 8 INFO placement.requestlog [None req-3042def4-cbbf-4a55-9204-188d98452724 - - - - - -] 10.0.0.54 "GET /" status: 200 len: 136 microversion: 1.0
2026-07-09 06:48:49.741 7 INFO placement.requestlog [None req-e1c5c304-c09c-4c8b-805f-b117964517dc - - - - - -] 10.0.0.54 "GET /" status: 200 len: 136 microversion: 1.0
2026-07-09 06:48:57.194 8 INFO placement.requestlog [req-d85ebb95-bfa2-410e-a463-2aafb51db18a req-8d93c165-c37b-461a-b271-e1207d1106db 09d390283f194d06ba915fc9d8f8bd8f 1b056a76dff9490baaa7fb7f46cf60b9 - - 9f36c36ff1a04966ac5fc50024a52187 9f36c36ff1a04966ac5fc50024a52187] 199.204.45.77 "GET /resource_providers/5f743fd0-23bb-4bfd-81fd-1eb45afb4b98/allocations" status: 200 len: 54 microversion: 1.0 [pid: 8|app: 0|req: 307/612] 199.204.45.77 () {32 vars in 855 bytes} [Thu Jul 9 06:48:57 2026] GET /resource_providers/5f743fd0-23bb-4bfd-81fd-1eb45afb4b98/allocations => generated 54 bytes in 20 msecs (HTTP/1.1 200) 6 headers in 223 bytes (1 switches on core 0)
2026-07-09 06:48:57.222 7 INFO placement.requestlog [req-d85ebb95-bfa2-410e-a463-2aafb51db18a req-70430e8e-d319-48ff-9c73-798c5ad05bf3 09d390283f194d06ba915fc9d8f8bd8f 1b056a76dff9490baaa7fb7f46cf60b9 - - 9f36c36ff1a04966ac5fc50024a52187 9f36c36ff1a04966ac5fc50024a52187] 199.204.45.77 "GET /resource_providers/5f743fd0-23bb-4bfd-81fd-1eb45afb4b98/allocations" status: 200 len: 54 microversion: 1.0 [pid: 7|app: 0|req: 306/613] 199.204.45.77 () {32 vars in 855 bytes} [Thu Jul 9 06:48:57 2026] GET /resource_providers/5f743fd0-23bb-4bfd-81fd-1eb45afb4b98/allocations => generated 54 bytes in 18 msecs (HTTP/1.1 200) 6 headers in 223 bytes (1 switches on core 0)
2026-07-09 06:48:59.740 8 INFO placement.requestlog [None req-27056d14-0e64-4bb7-9345-b6d3c416bfd2 - - - - - -] 10.0.0.54 "GET /" status: 200 len: 136 microversion: 1.0
2026-07-09 06:48:59.741 7 INFO placement.requestlog [None req-38f35af3-87e7-496b-adf9-819b47b048b3 - - - - - -] 10.0.0.54 "GET /" status: 200 len: 136 microversion: 1.0
2026-07-09 06:49:09.740 7 INFO placement.requestlog [None req-44c2b480-6225-452e-80aa-32c8384014f1 - - - - - -] 10.0.0.54 "GET /" status: 200 len: 136 microversion: 1.0
2026-07-09 06:49:09.740 8 INFO placement.requestlog [None req-06755ac1-3e1a-483c-aa5d-7fb90237be4c - - - - - -] 10.0.0.54 "GET /" status: 200 len: 136 microversion: 1.0
2026-07-09 06:49:19.740 8 INFO placement.requestlog [None req-c05bf9e0-18a1-4a1d-8a92-35067f4b1ea4 - - - - - -] 10.0.0.54 "GET /" status: 200 len: 136 microversion: 1.0
2026-07-09 06:49:19.740 7 INFO placement.requestlog [None req-f3754d33-ab87-434f-9838-b7f36ef4984f - - - - - -] 10.0.0.54 "GET /" status: 200 len: 136 microversion: 1.0
2026-07-09 06:49:29.740 8 INFO placement.requestlog [None req-f10a0525-de9a-439c-8426-109b1cbf1a90 - - - - - -] 10.0.0.54 "GET /" status: 200 len: 136 microversion: 1.0
2026-07-09 06:49:29.740 7 INFO placement.requestlog [None req-6b91987a-21cc-4cc3-97f6-e7dca320d37d - - - - - -] 10.0.0.54 "GET /" status: 200 len: 136 microversion: 1.0
2026-07-09 06:49:39.740 7 INFO placement.requestlog [None req-4c99ff93-1e94-4869-b5c0-2121383597f9 - - - - - -] 10.0.0.54 "GET /" status: 200 len: 136 microversion: 1.0
2026-07-09 06:49:39.740 8 INFO placement.requestlog [None req-a2a93617-ffb5-477d-b937-974895bfa44e - - - - - -] 10.0.0.54 "GET /" status: 200 len: 136 microversion: 1.0
2026-07-09 06:49:49.740 8 INFO placement.requestlog [None req-948cf6bb-2678-4a62-9f3b-91a946bac0a6 - - - - - -] 10.0.0.54 "GET /" status: 200 len: 136 microversion: 1.0
2026-07-09 06:49:49.741 7 INFO placement.requestlog [None req-a04af9eb-7777-43ed-a293-2ffb2634ace2 - - - - - -] 10.0.0.54 "GET /" status: 200 len: 136 microversion: 1.0
2026-07-09 06:49:58.199 8 INFO placement.requestlog [req-371e3b94-a687-4400-94ba-b8b8a4ccb8cd req-9a7f1071-0dfd-4de6-a15c-c76e4e2ea6e3 09d390283f194d06ba915fc9d8f8bd8f 1b056a76dff9490baaa7fb7f46cf60b9 - - 9f36c36ff1a04966ac5fc50024a52187 9f36c36ff1a04966ac5fc50024a52187] 199.204.45.77 "GET /resource_providers/5f743fd0-23bb-4bfd-81fd-1eb45afb4b98/allocations" status: 200 len: 54 microversion: 1.0 [pid: 8|app: 0|req: 314/626] 199.204.45.77 () {32 vars in 855 bytes} [Thu Jul 9 06:49:58 2026] GET /resource_providers/5f743fd0-23bb-4bfd-81fd-1eb45afb4b98/allocations => generated 54 bytes in 16 msecs (HTTP/1.1 200) 6 headers in 223 bytes (1 switches on core 0)
2026-07-09 06:49:58.225 7 INFO placement.requestlog [req-371e3b94-a687-4400-94ba-b8b8a4ccb8cd req-9f9c916c-fa09-4ab1-9917-e4b8e848af61 09d390283f194d06ba915fc9d8f8bd8f 1b056a76dff9490baaa7fb7f46cf60b9 - - 9f36c36ff1a04966ac5fc50024a52187 9f36c36ff1a04966ac5fc50024a52187] 199.204.45.77 "GET /resource_providers/5f743fd0-23bb-4bfd-81fd-1eb45afb4b98/allocations" status: 200 len: 54 microversion: 1.0 [pid: 7|app: 0|req: 313/627] 199.204.45.77 () {32 vars in 855 bytes} [Thu Jul 9 06:49:58 2026] GET /resource_providers/5f743fd0-23bb-4bfd-81fd-1eb45afb4b98/allocations => generated 54 bytes in 18 msecs (HTTP/1.1 200) 6 headers in 223 bytes (1 switches on core 0)
2026-07-09 06:49:59.740 7 INFO placement.requestlog [None req-59f5b29d-0213-4bad-bfaf-df9ca76908f9 - - - - - -] 10.0.0.54 "GET /" status: 200 len: 136 microversion: 1.0
2026-07-09 06:49:59.740 8 INFO placement.requestlog [None req-48571c56-310f-48c2-b6da-06106a597600 - - - - - -] 10.0.0.54 "GET /" status: 200 len: 136 microversion: 1.0
2026-07-09 06:50:09.740 8 INFO placement.requestlog [None req-921b3b6e-634e-4400-9dd6-2a71530e5a0d - - - - - -] 10.0.0.54 "GET /" status: 200 len: 136 microversion: 1.0
2026-07-09 06:50:09.740 7 INFO placement.requestlog [None req-4c3f19ef-e4ca-4b6c-bbd4-d05e05b966ff - - - - - -] 10.0.0.54 "GET /" status: 200 len: 136 microversion: 1.0
2026-07-09 06:50:19.740 8 INFO placement.requestlog [None req-c6fefc2d-f0bd-4c93-b325-dfc9ccf37d2d - - - - - -] 10.0.0.54 "GET /" status: 200 len: 136 microversion: 1.0
2026-07-09 06:50:19.740 7 INFO placement.requestlog [None req-05451366-700d-4263-a449-6fab8dff41cd - - - - - -] 10.0.0.54 "GET /" status: 200 len: 136 microversion: 1.0
2026-07-09 06:50:29.740 8 INFO placement.requestlog [None req-5d577a0c-0c9a-4329-acfb-d1847b522557 - - - - - -] 10.0.0.54 "GET /" status: 200 len: 136 microversion: 1.0
2026-07-09 06:50:29.740 7 INFO placement.requestlog [None req-25630e80-e628-4539-92a7-2dd8fc8f4ee6 - - - - - -] 10.0.0.54 "GET /" status: 200 len: 136 microversion: 1.0
2026-07-09 06:50:32.427 7 INFO placement.requestlog [None req-f421cf1f-0f31-4284-8682-9d9fe6b31c68 e2be56f90f674ec3a6bc4e0b33e01290 1b056a76dff9490baaa7fb7f46cf60b9 - - 9f36c36ff1a04966ac5fc50024a52187 9f36c36ff1a04966ac5fc50024a52187] 10.0.0.164 "GET /resource_providers/b8b3bab8-28f8-4c2e-bbc4-1efc3350d7ff/aggregates" status: 404 len: 235 microversion: 1.1 [pid: 7|app: 0|req: 318/636] 10.0.0.164 () {32 vars in 815 bytes} [Thu Jul 9 06:50:32 2026] GET /resource_providers/b8b3bab8-28f8-4c2e-bbc4-1efc3350d7ff/aggregates => generated 235 bytes in 160 msecs (HTTP/1.1 404) 5 headers in 202 bytes (1 switches on core 0)
2026-07-09 06:50:32.455 8 INFO placement.requestlog [None req-2f14f077-0fe7-43ad-a10d-7b01a140b1be e2be56f90f674ec3a6bc4e0b33e01290 1b056a76dff9490baaa7fb7f46cf60b9 - - 9f36c36ff1a04966ac5fc50024a52187 9f36c36ff1a04966ac5fc50024a52187] 10.0.0.164 "GET /resource_providers/b8b3bab8-28f8-4c2e-bbc4-1efc3350d7ff/aggregates" status: 404 len: 235 microversion: 1.1 [pid: 8|app: 0|req: 319/637] 10.0.0.164 () {32 vars in 815 bytes} [Thu Jul 9 06:50:32 2026] GET /resource_providers/b8b3bab8-28f8-4c2e-bbc4-1efc3350d7ff/aggregates => generated 235 bytes in 206 msecs (HTTP/1.1 404) 5 headers in 202 bytes (1 switches on core 0)
2026-07-09 06:50:32.456 7 INFO placement.requestlog [None req-54a4f890-8c52-4cb7-ae93-c59e7ad5d48f e2be56f90f674ec3a6bc4e0b33e01290 1b056a76dff9490baaa7fb7f46cf60b9 - - 9f36c36ff1a04966ac5fc50024a52187 9f36c36ff1a04966ac5fc50024a52187] 10.0.0.164 "DELETE /resource_providers/b8b3bab8-28f8-4c2e-bbc4-1efc3350d7ff" status: 404 len: 246 microversion: 1.1 [pid: 7|app: 0|req: 319/638] 10.0.0.164 () {34 vars in 815 bytes} [Thu Jul 9 06:50:32 2026] DELETE /resource_providers/b8b3bab8-28f8-4c2e-bbc4-1efc3350d7ff => generated 246 bytes in 13 msecs (HTTP/1.1 404) 6 headers in 231 bytes (1 switches on core 0)
2026-07-09 06:50:32.476 8 INFO placement.requestlog [None req-5804946c-4b06-495d-897e-ba0cd7b3d99c e2be56f90f674ec3a6bc4e0b33e01290 1b056a76dff9490baaa7fb7f46cf60b9 - - 9f36c36ff1a04966ac5fc50024a52187 9f36c36ff1a04966ac5fc50024a52187] 10.0.0.164 "DELETE /resource_providers/b8b3bab8-28f8-4c2e-bbc4-1efc3350d7ff" status: 404 len: 246 microversion: 1.1 [pid: 8|app: 0|req: 320/639] 10.0.0.164 () {34 vars in 815 bytes} [Thu Jul 9 06:50:32 2026] DELETE /resource_providers/b8b3bab8-28f8-4c2e-bbc4-1efc3350d7ff => generated 246 bytes in 14 msecs (HTTP/1.1 404) 6 headers in 231 bytes (1 switches on core 0)
2026-07-09 06:50:33.107 7 INFO placement.requestlog [None req-0946a84f-d630-4d1e-a9d1-c1ea33bde78b e2be56f90f674ec3a6bc4e0b33e01290 1b056a76dff9490baaa7fb7f46cf60b9 - - 9f36c36ff1a04966ac5fc50024a52187 9f36c36ff1a04966ac5fc50024a52187] 10.0.0.164 "GET /resource_providers/d24871d7-316a-48de-b536-3f602c8a85e9/aggregates" status: 404 len: 235 microversion: 1.1 [pid: 7|app: 0|req: 320/640] 10.0.0.164 () {32 vars in 815 bytes} [Thu Jul 9 06:50:32 2026] GET /resource_providers/d24871d7-316a-48de-b536-3f602c8a85e9/aggregates => generated 235 bytes in 337 msecs (HTTP/1.1 404) 5 headers in 202 bytes (1 switches on core 0)
2026-07-09 06:50:33.134 7 INFO placement.requestlog [None req-2c7d0fdc-b787-4784-b45d-70a8498d559b e2be56f90f674ec3a6bc4e0b33e01290 1b056a76dff9490baaa7fb7f46cf60b9 - - 9f36c36ff1a04966ac5fc50024a52187 9f36c36ff1a04966ac5fc50024a52187] 10.0.0.164 "DELETE /resource_providers/d24871d7-316a-48de-b536-3f602c8a85e9" status: 404 len: 246 microversion: 1.1 [pid: 7|app: 0|req: 321/641] 10.0.0.164 () {34 vars in 815 bytes} [Thu Jul 9 06:50:33 2026] DELETE /resource_providers/d24871d7-316a-48de-b536-3f602c8a85e9 => generated 246 bytes in 18 msecs (HTTP/1.1 404) 6 headers in 231 bytes (1 switches on core 0)
2026-07-09 06:50:33.246 8 INFO placement.requestlog [None req-70eb6e44-3ddc-4f70-84ad-4a67e2c66741 e2be56f90f674ec3a6bc4e0b33e01290 1b056a76dff9490baaa7fb7f46cf60b9 - - 9f36c36ff1a04966ac5fc50024a52187 9f36c36ff1a04966ac5fc50024a52187] 10.0.0.164 "GET /resource_providers/d24871d7-316a-48de-b536-3f602c8a85e9/aggregates" status: 404 len: 235 microversion: 1.1 [pid: 8|app: 0|req: 321/642] 10.0.0.164 () {32 vars in 815 bytes} [Thu Jul 9 06:50:32 2026] GET /resource_providers/d24871d7-316a-48de-b536-3f602c8a85e9/aggregates => generated 235 bytes in 437 msecs (HTTP/1.1 404) 5 headers in 202 bytes (1 switches on core 0)
2026-07-09 06:50:33.272 7 INFO placement.requestlog [None req-a4a1ae3b-8a2b-4dc5-8683-04d881a07bd1 e2be56f90f674ec3a6bc4e0b33e01290 1b056a76dff9490baaa7fb7f46cf60b9 - - 9f36c36ff1a04966ac5fc50024a52187 9f36c36ff1a04966ac5fc50024a52187] 10.0.0.164 "DELETE /resource_providers/d24871d7-316a-48de-b536-3f602c8a85e9" status: 404 len: 246 microversion: 1.1 [pid: 7|app: 0|req: 322/643] 10.0.0.164 () {34 vars in 815 bytes} [Thu Jul 9 06:50:33 2026] DELETE /resource_providers/d24871d7-316a-48de-b536-3f602c8a85e9 => generated 246 bytes in 19 msecs (HTTP/1.1 404) 6 headers in 231 bytes (1 switches on core 0)
2026-07-09 06:50:34.698 8 INFO placement.requestlog [req-e350edd6-9e6d-47aa-a9ef-c945510a814f req-79f27315-b5ba-4c0d-b775-cdbf788fff34 09d390283f194d06ba915fc9d8f8bd8f 1b056a76dff9490baaa7fb7f46cf60b9 - - 9f36c36ff1a04966ac5fc50024a52187 9f36c36ff1a04966ac5fc50024a52187] 10.0.0.91 "GET /allocation_candidates?limit=1000&resources=DISK_GB%3A1%2CMEMORY_MB%3A512%2CVCPU%3A1&root_required=%21COMPUTE_STATUS_DISABLED" status: 200 len: 2781 microversion: 1.36 [pid: 8|app: 0|req: 322/644] 10.0.0.91 () {34 vars in 1010 bytes} [Thu Jul 9 06:50:34 2026] GET /allocation_candidates?limit=1000&resources=DISK_GB%3A1%2CMEMORY_MB%3A512%2CVCPU%3A1&root_required=%21COMPUTE_STATUS_DISABLED => generated 2781 bytes in 252 msecs (HTTP/1.1 200) 8 headers in 297 bytes (1 switches on core 0)
2026-07-09 06:50:34.751 7 INFO placement.requestlog [req-e350edd6-9e6d-47aa-a9ef-c945510a814f req-f8376768-dde3-4ede-a924-f89496c2a77d 09d390283f194d06ba915fc9d8f8bd8f 1b056a76dff9490baaa7fb7f46cf60b9 - - 9f36c36ff1a04966ac5fc50024a52187 9f36c36ff1a04966ac5fc50024a52187] 10.0.0.91 "GET /allocations/13d83590-9d9f-45bd-87a6-97b867e89e43" status: 200 len: 19 microversion: 1.28 [pid: 7|app: 0|req: 323/645] 10.0.0.91 () {34 vars in 859 bytes} [Thu Jul 9 06:50:34 2026] GET /allocations/13d83590-9d9f-45bd-87a6-97b867e89e43 => generated 19 bytes in 11 msecs (HTTP/1.1 200) 8 headers in 295 bytes (1 switches on core 0)
2026-07-09 06:50:34.895 8 INFO placement.requestlog [req-e350edd6-9e6d-47aa-a9ef-c945510a814f req-85e988e7-b6e5-4cdf-9da9-ef1cb1ba3784 09d390283f194d06ba915fc9d8f8bd8f 1b056a76dff9490baaa7fb7f46cf60b9 - - 9f36c36ff1a04966ac5fc50024a52187 9f36c36ff1a04966ac5fc50024a52187] 10.0.0.91 "PUT /allocations/13d83590-9d9f-45bd-87a6-97b867e89e43" status: 204 len: 0 microversion: 1.36 [pid: 8|app: 0|req: 323/646] 10.0.0.91 () {38 vars in 912 bytes} [Thu Jul 9 06:50:34 2026] PUT /allocations/13d83590-9d9f-45bd-87a6-97b867e89e43 => generated 0 bytes in 133 msecs (HTTP/1.1 204) 5 headers in 199 bytes (1 switches on core 0)
2026-07-09 06:50:36.488 7 INFO placement.requestlog [req-e350edd6-9e6d-47aa-a9ef-c945510a814f req-cf9aca23-1f9f-424c-9b4b-65a9f97fec5b 09d390283f194d06ba915fc9d8f8bd8f 1b056a76dff9490baaa7fb7f46cf60b9 - - 9f36c36ff1a04966ac5fc50024a52187 9f36c36ff1a04966ac5fc50024a52187] 199.204.45.77 "GET /allocations/13d83590-9d9f-45bd-87a6-97b867e89e43" status: 200 len: 257 microversion: 1.28 [pid: 7|app: 0|req: 324/647] 199.204.45.77 () {34 vars in 861 bytes} [Thu Jul 9 06:50:36 2026] GET /allocations/13d83590-9d9f-45bd-87a6-97b867e89e43 => generated 257 bytes in 12 msecs (HTTP/1.1 200) 8 headers in 296 bytes (1 switches on core 0)
2026-07-09 06:50:37.531 8 INFO placement.requestlog [req-e350edd6-9e6d-47aa-a9ef-c945510a814f req-4387fc7b-6a69-420e-975a-51846fc8ebbc 09d390283f194d06ba915fc9d8f8bd8f 1b056a76dff9490baaa7fb7f46cf60b9 - - 9f36c36ff1a04966ac5fc50024a52187 9f36c36ff1a04966ac5fc50024a52187] 199.204.45.77 "GET /resource_providers/5f743fd0-23bb-4bfd-81fd-1eb45afb4b98/allocations" status: 200 len: 152 microversion: 1.0 [pid: 8|app: 0|req: 324/648] 199.204.45.77 () {32 vars in 855 bytes} [Thu Jul 9 06:50:37 2026] GET /resource_providers/5f743fd0-23bb-4bfd-81fd-1eb45afb4b98/allocations => generated 152 bytes in 19 msecs (HTTP/1.1 200) 6 headers in 224 bytes (1 switches on core 0)
2026-07-09 06:50:37.551 7 INFO placement.requestlog [req-e350edd6-9e6d-47aa-a9ef-c945510a814f req-ee85d048-bcfe-4627-9661-05f03099b57a 09d390283f194d06ba915fc9d8f8bd8f 1b056a76dff9490baaa7fb7f46cf60b9 - - 9f36c36ff1a04966ac5fc50024a52187 9f36c36ff1a04966ac5fc50024a52187] 199.204.45.77 "GET /allocations/13d83590-9d9f-45bd-87a6-97b867e89e43" status: 200 len: 257 microversion: 1.28 [pid: 7|app: 0|req: 325/649] 199.204.45.77 () {34 vars in 861 bytes} [Thu Jul 9 06:50:37 2026] GET /allocations/13d83590-9d9f-45bd-87a6-97b867e89e43 => generated 257 bytes in 13 msecs (HTTP/1.1 200) 8 headers in 296 bytes (1 switches on core 0)
2026-07-09 06:50:39.739 8 INFO placement.requestlog [None req-98223ba6-c6ad-4317-bee0-bbc108555f40 - - - - - -] 10.0.0.54 "GET /" status: 200 len: 136 microversion: 1.0
2026-07-09 06:50:39.739 7 INFO placement.requestlog [None req-f7835eb6-5c5e-4daf-a622-8f3e4ebbe0c8 - - - - - -] 10.0.0.54 "GET /" status: 200 len: 136 microversion: 1.0
2026-07-09 06:50:44.880 7 INFO placement.requestlog [None req-c98911bc-8230-4d89-a3c3-e017254829ab e2be56f90f674ec3a6bc4e0b33e01290 1b056a76dff9490baaa7fb7f46cf60b9 - - 9f36c36ff1a04966ac5fc50024a52187 9f36c36ff1a04966ac5fc50024a52187] 10.0.0.164 "GET /resource_providers/76762884-c693-4064-89a9-7cdbff642e55/aggregates" status: 404 len: 235 microversion: 1.1 [pid: 7|app: 0|req: 327/652] 10.0.0.164 () {32 vars in 815 bytes} [Thu Jul 9 06:50:44 2026] GET /resource_providers/76762884-c693-4064-89a9-7cdbff642e55/aggregates => generated 235 bytes in 9 msecs (HTTP/1.1 404) 5 headers in 202 bytes (1 switches on core 0)
2026-07-09 06:50:44.887 8 INFO placement.requestlog [None req-1fa76c48-8a89-4847-9fdd-d14affcbf142 e2be56f90f674ec3a6bc4e0b33e01290 1b056a76dff9490baaa7fb7f46cf60b9 - - 9f36c36ff1a04966ac5fc50024a52187 9f36c36ff1a04966ac5fc50024a52187] 10.0.0.164 "GET /resource_providers/76762884-c693-4064-89a9-7cdbff642e55/aggregates" status: 404 len: 235 microversion: 1.1 [pid: 8|app: 0|req: 326/653] 10.0.0.164 () {32 vars in 815 bytes} [Thu Jul 9 06:50:44 2026] GET /resource_providers/76762884-c693-4064-89a9-7cdbff642e55/aggregates => generated 235 bytes in 12 msecs (HTTP/1.1 404) 5 headers in 202 bytes (1 switches on core 0)
2026-07-09 06:50:44.901 7 INFO placement.requestlog [None req-f2f5342c-7f32-4893-8dcc-6c0ffda31af0 e2be56f90f674ec3a6bc4e0b33e01290 1b056a76dff9490baaa7fb7f46cf60b9 - - 9f36c36ff1a04966ac5fc50024a52187 9f36c36ff1a04966ac5fc50024a52187] 10.0.0.164 "DELETE /resource_providers/76762884-c693-4064-89a9-7cdbff642e55" status: 404 len: 246 microversion: 1.1 [pid: 7|app: 0|req: 328/654] 10.0.0.164 () {34 vars in 815 bytes} [Thu Jul 9 06:50:44 2026] DELETE /resource_providers/76762884-c693-4064-89a9-7cdbff642e55 => generated 246 bytes in 12 msecs (HTTP/1.1 404) 6 headers in 231 bytes (1 switches on core 0)
2026-07-09 06:50:44.908 8 INFO placement.requestlog [None req-fdb52a83-1ac0-4501-8d43-66c92492695a e2be56f90f674ec3a6bc4e0b33e01290 1b056a76dff9490baaa7fb7f46cf60b9 - - 9f36c36ff1a04966ac5fc50024a52187 9f36c36ff1a04966ac5fc50024a52187] 10.0.0.164 "DELETE /resource_providers/76762884-c693-4064-89a9-7cdbff642e55" status: 404 len: 246 microversion: 1.1 [pid: 8|app: 0|req: 327/655] 10.0.0.164 () {34 vars in 815 bytes} [Thu Jul 9 06:50:44 2026] DELETE /resource_providers/76762884-c693-4064-89a9-7cdbff642e55 => generated 246 bytes in 9 msecs (HTTP/1.1 404) 6 headers in 231 bytes (1 switches on core 0)
2026-07-09 06:50:45.306 7 INFO placement.requestlog [None req-bde73ce3-cee2-4d8c-86b7-284b34fa8340 e2be56f90f674ec3a6bc4e0b33e01290 1b056a76dff9490baaa7fb7f46cf60b9 - - 9f36c36ff1a04966ac5fc50024a52187 9f36c36ff1a04966ac5fc50024a52187] 10.0.0.164 "GET /resource_providers/dff7fe33-bd24-468d-80f6-0da1b285a763/aggregates" status: 404 len: 235 microversion: 1.1 [pid: 7|app: 0|req: 329/656] 10.0.0.164 () {32 vars in 815 bytes} [Thu Jul 9 06:50:45 2026] GET /resource_providers/dff7fe33-bd24-468d-80f6-0da1b285a763/aggregates => generated 235 bytes in 9 msecs (HTTP/1.1 404) 5 headers in 202 bytes (1 switches on core 0)
2026-07-09 06:50:45.319 8 INFO placement.requestlog [None req-c31d5e57-c244-430a-8685-50c7b23459fe e2be56f90f674ec3a6bc4e0b33e01290 1b056a76dff9490baaa7fb7f46cf60b9 - - 9f36c36ff1a04966ac5fc50024a52187 9f36c36ff1a04966ac5fc50024a52187] 10.0.0.164 "GET /resource_providers/dff7fe33-bd24-468d-80f6-0da1b285a763/aggregates" status: 404 len: 235 microversion: 1.1 [pid: 8|app: 0|req: 328/657] 10.0.0.164 () {32 vars in 815 bytes} [Thu Jul 9 06:50:45 2026] GET /resource_providers/dff7fe33-bd24-468d-80f6-0da1b285a763/aggregates => generated 235 bytes in 17 msecs (HTTP/1.1 404) 5 headers in 202 bytes (1 switches on core 0)
2026-07-09 06:50:45.330 7 INFO placement.requestlog [None req-a409d0f0-46c8-4b04-aab4-5b5a7b5f1f61 e2be56f90f674ec3a6bc4e0b33e01290 1b056a76dff9490baaa7fb7f46cf60b9 - - 9f36c36ff1a04966ac5fc50024a52187 9f36c36ff1a04966ac5fc50024a52187] 10.0.0.164 "DELETE /resource_providers/dff7fe33-bd24-468d-80f6-0da1b285a763" status: 404 len: 246 microversion: 1.1 [pid: 7|app: 0|req: 330/658] 10.0.0.164 () {34 vars in 815 bytes} [Thu Jul 9 06:50:45 2026] DELETE /resource_providers/dff7fe33-bd24-468d-80f6-0da1b285a763 => generated 246 bytes in 10 msecs (HTTP/1.1 404) 6 headers in 231 bytes (1 switches on core 0)
2026-07-09 06:50:45.348 8 INFO placement.requestlog [None req-0cf440a2-c9d5-4e62-89eb-c0d355ad008d e2be56f90f674ec3a6bc4e0b33e01290 1b056a76dff9490baaa7fb7f46cf60b9 - - 9f36c36ff1a04966ac5fc50024a52187 9f36c36ff1a04966ac5fc50024a52187] 10.0.0.164 "DELETE /resource_providers/dff7fe33-bd24-468d-80f6-0da1b285a763" status: 404 len: 246 microversion: 1.1 [pid: 8|app: 0|req: 329/659] 10.0.0.164 () {34 vars in 815 bytes} [Thu Jul 9 06:50:45 2026] DELETE /resource_providers/dff7fe33-bd24-468d-80f6-0da1b285a763 => generated 246 bytes in 10 msecs (HTTP/1.1 404) 6 headers in 231 bytes (1 switches on core 0)
2026-07-09 06:50:46.350 7 INFO placement.requestlog [req-2099a57c-a6ea-413c-b13b-10a82bd52332 req-7039e7fe-c0f5-4808-8cf4-ca53ec844179 09d390283f194d06ba915fc9d8f8bd8f 1b056a76dff9490baaa7fb7f46cf60b9 - - 9f36c36ff1a04966ac5fc50024a52187 9f36c36ff1a04966ac5fc50024a52187] 10.0.0.91 "GET /allocation_candidates?limit=1000&resources=DISK_GB%3A1%2CMEMORY_MB%3A512%2CVCPU%3A1&root_required=%21COMPUTE_STATUS_DISABLED" status: 200 len: 2783 microversion: 1.36 [pid: 7|app: 0|req: 331/660] 10.0.0.91 () {34 vars in 1010 bytes} [Thu Jul 9 06:50:46 2026] GET /allocation_candidates?limit=1000&resources=DISK_GB%3A1%2CMEMORY_MB%3A512%2CVCPU%3A1&root_required=%21COMPUTE_STATUS_DISABLED => generated 2783 bytes in 69 msecs (HTTP/1.1 200) 8 headers in 297 bytes (1 switches on core 0)
2026-07-09 06:50:46.392 8 INFO placement.requestlog [req-2099a57c-a6ea-413c-b13b-10a82bd52332 req-2ca054a6-3dfc-4121-824a-9b595bcdb733 09d390283f194d06ba915fc9d8f8bd8f 1b056a76dff9490baaa7fb7f46cf60b9 - - 9f36c36ff1a04966ac5fc50024a52187 9f36c36ff1a04966ac5fc50024a52187] 10.0.0.91 "GET /allocations/46b1f092-ba50-4159-8f31-11f04fcbca5d" status: 200 len: 19 microversion: 1.28 [pid: 8|app: 0|req: 330/661] 10.0.0.91 () {34 vars in 859 bytes} [Thu Jul 9 06:50:46 2026] GET /allocations/46b1f092-ba50-4159-8f31-11f04fcbca5d => generated 19 bytes in 11 msecs (HTTP/1.1 200) 8 headers in 295 bytes (1 switches on core 0)
2026-07-09 06:50:46.475 7 INFO placement.requestlog [req-2099a57c-a6ea-413c-b13b-10a82bd52332 req-263e7480-8103-4882-b107-5c7c69d121a1 09d390283f194d06ba915fc9d8f8bd8f 1b056a76dff9490baaa7fb7f46cf60b9 - - 9f36c36ff1a04966ac5fc50024a52187 9f36c36ff1a04966ac5fc50024a52187] 10.0.0.91 "PUT /allocations/46b1f092-ba50-4159-8f31-11f04fcbca5d" status: 204 len: 0 microversion: 1.36 [pid: 7|app: 0|req: 332/662] 10.0.0.91 () {38 vars in 912 bytes} [Thu Jul 9 06:50:46 2026] PUT /allocations/46b1f092-ba50-4159-8f31-11f04fcbca5d => generated 0 bytes in 72 msecs (HTTP/1.1 204) 5 headers in 199 bytes (1 switches on core 0)
2026-07-09 06:50:46.566 8 INFO placement.requestlog [req-e78fea25-63c5-4848-8657-690977e2a9de req-919d1dc1-9055-4ce0-b140-662bf1fc03c7 09d390283f194d06ba915fc9d8f8bd8f 1b056a76dff9490baaa7fb7f46cf60b9 - - 9f36c36ff1a04966ac5fc50024a52187 9f36c36ff1a04966ac5fc50024a52187] 10.0.0.91 "GET /allocation_candidates?limit=1000&resources=DISK_GB%3A1%2CMEMORY_MB%3A512%2CVCPU%3A1&root_required=%21COMPUTE_STATUS_DISABLED" status: 200 len: 2784 microversion: 1.36 [pid: 8|app: 0|req: 331/663] 10.0.0.91 () {34 vars in 1010 bytes} [Thu Jul 9 06:50:46 2026] GET /allocation_candidates?limit=1000&resources=DISK_GB%3A1%2CMEMORY_MB%3A512%2CVCPU%3A1&root_required=%21COMPUTE_STATUS_DISABLED => generated 2784 bytes in 51 msecs (HTTP/1.1 200) 8 headers in 297 bytes (1 switches on core 0)
2026-07-09 06:50:46.609 7 INFO placement.requestlog [req-e78fea25-63c5-4848-8657-690977e2a9de req-99104db3-0370-4d28-8ba8-c49392c72eff 09d390283f194d06ba915fc9d8f8bd8f 1b056a76dff9490baaa7fb7f46cf60b9 - - 9f36c36ff1a04966ac5fc50024a52187 9f36c36ff1a04966ac5fc50024a52187] 10.0.0.91 "GET /allocations/6b623af6-f80f-45db-ab71-ecd677f04c27" status: 200 len: 19 microversion: 1.28 [pid: 7|app: 0|req: 333/664] 10.0.0.91 () {34 vars in 859 bytes} [Thu Jul 9 06:50:46 2026] GET /allocations/6b623af6-f80f-45db-ab71-ecd677f04c27 => generated 19 bytes in 12 msecs (HTTP/1.1 200) 8 headers in 295 bytes (1 switches on core 0)
2026-07-09 06:50:46.682 8 INFO placement.requestlog [req-e78fea25-63c5-4848-8657-690977e2a9de req-33df2e31-c01a-47c4-8e64-b282fe28c78b 09d390283f194d06ba915fc9d8f8bd8f 1b056a76dff9490baaa7fb7f46cf60b9 - - 9f36c36ff1a04966ac5fc50024a52187 9f36c36ff1a04966ac5fc50024a52187] 10.0.0.91 "PUT /allocations/6b623af6-f80f-45db-ab71-ecd677f04c27" status: 204 len: 0 microversion: 1.36 [pid: 8|app: 0|req: 332/665] 10.0.0.91 () {38 vars in 912 bytes} [Thu Jul 9 06:50:46 2026] PUT /allocations/6b623af6-f80f-45db-ab71-ecd677f04c27 => generated 0 bytes in 62 msecs (HTTP/1.1 204) 5 headers in 199 bytes (1 switches on core 0)
2026-07-09 06:50:48.001 7 INFO placement.requestlog [req-2099a57c-a6ea-413c-b13b-10a82bd52332 req-226f0b51-d3b6-46aa-a137-9876ad5eb131 09d390283f194d06ba915fc9d8f8bd8f 1b056a76dff9490baaa7fb7f46cf60b9 - - 9f36c36ff1a04966ac5fc50024a52187 9f36c36ff1a04966ac5fc50024a52187] 199.204.45.77 "GET /allocations/46b1f092-ba50-4159-8f31-11f04fcbca5d" status: 200 len: 257 microversion: 1.28 [pid: 7|app: 0|req: 334/666] 199.204.45.77 () {34 vars in 861 bytes} [Thu Jul 9 06:50:47 2026] GET /allocations/46b1f092-ba50-4159-8f31-11f04fcbca5d => generated 257 bytes in 34 msecs (HTTP/1.1 200) 8 headers in 296 bytes (1 switches on core 0)
2026-07-09 06:50:48.182 8 INFO placement.requestlog [req-e78fea25-63c5-4848-8657-690977e2a9de req-acd11e87-7d80-4692-b130-c33495974c2e 09d390283f194d06ba915fc9d8f8bd8f 1b056a76dff9490baaa7fb7f46cf60b9 - - 9f36c36ff1a04966ac5fc50024a52187 9f36c36ff1a04966ac5fc50024a52187] 199.204.45.77 "GET /allocations/6b623af6-f80f-45db-ab71-ecd677f04c27" status: 200 len: 257 microversion: 1.28 [pid: 8|app: 0|req: 333/667] 199.204.45.77 () {34 vars in 861 bytes} [Thu Jul 9 06:50:48 2026] GET /allocations/6b623af6-f80f-45db-ab71-ecd677f04c27 => generated 257 bytes in 20 msecs (HTTP/1.1 200) 8 headers in 296 bytes (1 switches on core 0)
2026-07-09 06:50:49.045 7 INFO placement.requestlog [req-2099a57c-a6ea-413c-b13b-10a82bd52332 req-51891486-4c47-4924-bba2-870658991111 09d390283f194d06ba915fc9d8f8bd8f 1b056a76dff9490baaa7fb7f46cf60b9 - - 9f36c36ff1a04966ac5fc50024a52187 9f36c36ff1a04966ac5fc50024a52187] 199.204.45.77 "GET /resource_providers/5f743fd0-23bb-4bfd-81fd-1eb45afb4b98/allocations" status: 200 len: 352 microversion: 1.0 [pid: 7|app: 0|req: 335/668] 199.204.45.77 () {32 vars in 855 bytes} [Thu Jul 9 06:50:49 2026] GET /resource_providers/5f743fd0-23bb-4bfd-81fd-1eb45afb4b98/allocations => generated 352 bytes in 17 msecs (HTTP/1.1 200) 6 headers in 224 bytes (1 switches on core 0)
2026-07-09 06:50:49.069 8 INFO placement.requestlog [req-2099a57c-a6ea-413c-b13b-10a82bd52332 req-9251a1de-bd9c-4078-9813-494056d4bb1e 09d390283f194d06ba915fc9d8f8bd8f 1b056a76dff9490baaa7fb7f46cf60b9 - - 9f36c36ff1a04966ac5fc50024a52187 9f36c36ff1a04966ac5fc50024a52187] 199.204.45.77 "GET /allocations/46b1f092-ba50-4159-8f31-11f04fcbca5d" status: 200 len: 257 microversion: 1.28 [pid: 8|app: 0|req: 334/669] 199.204.45.77 () {34 vars in 861 bytes} [Thu Jul 9 06:50:49 2026] GET /allocations/46b1f092-ba50-4159-8f31-11f04fcbca5d => generated 257 bytes in 15 msecs (HTTP/1.1 200) 8 headers in 296 bytes (1 switches on core 0)
2026-07-09 06:50:49.088 7 INFO placement.requestlog [req-2099a57c-a6ea-413c-b13b-10a82bd52332 req-2ac1e5f7-e950-4820-afa4-a8a9079e3383 09d390283f194d06ba915fc9d8f8bd8f 1b056a76dff9490baaa7fb7f46cf60b9 - - 9f36c36ff1a04966ac5fc50024a52187 9f36c36ff1a04966ac5fc50024a52187] 199.204.45.77 "GET /allocations/13d83590-9d9f-45bd-87a6-97b867e89e43" status: 200 len: 257 microversion: 1.28 [pid: 7|app: 0|req: 336/670] 199.204.45.77 () {34 vars in 861 bytes} [Thu Jul 9 06:50:49 2026] GET /allocations/13d83590-9d9f-45bd-87a6-97b867e89e43 => generated 257 bytes in 9 msecs (HTTP/1.1 200) 8 headers in 296 bytes (1 switches on core 0)
2026-07-09 06:50:49.112 8 INFO placement.requestlog [req-2099a57c-a6ea-413c-b13b-10a82bd52332 req-3d71eb48-2229-4cc7-bc0c-bc9f866df417 09d390283f194d06ba915fc9d8f8bd8f 1b056a76dff9490baaa7fb7f46cf60b9 - - 9f36c36ff1a04966ac5fc50024a52187 9f36c36ff1a04966ac5fc50024a52187] 199.204.45.77 "GET /allocations/6b623af6-f80f-45db-ab71-ecd677f04c27" status: 200 len: 257 microversion: 1.28 [pid: 8|app: 0|req: 335/671] 199.204.45.77 () {34 vars in 861 bytes} [Thu Jul 9 06:50:49 2026] GET /allocations/6b623af6-f80f-45db-ab71-ecd677f04c27 => generated 257 bytes in 15 msecs (HTTP/1.1 200) 8 headers in 296 bytes (1 switches on core 0)
2026-07-09 06:50:49.740 7 INFO placement.requestlog [None req-bbee1c6a-5c99-426c-8145-b180ed378d14 - - - - - -] 10.0.0.54 "GET /" status: 200 len: 136 microversion: 1.0
2026-07-09 06:50:49.740 8 INFO placement.requestlog [None req-b0bb56c7-34e4-464f-843f-21fbe767fbec - - - - - -] 10.0.0.54 "GET /" status: 200 len: 136 microversion: 1.0
2026-07-09 06:50:51.179 7 INFO placement.requestlog [req-e78fea25-63c5-4848-8657-690977e2a9de req-70a20332-21ad-4569-80e1-c5d26fbae36d 09d390283f194d06ba915fc9d8f8bd8f 1b056a76dff9490baaa7fb7f46cf60b9 - - 9f36c36ff1a04966ac5fc50024a52187 9f36c36ff1a04966ac5fc50024a52187] 199.204.45.77 "GET /resource_providers/5f743fd0-23bb-4bfd-81fd-1eb45afb4b98/allocations" status: 200 len: 352 microversion: 1.0 [pid: 7|app: 0|req: 338/674] 199.204.45.77 () {32 vars in 855 bytes} [Thu Jul 9 06:50:51 2026] GET /resource_providers/5f743fd0-23bb-4bfd-81fd-1eb45afb4b98/allocations => generated 352 bytes in 14 msecs (HTTP/1.1 200) 6 headers in 224 bytes (1 switches on core 0)
2026-07-09 06:50:51.201 8 INFO placement.requestlog [req-e78fea25-63c5-4848-8657-690977e2a9de req-90c6ffc3-5027-4728-8ba5-5615072757c2 09d390283f194d06ba915fc9d8f8bd8f 1b056a76dff9490baaa7fb7f46cf60b9 - - 9f36c36ff1a04966ac5fc50024a52187 9f36c36ff1a04966ac5fc50024a52187] 199.204.45.77 "GET /allocations/46b1f092-ba50-4159-8f31-11f04fcbca5d" status: 200 len: 257 microversion: 1.28 [pid: 8|app: 0|req: 337/675] 199.204.45.77 () {34 vars in 861 bytes} [Thu Jul 9 06:50:51 2026] GET /allocations/46b1f092-ba50-4159-8f31-11f04fcbca5d => generated 257 bytes in 17 msecs (HTTP/1.1 200) 8 headers in 296 bytes (1 switches on core 0)
2026-07-09 06:50:51.221 7 INFO placement.requestlog [req-e78fea25-63c5-4848-8657-690977e2a9de req-db53f455-b016-4117-9100-b21f6bc6e439 09d390283f194d06ba915fc9d8f8bd8f 1b056a76dff9490baaa7fb7f46cf60b9 - - 9f36c36ff1a04966ac5fc50024a52187 9f36c36ff1a04966ac5fc50024a52187] 199.204.45.77 "GET /allocations/13d83590-9d9f-45bd-87a6-97b867e89e43" status: 200 len: 257 microversion: 1.28 [pid: 7|app: 0|req: 339/676] 199.204.45.77 () {34 vars in 861 bytes} [Thu Jul 9 06:50:51 2026] GET /allocations/13d83590-9d9f-45bd-87a6-97b867e89e43 => generated 257 bytes in 13 msecs (HTTP/1.1 200) 8 headers in 296 bytes (1 switches on core 0)
2026-07-09 06:50:51.241 8 INFO placement.requestlog [req-e78fea25-63c5-4848-8657-690977e2a9de req-5b374cd4-670d-4629-9fc2-4a2cf9fd9e00 09d390283f194d06ba915fc9d8f8bd8f 1b056a76dff9490baaa7fb7f46cf60b9 - - 9f36c36ff1a04966ac5fc50024a52187 9f36c36ff1a04966ac5fc50024a52187] 199.204.45.77 "GET /allocations/6b623af6-f80f-45db-ab71-ecd677f04c27" status: 200 len: 257 microversion: 1.28 [pid: 8|app: 0|req: 338/677] 199.204.45.77 () {34 vars in 861 bytes} [Thu Jul 9 06:50:51 2026] GET /allocations/6b623af6-f80f-45db-ab71-ecd677f04c27 => generated 257 bytes in 13 msecs (HTTP/1.1 200) 8 headers in 296 bytes (1 switches on core 0)
2026-07-09 06:50:52.709 8 INFO placement.requestlog [None req-ca63fea6-ce5c-46d3-ab4f-67b26fe88c5a e2be56f90f674ec3a6bc4e0b33e01290 1b056a76dff9490baaa7fb7f46cf60b9 - - 9f36c36ff1a04966ac5fc50024a52187 9f36c36ff1a04966ac5fc50024a52187] 10.0.0.164 "GET /resource_providers/ddbe587e-2472-456d-a0eb-e31210d8c5fc/aggregates" status: 404 len: 235 microversion: 1.1 [pid: 8|app: 0|req: 339/678] 10.0.0.164 () {32 vars in 815 bytes} [Thu Jul 9 06:50:52 2026] GET /resource_providers/ddbe587e-2472-456d-a0eb-e31210d8c5fc/aggregates => generated 235 bytes in 14 msecs (HTTP/1.1 404) 5 headers in 202 bytes (1 switches on core 0)
2026-07-09 06:50:52.722 7 INFO placement.requestlog [None req-5090bf29-a16c-4eb2-8170-aeb9cd725692 e2be56f90f674ec3a6bc4e0b33e01290 1b056a76dff9490baaa7fb7f46cf60b9 - - 9f36c36ff1a04966ac5fc50024a52187 9f36c36ff1a04966ac5fc50024a52187] 10.0.0.164 "GET /resource_providers/ddbe587e-2472-456d-a0eb-e31210d8c5fc/aggregates" status: 404 len: 235 microversion: 1.1 [pid: 7|app: 0|req: 340/679] 10.0.0.164 () {32 vars in 815 bytes} [Thu Jul 9 06:50:52 2026] GET /resource_providers/ddbe587e-2472-456d-a0eb-e31210d8c5fc/aggregates => generated 235 bytes in 31 msecs (HTTP/1.1 404) 5 headers in 202 bytes (1 switches on core 0)
2026-07-09 06:50:52.732 8 INFO placement.requestlog [None req-2c4abed3-321d-4be0-86ab-2531891a98b5 e2be56f90f674ec3a6bc4e0b33e01290 1b056a76dff9490baaa7fb7f46cf60b9 - - 9f36c36ff1a04966ac5fc50024a52187 9f36c36ff1a04966ac5fc50024a52187] 10.0.0.164 "DELETE /resource_providers/ddbe587e-2472-456d-a0eb-e31210d8c5fc" status: 404 len: 246 microversion: 1.1 [pid: 8|app: 0|req: 340/680] 10.0.0.164 () {34 vars in 815 bytes} [Thu Jul 9 06:50:52 2026] DELETE /resource_providers/ddbe587e-2472-456d-a0eb-e31210d8c5fc => generated 246 bytes in 12 msecs (HTTP/1.1 404) 6 headers in 231 bytes (1 switches on core 0)
2026-07-09 06:50:52.749 7 INFO placement.requestlog [None req-0af0c4f1-977d-478b-969d-a294e049b1e1 e2be56f90f674ec3a6bc4e0b33e01290 1b056a76dff9490baaa7fb7f46cf60b9 - - 9f36c36ff1a04966ac5fc50024a52187 9f36c36ff1a04966ac5fc50024a52187] 10.0.0.164 "DELETE /resource_providers/ddbe587e-2472-456d-a0eb-e31210d8c5fc" status: 404 len: 246 microversion: 1.1 [pid: 7|app: 0|req: 341/681] 10.0.0.164 () {34 vars in 815 bytes} [Thu Jul 9 06:50:52 2026] DELETE /resource_providers/ddbe587e-2472-456d-a0eb-e31210d8c5fc => generated 246 bytes in 16 msecs (HTTP/1.1 404) 6 headers in 231 bytes (1 switches on core 0)
2026-07-09 06:50:52.807 8 INFO placement.requestlog [req-e350edd6-9e6d-47aa-a9ef-c945510a814f req-62a6ba9f-83b9-4d38-abc7-3a42d586a51f 09d390283f194d06ba915fc9d8f8bd8f 1b056a76dff9490baaa7fb7f46cf60b9 - - 9f36c36ff1a04966ac5fc50024a52187 9f36c36ff1a04966ac5fc50024a52187] 199.204.45.77 "GET /resource_providers/5f743fd0-23bb-4bfd-81fd-1eb45afb4b98/allocations" status: 200 len: 352 microversion: 1.0 [pid: 8|app: 0|req: 341/682] 199.204.45.77 () {32 vars in 855 bytes} [Thu Jul 9 06:50:52 2026] GET /resource_providers/5f743fd0-23bb-4bfd-81fd-1eb45afb4b98/allocations => generated 352 bytes in 17 msecs (HTTP/1.1 200) 6 headers in 224 bytes (1 switches on core 0)
2026-07-09 06:50:52.831 7 INFO placement.requestlog [req-e350edd6-9e6d-47aa-a9ef-c945510a814f req-37a6f0f7-7414-49da-a3a5-2689c56ca09c 09d390283f194d06ba915fc9d8f8bd8f 1b056a76dff9490baaa7fb7f46cf60b9 - - 9f36c36ff1a04966ac5fc50024a52187 9f36c36ff1a04966ac5fc50024a52187] 199.204.45.77 "GET /allocations/46b1f092-ba50-4159-8f31-11f04fcbca5d" status: 200 len: 257 microversion: 1.28 [pid: 7|app: 0|req: 342/683] 199.204.45.77 () {34 vars in 861 bytes} [Thu Jul 9 06:50:52 2026] GET /allocations/46b1f092-ba50-4159-8f31-11f04fcbca5d => generated 257 bytes in 13 msecs (HTTP/1.1 200) 8 headers in 296 bytes (1 switches on core 0)
2026-07-09 06:50:52.880 8 INFO placement.requestlog [req-e350edd6-9e6d-47aa-a9ef-c945510a814f req-de898515-e05f-41de-83b5-f574878feb52 09d390283f194d06ba915fc9d8f8bd8f 1b056a76dff9490baaa7fb7f46cf60b9 - - 9f36c36ff1a04966ac5fc50024a52187 9f36c36ff1a04966ac5fc50024a52187] 199.204.45.77 "GET /allocations/13d83590-9d9f-45bd-87a6-97b867e89e43" status: 200 len: 257 microversion: 1.28 [pid: 8|app: 0|req: 342/684] 199.204.45.77 () {34 vars in 861 bytes} [Thu Jul 9 06:50:52 2026] GET /allocations/13d83590-9d9f-45bd-87a6-97b867e89e43 => generated 257 bytes in 14 msecs (HTTP/1.1 200) 8 headers in 296 bytes (1 switches on core 0)
2026-07-09 06:50:52.907 7 INFO placement.requestlog [req-e350edd6-9e6d-47aa-a9ef-c945510a814f req-fffb0069-6d2f-4ea2-96c0-592caa6e319d 09d390283f194d06ba915fc9d8f8bd8f 1b056a76dff9490baaa7fb7f46cf60b9 - - 9f36c36ff1a04966ac5fc50024a52187 9f36c36ff1a04966ac5fc50024a52187] 199.204.45.77 "GET /allocations/6b623af6-f80f-45db-ab71-ecd677f04c27" status: 200 len: 257 microversion: 1.28 [pid: 7|app: 0|req: 343/685] 199.204.45.77 () {34 vars in 861 bytes} [Thu Jul 9 06:50:52 2026] GET /allocations/6b623af6-f80f-45db-ab71-ecd677f04c27 => generated 257 bytes in 11 msecs (HTTP/1.1 200) 8 headers in 296 bytes (1 switches on core 0)
2026-07-09 06:50:53.126 8 INFO placement.requestlog [None req-85b20072-b311-4445-87b2-7d4e46dfc59a e2be56f90f674ec3a6bc4e0b33e01290 1b056a76dff9490baaa7fb7f46cf60b9 - - 9f36c36ff1a04966ac5fc50024a52187 9f36c36ff1a04966ac5fc50024a52187] 10.0.0.164 "GET /resource_providers/afc8c1f8-f2f1-42f4-a727-4add4957a870/aggregates" status: 404 len: 235 microversion: 1.1 [pid: 8|app: 0|req: 343/686] 10.0.0.164 () {32 vars in 815 bytes} [Thu Jul 9 06:50:53 2026] GET /resource_providers/afc8c1f8-f2f1-42f4-a727-4add4957a870/aggregates => generated 235 bytes in 10 msecs (HTTP/1.1 404) 5 headers in 202 bytes (1 switches on core 0)
2026-07-09 06:50:53.131 7 INFO placement.requestlog [None req-4d40aa5a-f0e3-4519-9be5-e8a7a87b78bb e2be56f90f674ec3a6bc4e0b33e01290 1b056a76dff9490baaa7fb7f46cf60b9 - - 9f36c36ff1a04966ac5fc50024a52187 9f36c36ff1a04966ac5fc50024a52187] 10.0.0.164 "GET /resource_providers/afc8c1f8-f2f1-42f4-a727-4add4957a870/aggregates" status: 404 len: 235 microversion: 1.1 [pid: 7|app: 0|req: 344/687] 10.0.0.164 () {32 vars in 815 bytes} [Thu Jul 9 06:50:53 2026] GET /resource_providers/afc8c1f8-f2f1-42f4-a727-4add4957a870/aggregates => generated 235 bytes in 11 msecs (HTTP/1.1 404) 5 headers in 202 bytes (1 switches on core 0)
2026-07-09 06:50:53.153 7 INFO placement.requestlog [None req-9b0aca3d-d8f1-4fa6-9ebb-449f7bad90ca e2be56f90f674ec3a6bc4e0b33e01290 1b056a76dff9490baaa7fb7f46cf60b9 - - 9f36c36ff1a04966ac5fc50024a52187 9f36c36ff1a04966ac5fc50024a52187] 10.0.0.164 "DELETE /resource_providers/afc8c1f8-f2f1-42f4-a727-4add4957a870" status: 404 len: 246 microversion: 1.1 [pid: 7|app: 0|req: 345/688] 10.0.0.164 () {34 vars in 815 bytes} [Thu Jul 9 06:50:53 2026] DELETE /resource_providers/afc8c1f8-f2f1-42f4-a727-4add4957a870 => generated 246 bytes in 14 msecs (HTTP/1.1 404) 6 headers in 231 bytes (1 switches on core 0)
2026-07-09 06:50:53.155 8 INFO placement.requestlog [None req-afee7fcb-88cb-4e33-bf5e-c97c0e7264b5 e2be56f90f674ec3a6bc4e0b33e01290 1b056a76dff9490baaa7fb7f46cf60b9 - - 9f36c36ff1a04966ac5fc50024a52187 9f36c36ff1a04966ac5fc50024a52187] 10.0.0.164 "DELETE /resource_providers/afc8c1f8-f2f1-42f4-a727-4add4957a870" status: 404 len: 246 microversion: 1.1 [pid: 8|app: 0|req: 344/689] 10.0.0.164 () {34 vars in 815 bytes} [Thu Jul 9 06:50:53 2026] DELETE /resource_providers/afc8c1f8-f2f1-42f4-a727-4add4957a870 => generated 246 bytes in 16 msecs (HTTP/1.1 404) 6 headers in 231 bytes (1 switches on core 0)
2026-07-09 06:50:55.175 7 INFO placement.requestlog [None req-a66d445d-a4dc-40f3-9266-097d00a5d477 e2be56f90f674ec3a6bc4e0b33e01290 1b056a76dff9490baaa7fb7f46cf60b9 - - 9f36c36ff1a04966ac5fc50024a52187 9f36c36ff1a04966ac5fc50024a52187] 10.0.0.164 "GET /resource_providers/11623521-f682-469b-835e-0f12aee12a87/aggregates" status: 404 len: 235 microversion: 1.1 [pid: 7|app: 0|req: 346/690] 10.0.0.164 () {32 vars in 815 bytes} [Thu Jul 9 06:50:55 2026] GET /resource_providers/11623521-f682-469b-835e-0f12aee12a87/aggregates => generated 235 bytes in 9 msecs (HTTP/1.1 404) 5 headers in 202 bytes (1 switches on core 0)
2026-07-09 06:50:55.178 8 INFO placement.requestlog [None req-d875a29e-e6b9-4114-ae1f-815461f29eaa e2be56f90f674ec3a6bc4e0b33e01290 1b056a76dff9490baaa7fb7f46cf60b9 - - 9f36c36ff1a04966ac5fc50024a52187 9f36c36ff1a04966ac5fc50024a52187] 10.0.0.164 "GET /resource_providers/11623521-f682-469b-835e-0f12aee12a87/aggregates" status: 404 len: 235 microversion: 1.1 [pid: 8|app: 0|req: 345/691] 10.0.0.164 () {32 vars in 815 bytes} [Thu Jul 9 06:50:55 2026] GET /resource_providers/11623521-f682-469b-835e-0f12aee12a87/aggregates => generated 235 bytes in 11 msecs (HTTP/1.1 404) 5 headers in 202 bytes (1 switches on core 0)
2026-07-09 06:50:55.195 8 INFO placement.requestlog [None req-ef287b38-5dea-4dd6-b593-42b91a435e49 e2be56f90f674ec3a6bc4e0b33e01290 1b056a76dff9490baaa7fb7f46cf60b9 - - 9f36c36ff1a04966ac5fc50024a52187 9f36c36ff1a04966ac5fc50024a52187] 10.0.0.164 "DELETE /resource_providers/11623521-f682-469b-835e-0f12aee12a87" status: 404 len: 246 microversion: 1.1 [pid: 8|app: 0|req: 346/692] 10.0.0.164 () {34 vars in 815 bytes} [Thu Jul 9 06:50:55 2026] DELETE /resource_providers/11623521-f682-469b-835e-0f12aee12a87 => generated 246 bytes in 6 msecs (HTTP/1.1 404) 6 headers in 231 bytes (1 switches on core 0)
2026-07-09 06:50:55.197 7 INFO placement.requestlog [None req-5914c33d-ca87-4737-8287-73a6a217c84f e2be56f90f674ec3a6bc4e0b33e01290 1b056a76dff9490baaa7fb7f46cf60b9 - - 9f36c36ff1a04966ac5fc50024a52187 9f36c36ff1a04966ac5fc50024a52187] 10.0.0.164 "DELETE /resource_providers/11623521-f682-469b-835e-0f12aee12a87" status: 404 len: 246 microversion: 1.1 [pid: 7|app: 0|req: 347/693] 10.0.0.164 () {34 vars in 815 bytes} [Thu Jul 9 06:50:55 2026] DELETE /resource_providers/11623521-f682-469b-835e-0f12aee12a87 => generated 246 bytes in 12 msecs (HTTP/1.1 404) 6 headers in 231 bytes (1 switches on core 0)
2026-07-09 06:50:55.216 8 INFO placement.requestlog [None req-da3a319f-2e5d-42a3-85c6-a3e547f28a82 e2be56f90f674ec3a6bc4e0b33e01290 1b056a76dff9490baaa7fb7f46cf60b9 - - 9f36c36ff1a04966ac5fc50024a52187 9f36c36ff1a04966ac5fc50024a52187] 10.0.0.164 "GET /resource_providers/8dd03d93-1093-4720-9809-de61b31af9dc/aggregates" status: 404 len: 235 microversion: 1.1 [pid: 8|app: 0|req: 347/694] 10.0.0.164 () {32 vars in 815 bytes} [Thu Jul 9 06:50:55 2026] GET /resource_providers/8dd03d93-1093-4720-9809-de61b31af9dc/aggregates => generated 235 bytes in 12 msecs (HTTP/1.1 404) 5 headers in 202 bytes (1 switches on core 0)
2026-07-09 06:50:55.220 7 INFO placement.requestlog [None req-6610b4df-374e-4143-8d4f-9ab33692b7b9 e2be56f90f674ec3a6bc4e0b33e01290 1b056a76dff9490baaa7fb7f46cf60b9 - - 9f36c36ff1a04966ac5fc50024a52187 9f36c36ff1a04966ac5fc50024a52187] 10.0.0.164 "GET /resource_providers/8dd03d93-1093-4720-9809-de61b31af9dc/aggregates" status: 404 len: 235 microversion: 1.1 [pid: 7|app: 0|req: 348/695] 10.0.0.164 () {32 vars in 815 bytes} [Thu Jul 9 06:50:55 2026] GET /resource_providers/8dd03d93-1093-4720-9809-de61b31af9dc/aggregates => generated 235 bytes in 12 msecs (HTTP/1.1 404) 5 headers in 202 bytes (1 switches on core 0)
2026-07-09 06:50:55.231 8 INFO placement.requestlog [None req-25a19b3e-52f3-4581-a351-df8a26e5acd5 e2be56f90f674ec3a6bc4e0b33e01290 1b056a76dff9490baaa7fb7f46cf60b9 - - 9f36c36ff1a04966ac5fc50024a52187 9f36c36ff1a04966ac5fc50024a52187] 10.0.0.164 "DELETE /resource_providers/8dd03d93-1093-4720-9809-de61b31af9dc" status: 404 len: 246 microversion: 1.1 [pid: 8|app: 0|req: 348/696] 10.0.0.164 () {34 vars in 815 bytes} [Thu Jul 9 06:50:55 2026] DELETE /resource_providers/8dd03d93-1093-4720-9809-de61b31af9dc => generated 246 bytes in 7 msecs (HTTP/1.1 404) 6 headers in 231 bytes (1 switches on core 0)
