2026-07-09 06:55:44.819 7 WARNING neutron.notifiers.nova [-] Nova event matching ['req-382f8269-715e-453e-b217-c1423208b73e']: {'server_uuid': '521afd11-4fd0-446e-b0d7-882f1188dee0', 'name': 'network-vif-deleted', 'tag': 'e886c4c7-433f-4ebc-8d85-1fd31f16c2d8', 'status': 'failed', 'code': 422} returned with failed status [pid: 8|app: 0|req: 1261/2574] 10.0.0.9 () {34 vars in 988 bytes} [Thu Jul 9 06:55:47 2026] GET /v2.0/ports?device_id=521afd11-4fd0-446e-b0d7-882f1188dee0 => generated 12 bytes in 26 msecs (HTTP/1.1 200) 4 headers in 156 bytes (1 switches on core 0) [pid: 7|app: 0|req: 1314/2575] 10.0.0.51 () {34 vars in 1069 bytes} [Thu Jul 9 06:55:47 2026] GET /v2.0/ports?fields=security_groups&fields=device_id&device_id=521afd11-4fd0-446e-b0d7-882f1188dee0 => generated 12 bytes in 24 msecs (HTTP/1.1 200) 4 headers in 156 bytes (1 switches on core 0) [pid: 8|app: 0|req: 1262/2576] 10.0.0.51 () {34 vars in 989 bytes} [Thu Jul 9 06:55:47 2026] GET /v2.0/ports?device_id=521afd11-4fd0-446e-b0d7-882f1188dee0 => generated 12 bytes in 21 msecs (HTTP/1.1 200) 4 headers in 156 bytes (1 switches on core 0) [pid: 7|app: 0|req: 1315/2577] 10.0.0.201 () {32 vars in 750 bytes} [Thu Jul 9 06:55:48 2026] DELETE /v2.0/security-group-rules/7ea0c215-1c70-46a9-abf5-c2cf035fdd65 => generated 0 bytes in 126 msecs (HTTP/1.1 204) 2 headers in 112 bytes (1 switches on core 0)
2026-07-09 06:55:48.224 8 INFO neutron.api.v2.resource [None req-cc033927-359b-44dc-b508-4143339abfbb 684e597d356747a183b41d2eb23036e5 e45555c771d7461899dd6503c252701c - - default default] show failed (client error): The resource could not be found. [pid: 8|app: 0|req: 1263/2578] 10.0.0.201 () {32 vars in 747 bytes} [Thu Jul 9 06:55:48 2026] GET /v2.0/security-group-rules/7ea0c215-1c70-46a9-abf5-c2cf035fdd65 => generated 155 bytes in 18 msecs (HTTP/1.1 404) 4 headers in 164 bytes (1 switches on core 0) [pid: 7|app: 0|req: 1316/2579] 10.0.0.201 () {32 vars in 750 bytes} [Thu Jul 9 06:55:48 2026] DELETE /v2.0/security-group-rules/c017ec86-662f-47c5-95b1-8c3e8570b3a1 => generated 0 bytes in 130 msecs (HTTP/1.1 204) 2 headers in 112 bytes (1 switches on core 0)
2026-07-09 06:55:48.379 8 INFO neutron.api.v2.resource [None req-b2b6f377-f405-4275-a8cb-ad4e909958eb 684e597d356747a183b41d2eb23036e5 e45555c771d7461899dd6503c252701c - - default default] show failed (client error): The resource could not be found. [pid: 8|app: 0|req: 1264/2580] 10.0.0.201 () {32 vars in 747 bytes} [Thu Jul 9 06:55:48 2026] GET /v2.0/security-group-rules/c017ec86-662f-47c5-95b1-8c3e8570b3a1 => generated 155 bytes in 13 msecs (HTTP/1.1 404) 4 headers in 164 bytes (1 switches on core 0) [pid: 7|app: 0|req: 1317/2581] 10.0.0.201 () {32 vars in 750 bytes} [Thu Jul 9 06:55:48 2026] DELETE /v2.0/security-group-rules/29f25f87-5051-4b7c-a26d-6f2e68e8c5cc => generated 0 bytes in 101 msecs (HTTP/1.1 204) 2 headers in 112 bytes (1 switches on core 0)
2026-07-09 06:55:48.502 8 INFO neutron.api.v2.resource [None req-462e0a63-4f4d-464c-8edc-37209e2a15cf 684e597d356747a183b41d2eb23036e5 e45555c771d7461899dd6503c252701c - - default default] show failed (client error): The resource could not be found. [pid: 8|app: 0|req: 1265/2582] 10.0.0.201 () {32 vars in 747 bytes} [Thu Jul 9 06:55:48 2026] GET /v2.0/security-group-rules/29f25f87-5051-4b7c-a26d-6f2e68e8c5cc => generated 155 bytes in 11 msecs (HTTP/1.1 404) 4 headers in 164 bytes (1 switches on core 0) [pid: 7|app: 0|req: 1318/2583] 10.0.0.201 () {32 vars in 750 bytes} [Thu Jul 9 06:55:48 2026] DELETE /v2.0/security-group-rules/1d3b8daf-2e73-4200-876d-c5e7478f64d0 => generated 0 bytes in 102 msecs (HTTP/1.1 204) 2 headers in 112 bytes (1 switches on core 0)
2026-07-09 06:55:48.630 8 INFO neutron.api.v2.resource [None req-cd723319-51b1-4ab0-8440-3adea6cf94b6 684e597d356747a183b41d2eb23036e5 e45555c771d7461899dd6503c252701c - - default default] show failed (client error): The resource could not be found. [pid: 8|app: 0|req: 1266/2584] 10.0.0.201 () {32 vars in 747 bytes} [Thu Jul 9 06:55:48 2026] GET /v2.0/security-group-rules/1d3b8daf-2e73-4200-876d-c5e7478f64d0 => generated 155 bytes in 13 msecs (HTTP/1.1 404) 4 headers in 164 bytes (1 switches on core 0) [pid: 7|app: 0|req: 1319/2585] 10.0.0.201 () {32 vars in 750 bytes} [Thu Jul 9 06:55:48 2026] DELETE /v2.0/security-group-rules/521a6ea8-f015-4650-b5b0-26eb44ff2fba => generated 0 bytes in 99 msecs (HTTP/1.1 204) 2 headers in 112 bytes (1 switches on core 0)
2026-07-09 06:55:48.753 8 INFO neutron.api.v2.resource [None req-41f40109-6f82-4000-9ab9-7e2cdd7f59fd 684e597d356747a183b41d2eb23036e5 e45555c771d7461899dd6503c252701c - - default default] show failed (client error): The resource could not be found. [pid: 8|app: 0|req: 1267/2586] 10.0.0.201 () {32 vars in 747 bytes} [Thu Jul 9 06:55:48 2026] GET /v2.0/security-group-rules/521a6ea8-f015-4650-b5b0-26eb44ff2fba => generated 155 bytes in 14 msecs (HTTP/1.1 404) 4 headers in 164 bytes (1 switches on core 0) [pid: 7|app: 0|req: 1320/2587] 10.0.0.201 () {32 vars in 750 bytes} [Thu Jul 9 06:55:48 2026] DELETE /v2.0/security-group-rules/35f8236f-1885-47ab-9896-85fb652ae6c2 => generated 0 bytes in 99 msecs (HTTP/1.1 204) 2 headers in 112 bytes (1 switches on core 0)
2026-07-09 06:55:48.877 8 INFO neutron.api.v2.resource [None req-521289de-1418-468d-b3fe-d73626308b55 684e597d356747a183b41d2eb23036e5 e45555c771d7461899dd6503c252701c - - default default] show failed (client error): The resource could not be found. [pid: 8|app: 0|req: 1268/2588] 10.0.0.201 () {32 vars in 747 bytes} [Thu Jul 9 06:55:48 2026] GET /v2.0/security-group-rules/35f8236f-1885-47ab-9896-85fb652ae6c2 => generated 155 bytes in 15 msecs (HTTP/1.1 404) 4 headers in 164 bytes (1 switches on core 0) [pid: 7|app: 0|req: 1321/2589] 10.0.0.201 () {32 vars in 750 bytes} [Thu Jul 9 06:55:48 2026] DELETE /v2.0/security-group-rules/773d6f05-a185-4e02-a994-30f0d7adc9f6 => generated 0 bytes in 105 msecs (HTTP/1.1 204) 2 headers in 112 bytes (1 switches on core 0)
2026-07-09 06:55:49.008 8 INFO neutron.api.v2.resource [None req-c19bf16a-5cb8-4772-9bff-6151ac2765c1 684e597d356747a183b41d2eb23036e5 e45555c771d7461899dd6503c252701c - - default default] show failed (client error): The resource could not be found. [pid: 8|app: 0|req: 1269/2590] 10.0.0.201 () {32 vars in 747 bytes} [Thu Jul 9 06:55:48 2026] GET /v2.0/security-group-rules/773d6f05-a185-4e02-a994-30f0d7adc9f6 => generated 155 bytes in 16 msecs (HTTP/1.1 404) 4 headers in 164 bytes (1 switches on core 0) [pid: 7|app: 0|req: 1322/2591] 10.0.0.201 () {32 vars in 750 bytes} [Thu Jul 9 06:55:49 2026] DELETE /v2.0/security-group-rules/ec7995b3-e0a0-4241-a99c-401c3cf21020 => generated 0 bytes in 128 msecs (HTTP/1.1 204) 2 headers in 112 bytes (1 switches on core 0)
2026-07-09 06:55:49.176 8 INFO neutron.api.v2.resource [None req-84b4c457-327a-4d56-b142-1bff4eeee9de 684e597d356747a183b41d2eb23036e5 e45555c771d7461899dd6503c252701c - - default default] show failed (client error): The resource could not be found. [pid: 8|app: 0|req: 1270/2592] 10.0.0.201 () {32 vars in 747 bytes} [Thu Jul 9 06:55:49 2026] GET /v2.0/security-group-rules/ec7995b3-e0a0-4241-a99c-401c3cf21020 => generated 155 bytes in 26 msecs (HTTP/1.1 404) 4 headers in 164 bytes (1 switches on core 0) [pid: 7|app: 0|req: 1323/2593] 10.0.0.201 () {32 vars in 750 bytes} [Thu Jul 9 06:55:49 2026] DELETE /v2.0/security-group-rules/ce298224-f8e4-4016-9d15-2002e8eb6b8a => generated 0 bytes in 130 msecs (HTTP/1.1 204) 2 headers in 112 bytes (1 switches on core 0)
2026-07-09 06:55:49.337 8 INFO neutron.api.v2.resource [None req-d3f30aaf-dc7c-49f6-882d-7f2ba2c1caae 684e597d356747a183b41d2eb23036e5 e45555c771d7461899dd6503c252701c - - default default] show failed (client error): The resource could not be found. [pid: 8|app: 0|req: 1271/2594] 10.0.0.201 () {32 vars in 747 bytes} [Thu Jul 9 06:55:49 2026] GET /v2.0/security-group-rules/ce298224-f8e4-4016-9d15-2002e8eb6b8a => generated 155 bytes in 23 msecs (HTTP/1.1 404) 4 headers in 164 bytes (1 switches on core 0) [pid: 7|app: 0|req: 1324/2595] 10.0.0.201 () {32 vars in 750 bytes} [Thu Jul 9 06:55:49 2026] DELETE /v2.0/security-group-rules/2aec403e-7837-435a-bfc7-9ba3e5c65bea => generated 0 bytes in 108 msecs (HTTP/1.1 204) 2 headers in 112 bytes (1 switches on core 0)
2026-07-09 06:55:49.471 8 INFO neutron.api.v2.resource [None req-dd93d42a-6c7e-4992-b512-cbe7ffa8c197 684e597d356747a183b41d2eb23036e5 e45555c771d7461899dd6503c252701c - - default default] show failed (client error): The resource could not be found. [pid: 8|app: 0|req: 1272/2596] 10.0.0.201 () {32 vars in 747 bytes} [Thu Jul 9 06:55:49 2026] GET /v2.0/security-group-rules/2aec403e-7837-435a-bfc7-9ba3e5c65bea => generated 155 bytes in 12 msecs (HTTP/1.1 404) 4 headers in 164 bytes (1 switches on core 0) [pid: 7|app: 0|req: 1325/2597] 10.0.0.201 () {32 vars in 750 bytes} [Thu Jul 9 06:55:49 2026] DELETE /v2.0/security-group-rules/c38ae39f-31ea-4411-8835-962690d7a258 => generated 0 bytes in 93 msecs (HTTP/1.1 204) 2 headers in 112 bytes (1 switches on core 0)
2026-07-09 06:55:49.587 8 INFO neutron.api.v2.resource [None req-b120a11f-5760-4173-a2e6-c548aca0a798 684e597d356747a183b41d2eb23036e5 e45555c771d7461899dd6503c252701c - - default default] show failed (client error): The resource could not be found. [pid: 8|app: 0|req: 1273/2598] 10.0.0.201 () {32 vars in 747 bytes} [Thu Jul 9 06:55:49 2026] GET /v2.0/security-group-rules/c38ae39f-31ea-4411-8835-962690d7a258 => generated 155 bytes in 14 msecs (HTTP/1.1 404) 4 headers in 164 bytes (1 switches on core 0) [pid: 7|app: 0|req: 1326/2599] 10.0.0.201 () {32 vars in 740 bytes} [Thu Jul 9 06:55:49 2026] DELETE /v2.0/security-groups/e3471819-6371-432f-b93f-b2787d611351 => generated 0 bytes in 122 msecs (HTTP/1.1 204) 2 headers in 112 bytes (1 switches on core 0)
2026-07-09 06:55:49.739 8 INFO neutron.api.v2.resource [None req-640297f3-e714-45bd-a92d-2f581e6ef76b 684e597d356747a183b41d2eb23036e5 e45555c771d7461899dd6503c252701c - - default default] show failed (client error): The resource could not be found. [pid: 8|app: 0|req: 1274/2600] 10.0.0.201 () {32 vars in 737 bytes} [Thu Jul 9 06:55:49 2026] GET /v2.0/security-groups/e3471819-6371-432f-b93f-b2787d611351 => generated 146 bytes in 18 msecs (HTTP/1.1 404) 4 headers in 164 bytes (1 switches on core 0)
2026-07-09 06:55:50.101 7 INFO neutron_taas.services.taas.taas_plugin [None req-b690a6cc-00a4-43be-bcb3-8f28e11a1301 684e597d356747a183b41d2eb23036e5 e45555c771d7461899dd6503c252701c - - default default] TaaS: Handle Delete Port: 3a60a209-8743-4228-a17c-1d7957188d82
2026-07-09 06:55:50.104 7 INFO neutron_taas.services.taas.tap_mirror_plugin [None req-b690a6cc-00a4-43be-bcb3-8f28e11a1301 684e597d356747a183b41d2eb23036e5 e45555c771d7461899dd6503c252701c - - default default] Tap Mirror: Handle Delete Port: 3a60a209-8743-4228-a17c-1d7957188d82 [pid: 7|app: 0|req: 1327/2601] 10.0.0.201 () {34 vars in 789 bytes} [Thu Jul 9 06:55:49 2026] PUT /v2.0/routers/45257265-5804-4ad9-822b-3736838e8777/remove_router_interface => generated 310 bytes in 850 msecs (HTTP/1.1 200) 4 headers in 157 bytes (1 switches on core 0)
2026-07-09 06:55:50.778 8 INFO neutron.api.v2.resource [None req-5671db36-57e7-4df2-a206-ff1b8ffdc546 684e597d356747a183b41d2eb23036e5 e45555c771d7461899dd6503c252701c - - default default] remove_router_interface failed (client error): The resource could not be found. [pid: 8|app: 0|req: 1275/2602] 10.0.0.201 () {34 vars in 789 bytes} [Thu Jul 9 06:55:50 2026] PUT /v2.0/routers/45257265-5804-4ad9-822b-3736838e8777/remove_router_interface => generated 198 bytes in 132 msecs (HTTP/1.1 404) 4 headers in 164 bytes (1 switches on core 0) /var/lib/openstack/lib/python3.12/site-packages/pycadf/identifier.py:70: UserWarning: Invalid uuid: neutron. To ensure interoperability, identifiers should be a valid uuid. warnings.warn(('Invalid uuid: %s. To ensure interoperability, '
2026-07-09 06:55:51.076 7 INFO neutron_taas.services.taas.taas_plugin [None req-d0a758d7-8d75-4d68-ae26-e276f86acc8f 684e597d356747a183b41d2eb23036e5 e45555c771d7461899dd6503c252701c - - default default] TaaS: Handle Delete Port: adc7a5cf-a2b9-41ba-8944-a616d49f8409
2026-07-09 06:55:51.080 7 INFO neutron_taas.services.taas.tap_mirror_plugin [None req-d0a758d7-8d75-4d68-ae26-e276f86acc8f 684e597d356747a183b41d2eb23036e5 e45555c771d7461899dd6503c252701c - - default default] Tap Mirror: Handle Delete Port: adc7a5cf-a2b9-41ba-8944-a616d49f8409 [pid: 7|app: 0|req: 1328/2603] 10.0.0.201 () {34 vars in 789 bytes} [Thu Jul 9 06:55:50 2026] PUT /v2.0/routers/45257265-5804-4ad9-822b-3736838e8777/remove_router_interface => generated 310 bytes in 837 msecs (HTTP/1.1 200) 4 headers in 157 bytes (1 switches on core 0)
2026-07-09 06:55:51.761 8 INFO neutron.api.v2.resource [None req-c57509c9-9357-4f08-85d6-b436e7f2a199 684e597d356747a183b41d2eb23036e5 e45555c771d7461899dd6503c252701c - - default default] remove_router_interface failed (client error): The resource could not be found. [pid: 8|app: 0|req: 1276/2604] 10.0.0.201 () {34 vars in 789 bytes} [Thu Jul 9 06:55:51 2026] PUT /v2.0/routers/45257265-5804-4ad9-822b-3736838e8777/remove_router_interface => generated 198 bytes in 131 msecs (HTTP/1.1 404) 4 headers in 164 bytes (1 switches on core 0) /var/lib/openstack/lib/python3.12/site-packages/pycadf/identifier.py:70: UserWarning: Invalid uuid: neutron. To ensure interoperability, identifiers should be a valid uuid. warnings.warn(('Invalid uuid: %s. To ensure interoperability, '
2026-07-09 06:55:52.071 7 INFO neutron_taas.services.taas.taas_plugin [None req-be13fb1d-4017-4f7a-a193-69de7cd2c054 684e597d356747a183b41d2eb23036e5 e45555c771d7461899dd6503c252701c - - default default] TaaS: Handle Delete Port: 1444560d-fa64-49e9-abf4-7e98bea7d87d
2026-07-09 06:55:52.077 7 INFO neutron_taas.services.taas.tap_mirror_plugin [None req-be13fb1d-4017-4f7a-a193-69de7cd2c054 684e597d356747a183b41d2eb23036e5 e45555c771d7461899dd6503c252701c - - default default] Tap Mirror: Handle Delete Port: 1444560d-fa64-49e9-abf4-7e98bea7d87d [pid: 7|app: 0|req: 1329/2605] 10.0.0.201 () {34 vars in 789 bytes} [Thu Jul 9 06:55:51 2026] PUT /v2.0/routers/45257265-5804-4ad9-822b-3736838e8777/remove_router_interface => generated 310 bytes in 897 msecs (HTTP/1.1 200) 4 headers in 157 bytes (1 switches on core 0)
2026-07-09 06:55:52.779 8 INFO neutron.api.v2.resource [None req-3df1537a-6cea-41f5-b105-febf95cc1d71 684e597d356747a183b41d2eb23036e5 e45555c771d7461899dd6503c252701c - - default default] remove_router_interface failed (client error): The resource could not be found. [pid: 8|app: 0|req: 1277/2608] 10.0.0.201 () {34 vars in 789 bytes} [Thu Jul 9 06:55:52 2026] PUT /v2.0/routers/45257265-5804-4ad9-822b-3736838e8777/remove_router_interface => generated 198 bytes in 111 msecs (HTTP/1.1 404) 4 headers in 164 bytes (1 switches on core 0) /var/lib/openstack/lib/python3.12/site-packages/pycadf/identifier.py:70: UserWarning: Invalid uuid: neutron. To ensure interoperability, identifiers should be a valid uuid. warnings.warn(('Invalid uuid: %s. To ensure interoperability, '
2026-07-09 06:55:53.126 7 INFO neutron_taas.services.taas.taas_plugin [None req-aa0c8ed6-d4a6-4b08-be33-00d608b9d652 684e597d356747a183b41d2eb23036e5 e45555c771d7461899dd6503c252701c - - default default] TaaS: Handle Delete Port: ce75d7a5-0b6a-4886-8fbf-62b0cc01838d
2026-07-09 06:55:53.129 7 INFO neutron_taas.services.taas.tap_mirror_plugin [None req-aa0c8ed6-d4a6-4b08-be33-00d608b9d652 684e597d356747a183b41d2eb23036e5 e45555c771d7461899dd6503c252701c - - default default] Tap Mirror: Handle Delete Port: ce75d7a5-0b6a-4886-8fbf-62b0cc01838d [pid: 7|app: 0|req: 1332/2609] 10.0.0.201 () {32 vars in 724 bytes} [Thu Jul 9 06:55:52 2026] DELETE /v2.0/routers/45257265-5804-4ad9-822b-3736838e8777 => generated 0 bytes in 843 msecs (HTTP/1.1 204) 2 headers in 112 bytes (1 switches on core 0)
2026-07-09 06:55:53.655 8 INFO neutron.api.v2.resource [None req-f18fcbbd-93a7-4f62-8aa8-3aab4ca17335 684e597d356747a183b41d2eb23036e5 e45555c771d7461899dd6503c252701c - - default default] show failed (client error): The resource could not be found. [pid: 8|app: 0|req: 1278/2610] 10.0.0.201 () {32 vars in 721 bytes} [Thu Jul 9 06:55:53 2026] GET /v2.0/routers/45257265-5804-4ad9-822b-3736838e8777 => generated 135 bytes in 18 msecs (HTTP/1.1 404) 4 headers in 164 bytes (1 switches on core 0) [pid: 7|app: 0|req: 1333/2611] 10.0.0.201 () {32 vars in 724 bytes} [Thu Jul 9 06:55:53 2026] DELETE /v2.0/subnets/635d4bd7-3cd1-4576-84c7-ad7b80c5318b => generated 0 bytes in 174 msecs (HTTP/1.1 204) 3 headers in 131 bytes (1 switches on core 0)
2026-07-09 06:55:53.864 8 INFO neutron.pecan_wsgi.hooks.translation [None req-8783df67-3a7c-47b9-9360-6b1d3178bbc3 684e597d356747a183b41d2eb23036e5 e45555c771d7461899dd6503c252701c - - default default] GET failed (client error): The resource could not be found. [pid: 8|app: 0|req: 1279/2612] 10.0.0.201 () {32 vars in 721 bytes} [Thu Jul 9 06:55:53 2026] GET /v2.0/subnets/635d4bd7-3cd1-4576-84c7-ad7b80c5318b => generated 136 bytes in 18 msecs (HTTP/1.1 404) 4 headers in 164 bytes (1 switches on core 0) [pid: 7|app: 0|req: 1334/2613] 10.0.0.201 () {32 vars in 724 bytes} [Thu Jul 9 06:55:53 2026] DELETE /v2.0/subnets/603bf7d5-ba0d-4c38-8397-1c0156da3e04 => generated 0 bytes in 183 msecs (HTTP/1.1 204) 3 headers in 131 bytes (1 switches on core 0)
2026-07-09 06:55:54.076 8 INFO neutron.pecan_wsgi.hooks.translation [None req-3e1c2487-208f-4757-aa26-e096b0da7150 684e597d356747a183b41d2eb23036e5 e45555c771d7461899dd6503c252701c - - default default] GET failed (client error): The resource could not be found. [pid: 8|app: 0|req: 1280/2614] 10.0.0.201 () {32 vars in 721 bytes} [Thu Jul 9 06:55:54 2026] GET /v2.0/subnets/603bf7d5-ba0d-4c38-8397-1c0156da3e04 => generated 136 bytes in 18 msecs (HTTP/1.1 404) 4 headers in 164 bytes (1 switches on core 0)
2026-07-09 06:55:54.223 7 INFO neutron_taas.services.taas.taas_plugin [None req-8003131e-1c70-44ec-84bb-5404b9ab4b97 684e597d356747a183b41d2eb23036e5 e45555c771d7461899dd6503c252701c - - default default] TaaS: Handle Delete Port: 74928049-3c97-4a54-b385-5e34acfedb62
2026-07-09 06:55:54.229 7 INFO neutron_taas.services.taas.tap_mirror_plugin [None req-8003131e-1c70-44ec-84bb-5404b9ab4b97 684e597d356747a183b41d2eb23036e5 e45555c771d7461899dd6503c252701c - - default default] Tap Mirror: Handle Delete Port: 74928049-3c97-4a54-b385-5e34acfedb62 [pid: 7|app: 0|req: 1335/2615] 10.0.0.201 () {32 vars in 726 bytes} [Thu Jul 9 06:55:54 2026] DELETE /v2.0/networks/f3ebedc6-6add-4bbe-9fa4-4ac626c570b3 => generated 0 bytes in 472 msecs (HTTP/1.1 204) 3 headers in 131 bytes (1 switches on core 0)
2026-07-09 06:55:54.575 8 INFO neutron.pecan_wsgi.hooks.translation [None req-c36b7d78-42ff-4749-9bfc-3aff6838dcdf 684e597d356747a183b41d2eb23036e5 e45555c771d7461899dd6503c252701c - - default default] GET failed (client error): The resource could not be found. [pid: 8|app: 0|req: 1281/2616] 10.0.0.201 () {32 vars in 723 bytes} [Thu Jul 9 06:55:54 2026] GET /v2.0/networks/f3ebedc6-6add-4bbe-9fa4-4ac626c570b3 => generated 138 bytes in 17 msecs (HTTP/1.1 404) 4 headers in 164 bytes (1 switches on core 0)
2026-07-09 06:55:54.603 7 INFO neutron.services.segments.plugin [-] Segment ec5bbf6d-ae8e-400f-9ee8-d2ee16479106 resource provider aggregate not found
2026-07-09 06:55:54.622 7 INFO neutron.services.segments.plugin [-] Client error retrieving segment ec5bbf6d-ae8e-400f-9ee8-d2ee16479106 resource provider; error: Placement Client Error (4xx): {"errors": [{"status": 404, "title": "Not Found", "detail": "The resource could not be found.\n\n No resource provider with uuid ec5bbf6d-ae8e-400f-9ee8-d2ee16479106 found for delete ", "request_id": "req-9b06bf68-6ba8-4a64-aac4-924efa4fdb60"}]}
2026-07-09 06:55:54.637 7 INFO neutron.services.segments.plugin [-] Segment ec5bbf6d-ae8e-400f-9ee8-d2ee16479106 resource provider aggregate not found
2026-07-09 06:55:54.657 7 INFO neutron.services.segments.plugin [-] Client error retrieving segment ec5bbf6d-ae8e-400f-9ee8-d2ee16479106 resource provider; error: Placement Client Error (4xx): {"errors": [{"status": 404, "title": "Not Found", "detail": "The resource could not be found.\n\n No resource provider with uuid ec5bbf6d-ae8e-400f-9ee8-d2ee16479106 found for delete ", "request_id": "req-e9632848-f797-4498-8cf8-f7542cbb837b"}]} [pid: 7|app: 0|req: 1336/2617] 10.0.0.201 () {32 vars in 724 bytes} [Thu Jul 9 06:55:54 2026] DELETE /v2.0/subnets/738bacf9-9ea6-4c2b-af04-62cc7dabb32a => generated 0 bytes in 167 msecs (HTTP/1.1 204) 3 headers in 131 bytes (1 switches on core 0)
2026-07-09 06:55:54.772 8 INFO neutron.pecan_wsgi.hooks.translation [None req-00dd0729-9e73-4767-9d92-87cca20fd2a0 684e597d356747a183b41d2eb23036e5 e45555c771d7461899dd6503c252701c - - default default] GET failed (client error): The resource could not be found. [pid: 8|app: 0|req: 1282/2618] 10.0.0.201 () {32 vars in 721 bytes} [Thu Jul 9 06:55:54 2026] GET /v2.0/subnets/738bacf9-9ea6-4c2b-af04-62cc7dabb32a => generated 136 bytes in 20 msecs (HTTP/1.1 404) 4 headers in 164 bytes (1 switches on core 0) [pid: 7|app: 0|req: 1337/2619] 10.0.0.201 () {32 vars in 724 bytes} [Thu Jul 9 06:55:54 2026] DELETE /v2.0/subnets/3b9fe708-8faf-4c96-b714-d6da5a058c67 => generated 0 bytes in 187 msecs (HTTP/1.1 204) 3 headers in 131 bytes (1 switches on core 0)
2026-07-09 06:55:54.986 8 INFO neutron.pecan_wsgi.hooks.translation [None req-5f9defef-d564-40aa-870c-c900f2b1f2bc 684e597d356747a183b41d2eb23036e5 e45555c771d7461899dd6503c252701c - - default default] GET failed (client error): The resource could not be found. [pid: 8|app: 0|req: 1283/2620] 10.0.0.201 () {32 vars in 721 bytes} [Thu Jul 9 06:55:54 2026] GET /v2.0/subnets/3b9fe708-8faf-4c96-b714-d6da5a058c67 => generated 136 bytes in 17 msecs (HTTP/1.1 404) 4 headers in 164 bytes (1 switches on core 0)
2026-07-09 06:55:55.112 7 INFO neutron_taas.services.taas.taas_plugin [None req-628ff57b-8617-4c15-abdf-291c96d9faad 684e597d356747a183b41d2eb23036e5 e45555c771d7461899dd6503c252701c - - default default] TaaS: Handle Delete Port: e27bc275-2cc1-45df-8071-8ae5f96c3e2c
2026-07-09 06:55:55.115 7 INFO neutron_taas.services.taas.tap_mirror_plugin [None req-628ff57b-8617-4c15-abdf-291c96d9faad 684e597d356747a183b41d2eb23036e5 e45555c771d7461899dd6503c252701c - - default default] Tap Mirror: Handle Delete Port: e27bc275-2cc1-45df-8071-8ae5f96c3e2c [pid: 7|app: 0|req: 1338/2621] 10.0.0.201 () {32 vars in 726 bytes} [Thu Jul 9 06:55:54 2026] DELETE /v2.0/networks/f2764ac2-64a6-4943-899b-9539f959b7e9 => generated 0 bytes in 365 msecs (HTTP/1.1 204) 3 headers in 131 bytes (1 switches on core 0)
2026-07-09 06:55:55.380 8 INFO neutron.pecan_wsgi.hooks.translation [None req-588d8379-b469-47a0-a409-109dc40d4fec 684e597d356747a183b41d2eb23036e5 e45555c771d7461899dd6503c252701c - - default default] GET failed (client error): The resource could not be found. [pid: 8|app: 0|req: 1284/2622] 10.0.0.201 () {32 vars in 723 bytes} [Thu Jul 9 06:55:55 2026] GET /v2.0/networks/f2764ac2-64a6-4943-899b-9539f959b7e9 => generated 138 bytes in 19 msecs (HTTP/1.1 404) 4 headers in 164 bytes (1 switches on core 0) [pid: 7|app: 0|req: 1339/2623] 10.0.0.201 () {32 vars in 724 bytes} [Thu Jul 9 06:55:55 2026] DELETE /v2.0/subnets/29c6dfd1-cc10-4fed-a3fd-6ddbfdff1913 => generated 0 bytes in 161 msecs (HTTP/1.1 204) 3 headers in 131 bytes (1 switches on core 0)
2026-07-09 06:55:55.570 8 INFO neutron.pecan_wsgi.hooks.translation [None req-b38a4e2c-18b5-4a8c-ab43-62cd934dbb5a 684e597d356747a183b41d2eb23036e5 e45555c771d7461899dd6503c252701c - - default default] GET failed (client error): The resource could not be found. [pid: 8|app: 0|req: 1285/2624] 10.0.0.201 () {32 vars in 721 bytes} [Thu Jul 9 06:55:55 2026] GET /v2.0/subnets/29c6dfd1-cc10-4fed-a3fd-6ddbfdff1913 => generated 136 bytes in 20 msecs (HTTP/1.1 404) 4 headers in 164 bytes (1 switches on core 0) [pid: 7|app: 0|req: 1340/2625] 10.0.0.201 () {32 vars in 724 bytes} [Thu Jul 9 06:55:55 2026] DELETE /v2.0/subnets/a757f0ca-030f-4329-a1cb-c9e491fa54e0 => generated 0 bytes in 156 msecs (HTTP/1.1 204) 3 headers in 131 bytes (1 switches on core 0)
2026-07-09 06:55:55.753 8 INFO neutron.pecan_wsgi.hooks.translation [None req-a64f2bba-9f80-48ee-99f7-9701852aa218 684e597d356747a183b41d2eb23036e5 e45555c771d7461899dd6503c252701c - - default default] GET failed (client error): The resource could not be found. [pid: 8|app: 0|req: 1286/2626] 10.0.0.201 () {32 vars in 721 bytes} [Thu Jul 9 06:55:55 2026] GET /v2.0/subnets/a757f0ca-030f-4329-a1cb-c9e491fa54e0 => generated 136 bytes in 16 msecs (HTTP/1.1 404) 4 headers in 164 bytes (1 switches on core 0)
2026-07-09 06:55:55.895 7 INFO neutron_taas.services.taas.taas_plugin [None req-9506baa7-6a22-4dfd-a8a0-5ceef9b85003 684e597d356747a183b41d2eb23036e5 e45555c771d7461899dd6503c252701c - - default default] TaaS: Handle Delete Port: 7510be3c-8a36-4eaa-b43a-7fb0aaefe4d7
2026-07-09 06:55:55.897 7 INFO neutron_taas.services.taas.tap_mirror_plugin [None req-9506baa7-6a22-4dfd-a8a0-5ceef9b85003 684e597d356747a183b41d2eb23036e5 e45555c771d7461899dd6503c252701c - - default default] Tap Mirror: Handle Delete Port: 7510be3c-8a36-4eaa-b43a-7fb0aaefe4d7 [pid: 7|app: 0|req: 1341/2627] 10.0.0.201 () {32 vars in 726 bytes} [Thu Jul 9 06:55:55 2026] DELETE /v2.0/networks/07fc1202-eede-460e-9040-7ea8f2e137f0 => generated 0 bytes in 365 msecs (HTTP/1.1 204) 3 headers in 131 bytes (1 switches on core 0)
2026-07-09 06:55:56.145 8 INFO neutron.pecan_wsgi.hooks.translation [None req-003aa79a-4443-40bf-91ae-8edcec913810 684e597d356747a183b41d2eb23036e5 e45555c771d7461899dd6503c252701c - - default default] GET failed (client error): The resource could not be found. [pid: 8|app: 0|req: 1287/2628] 10.0.0.201 () {32 vars in 723 bytes} [Thu Jul 9 06:55:56 2026] GET /v2.0/networks/07fc1202-eede-460e-9040-7ea8f2e137f0 => generated 138 bytes in 17 msecs (HTTP/1.1 404) 4 headers in 164 bytes (1 switches on core 0)
2026-07-09 06:55:56.643 7 INFO neutron.services.segments.plugin [-] Segment 10ae2fb2-9af0-4ad5-aa51-5625001105ce resource provider aggregate not found
2026-07-09 06:55:56.663 7 INFO neutron.services.segments.plugin [-] Client error retrieving segment 10ae2fb2-9af0-4ad5-aa51-5625001105ce resource provider; error: Placement Client Error (4xx): {"errors": [{"status": 404, "title": "Not Found", "detail": "The resource could not be found.\n\n No resource provider with uuid 10ae2fb2-9af0-4ad5-aa51-5625001105ce found for delete ", "request_id": "req-3c334bb1-e59e-4a9c-81d1-0a7a161ba6ee"}]}
2026-07-09 06:55:56.676 7 INFO neutron.services.segments.plugin [-] Segment 04bb566b-d90a-4c5f-a08e-9b08f0a8ecdb resource provider aggregate not found
2026-07-09 06:55:56.681 7 INFO neutron.services.segments.plugin [-] Segment 10ae2fb2-9af0-4ad5-aa51-5625001105ce resource provider aggregate not found
2026-07-09 06:55:56.692 7 INFO neutron.services.segments.plugin [-] Client error retrieving segment 04bb566b-d90a-4c5f-a08e-9b08f0a8ecdb resource provider; error: Placement Client Error (4xx): {"errors": [{"status": 404, "title": "Not Found", "detail": "The resource could not be found.\n\n No resource provider with uuid 04bb566b-d90a-4c5f-a08e-9b08f0a8ecdb found for delete ", "request_id": "req-42f3f86d-8aea-472a-83c3-ed4e5815f0e3"}]}
2026-07-09 06:55:56.701 7 INFO neutron.services.segments.plugin [-] Client error retrieving segment 10ae2fb2-9af0-4ad5-aa51-5625001105ce resource provider; error: Placement Client Error (4xx): {"errors": [{"status": 404, "title": "Not Found", "detail": "The resource could not be found.\n\n No resource provider with uuid 10ae2fb2-9af0-4ad5-aa51-5625001105ce found for delete ", "request_id": "req-29f617e0-debb-43a5-a648-cb37cd6ffeed"}]}
2026-07-09 06:55:56.722 7 INFO neutron.services.segments.plugin [-] Segment 04bb566b-d90a-4c5f-a08e-9b08f0a8ecdb resource provider aggregate not found
2026-07-09 06:55:56.742 7 INFO neutron.services.segments.plugin [-] Client error retrieving segment 04bb566b-d90a-4c5f-a08e-9b08f0a8ecdb resource provider; error: Placement Client Error (4xx): {"errors": [{"status": 404, "title": "Not Found", "detail": "The resource could not be found.\n\n No resource provider with uuid 04bb566b-d90a-4c5f-a08e-9b08f0a8ecdb found for delete ", "request_id": "req-55c6d421-1653-4612-8aa5-8f5cd069f294"}]}
2026-07-09 06:55:58.275 7 WARNING neutron.db.securitygroups_db [None req-f5adb5a9-a7df-43f3-a710-006b5e68d3ca 973034d16270436d9c247592a90fdbc3 a28a0120d89e4851a6b66414e305c2b6 - - default default] project_id key not found in filters, using tenant_id instead. This support has been deprecated and will be removed in a future release. [pid: 7|app: 0|req: 1342/2629] 10.0.0.201 () {32 vars in 774 bytes} [Thu Jul 9 06:55:58 2026] GET /v2.0/security-groups?tenant_id=e45555c771d7461899dd6503c252701c&name=default => generated 2929 bytes in 210 msecs (HTTP/1.1 200) 4 headers in 158 bytes (1 switches on core 0) [pid: 8|app: 0|req: 1288/2630] 10.0.0.201 () {32 vars in 740 bytes} [Thu Jul 9 06:55:58 2026] DELETE /v2.0/security-groups/49ddc4df-ffc5-4397-800d-fc647ff2d48c => generated 0 bytes in 222 msecs (HTTP/1.1 204) 2 headers in 112 bytes (1 switches on core 0)
2026-07-09 06:55:58.630 7 WARNING neutron.db.securitygroups_db [None req-5255e006-1721-4ceb-ad54-012303e2e2c4 973034d16270436d9c247592a90fdbc3 a28a0120d89e4851a6b66414e305c2b6 - - default default] project_id key not found in filters, using tenant_id instead. This support has been deprecated and will be removed in a future release.
2026-07-09 06:55:58.773 7 INFO neutron.db.ovn_revision_numbers_db [None req-5255e006-1721-4ceb-ad54-012303e2e2c4 973034d16270436d9c247592a90fdbc3 a28a0120d89e4851a6b66414e305c2b6 - - default default] Successfully bumped revision number for resource 15d4577f-94c9-4412-957c-51d03b12cc2a (type: security_groups) to 1
2026-07-09 06:55:58.785 7 INFO neutron.db.ovn_revision_numbers_db [None req-5255e006-1721-4ceb-ad54-012303e2e2c4 973034d16270436d9c247592a90fdbc3 a28a0120d89e4851a6b66414e305c2b6 - - default default] Successfully bumped revision number for resource 60df6962-9c35-4fa5-9c41-326544f74134 (type: security_group_rules) to 0
2026-07-09 06:55:58.797 7 INFO neutron.db.ovn_revision_numbers_db [None req-5255e006-1721-4ceb-ad54-012303e2e2c4 973034d16270436d9c247592a90fdbc3 a28a0120d89e4851a6b66414e305c2b6 - - default default] Successfully bumped revision number for resource 97309d0f-9b0c-4c2b-8a92-fa5c825aaa9c (type: security_group_rules) to 0
2026-07-09 06:55:58.812 7 INFO neutron.db.ovn_revision_numbers_db [None req-5255e006-1721-4ceb-ad54-012303e2e2c4 973034d16270436d9c247592a90fdbc3 a28a0120d89e4851a6b66414e305c2b6 - - default default] Successfully bumped revision number for resource 9a4b9736-e1c9-4ac6-86b8-79971b8fd6c0 (type: security_group_rules) to 0
2026-07-09 06:55:58.826 7 INFO neutron.db.ovn_revision_numbers_db [None req-5255e006-1721-4ceb-ad54-012303e2e2c4 973034d16270436d9c247592a90fdbc3 a28a0120d89e4851a6b66414e305c2b6 - - default default] Successfully bumped revision number for resource a364c35e-a49b-453a-8b03-77333a1016ef (type: security_group_rules) to 0 [pid: 7|app: 0|req: 1343/2631] 10.0.0.201 () {32 vars in 774 bytes} [Thu Jul 9 06:55:58 2026] GET /v2.0/security-groups?tenant_id=8942a12a9faa4648ae6763b9f2fe2838&name=default => generated 2929 bytes in 243 msecs (HTTP/1.1 200) 4 headers in 158 bytes (1 switches on core 0) [pid: 8|app: 0|req: 1289/2632] 10.0.0.201 () {32 vars in 740 bytes} [Thu Jul 9 06:55:58 2026] DELETE /v2.0/security-groups/15d4577f-94c9-4412-957c-51d03b12cc2a => generated 0 bytes in 185 msecs (HTTP/1.1 204) 2 headers in 112 bytes (1 switches on core 0)
2026-07-09 06:55:59.222 7 WARNING neutron.db.securitygroups_db [None req-5a04ba4d-7a49-4b0f-a808-303598b72657 973034d16270436d9c247592a90fdbc3 a28a0120d89e4851a6b66414e305c2b6 - - default default] project_id key not found in filters, using tenant_id instead. This support has been deprecated and will be removed in a future release.
2026-07-09 06:55:59.413 7 INFO neutron.db.ovn_revision_numbers_db [None req-5a04ba4d-7a49-4b0f-a808-303598b72657 973034d16270436d9c247592a90fdbc3 a28a0120d89e4851a6b66414e305c2b6 - - default default] Successfully bumped revision number for resource 3279df15-7a69-4739-9494-89dabe5018e6 (type: security_groups) to 1
2026-07-09 06:55:59.429 7 INFO neutron.db.ovn_revision_numbers_db [None req-5a04ba4d-7a49-4b0f-a808-303598b72657 973034d16270436d9c247592a90fdbc3 a28a0120d89e4851a6b66414e305c2b6 - - default default] Successfully bumped revision number for resource 0f8f92b5-881c-4c06-ad4f-75c250db794d (type: security_group_rules) to 0
2026-07-09 06:55:59.441 7 INFO neutron.db.ovn_revision_numbers_db [None req-5a04ba4d-7a49-4b0f-a808-303598b72657 973034d16270436d9c247592a90fdbc3 a28a0120d89e4851a6b66414e305c2b6 - - default default] Successfully bumped revision number for resource 61da0e8a-b16b-4b2e-ab22-6e915fd61c0e (type: security_group_rules) to 0
2026-07-09 06:55:59.455 7 INFO neutron.db.ovn_revision_numbers_db [None req-5a04ba4d-7a49-4b0f-a808-303598b72657 973034d16270436d9c247592a90fdbc3 a28a0120d89e4851a6b66414e305c2b6 - - default default] Successfully bumped revision number for resource 8345a667-1292-4f33-a5d7-f605d6ed8d19 (type: security_group_rules) to 0
2026-07-09 06:55:59.470 7 INFO neutron.db.ovn_revision_numbers_db [None req-5a04ba4d-7a49-4b0f-a808-303598b72657 973034d16270436d9c247592a90fdbc3 a28a0120d89e4851a6b66414e305c2b6 - - default default] Successfully bumped revision number for resource bdba2ab9-d367-458d-8a1b-a7556d1077b4 (type: security_group_rules) to 0 [pid: 7|app: 0|req: 1344/2633] 10.0.0.201 () {32 vars in 774 bytes} [Thu Jul 9 06:55:59 2026] GET /v2.0/security-groups?tenant_id=d45b9e9d9f7242ee965a3bc7df6a66fe&name=default => generated 2929 bytes in 308 msecs (HTTP/1.1 200) 4 headers in 158 bytes (1 switches on core 0) [pid: 8|app: 0|req: 1290/2634] 10.0.0.201 () {32 vars in 740 bytes} [Thu Jul 9 06:55:59 2026] DELETE /v2.0/security-groups/3279df15-7a69-4739-9494-89dabe5018e6 => generated 0 bytes in 179 msecs (HTTP/1.1 204) 2 headers in 112 bytes (1 switches on core 0)
2026-07-09 06:55:59.845 7 WARNING neutron.db.securitygroups_db [None req-7aad302e-6e7c-4e31-a1b3-32e0abb47e04 973034d16270436d9c247592a90fdbc3 a28a0120d89e4851a6b66414e305c2b6 - - default default] project_id key not found in filters, using tenant_id instead. This support has been deprecated and will be removed in a future release.
2026-07-09 06:55:59.995 7 INFO neutron.db.ovn_revision_numbers_db [None req-7aad302e-6e7c-4e31-a1b3-32e0abb47e04 973034d16270436d9c247592a90fdbc3 a28a0120d89e4851a6b66414e305c2b6 - - default default] Successfully bumped revision number for resource e2218c80-3470-4c16-800f-33b01b18c44b (type: security_groups) to 1
2026-07-09 06:56:00.007 7 INFO neutron.db.ovn_revision_numbers_db [None req-7aad302e-6e7c-4e31-a1b3-32e0abb47e04 973034d16270436d9c247592a90fdbc3 a28a0120d89e4851a6b66414e305c2b6 - - default default] Successfully bumped revision number for resource 2aa39468-521d-4c21-ad29-3d3270c79bb8 (type: security_group_rules) to 0
2026-07-09 06:56:00.023 7 INFO neutron.db.ovn_revision_numbers_db [None req-7aad302e-6e7c-4e31-a1b3-32e0abb47e04 973034d16270436d9c247592a90fdbc3 a28a0120d89e4851a6b66414e305c2b6 - - default default] Successfully bumped revision number for resource 5e1cf505-3f73-41c6-848d-4637bfcf859e (type: security_group_rules) to 0
2026-07-09 06:56:00.037 7 INFO neutron.db.ovn_revision_numbers_db [None req-7aad302e-6e7c-4e31-a1b3-32e0abb47e04 973034d16270436d9c247592a90fdbc3 a28a0120d89e4851a6b66414e305c2b6 - - default default] Successfully bumped revision number for resource e44d7a42-4f8b-459f-8f84-a6d0ee718c12 (type: security_group_rules) to 0
2026-07-09 06:56:00.049 7 INFO neutron.db.ovn_revision_numbers_db [None req-7aad302e-6e7c-4e31-a1b3-32e0abb47e04 973034d16270436d9c247592a90fdbc3 a28a0120d89e4851a6b66414e305c2b6 - - default default] Successfully bumped revision number for resource fabe9642-322e-41b6-8d5d-4051f68e9c7f (type: security_group_rules) to 0 [pid: 7|app: 0|req: 1345/2635] 10.0.0.201 () {32 vars in 774 bytes} [Thu Jul 9 06:55:59 2026] GET /v2.0/security-groups?tenant_id=39439c50864c4a27aeb1730063542831&name=default => generated 2929 bytes in 263 msecs (HTTP/1.1 200) 4 headers in 158 bytes (1 switches on core 0) [pid: 8|app: 0|req: 1291/2636] 10.0.0.201 () {32 vars in 740 bytes} [Thu Jul 9 06:56:00 2026] DELETE /v2.0/security-groups/e2218c80-3470-4c16-800f-33b01b18c44b => generated 0 bytes in 195 msecs (HTTP/1.1 204) 2 headers in 112 bytes (1 switches on core 0)
2026-07-09 06:56:00.450 7 WARNING neutron.db.securitygroups_db [None req-51b62e58-63af-4bda-b6d4-252d26b39a2e 973034d16270436d9c247592a90fdbc3 a28a0120d89e4851a6b66414e305c2b6 - - default default] project_id key not found in filters, using tenant_id instead. This support has been deprecated and will be removed in a future release.
2026-07-09 06:56:00.583 7 INFO neutron.db.ovn_revision_numbers_db [None req-51b62e58-63af-4bda-b6d4-252d26b39a2e 973034d16270436d9c247592a90fdbc3 a28a0120d89e4851a6b66414e305c2b6 - - default default] Successfully bumped revision number for resource daae2f7f-35ca-4845-a8f6-a7704514ff04 (type: security_groups) to 1
2026-07-09 06:56:00.595 7 INFO neutron.db.ovn_revision_numbers_db [None req-51b62e58-63af-4bda-b6d4-252d26b39a2e 973034d16270436d9c247592a90fdbc3 a28a0120d89e4851a6b66414e305c2b6 - - default default] Successfully bumped revision number for resource 4b9990bb-3911-4440-8099-c528c5e3755c (type: security_group_rules) to 0
2026-07-09 06:56:00.611 7 INFO neutron.db.ovn_revision_numbers_db [None req-51b62e58-63af-4bda-b6d4-252d26b39a2e 973034d16270436d9c247592a90fdbc3 a28a0120d89e4851a6b66414e305c2b6 - - default default] Successfully bumped revision number for resource 620b9e41-cd7b-4cd9-bd7f-d3274459f821 (type: security_group_rules) to 0
2026-07-09 06:56:00.625 7 INFO neutron.db.ovn_revision_numbers_db [None req-51b62e58-63af-4bda-b6d4-252d26b39a2e 973034d16270436d9c247592a90fdbc3 a28a0120d89e4851a6b66414e305c2b6 - - default default] Successfully bumped revision number for resource 7f64b28e-1139-49f0-9b1a-6db1ca23367c (type: security_group_rules) to 0
2026-07-09 06:56:00.638 7 INFO neutron.db.ovn_revision_numbers_db [None req-51b62e58-63af-4bda-b6d4-252d26b39a2e 973034d16270436d9c247592a90fdbc3 a28a0120d89e4851a6b66414e305c2b6 - - default default] Successfully bumped revision number for resource 8724fa3d-ba1a-4c5c-8d74-ad7ca32fac07 (type: security_group_rules) to 0 [pid: 7|app: 0|req: 1346/2637] 10.0.0.201 () {32 vars in 774 bytes} [Thu Jul 9 06:56:00 2026] GET /v2.0/security-groups?tenant_id=38b25db6917b43298340de140bcd9a88&name=default => generated 2929 bytes in 238 msecs (HTTP/1.1 200) 4 headers in 158 bytes (1 switches on core 0) [pid: 8|app: 0|req: 1292/2638] 10.0.0.201 () {32 vars in 740 bytes} [Thu Jul 9 06:56:00 2026] DELETE /v2.0/security-groups/daae2f7f-35ca-4845-a8f6-a7704514ff04 => generated 0 bytes in 191 msecs (HTTP/1.1 204) 2 headers in 112 bytes (1 switches on core 0)
2026-07-09 06:56:01.028 7 WARNING neutron.db.securitygroups_db [None req-a755fce4-c0a5-4aba-b8bd-5c56837b817d 973034d16270436d9c247592a90fdbc3 a28a0120d89e4851a6b66414e305c2b6 - - default default] project_id key not found in filters, using tenant_id instead. This support has been deprecated and will be removed in a future release.
2026-07-09 06:56:01.158 7 INFO neutron.db.ovn_revision_numbers_db [None req-a755fce4-c0a5-4aba-b8bd-5c56837b817d 973034d16270436d9c247592a90fdbc3 a28a0120d89e4851a6b66414e305c2b6 - - default default] Successfully bumped revision number for resource f48b39f5-8db6-427b-8ecf-37f08dbc7ae7 (type: security_groups) to 1
2026-07-09 06:56:01.172 7 INFO neutron.db.ovn_revision_numbers_db [None req-a755fce4-c0a5-4aba-b8bd-5c56837b817d 973034d16270436d9c247592a90fdbc3 a28a0120d89e4851a6b66414e305c2b6 - - default default] Successfully bumped revision number for resource 5be0d76e-d07e-457c-a7f8-681b5755e52f (type: security_group_rules) to 0
2026-07-09 06:56:01.185 7 INFO neutron.db.ovn_revision_numbers_db [None req-a755fce4-c0a5-4aba-b8bd-5c56837b817d 973034d16270436d9c247592a90fdbc3 a28a0120d89e4851a6b66414e305c2b6 - - default default] Successfully bumped revision number for resource 83ebb3da-8fd5-4524-9ba7-f2cce50765da (type: security_group_rules) to 0
2026-07-09 06:56:01.197 7 INFO neutron.db.ovn_revision_numbers_db [None req-a755fce4-c0a5-4aba-b8bd-5c56837b817d 973034d16270436d9c247592a90fdbc3 a28a0120d89e4851a6b66414e305c2b6 - - default default] Successfully bumped revision number for resource c12ca77d-2255-491d-ab38-71cc60f41579 (type: security_group_rules) to 0
2026-07-09 06:56:01.217 7 INFO neutron.db.ovn_revision_numbers_db [None req-a755fce4-c0a5-4aba-b8bd-5c56837b817d 973034d16270436d9c247592a90fdbc3 a28a0120d89e4851a6b66414e305c2b6 - - default default] Successfully bumped revision number for resource fecc83ef-5ea5-44d7-9006-d961a2a92454 (type: security_group_rules) to 0 [pid: 7|app: 0|req: 1347/2639] 10.0.0.201 () {32 vars in 774 bytes} [Thu Jul 9 06:56:01 2026] GET /v2.0/security-groups?tenant_id=bbb7147118cd4ef6a96d90f11a8a9cce&name=default => generated 2929 bytes in 241 msecs (HTTP/1.1 200) 4 headers in 158 bytes (1 switches on core 0) [pid: 8|app: 0|req: 1293/2640] 10.0.0.201 () {32 vars in 740 bytes} [Thu Jul 9 06:56:01 2026] DELETE /v2.0/security-groups/f48b39f5-8db6-427b-8ecf-37f08dbc7ae7 => generated 0 bytes in 188 msecs (HTTP/1.1 204) 2 headers in 112 bytes (1 switches on core 0)
2026-07-09 06:56:01.624 7 WARNING neutron.db.securitygroups_db [None req-91cb168b-bdea-45df-98bc-25fb718593a9 973034d16270436d9c247592a90fdbc3 a28a0120d89e4851a6b66414e305c2b6 - - default default] project_id key not found in filters, using tenant_id instead. This support has been deprecated and will be removed in a future release.
2026-07-09 06:56:01.763 7 INFO neutron.db.ovn_revision_numbers_db [None req-91cb168b-bdea-45df-98bc-25fb718593a9 973034d16270436d9c247592a90fdbc3 a28a0120d89e4851a6b66414e305c2b6 - - default default] Successfully bumped revision number for resource 527dc536-e8de-4ed0-9157-ced01820e186 (type: security_groups) to 1
2026-07-09 06:56:01.780 7 INFO neutron.db.ovn_revision_numbers_db [None req-91cb168b-bdea-45df-98bc-25fb718593a9 973034d16270436d9c247592a90fdbc3 a28a0120d89e4851a6b66414e305c2b6 - - default default] Successfully bumped revision number for resource 72965582-f123-4c9e-a76f-37dbedd8914c (type: security_group_rules) to 0
2026-07-09 06:56:01.791 7 INFO neutron.db.ovn_revision_numbers_db [None req-91cb168b-bdea-45df-98bc-25fb718593a9 973034d16270436d9c247592a90fdbc3 a28a0120d89e4851a6b66414e305c2b6 - - default default] Successfully bumped revision number for resource 8fa436e1-e020-4e80-8020-7f51b2821c43 (type: security_group_rules) to 0
2026-07-09 06:56:01.807 7 INFO neutron.db.ovn_revision_numbers_db [None req-91cb168b-bdea-45df-98bc-25fb718593a9 973034d16270436d9c247592a90fdbc3 a28a0120d89e4851a6b66414e305c2b6 - - default default] Successfully bumped revision number for resource add2cf3b-24fc-4ca3-8586-f1a7d78a47e5 (type: security_group_rules) to 0
