2026-07-09 06:55:16.139 8 INFO neutron.plugins.ml2.drivers.ovn.mech_driver.mech_driver [None req-6fee498f-85ed-468e-9e04-3b58e8f585be - - - - - -] OVN reports status down for port: 7510be3c-8a36-4eaa-b43a-7fb0aaefe4d7
2026-07-09 06:55:16.174 7 INFO neutron.db.ovn_revision_numbers_db [None req-62592359-c50e-4aaa-9572-75571673dc30 684e597d356747a183b41d2eb23036e5 e45555c771d7461899dd6503c252701c - - default default] Successfully bumped revision number for resource 7510be3c-8a36-4eaa-b43a-7fb0aaefe4d7 (type: ports) to 1 [pid: 7|app: 0|req: 1278/2505] 10.0.0.201 () {34 vars in 670 bytes} [Thu Jul 9 06:55:15 2026] POST /v2.0/networks => generated 677 bytes in 788 msecs (HTTP/1.1 201) 4 headers in 162 bytes (1 switches on core 0)
2026-07-09 06:55:16.418 8 WARNING neutron.scheduler.dhcp_agent_scheduler [None req-ef6d0591-ecdc-45ca-8dac-8288297cd354 684e597d356747a183b41d2eb23036e5 e45555c771d7461899dd6503c252701c - - default default] No more DHCP agents
2026-07-09 06:55:16.420 8 WARNING neutron.api.rpc.agentnotifiers.dhcp_rpc_agent_api [None req-ef6d0591-ecdc-45ca-8dac-8288297cd354 684e597d356747a183b41d2eb23036e5 e45555c771d7461899dd6503c252701c - - default default] Unable to schedule network 07fc1202-eede-460e-9040-7ea8f2e137f0: no agents available; will retry on subsequent port and subnet creation events.
2026-07-09 06:55:16.866 8 INFO neutron.db.ovn_revision_numbers_db [None req-ef6d0591-ecdc-45ca-8dac-8288297cd354 684e597d356747a183b41d2eb23036e5 e45555c771d7461899dd6503c252701c - - default default] Successfully bumped revision number for resource 7510be3c-8a36-4eaa-b43a-7fb0aaefe4d7 (type: ports) to 2
2026-07-09 06:55:16.899 8 INFO neutron.db.ovn_revision_numbers_db [None req-ef6d0591-ecdc-45ca-8dac-8288297cd354 684e597d356747a183b41d2eb23036e5 e45555c771d7461899dd6503c252701c - - default default] Successfully bumped revision number for resource a757f0ca-030f-4329-a1cb-c9e491fa54e0 (type: subnets) to 0 [pid: 8|app: 0|req: 1228/2506] 10.0.0.201 () {34 vars in 669 bytes} [Thu Jul 9 06:55:16 2026] POST /v2.0/subnets => generated 658 bytes in 711 msecs (HTTP/1.1 201) 4 headers in 162 bytes (1 switches on core 0) [pid: 7|app: 0|req: 1279/2507] 10.0.0.201 () {32 vars in 722 bytes} [Thu Jul 9 06:55:16 2026] GET /v2.0/subnetpools?name=shared-default-subnetpool-v6 => generated 19 bytes in 42 msecs (HTTP/1.1 200) 4 headers in 156 bytes (1 switches on core 0)
2026-07-09 06:55:17.110 8 WARNING neutron.scheduler.dhcp_agent_scheduler [None req-f96d96ef-701f-4ef9-a22b-09cf0f8a6ec1 684e597d356747a183b41d2eb23036e5 e45555c771d7461899dd6503c252701c - - default default] No more DHCP agents
2026-07-09 06:55:17.111 8 WARNING neutron.api.rpc.agentnotifiers.dhcp_rpc_agent_api [None req-f96d96ef-701f-4ef9-a22b-09cf0f8a6ec1 684e597d356747a183b41d2eb23036e5 e45555c771d7461899dd6503c252701c - - default default] Unable to schedule network 07fc1202-eede-460e-9040-7ea8f2e137f0: no agents available; will retry on subsequent port and subnet creation events.
2026-07-09 06:55:17.141 8 INFO neutron.db.ovn_revision_numbers_db [None req-f96d96ef-701f-4ef9-a22b-09cf0f8a6ec1 684e597d356747a183b41d2eb23036e5 e45555c771d7461899dd6503c252701c - - default default] Successfully bumped revision number for resource 29c6dfd1-cc10-4fed-a3fd-6ddbfdff1913 (type: subnets) to 0 [pid: 8|app: 0|req: 1229/2508] 10.0.0.201 () {34 vars in 669 bytes} [Thu Jul 9 06:55:16 2026] POST /v2.0/subnets => generated 732 bytes in 192 msecs (HTTP/1.1 201) 4 headers in 162 bytes (1 switches on core 0)
2026-07-09 06:55:17.297 7 INFO neutron.db.segments_db [None req-d086d0fd-23a2-4713-93df-a9083ef23755 684e597d356747a183b41d2eb23036e5 e45555c771d7461899dd6503c252701c - - default default] Added segment 10ae2fb2-9af0-4ad5-aa51-5625001105ce of type geneve for network f2764ac2-64a6-4943-899b-9539f959b7e9
2026-07-09 06:55:17.429 7 INFO neutron.db.ovn_revision_numbers_db [None req-d086d0fd-23a2-4713-93df-a9083ef23755 684e597d356747a183b41d2eb23036e5 e45555c771d7461899dd6503c252701c - - default default] Successfully bumped revision number for resource f2764ac2-64a6-4943-899b-9539f959b7e9 (type: networks) to 1
2026-07-09 06:55:17.609 7 WARNING neutron.scheduler.dhcp_agent_scheduler [None req-d086d0fd-23a2-4713-93df-a9083ef23755 684e597d356747a183b41d2eb23036e5 e45555c771d7461899dd6503c252701c - - default default] No more DHCP agents
2026-07-09 06:55:17.612 7 WARNING neutron.api.rpc.agentnotifiers.dhcp_rpc_agent_api [None req-d086d0fd-23a2-4713-93df-a9083ef23755 684e597d356747a183b41d2eb23036e5 e45555c771d7461899dd6503c252701c - - default default] Unable to schedule network f2764ac2-64a6-4943-899b-9539f959b7e9: no agents available; will retry on subsequent port and subnet creation events.
2026-07-09 06:55:17.653 7 INFO neutron.plugins.ml2.drivers.ovn.mech_driver.mech_driver [None req-7ba3dddf-eace-441a-843b-4fa6ffaa919e - - - - - -] OVN reports status down for port: e27bc275-2cc1-45df-8071-8ae5f96c3e2c
2026-07-09 06:55:17.712 7 INFO neutron.db.ovn_revision_numbers_db [None req-d086d0fd-23a2-4713-93df-a9083ef23755 684e597d356747a183b41d2eb23036e5 e45555c771d7461899dd6503c252701c - - default default] Successfully bumped revision number for resource e27bc275-2cc1-45df-8071-8ae5f96c3e2c (type: ports) to 1 [pid: 7|app: 0|req: 1280/2509] 10.0.0.201 () {34 vars in 670 bytes} [Thu Jul 9 06:55:17 2026] POST /v2.0/networks => generated 675 bytes in 586 msecs (HTTP/1.1 201) 4 headers in 162 bytes (1 switches on core 0)
2026-07-09 06:55:17.938 8 WARNING neutron.scheduler.dhcp_agent_scheduler [None req-ea542187-e1af-4f68-b0ab-2c269febd16b 684e597d356747a183b41d2eb23036e5 e45555c771d7461899dd6503c252701c - - default default] No more DHCP agents
2026-07-09 06:55:17.941 8 WARNING neutron.api.rpc.agentnotifiers.dhcp_rpc_agent_api [None req-ea542187-e1af-4f68-b0ab-2c269febd16b 684e597d356747a183b41d2eb23036e5 e45555c771d7461899dd6503c252701c - - default default] Unable to schedule network f2764ac2-64a6-4943-899b-9539f959b7e9: no agents available; will retry on subsequent port and subnet creation events.
2026-07-09 06:55:18.433 8 INFO neutron.db.ovn_revision_numbers_db [None req-ea542187-e1af-4f68-b0ab-2c269febd16b 684e597d356747a183b41d2eb23036e5 e45555c771d7461899dd6503c252701c - - default default] Successfully bumped revision number for resource e27bc275-2cc1-45df-8071-8ae5f96c3e2c (type: ports) to 2
2026-07-09 06:55:18.486 8 INFO neutron.db.ovn_revision_numbers_db [None req-ea542187-e1af-4f68-b0ab-2c269febd16b 684e597d356747a183b41d2eb23036e5 e45555c771d7461899dd6503c252701c - - default default] Successfully bumped revision number for resource 3b9fe708-8faf-4c96-b714-d6da5a058c67 (type: subnets) to 0 [pid: 8|app: 0|req: 1230/2510] 10.0.0.201 () {34 vars in 669 bytes} [Thu Jul 9 06:55:17 2026] POST /v2.0/subnets => generated 656 bytes in 758 msecs (HTTP/1.1 201) 4 headers in 162 bytes (1 switches on core 0)
2026-07-09 06:55:18.697 7 WARNING neutron.scheduler.dhcp_agent_scheduler [None req-0b4e8817-f9bf-406d-8ff8-128185fb0eae 684e597d356747a183b41d2eb23036e5 e45555c771d7461899dd6503c252701c - - default default] No more DHCP agents
2026-07-09 06:55:18.698 7 WARNING neutron.api.rpc.agentnotifiers.dhcp_rpc_agent_api [None req-0b4e8817-f9bf-406d-8ff8-128185fb0eae 684e597d356747a183b41d2eb23036e5 e45555c771d7461899dd6503c252701c - - default default] Unable to schedule network f2764ac2-64a6-4943-899b-9539f959b7e9: no agents available; will retry on subsequent port and subnet creation events.
2026-07-09 06:55:18.725 7 INFO neutron.db.ovn_revision_numbers_db [None req-0b4e8817-f9bf-406d-8ff8-128185fb0eae 684e597d356747a183b41d2eb23036e5 e45555c771d7461899dd6503c252701c - - default default] Successfully bumped revision number for resource 738bacf9-9ea6-4c2b-af04-62cc7dabb32a (type: subnets) to 0 [pid: 7|app: 0|req: 1281/2511] 10.0.0.201 () {34 vars in 669 bytes} [Thu Jul 9 06:55:18 2026] POST /v2.0/subnets => generated 725 bytes in 215 msecs (HTTP/1.1 201) 4 headers in 162 bytes (1 switches on core 0)
2026-07-09 06:55:18.836 8 INFO neutron.db.segments_db [None req-82e650f8-b1bc-4cd1-8352-47c2d54edd82 684e597d356747a183b41d2eb23036e5 e45555c771d7461899dd6503c252701c - - default default] Added segment ec5bbf6d-ae8e-400f-9ee8-d2ee16479106 of type geneve for network f3ebedc6-6add-4bbe-9fa4-4ac626c570b3
2026-07-09 06:55:18.953 8 INFO neutron.db.ovn_revision_numbers_db [None req-82e650f8-b1bc-4cd1-8352-47c2d54edd82 684e597d356747a183b41d2eb23036e5 e45555c771d7461899dd6503c252701c - - default default] Successfully bumped revision number for resource f3ebedc6-6add-4bbe-9fa4-4ac626c570b3 (type: networks) to 1
2026-07-09 06:55:19.123 8 WARNING neutron.scheduler.dhcp_agent_scheduler [None req-82e650f8-b1bc-4cd1-8352-47c2d54edd82 684e597d356747a183b41d2eb23036e5 e45555c771d7461899dd6503c252701c - - default default] No more DHCP agents
2026-07-09 06:55:19.125 8 WARNING neutron.api.rpc.agentnotifiers.dhcp_rpc_agent_api [None req-82e650f8-b1bc-4cd1-8352-47c2d54edd82 684e597d356747a183b41d2eb23036e5 e45555c771d7461899dd6503c252701c - - default default] Unable to schedule network f3ebedc6-6add-4bbe-9fa4-4ac626c570b3: no agents available; will retry on subsequent port and subnet creation events.
2026-07-09 06:55:19.173 7 INFO neutron.plugins.ml2.drivers.ovn.mech_driver.mech_driver [None req-7ba3dddf-eace-441a-843b-4fa6ffaa919e - - - - - -] OVN reports status down for port: 74928049-3c97-4a54-b385-5e34acfedb62
2026-07-09 06:55:19.202 8 INFO neutron.db.ovn_revision_numbers_db [None req-82e650f8-b1bc-4cd1-8352-47c2d54edd82 684e597d356747a183b41d2eb23036e5 e45555c771d7461899dd6503c252701c - - default default] Successfully bumped revision number for resource 74928049-3c97-4a54-b385-5e34acfedb62 (type: ports) to 1 [pid: 8|app: 0|req: 1231/2512] 10.0.0.201 () {34 vars in 670 bytes} [Thu Jul 9 06:55:18 2026] POST /v2.0/networks => generated 674 bytes in 484 msecs (HTTP/1.1 201) 4 headers in 162 bytes (1 switches on core 0)
2026-07-09 06:55:19.423 7 WARNING neutron.scheduler.dhcp_agent_scheduler [None req-b6f12745-12ca-4319-ade5-2f6187aa706a 684e597d356747a183b41d2eb23036e5 e45555c771d7461899dd6503c252701c - - default default] No more DHCP agents
2026-07-09 06:55:19.424 7 WARNING neutron.api.rpc.agentnotifiers.dhcp_rpc_agent_api [None req-b6f12745-12ca-4319-ade5-2f6187aa706a 684e597d356747a183b41d2eb23036e5 e45555c771d7461899dd6503c252701c - - default default] Unable to schedule network f3ebedc6-6add-4bbe-9fa4-4ac626c570b3: no agents available; will retry on subsequent port and subnet creation events.
2026-07-09 06:55:19.831 7 INFO neutron.db.ovn_revision_numbers_db [None req-b6f12745-12ca-4319-ade5-2f6187aa706a 684e597d356747a183b41d2eb23036e5 e45555c771d7461899dd6503c252701c - - default default] Successfully bumped revision number for resource 74928049-3c97-4a54-b385-5e34acfedb62 (type: ports) to 2
2026-07-09 06:55:19.864 7 INFO neutron.db.ovn_revision_numbers_db [None req-b6f12745-12ca-4319-ade5-2f6187aa706a 684e597d356747a183b41d2eb23036e5 e45555c771d7461899dd6503c252701c - - default default] Successfully bumped revision number for resource 603bf7d5-ba0d-4c38-8397-1c0156da3e04 (type: subnets) to 0 [pid: 7|app: 0|req: 1282/2513] 10.0.0.201 () {34 vars in 669 bytes} [Thu Jul 9 06:55:19 2026] POST /v2.0/subnets => generated 656 bytes in 646 msecs (HTTP/1.1 201) 4 headers in 162 bytes (1 switches on core 0)
2026-07-09 06:55:20.082 8 WARNING neutron.scheduler.dhcp_agent_scheduler [None req-d1936529-504c-4601-a1e5-00db98318a42 684e597d356747a183b41d2eb23036e5 e45555c771d7461899dd6503c252701c - - default default] No more DHCP agents
2026-07-09 06:55:20.084 8 WARNING neutron.api.rpc.agentnotifiers.dhcp_rpc_agent_api [None req-d1936529-504c-4601-a1e5-00db98318a42 684e597d356747a183b41d2eb23036e5 e45555c771d7461899dd6503c252701c - - default default] Unable to schedule network f3ebedc6-6add-4bbe-9fa4-4ac626c570b3: no agents available; will retry on subsequent port and subnet creation events.
2026-07-09 06:55:20.111 8 INFO neutron.db.ovn_revision_numbers_db [None req-d1936529-504c-4601-a1e5-00db98318a42 684e597d356747a183b41d2eb23036e5 e45555c771d7461899dd6503c252701c - - default default] Successfully bumped revision number for resource 635d4bd7-3cd1-4576-84c7-ad7b80c5318b (type: subnets) to 0 [pid: 8|app: 0|req: 1232/2514] 10.0.0.201 () {34 vars in 669 bytes} [Thu Jul 9 06:55:19 2026] POST /v2.0/subnets => generated 730 bytes in 239 msecs (HTTP/1.1 201) 4 headers in 162 bytes (1 switches on core 0)
2026-07-09 06:55:20.606 7 WARNING neutron.scheduler.dhcp_agent_scheduler [None req-ab26f0b1-8494-4b23-9a3e-f54ef070dd39 684e597d356747a183b41d2eb23036e5 e45555c771d7461899dd6503c252701c - - default default] No more DHCP agents
2026-07-09 06:55:20.608 7 WARNING neutron.api.rpc.agentnotifiers.dhcp_rpc_agent_api [None req-ab26f0b1-8494-4b23-9a3e-f54ef070dd39 684e597d356747a183b41d2eb23036e5 e45555c771d7461899dd6503c252701c - - default default] Unable to schedule network 29e71064-0d28-41a0-9115-37ff7a127de0: no agents available; will retry on subsequent port and subnet creation events.
2026-07-09 06:55:20.720 8 INFO neutron.plugins.ml2.drivers.ovn.mech_driver.mech_driver [None req-6fee498f-85ed-468e-9e04-3b58e8f585be - - - - - -] OVN reports status down for port: ce75d7a5-0b6a-4886-8fbf-62b0cc01838d
2026-07-09 06:55:20.754 7 INFO neutron.db.ovn_revision_numbers_db [None req-ab26f0b1-8494-4b23-9a3e-f54ef070dd39 684e597d356747a183b41d2eb23036e5 e45555c771d7461899dd6503c252701c - - default default] Successfully bumped revision number for resource ce75d7a5-0b6a-4886-8fbf-62b0cc01838d (type: ports) to 1
2026-07-09 06:55:21.335 8 INFO neutron.plugins.ml2.drivers.ovn.mech_driver.ovsdb.ovsdb_monitor [None req-4ce4fa5f-9b3a-42f6-be14-69f230e4d106 - - - - - -] Router 45257265-5804-4ad9-822b-3736838e8777 is bound to host instance
2026-07-09 06:55:21.361 7 INFO neutron.db.ovn_revision_numbers_db [None req-ab26f0b1-8494-4b23-9a3e-f54ef070dd39 684e597d356747a183b41d2eb23036e5 e45555c771d7461899dd6503c252701c - - default default] Successfully bumped revision number for resource ce75d7a5-0b6a-4886-8fbf-62b0cc01838d (type: router_ports) to 1
2026-07-09 06:55:21.390 8 INFO neutron.plugins.ml2.drivers.ovn.mech_driver.mech_driver [None req-6fee498f-85ed-468e-9e04-3b58e8f585be - - - - - -] OVN reports status up for port: ce75d7a5-0b6a-4886-8fbf-62b0cc01838d
2026-07-09 06:55:21.417 8 INFO neutron.plugins.ml2.plugin [None req-6fee498f-85ed-468e-9e04-3b58e8f585be - - - - - -] Attempt 1 to provision port ce75d7a5-0b6a-4886-8fbf-62b0cc01838d
2026-07-09 06:55:21.430 7 INFO neutron.db.ovn_revision_numbers_db [None req-ab26f0b1-8494-4b23-9a3e-f54ef070dd39 684e597d356747a183b41d2eb23036e5 e45555c771d7461899dd6503c252701c - - default default] Successfully bumped revision number for resource 45257265-5804-4ad9-822b-3736838e8777 (type: routers) to 2 [pid: 7|app: 0|req: 1283/2515] 10.0.0.201 () {34 vars in 669 bytes} [Thu Jul 9 06:55:20 2026] POST /v2.0/routers => generated 965 bytes in 1314 msecs (HTTP/1.1 201) 4 headers in 162 bytes (1 switches on core 0)
2026-07-09 06:55:22.622 8 WARNING neutron.scheduler.dhcp_agent_scheduler [None req-4dc86d34-9063-40c2-9bf3-15d69385d34d 684e597d356747a183b41d2eb23036e5 e45555c771d7461899dd6503c252701c - - default default] No more DHCP agents
2026-07-09 06:55:22.626 8 WARNING neutron.api.rpc.agentnotifiers.dhcp_rpc_agent_api [None req-4dc86d34-9063-40c2-9bf3-15d69385d34d 684e597d356747a183b41d2eb23036e5 e45555c771d7461899dd6503c252701c - - default default] Unable to schedule network 07fc1202-eede-460e-9040-7ea8f2e137f0: no agents available; will retry on subsequent port and subnet creation events.
2026-07-09 06:55:22.851 7 INFO neutron.plugins.ml2.drivers.ovn.mech_driver.mech_driver [None req-7ba3dddf-eace-441a-843b-4fa6ffaa919e - - - - - -] OVN reports status down for port: 1444560d-fa64-49e9-abf4-7e98bea7d87d
2026-07-09 06:55:22.927 8 INFO neutron.db.ovn_revision_numbers_db [None req-4dc86d34-9063-40c2-9bf3-15d69385d34d 684e597d356747a183b41d2eb23036e5 e45555c771d7461899dd6503c252701c - - default default] Successfully bumped revision number for resource 1444560d-fa64-49e9-abf4-7e98bea7d87d (type: ports) to 1
2026-07-09 06:55:23.126 8 INFO neutron.db.ovn_revision_numbers_db [None req-961546ef-4a6a-43d6-a193-4504d69aa8d8 - - - - - -] Successfully bumped revision number for resource ce75d7a5-0b6a-4886-8fbf-62b0cc01838d (type: ports) to 4
2026-07-09 06:55:23.883 8 INFO neutron.db.ovn_revision_numbers_db [None req-961546ef-4a6a-43d6-a193-4504d69aa8d8 - - - - - -] Successfully bumped revision number for resource ce75d7a5-0b6a-4886-8fbf-62b0cc01838d (type: ports) to 5
2026-07-09 06:55:24.161 7 INFO neutron.plugins.ml2.drivers.ovn.mech_driver.mech_driver [None req-7ba3dddf-eace-441a-843b-4fa6ffaa919e - - - - - -] OVN reports status up for port: 1444560d-fa64-49e9-abf4-7e98bea7d87d
2026-07-09 06:55:24.177 7 INFO neutron.plugins.ml2.plugin [None req-7ba3dddf-eace-441a-843b-4fa6ffaa919e - - - - - -] Attempt 1 to provision port 1444560d-fa64-49e9-abf4-7e98bea7d87d
2026-07-09 06:55:24.186 8 INFO neutron.plugins.ml2.plugin [None req-4dc86d34-9063-40c2-9bf3-15d69385d34d 684e597d356747a183b41d2eb23036e5 e45555c771d7461899dd6503c252701c - - default default] Attempt 1 to provision port 1444560d-fa64-49e9-abf4-7e98bea7d87d
2026-07-09 06:55:24.272 8 WARNING neutron.scheduler.dhcp_agent_scheduler [None req-4dc86d34-9063-40c2-9bf3-15d69385d34d 684e597d356747a183b41d2eb23036e5 e45555c771d7461899dd6503c252701c - - default default] No more DHCP agents
2026-07-09 06:55:24.274 8 WARNING neutron.api.rpc.agentnotifiers.dhcp_rpc_agent_api [None req-4dc86d34-9063-40c2-9bf3-15d69385d34d 684e597d356747a183b41d2eb23036e5 e45555c771d7461899dd6503c252701c - - default default] Unable to schedule network 07fc1202-eede-460e-9040-7ea8f2e137f0: no agents available; will retry on subsequent port and subnet creation events.
2026-07-09 06:55:24.633 8 INFO neutron.db.ovn_revision_numbers_db [None req-4dc86d34-9063-40c2-9bf3-15d69385d34d 684e597d356747a183b41d2eb23036e5 e45555c771d7461899dd6503c252701c - - default default] Successfully bumped revision number for resource 1444560d-fa64-49e9-abf4-7e98bea7d87d (type: router_ports) to 1
2026-07-09 06:55:24.636 8 INFO neutron.common.ovn.utils [None req-6fee498f-85ed-468e-9e04-3b58e8f585be - - - - - -] HA Chassis Group neutron-07fc1202-eede-460e-9040-7ea8f2e137f0 synchronized; highest priority chassis 5b8929ab-7c84-4fa1-8a8b-4be4f87c9311 [pid: 8|app: 0|req: 1233/2518] 10.0.0.201 () {34 vars in 783 bytes} [Thu Jul 9 06:55:21 2026] PUT /v2.0/routers/45257265-5804-4ad9-822b-3736838e8777/add_router_interface => generated 310 bytes in 3194 msecs (HTTP/1.1 200) 4 headers in 157 bytes (1 switches on core 0)
2026-07-09 06:55:24.699 7 INFO neutron.db.ovn_revision_numbers_db [None req-7ba3dddf-eace-441a-843b-4fa6ffaa919e - - - - - -] Successfully bumped revision number for resource 1444560d-fa64-49e9-abf4-7e98bea7d87d (type: ports) to 2
2026-07-09 06:55:25.343 7 WARNING neutron.scheduler.dhcp_agent_scheduler [None req-9600e2dd-a86e-48d6-98a3-ceb54f294e32 684e597d356747a183b41d2eb23036e5 e45555c771d7461899dd6503c252701c - - default default] No more DHCP agents
2026-07-09 06:55:25.345 7 WARNING neutron.api.rpc.agentnotifiers.dhcp_rpc_agent_api [None req-9600e2dd-a86e-48d6-98a3-ceb54f294e32 684e597d356747a183b41d2eb23036e5 e45555c771d7461899dd6503c252701c - - default default] Unable to schedule network f2764ac2-64a6-4943-899b-9539f959b7e9: no agents available; will retry on subsequent port and subnet creation events.
2026-07-09 06:55:25.531 7 INFO neutron.db.ovn_revision_numbers_db [None req-9600e2dd-a86e-48d6-98a3-ceb54f294e32 684e597d356747a183b41d2eb23036e5 e45555c771d7461899dd6503c252701c - - default default] Successfully bumped revision number for resource adc7a5cf-a2b9-41ba-8944-a616d49f8409 (type: ports) to 1
2026-07-09 06:55:26.377 7 WARNING neutron.scheduler.dhcp_agent_scheduler [None req-9600e2dd-a86e-48d6-98a3-ceb54f294e32 684e597d356747a183b41d2eb23036e5 e45555c771d7461899dd6503c252701c - - default default] No more DHCP agents
2026-07-09 06:55:26.378 7 WARNING neutron.api.rpc.agentnotifiers.dhcp_rpc_agent_api [None req-9600e2dd-a86e-48d6-98a3-ceb54f294e32 684e597d356747a183b41d2eb23036e5 e45555c771d7461899dd6503c252701c - - default default] Unable to schedule network f2764ac2-64a6-4943-899b-9539f959b7e9: no agents available; will retry on subsequent port and subnet creation events.
2026-07-09 06:55:26.693 8 INFO neutron.common.ovn.utils [None req-6fee498f-85ed-468e-9e04-3b58e8f585be - - - - - -] HA Chassis Group neutron-f2764ac2-64a6-4943-899b-9539f959b7e9 synchronized; highest priority chassis 5b8929ab-7c84-4fa1-8a8b-4be4f87c9311
2026-07-09 06:55:26.748 7 INFO neutron.db.ovn_revision_numbers_db [None req-9600e2dd-a86e-48d6-98a3-ceb54f294e32 684e597d356747a183b41d2eb23036e5 e45555c771d7461899dd6503c252701c - - default default] Successfully bumped revision number for resource adc7a5cf-a2b9-41ba-8944-a616d49f8409 (type: router_ports) to 1 [pid: 7|app: 0|req: 1286/2519] 10.0.0.201 () {34 vars in 783 bytes} [Thu Jul 9 06:55:24 2026] PUT /v2.0/routers/45257265-5804-4ad9-822b-3736838e8777/add_router_interface => generated 310 bytes in 2100 msecs (HTTP/1.1 200) 4 headers in 157 bytes (1 switches on core 0)
2026-07-09 06:55:27.352 8 WARNING neutron.scheduler.dhcp_agent_scheduler [None req-24cdb49d-d107-4168-beab-ff57b36da3a3 684e597d356747a183b41d2eb23036e5 e45555c771d7461899dd6503c252701c - - default default] No more DHCP agents
2026-07-09 06:55:27.354 8 WARNING neutron.api.rpc.agentnotifiers.dhcp_rpc_agent_api [None req-24cdb49d-d107-4168-beab-ff57b36da3a3 684e597d356747a183b41d2eb23036e5 e45555c771d7461899dd6503c252701c - - default default] Unable to schedule network f3ebedc6-6add-4bbe-9fa4-4ac626c570b3: no agents available; will retry on subsequent port and subnet creation events.
2026-07-09 06:55:27.518 8 INFO neutron.db.ovn_revision_numbers_db [None req-24cdb49d-d107-4168-beab-ff57b36da3a3 684e597d356747a183b41d2eb23036e5 e45555c771d7461899dd6503c252701c - - default default] Successfully bumped revision number for resource 3a60a209-8743-4228-a17c-1d7957188d82 (type: ports) to 1
2026-07-09 06:55:28.392 8 WARNING neutron.scheduler.dhcp_agent_scheduler [None req-24cdb49d-d107-4168-beab-ff57b36da3a3 684e597d356747a183b41d2eb23036e5 e45555c771d7461899dd6503c252701c - - default default] No more DHCP agents
2026-07-09 06:55:28.394 8 WARNING neutron.api.rpc.agentnotifiers.dhcp_rpc_agent_api [None req-24cdb49d-d107-4168-beab-ff57b36da3a3 684e597d356747a183b41d2eb23036e5 e45555c771d7461899dd6503c252701c - - default default] Unable to schedule network f3ebedc6-6add-4bbe-9fa4-4ac626c570b3: no agents available; will retry on subsequent port and subnet creation events.
2026-07-09 06:55:28.747 8 INFO neutron.db.ovn_revision_numbers_db [None req-24cdb49d-d107-4168-beab-ff57b36da3a3 684e597d356747a183b41d2eb23036e5 e45555c771d7461899dd6503c252701c - - default default] Successfully bumped revision number for resource 3a60a209-8743-4228-a17c-1d7957188d82 (type: router_ports) to 1 [pid: 8|app: 0|req: 1234/2520] 10.0.0.201 () {34 vars in 783 bytes} [Thu Jul 9 06:55:26 2026] PUT /v2.0/routers/45257265-5804-4ad9-822b-3736838e8777/add_router_interface => generated 310 bytes in 1995 msecs (HTTP/1.1 200) 4 headers in 157 bytes (1 switches on core 0)
2026-07-09 06:55:28.757 8 INFO neutron.common.ovn.utils [None req-6fee498f-85ed-468e-9e04-3b58e8f585be - - - - - -] HA Chassis Group neutron-f3ebedc6-6add-4bbe-9fa4-4ac626c570b3 synchronized; highest priority chassis 5b8929ab-7c84-4fa1-8a8b-4be4f87c9311
2026-07-09 06:55:28.928 7 INFO neutron.db.ovn_revision_numbers_db [None req-84c17633-a604-4b0a-afdc-5fdabcc7772a 684e597d356747a183b41d2eb23036e5 e45555c771d7461899dd6503c252701c - - default default] Successfully bumped revision number for resource e3471819-6371-432f-b93f-b2787d611351 (type: security_groups) to 1
2026-07-09 06:55:28.940 7 INFO neutron.db.ovn_revision_numbers_db [None req-84c17633-a604-4b0a-afdc-5fdabcc7772a 684e597d356747a183b41d2eb23036e5 e45555c771d7461899dd6503c252701c - - default default] Successfully bumped revision number for resource b8ef8c4e-7561-45d4-b33e-970771664b2a (type: security_group_rules) to 0
2026-07-09 06:55:28.952 7 INFO neutron.db.ovn_revision_numbers_db [None req-84c17633-a604-4b0a-afdc-5fdabcc7772a 684e597d356747a183b41d2eb23036e5 e45555c771d7461899dd6503c252701c - - default default] Successfully bumped revision number for resource fe30ef61-5c8f-4d53-bd75-7eb4a2a19d1f (type: security_group_rules) to 0 [pid: 7|app: 0|req: 1287/2521] 10.0.0.201 () {34 vars in 684 bytes} [Thu Jul 9 06:55:28 2026] POST /v2.0/security-groups => generated 1630 bytes in 179 msecs (HTTP/1.1 201) 4 headers in 163 bytes (1 switches on core 0)
2026-07-09 06:55:29.108 8 INFO neutron.db.ovn_revision_numbers_db [None req-34bee775-f613-4c32-a4fe-fab301f20574 684e597d356747a183b41d2eb23036e5 e45555c771d7461899dd6503c252701c - - default default] Successfully bumped revision number for resource c38ae39f-31ea-4411-8835-962690d7a258 (type: security_group_rules) to 0 [pid: 8|app: 0|req: 1235/2522] 10.0.0.201 () {34 vars in 695 bytes} [Thu Jul 9 06:55:28 2026] POST /v2.0/security-group-rules => generated 597 bytes in 143 msecs (HTTP/1.1 201) 4 headers in 162 bytes (1 switches on core 0)
2026-07-09 06:55:29.274 7 INFO neutron.db.ovn_revision_numbers_db [None req-bbd21398-3a21-4a00-ac37-40f506c95646 684e597d356747a183b41d2eb23036e5 e45555c771d7461899dd6503c252701c - - default default] Successfully bumped revision number for resource 2aec403e-7837-435a-bfc7-9ba3e5c65bea (type: security_group_rules) to 0 [pid: 7|app: 0|req: 1288/2523] 10.0.0.201 () {34 vars in 695 bytes} [Thu Jul 9 06:55:29 2026] POST /v2.0/security-group-rules => generated 597 bytes in 160 msecs (HTTP/1.1 201) 4 headers in 162 bytes (1 switches on core 0)
2026-07-09 06:55:29.417 8 INFO neutron.db.ovn_revision_numbers_db [None req-71dad2be-d8be-420c-84ad-b21266100576 684e597d356747a183b41d2eb23036e5 e45555c771d7461899dd6503c252701c - - default default] Successfully bumped revision number for resource ce298224-f8e4-4016-9d15-2002e8eb6b8a (type: security_group_rules) to 0 [pid: 8|app: 0|req: 1236/2524] 10.0.0.201 () {34 vars in 695 bytes} [Thu Jul 9 06:55:29 2026] POST /v2.0/security-group-rules => generated 599 bytes in 133 msecs (HTTP/1.1 201) 4 headers in 162 bytes (1 switches on core 0)
2026-07-09 06:55:29.573 7 INFO neutron.db.ovn_revision_numbers_db [None req-4b399da5-b13b-425f-9b19-adb7e5cb7111 684e597d356747a183b41d2eb23036e5 e45555c771d7461899dd6503c252701c - - default default] Successfully bumped revision number for resource ec7995b3-e0a0-4241-a99c-401c3cf21020 (type: security_group_rules) to 0 [pid: 7|app: 0|req: 1289/2525] 10.0.0.201 () {34 vars in 695 bytes} [Thu Jul 9 06:55:29 2026] POST /v2.0/security-group-rules => generated 601 bytes in 163 msecs (HTTP/1.1 201) 4 headers in 162 bytes (1 switches on core 0)
2026-07-09 06:55:29.739 8 INFO neutron.db.ovn_revision_numbers_db [None req-aae75b3c-2fdd-4869-a0b1-8b8687c2e52c 684e597d356747a183b41d2eb23036e5 e45555c771d7461899dd6503c252701c - - default default] Successfully bumped revision number for resource 773d6f05-a185-4e02-a994-30f0d7adc9f6 (type: security_group_rules) to 0 [pid: 8|app: 0|req: 1237/2526] 10.0.0.201 () {34 vars in 695 bytes} [Thu Jul 9 06:55:29 2026] POST /v2.0/security-group-rules => generated 601 bytes in 158 msecs (HTTP/1.1 201) 4 headers in 162 bytes (1 switches on core 0)
2026-07-09 06:55:29.911 7 INFO neutron.db.ovn_revision_numbers_db [None req-3305e473-afcb-4dbf-8c6e-38e29884a696 684e597d356747a183b41d2eb23036e5 e45555c771d7461899dd6503c252701c - - default default] Successfully bumped revision number for resource 35f8236f-1885-47ab-9896-85fb652ae6c2 (type: security_group_rules) to 0 [pid: 7|app: 0|req: 1290/2527] 10.0.0.201 () {34 vars in 695 bytes} [Thu Jul 9 06:55:29 2026] POST /v2.0/security-group-rules => generated 597 bytes in 164 msecs (HTTP/1.1 201) 4 headers in 162 bytes (1 switches on core 0)
2026-07-09 06:55:30.089 8 INFO neutron.db.ovn_revision_numbers_db [None req-bcf9c978-08e4-4a3a-aa72-055b0ab34d2e 684e597d356747a183b41d2eb23036e5 e45555c771d7461899dd6503c252701c - - default default] Successfully bumped revision number for resource 521a6ea8-f015-4650-b5b0-26eb44ff2fba (type: security_group_rules) to 0 [pid: 8|app: 0|req: 1238/2528] 10.0.0.201 () {34 vars in 695 bytes} [Thu Jul 9 06:55:29 2026] POST /v2.0/security-group-rules => generated 597 bytes in 173 msecs (HTTP/1.1 201) 4 headers in 162 bytes (1 switches on core 0)
2026-07-09 06:55:30.291 7 INFO neutron.db.ovn_revision_numbers_db [None req-3ab00476-d500-465e-8233-b5bdbef0e31d 684e597d356747a183b41d2eb23036e5 e45555c771d7461899dd6503c252701c - - default default] Successfully bumped revision number for resource 1d3b8daf-2e73-4200-876d-c5e7478f64d0 (type: security_group_rules) to 0 [pid: 7|app: 0|req: 1291/2529] 10.0.0.201 () {34 vars in 695 bytes} [Thu Jul 9 06:55:30 2026] POST /v2.0/security-group-rules => generated 597 bytes in 220 msecs (HTTP/1.1 201) 4 headers in 162 bytes (1 switches on core 0)
2026-07-09 06:55:30.482 8 INFO neutron.db.ovn_revision_numbers_db [None req-cc4ccfd1-1d87-4e11-81ba-0d3f2bd4cc41 684e597d356747a183b41d2eb23036e5 e45555c771d7461899dd6503c252701c - - default default] Successfully bumped revision number for resource 29f25f87-5051-4b7c-a26d-6f2e68e8c5cc (type: security_group_rules) to 0 [pid: 8|app: 0|req: 1239/2530] 10.0.0.201 () {34 vars in 695 bytes} [Thu Jul 9 06:55:30 2026] POST /v2.0/security-group-rules => generated 599 bytes in 159 msecs (HTTP/1.1 201) 4 headers in 162 bytes (1 switches on core 0)
2026-07-09 06:55:30.662 7 INFO neutron.db.ovn_revision_numbers_db [None req-9826fd73-d80a-48eb-a794-398cb80ec397 684e597d356747a183b41d2eb23036e5 e45555c771d7461899dd6503c252701c - - default default] Successfully bumped revision number for resource c017ec86-662f-47c5-95b1-8c3e8570b3a1 (type: security_group_rules) to 0 [pid: 7|app: 0|req: 1292/2531] 10.0.0.201 () {34 vars in 695 bytes} [Thu Jul 9 06:55:30 2026] POST /v2.0/security-group-rules => generated 601 bytes in 190 msecs (HTTP/1.1 201) 4 headers in 162 bytes (1 switches on core 0)
2026-07-09 06:55:30.713 7 WARNING neutron.plugins.ml2.drivers.ovn.mech_driver.ovsdb.ovn_client [None req-0f761bb1-3fd5-41fd-8c52-00d088ba749b - - - - - -] No hosting information found for port 1444560d-fa64-49e9-abf4-7e98bea7d87d: RuntimeError: No hosting information found for port 1444560d-fa64-49e9-abf4-7e98bea7d87d
2026-07-09 06:55:30.788 7 INFO neutron.db.ovn_revision_numbers_db [None req-0f761bb1-3fd5-41fd-8c52-00d088ba749b - - - - - -] Successfully bumped revision number for resource 1444560d-fa64-49e9-abf4-7e98bea7d87d (type: router_ports) to 2
2026-07-09 06:55:30.788 7 INFO neutron.plugins.ml2.drivers.ovn.mech_driver.mech_driver [None req-0f761bb1-3fd5-41fd-8c52-00d088ba749b - - - - - -] OVN reports status down for port: adc7a5cf-a2b9-41ba-8944-a616d49f8409
2026-07-09 06:55:30.856 7 WARNING neutron.plugins.ml2.drivers.ovn.mech_driver.ovsdb.ovn_client [None req-0f761bb1-3fd5-41fd-8c52-00d088ba749b - - - - - -] Logical_Switch_Port adc7a5cf-a2b9-41ba-8944-a616d49f8409 host information not removed, the port state is up
2026-07-09 06:55:30.856 7 INFO neutron.plugins.ml2.drivers.ovn.mech_driver.mech_driver [None req-0f761bb1-3fd5-41fd-8c52-00d088ba749b - - - - - -] OVN reports status up for port: adc7a5cf-a2b9-41ba-8944-a616d49f8409
2026-07-09 06:55:30.869 7 INFO neutron.plugins.ml2.plugin [None req-0f761bb1-3fd5-41fd-8c52-00d088ba749b - - - - - -] Attempt 1 to provision port adc7a5cf-a2b9-41ba-8944-a616d49f8409
2026-07-09 06:55:30.879 8 INFO neutron.db.ovn_revision_numbers_db [None req-eba89994-a119-4dc4-8351-bd7807c1386a 684e597d356747a183b41d2eb23036e5 e45555c771d7461899dd6503c252701c - - default default] Successfully bumped revision number for resource 7ea0c215-1c70-46a9-abf5-c2cf035fdd65 (type: security_group_rules) to 0 [pid: 8|app: 0|req: 1240/2532] 10.0.0.201 () {34 vars in 695 bytes} [Thu Jul 9 06:55:30 2026] POST /v2.0/security-group-rules => generated 597 bytes in 216 msecs (HTTP/1.1 201) 4 headers in 162 bytes (1 switches on core 0)
2026-07-09 06:55:31.296 7 INFO neutron.db.ovn_revision_numbers_db [None req-0f761bb1-3fd5-41fd-8c52-00d088ba749b - - - - - -] Successfully bumped revision number for resource adc7a5cf-a2b9-41ba-8944-a616d49f8409 (type: ports) to 2
2026-07-09 06:55:31.517 7 WARNING neutron.db.securitygroups_db [req-aa7819ce-a164-48e5-95f0-693af7a892d8 req-7c9efc83-23eb-4e15-a5d5-65d2f1d97e2d 684e597d356747a183b41d2eb23036e5 e45555c771d7461899dd6503c252701c - - default default] project_id key not found in filters, using tenant_id instead. This support has been deprecated and will be removed in a future release. [pid: 7|app: 0|req: 1293/2533] 10.0.0.51 () {34 vars in 1095 bytes} [Thu Jul 9 06:55:31 2026] GET /v2.0/security-groups?name=tempest-lb_member_SG-1739415675&fields=id&tenant_id=e45555c771d7461899dd6503c252701c => generated 69 bytes in 27 msecs (HTTP/1.1 200) 4 headers in 156 bytes (1 switches on core 0) [pid: 8|app: 0|req: 1241/2534] 10.0.0.51 () {34 vars in 981 bytes} [Thu Jul 9 06:55:31 2026] GET /v2.0/networks?id=f2764ac2-64a6-4943-899b-9539f959b7e9 => generated 742 bytes in 53 msecs (HTTP/1.1 200) 4 headers in 157 bytes (1 switches on core 0) [pid: 7|app: 0|req: 1294/2535] 10.0.0.51 () {34 vars in 964 bytes} [Thu Jul 9 06:55:31 2026] GET /v2.0/quotas/e45555c771d7461899dd6503c252701c => generated 312 bytes in 9 msecs (HTTP/1.1 200) 4 headers in 157 bytes (1 switches on core 0) [pid: 8|app: 0|req: 1242/2536] 10.0.0.51 () {34 vars in 1001 bytes} [Thu Jul 9 06:55:31 2026] GET /v2.0/ports?tenant_id=e45555c771d7461899dd6503c252701c&fields=id => generated 287 bytes in 157 msecs (HTTP/1.1 200) 4 headers in 157 bytes (1 switches on core 0) [pid: 7|app: 0|req: 1295/2537] 10.0.0.51 () {34 vars in 1007 bytes} [Thu Jul 9 06:55:31 2026] GET /v2.0/networks/f2764ac2-64a6-4943-899b-9539f959b7e9?fields=segments => generated 14 bytes in 37 msecs (HTTP/1.1 200) 4 headers in 156 bytes (1 switches on core 0) [pid: 8|app: 0|req: 1243/2538] 10.0.0.51 () {34 vars in 1107 bytes} [Thu Jul 9 06:55:31 2026] GET /v2.0/networks/f2764ac2-64a6-4943-899b-9539f959b7e9?fields=provider%3Aphysical_network&fields=provider%3Anetwork_type => generated 79 bytes in 45 msecs (HTTP/1.1 200) 4 headers in 156 bytes (1 switches on core 0) [pid: 7|app: 0|req: 1296/2539] 10.0.0.51 () {34 vars in 1069 bytes} [Thu Jul 9 06:55:32 2026] GET /v2.0/ports?fields=security_groups&fields=device_id&device_id=521afd11-4fd0-446e-b0d7-882f1188dee0 => generated 12 bytes in 72 msecs (HTTP/1.1 200) 4 headers in 156 bytes (1 switches on core 0) [pid: 8|app: 0|req: 1244/2540] 10.0.0.116 () {28 vars in 583 bytes} [Thu Jul 9 06:55:34 2026] GET /v2.0/routers => generated 986 bytes in 120 msecs (HTTP/1.1 200) 4 headers in 157 bytes (1 switches on core 0) [pid: 7|app: 0|req: 1297/2541] 10.0.0.116 () {28 vars in 624 bytes} [Thu Jul 9 06:55:34 2026] GET /v2.0/agents?binary=ovn-controller => generated 416 bytes in 14 msecs (HTTP/1.1 200) 4 headers in 157 bytes (1 switches on core 0) [pid: 8|app: 0|req: 1245/2542] 10.0.0.116 () {28 vars in 585 bytes} [Thu Jul 9 06:55:34 2026] GET /v2.0/networks => generated 4769 bytes in 45 msecs (HTTP/1.1 200) 4 headers in 158 bytes (1 switches on core 0) [pid: 7|app: 0|req: 1298/2543] 10.0.0.116 () {28 vars in 579 bytes} [Thu Jul 9 06:55:34 2026] GET /v2.0/ports => generated 12628 bytes in 52 msecs (HTTP/1.1 200) 4 headers in 159 bytes (1 switches on core 0) [pid: 8|app: 0|req: 1246/2544] 10.0.0.116 () {28 vars in 581 bytes} [Thu Jul 9 06:55:34 2026] GET /v2.0/agents => generated 1214 bytes in 15 msecs (HTTP/1.1 200) 4 headers in 158 bytes (1 switches on core 0) [pid: 7|app: 0|req: 1299/2545] 10.0.0.116 () {28 vars in 619 bytes} [Thu Jul 9 06:55:34 2026] GET /v2.0/network-ip-availabilities => generated 5530 bytes in 23 msecs (HTTP/1.1 200) 4 headers in 158 bytes (1 switches on core 0) [pid: 8|app: 0|req: 1247/2546] 10.0.0.116 () {28 vars in 591 bytes} [Thu Jul 9 06:55:34 2026] GET /v2.0/floatingips => generated 19 bytes in 21 msecs (HTTP/1.1 200) 4 headers in 156 bytes (1 switches on core 0) [pid: 7|app: 0|req: 1300/2547] 10.0.0.116 () {28 vars in 583 bytes} [Thu Jul 9 06:55:34 2026] GET /v2.0/subnets => generated 5513 bytes in 41 msecs (HTTP/1.1 200) 4 headers in 158 bytes (1 switches on core 0) [pid: 8|app: 0|req: 1248/2548] 10.0.0.116 () {28 vars in 583 bytes} [Thu Jul 9 06:55:34 2026] GET /v2.0/subnets => generated 5513 bytes in 41 msecs (HTTP/1.1 200) 4 headers in 158 bytes (1 switches on core 0) [pid: 7|app: 0|req: 1301/2549] 10.0.0.116 () {28 vars in 591 bytes} [Thu Jul 9 06:55:34 2026] GET /v2.0/subnetpools => generated 19 bytes in 12 msecs (HTTP/1.1 200) 4 headers in 156 bytes (1 switches on core 0) [pid: 8|app: 0|req: 1249/2550] 10.0.0.116 () {28 vars in 599 bytes} [Thu Jul 9 06:55:34 2026] GET /v2.0/security-groups => generated 28657 bytes in 60 msecs (HTTP/1.1 200) 4 headers in 159 bytes (1 switches on core 0)
2026-07-09 06:55:36.086 7 WARNING neutron.plugins.ml2.drivers.ovn.mech_driver.ovsdb.ovn_client [None req-944c91de-cae0-42d3-9892-3047182285be - - - - - -] No hosting information found for port adc7a5cf-a2b9-41ba-8944-a616d49f8409: RuntimeError: No hosting information found for port adc7a5cf-a2b9-41ba-8944-a616d49f8409
2026-07-09 06:55:36.163 7 INFO neutron.db.ovn_revision_numbers_db [None req-944c91de-cae0-42d3-9892-3047182285be - - - - - -] Successfully bumped revision number for resource adc7a5cf-a2b9-41ba-8944-a616d49f8409 (type: router_ports) to 2
2026-07-09 06:55:36.164 7 INFO neutron.plugins.ml2.drivers.ovn.mech_driver.mech_driver [None req-944c91de-cae0-42d3-9892-3047182285be - - - - - -] OVN reports status down for port: 3a60a209-8743-4228-a17c-1d7957188d82
2026-07-09 06:55:36.239 7 WARNING neutron.plugins.ml2.drivers.ovn.mech_driver.ovsdb.ovn_client [None req-944c91de-cae0-42d3-9892-3047182285be - - - - - -] Logical_Switch_Port 3a60a209-8743-4228-a17c-1d7957188d82 host information not removed, the port state is up
2026-07-09 06:55:36.239 7 INFO neutron.plugins.ml2.drivers.ovn.mech_driver.mech_driver [None req-944c91de-cae0-42d3-9892-3047182285be - - - - - -] OVN reports status up for port: 3a60a209-8743-4228-a17c-1d7957188d82
2026-07-09 06:55:36.255 7 INFO neutron.plugins.ml2.plugin [None req-944c91de-cae0-42d3-9892-3047182285be - - - - - -] Attempt 1 to provision port 3a60a209-8743-4228-a17c-1d7957188d82 [pid: 7|app: 0|req: 1302/2551] 199.204.45.77 () {34 vars in 985 bytes} [Thu Jul 9 06:55:36 2026] GET /v2.0/networks?id=f2764ac2-64a6-4943-899b-9539f959b7e9 => generated 742 bytes in 103 msecs (HTTP/1.1 200) 4 headers in 157 bytes (1 switches on core 0)
2026-07-09 06:55:36.393 8 WARNING neutron.db.securitygroups_db [req-aa7819ce-a164-48e5-95f0-693af7a892d8 req-6abb869f-55ed-49fe-b51b-06efe138c393 684e597d356747a183b41d2eb23036e5 e45555c771d7461899dd6503c252701c - - default default] project_id key not found in filters, using tenant_id instead. This support has been deprecated and will be removed in a future release. [pid: 8|app: 0|req: 1250/2552] 199.204.45.77 () {34 vars in 1049 bytes} [Thu Jul 9 06:55:36 2026] GET /v2.0/security-groups?fields=id&fields=name&tenant_id=e45555c771d7461899dd6503c252701c => generated 179 bytes in 40 msecs (HTTP/1.1 200) 4 headers in 157 bytes (1 switches on core 0)
2026-07-09 06:55:37.063 7 INFO neutron.db.ovn_revision_numbers_db [None req-944c91de-cae0-42d3-9892-3047182285be - - - - - -] Successfully bumped revision number for resource 3a60a209-8743-4228-a17c-1d7957188d82 (type: ports) to 2
2026-07-09 06:55:37.141 7 WARNING neutron.scheduler.dhcp_agent_scheduler [req-aa7819ce-a164-48e5-95f0-693af7a892d8 req-a4703294-2677-4b8f-ae8e-63cb6c858b99 684e597d356747a183b41d2eb23036e5 e45555c771d7461899dd6503c252701c - - default default] No more DHCP agents
2026-07-09 06:55:37.145 7 WARNING neutron.api.rpc.agentnotifiers.dhcp_rpc_agent_api [req-aa7819ce-a164-48e5-95f0-693af7a892d8 req-a4703294-2677-4b8f-ae8e-63cb6c858b99 684e597d356747a183b41d2eb23036e5 e45555c771d7461899dd6503c252701c - - default default] Unable to schedule network f2764ac2-64a6-4943-899b-9539f959b7e9: no agents available; will retry on subsequent port and subnet creation events. [pid: 8|app: 0|req: 1251/2553] 10.0.0.51 () {34 vars in 1069 bytes} [Thu Jul 9 06:55:37 2026] GET /v2.0/ports?fields=security_groups&fields=device_id&device_id=521afd11-4fd0-446e-b0d7-882f1188dee0 => generated 123 bytes in 81 msecs (HTTP/1.1 200) 4 headers in 157 bytes (1 switches on core 0) [pid: 8|app: 0|req: 1252/2554] 10.0.0.51 () {34 vars in 1039 bytes} [Thu Jul 9 06:55:37 2026] GET /v2.0/security-groups?id=e3471819-6371-432f-b93f-b2787d611351&fields=id&fields=name => generated 112 bytes in 34 msecs (HTTP/1.1 200) 4 headers in 157 bytes (1 switches on core 0)
2026-07-09 06:55:37.341 8 INFO neutron.plugins.ml2.drivers.ovn.mech_driver.mech_driver [None req-6fee498f-85ed-468e-9e04-3b58e8f585be - - - - - -] OVN reports status down for port: e886c4c7-433f-4ebc-8d85-1fd31f16c2d8
2026-07-09 06:55:37.359 7 INFO neutron.db.ovn_revision_numbers_db [req-aa7819ce-a164-48e5-95f0-693af7a892d8 req-a4703294-2677-4b8f-ae8e-63cb6c858b99 684e597d356747a183b41d2eb23036e5 e45555c771d7461899dd6503c252701c - - default default] Successfully bumped revision number for resource e886c4c7-433f-4ebc-8d85-1fd31f16c2d8 (type: ports) to 1 [pid: 7|app: 0|req: 1303/2555] 199.204.45.77 () {38 vars in 954 bytes} [Thu Jul 9 06:55:36 2026] POST /v2.0/ports => generated 1179 bytes in 951 msecs (HTTP/1.1 201) 4 headers in 163 bytes (1 switches on core 0)
2026-07-09 06:55:37.841 8 INFO neutron.db.ovn_revision_numbers_db [req-aa7819ce-a164-48e5-95f0-693af7a892d8 req-0151fafe-3091-48fd-ade6-d23e72c98ee6 e2be56f90f674ec3a6bc4e0b33e01290 1b056a76dff9490baaa7fb7f46cf60b9 - - 9f36c36ff1a04966ac5fc50024a52187 9f36c36ff1a04966ac5fc50024a52187] Successfully bumped revision number for resource e886c4c7-433f-4ebc-8d85-1fd31f16c2d8 (type: ports) to 2
2026-07-09 06:55:38.061 8 INFO neutron.db.ovn_revision_numbers_db [req-aa7819ce-a164-48e5-95f0-693af7a892d8 req-0151fafe-3091-48fd-ade6-d23e72c98ee6 e2be56f90f674ec3a6bc4e0b33e01290 1b056a76dff9490baaa7fb7f46cf60b9 - - 9f36c36ff1a04966ac5fc50024a52187 9f36c36ff1a04966ac5fc50024a52187] Successfully bumped revision number for resource e886c4c7-433f-4ebc-8d85-1fd31f16c2d8 (type: ports) to 4 [pid: 8|app: 0|req: 1253/2558] 199.204.45.77 () {38 vars in 1027 bytes} [Thu Jul 9 06:55:37 2026] PUT /v2.0/ports/e886c4c7-433f-4ebc-8d85-1fd31f16c2d8 => generated 1451 bytes in 689 msecs (HTTP/1.1 200) 4 headers in 158 bytes (1 switches on core 0)
2026-07-09 06:55:38.115 8 INFO neutron.notifiers.nova [-] Nova event matching ['req-93767781-d3b3-4c0c-b77a-45242ba08aea'] response: {'name': 'network-changed', 'server_uuid': '521afd11-4fd0-446e-b0d7-882f1188dee0', 'tag': 'e886c4c7-433f-4ebc-8d85-1fd31f16c2d8', 'status': 'completed', 'code': 200} /var/lib/openstack/lib/python3.12/site-packages/pycadf/identifier.py:70: UserWarning: Invalid uuid: neutron. To ensure interoperability, identifiers should be a valid uuid. warnings.warn(('Invalid uuid: %s. To ensure interoperability, ' [pid: 7|app: 0|req: 1306/2559] 199.204.45.77 () {34 vars in 1079 bytes} [Thu Jul 9 06:55:38 2026] GET /v2.0/ports?tenant_id=e45555c771d7461899dd6503c252701c&device_id=521afd11-4fd0-446e-b0d7-882f1188dee0 => generated 1454 bytes in 39 msecs (HTTP/1.1 200) 4 headers in 158 bytes (1 switches on core 0) /var/lib/openstack/lib/python3.12/site-packages/pycadf/identifier.py:70: UserWarning: Invalid uuid: neutron. To ensure interoperability, identifiers should be a valid uuid. warnings.warn(('Invalid uuid: %s. To ensure interoperability, ' [pid: 8|app: 0|req: 1254/2560] 199.204.45.77 () {34 vars in 1017 bytes} [Thu Jul 9 06:55:38 2026] GET /v2.0/networks?tenant_id=e45555c771d7461899dd6503c252701c&shared=False => generated 2496 bytes in 45 msecs (HTTP/1.1 200) 4 headers in 158 bytes (1 switches on core 0) [pid: 7|app: 0|req: 1307/2561] 199.204.45.77 () {34 vars in 929 bytes} [Thu Jul 9 06:55:38 2026] GET /v2.0/networks?shared=True => generated 791 bytes in 47 msecs (HTTP/1.1 200) 4 headers in 157 bytes (1 switches on core 0) [pid: 8|app: 0|req: 1255/2562] 199.204.45.77 () {34 vars in 1079 bytes} [Thu Jul 9 06:55:39 2026] GET /v2.0/ports?tenant_id=e45555c771d7461899dd6503c252701c&device_id=521afd11-4fd0-446e-b0d7-882f1188dee0 => generated 1454 bytes in 39 msecs (HTTP/1.1 200) 4 headers in 158 bytes (1 switches on core 0) [pid: 7|app: 0|req: 1308/2563] 199.204.45.77 () {34 vars in 1057 bytes} [Thu Jul 9 06:55:39 2026] GET /v2.0/floatingips?fixed_ip_address=10.2.1.114&port_id=e886c4c7-433f-4ebc-8d85-1fd31f16c2d8 => generated 19 bytes in 24 msecs (HTTP/1.1 200) 4 headers in 156 bytes (1 switches on core 0) [pid: 8|app: 0|req: 1256/2564] 199.204.45.77 () {34 vars in 1101 bytes} [Thu Jul 9 06:55:39 2026] GET /v2.0/floatingips?fixed_ip_address=fd7b%3Af9f7%3Afff%3A4eca%3A%3Ae5&port_id=e886c4c7-433f-4ebc-8d85-1fd31f16c2d8 => generated 19 bytes in 27 msecs (HTTP/1.1 200) 4 headers in 156 bytes (1 switches on core 0) [pid: 7|app: 0|req: 1309/2565] 199.204.45.77 () {34 vars in 1063 bytes} [Thu Jul 9 06:55:39 2026] GET /v2.0/subnets?id=738bacf9-9ea6-4c2b-af04-62cc7dabb32a&id=3b9fe708-8faf-4c96-b714-d6da5a058c67 => generated 1410 bytes in 35 msecs (HTTP/1.1 200) 4 headers in 158 bytes (1 switches on core 0) [pid: 8|app: 0|req: 1257/2566] 199.204.45.77 () {34 vars in 1051 bytes} [Thu Jul 9 06:55:39 2026] GET /v2.0/ports?network_id=f2764ac2-64a6-4943-899b-9539f959b7e9&device_owner=network%3Adhcp => generated 12 bytes in 20 msecs (HTTP/1.1 200) 4 headers in 156 bytes (1 switches on core 0) [pid: 7|app: 0|req: 1310/2567] 199.204.45.77 () {34 vars in 1051 bytes} [Thu Jul 9 06:55:39 2026] GET /v2.0/ports?network_id=f2764ac2-64a6-4943-899b-9539f959b7e9&device_owner=network%3Adhcp => generated 12 bytes in 26 msecs (HTTP/1.1 200) 4 headers in 156 bytes (1 switches on core 0) [pid: 8|app: 0|req: 1258/2568] 199.204.45.77 () {34 vars in 1011 bytes} [Thu Jul 9 06:55:40 2026] GET /v2.0/networks/f2764ac2-64a6-4943-899b-9539f959b7e9?fields=segments => generated 14 bytes in 58 msecs (HTTP/1.1 200) 4 headers in 156 bytes (1 switches on core 0) [pid: 7|app: 0|req: 1311/2569] 199.204.45.77 () {34 vars in 1111 bytes} [Thu Jul 9 06:55:40 2026] GET /v2.0/networks/f2764ac2-64a6-4943-899b-9539f959b7e9?fields=provider%3Aphysical_network&fields=provider%3Anetwork_type => generated 79 bytes in 41 msecs (HTTP/1.1 200) 4 headers in 156 bytes (1 switches on core 0)
2026-07-09 06:55:42.442 7 WARNING neutron.plugins.ml2.drivers.ovn.mech_driver.ovsdb.ovn_client [None req-92d9fad3-b0e7-4b54-8cb8-c8d79f526d3c - - - - - -] No hosting information found for port 3a60a209-8743-4228-a17c-1d7957188d82: RuntimeError: No hosting information found for port 3a60a209-8743-4228-a17c-1d7957188d82 [pid: 8|app: 0|req: 1259/2570] 10.0.0.51 () {34 vars in 1069 bytes} [Thu Jul 9 06:55:42 2026] GET /v2.0/ports?fields=security_groups&fields=device_id&device_id=521afd11-4fd0-446e-b0d7-882f1188dee0 => generated 123 bytes in 98 msecs (HTTP/1.1 200) 4 headers in 157 bytes (1 switches on core 0) [pid: 7|app: 0|req: 1312/2571] 10.0.0.51 () {34 vars in 1039 bytes} [Thu Jul 9 06:55:42 2026] GET /v2.0/security-groups?id=e3471819-6371-432f-b93f-b2787d611351&fields=id&fields=name => generated 112 bytes in 59 msecs (HTTP/1.1 200) 4 headers in 157 bytes (1 switches on core 0)
2026-07-09 06:55:42.562 7 INFO neutron.db.ovn_revision_numbers_db [None req-92d9fad3-b0e7-4b54-8cb8-c8d79f526d3c - - - - - -] Successfully bumped revision number for resource 3a60a209-8743-4228-a17c-1d7957188d82 (type: router_ports) to 2 [pid: 8|app: 0|req: 1260/2572] 199.204.45.77 () {34 vars in 993 bytes} [Thu Jul 9 06:55:44 2026] GET /v2.0/ports?device_id=521afd11-4fd0-446e-b0d7-882f1188dee0 => generated 1194 bytes in 128 msecs (HTTP/1.1 200) 4 headers in 158 bytes (1 switches on core 0)
2026-07-09 06:55:44.631 7 INFO neutron_taas.services.taas.taas_plugin [req-aa7819ce-a164-48e5-95f0-693af7a892d8 req-5ddd0da5-4900-4746-aca9-3eeb217c229e 684e597d356747a183b41d2eb23036e5 e45555c771d7461899dd6503c252701c - - default default] TaaS: Handle Delete Port: e886c4c7-433f-4ebc-8d85-1fd31f16c2d8
2026-07-09 06:55:44.634 7 INFO neutron_taas.services.taas.tap_mirror_plugin [req-aa7819ce-a164-48e5-95f0-693af7a892d8 req-5ddd0da5-4900-4746-aca9-3eeb217c229e 684e597d356747a183b41d2eb23036e5 e45555c771d7461899dd6503c252701c - - default default] Tap Mirror: Handle Delete Port: e886c4c7-433f-4ebc-8d85-1fd31f16c2d8 [pid: 7|app: 0|req: 1313/2573] 199.204.45.77 () {36 vars in 996 bytes} [Thu Jul 9 06:55:44 2026] DELETE /v2.0/ports/e886c4c7-433f-4ebc-8d85-1fd31f16c2d8 => generated 0 bytes in 354 msecs (HTTP/1.1 204) 3 headers in 131 bytes (1 switches on core 0)
