2026-07-09 06:52:06.214 7 WARNING neutron.db.securitygroups_db [None req-a578f18b-82fe-4738-b08e-1b0a3fbacb86 973034d16270436d9c247592a90fdbc3 a28a0120d89e4851a6b66414e305c2b6 - - default default] project_id key not found in filters, using tenant_id instead. This support has been deprecated and will be removed in a future release. [pid: 7|app: 0|req: 718/1421] 10.0.0.201 () {32 vars in 774 bytes} [Thu Jul 9 06:52:06 2026] GET /v2.0/security-groups?tenant_id=7c1b8564571a488094130852a872789e&name=default => generated 2925 bytes in 223 msecs (HTTP/1.1 200) 4 headers in 158 bytes (1 switches on core 0) [pid: 7|app: 0|req: 719/1422] 10.0.0.51 () {34 vars in 1107 bytes} [Thu Jul 9 06:52:06 2026] GET /v2.0/networks/5233aaf0-47cd-4d6b-9bcc-6513bea2b0b8?fields=provider%3Aphysical_network&fields=provider%3Anetwork_type => generated 79 bytes in 76 msecs (HTTP/1.1 200) 4 headers in 156 bytes (1 switches on core 0) [pid: 7|app: 0|req: 720/1423] 10.0.0.201 () {32 vars in 740 bytes} [Thu Jul 9 06:52:06 2026] DELETE /v2.0/security-groups/1162c267-2c47-42a6-9b4e-3af96ec8b8e1 => generated 0 bytes in 249 msecs (HTTP/1.1 204) 2 headers in 112 bytes (1 switches on core 0) [pid: 7|app: 0|req: 721/1424] 10.0.0.51 () {34 vars in 1069 bytes} [Thu Jul 9 06:52:06 2026] GET /v2.0/ports?fields=security_groups&fields=device_id&device_id=4745f1b5-0740-4b2d-9a90-0543a3580ee5 => generated 12 bytes in 23 msecs (HTTP/1.1 200) 4 headers in 156 bytes (1 switches on core 0) [pid: 8|app: 0|req: 704/1425] 10.0.0.201 () {34 vars in 789 bytes} [Thu Jul 9 06:52:05 2026] PUT /v2.0/routers/17ed9786-8af0-44c7-8db4-6702ec0456a2/remove_router_interface => generated 310 bytes in 1006 msecs (HTTP/1.1 200) 4 headers in 157 bytes (1 switches on core 0) /var/lib/openstack/lib/python3.12/site-packages/pycadf/identifier.py:70: UserWarning: Invalid uuid: neutron. To ensure interoperability, identifiers should be a valid uuid. warnings.warn(('Invalid uuid: %s. To ensure interoperability, '
2026-07-09 06:52:06.887 7 WARNING neutron.db.securitygroups_db [None req-2aeab3ea-3ca4-4ff8-9987-da7135fb3381 973034d16270436d9c247592a90fdbc3 a28a0120d89e4851a6b66414e305c2b6 - - default default] project_id key not found in filters, using tenant_id instead. This support has been deprecated and will be removed in a future release. [pid: 7|app: 0|req: 722/1426] 10.0.0.201 () {32 vars in 774 bytes} [Thu Jul 9 06:52:06 2026] GET /v2.0/security-groups?tenant_id=4acea83783284cbc86fe445b64b27fe8&name=default => generated 2925 bytes in 301 msecs (HTTP/1.1 200) 4 headers in 158 bytes (1 switches on core 0)
2026-07-09 06:52:07.010 8 INFO neutron_taas.services.taas.taas_plugin [None req-99f88fb9-a95e-4c4d-99a0-34493b88310b 973034d16270436d9c247592a90fdbc3 a28a0120d89e4851a6b66414e305c2b6 - - default default] TaaS: Handle Delete Port: 48ef6cab-4e3b-4253-a78f-9cbbc1f754bc
2026-07-09 06:52:07.013 8 INFO neutron_taas.services.taas.tap_mirror_plugin [None req-99f88fb9-a95e-4c4d-99a0-34493b88310b 973034d16270436d9c247592a90fdbc3 a28a0120d89e4851a6b66414e305c2b6 - - default default] Tap Mirror: Handle Delete Port: 48ef6cab-4e3b-4253-a78f-9cbbc1f754bc [pid: 7|app: 0|req: 723/1427] 10.0.0.201 () {32 vars in 740 bytes} [Thu Jul 9 06:52:06 2026] DELETE /v2.0/security-groups/e72b2a71-20a6-4006-ae9b-69392a482758 => generated 0 bytes in 199 msecs (HTTP/1.1 204) 2 headers in 112 bytes (1 switches on core 0) [pid: 8|app: 0|req: 705/1428] 10.0.0.201 () {32 vars in 724 bytes} [Thu Jul 9 06:52:06 2026] DELETE /v2.0/routers/17ed9786-8af0-44c7-8db4-6702ec0456a2 => generated 0 bytes in 787 msecs (HTTP/1.1 204) 2 headers in 112 bytes (1 switches on core 0) [pid: 7|app: 0|req: 724/1429] 10.0.0.201 () {32 vars in 724 bytes} [Thu Jul 9 06:52:07 2026] DELETE /v2.0/subnets/67a99492-4baa-47b8-b20c-04848adaed3a => generated 0 bytes in 209 msecs (HTTP/1.1 204) 3 headers in 131 bytes (1 switches on core 0) [pid: 8|app: 0|req: 707/1432] 10.0.0.51 () {34 vars in 1069 bytes} [Thu Jul 9 06:52:07 2026] GET /v2.0/ports?fields=security_groups&fields=device_id&device_id=4745f1b5-0740-4b2d-9a90-0543a3580ee5 => generated 12 bytes in 19 msecs (HTTP/1.1 200) 4 headers in 156 bytes (1 switches on core 0)
2026-07-09 06:52:07.847 7 INFO neutron_taas.services.taas.taas_plugin [None req-b8d6513a-f51f-47b1-956c-b7dd254e5dbe 973034d16270436d9c247592a90fdbc3 a28a0120d89e4851a6b66414e305c2b6 - - default default] TaaS: Handle Delete Port: 0dde9712-05d2-4371-a4ce-dc17316b4dd8
2026-07-09 06:52:07.850 7 INFO neutron_taas.services.taas.tap_mirror_plugin [None req-b8d6513a-f51f-47b1-956c-b7dd254e5dbe 973034d16270436d9c247592a90fdbc3 a28a0120d89e4851a6b66414e305c2b6 - - default default] Tap Mirror: Handle Delete Port: 0dde9712-05d2-4371-a4ce-dc17316b4dd8
2026-07-09 06:52:08.039 7 INFO neutron.services.segments.plugin [-] Segment 1fdcf2a0-dfd1-4578-b318-b7b24b32e9f6 resource provider aggregate not found
2026-07-09 06:52:08.043 7 INFO neutron.services.segments.plugin [-] Segment 1fdcf2a0-dfd1-4578-b318-b7b24b32e9f6 resource provider aggregate not found
2026-07-09 06:52:08.058 7 INFO neutron.services.segments.plugin [-] Client error retrieving segment 1fdcf2a0-dfd1-4578-b318-b7b24b32e9f6 resource provider; error: Placement Client Error (4xx): {"errors": [{"status": 404, "title": "Not Found", "detail": "The resource could not be found.\n\n No resource provider with uuid 1fdcf2a0-dfd1-4578-b318-b7b24b32e9f6 found for delete ", "request_id": "req-c6c78232-7f49-475f-a1bd-ace0719254fb"}]}
2026-07-09 06:52:08.063 7 INFO neutron.services.segments.plugin [-] Client error retrieving segment 1fdcf2a0-dfd1-4578-b318-b7b24b32e9f6 resource provider; error: Placement Client Error (4xx): {"errors": [{"status": 404, "title": "Not Found", "detail": "The resource could not be found.\n\n No resource provider with uuid 1fdcf2a0-dfd1-4578-b318-b7b24b32e9f6 found for delete ", "request_id": "req-ac0f0f80-7705-413f-946f-10f3942d64f1"}]} [pid: 7|app: 0|req: 726/1433] 10.0.0.201 () {32 vars in 726 bytes} [Thu Jul 9 06:52:07 2026] DELETE /v2.0/networks/f052a797-697d-45e0-8770-b937bbe2e6aa => generated 0 bytes in 402 msecs (HTTP/1.1 204) 3 headers in 131 bytes (1 switches on core 0)
2026-07-09 06:52:08.307 8 WARNING neutron.db.securitygroups_db [None req-381974c3-060c-4c10-bdbc-28b6f6b0dfc4 973034d16270436d9c247592a90fdbc3 a28a0120d89e4851a6b66414e305c2b6 - - default default] project_id key not found in filters, using tenant_id instead. This support has been deprecated and will be removed in a future release. [pid: 8|app: 0|req: 708/1434] 10.0.0.201 () {32 vars in 774 bytes} [Thu Jul 9 06:52:08 2026] GET /v2.0/security-groups?tenant_id=12f74f68b55245bc90fcedfc037ad70d&name=default => generated 2925 bytes in 39 msecs (HTTP/1.1 200) 4 headers in 158 bytes (1 switches on core 0) [pid: 7|app: 0|req: 727/1435] 10.0.0.201 () {32 vars in 740 bytes} [Thu Jul 9 06:52:08 2026] DELETE /v2.0/security-groups/e7cc00ad-090f-4404-ae9c-e9ed0744866f => generated 0 bytes in 183 msecs (HTTP/1.1 204) 2 headers in 112 bytes (1 switches on core 0)
2026-07-09 06:52:08.692 8 INFO neutron.db.ovn_revision_numbers_db [None req-dec17dbd-f45f-491a-b05a-e27a4ca5cdad ff448e90dbd54680b0314fcbc3e8bb40 187ca71355654cf0bb6c7386f0d91cdb - - default default] Successfully bumped revision number for resource 424a4672-5635-462a-8178-66f9a864861f (type: security_groups) to 1
2026-07-09 06:52:08.703 8 INFO neutron.db.ovn_revision_numbers_db [None req-dec17dbd-f45f-491a-b05a-e27a4ca5cdad ff448e90dbd54680b0314fcbc3e8bb40 187ca71355654cf0bb6c7386f0d91cdb - - default default] Successfully bumped revision number for resource 2c259622-42d7-4cb5-8214-e35ca215b059 (type: security_group_rules) to 0
2026-07-09 06:52:08.716 8 INFO neutron.db.ovn_revision_numbers_db [None req-dec17dbd-f45f-491a-b05a-e27a4ca5cdad ff448e90dbd54680b0314fcbc3e8bb40 187ca71355654cf0bb6c7386f0d91cdb - - default default] Successfully bumped revision number for resource 8705d58d-3ca4-4b25-a7c1-88890d426c05 (type: security_group_rules) to 0
2026-07-09 06:52:08.728 8 INFO neutron.db.ovn_revision_numbers_db [None req-dec17dbd-f45f-491a-b05a-e27a4ca5cdad ff448e90dbd54680b0314fcbc3e8bb40 187ca71355654cf0bb6c7386f0d91cdb - - default default] Successfully bumped revision number for resource a0792392-3c50-4b24-99d8-4d6ff57da189 (type: security_group_rules) to 0
2026-07-09 06:52:08.739 8 INFO neutron.db.ovn_revision_numbers_db [None req-dec17dbd-f45f-491a-b05a-e27a4ca5cdad ff448e90dbd54680b0314fcbc3e8bb40 187ca71355654cf0bb6c7386f0d91cdb - - default default] Successfully bumped revision number for resource f98cb143-be69-4e85-99e8-87136eecfdf4 (type: security_group_rules) to 0
2026-07-09 06:52:08.812 8 INFO neutron.db.segments_db [None req-dec17dbd-f45f-491a-b05a-e27a4ca5cdad ff448e90dbd54680b0314fcbc3e8bb40 187ca71355654cf0bb6c7386f0d91cdb - - default default] Added segment af632cf2-b172-4844-827a-30690cfcaeb4 of type geneve for network 165d65a6-86f1-486c-b666-6ec2b8b26fb8 [pid: 7|app: 0|req: 728/1436] 10.0.0.51 () {34 vars in 1069 bytes} [Thu Jul 9 06:52:08 2026] GET /v2.0/ports?fields=security_groups&fields=device_id&device_id=4745f1b5-0740-4b2d-9a90-0543a3580ee5 => generated 12 bytes in 20 msecs (HTTP/1.1 200) 4 headers in 156 bytes (1 switches on core 0)
2026-07-09 06:52:08.941 8 INFO neutron.db.ovn_revision_numbers_db [None req-dec17dbd-f45f-491a-b05a-e27a4ca5cdad ff448e90dbd54680b0314fcbc3e8bb40 187ca71355654cf0bb6c7386f0d91cdb - - default default] Successfully bumped revision number for resource 165d65a6-86f1-486c-b666-6ec2b8b26fb8 (type: networks) to 1
2026-07-09 06:52:08.987 7 WARNING neutron.plugins.ml2.drivers.ovn.mech_driver.ovsdb.ovn_client [None req-af4cdc4a-b6c3-433e-a3d1-4703c4481ee9 - - - - - -] No hosting information found for port 00a6f896-264d-4f8b-b1a6-d9887e3dc3d8: RuntimeError: No hosting information found for port 00a6f896-264d-4f8b-b1a6-d9887e3dc3d8
2026-07-09 06:52:09.020 7 INFO neutron.common.ovn.utils [None req-af4cdc4a-b6c3-433e-a3d1-4703c4481ee9 - - - - - -] HA Chassis Group neutron-5233aaf0-47cd-4d6b-9bcc-6513bea2b0b8 synchronized; highest priority chassis 5b8929ab-7c84-4fa1-8a8b-4be4f87c9311
2026-07-09 06:52:09.140 8 WARNING neutron.scheduler.dhcp_agent_scheduler [None req-dec17dbd-f45f-491a-b05a-e27a4ca5cdad ff448e90dbd54680b0314fcbc3e8bb40 187ca71355654cf0bb6c7386f0d91cdb - - default default] No more DHCP agents
2026-07-09 06:52:09.142 8 WARNING neutron.api.rpc.agentnotifiers.dhcp_rpc_agent_api [None req-dec17dbd-f45f-491a-b05a-e27a4ca5cdad ff448e90dbd54680b0314fcbc3e8bb40 187ca71355654cf0bb6c7386f0d91cdb - - default default] Unable to schedule network 165d65a6-86f1-486c-b666-6ec2b8b26fb8: no agents available; will retry on subsequent port and subnet creation events.
2026-07-09 06:52:09.144 7 INFO neutron.db.ovn_revision_numbers_db [None req-af4cdc4a-b6c3-433e-a3d1-4703c4481ee9 - - - - - -] Successfully bumped revision number for resource 00a6f896-264d-4f8b-b1a6-d9887e3dc3d8 (type: router_ports) to 2
2026-07-09 06:52:09.144 7 INFO neutron.plugins.ml2.drivers.ovn.mech_driver.mech_driver [None req-af4cdc4a-b6c3-433e-a3d1-4703c4481ee9 - - - - - -] OVN reports status down for port: 842397a7-3749-4f49-aa8e-9f69a481139f
2026-07-09 06:52:09.153 7 INFO neutron.plugins.ml2.drivers.ovn.mech_driver.mech_driver [None req-af4cdc4a-b6c3-433e-a3d1-4703c4481ee9 - - - - - -] OVN reports status down for port: 842397a7-3749-4f49-aa8e-9f69a481139f
2026-07-09 06:52:09.249 8 INFO neutron.db.ovn_revision_numbers_db [None req-dec17dbd-f45f-491a-b05a-e27a4ca5cdad ff448e90dbd54680b0314fcbc3e8bb40 187ca71355654cf0bb6c7386f0d91cdb - - default default] Successfully bumped revision number for resource be8db389-443e-4621-b944-ff8fbcb7e0d1 (type: ports) to 1
2026-07-09 06:52:09.278 7 INFO neutron.plugins.ml2.drivers.ovn.mech_driver.mech_driver [None req-af4cdc4a-b6c3-433e-a3d1-4703c4481ee9 - - - - - -] OVN reports status down for port: be8db389-443e-4621-b944-ff8fbcb7e0d1 [pid: 8|app: 0|req: 709/1437] 10.0.0.201 () {34 vars in 670 bytes} [Thu Jul 9 06:52:08 2026] POST /v2.0/networks => generated 668 bytes in 913 msecs (HTTP/1.1 201) 4 headers in 162 bytes (1 switches on core 0)
2026-07-09 06:52:09.403 8 INFO neutron.db.segments_db [None req-2dfa3fc6-d5f6-4647-a228-f20d12ed6958 ff448e90dbd54680b0314fcbc3e8bb40 187ca71355654cf0bb6c7386f0d91cdb - - default default] Added segment cd11f430-dbce-4209-8c43-3131e7e182a9 of type geneve for network e1e39d17-5c5b-405e-b1d2-5737b3521fd7
2026-07-09 06:52:09.447 7 INFO neutron.db.ovn_revision_numbers_db [None req-526bf4a8-063e-4030-a2dc-6ea13bac3ec3 a93e4279a29441279a6f9b6471f97c55 30fb808434de4a92baf8f4400f89b129 - - default default] Successfully bumped revision number for resource e532cc2c-66e2-46f3-83a1-0ff8e7449bcd (type: security_groups) to 1
2026-07-09 06:52:09.463 7 INFO neutron.db.ovn_revision_numbers_db [None req-526bf4a8-063e-4030-a2dc-6ea13bac3ec3 a93e4279a29441279a6f9b6471f97c55 30fb808434de4a92baf8f4400f89b129 - - default default] Successfully bumped revision number for resource 246a4166-a60c-457e-b574-d734b01c0686 (type: security_group_rules) to 0
2026-07-09 06:52:09.476 7 INFO neutron.db.ovn_revision_numbers_db [None req-526bf4a8-063e-4030-a2dc-6ea13bac3ec3 a93e4279a29441279a6f9b6471f97c55 30fb808434de4a92baf8f4400f89b129 - - default default] Successfully bumped revision number for resource 4c3e7b5e-0176-4a34-a3a6-c217a1a721ca (type: security_group_rules) to 0
2026-07-09 06:52:09.488 7 INFO neutron.db.ovn_revision_numbers_db [None req-526bf4a8-063e-4030-a2dc-6ea13bac3ec3 a93e4279a29441279a6f9b6471f97c55 30fb808434de4a92baf8f4400f89b129 - - default default] Successfully bumped revision number for resource 964ef6dd-5ac9-49ac-8028-385556bf7631 (type: security_group_rules) to 0
2026-07-09 06:52:09.500 7 INFO neutron.db.ovn_revision_numbers_db [None req-526bf4a8-063e-4030-a2dc-6ea13bac3ec3 a93e4279a29441279a6f9b6471f97c55 30fb808434de4a92baf8f4400f89b129 - - default default] Successfully bumped revision number for resource fd6c63db-dfc7-4326-bb08-7d3c024adbe5 (type: security_group_rules) to 0
2026-07-09 06:52:09.534 8 INFO neutron.db.ovn_revision_numbers_db [None req-2dfa3fc6-d5f6-4647-a228-f20d12ed6958 ff448e90dbd54680b0314fcbc3e8bb40 187ca71355654cf0bb6c7386f0d91cdb - - default default] Successfully bumped revision number for resource e1e39d17-5c5b-405e-b1d2-5737b3521fd7 (type: networks) to 1
2026-07-09 06:52:09.594 7 INFO neutron.db.segments_db [None req-526bf4a8-063e-4030-a2dc-6ea13bac3ec3 a93e4279a29441279a6f9b6471f97c55 30fb808434de4a92baf8f4400f89b129 - - default default] Added segment 12b1271b-1642-4841-9c5d-fa86476f81d1 of type geneve for network 12323eb3-fb0a-47e6-9093-893243a6e8a9
2026-07-09 06:52:09.702 8 WARNING neutron.scheduler.dhcp_agent_scheduler [None req-2dfa3fc6-d5f6-4647-a228-f20d12ed6958 ff448e90dbd54680b0314fcbc3e8bb40 187ca71355654cf0bb6c7386f0d91cdb - - default default] No more DHCP agents
2026-07-09 06:52:09.702 7 INFO neutron.db.ovn_revision_numbers_db [None req-526bf4a8-063e-4030-a2dc-6ea13bac3ec3 a93e4279a29441279a6f9b6471f97c55 30fb808434de4a92baf8f4400f89b129 - - default default] Successfully bumped revision number for resource 12323eb3-fb0a-47e6-9093-893243a6e8a9 (type: networks) to 1
2026-07-09 06:52:09.703 8 WARNING neutron.api.rpc.agentnotifiers.dhcp_rpc_agent_api [None req-2dfa3fc6-d5f6-4647-a228-f20d12ed6958 ff448e90dbd54680b0314fcbc3e8bb40 187ca71355654cf0bb6c7386f0d91cdb - - default default] Unable to schedule network e1e39d17-5c5b-405e-b1d2-5737b3521fd7: no agents available; will retry on subsequent port and subnet creation events.
2026-07-09 06:52:09.757 8 INFO neutron.plugins.ml2.drivers.ovn.mech_driver.mech_driver [None req-60c85c70-cc74-4cb0-8547-6af1cf5b9662 - - - - - -] OVN reports status down for port: 1fa030c9-c758-4a19-a0f6-40c051bf3dd8
2026-07-09 06:52:09.810 8 INFO neutron.db.ovn_revision_numbers_db [None req-2dfa3fc6-d5f6-4647-a228-f20d12ed6958 ff448e90dbd54680b0314fcbc3e8bb40 187ca71355654cf0bb6c7386f0d91cdb - - default default] Successfully bumped revision number for resource 1fa030c9-c758-4a19-a0f6-40c051bf3dd8 (type: ports) to 1 [pid: 8|app: 0|req: 710/1438] 10.0.0.201 () {34 vars in 670 bytes} [Thu Jul 9 06:52:09 2026] POST /v2.0/networks => generated 668 bytes in 542 msecs (HTTP/1.1 201) 4 headers in 162 bytes (1 switches on core 0)
2026-07-09 06:52:09.924 7 WARNING neutron.scheduler.dhcp_agent_scheduler [None req-526bf4a8-063e-4030-a2dc-6ea13bac3ec3 a93e4279a29441279a6f9b6471f97c55 30fb808434de4a92baf8f4400f89b129 - - default default] No more DHCP agents
2026-07-09 06:52:09.926 7 WARNING neutron.api.rpc.agentnotifiers.dhcp_rpc_agent_api [None req-526bf4a8-063e-4030-a2dc-6ea13bac3ec3 a93e4279a29441279a6f9b6471f97c55 30fb808434de4a92baf8f4400f89b129 - - default default] Unable to schedule network 12323eb3-fb0a-47e6-9093-893243a6e8a9: no agents available; will retry on subsequent port and subnet creation events.
2026-07-09 06:52:09.979 7 INFO neutron.plugins.ml2.drivers.ovn.mech_driver.mech_driver [None req-af4cdc4a-b6c3-433e-a3d1-4703c4481ee9 - - - - - -] OVN reports status down for port: a197de53-d1f8-4d9c-a56b-33a900cf3e5c
2026-07-09 06:52:10.036 7 INFO neutron.db.ovn_revision_numbers_db [None req-526bf4a8-063e-4030-a2dc-6ea13bac3ec3 a93e4279a29441279a6f9b6471f97c55 30fb808434de4a92baf8f4400f89b129 - - default default] Successfully bumped revision number for resource a197de53-d1f8-4d9c-a56b-33a900cf3e5c (type: ports) to 1
2026-07-09 06:52:10.046 8 WARNING neutron.scheduler.dhcp_agent_scheduler [None req-7a2faa8c-bbdc-40cf-a4e1-ababc2baa5ef ff448e90dbd54680b0314fcbc3e8bb40 187ca71355654cf0bb6c7386f0d91cdb - - default default] No more DHCP agents
2026-07-09 06:52:10.047 8 WARNING neutron.api.rpc.agentnotifiers.dhcp_rpc_agent_api [None req-7a2faa8c-bbdc-40cf-a4e1-ababc2baa5ef ff448e90dbd54680b0314fcbc3e8bb40 187ca71355654cf0bb6c7386f0d91cdb - - default default] Unable to schedule network 165d65a6-86f1-486c-b666-6ec2b8b26fb8: no agents available; will retry on subsequent port and subnet creation events. [pid: 7|app: 0|req: 729/1439] 10.0.0.201 () {34 vars in 670 bytes} [Thu Jul 9 06:52:09 2026] POST /v2.0/networks => generated 681 bytes in 1036 msecs (HTTP/1.1 201) 4 headers in 162 bytes (1 switches on core 0) [pid: 7|app: 0|req: 730/1440] 10.0.0.51 () {34 vars in 1069 bytes} [Thu Jul 9 06:52:10 2026] GET /v2.0/ports?fields=security_groups&fields=device_id&device_id=4745f1b5-0740-4b2d-9a90-0543a3580ee5 => generated 12 bytes in 24 msecs (HTTP/1.1 200) 4 headers in 156 bytes (1 switches on core 0)
2026-07-09 06:52:10.327 7 WARNING neutron.scheduler.dhcp_agent_scheduler [None req-51ab2e12-cc75-4200-a78b-bdf2bfd88e6d a93e4279a29441279a6f9b6471f97c55 30fb808434de4a92baf8f4400f89b129 - - default default] No more DHCP agents
2026-07-09 06:52:10.328 7 WARNING neutron.api.rpc.agentnotifiers.dhcp_rpc_agent_api [None req-51ab2e12-cc75-4200-a78b-bdf2bfd88e6d a93e4279a29441279a6f9b6471f97c55 30fb808434de4a92baf8f4400f89b129 - - default default] Unable to schedule network 12323eb3-fb0a-47e6-9093-893243a6e8a9: no agents available; will retry on subsequent port and subnet creation events.
2026-07-09 06:52:10.578 8 INFO neutron.db.ovn_revision_numbers_db [None req-7a2faa8c-bbdc-40cf-a4e1-ababc2baa5ef ff448e90dbd54680b0314fcbc3e8bb40 187ca71355654cf0bb6c7386f0d91cdb - - default default] Successfully bumped revision number for resource be8db389-443e-4621-b944-ff8fbcb7e0d1 (type: ports) to 2
2026-07-09 06:52:10.615 8 INFO neutron.db.ovn_revision_numbers_db [None req-7a2faa8c-bbdc-40cf-a4e1-ababc2baa5ef ff448e90dbd54680b0314fcbc3e8bb40 187ca71355654cf0bb6c7386f0d91cdb - - default default] Successfully bumped revision number for resource f0703875-6751-4b22-9d7b-84dcae9f2335 (type: subnets) to 0 [pid: 8|app: 0|req: 711/1441] 10.0.0.201 () {34 vars in 669 bytes} [Thu Jul 9 06:52:09 2026] POST /v2.0/subnets => generated 626 bytes in 793 msecs (HTTP/1.1 201) 4 headers in 162 bytes (1 switches on core 0)
2026-07-09 06:52:10.852 7 INFO neutron.db.ovn_revision_numbers_db [None req-51ab2e12-cc75-4200-a78b-bdf2bfd88e6d a93e4279a29441279a6f9b6471f97c55 30fb808434de4a92baf8f4400f89b129 - - default default] Successfully bumped revision number for resource a197de53-d1f8-4d9c-a56b-33a900cf3e5c (type: ports) to 2
2026-07-09 06:52:10.858 8 WARNING neutron.scheduler.dhcp_agent_scheduler [None req-e407d5f6-f70f-4668-95cb-132b01f0589d ff448e90dbd54680b0314fcbc3e8bb40 187ca71355654cf0bb6c7386f0d91cdb - - default default] No more DHCP agents
2026-07-09 06:52:10.860 8 WARNING neutron.api.rpc.agentnotifiers.dhcp_rpc_agent_api [None req-e407d5f6-f70f-4668-95cb-132b01f0589d ff448e90dbd54680b0314fcbc3e8bb40 187ca71355654cf0bb6c7386f0d91cdb - - default default] Unable to schedule network e1e39d17-5c5b-405e-b1d2-5737b3521fd7: no agents available; will retry on subsequent port and subnet creation events.
2026-07-09 06:52:10.889 7 INFO neutron.db.ovn_revision_numbers_db [None req-51ab2e12-cc75-4200-a78b-bdf2bfd88e6d a93e4279a29441279a6f9b6471f97c55 30fb808434de4a92baf8f4400f89b129 - - default default] Successfully bumped revision number for resource 1d3c132c-732f-4471-8c52-95bf636186ef (type: subnets) to 0 [pid: 7|app: 0|req: 731/1442] 10.0.0.201 () {34 vars in 669 bytes} [Thu Jul 9 06:52:10 2026] POST /v2.0/subnets => generated 641 bytes in 793 msecs (HTTP/1.1 201) 4 headers in 162 bytes (1 switches on core 0) [pid: 7|app: 0|req: 732/1443] 199.204.45.77 () {34 vars in 985 bytes} [Thu Jul 9 06:52:10 2026] GET /v2.0/networks?id=5233aaf0-47cd-4d6b-9bcc-6513bea2b0b8 => generated 713 bytes in 48 msecs (HTTP/1.1 200) 4 headers in 157 bytes (1 switches on core 0)
2026-07-09 06:52:11.044 7 INFO neutron.db.segments_db [None req-0a21d124-411f-4143-9b08-ed8732c591a0 a93e4279a29441279a6f9b6471f97c55 30fb808434de4a92baf8f4400f89b129 - - default default] Added segment 31e08f63-27a9-4359-a493-c7de925d6730 of type geneve for network 6e57f1c0-4742-4eb7-8d68-d45db0c285c4
2026-07-09 06:52:11.159 7 INFO neutron.db.ovn_revision_numbers_db [None req-0a21d124-411f-4143-9b08-ed8732c591a0 a93e4279a29441279a6f9b6471f97c55 30fb808434de4a92baf8f4400f89b129 - - default default] Successfully bumped revision number for resource 6e57f1c0-4742-4eb7-8d68-d45db0c285c4 (type: networks) to 1
2026-07-09 06:52:11.377 8 INFO neutron.db.ovn_revision_numbers_db [None req-e407d5f6-f70f-4668-95cb-132b01f0589d ff448e90dbd54680b0314fcbc3e8bb40 187ca71355654cf0bb6c7386f0d91cdb - - default default] Successfully bumped revision number for resource 1fa030c9-c758-4a19-a0f6-40c051bf3dd8 (type: ports) to 2
2026-07-09 06:52:11.406 7 WARNING neutron.scheduler.dhcp_agent_scheduler [None req-0a21d124-411f-4143-9b08-ed8732c591a0 a93e4279a29441279a6f9b6471f97c55 30fb808434de4a92baf8f4400f89b129 - - default default] No more DHCP agents
2026-07-09 06:52:11.408 7 WARNING neutron.api.rpc.agentnotifiers.dhcp_rpc_agent_api [None req-0a21d124-411f-4143-9b08-ed8732c591a0 a93e4279a29441279a6f9b6471f97c55 30fb808434de4a92baf8f4400f89b129 - - default default] Unable to schedule network 6e57f1c0-4742-4eb7-8d68-d45db0c285c4: no agents available; will retry on subsequent port and subnet creation events.
2026-07-09 06:52:11.414 8 INFO neutron.db.ovn_revision_numbers_db [None req-e407d5f6-f70f-4668-95cb-132b01f0589d ff448e90dbd54680b0314fcbc3e8bb40 187ca71355654cf0bb6c7386f0d91cdb - - default default] Successfully bumped revision number for resource c9f6f3ae-a219-44f9-ab4f-80ec81a8d12b (type: subnets) to 0 [pid: 8|app: 0|req: 712/1444] 10.0.0.201 () {34 vars in 669 bytes} [Thu Jul 9 06:52:10 2026] POST /v2.0/subnets => generated 626 bytes in 790 msecs (HTTP/1.1 201) 4 headers in 162 bytes (1 switches on core 0)
2026-07-09 06:52:11.440 8 WARNING neutron.db.securitygroups_db [req-72d113fe-b7f2-42f4-9c01-5541518efa73 req-41e02acb-a6a9-4d35-ad95-378396dbf129 5828a1fdcedf4d3290aea7a9fb14be99 7fc09ae4b90c4755bce0c9d4f322a763 - - default default] project_id key not found in filters, using tenant_id instead. This support has been deprecated and will be removed in a future release.
2026-07-09 06:52:11.475 7 INFO neutron.plugins.ml2.drivers.ovn.mech_driver.mech_driver [None req-af4cdc4a-b6c3-433e-a3d1-4703c4481ee9 - - - - - -] OVN reports status down for port: 49ba71d4-2184-4821-b4eb-21ab0ea018fc [pid: 8|app: 0|req: 713/1445] 199.204.45.77 () {34 vars in 1049 bytes} [Thu Jul 9 06:52:11 2026] GET /v2.0/security-groups?fields=id&fields=name&tenant_id=7fc09ae4b90c4755bce0c9d4f322a763 => generated 181 bytes in 56 msecs (HTTP/1.1 200) 4 headers in 157 bytes (1 switches on core 0) [pid: 8|app: 0|req: 714/1446] 10.0.0.51 () {34 vars in 1069 bytes} [Thu Jul 9 06:52:11 2026] GET /v2.0/ports?fields=security_groups&fields=device_id&device_id=4745f1b5-0740-4b2d-9a90-0543a3580ee5 => generated 12 bytes in 29 msecs (HTTP/1.1 200) 4 headers in 156 bytes (1 switches on core 0)
2026-07-09 06:52:11.542 7 INFO neutron.db.ovn_revision_numbers_db [None req-0a21d124-411f-4143-9b08-ed8732c591a0 a93e4279a29441279a6f9b6471f97c55 30fb808434de4a92baf8f4400f89b129 - - default default] Successfully bumped revision number for resource 49ba71d4-2184-4821-b4eb-21ab0ea018fc (type: ports) to 1 [pid: 7|app: 0|req: 733/1447] 10.0.0.201 () {34 vars in 670 bytes} [Thu Jul 9 06:52:10 2026] POST /v2.0/networks => generated 682 bytes in 623 msecs (HTTP/1.1 201) 4 headers in 162 bytes (1 switches on core 0)
2026-07-09 06:52:11.644 8 INFO neutron.db.ovn_revision_numbers_db [None req-8123cf1e-fb5d-4e1e-a3cb-39cc93eebff2 ff448e90dbd54680b0314fcbc3e8bb40 187ca71355654cf0bb6c7386f0d91cdb - - default default] Successfully bumped revision number for resource 46325c99-2410-4a39-ae2a-2dd8fd0bc61c (type: routers) to 1 [pid: 8|app: 0|req: 715/1448] 10.0.0.201 () {34 vars in 669 bytes} [Thu Jul 9 06:52:11 2026] POST /v2.0/routers => generated 623 bytes in 146 msecs (HTTP/1.1 201) 4 headers in 162 bytes (1 switches on core 0)
2026-07-09 06:52:11.835 8 INFO neutron.db.ovn_revision_numbers_db [None req-cf9085a4-f168-4483-b10e-1b9ec4a4e868 a93e4279a29441279a6f9b6471f97c55 30fb808434de4a92baf8f4400f89b129 - - default default] Successfully bumped revision number for resource 6e57f1c0-4742-4eb7-8d68-d45db0c285c4 (type: networks) to 2 [pid: 8|app: 0|req: 716/1449] 10.0.0.201 () {34 vars in 743 bytes} [Thu Jul 9 06:52:11 2026] PUT /v2.0/networks/6e57f1c0-4742-4eb7-8d68-d45db0c285c4 => generated 636 bytes in 175 msecs (HTTP/1.1 200) 4 headers in 157 bytes (1 switches on core 0)
2026-07-09 06:52:11.974 7 WARNING neutron.scheduler.dhcp_agent_scheduler [req-72d113fe-b7f2-42f4-9c01-5541518efa73 req-30f80821-dea8-4bb4-b3bb-2e390f5b085c 5828a1fdcedf4d3290aea7a9fb14be99 7fc09ae4b90c4755bce0c9d4f322a763 - - default default] No more DHCP agents
2026-07-09 06:52:11.975 7 WARNING neutron.api.rpc.agentnotifiers.dhcp_rpc_agent_api [req-72d113fe-b7f2-42f4-9c01-5541518efa73 req-30f80821-dea8-4bb4-b3bb-2e390f5b085c 5828a1fdcedf4d3290aea7a9fb14be99 7fc09ae4b90c4755bce0c9d4f322a763 - - default default] Unable to schedule network 5233aaf0-47cd-4d6b-9bcc-6513bea2b0b8: no agents available; will retry on subsequent port and subnet creation events.
2026-07-09 06:52:12.097 7 INFO neutron.plugins.ml2.drivers.ovn.mech_driver.mech_driver [None req-af4cdc4a-b6c3-433e-a3d1-4703c4481ee9 - - - - - -] OVN reports status down for port: 116a1cbc-1aaa-4bb1-851d-eb9b0c2beeaa
2026-07-09 06:52:12.164 7 INFO neutron.db.ovn_revision_numbers_db [req-72d113fe-b7f2-42f4-9c01-5541518efa73 req-30f80821-dea8-4bb4-b3bb-2e390f5b085c 5828a1fdcedf4d3290aea7a9fb14be99 7fc09ae4b90c4755bce0c9d4f322a763 - - default default] Successfully bumped revision number for resource 116a1cbc-1aaa-4bb1-851d-eb9b0c2beeaa (type: ports) to 1 [pid: 7|app: 0|req: 734/1450] 199.204.45.77 () {38 vars in 954 bytes} [Thu Jul 9 06:52:11 2026] POST /v2.0/ports => generated 954 bytes in 637 msecs (HTTP/1.1 201) 4 headers in 162 bytes (1 switches on core 0)
2026-07-09 06:52:12.329 8 WARNING neutron.scheduler.dhcp_agent_scheduler [None req-61f904a9-18da-4731-9c02-0fab5b7d7d7f ff448e90dbd54680b0314fcbc3e8bb40 187ca71355654cf0bb6c7386f0d91cdb - - default default] No more DHCP agents
2026-07-09 06:52:12.332 8 WARNING neutron.api.rpc.agentnotifiers.dhcp_rpc_agent_api [None req-61f904a9-18da-4731-9c02-0fab5b7d7d7f ff448e90dbd54680b0314fcbc3e8bb40 187ca71355654cf0bb6c7386f0d91cdb - - default default] Unable to schedule network 165d65a6-86f1-486c-b666-6ec2b8b26fb8: no agents available; will retry on subsequent port and subnet creation events. /var/lib/openstack/lib/python3.12/site-packages/pycadf/identifier.py:70: UserWarning: Invalid uuid: neutron. To ensure interoperability, identifiers should be a valid uuid. warnings.warn(('Invalid uuid: %s. To ensure interoperability, ' [pid: 7|app: 0|req: 735/1451] 10.0.0.28 () {32 vars in 801 bytes} [Thu Jul 9 06:52:12 2026] GET /v2.0/extensions => generated 22668 bytes in 131 msecs (HTTP/1.1 200) 4 headers in 159 bytes (1 switches on core 0)
2026-07-09 06:52:12.536 7 WARNING neutron.scheduler.dhcp_agent_scheduler [None req-e4a562d7-89e0-4a15-8587-f8f181b806d1 a93e4279a29441279a6f9b6471f97c55 30fb808434de4a92baf8f4400f89b129 - - default default] No more DHCP agents
2026-07-09 06:52:12.540 7 WARNING neutron.api.rpc.agentnotifiers.dhcp_rpc_agent_api [None req-e4a562d7-89e0-4a15-8587-f8f181b806d1 a93e4279a29441279a6f9b6471f97c55 30fb808434de4a92baf8f4400f89b129 - - default default] Unable to schedule network 6e57f1c0-4742-4eb7-8d68-d45db0c285c4: no agents available; will retry on subsequent port and subnet creation events.
2026-07-09 06:52:12.977 8 INFO neutron.plugins.ml2.drivers.ovn.mech_driver.mech_driver [None req-60c85c70-cc74-4cb0-8547-6af1cf5b9662 - - - - - -] OVN reports status down for port: 58077214-0241-4812-97ea-62b5f69f5391
2026-07-09 06:52:13.044 7 INFO neutron.db.ovn_revision_numbers_db [None req-e4a562d7-89e0-4a15-8587-f8f181b806d1 a93e4279a29441279a6f9b6471f97c55 30fb808434de4a92baf8f4400f89b129 - - default default] Successfully bumped revision number for resource 49ba71d4-2184-4821-b4eb-21ab0ea018fc (type: ports) to 2
2026-07-09 06:52:13.060 8 INFO neutron.db.ovn_revision_numbers_db [None req-61f904a9-18da-4731-9c02-0fab5b7d7d7f ff448e90dbd54680b0314fcbc3e8bb40 187ca71355654cf0bb6c7386f0d91cdb - - default default] Successfully bumped revision number for resource 58077214-0241-4812-97ea-62b5f69f5391 (type: ports) to 1
2026-07-09 06:52:13.081 7 INFO neutron.db.ovn_revision_numbers_db [None req-e4a562d7-89e0-4a15-8587-f8f181b806d1 a93e4279a29441279a6f9b6471f97c55 30fb808434de4a92baf8f4400f89b129 - - default default] Successfully bumped revision number for resource a3cc8d49-d654-4c75-ad14-897dbc2e19a0 (type: subnets) to 0 [pid: 7|app: 0|req: 736/1452] 10.0.0.201 () {34 vars in 669 bytes} [Thu Jul 9 06:52:12 2026] POST /v2.0/subnets => generated 626 bytes in 752 msecs (HTTP/1.1 201) 4 headers in 162 bytes (1 switches on core 0)
2026-07-09 06:52:13.507 7 INFO neutron.db.ovn_revision_numbers_db [req-72d113fe-b7f2-42f4-9c01-5541518efa73 req-417fee4b-243a-4e8f-868a-00003c87e3a0 e2be56f90f674ec3a6bc4e0b33e01290 1b056a76dff9490baaa7fb7f46cf60b9 - - 9f36c36ff1a04966ac5fc50024a52187 9f36c36ff1a04966ac5fc50024a52187] Successfully bumped revision number for resource 116a1cbc-1aaa-4bb1-851d-eb9b0c2beeaa (type: ports) to 2
2026-07-09 06:52:13.723 8 INFO neutron.plugins.ml2.drivers.ovn.mech_driver.mech_driver [None req-60c85c70-cc74-4cb0-8547-6af1cf5b9662 - - - - - -] OVN reports status up for port: 58077214-0241-4812-97ea-62b5f69f5391
2026-07-09 06:52:13.762 8 INFO neutron.plugins.ml2.plugin [None req-60c85c70-cc74-4cb0-8547-6af1cf5b9662 - - - - - -] Attempt 1 to provision port 58077214-0241-4812-97ea-62b5f69f5391
2026-07-09 06:52:13.775 7 INFO neutron.db.ovn_revision_numbers_db [req-72d113fe-b7f2-42f4-9c01-5541518efa73 req-417fee4b-243a-4e8f-868a-00003c87e3a0 e2be56f90f674ec3a6bc4e0b33e01290 1b056a76dff9490baaa7fb7f46cf60b9 - - 9f36c36ff1a04966ac5fc50024a52187 9f36c36ff1a04966ac5fc50024a52187] Successfully bumped revision number for resource 116a1cbc-1aaa-4bb1-851d-eb9b0c2beeaa (type: ports) to 4 [pid: 7|app: 0|req: 737/1453] 199.204.45.77 () {38 vars in 1027 bytes} [Thu Jul 9 06:52:13 2026] PUT /v2.0/ports/116a1cbc-1aaa-4bb1-851d-eb9b0c2beeaa => generated 1226 bytes in 699 msecs (HTTP/1.1 200) 4 headers in 158 bytes (1 switches on core 0) /var/lib/openstack/lib/python3.12/site-packages/pycadf/identifier.py:70: UserWarning: Invalid uuid: neutron. To ensure interoperability, identifiers should be a valid uuid. warnings.warn(('Invalid uuid: %s. To ensure interoperability, '
2026-07-09 06:52:13.846 7 INFO neutron.notifiers.nova [-] Nova event matching ['req-ec6b0357-a291-49aa-ad1c-00a5668ef51d'] response: {'name': 'network-changed', 'server_uuid': '4745f1b5-0740-4b2d-9a90-0543a3580ee5', 'tag': '116a1cbc-1aaa-4bb1-851d-eb9b0c2beeaa', 'status': 'completed', 'code': 200} [pid: 7|app: 0|req: 738/1454] 10.0.0.28 () {32 vars in 862 bytes} [Thu Jul 9 06:52:13 2026] GET /v2.0/quotas/7140cd4f9a9c4e3aa6e0a32f9f25cbfd/details => generated 904 bytes in 126 msecs (HTTP/1.1 200) 4 headers in 157 bytes (1 switches on core 0)
2026-07-09 06:52:13.934 8 WARNING neutron.scheduler.dhcp_agent_scheduler [None req-61f904a9-18da-4731-9c02-0fab5b7d7d7f ff448e90dbd54680b0314fcbc3e8bb40 187ca71355654cf0bb6c7386f0d91cdb - - default default] No more DHCP agents
2026-07-09 06:52:13.938 8 WARNING neutron.api.rpc.agentnotifiers.dhcp_rpc_agent_api [None req-61f904a9-18da-4731-9c02-0fab5b7d7d7f ff448e90dbd54680b0314fcbc3e8bb40 187ca71355654cf0bb6c7386f0d91cdb - - default default] Unable to schedule network 165d65a6-86f1-486c-b666-6ec2b8b26fb8: no agents available; will retry on subsequent port and subnet creation events. [pid: 7|app: 0|req: 739/1455] 10.0.0.51 () {34 vars in 1069 bytes} [Thu Jul 9 06:52:13 2026] GET /v2.0/ports?fields=security_groups&fields=device_id&device_id=4745f1b5-0740-4b2d-9a90-0543a3580ee5 => generated 123 bytes in 50 msecs (HTTP/1.1 200) 4 headers in 157 bytes (1 switches on core 0)
2026-07-09 06:52:14.213 7 INFO neutron.db.ovn_revision_numbers_db [None req-e359cce2-583a-4fd5-b0d4-8fcd115216f2 a93e4279a29441279a6f9b6471f97c55 30fb808434de4a92baf8f4400f89b129 - - default default] Successfully bumped revision number for resource a3cc8d49-d654-4c75-ad14-897dbc2e19a0 (type: subnets) to 1 [pid: 7|app: 0|req: 740/1456] 10.0.0.201 () {34 vars in 741 bytes} [Thu Jul 9 06:52:13 2026] PUT /v2.0/subnets/a3cc8d49-d654-4c75-ad14-897dbc2e19a0 => generated 636 bytes in 242 msecs (HTTP/1.1 200) 4 headers in 157 bytes (1 switches on core 0) [pid: 7|app: 0|req: 741/1457] 10.0.0.51 () {34 vars in 1039 bytes} [Thu Jul 9 06:52:14 2026] GET /v2.0/security-groups?id=c08a61ee-b161-4f92-9b37-5e91be037ee6&fields=id&fields=name => generated 114 bytes in 47 msecs (HTTP/1.1 200) 4 headers in 157 bytes (1 switches on core 0)
2026-07-09 06:52:14.453 7 INFO neutron_taas.services.taas.taas_plugin [None req-f6a97d88-a6bf-47f8-b833-ca9d58c55aff a93e4279a29441279a6f9b6471f97c55 30fb808434de4a92baf8f4400f89b129 - - default default] TaaS: Handle Delete Port: 49ba71d4-2184-4821-b4eb-21ab0ea018fc
2026-07-09 06:52:14.456 7 INFO neutron_taas.services.taas.tap_mirror_plugin [None req-f6a97d88-a6bf-47f8-b833-ca9d58c55aff a93e4279a29441279a6f9b6471f97c55 30fb808434de4a92baf8f4400f89b129 - - default default] Tap Mirror: Handle Delete Port: 49ba71d4-2184-4821-b4eb-21ab0ea018fc
2026-07-09 06:52:14.484 8 INFO neutron.db.ovn_revision_numbers_db [None req-61f904a9-18da-4731-9c02-0fab5b7d7d7f ff448e90dbd54680b0314fcbc3e8bb40 187ca71355654cf0bb6c7386f0d91cdb - - default default] Successfully bumped revision number for resource 58077214-0241-4812-97ea-62b5f69f5391 (type: router_ports) to 1 [pid: 8|app: 0|req: 717/1458] 10.0.0.201 () {34 vars in 783 bytes} [Thu Jul 9 06:52:11 2026] PUT /v2.0/routers/46325c99-2410-4a39-ae2a-2dd8fd0bc61c/add_router_interface => generated 310 bytes in 2654 msecs (HTTP/1.1 200) 4 headers in 157 bytes (1 switches on core 0) [pid: 8|app: 0|req: 718/1459] 199.204.45.77 () {34 vars in 1079 bytes} [Thu Jul 9 06:52:14 2026] GET /v2.0/ports?tenant_id=7fc09ae4b90c4755bce0c9d4f322a763&device_id=4745f1b5-0740-4b2d-9a90-0543a3580ee5 => generated 1229 bytes in 104 msecs (HTTP/1.1 200) 4 headers in 158 bytes (1 switches on core 0) [pid: 8|app: 0|req: 719/1460] 10.0.0.201 () {32 vars in 717 bytes} [Thu Jul 9 06:52:14 2026] GET /v2.0/ports/58077214-0241-4812-97ea-62b5f69f5391 => generated 943 bytes in 94 msecs (HTTP/1.1 200) 4 headers in 157 bytes (1 switches on core 0)
2026-07-09 06:52:14.769 8 INFO neutron.db.ovn_revision_numbers_db [None req-60c85c70-cc74-4cb0-8547-6af1cf5b9662 - - - - - -] Successfully bumped revision number for resource 58077214-0241-4812-97ea-62b5f69f5391 (type: ports) to 2 [pid: 8|app: 0|req: 720/1461] 199.204.45.77 () {34 vars in 1017 bytes} [Thu Jul 9 06:52:14 2026] GET /v2.0/networks?tenant_id=7fc09ae4b90c4755bce0c9d4f322a763&shared=False => generated 812 bytes in 77 msecs (HTTP/1.1 200) 4 headers in 157 bytes (1 switches on core 0)
2026-07-09 06:52:14.795 7 INFO neutron.services.segments.plugin [-] Segment 31e08f63-27a9-4359-a493-c7de925d6730 resource provider aggregate not found
2026-07-09 06:52:14.799 7 INFO neutron.services.segments.plugin [-] Segment 31e08f63-27a9-4359-a493-c7de925d6730 resource provider aggregate not found
2026-07-09 06:52:14.814 7 INFO neutron.services.segments.plugin [-] Client error retrieving segment 31e08f63-27a9-4359-a493-c7de925d6730 resource provider; error: Placement Client Error (4xx): {"errors": [{"status": 404, "title": "Not Found", "detail": "The resource could not be found.\n\n No resource provider with uuid 31e08f63-27a9-4359-a493-c7de925d6730 found for delete ", "request_id": "req-b863a237-ef36-4299-bc4b-2bc56f8aa288"}]}
2026-07-09 06:52:14.818 7 INFO neutron.services.segments.plugin [-] Client error retrieving segment 31e08f63-27a9-4359-a493-c7de925d6730 resource provider; error: Placement Client Error (4xx): {"errors": [{"status": 404, "title": "Not Found", "detail": "The resource could not be found.\n\n No resource provider with uuid 31e08f63-27a9-4359-a493-c7de925d6730 found for delete ", "request_id": "req-b4c8fc08-cc3b-4b51-84cb-4413be6faa6c"}]} [pid: 7|app: 0|req: 742/1462] 10.0.0.201 () {32 vars in 726 bytes} [Thu Jul 9 06:52:14 2026] DELETE /v2.0/networks/6e57f1c0-4742-4eb7-8d68-d45db0c285c4 => generated 0 bytes in 576 msecs (HTTP/1.1 204) 3 headers in 131 bytes (1 switches on core 0) [pid: 7|app: 0|req: 743/1463] 199.204.45.77 () {34 vars in 929 bytes} [Thu Jul 9 06:52:14 2026] GET /v2.0/networks?shared=True => generated 791 bytes in 72 msecs (HTTP/1.1 200) 4 headers in 157 bytes (1 switches on core 0)
2026-07-09 06:52:14.928 7 INFO neutron.pecan_wsgi.hooks.translation [None req-41522ec1-a689-4410-b4a1-ecfb9a03d2fc a93e4279a29441279a6f9b6471f97c55 30fb808434de4a92baf8f4400f89b129 - - default default] DELETE failed (client error): The resource could not be found. [pid: 7|app: 0|req: 744/1464] 10.0.0.201 () {32 vars in 726 bytes} [Thu Jul 9 06:52:14 2026] DELETE /v2.0/networks/6e57f1c0-4742-4eb7-8d68-d45db0c285c4 => generated 138 bytes in 14 msecs (HTTP/1.1 404) 4 headers in 164 bytes (1 switches on core 0) [pid: 7|app: 0|req: 745/1465] 10.0.0.201 () {32 vars in 694 bytes} [Thu Jul 9 06:52:14 2026] GET /v2.0/networks?router%3Aexternal=True => generated 689 bytes in 54 msecs (HTTP/1.1 200) 4 headers in 157 bytes (1 switches on core 0) [pid: 7|app: 0|req: 746/1466] 10.0.0.201 () {32 vars in 742 bytes} [Thu Jul 9 06:52:15 2026] GET /v2.0/subnets?network_id=29e71064-0d28-41a0-9115-37ff7a127de0 => generated 649 bytes in 42 msecs (HTTP/1.1 200) 4 headers in 157 bytes (1 switches on core 0) [pid: 7|app: 0|req: 747/1467] 10.0.0.201 () {32 vars in 653 bytes} [Thu Jul 9 06:52:15 2026] GET /v2.0/extensions => generated 22668 bytes in 6 msecs (HTTP/1.1 200) 4 headers in 159 bytes (1 switches on core 0) [pid: 7|app: 0|req: 748/1468] 10.0.0.201 () {32 vars in 649 bytes} [Thu Jul 9 06:52:15 2026] GET /v2.0/networks => generated 1384 bytes in 43 msecs (HTTP/1.1 200) 4 headers in 158 bytes (1 switches on core 0) [pid: 7|app: 0|req: 749/1469] 10.0.0.201 () {32 vars in 647 bytes} [Thu Jul 9 06:52:15 2026] GET /v2.0/subnets => generated 1280 bytes in 28 msecs (HTTP/1.1 200) 4 headers in 158 bytes (1 switches on core 0) [pid: 7|app: 0|req: 750/1470] 10.0.0.201 () {32 vars in 723 bytes} [Thu Jul 9 06:52:15 2026] GET /v2.0/networks/12323eb3-fb0a-47e6-9093-893243a6e8a9 => generated 706 bytes in 41 msecs (HTTP/1.1 200) 4 headers in 157 bytes (1 switches on core 0) [pid: 7|app: 0|req: 751/1471] 10.0.0.201 () {32 vars in 721 bytes} [Thu Jul 9 06:52:15 2026] GET /v2.0/subnets/1d3c132c-732f-4471-8c52-95bf636186ef => generated 641 bytes in 33 msecs (HTTP/1.1 200) 4 headers in 157 bytes (1 switches on core 0)
2026-07-09 06:52:15.251 7 INFO neutron.pecan_wsgi.hooks.translation [None req-d125a103-e730-463e-beb3-7bd7f40454dc a93e4279a29441279a6f9b6471f97c55 30fb808434de4a92baf8f4400f89b129 - - default default] DELETE failed (client error): The resource could not be found. [pid: 7|app: 0|req: 752/1472] 10.0.0.201 () {32 vars in 724 bytes} [Thu Jul 9 06:52:15 2026] DELETE /v2.0/subnets/a3cc8d49-d654-4c75-ad14-897dbc2e19a0 => generated 136 bytes in 17 msecs (HTTP/1.1 404) 4 headers in 164 bytes (1 switches on core 0)
2026-07-09 06:52:15.269 7 INFO neutron.pecan_wsgi.hooks.translation [None req-59d6d0cc-d94f-4a06-8eea-3ccbb22e02c8 a93e4279a29441279a6f9b6471f97c55 30fb808434de4a92baf8f4400f89b129 - - default default] DELETE failed (client error): The resource could not be found. [pid: 7|app: 0|req: 753/1473] 10.0.0.201 () {32 vars in 726 bytes} [Thu Jul 9 06:52:15 2026] DELETE /v2.0/networks/6e57f1c0-4742-4eb7-8d68-d45db0c285c4 => generated 138 bytes in 15 msecs (HTTP/1.1 404) 4 headers in 164 bytes (1 switches on core 0)
2026-07-09 06:52:15.377 8 WARNING neutron.scheduler.dhcp_agent_scheduler [None req-955c4597-e5ef-475f-b14d-2cd6a9d512d9 ff448e90dbd54680b0314fcbc3e8bb40 187ca71355654cf0bb6c7386f0d91cdb - - default default] No more DHCP agents
2026-07-09 06:52:15.379 8 WARNING neutron.api.rpc.agentnotifiers.dhcp_rpc_agent_api [None req-955c4597-e5ef-475f-b14d-2cd6a9d512d9 ff448e90dbd54680b0314fcbc3e8bb40 187ca71355654cf0bb6c7386f0d91cdb - - default default] Unable to schedule network e1e39d17-5c5b-405e-b1d2-5737b3521fd7: no agents available; will retry on subsequent port and subnet creation events. [pid: 7|app: 0|req: 754/1474] 10.0.0.201 () {32 vars in 724 bytes} [Thu Jul 9 06:52:15 2026] DELETE /v2.0/subnets/1d3c132c-732f-4471-8c52-95bf636186ef => generated 0 bytes in 219 msecs (HTTP/1.1 204) 3 headers in 131 bytes (1 switches on core 0)
2026-07-09 06:52:15.536 7 INFO neutron.plugins.ml2.drivers.ovn.mech_driver.mech_driver [None req-af4cdc4a-b6c3-433e-a3d1-4703c4481ee9 - - - - - -] OVN reports status down for port: da20df61-4f46-41ad-ad2d-493934d67f86
2026-07-09 06:52:15.565 8 INFO neutron.db.ovn_revision_numbers_db [None req-955c4597-e5ef-475f-b14d-2cd6a9d512d9 ff448e90dbd54680b0314fcbc3e8bb40 187ca71355654cf0bb6c7386f0d91cdb - - default default] Successfully bumped revision number for resource da20df61-4f46-41ad-ad2d-493934d67f86 (type: ports) to 1 [pid: 7|app: 0|req: 755/1475] 10.0.0.51 () {34 vars in 1069 bytes} [Thu Jul 9 06:52:15 2026] GET /v2.0/ports?fields=security_groups&fields=device_id&device_id=4745f1b5-0740-4b2d-9a90-0543a3580ee5 => generated 123 bytes in 88 msecs (HTTP/1.1 200) 4 headers in 157 bytes (1 switches on core 0)
2026-07-09 06:52:15.758 7 INFO neutron_taas.services.taas.taas_plugin [None req-2c9eabab-e86a-4301-aa2b-02460b8e207b a93e4279a29441279a6f9b6471f97c55 30fb808434de4a92baf8f4400f89b129 - - default default] TaaS: Handle Delete Port: a197de53-d1f8-4d9c-a56b-33a900cf3e5c
2026-07-09 06:52:15.761 7 INFO neutron_taas.services.taas.tap_mirror_plugin [None req-2c9eabab-e86a-4301-aa2b-02460b8e207b a93e4279a29441279a6f9b6471f97c55 30fb808434de4a92baf8f4400f89b129 - - default default] Tap Mirror: Handle Delete Port: a197de53-d1f8-4d9c-a56b-33a900cf3e5c [pid: 7|app: 0|req: 756/1476] 10.0.0.201 () {32 vars in 726 bytes} [Thu Jul 9 06:52:15 2026] DELETE /v2.0/networks/12323eb3-fb0a-47e6-9093-893243a6e8a9 => generated 0 bytes in 416 msecs (HTTP/1.1 204) 3 headers in 131 bytes (1 switches on core 0) [pid: 7|app: 0|req: 757/1477] 10.0.0.51 () {34 vars in 1039 bytes} [Thu Jul 9 06:52:16 2026] GET /v2.0/security-groups?id=c08a61ee-b161-4f92-9b37-5e91be037ee6&fields=id&fields=name => generated 114 bytes in 30 msecs (HTTP/1.1 200) 4 headers in 157 bytes (1 switches on core 0) [pid: 7|app: 0|req: 758/1478] 199.204.45.77 () {34 vars in 1079 bytes} [Thu Jul 9 06:52:16 2026] GET /v2.0/ports?tenant_id=7fc09ae4b90c4755bce0c9d4f322a763&device_id=4745f1b5-0740-4b2d-9a90-0543a3580ee5 => generated 1229 bytes in 43 msecs (HTTP/1.1 200) 4 headers in 158 bytes (1 switches on core 0) [pid: 7|app: 0|req: 759/1479] 199.204.45.77 () {34 vars in 1057 bytes} [Thu Jul 9 06:52:16 2026] GET /v2.0/floatingips?fixed_ip_address=10.100.0.8&port_id=116a1cbc-1aaa-4bb1-851d-eb9b0c2beeaa => generated 19 bytes in 24 msecs (HTTP/1.1 200) 4 headers in 156 bytes (1 switches on core 0) [pid: 7|app: 0|req: 760/1480] 199.204.45.77 () {34 vars in 983 bytes} [Thu Jul 9 06:52:16 2026] GET /v2.0/subnets?id=44892593-3b23-40d2-b8f2-e3a8209f8de8 => generated 693 bytes in 33 msecs (HTTP/1.1 200) 4 headers in 157 bytes (1 switches on core 0) [pid: 7|app: 0|req: 761/1481] 199.204.45.77 () {34 vars in 1051 bytes} [Thu Jul 9 06:52:16 2026] GET /v2.0/ports?network_id=5233aaf0-47cd-4d6b-9bcc-6513bea2b0b8&device_owner=network%3Adhcp => generated 12 bytes in 35 msecs (HTTP/1.1 200) 4 headers in 156 bytes (1 switches on core 0) [pid: 7|app: 0|req: 762/1482] 199.204.45.77 () {34 vars in 1011 bytes} [Thu Jul 9 06:52:16 2026] GET /v2.0/networks/5233aaf0-47cd-4d6b-9bcc-6513bea2b0b8?fields=segments => generated 14 bytes in 54 msecs (HTTP/1.1 200) 4 headers in 156 bytes (1 switches on core 0) [pid: 7|app: 0|req: 763/1483] 199.204.45.77 () {34 vars in 1111 bytes} [Thu Jul 9 06:52:16 2026] GET /v2.0/networks/5233aaf0-47cd-4d6b-9bcc-6513bea2b0b8?fields=provider%3Aphysical_network&fields=provider%3Anetwork_type => generated 79 bytes in 55 msecs (HTTP/1.1 200) 4 headers in 156 bytes (1 switches on core 0)
2026-07-09 06:52:16.393 7 INFO neutron.plugins.ml2.drivers.ovn.mech_driver.mech_driver [None req-af4cdc4a-b6c3-433e-a3d1-4703c4481ee9 - - - - - -] OVN reports status up for port: da20df61-4f46-41ad-ad2d-493934d67f86
2026-07-09 06:52:16.408 7 INFO neutron.plugins.ml2.plugin [None req-af4cdc4a-b6c3-433e-a3d1-4703c4481ee9 - - - - - -] Attempt 1 to provision port da20df61-4f46-41ad-ad2d-493934d67f86
2026-07-09 06:52:16.479 8 WARNING neutron.scheduler.dhcp_agent_scheduler [None req-955c4597-e5ef-475f-b14d-2cd6a9d512d9 ff448e90dbd54680b0314fcbc3e8bb40 187ca71355654cf0bb6c7386f0d91cdb - - default default] No more DHCP agents
2026-07-09 06:52:16.480 8 WARNING neutron.api.rpc.agentnotifiers.dhcp_rpc_agent_api [None req-955c4597-e5ef-475f-b14d-2cd6a9d512d9 ff448e90dbd54680b0314fcbc3e8bb40 187ca71355654cf0bb6c7386f0d91cdb - - default default] Unable to schedule network e1e39d17-5c5b-405e-b1d2-5737b3521fd7: no agents available; will retry on subsequent port and subnet creation events.
2026-07-09 06:52:16.676 8 INFO neutron.db.ovn_revision_numbers_db [None req-955c4597-e5ef-475f-b14d-2cd6a9d512d9 ff448e90dbd54680b0314fcbc3e8bb40 187ca71355654cf0bb6c7386f0d91cdb - - default default] Successfully bumped revision number for resource da20df61-4f46-41ad-ad2d-493934d67f86 (type: router_ports) to 1 [pid: 8|app: 0|req: 721/1484] 10.0.0.201 () {34 vars in 783 bytes} [Thu Jul 9 06:52:14 2026] PUT /v2.0/routers/46325c99-2410-4a39-ae2a-2dd8fd0bc61c/add_router_interface => generated 310 bytes in 1907 msecs (HTTP/1.1 200) 4 headers in 157 bytes (1 switches on core 0)
2026-07-09 06:52:16.840 7 INFO neutron.services.segments.plugin [-] Segment 12b1271b-1642-4841-9c5d-fa86476f81d1 resource provider aggregate not found
2026-07-09 06:52:16.851 7 INFO neutron.services.segments.plugin [-] Segment 12b1271b-1642-4841-9c5d-fa86476f81d1 resource provider aggregate not found
2026-07-09 06:52:16.876 7 INFO neutron.services.segments.plugin [-] Client error retrieving segment 12b1271b-1642-4841-9c5d-fa86476f81d1 resource provider; error: Placement Client Error (4xx): {"errors": [{"status": 404, "title": "Not Found", "detail": "The resource could not be found.\n\n No resource provider with uuid 12b1271b-1642-4841-9c5d-fa86476f81d1 found for delete ", "request_id": "req-d59e30de-ebcc-4335-87a5-bd22b5e96f8c"}]}
2026-07-09 06:52:16.882 7 INFO neutron.services.segments.plugin [-] Client error retrieving segment 12b1271b-1642-4841-9c5d-fa86476f81d1 resource provider; error: Placement Client Error (4xx): {"errors": [{"status": 404, "title": "Not Found", "detail": "The resource could not be found.\n\n No resource provider with uuid 12b1271b-1642-4841-9c5d-fa86476f81d1 found for delete ", "request_id": "req-7fc7c2fe-7a0b-4b75-9650-b67419befa3a"}]} [pid: 7|app: 0|req: 764/1485] 10.0.0.201 () {32 vars in 717 bytes} [Thu Jul 9 06:52:16 2026] GET /v2.0/ports/da20df61-4f46-41ad-ad2d-493934d67f86 => generated 943 bytes in 207 msecs (HTTP/1.1 200) 4 headers in 157 bytes (1 switches on core 0)
2026-07-09 06:52:16.949 8 WARNING neutron.db.securitygroups_db [None req-78629891-908f-4147-af84-101987361d5b 973034d16270436d9c247592a90fdbc3 a28a0120d89e4851a6b66414e305c2b6 - - default default] project_id key not found in filters, using tenant_id instead. This support has been deprecated and will be removed in a future release. [pid: 7|app: 0|req: 765/1486] 10.0.0.201 () {32 vars in 717 bytes} [Thu Jul 9 06:52:16 2026] GET /v2.0/ports/da20df61-4f46-41ad-ad2d-493934d67f86 => generated 943 bytes in 65 msecs (HTTP/1.1 200) 4 headers in 157 bytes (1 switches on core 0) [pid: 8|app: 0|req: 722/1487] 10.0.0.201 () {32 vars in 774 bytes} [Thu Jul 9 06:52:16 2026] GET /v2.0/security-groups?tenant_id=30fb808434de4a92baf8f4400f89b129&name=default => generated 2925 bytes in 215 msecs (HTTP/1.1 200) 4 headers in 158 bytes (1 switches on core 0)
