2026-07-09 06:52:25.831 7 INFO neutron_taas.services.taas.tap_mirror_plugin [None req-d277a12a-0fc4-4afe-8cf1-179bd335d6f0 ff448e90dbd54680b0314fcbc3e8bb40 187ca71355654cf0bb6c7386f0d91cdb - - default default] Tap Mirror: Handle Delete Port: 81080080-95a6-43ac-b834-c2e65b583bc2 [pid: 8|app: 0|req: 748/1544] 10.0.0.201 () {34 vars in 671 bytes} [Thu Jul 9 06:52:24 2026] POST /v2.0/networks => generated 671 bytes in 943 msecs (HTTP/1.1 201) 4 headers in 162 bytes (1 switches on core 0)
2026-07-09 06:52:25.895 8 INFO neutron.pecan_wsgi.hooks.translation [None req-287e0183-ea7a-47ec-a45e-1ed2e293499b 6bfe474c7a344ab2b4c4895c5b835665 2333949c25894cb2b6d4b615365b7689 - - default default] GET failed (client error): The resource could not be found. [pid: 8|app: 0|req: 749/1545] 10.0.0.201 () {32 vars in 717 bytes} [Thu Jul 9 06:52:25 2026] GET /v2.0/ports/84ee84ff-0242-475c-a72d-ae3b54eabde0 => generated 132 bytes in 21 msecs (HTTP/1.1 404) 4 headers in 164 bytes (1 switches on core 0)
2026-07-09 06:52:26.000 7 INFO neutron.services.segments.plugin [-] Segment a4f4c168-4d4c-47d9-8424-9fa8d9f8ffeb resource provider aggregate not found
2026-07-09 06:52:26.007 7 INFO neutron.services.segments.plugin [-] Segment a4f4c168-4d4c-47d9-8424-9fa8d9f8ffeb resource provider aggregate not found
2026-07-09 06:52:26.022 7 INFO neutron.services.segments.plugin [-] Client error retrieving segment a4f4c168-4d4c-47d9-8424-9fa8d9f8ffeb resource provider; error: Placement Client Error (4xx): {"errors": [{"status": 404, "title": "Not Found", "detail": "The resource could not be found.\n\n No resource provider with uuid a4f4c168-4d4c-47d9-8424-9fa8d9f8ffeb found for delete ", "request_id": "req-c62b6813-bdd8-41fa-8c9f-f78397c3fa8b"}]}
2026-07-09 06:52:26.024 7 INFO neutron.services.segments.plugin [-] Client error retrieving segment a4f4c168-4d4c-47d9-8424-9fa8d9f8ffeb resource provider; error: Placement Client Error (4xx): {"errors": [{"status": 404, "title": "Not Found", "detail": "The resource could not be found.\n\n No resource provider with uuid a4f4c168-4d4c-47d9-8424-9fa8d9f8ffeb found for delete ", "request_id": "req-5b35c8cf-0880-40ef-b29f-b4329f7d4ede"}]}
2026-07-09 06:52:26.034 8 INFO neutron_taas.services.taas.taas_plugin [None req-2ab6db5b-8740-41fe-8f0e-fa479b66233b 5828a1fdcedf4d3290aea7a9fb14be99 7fc09ae4b90c4755bce0c9d4f322a763 - - default default] TaaS: Handle Delete Port: 2c34a603-f982-47f1-b7c1-e601fde09abd
2026-07-09 06:52:26.037 8 INFO neutron_taas.services.taas.tap_mirror_plugin [None req-2ab6db5b-8740-41fe-8f0e-fa479b66233b 5828a1fdcedf4d3290aea7a9fb14be99 7fc09ae4b90c4755bce0c9d4f322a763 - - default default] Tap Mirror: Handle Delete Port: 2c34a603-f982-47f1-b7c1-e601fde09abd [pid: 7|app: 0|req: 797/1546] 10.0.0.201 () {32 vars in 726 bytes} [Thu Jul 9 06:52:25 2026] DELETE /v2.0/networks/ecbac92a-4c72-4699-b7cf-65cee9eccf46 => generated 0 bytes in 338 msecs (HTTP/1.1 204) 3 headers in 131 bytes (1 switches on core 0) [pid: 8|app: 0|req: 750/1547] 10.0.0.201 () {32 vars in 732 bytes} [Thu Jul 9 06:52:25 2026] DELETE /v2.0/floatingips/827c3682-2198-480c-8238-8ead484d0c22 => generated 0 bytes in 314 msecs (HTTP/1.1 204) 2 headers in 112 bytes (1 switches on core 0) [pid: 8|app: 0|req: 751/1548] 10.0.0.201 () {32 vars in 724 bytes} [Thu Jul 9 06:52:26 2026] DELETE /v2.0/subnets/be4cb9aa-72ac-435f-b440-bddce7950ba8 => generated 0 bytes in 171 msecs (HTTP/1.1 204) 3 headers in 131 bytes (1 switches on core 0)
2026-07-09 06:52:26.466 8 INFO neutron.db.segments_db [None req-c508ad40-7301-4e5c-829c-4a81ea430721 ff448e90dbd54680b0314fcbc3e8bb40 187ca71355654cf0bb6c7386f0d91cdb - - default default] Added segment 0c7ee049-cf1e-40cd-b96b-ad7439cff706 of type geneve for network dffec2b5-42d4-4c95-8ac7-024c60209887
2026-07-09 06:52:26.529 7 WARNING neutron.scheduler.dhcp_agent_scheduler [None req-262fc32e-f755-4e37-83b5-b71053ad31de f94a26a6183d4c449e548d9fdff6dd50 d5a8945a65b0479e92ce91849b3ca86e - - default default] No more DHCP agents
2026-07-09 06:52:26.531 7 WARNING neutron.api.rpc.agentnotifiers.dhcp_rpc_agent_api [None req-262fc32e-f755-4e37-83b5-b71053ad31de f94a26a6183d4c449e548d9fdff6dd50 d5a8945a65b0479e92ce91849b3ca86e - - default default] Unable to schedule network 29e71064-0d28-41a0-9115-37ff7a127de0: no agents available; will retry on subsequent port and subnet creation events.
2026-07-09 06:52:26.568 8 INFO neutron.db.ovn_revision_numbers_db [None req-c508ad40-7301-4e5c-829c-4a81ea430721 ff448e90dbd54680b0314fcbc3e8bb40 187ca71355654cf0bb6c7386f0d91cdb - - default default] Successfully bumped revision number for resource dffec2b5-42d4-4c95-8ac7-024c60209887 (type: networks) to 1
2026-07-09 06:52:26.683 7 INFO neutron.db.ovn_revision_numbers_db [None req-262fc32e-f755-4e37-83b5-b71053ad31de f94a26a6183d4c449e548d9fdff6dd50 d5a8945a65b0479e92ce91849b3ca86e - - default default] Successfully bumped revision number for resource 016cefc8-1c36-4868-a99d-38a8f35dc147 (type: ports) to 1
2026-07-09 06:52:26.774 8 WARNING neutron.scheduler.dhcp_agent_scheduler [None req-c508ad40-7301-4e5c-829c-4a81ea430721 ff448e90dbd54680b0314fcbc3e8bb40 187ca71355654cf0bb6c7386f0d91cdb - - default default] No more DHCP agents
2026-07-09 06:52:26.782 8 WARNING neutron.api.rpc.agentnotifiers.dhcp_rpc_agent_api [None req-c508ad40-7301-4e5c-829c-4a81ea430721 ff448e90dbd54680b0314fcbc3e8bb40 187ca71355654cf0bb6c7386f0d91cdb - - default default] Unable to schedule network dffec2b5-42d4-4c95-8ac7-024c60209887: no agents available; will retry on subsequent port and subnet creation events.
2026-07-09 06:52:26.857 8 INFO neutron.db.ovn_revision_numbers_db [None req-c508ad40-7301-4e5c-829c-4a81ea430721 ff448e90dbd54680b0314fcbc3e8bb40 187ca71355654cf0bb6c7386f0d91cdb - - default default] Successfully bumped revision number for resource a3b16d4a-96f4-4594-b799-d86816ad2695 (type: ports) to 1 [pid: 8|app: 0|req: 752/1549] 10.0.0.201 () {34 vars in 670 bytes} [Thu Jul 9 06:52:26 2026] POST /v2.0/networks => generated 667 bytes in 510 msecs (HTTP/1.1 201) 4 headers in 162 bytes (1 switches on core 0)
2026-07-09 06:52:27.193 8 INFO neutron_taas.services.taas.taas_plugin [None req-a9f70e33-661d-4580-ba58-55debd53b9ec 973034d16270436d9c247592a90fdbc3 a28a0120d89e4851a6b66414e305c2b6 - - default default] TaaS: Handle Delete Port: 00a6f896-264d-4f8b-b1a6-d9887e3dc3d8
2026-07-09 06:52:27.196 8 INFO neutron_taas.services.taas.tap_mirror_plugin [None req-a9f70e33-661d-4580-ba58-55debd53b9ec 973034d16270436d9c247592a90fdbc3 a28a0120d89e4851a6b66414e305c2b6 - - default default] Tap Mirror: Handle Delete Port: 00a6f896-264d-4f8b-b1a6-d9887e3dc3d8
2026-07-09 06:52:27.320 7 INFO neutron.plugins.ml2.drivers.ovn.mech_driver.ovsdb.ovsdb_monitor [None req-e092926d-4e53-4038-93f1-0414eeb6e242 - - - - - -] Router 83edc0b7-59f7-4a51-97db-41ad032582d2 is bound to host instance
2026-07-09 06:52:27.369 7 INFO neutron.db.ovn_revision_numbers_db [None req-262fc32e-f755-4e37-83b5-b71053ad31de f94a26a6183d4c449e548d9fdff6dd50 d5a8945a65b0479e92ce91849b3ca86e - - default default] Successfully bumped revision number for resource 016cefc8-1c36-4868-a99d-38a8f35dc147 (type: router_ports) to 1
2026-07-09 06:52:27.525 7 INFO neutron.db.ovn_revision_numbers_db [None req-262fc32e-f755-4e37-83b5-b71053ad31de f94a26a6183d4c449e548d9fdff6dd50 d5a8945a65b0479e92ce91849b3ca86e - - default default] Successfully bumped revision number for resource 83edc0b7-59f7-4a51-97db-41ad032582d2 (type: routers) to 2 [pid: 7|app: 0|req: 798/1550] 10.0.0.201 () {34 vars in 669 bytes} [Thu Jul 9 06:52:26 2026] POST /v2.0/routers => generated 975 bytes in 1510 msecs (HTTP/1.1 201) 4 headers in 162 bytes (1 switches on core 0)
2026-07-09 06:52:27.789 7 INFO neutron_taas.services.taas.taas_plugin [None req-b320503c-3612-40ac-b5ac-0431bf2b0333 6bfe474c7a344ab2b4c4895c5b835665 2333949c25894cb2b6d4b615365b7689 - - default default] TaaS: Handle Delete Port: 5ed621a0-5bb7-47d6-9061-1de21576564e
2026-07-09 06:52:27.793 7 INFO neutron_taas.services.taas.tap_mirror_plugin [None req-b320503c-3612-40ac-b5ac-0431bf2b0333 6bfe474c7a344ab2b4c4895c5b835665 2333949c25894cb2b6d4b615365b7689 - - default default] Tap Mirror: Handle Delete Port: 5ed621a0-5bb7-47d6-9061-1de21576564e [pid: 8|app: 0|req: 753/1551] 10.0.0.201 () {34 vars in 789 bytes} [Thu Jul 9 06:52:26 2026] PUT /v2.0/routers/70c220b0-4d09-4acc-9fec-bec962a23dd8/remove_router_interface => generated 310 bytes in 934 msecs (HTTP/1.1 200) 4 headers in 157 bytes (1 switches on core 0) /var/lib/openstack/lib/python3.12/site-packages/pycadf/identifier.py:70: UserWarning: Invalid uuid: neutron. To ensure interoperability, identifiers should be a valid uuid. warnings.warn(('Invalid uuid: %s. To ensure interoperability, '
2026-07-09 06:52:28.019 8 WARNING neutron.scheduler.dhcp_agent_scheduler [None req-962bcd53-79e7-4ed2-be5f-47bc9a73abb8 ff448e90dbd54680b0314fcbc3e8bb40 187ca71355654cf0bb6c7386f0d91cdb - - default default] No more DHCP agents
2026-07-09 06:52:28.022 8 WARNING neutron.api.rpc.agentnotifiers.dhcp_rpc_agent_api [None req-962bcd53-79e7-4ed2-be5f-47bc9a73abb8 ff448e90dbd54680b0314fcbc3e8bb40 187ca71355654cf0bb6c7386f0d91cdb - - default default] Unable to schedule network dffec2b5-42d4-4c95-8ac7-024c60209887: no agents available; will retry on subsequent port and subnet creation events.
2026-07-09 06:52:28.148 7 INFO neutron.services.segments.plugin [-] Segment f176b5fe-eab4-4b6d-8e81-c106f5beef6d resource provider aggregate not found
2026-07-09 06:52:28.158 7 INFO neutron.services.segments.plugin [-] Segment f176b5fe-eab4-4b6d-8e81-c106f5beef6d resource provider aggregate not found
2026-07-09 06:52:28.174 7 INFO neutron.services.segments.plugin [-] Client error retrieving segment f176b5fe-eab4-4b6d-8e81-c106f5beef6d resource provider; error: Placement Client Error (4xx): {"errors": [{"status": 404, "title": "Not Found", "detail": "The resource could not be found.\n\n No resource provider with uuid f176b5fe-eab4-4b6d-8e81-c106f5beef6d found for delete ", "request_id": "req-c6cd2bfe-3ff1-43c1-b485-c14e98d70f21"}]}
2026-07-09 06:52:28.178 7 INFO neutron.services.segments.plugin [-] Client error retrieving segment f176b5fe-eab4-4b6d-8e81-c106f5beef6d resource provider; error: Placement Client Error (4xx): {"errors": [{"status": 404, "title": "Not Found", "detail": "The resource could not be found.\n\n No resource provider with uuid f176b5fe-eab4-4b6d-8e81-c106f5beef6d found for delete ", "request_id": "req-210c0d2f-fa01-4ee2-829c-65a539552d85"}]} [pid: 7|app: 0|req: 799/1552] 10.0.0.201 () {32 vars in 726 bytes} [Thu Jul 9 06:52:27 2026] DELETE /v2.0/networks/db9004cd-d52d-4f44-9b54-2af274db1fd4 => generated 0 bytes in 693 msecs (HTTP/1.1 204) 3 headers in 131 bytes (1 switches on core 0) [pid: 7|app: 0|req: 800/1553] 10.0.0.201 () {32 vars in 776 bytes} [Thu Jul 9 06:52:28 2026] GET /v2.0/subnets?project_id=d5a8945a65b0479e92ce91849b3ca86e&cidr=10.100.0.0%2F28 => generated 14 bytes in 112 msecs (HTTP/1.1 200) 4 headers in 156 bytes (1 switches on core 0)
2026-07-09 06:52:28.527 7 WARNING neutron.plugins.ml2.drivers.ovn.mech_driver.ovsdb.ovn_client [None req-f0aecde2-ca83-4998-9419-b6d5f148c9ae - - - - - -] No port found with ID bb4f4076-3dc8-4a11-9008-1ebdec4a8fe6: RuntimeError: No port found with ID bb4f4076-3dc8-4a11-9008-1ebdec4a8fe6
2026-07-09 06:52:28.539 8 INFO neutron.db.ovn_revision_numbers_db [None req-962bcd53-79e7-4ed2-be5f-47bc9a73abb8 ff448e90dbd54680b0314fcbc3e8bb40 187ca71355654cf0bb6c7386f0d91cdb - - default default] Successfully bumped revision number for resource a3b16d4a-96f4-4594-b799-d86816ad2695 (type: ports) to 2
2026-07-09 06:52:28.568 8 INFO neutron.db.ovn_revision_numbers_db [None req-962bcd53-79e7-4ed2-be5f-47bc9a73abb8 ff448e90dbd54680b0314fcbc3e8bb40 187ca71355654cf0bb6c7386f0d91cdb - - default default] Successfully bumped revision number for resource f651ef4c-fe59-4b31-9751-160dc053936e (type: subnets) to 0 [pid: 8|app: 0|req: 754/1554] 10.0.0.201 () {34 vars in 669 bytes} [Thu Jul 9 06:52:27 2026] POST /v2.0/subnets => generated 626 bytes in 756 msecs (HTTP/1.1 201) 4 headers in 162 bytes (1 switches on core 0)
2026-07-09 06:52:28.814 8 WARNING neutron.scheduler.dhcp_agent_scheduler [None req-cf35febd-7fb3-453d-b21b-6ffe0062d7e0 6bfe474c7a344ab2b4c4895c5b835665 2333949c25894cb2b6d4b615365b7689 - - default default] No more DHCP agents
2026-07-09 06:52:28.815 8 WARNING neutron.api.rpc.agentnotifiers.dhcp_rpc_agent_api [None req-cf35febd-7fb3-453d-b21b-6ffe0062d7e0 6bfe474c7a344ab2b4c4895c5b835665 2333949c25894cb2b6d4b615365b7689 - - default default] Unable to schedule network 1d147aa7-49a9-40ad-a1c9-8fb58c6d2519: no agents available; will retry on subsequent port and subnet creation events.
2026-07-09 06:52:28.868 8 INFO neutron.plugins.ml2.drivers.ovn.mech_driver.mech_driver [None req-4ad594ea-761d-4edb-b501-21230682b584 - - - - - -] OVN reports status down for port: 6f53ea67-2153-4382-aa35-5e909f69e04b
2026-07-09 06:52:28.931 8 INFO neutron.db.ovn_revision_numbers_db [None req-cf35febd-7fb3-453d-b21b-6ffe0062d7e0 6bfe474c7a344ab2b4c4895c5b835665 2333949c25894cb2b6d4b615365b7689 - - default default] Successfully bumped revision number for resource 6f53ea67-2153-4382-aa35-5e909f69e04b (type: ports) to 1 [pid: 8|app: 0|req: 755/1555] 10.0.0.201 () {34 vars in 665 bytes} [Thu Jul 9 06:52:28 2026] POST /v2.0/ports => generated 779 bytes in 391 msecs (HTTP/1.1 201) 4 headers in 162 bytes (1 switches on core 0) /var/lib/openstack/lib/python3.12/site-packages/pycadf/identifier.py:70: UserWarning: Invalid uuid: neutron. To ensure interoperability, identifiers should be a valid uuid. warnings.warn(('Invalid uuid: %s. To ensure interoperability, ' [pid: 8|app: 0|req: 756/1556] 10.0.0.201 () {32 vars in 694 bytes} [Thu Jul 9 06:52:28 2026] GET /v2.0/networks?router%3Aexternal=True => generated 791 bytes in 59 msecs (HTTP/1.1 200) 4 headers in 157 bytes (1 switches on core 0)
2026-07-09 06:52:29.157 8 INFO neutron.db.ovn_revision_numbers_db [None req-f88b63aa-4cbe-4f82-bf35-4122a48be1fe ff448e90dbd54680b0314fcbc3e8bb40 187ca71355654cf0bb6c7386f0d91cdb - - default default] Successfully bumped revision number for resource 2ae65c07-8a8f-4de9-81d7-56d7cb27dc65 (type: routers) to 1 [pid: 8|app: 0|req: 757/1557] 10.0.0.201 () {34 vars in 669 bytes} [Thu Jul 9 06:52:29 2026] POST /v2.0/routers => generated 623 bytes in 139 msecs (HTTP/1.1 201) 4 headers in 162 bytes (1 switches on core 0)
2026-07-09 06:52:29.285 7 INFO neutron.plugins.ml2.drivers.ovn.mech_driver.mech_driver [None req-f0aecde2-ca83-4998-9419-b6d5f148c9ae - - - - - -] OVN reports status down for port: 84ee84ff-0242-475c-a72d-ae3b54eabde0
2026-07-09 06:52:29.352 7 INFO neutron.plugins.ml2.drivers.ovn.mech_driver.mech_driver [None req-f0aecde2-ca83-4998-9419-b6d5f148c9ae - - - - - -] OVN reports status down for port: 016cefc8-1c36-4868-a99d-38a8f35dc147
2026-07-09 06:52:29.431 8 INFO neutron.plugins.ml2.drivers.ovn.mech_driver.mech_driver [None req-4ad594ea-761d-4edb-b501-21230682b584 - - - - - -] OVN reports status down for port: 6f53ea67-2153-4382-aa35-5e909f69e04b
2026-07-09 06:52:29.495 8 INFO neutron.db.ovn_revision_numbers_db [None req-fcb52cd5-2d85-4ef4-bbe1-d8e270090e7f 6bfe474c7a344ab2b4c4895c5b835665 2333949c25894cb2b6d4b615365b7689 - - default default] Successfully bumped revision number for resource 6f53ea67-2153-4382-aa35-5e909f69e04b (type: ports) to 2 [pid: 8|app: 0|req: 758/1558] 10.0.0.201 () {34 vars in 737 bytes} [Thu Jul 9 06:52:29 2026] PUT /v2.0/ports/6f53ea67-2153-4382-aa35-5e909f69e04b => generated 752 bytes in 357 msecs (HTTP/1.1 200) 4 headers in 157 bytes (1 switches on core 0) /var/lib/openstack/lib/python3.12/site-packages/pycadf/identifier.py:70: UserWarning: Invalid uuid: neutron. To ensure interoperability, identifiers should be a valid uuid. warnings.warn(('Invalid uuid: %s. To ensure interoperability, ' [pid: 8|app: 0|req: 759/1559] 10.0.0.201 () {32 vars in 784 bytes} [Thu Jul 9 06:52:29 2026] GET /v2.0/subnets?network_id=29e71064-0d28-41a0-9115-37ff7a127de0&cidr=10.100.0.0%2F28 => generated 14 bytes in 33 msecs (HTTP/1.1 200) 4 headers in 156 bytes (1 switches on core 0)
2026-07-09 06:52:29.567 7 WARNING neutron.plugins.ml2.drivers.ovn.mech_driver.ovsdb.ovn_client [None req-f0aecde2-ca83-4998-9419-b6d5f148c9ae - - - - - -] Logical_Switch_Port 016cefc8-1c36-4868-a99d-38a8f35dc147 host information not removed, the port state is up
2026-07-09 06:52:29.567 7 INFO neutron.plugins.ml2.drivers.ovn.mech_driver.mech_driver [None req-f0aecde2-ca83-4998-9419-b6d5f148c9ae - - - - - -] OVN reports status down for port: a3b16d4a-96f4-4594-b799-d86816ad2695
2026-07-09 06:52:29.783 7 INFO neutron.plugins.ml2.drivers.ovn.mech_driver.mech_driver [None req-f0aecde2-ca83-4998-9419-b6d5f148c9ae - - - - - -] OVN reports status up for port: 016cefc8-1c36-4868-a99d-38a8f35dc147
2026-07-09 06:52:29.831 7 INFO neutron.plugins.ml2.plugin [None req-f0aecde2-ca83-4998-9419-b6d5f148c9ae - - - - - -] Attempt 1 to provision port 016cefc8-1c36-4868-a99d-38a8f35dc147
2026-07-09 06:52:29.907 7 INFO neutron.db.ovn_revision_numbers_db [None req-9169aa35-39fa-4282-a4b9-7e113f9a2518 - - - - - -] Successfully bumped revision number for resource 016cefc8-1c36-4868-a99d-38a8f35dc147 (type: ports) to 4
2026-07-09 06:52:29.920 8 WARNING neutron.scheduler.dhcp_agent_scheduler [None req-4a5ff1e5-b9e5-4f15-8408-06a2b6c3323e ff448e90dbd54680b0314fcbc3e8bb40 187ca71355654cf0bb6c7386f0d91cdb - - default default] No more DHCP agents
2026-07-09 06:52:29.922 8 WARNING neutron.api.rpc.agentnotifiers.dhcp_rpc_agent_api [None req-4a5ff1e5-b9e5-4f15-8408-06a2b6c3323e ff448e90dbd54680b0314fcbc3e8bb40 187ca71355654cf0bb6c7386f0d91cdb - - default default] Unable to schedule network dffec2b5-42d4-4c95-8ac7-024c60209887: no agents available; will retry on subsequent port and subnet creation events.
2026-07-09 06:52:29.962 7 INFO neutron_taas.services.taas.taas_plugin [None req-10da21d5-4b7d-44a3-9398-f64ac5aab237 973034d16270436d9c247592a90fdbc3 a28a0120d89e4851a6b66414e305c2b6 - - default default] TaaS: Handle Delete Port: 3b30859f-8f22-40d3-b20b-bafc940fd4f8
2026-07-09 06:52:29.969 7 INFO neutron_taas.services.taas.tap_mirror_plugin [None req-10da21d5-4b7d-44a3-9398-f64ac5aab237 973034d16270436d9c247592a90fdbc3 a28a0120d89e4851a6b66414e305c2b6 - - default default] Tap Mirror: Handle Delete Port: 3b30859f-8f22-40d3-b20b-bafc940fd4f8
2026-07-09 06:52:30.092 8 INFO neutron.db.ovn_revision_numbers_db [None req-4a5ff1e5-b9e5-4f15-8408-06a2b6c3323e ff448e90dbd54680b0314fcbc3e8bb40 187ca71355654cf0bb6c7386f0d91cdb - - default default] Successfully bumped revision number for resource de61e7cd-34fa-4099-bdbb-82ab21fa69f4 (type: ports) to 1
2026-07-09 06:52:30.696 8 WARNING neutron.scheduler.dhcp_agent_scheduler [None req-4a5ff1e5-b9e5-4f15-8408-06a2b6c3323e ff448e90dbd54680b0314fcbc3e8bb40 187ca71355654cf0bb6c7386f0d91cdb - - default default] No more DHCP agents
2026-07-09 06:52:30.697 8 WARNING neutron.api.rpc.agentnotifiers.dhcp_rpc_agent_api [None req-4a5ff1e5-b9e5-4f15-8408-06a2b6c3323e ff448e90dbd54680b0314fcbc3e8bb40 187ca71355654cf0bb6c7386f0d91cdb - - default default] Unable to schedule network dffec2b5-42d4-4c95-8ac7-024c60209887: no agents available; will retry on subsequent port and subnet creation events.
2026-07-09 06:52:30.787 7 INFO neutron.db.ovn_revision_numbers_db [None req-f0aecde2-ca83-4998-9419-b6d5f148c9ae - - - - - -] Successfully bumped revision number for resource 016cefc8-1c36-4868-a99d-38a8f35dc147 (type: ports) to 5
2026-07-09 06:52:30.888 8 INFO neutron.db.ovn_revision_numbers_db [None req-4a5ff1e5-b9e5-4f15-8408-06a2b6c3323e ff448e90dbd54680b0314fcbc3e8bb40 187ca71355654cf0bb6c7386f0d91cdb - - default default] Successfully bumped revision number for resource de61e7cd-34fa-4099-bdbb-82ab21fa69f4 (type: router_ports) to 1 [pid: 8|app: 0|req: 760/1560] 10.0.0.201 () {34 vars in 783 bytes} [Thu Jul 9 06:52:29 2026] PUT /v2.0/routers/2ae65c07-8a8f-4de9-81d7-56d7cb27dc65/add_router_interface => generated 310 bytes in 1328 msecs (HTTP/1.1 200) 4 headers in 157 bytes (1 switches on core 0)
2026-07-09 06:52:31.031 8 INFO neutron_taas.services.taas.taas_plugin [None req-635185d9-a961-4ad0-b770-74f4d822c81f 6bfe474c7a344ab2b4c4895c5b835665 2333949c25894cb2b6d4b615365b7689 - - default default] TaaS: Handle Delete Port: 6f53ea67-2153-4382-aa35-5e909f69e04b
2026-07-09 06:52:31.034 8 INFO neutron_taas.services.taas.tap_mirror_plugin [None req-635185d9-a961-4ad0-b770-74f4d822c81f 6bfe474c7a344ab2b4c4895c5b835665 2333949c25894cb2b6d4b615365b7689 - - default default] Tap Mirror: Handle Delete Port: 6f53ea67-2153-4382-aa35-5e909f69e04b
2026-07-09 06:52:31.059 7 INFO neutron.plugins.ml2.drivers.ovn.mech_driver.mech_driver [None req-2cd66c5a-3fc7-4871-88db-eff52235b9c3 - - - - - -] OVN reports status down for port: de61e7cd-34fa-4099-bdbb-82ab21fa69f4 [pid: 7|app: 0|req: 801/1561] 10.0.0.201 () {32 vars in 724 bytes} [Thu Jul 9 06:52:28 2026] DELETE /v2.0/routers/70c220b0-4d09-4acc-9fec-bec962a23dd8 => generated 0 bytes in 2712 msecs (HTTP/1.1 204) 2 headers in 112 bytes (1 switches on core 0) [pid: 8|app: 0|req: 761/1562] 10.0.0.201 () {32 vars in 720 bytes} [Thu Jul 9 06:52:30 2026] DELETE /v2.0/ports/6f53ea67-2153-4382-aa35-5e909f69e04b => generated 0 bytes in 257 msecs (HTTP/1.1 204) 3 headers in 131 bytes (1 switches on core 0) [pid: 8|app: 0|req: 762/1563] 10.0.0.201 () {32 vars in 717 bytes} [Thu Jul 9 06:52:31 2026] GET /v2.0/ports/de61e7cd-34fa-4099-bdbb-82ab21fa69f4 => generated 941 bytes in 33 msecs (HTTP/1.1 200) 4 headers in 157 bytes (1 switches on core 0)
2026-07-09 06:52:31.195 7 WARNING neutron.plugins.ml2.drivers.ovn.mech_driver.ovsdb.ovn_client [None req-2cd66c5a-3fc7-4871-88db-eff52235b9c3 - - - - - -] Logical_Switch_Port de61e7cd-34fa-4099-bdbb-82ab21fa69f4 host information not removed, the port state is up
2026-07-09 06:52:31.196 7 INFO neutron.plugins.ml2.drivers.ovn.mech_driver.mech_driver [None req-2cd66c5a-3fc7-4871-88db-eff52235b9c3 - - - - - -] OVN reports status up for port: de61e7cd-34fa-4099-bdbb-82ab21fa69f4
2026-07-09 06:52:31.219 7 INFO neutron.plugins.ml2.plugin [None req-2cd66c5a-3fc7-4871-88db-eff52235b9c3 - - - - - -] Attempt 1 to provision port de61e7cd-34fa-4099-bdbb-82ab21fa69f4 [pid: 8|app: 0|req: 763/1564] 10.0.0.201 () {32 vars in 724 bytes} [Thu Jul 9 06:52:31 2026] DELETE /v2.0/subnets/44892593-3b23-40d2-b8f2-e3a8209f8de8 => generated 0 bytes in 202 msecs (HTTP/1.1 204) 3 headers in 131 bytes (1 switches on core 0)
2026-07-09 06:52:31.413 7 WARNING neutron.scheduler.dhcp_agent_scheduler [None req-557ada41-2ce5-45e3-9d63-3ad8a27c9aa3 f94a26a6183d4c449e548d9fdff6dd50 d5a8945a65b0479e92ce91849b3ca86e - - default default] No more DHCP agents
2026-07-09 06:52:31.415 7 WARNING neutron.api.rpc.agentnotifiers.dhcp_rpc_agent_api [None req-557ada41-2ce5-45e3-9d63-3ad8a27c9aa3 f94a26a6183d4c449e548d9fdff6dd50 d5a8945a65b0479e92ce91849b3ca86e - - default default] Unable to schedule network 33ba36e3-a3e1-4add-ab57-e5bfa9a599a2: no agents available; will retry on subsequent port and subnet creation events. [pid: 8|app: 0|req: 764/1565] 10.0.0.201 () {32 vars in 643 bytes} [Thu Jul 9 06:52:31 2026] GET /v2.0/ports => generated 1537 bytes in 39 msecs (HTTP/1.1 200) 4 headers in 158 bytes (1 switches on core 0) [pid: 8|app: 0|req: 765/1566] 10.0.0.201 () {32 vars in 717 bytes} [Thu Jul 9 06:52:31 2026] GET /v2.0/ports/de61e7cd-34fa-4099-bdbb-82ab21fa69f4 => generated 941 bytes in 35 msecs (HTTP/1.1 200) 4 headers in 157 bytes (1 switches on core 0)
2026-07-09 06:52:31.586 8 INFO neutron_taas.services.taas.taas_plugin [None req-a09b8636-aa4e-408d-8cb0-30584e6bfeee 973034d16270436d9c247592a90fdbc3 a28a0120d89e4851a6b66414e305c2b6 - - default default] TaaS: Handle Delete Port: 3663ac41-1a31-4593-8b76-5c639c771452
2026-07-09 06:52:31.590 8 INFO neutron_taas.services.taas.tap_mirror_plugin [None req-a09b8636-aa4e-408d-8cb0-30584e6bfeee 973034d16270436d9c247592a90fdbc3 a28a0120d89e4851a6b66414e305c2b6 - - default default] Tap Mirror: Handle Delete Port: 3663ac41-1a31-4593-8b76-5c639c771452
2026-07-09 06:52:31.793 8 INFO neutron.services.segments.plugin [-] Segment 4829501c-4a33-493f-958e-db87a6d281b4 resource provider aggregate not found
2026-07-09 06:52:31.801 8 INFO neutron.services.segments.plugin [-] Segment 4829501c-4a33-493f-958e-db87a6d281b4 resource provider aggregate not found
2026-07-09 06:52:31.821 8 INFO neutron.services.segments.plugin [-] Client error retrieving segment 4829501c-4a33-493f-958e-db87a6d281b4 resource provider; error: Placement Client Error (4xx): {"errors": [{"status": 404, "title": "Not Found", "detail": "The resource could not be found.\n\n No resource provider with uuid 4829501c-4a33-493f-958e-db87a6d281b4 found for delete ", "request_id": "req-3ec5a5ae-017f-4bbf-8cd8-008a97c00e86"}]}
2026-07-09 06:52:31.822 8 INFO neutron.services.segments.plugin [-] Client error retrieving segment 4829501c-4a33-493f-958e-db87a6d281b4 resource provider; error: Placement Client Error (4xx): {"errors": [{"status": 404, "title": "Not Found", "detail": "The resource could not be found.\n\n No resource provider with uuid 4829501c-4a33-493f-958e-db87a6d281b4 found for delete ", "request_id": "req-d472e93d-4707-4919-af7b-3b7e69f3fef2"}]} [pid: 8|app: 0|req: 766/1567] 10.0.0.201 () {32 vars in 726 bytes} [Thu Jul 9 06:52:31 2026] DELETE /v2.0/networks/5233aaf0-47cd-4d6b-9bcc-6513bea2b0b8 => generated 0 bytes in 410 msecs (HTTP/1.1 204) 3 headers in 131 bytes (1 switches on core 0)
2026-07-09 06:52:31.892 8 INFO neutron.pecan_wsgi.hooks.translation [None req-93b35065-9f5d-4241-bc54-45eaa661ce2a 6bfe474c7a344ab2b4c4895c5b835665 2333949c25894cb2b6d4b615365b7689 - - default default] GET failed (client error): The resource could not be found. [pid: 8|app: 0|req: 767/1568] 10.0.0.201 () {32 vars in 717 bytes} [Thu Jul 9 06:52:31 2026] GET /v2.0/ports/6f53ea67-2153-4382-aa35-5e909f69e04b => generated 132 bytes in 18 msecs (HTTP/1.1 404) 4 headers in 164 bytes (1 switches on core 0) [pid: 8|app: 0|req: 768/1569] 10.0.0.201 () {32 vars in 643 bytes} [Thu Jul 9 06:52:31 2026] GET /v2.0/ports => generated 1537 bytes in 40 msecs (HTTP/1.1 200) 4 headers in 158 bytes (1 switches on core 0)
2026-07-09 06:52:31.982 7 INFO neutron.db.ovn_revision_numbers_db [None req-2cd66c5a-3fc7-4871-88db-eff52235b9c3 - - - - - -] Successfully bumped revision number for resource de61e7cd-34fa-4099-bdbb-82ab21fa69f4 (type: ports) to 2 [pid: 8|app: 0|req: 769/1570] 10.0.0.201 () {32 vars in 717 bytes} [Thu Jul 9 06:52:31 2026] GET /v2.0/ports/7aae624f-688b-439a-bf6b-091053d52a80 => generated 778 bytes in 35 msecs (HTTP/1.1 200) 4 headers in 157 bytes (1 switches on core 0)
2026-07-09 06:52:32.015 8 INFO neutron.pecan_wsgi.hooks.translation [None req-b74095e4-d9a4-40db-ab94-e0cb8ac851d2 6bfe474c7a344ab2b4c4895c5b835665 2333949c25894cb2b6d4b615365b7689 - - default default] DELETE failed (client error): The resource could not be found. [pid: 8|app: 0|req: 770/1571] 10.0.0.201 () {32 vars in 720 bytes} [Thu Jul 9 06:52:31 2026] DELETE /v2.0/ports/84ee84ff-0242-475c-a72d-ae3b54eabde0 => generated 132 bytes in 25 msecs (HTTP/1.1 404) 4 headers in 164 bytes (1 switches on core 0)
2026-07-09 06:52:32.025 8 WARNING neutron.db.securitygroups_db [None req-7cc04aa4-1872-44eb-8d6d-74bbb74af641 973034d16270436d9c247592a90fdbc3 a28a0120d89e4851a6b66414e305c2b6 - - default default] project_id key not found in filters, using tenant_id instead. This support has been deprecated and will be removed in a future release. [pid: 8|app: 0|req: 771/1572] 10.0.0.201 () {32 vars in 774 bytes} [Thu Jul 9 06:52:32 2026] GET /v2.0/security-groups?tenant_id=7fc09ae4b90c4755bce0c9d4f322a763&name=default => generated 2925 bytes in 36 msecs (HTTP/1.1 200) 4 headers in 158 bytes (1 switches on core 0)
2026-07-09 06:52:32.068 8 INFO neutron.pecan_wsgi.hooks.translation [None req-cd622d95-1ac4-4a09-b288-9b702b7ca4ff 6bfe474c7a344ab2b4c4895c5b835665 2333949c25894cb2b6d4b615365b7689 - - default default] DELETE failed (client error): The resource could not be found. [pid: 8|app: 0|req: 772/1573] 10.0.0.201 () {32 vars in 724 bytes} [Thu Jul 9 06:52:32 2026] DELETE /v2.0/subnets/be4cb9aa-72ac-435f-b440-bddce7950ba8 => generated 136 bytes in 14 msecs (HTTP/1.1 404) 4 headers in 164 bytes (1 switches on core 0)
2026-07-09 06:52:32.255 7 INFO neutron.db.ovn_revision_numbers_db [None req-557ada41-2ce5-45e3-9d63-3ad8a27c9aa3 f94a26a6183d4c449e548d9fdff6dd50 d5a8945a65b0479e92ce91849b3ca86e - - default default] Successfully bumped revision number for resource ac284152-f5d2-4941-803c-67c7c89797dc (type: ports) to 2 [pid: 8|app: 0|req: 773/1574] 10.0.0.201 () {32 vars in 740 bytes} [Thu Jul 9 06:52:32 2026] DELETE /v2.0/security-groups/d4c12305-e2c4-4a83-9949-983a1030ac3c => generated 0 bytes in 228 msecs (HTTP/1.1 204) 2 headers in 112 bytes (1 switches on core 0)
2026-07-09 06:52:32.300 7 INFO neutron.db.ovn_revision_numbers_db [None req-557ada41-2ce5-45e3-9d63-3ad8a27c9aa3 f94a26a6183d4c449e548d9fdff6dd50 d5a8945a65b0479e92ce91849b3ca86e - - default default] Successfully bumped revision number for resource 6848a27a-3aec-4656-9fb5-1eec4870901b (type: subnets) to 0
2026-07-09 06:52:32.311 8 INFO neutron.pecan_wsgi.hooks.translation [None req-770a038c-6042-42b7-a7d1-1097228305d9 6bfe474c7a344ab2b4c4895c5b835665 2333949c25894cb2b6d4b615365b7689 - - default default] DELETE failed (client error): The resource could not be found. [pid: 8|app: 0|req: 774/1575] 10.0.0.201 () {32 vars in 724 bytes} [Thu Jul 9 06:52:32 2026] DELETE /v2.0/subnets/17d7691e-9235-4f02-aeca-8c2fa3c52907 => generated 136 bytes in 13 msecs (HTTP/1.1 404) 4 headers in 164 bytes (1 switches on core 0) [pid: 7|app: 0|req: 802/1576] 10.0.0.201 () {34 vars in 669 bytes} [Thu Jul 9 06:52:31 2026] POST /v2.0/subnets => generated 656 bytes in 1244 msecs (HTTP/1.1 201) 4 headers in 162 bytes (1 switches on core 0)
2026-07-09 06:52:32.435 8 INFO neutron_taas.services.taas.taas_plugin [None req-116c84fc-0cb1-4de4-8ff4-32c77d688a61 6bfe474c7a344ab2b4c4895c5b835665 2333949c25894cb2b6d4b615365b7689 - - default default] TaaS: Handle Delete Port: 7aae624f-688b-439a-bf6b-091053d52a80
2026-07-09 06:52:32.439 8 INFO neutron_taas.services.taas.tap_mirror_plugin [None req-116c84fc-0cb1-4de4-8ff4-32c77d688a61 6bfe474c7a344ab2b4c4895c5b835665 2333949c25894cb2b6d4b615365b7689 - - default default] Tap Mirror: Handle Delete Port: 7aae624f-688b-439a-bf6b-091053d52a80 [pid: 8|app: 0|req: 775/1577] 10.0.0.201 () {32 vars in 720 bytes} [Thu Jul 9 06:52:32 2026] DELETE /v2.0/ports/7aae624f-688b-439a-bf6b-091053d52a80 => generated 0 bytes in 262 msecs (HTTP/1.1 204) 3 headers in 131 bytes (1 switches on core 0) [pid: 8|app: 0|req: 776/1578] 10.0.0.201 () {32 vars in 717 bytes} [Thu Jul 9 06:52:32 2026] GET /v2.0/ports/de61e7cd-34fa-4099-bdbb-82ab21fa69f4 => generated 943 bytes in 36 msecs (HTTP/1.1 200) 4 headers in 157 bytes (1 switches on core 0)
2026-07-09 06:52:32.720 8 INFO neutron_taas.services.taas.taas_plugin [None req-07b17e16-0a0b-47ef-9308-79976757d02d 6bfe474c7a344ab2b4c4895c5b835665 2333949c25894cb2b6d4b615365b7689 - - default default] TaaS: Handle Delete Port: 079e7104-b83c-4fa7-a377-a2746a7aecda
2026-07-09 06:52:32.723 8 INFO neutron_taas.services.taas.tap_mirror_plugin [None req-07b17e16-0a0b-47ef-9308-79976757d02d 6bfe474c7a344ab2b4c4895c5b835665 2333949c25894cb2b6d4b615365b7689 - - default default] Tap Mirror: Handle Delete Port: 079e7104-b83c-4fa7-a377-a2746a7aecda
2026-07-09 06:52:32.914 7 WARNING neutron.scheduler.dhcp_agent_scheduler [None req-f0dd0c78-855d-42bc-88f7-48b195d46768 f94a26a6183d4c449e548d9fdff6dd50 d5a8945a65b0479e92ce91849b3ca86e - - default default] No more DHCP agents
2026-07-09 06:52:32.916 7 WARNING neutron.api.rpc.agentnotifiers.dhcp_rpc_agent_api [None req-f0dd0c78-855d-42bc-88f7-48b195d46768 f94a26a6183d4c449e548d9fdff6dd50 d5a8945a65b0479e92ce91849b3ca86e - - default default] Unable to schedule network 33ba36e3-a3e1-4add-ab57-e5bfa9a599a2: no agents available; will retry on subsequent port and subnet creation events. [pid: 8|app: 0|req: 777/1579] 10.0.0.201 () {32 vars in 726 bytes} [Thu Jul 9 06:52:32 2026] DELETE /v2.0/networks/1d147aa7-49a9-40ad-a1c9-8fb58c6d2519 => generated 0 bytes in 324 msecs (HTTP/1.1 204) 3 headers in 131 bytes (1 switches on core 0)
2026-07-09 06:52:33.086 8 INFO neutron.plugins.ml2.drivers.ovn.mech_driver.mech_driver [None req-4ad594ea-761d-4edb-b501-21230682b584 - - - - - -] OVN reports status down for port: 947045f8-fdc4-467b-b0a2-d8c51a5a6ded
2026-07-09 06:52:33.118 7 INFO neutron.db.ovn_revision_numbers_db [None req-f0dd0c78-855d-42bc-88f7-48b195d46768 f94a26a6183d4c449e548d9fdff6dd50 d5a8945a65b0479e92ce91849b3ca86e - - default default] Successfully bumped revision number for resource 947045f8-fdc4-467b-b0a2-d8c51a5a6ded (type: ports) to 1
2026-07-09 06:52:33.368 8 INFO neutron_taas.services.taas.taas_plugin [None req-f170d3ed-a295-40ef-86e0-213bdee9a300 ff448e90dbd54680b0314fcbc3e8bb40 187ca71355654cf0bb6c7386f0d91cdb - - default default] TaaS: Handle Delete Port: de61e7cd-34fa-4099-bdbb-82ab21fa69f4
2026-07-09 06:52:33.376 8 INFO neutron_taas.services.taas.tap_mirror_plugin [None req-f170d3ed-a295-40ef-86e0-213bdee9a300 ff448e90dbd54680b0314fcbc3e8bb40 187ca71355654cf0bb6c7386f0d91cdb - - default default] Tap Mirror: Handle Delete Port: de61e7cd-34fa-4099-bdbb-82ab21fa69f4 [pid: 8|app: 0|req: 778/1580] 10.0.0.201 () {34 vars in 789 bytes} [Thu Jul 9 06:52:32 2026] PUT /v2.0/routers/2ae65c07-8a8f-4de9-81d7-56d7cb27dc65/remove_router_interface => generated 310 bytes in 869 msecs (HTTP/1.1 200) 4 headers in 157 bytes (1 switches on core 0)
2026-07-09 06:52:33.846 8 INFO neutron.services.segments.plugin [-] Segment 7f06b3a5-9a4d-4fbc-92a5-0fa1095a8d74 resource provider aggregate not found
2026-07-09 06:52:33.852 8 INFO neutron.services.segments.plugin [-] Segment 7f06b3a5-9a4d-4fbc-92a5-0fa1095a8d74 resource provider aggregate not found
2026-07-09 06:52:33.872 8 INFO neutron.services.segments.plugin [-] Client error retrieving segment 7f06b3a5-9a4d-4fbc-92a5-0fa1095a8d74 resource provider; error: Placement Client Error (4xx): {"errors": [{"status": 404, "title": "Not Found", "detail": "The resource could not be found.\n\n No resource provider with uuid 7f06b3a5-9a4d-4fbc-92a5-0fa1095a8d74 found for delete ", "request_id": "req-16237b25-b372-4832-9c11-eab1d11c2b12"}]}
2026-07-09 06:52:33.876 8 INFO neutron.services.segments.plugin [-] Client error retrieving segment 7f06b3a5-9a4d-4fbc-92a5-0fa1095a8d74 resource provider; error: Placement Client Error (4xx): {"errors": [{"status": 404, "title": "Not Found", "detail": "The resource could not be found.\n\n No resource provider with uuid 7f06b3a5-9a4d-4fbc-92a5-0fa1095a8d74 found for delete ", "request_id": "req-aafa3157-b25f-4cc6-8937-73979c650ddd"}]}
2026-07-09 06:52:33.955 8 INFO neutron.plugins.ml2.drivers.ovn.mech_driver.mech_driver [None req-4ad594ea-761d-4edb-b501-21230682b584 - - - - - -] OVN reports status up for port: 947045f8-fdc4-467b-b0a2-d8c51a5a6ded
2026-07-09 06:52:33.973 8 INFO neutron.plugins.ml2.plugin [None req-4ad594ea-761d-4edb-b501-21230682b584 - - - - - -] Attempt 1 to provision port 947045f8-fdc4-467b-b0a2-d8c51a5a6ded
2026-07-09 06:52:34.022 7 WARNING neutron.scheduler.dhcp_agent_scheduler [None req-f0dd0c78-855d-42bc-88f7-48b195d46768 f94a26a6183d4c449e548d9fdff6dd50 d5a8945a65b0479e92ce91849b3ca86e - - default default] No more DHCP agents
2026-07-09 06:52:34.023 7 WARNING neutron.api.rpc.agentnotifiers.dhcp_rpc_agent_api [None req-f0dd0c78-855d-42bc-88f7-48b195d46768 f94a26a6183d4c449e548d9fdff6dd50 d5a8945a65b0479e92ce91849b3ca86e - - default default] Unable to schedule network 33ba36e3-a3e1-4add-ab57-e5bfa9a599a2: no agents available; will retry on subsequent port and subnet creation events. /var/lib/openstack/lib/python3.12/site-packages/pycadf/identifier.py:70: UserWarning: Invalid uuid: neutron. To ensure interoperability, identifiers should be a valid uuid. warnings.warn(('Invalid uuid: %s. To ensure interoperability, '
2026-07-09 06:52:34.044 8 WARNING neutron.db.securitygroups_db [None req-969301cf-b8cd-4df3-be8b-f2e523e841b1 973034d16270436d9c247592a90fdbc3 a28a0120d89e4851a6b66414e305c2b6 - - default default] project_id key not found in filters, using tenant_id instead. This support has been deprecated and will be removed in a future release. [pid: 8|app: 0|req: 779/1581] 10.0.0.201 () {32 vars in 774 bytes} [Thu Jul 9 06:52:33 2026] GET /v2.0/security-groups?tenant_id=2333949c25894cb2b6d4b615365b7689&name=default => generated 2925 bytes in 282 msecs (HTTP/1.1 200) 4 headers in 158 bytes (1 switches on core 0) [pid: 8|app: 0|req: 780/1582] 10.0.0.201 () {32 vars in 736 bytes} [Thu Jul 9 06:52:34 2026] GET /v2.0/ports?device_id=2ae65c07-8a8f-4de9-81d7-56d7cb27dc65 => generated 12 bytes in 42 msecs (HTTP/1.1 200) 4 headers in 156 bytes (1 switches on core 0)
2026-07-09 06:52:34.376 7 INFO neutron.db.ovn_revision_numbers_db [None req-f0dd0c78-855d-42bc-88f7-48b195d46768 f94a26a6183d4c449e548d9fdff6dd50 d5a8945a65b0479e92ce91849b3ca86e - - default default] Successfully bumped revision number for resource 947045f8-fdc4-467b-b0a2-d8c51a5a6ded (type: router_ports) to 1 [pid: 7|app: 0|req: 803/1583] 10.0.0.201 () {34 vars in 783 bytes} [Thu Jul 9 06:52:32 2026] PUT /v2.0/routers/83edc0b7-59f7-4a51-97db-41ad032582d2/add_router_interface => generated 310 bytes in 2055 msecs (HTTP/1.1 200) 4 headers in 157 bytes (1 switches on core 0) [pid: 7|app: 0|req: 804/1584] 10.0.0.201 () {32 vars in 724 bytes} [Thu Jul 9 06:52:34 2026] DELETE /v2.0/routers/2ae65c07-8a8f-4de9-81d7-56d7cb27dc65 => generated 0 bytes in 225 msecs (HTTP/1.1 204) 2 headers in 112 bytes (1 switches on core 0) [pid: 7|app: 0|req: 805/1585] 10.0.0.201 () {32 vars in 649 bytes} [Thu Jul 9 06:52:34 2026] GET /v2.0/networks => generated 3851 bytes in 55 msecs (HTTP/1.1 200) 4 headers in 158 bytes (1 switches on core 0) [pid: 8|app: 0|req: 781/1586] 10.0.0.201 () {32 vars in 740 bytes} [Thu Jul 9 06:52:34 2026] DELETE /v2.0/security-groups/c453ec59-7f91-46bf-81c5-b7af28a28aac => generated 0 bytes in 599 msecs (HTTP/1.1 204) 2 headers in 112 bytes (1 switches on core 0) [pid: 7|app: 0|req: 806/1587] 10.0.0.116 () {28 vars in 599 bytes} [Thu Jul 9 06:52:34 2026] GET /v2.0/security-groups => generated 23209 bytes in 150 msecs (HTTP/1.1 200) 4 headers in 159 bytes (1 switches on core 0) [pid: 7|app: 0|req: 807/1588] 10.0.0.201 () {32 vars in 647 bytes} [Thu Jul 9 06:52:34 2026] GET /v2.0/subnets => generated 2606 bytes in 32 msecs (HTTP/1.1 200) 4 headers in 158 bytes (1 switches on core 0)
2026-07-09 06:52:34.862 8 INFO neutron.db.ovn_revision_numbers_db [None req-4ad594ea-761d-4edb-b501-21230682b584 - - - - - -] Successfully bumped revision number for resource 947045f8-fdc4-467b-b0a2-d8c51a5a6ded (type: ports) to 2 [pid: 7|app: 0|req: 808/1589] 10.0.0.116 () {28 vars in 583 bytes} [Thu Jul 9 06:52:34 2026] GET /v2.0/subnets => generated 2606 bytes in 32 msecs (HTTP/1.1 200) 4 headers in 158 bytes (1 switches on core 0) [pid: 7|app: 0|req: 809/1590] 10.0.0.201 () {32 vars in 647 bytes} [Thu Jul 9 06:52:34 2026] GET /v2.0/routers => generated 996 bytes in 58 msecs (HTTP/1.1 200) 4 headers in 157 bytes (1 switches on core 0) [pid: 7|app: 0|req: 810/1591] 10.0.0.116 () {28 vars in 581 bytes} [Thu Jul 9 06:52:34 2026] GET /v2.0/agents => generated 1214 bytes in 13 msecs (HTTP/1.1 200) 4 headers in 158 bytes (1 switches on core 0) [pid: 7|app: 0|req: 811/1592] 10.0.0.116 () {28 vars in 619 bytes} [Thu Jul 9 06:52:34 2026] GET /v2.0/network-ip-availabilities => generated 3329 bytes in 20 msecs (HTTP/1.1 200) 4 headers in 158 bytes (1 switches on core 0) [pid: 7|app: 0|req: 812/1593] 10.0.0.116 () {28 vars in 585 bytes} [Thu Jul 9 06:52:34 2026] GET /v2.0/networks => generated 3851 bytes in 60 msecs (HTTP/1.1 200) 4 headers in 158 bytes (1 switches on core 0) [pid: 8|app: 0|req: 782/1594] 10.0.0.201 () {32 vars in 724 bytes} [Thu Jul 9 06:52:34 2026] DELETE /v2.0/subnets/f651ef4c-fe59-4b31-9751-160dc053936e => generated 0 bytes in 310 msecs (HTTP/1.1 204) 3 headers in 131 bytes (1 switches on core 0) [pid: 8|app: 0|req: 783/1595] 10.0.0.116 () {28 vars in 583 bytes} [Thu Jul 9 06:52:35 2026] GET /v2.0/routers => generated 996 bytes in 83 msecs (HTTP/1.1 200) 4 headers in 157 bytes (1 switches on core 0)
2026-07-09 06:52:35.234 7 INFO neutron.db.ovn_revision_numbers_db [None req-9d717eb2-aff0-4c01-99f1-92dd48f4afee f94a26a6183d4c449e548d9fdff6dd50 d5a8945a65b0479e92ce91849b3ca86e - - default default] Successfully bumped revision number for resource 5213e32f-981a-486e-a143-72674e15b2bb (type: security_groups) to 1
2026-07-09 06:52:35.252 7 INFO neutron.db.ovn_revision_numbers_db [None req-9d717eb2-aff0-4c01-99f1-92dd48f4afee f94a26a6183d4c449e548d9fdff6dd50 d5a8945a65b0479e92ce91849b3ca86e - - default default] Successfully bumped revision number for resource 11397b0a-3aa0-489a-a495-fe1dc1a463ab (type: security_group_rules) to 0
2026-07-09 06:52:35.269 7 INFO neutron.db.ovn_revision_numbers_db [None req-9d717eb2-aff0-4c01-99f1-92dd48f4afee f94a26a6183d4c449e548d9fdff6dd50 d5a8945a65b0479e92ce91849b3ca86e - - default default] Successfully bumped revision number for resource f20b826f-b0e7-4835-8b74-5355bad653c4 (type: security_group_rules) to 0
2026-07-09 06:52:35.290 8 INFO neutron_taas.services.taas.taas_plugin [None req-3319c0a5-06cb-49d8-83b4-099d1993e6af ff448e90dbd54680b0314fcbc3e8bb40 187ca71355654cf0bb6c7386f0d91cdb - - default default] TaaS: Handle Delete Port: a3b16d4a-96f4-4594-b799-d86816ad2695
2026-07-09 06:52:35.293 8 INFO neutron_taas.services.taas.tap_mirror_plugin [None req-3319c0a5-06cb-49d8-83b4-099d1993e6af ff448e90dbd54680b0314fcbc3e8bb40 187ca71355654cf0bb6c7386f0d91cdb - - default default] Tap Mirror: Handle Delete Port: a3b16d4a-96f4-4594-b799-d86816ad2695 [pid: 7|app: 0|req: 813/1596] 10.0.0.201 () {34 vars in 685 bytes} [Thu Jul 9 06:52:35 2026] POST /v2.0/security-groups => generated 1675 bytes in 271 msecs (HTTP/1.1 201) 4 headers in 163 bytes (1 switches on core 0) [pid: 7|app: 0|req: 814/1597] 10.0.0.116 () {28 vars in 624 bytes} [Thu Jul 9 06:52:35 2026] GET /v2.0/agents?binary=ovn-controller => generated 416 bytes in 13 msecs (HTTP/1.1 200) 4 headers in 157 bytes (1 switches on core 0)
2026-07-09 06:52:35.465 7 INFO neutron.db.ovn_revision_numbers_db [None req-8b65c3f9-e828-4b34-909f-5eaf139d4a45 f94a26a6183d4c449e548d9fdff6dd50 d5a8945a65b0479e92ce91849b3ca86e - - default default] Successfully bumped revision number for resource 8be279cc-b3da-4d05-8a85-30bbf16f8942 (type: security_group_rules) to 0 [pid: 7|app: 0|req: 815/1598] 10.0.0.201 () {34 vars in 695 bytes} [Thu Jul 9 06:52:35 2026] POST /v2.0/security-group-rules => generated 597 bytes in 163 msecs (HTTP/1.1 201) 4 headers in 162 bytes (1 switches on core 0) [pid: 7|app: 0|req: 816/1599] 10.0.0.116 () {28 vars in 579 bytes} [Thu Jul 9 06:52:35 2026] GET /v2.0/ports => generated 8466 bytes in 37 msecs (HTTP/1.1 200) 4 headers in 158 bytes (1 switches on core 0) [pid: 8|app: 0|req: 784/1600] 10.0.0.201 () {32 vars in 726 bytes} [Thu Jul 9 06:52:35 2026] DELETE /v2.0/networks/dffec2b5-42d4-4c95-8ac7-024c60209887 => generated 0 bytes in 446 msecs (HTTP/1.1 204) 3 headers in 131 bytes (1 switches on core 0) [pid: 8|app: 0|req: 785/1601] 10.0.0.116 () {28 vars in 583 bytes} [Thu Jul 9 06:52:35 2026] GET /v2.0/subnets => generated 1972 bytes in 28 msecs (HTTP/1.1 200) 4 headers in 158 bytes (1 switches on core 0)
2026-07-09 06:52:35.654 7 INFO neutron.db.ovn_revision_numbers_db [None req-5ccff589-e8b8-42a4-bb63-abe5dbc39d15 f94a26a6183d4c449e548d9fdff6dd50 d5a8945a65b0479e92ce91849b3ca86e - - default default] Successfully bumped revision number for resource 5c1999df-8199-4892-86db-6c22cbd5bd31 (type: security_group_rules) to 0 [pid: 7|app: 0|req: 817/1602] 10.0.0.201 () {34 vars in 695 bytes} [Thu Jul 9 06:52:35 2026] POST /v2.0/security-group-rules => generated 596 bytes in 158 msecs (HTTP/1.1 201) 4 headers in 162 bytes (1 switches on core 0) [pid: 7|app: 0|req: 818/1603] 10.0.0.116 () {28 vars in 591 bytes} [Thu Jul 9 06:52:35 2026] GET /v2.0/subnetpools => generated 19 bytes in 12 msecs (HTTP/1.1 200) 4 headers in 156 bytes (1 switches on core 0)
2026-07-09 06:52:35.819 7 INFO neutron.db.ovn_revision_numbers_db [None req-f041df84-a38a-4f90-950d-166b27d84b9e f94a26a6183d4c449e548d9fdff6dd50 d5a8945a65b0479e92ce91849b3ca86e - - default default] Successfully bumped revision number for resource 2cce2b56-9444-4ada-a1fe-715507b4ffba (type: security_group_rules) to 0 [pid: 7|app: 0|req: 819/1604] 10.0.0.201 () {34 vars in 695 bytes} [Thu Jul 9 06:52:35 2026] POST /v2.0/security-group-rules => generated 602 bytes in 154 msecs (HTTP/1.1 201) 4 headers in 162 bytes (1 switches on core 0) [pid: 7|app: 0|req: 820/1605] 10.0.0.116 () {28 vars in 591 bytes} [Thu Jul 9 06:52:35 2026] GET /v2.0/floatingips => generated 19 bytes in 17 msecs (HTTP/1.1 200) 4 headers in 156 bytes (1 switches on core 0)
2026-07-09 06:52:35.893 8 INFO neutron.services.segments.plugin [-] Segment 0c7ee049-cf1e-40cd-b96b-ad7439cff706 resource provider aggregate not found
2026-07-09 06:52:35.901 8 INFO neutron.services.segments.plugin [-] Segment 0c7ee049-cf1e-40cd-b96b-ad7439cff706 resource provider aggregate not found
2026-07-09 06:52:35.915 8 INFO neutron.services.segments.plugin [-] Client error retrieving segment 0c7ee049-cf1e-40cd-b96b-ad7439cff706 resource provider; error: Placement Client Error (4xx): {"errors": [{"status": 404, "title": "Not Found", "detail": "The resource could not be found.\n\n No resource provider with uuid 0c7ee049-cf1e-40cd-b96b-ad7439cff706 found for delete ", "request_id": "req-dbd3ed40-5e3b-463a-8705-32808ac560a2"}]}
2026-07-09 06:52:35.928 8 INFO neutron.services.segments.plugin [-] Client error retrieving segment 0c7ee049-cf1e-40cd-b96b-ad7439cff706 resource provider; error: Placement Client Error (4xx): {"errors": [{"status": 404, "title": "Not Found", "detail": "The resource could not be found.\n\n No resource provider with uuid 0c7ee049-cf1e-40cd-b96b-ad7439cff706 found for delete ", "request_id": "req-756c4876-05cf-4300-9e70-4cb18adb914f"}]}
2026-07-09 06:52:35.991 7 INFO neutron.db.ovn_revision_numbers_db [None req-e4bff56b-218e-494b-807d-e1d0361c7914 f94a26a6183d4c449e548d9fdff6dd50 d5a8945a65b0479e92ce91849b3ca86e - - default default] Successfully bumped revision number for resource 794911ca-3219-4ce1-87a6-c1ac5b1596db (type: security_group_rules) to 0 [pid: 7|app: 0|req: 821/1606] 10.0.0.201 () {34 vars in 695 bytes} [Thu Jul 9 06:52:35 2026] POST /v2.0/security-group-rules => generated 601 bytes in 152 msecs (HTTP/1.1 201) 4 headers in 162 bytes (1 switches on core 0)
2026-07-09 06:52:36.052 8 WARNING neutron.scheduler.dhcp_agent_scheduler [None req-10475fda-01c0-4514-a879-f49a97aeb7cc ff448e90dbd54680b0314fcbc3e8bb40 187ca71355654cf0bb6c7386f0d91cdb - - default default] No more DHCP agents
2026-07-09 06:52:36.053 8 WARNING neutron.api.rpc.agentnotifiers.dhcp_rpc_agent_api [None req-10475fda-01c0-4514-a879-f49a97aeb7cc ff448e90dbd54680b0314fcbc3e8bb40 187ca71355654cf0bb6c7386f0d91cdb - - default default] Unable to schedule network 29e71064-0d28-41a0-9115-37ff7a127de0: no agents available; will retry on subsequent port and subnet creation events.
2026-07-09 06:52:36.066 7 INFO neutron.db.securitygroups_db [None req-2429db8c-792a-4126-8315-80a7a2c98998 f94a26a6183d4c449e548d9fdff6dd50 d5a8945a65b0479e92ce91849b3ca86e - - default default] Project d5a8945a65b0479e92ce91849b3ca86e added a security group rule with legacy IPv6 ICMP protocol name icmp, ipv6-icmp should be used instead. It was automatically converted.
2026-07-09 06:52:36.179 7 INFO neutron.db.ovn_revision_numbers_db [None req-2429db8c-792a-4126-8315-80a7a2c98998 f94a26a6183d4c449e548d9fdff6dd50 d5a8945a65b0479e92ce91849b3ca86e - - default default] Successfully bumped revision number for resource 130bc584-d04f-4da8-8bdf-149364d3fa9d (type: security_group_rules) to 0
2026-07-09 06:52:36.218 8 INFO neutron.db.ovn_revision_numbers_db [None req-10475fda-01c0-4514-a879-f49a97aeb7cc ff448e90dbd54680b0314fcbc3e8bb40 187ca71355654cf0bb6c7386f0d91cdb - - default default] Successfully bumped revision number for resource f0eb916c-78f1-4019-a51e-ce2ad3907807 (type: ports) to 1 [pid: 7|app: 0|req: 822/1607] 10.0.0.201 () {34 vars in 695 bytes} [Thu Jul 9 06:52:36 2026] POST /v2.0/security-group-rules => generated 607 bytes in 212 msecs (HTTP/1.1 201) 4 headers in 162 bytes (1 switches on core 0)
2026-07-09 06:52:36.300 7 INFO neutron.db.securitygroups_db [None req-73f088a0-1839-4bd0-bf2a-5ff7e42a8454 f94a26a6183d4c449e548d9fdff6dd50 d5a8945a65b0479e92ce91849b3ca86e - - default default] Project d5a8945a65b0479e92ce91849b3ca86e added a security group rule with legacy IPv6 ICMP protocol name icmp, ipv6-icmp should be used instead. It was automatically converted.
2026-07-09 06:52:36.439 7 INFO neutron.db.ovn_revision_numbers_db [None req-73f088a0-1839-4bd0-bf2a-5ff7e42a8454 f94a26a6183d4c449e548d9fdff6dd50 d5a8945a65b0479e92ce91849b3ca86e - - default default] Successfully bumped revision number for resource 597bab00-be54-4060-9a7c-4129334e82be (type: security_group_rules) to 0 [pid: 7|app: 0|req: 823/1608] 10.0.0.201 () {34 vars in 695 bytes} [Thu Jul 9 06:52:36 2026] POST /v2.0/security-group-rules => generated 606 bytes in 235 msecs (HTTP/1.1 201) 4 headers in 162 bytes (1 switches on core 0)
2026-07-09 06:52:36.887 8 INFO neutron.db.ovn_revision_numbers_db [None req-10475fda-01c0-4514-a879-f49a97aeb7cc ff448e90dbd54680b0314fcbc3e8bb40 187ca71355654cf0bb6c7386f0d91cdb - - default default] Successfully bumped revision number for resource f0eb916c-78f1-4019-a51e-ce2ad3907807 (type: router_ports) to 1
