2026-07-09 06:52:17.037 7 INFO neutron.db.ovn_revision_numbers_db [None req-af4cdc4a-b6c3-433e-a3d1-4703c4481ee9 - - - - - -] Successfully bumped revision number for resource da20df61-4f46-41ad-ad2d-493934d67f86 (type: ports) to 2 [pid: 8|app: 0|req: 723/1488] 10.0.0.201 () {32 vars in 740 bytes} [Thu Jul 9 06:52:16 2026] DELETE /v2.0/security-groups/e532cc2c-66e2-46f3-83a1-0ff8e7449bcd => generated 0 bytes in 179 msecs (HTTP/1.1 204) 2 headers in 112 bytes (1 switches on core 0) [pid: 8|app: 0|req: 724/1489] 10.0.0.28 () {32 vars in 801 bytes} [Thu Jul 9 06:52:17 2026] GET /v2.0/extensions => generated 22668 bytes in 6 msecs (HTTP/1.1 200) 4 headers in 159 bytes (1 switches on core 0) [pid: 8|app: 0|req: 725/1490] 10.0.0.51 () {34 vars in 1069 bytes} [Thu Jul 9 06:52:17 2026] GET /v2.0/ports?fields=security_groups&fields=device_id&device_id=4745f1b5-0740-4b2d-9a90-0543a3580ee5 => generated 123 bytes in 113 msecs (HTTP/1.1 200) 4 headers in 157 bytes (1 switches on core 0) [pid: 8|app: 0|req: 726/1491] 10.0.0.51 () {34 vars in 1039 bytes} [Thu Jul 9 06:52:17 2026] GET /v2.0/security-groups?id=c08a61ee-b161-4f92-9b37-5e91be037ee6&fields=id&fields=name => generated 114 bytes in 51 msecs (HTTP/1.1 200) 4 headers in 157 bytes (1 switches on core 0)
2026-07-09 06:52:17.387 7 INFO neutron_taas.services.taas.taas_plugin [None req-1c1fa7f0-f345-4ead-85c1-a553241b8aa9 ff448e90dbd54680b0314fcbc3e8bb40 187ca71355654cf0bb6c7386f0d91cdb - - default default] TaaS: Handle Delete Port: da20df61-4f46-41ad-ad2d-493934d67f86
2026-07-09 06:52:17.391 7 INFO neutron_taas.services.taas.tap_mirror_plugin [None req-1c1fa7f0-f345-4ead-85c1-a553241b8aa9 ff448e90dbd54680b0314fcbc3e8bb40 187ca71355654cf0bb6c7386f0d91cdb - - default default] Tap Mirror: Handle Delete Port: da20df61-4f46-41ad-ad2d-493934d67f86 [pid: 8|app: 0|req: 727/1492] 10.0.0.28 () {32 vars in 862 bytes} [Thu Jul 9 06:52:17 2026] GET /v2.0/quotas/7140cd4f9a9c4e3aa6e0a32f9f25cbfd/details => generated 904 bytes in 111 msecs (HTTP/1.1 200) 4 headers in 157 bytes (1 switches on core 0) [pid: 7|app: 0|req: 766/1493] 10.0.0.201 () {34 vars in 789 bytes} [Thu Jul 9 06:52:16 2026] PUT /v2.0/routers/46325c99-2410-4a39-ae2a-2dd8fd0bc61c/remove_router_interface => generated 310 bytes in 748 msecs (HTTP/1.1 200) 4 headers in 157 bytes (1 switches on core 0) [pid: 8|app: 0|req: 728/1494] 10.0.0.201 () {32 vars in 717 bytes} [Thu Jul 9 06:52:17 2026] GET /v2.0/ports/58077214-0241-4812-97ea-62b5f69f5391 => generated 943 bytes in 81 msecs (HTTP/1.1 200) 4 headers in 157 bytes (1 switches on core 0) /var/lib/openstack/lib/python3.12/site-packages/pycadf/identifier.py:70: UserWarning: Invalid uuid: neutron. To ensure interoperability, identifiers should be a valid uuid. warnings.warn(('Invalid uuid: %s. To ensure interoperability, '
2026-07-09 06:52:18.044 7 INFO neutron_taas.services.taas.taas_plugin [None req-fc2feff2-ea29-416a-861e-9c02eb654874 ff448e90dbd54680b0314fcbc3e8bb40 187ca71355654cf0bb6c7386f0d91cdb - - default default] TaaS: Handle Delete Port: 58077214-0241-4812-97ea-62b5f69f5391
2026-07-09 06:52:18.047 7 INFO neutron_taas.services.taas.tap_mirror_plugin [None req-fc2feff2-ea29-416a-861e-9c02eb654874 ff448e90dbd54680b0314fcbc3e8bb40 187ca71355654cf0bb6c7386f0d91cdb - - default default] Tap Mirror: Handle Delete Port: 58077214-0241-4812-97ea-62b5f69f5391 [pid: 7|app: 0|req: 767/1495] 10.0.0.201 () {34 vars in 789 bytes} [Thu Jul 9 06:52:17 2026] PUT /v2.0/routers/46325c99-2410-4a39-ae2a-2dd8fd0bc61c/remove_router_interface => generated 310 bytes in 577 msecs (HTTP/1.1 200) 4 headers in 157 bytes (1 switches on core 0) [pid: 8|app: 0|req: 729/1496] 10.0.0.201 () {32 vars in 736 bytes} [Thu Jul 9 06:52:18 2026] GET /v2.0/ports?device_id=46325c99-2410-4a39-ae2a-2dd8fd0bc61c => generated 12 bytes in 25 msecs (HTTP/1.1 200) 4 headers in 156 bytes (1 switches on core 0) /var/lib/openstack/lib/python3.12/site-packages/pycadf/identifier.py:70: UserWarning: Invalid uuid: neutron. To ensure interoperability, identifiers should be a valid uuid. warnings.warn(('Invalid uuid: %s. To ensure interoperability, ' [pid: 7|app: 0|req: 768/1497] 10.0.0.51 () {34 vars in 1069 bytes} [Thu Jul 9 06:52:18 2026] GET /v2.0/ports?fields=security_groups&fields=device_id&device_id=4745f1b5-0740-4b2d-9a90-0543a3580ee5 => generated 123 bytes in 107 msecs (HTTP/1.1 200) 4 headers in 157 bytes (1 switches on core 0) [pid: 7|app: 0|req: 769/1498] 10.0.0.51 () {34 vars in 1039 bytes} [Thu Jul 9 06:52:18 2026] GET /v2.0/security-groups?id=c08a61ee-b161-4f92-9b37-5e91be037ee6&fields=id&fields=name => generated 114 bytes in 34 msecs (HTTP/1.1 200) 4 headers in 157 bytes (1 switches on core 0) [pid: 8|app: 0|req: 730/1499] 10.0.0.201 () {32 vars in 724 bytes} [Thu Jul 9 06:52:18 2026] DELETE /v2.0/routers/46325c99-2410-4a39-ae2a-2dd8fd0bc61c => generated 0 bytes in 204 msecs (HTTP/1.1 204) 2 headers in 112 bytes (1 switches on core 0) [pid: 7|app: 0|req: 770/1500] 10.0.0.201 () {32 vars in 724 bytes} [Thu Jul 9 06:52:18 2026] DELETE /v2.0/subnets/c9f6f3ae-a219-44f9-ab4f-80ec81a8d12b => generated 0 bytes in 182 msecs (HTTP/1.1 204) 3 headers in 131 bytes (1 switches on core 0) [pid: 8|app: 0|req: 731/1501] 10.0.0.201 () {32 vars in 724 bytes} [Thu Jul 9 06:52:18 2026] DELETE /v2.0/subnets/f0703875-6751-4b22-9d7b-84dcae9f2335 => generated 0 bytes in 211 msecs (HTTP/1.1 204) 3 headers in 131 bytes (1 switches on core 0)
2026-07-09 06:52:19.195 8 INFO neutron_taas.services.taas.taas_plugin [None req-c8b6a423-6001-4d9c-b164-09f4e24959cf ff448e90dbd54680b0314fcbc3e8bb40 187ca71355654cf0bb6c7386f0d91cdb - - default default] TaaS: Handle Delete Port: 1fa030c9-c758-4a19-a0f6-40c051bf3dd8
2026-07-09 06:52:19.201 8 INFO neutron_taas.services.taas.tap_mirror_plugin [None req-c8b6a423-6001-4d9c-b164-09f4e24959cf ff448e90dbd54680b0314fcbc3e8bb40 187ca71355654cf0bb6c7386f0d91cdb - - default default] Tap Mirror: Handle Delete Port: 1fa030c9-c758-4a19-a0f6-40c051bf3dd8
2026-07-09 06:52:19.405 7 INFO neutron.db.ovn_revision_numbers_db [None req-58954d4e-8ce2-4827-8fad-e8aa99a4847c 6bfe474c7a344ab2b4c4895c5b835665 2333949c25894cb2b6d4b615365b7689 - - default default] Successfully bumped revision number for resource c453ec59-7f91-46bf-81c5-b7af28a28aac (type: security_groups) to 1
2026-07-09 06:52:19.428 8 INFO neutron.services.segments.plugin [-] Segment cd11f430-dbce-4209-8c43-3131e7e182a9 resource provider aggregate not found
2026-07-09 06:52:19.433 7 INFO neutron.db.ovn_revision_numbers_db [None req-58954d4e-8ce2-4827-8fad-e8aa99a4847c 6bfe474c7a344ab2b4c4895c5b835665 2333949c25894cb2b6d4b615365b7689 - - default default] Successfully bumped revision number for resource 06b93db2-02b4-40d1-9ea1-5d59d4f11a7a (type: security_group_rules) to 0
2026-07-09 06:52:19.436 8 INFO neutron.services.segments.plugin [-] Segment cd11f430-dbce-4209-8c43-3131e7e182a9 resource provider aggregate not found
2026-07-09 06:52:19.448 7 INFO neutron.db.ovn_revision_numbers_db [None req-58954d4e-8ce2-4827-8fad-e8aa99a4847c 6bfe474c7a344ab2b4c4895c5b835665 2333949c25894cb2b6d4b615365b7689 - - default default] Successfully bumped revision number for resource 57a14c8b-af80-450a-b50f-fc74cb4d6957 (type: security_group_rules) to 0
2026-07-09 06:52:19.451 8 INFO neutron.services.segments.plugin [-] Client error retrieving segment cd11f430-dbce-4209-8c43-3131e7e182a9 resource provider; error: Placement Client Error (4xx): {"errors": [{"status": 404, "title": "Not Found", "detail": "The resource could not be found.\n\n No resource provider with uuid cd11f430-dbce-4209-8c43-3131e7e182a9 found for delete ", "request_id": "req-04c28b51-5a1f-470b-93ba-bd881ff6b19a"}]}
2026-07-09 06:52:19.457 8 INFO neutron.services.segments.plugin [-] Client error retrieving segment cd11f430-dbce-4209-8c43-3131e7e182a9 resource provider; error: Placement Client Error (4xx): {"errors": [{"status": 404, "title": "Not Found", "detail": "The resource could not be found.\n\n No resource provider with uuid cd11f430-dbce-4209-8c43-3131e7e182a9 found for delete ", "request_id": "req-ed311cf9-4fe2-46ad-902e-e1a6e17c8fb2"}]}
2026-07-09 06:52:19.471 7 INFO neutron.db.ovn_revision_numbers_db [None req-58954d4e-8ce2-4827-8fad-e8aa99a4847c 6bfe474c7a344ab2b4c4895c5b835665 2333949c25894cb2b6d4b615365b7689 - - default default] Successfully bumped revision number for resource 665572e7-5d9f-4742-9b75-6267def39cca (type: security_group_rules) to 0 [pid: 8|app: 0|req: 732/1502] 10.0.0.201 () {32 vars in 726 bytes} [Thu Jul 9 06:52:19 2026] DELETE /v2.0/networks/e1e39d17-5c5b-405e-b1d2-5737b3521fd7 => generated 0 bytes in 437 msecs (HTTP/1.1 204) 3 headers in 131 bytes (1 switches on core 0)
2026-07-09 06:52:19.487 7 INFO neutron.db.ovn_revision_numbers_db [None req-58954d4e-8ce2-4827-8fad-e8aa99a4847c 6bfe474c7a344ab2b4c4895c5b835665 2333949c25894cb2b6d4b615365b7689 - - default default] Successfully bumped revision number for resource a17e9ae3-c778-4bb2-80b5-e167d1757f93 (type: security_group_rules) to 0
2026-07-09 06:52:19.568 7 INFO neutron.db.segments_db [None req-58954d4e-8ce2-4827-8fad-e8aa99a4847c 6bfe474c7a344ab2b4c4895c5b835665 2333949c25894cb2b6d4b615365b7689 - - default default] Added segment 7f06b3a5-9a4d-4fbc-92a5-0fa1095a8d74 of type geneve for network 1d147aa7-49a9-40ad-a1c9-8fb58c6d2519
2026-07-09 06:52:19.658 8 INFO neutron_taas.services.taas.taas_plugin [None req-1a14f2e8-95e6-4e09-84d6-5e4a3e898728 ff448e90dbd54680b0314fcbc3e8bb40 187ca71355654cf0bb6c7386f0d91cdb - - default default] TaaS: Handle Delete Port: be8db389-443e-4621-b944-ff8fbcb7e0d1
2026-07-09 06:52:19.667 8 INFO neutron_taas.services.taas.tap_mirror_plugin [None req-1a14f2e8-95e6-4e09-84d6-5e4a3e898728 ff448e90dbd54680b0314fcbc3e8bb40 187ca71355654cf0bb6c7386f0d91cdb - - default default] Tap Mirror: Handle Delete Port: be8db389-443e-4621-b944-ff8fbcb7e0d1
2026-07-09 06:52:19.700 7 INFO neutron.db.ovn_revision_numbers_db [None req-58954d4e-8ce2-4827-8fad-e8aa99a4847c 6bfe474c7a344ab2b4c4895c5b835665 2333949c25894cb2b6d4b615365b7689 - - default default] Successfully bumped revision number for resource 1d147aa7-49a9-40ad-a1c9-8fb58c6d2519 (type: networks) to 1
2026-07-09 06:52:19.923 7 WARNING neutron.scheduler.dhcp_agent_scheduler [None req-58954d4e-8ce2-4827-8fad-e8aa99a4847c 6bfe474c7a344ab2b4c4895c5b835665 2333949c25894cb2b6d4b615365b7689 - - default default] No more DHCP agents
2026-07-09 06:52:19.924 7 WARNING neutron.api.rpc.agentnotifiers.dhcp_rpc_agent_api [None req-58954d4e-8ce2-4827-8fad-e8aa99a4847c 6bfe474c7a344ab2b4c4895c5b835665 2333949c25894cb2b6d4b615365b7689 - - default default] Unable to schedule network 1d147aa7-49a9-40ad-a1c9-8fb58c6d2519: no agents available; will retry on subsequent port and subnet creation events. [pid: 8|app: 0|req: 733/1503] 10.0.0.201 () {32 vars in 726 bytes} [Thu Jul 9 06:52:19 2026] DELETE /v2.0/networks/165d65a6-86f1-486c-b666-6ec2b8b26fb8 => generated 0 bytes in 439 msecs (HTTP/1.1 204) 3 headers in 131 bytes (1 switches on core 0) [pid: 8|app: 0|req: 734/1504] 10.0.0.51 () {34 vars in 1069 bytes} [Thu Jul 9 06:52:19 2026] GET /v2.0/ports?fields=security_groups&fields=device_id&device_id=4745f1b5-0740-4b2d-9a90-0543a3580ee5 => generated 123 bytes in 43 msecs (HTTP/1.1 200) 4 headers in 157 bytes (1 switches on core 0)
2026-07-09 06:52:20.018 7 INFO neutron.db.ovn_revision_numbers_db [None req-58954d4e-8ce2-4827-8fad-e8aa99a4847c 6bfe474c7a344ab2b4c4895c5b835665 2333949c25894cb2b6d4b615365b7689 - - default default] Successfully bumped revision number for resource 079e7104-b83c-4fa7-a377-a2746a7aecda (type: ports) to 1 [pid: 7|app: 0|req: 771/1505] 10.0.0.201 () {34 vars in 670 bytes} [Thu Jul 9 06:52:19 2026] POST /v2.0/networks => generated 687 bytes in 1007 msecs (HTTP/1.1 201) 4 headers in 162 bytes (1 switches on core 0) [pid: 7|app: 0|req: 772/1506] 10.0.0.51 () {34 vars in 1039 bytes} [Thu Jul 9 06:52:20 2026] GET /v2.0/security-groups?id=c08a61ee-b161-4f92-9b37-5e91be037ee6&fields=id&fields=name => generated 114 bytes in 42 msecs (HTTP/1.1 200) 4 headers in 157 bytes (1 switches on core 0)
2026-07-09 06:52:20.130 8 WARNING neutron.plugins.ml2.drivers.ovn.mech_driver.ovsdb.ovn_client [None req-4ad594ea-761d-4edb-b501-21230682b584 - - - - - -] No port found with ID 58077214-0241-4812-97ea-62b5f69f5391: RuntimeError: No port found with ID 58077214-0241-4812-97ea-62b5f69f5391
2026-07-09 06:52:20.136 8 INFO neutron.db.segments_db [None req-3948e3a3-0619-412d-982f-5f7ce816ff94 ff448e90dbd54680b0314fcbc3e8bb40 187ca71355654cf0bb6c7386f0d91cdb - - default default] Added segment a4f4c168-4d4c-47d9-8424-9fa8d9f8ffeb of type geneve for network ecbac92a-4c72-4699-b7cf-65cee9eccf46
2026-07-09 06:52:20.163 8 INFO neutron.plugins.ml2.drivers.ovn.mech_driver.mech_driver [None req-4ad594ea-761d-4edb-b501-21230682b584 - - - - - -] OVN reports status down for port: 079e7104-b83c-4fa7-a377-a2746a7aecda
2026-07-09 06:52:20.328 7 WARNING neutron.scheduler.dhcp_agent_scheduler [None req-266b374f-0dc0-4aec-bd8a-ce8b431a0870 6bfe474c7a344ab2b4c4895c5b835665 2333949c25894cb2b6d4b615365b7689 - - default default] No more DHCP agents
2026-07-09 06:52:20.329 7 WARNING neutron.api.rpc.agentnotifiers.dhcp_rpc_agent_api [None req-266b374f-0dc0-4aec-bd8a-ce8b431a0870 6bfe474c7a344ab2b4c4895c5b835665 2333949c25894cb2b6d4b615365b7689 - - default default] Unable to schedule network 1d147aa7-49a9-40ad-a1c9-8fb58c6d2519: no agents available; will retry on subsequent port and subnet creation events.
2026-07-09 06:52:20.351 8 INFO neutron.db.ovn_revision_numbers_db [None req-3948e3a3-0619-412d-982f-5f7ce816ff94 ff448e90dbd54680b0314fcbc3e8bb40 187ca71355654cf0bb6c7386f0d91cdb - - default default] Successfully bumped revision number for resource ecbac92a-4c72-4699-b7cf-65cee9eccf46 (type: networks) to 1
2026-07-09 06:52:20.420 7 INFO neutron.db.ovn_revision_numbers_db [None req-266b374f-0dc0-4aec-bd8a-ce8b431a0870 6bfe474c7a344ab2b4c4895c5b835665 2333949c25894cb2b6d4b615365b7689 - - default default] Successfully bumped revision number for resource 7aae624f-688b-439a-bf6b-091053d52a80 (type: ports) to 1 [pid: 7|app: 0|req: 773/1507] 10.0.0.201 () {34 vars in 665 bytes} [Thu Jul 9 06:52:20 2026] POST /v2.0/ports => generated 778 bytes in 359 msecs (HTTP/1.1 201) 4 headers in 162 bytes (1 switches on core 0) /var/lib/openstack/lib/python3.12/site-packages/pycadf/identifier.py:70: UserWarning: Invalid uuid: neutron. To ensure interoperability, identifiers should be a valid uuid. warnings.warn(('Invalid uuid: %s. To ensure interoperability, '
2026-07-09 06:52:20.539 8 WARNING neutron.scheduler.dhcp_agent_scheduler [None req-3948e3a3-0619-412d-982f-5f7ce816ff94 ff448e90dbd54680b0314fcbc3e8bb40 187ca71355654cf0bb6c7386f0d91cdb - - default default] No more DHCP agents
2026-07-09 06:52:20.540 8 WARNING neutron.api.rpc.agentnotifiers.dhcp_rpc_agent_api [None req-3948e3a3-0619-412d-982f-5f7ce816ff94 ff448e90dbd54680b0314fcbc3e8bb40 187ca71355654cf0bb6c7386f0d91cdb - - default default] Unable to schedule network ecbac92a-4c72-4699-b7cf-65cee9eccf46: no agents available; will retry on subsequent port and subnet creation events.
2026-07-09 06:52:20.543 7 INFO neutron.db.segments_db [None req-0b1c4e03-46da-4a66-b2f2-66ceb0d014dc 6bfe474c7a344ab2b4c4895c5b835665 2333949c25894cb2b6d4b615365b7689 - - default default] Added segment dbdd3610-f090-484c-8d1b-fe2e8be5b106 of type geneve for network 1e675b86-1f92-4a56-a1dd-d4a20543f649
2026-07-09 06:52:20.586 8 INFO neutron.plugins.ml2.drivers.ovn.mech_driver.mech_driver [None req-4ad594ea-761d-4edb-b501-21230682b584 - - - - - -] OVN reports status down for port: 81080080-95a6-43ac-b834-c2e65b583bc2
2026-07-09 06:52:20.653 8 INFO neutron.db.ovn_revision_numbers_db [None req-3948e3a3-0619-412d-982f-5f7ce816ff94 ff448e90dbd54680b0314fcbc3e8bb40 187ca71355654cf0bb6c7386f0d91cdb - - default default] Successfully bumped revision number for resource 81080080-95a6-43ac-b834-c2e65b583bc2 (type: ports) to 1
2026-07-09 06:52:20.687 7 INFO neutron.db.ovn_revision_numbers_db [None req-0b1c4e03-46da-4a66-b2f2-66ceb0d014dc 6bfe474c7a344ab2b4c4895c5b835665 2333949c25894cb2b6d4b615365b7689 - - default default] Successfully bumped revision number for resource 1e675b86-1f92-4a56-a1dd-d4a20543f649 (type: networks) to 1 [pid: 8|app: 0|req: 735/1508] 10.0.0.201 () {34 vars in 670 bytes} [Thu Jul 9 06:52:19 2026] POST /v2.0/networks => generated 668 bytes in 728 msecs (HTTP/1.1 201) 4 headers in 162 bytes (1 switches on core 0) [pid: 8|app: 0|req: 736/1509] 199.204.45.77 () {34 vars in 993 bytes} [Thu Jul 9 06:52:20 2026] GET /v2.0/ports?device_id=4745f1b5-0740-4b2d-9a90-0543a3580ee5 => generated 969 bytes in 51 msecs (HTTP/1.1 200) 4 headers in 157 bytes (1 switches on core 0)
2026-07-09 06:52:20.863 7 WARNING neutron.scheduler.dhcp_agent_scheduler [None req-0b1c4e03-46da-4a66-b2f2-66ceb0d014dc 6bfe474c7a344ab2b4c4895c5b835665 2333949c25894cb2b6d4b615365b7689 - - default default] No more DHCP agents
2026-07-09 06:52:20.865 7 WARNING neutron.api.rpc.agentnotifiers.dhcp_rpc_agent_api [None req-0b1c4e03-46da-4a66-b2f2-66ceb0d014dc 6bfe474c7a344ab2b4c4895c5b835665 2333949c25894cb2b6d4b615365b7689 - - default default] Unable to schedule network 1e675b86-1f92-4a56-a1dd-d4a20543f649: no agents available; will retry on subsequent port and subnet creation events.
2026-07-09 06:52:20.903 8 WARNING neutron.scheduler.dhcp_agent_scheduler [None req-9348f2ad-4f12-484e-b996-69cbeeaa81e3 ff448e90dbd54680b0314fcbc3e8bb40 187ca71355654cf0bb6c7386f0d91cdb - - default default] No more DHCP agents
2026-07-09 06:52:20.917 8 WARNING neutron.api.rpc.agentnotifiers.dhcp_rpc_agent_api [None req-9348f2ad-4f12-484e-b996-69cbeeaa81e3 ff448e90dbd54680b0314fcbc3e8bb40 187ca71355654cf0bb6c7386f0d91cdb - - default default] Unable to schedule network ecbac92a-4c72-4699-b7cf-65cee9eccf46: no agents available; will retry on subsequent port and subnet creation events.
2026-07-09 06:52:20.921 8 INFO neutron.plugins.ml2.drivers.ovn.mech_driver.mech_driver [None req-4ad594ea-761d-4edb-b501-21230682b584 - - - - - -] OVN reports status down for port: f1a15044-ee79-40e9-b5db-d8ed2f56fdd4
2026-07-09 06:52:20.949 7 INFO neutron.db.ovn_revision_numbers_db [None req-0b1c4e03-46da-4a66-b2f2-66ceb0d014dc 6bfe474c7a344ab2b4c4895c5b835665 2333949c25894cb2b6d4b615365b7689 - - default default] Successfully bumped revision number for resource f1a15044-ee79-40e9-b5db-d8ed2f56fdd4 (type: ports) to 1 [pid: 7|app: 0|req: 774/1510] 10.0.0.201 () {34 vars in 670 bytes} [Thu Jul 9 06:52:20 2026] POST /v2.0/networks => generated 673 bytes in 517 msecs (HTTP/1.1 201) 4 headers in 162 bytes (1 switches on core 0)
2026-07-09 06:52:21.116 7 INFO neutron_taas.services.taas.taas_plugin [req-72d113fe-b7f2-42f4-9c01-5541518efa73 req-cdbc39a8-14c8-4044-8101-648c872bebac 5828a1fdcedf4d3290aea7a9fb14be99 7fc09ae4b90c4755bce0c9d4f322a763 - - default default] TaaS: Handle Delete Port: 116a1cbc-1aaa-4bb1-851d-eb9b0c2beeaa
2026-07-09 06:52:21.120 7 INFO neutron_taas.services.taas.tap_mirror_plugin [req-72d113fe-b7f2-42f4-9c01-5541518efa73 req-cdbc39a8-14c8-4044-8101-648c872bebac 5828a1fdcedf4d3290aea7a9fb14be99 7fc09ae4b90c4755bce0c9d4f322a763 - - default default] Tap Mirror: Handle Delete Port: 116a1cbc-1aaa-4bb1-851d-eb9b0c2beeaa [pid: 7|app: 0|req: 775/1511] 199.204.45.77 () {36 vars in 996 bytes} [Thu Jul 9 06:52:20 2026] DELETE /v2.0/ports/116a1cbc-1aaa-4bb1-851d-eb9b0c2beeaa => generated 0 bytes in 328 msecs (HTTP/1.1 204) 3 headers in 131 bytes (1 switches on core 0)
2026-07-09 06:52:21.343 7 WARNING neutron.notifiers.nova [-] Nova event matching ['req-3e1ec0a0-0687-4bba-a4d3-a7aafc41e225']: {'server_uuid': '4745f1b5-0740-4b2d-9a90-0543a3580ee5', 'name': 'network-vif-deleted', 'tag': '116a1cbc-1aaa-4bb1-851d-eb9b0c2beeaa', 'status': 'failed', 'code': 422} returned with failed status
2026-07-09 06:52:21.418 7 WARNING neutron.db.securitygroups_db [None req-2f61523e-6de9-4edf-954c-b1c61be0d02a 973034d16270436d9c247592a90fdbc3 a28a0120d89e4851a6b66414e305c2b6 - - default default] project_id key not found in filters, using tenant_id instead. This support has been deprecated and will be removed in a future release.
2026-07-09 06:52:21.482 8 INFO neutron.services.segments.plugin [-] Segment af632cf2-b172-4844-827a-30690cfcaeb4 resource provider aggregate not found
2026-07-09 06:52:21.488 8 INFO neutron.services.segments.plugin [-] Segment af632cf2-b172-4844-827a-30690cfcaeb4 resource provider aggregate not found
2026-07-09 06:52:21.503 8 INFO neutron.services.segments.plugin [-] Client error retrieving segment af632cf2-b172-4844-827a-30690cfcaeb4 resource provider; error: Placement Client Error (4xx): {"errors": [{"status": 404, "title": "Not Found", "detail": "The resource could not be found.\n\n No resource provider with uuid af632cf2-b172-4844-827a-30690cfcaeb4 found for delete ", "request_id": "req-778df4ec-035b-4f46-af0f-5f5727ad2535"}]}
2026-07-09 06:52:21.514 8 INFO neutron.services.segments.plugin [-] Client error retrieving segment af632cf2-b172-4844-827a-30690cfcaeb4 resource provider; error: Placement Client Error (4xx): {"errors": [{"status": 404, "title": "Not Found", "detail": "The resource could not be found.\n\n No resource provider with uuid af632cf2-b172-4844-827a-30690cfcaeb4 found for delete ", "request_id": "req-0737d59b-9de5-4c1f-ac4d-14dbd06080c8"}]}
2026-07-09 06:52:21.531 8 INFO neutron.db.ovn_revision_numbers_db [None req-9348f2ad-4f12-484e-b996-69cbeeaa81e3 ff448e90dbd54680b0314fcbc3e8bb40 187ca71355654cf0bb6c7386f0d91cdb - - default default] Successfully bumped revision number for resource 81080080-95a6-43ac-b834-c2e65b583bc2 (type: ports) to 2
2026-07-09 06:52:21.533 7 INFO neutron.db.ovn_revision_numbers_db [None req-2f61523e-6de9-4edf-954c-b1c61be0d02a 973034d16270436d9c247592a90fdbc3 a28a0120d89e4851a6b66414e305c2b6 - - default default] Successfully bumped revision number for resource e32a7fad-d2e4-4cae-a0ea-64d001a24e40 (type: security_groups) to 1
2026-07-09 06:52:21.544 7 INFO neutron.db.ovn_revision_numbers_db [None req-2f61523e-6de9-4edf-954c-b1c61be0d02a 973034d16270436d9c247592a90fdbc3 a28a0120d89e4851a6b66414e305c2b6 - - default default] Successfully bumped revision number for resource 1c44cb80-6880-4086-9108-03e233872006 (type: security_group_rules) to 0
2026-07-09 06:52:21.559 7 INFO neutron.db.ovn_revision_numbers_db [None req-2f61523e-6de9-4edf-954c-b1c61be0d02a 973034d16270436d9c247592a90fdbc3 a28a0120d89e4851a6b66414e305c2b6 - - default default] Successfully bumped revision number for resource 70c7b204-83e3-49e1-9afb-070946968578 (type: security_group_rules) to 0
2026-07-09 06:52:21.565 8 INFO neutron.db.ovn_revision_numbers_db [None req-9348f2ad-4f12-484e-b996-69cbeeaa81e3 ff448e90dbd54680b0314fcbc3e8bb40 187ca71355654cf0bb6c7386f0d91cdb - - default default] Successfully bumped revision number for resource ede45a2b-0b9c-4983-9b0d-e1ed55f9d455 (type: subnets) to 0
2026-07-09 06:52:21.576 7 INFO neutron.db.ovn_revision_numbers_db [None req-2f61523e-6de9-4edf-954c-b1c61be0d02a 973034d16270436d9c247592a90fdbc3 a28a0120d89e4851a6b66414e305c2b6 - - default default] Successfully bumped revision number for resource d4bd3d60-4d75-425c-9e3c-52c273cfaf85 (type: security_group_rules) to 0 [pid: 8|app: 0|req: 737/1512] 10.0.0.201 () {34 vars in 669 bytes} [Thu Jul 9 06:52:20 2026] POST /v2.0/subnets => generated 626 bytes in 831 msecs (HTTP/1.1 201) 4 headers in 162 bytes (1 switches on core 0)
2026-07-09 06:52:21.588 7 INFO neutron.db.ovn_revision_numbers_db [None req-2f61523e-6de9-4edf-954c-b1c61be0d02a 973034d16270436d9c247592a90fdbc3 a28a0120d89e4851a6b66414e305c2b6 - - default default] Successfully bumped revision number for resource ef2cd766-c88f-45af-84d6-a7dcd7c3eb1c (type: security_group_rules) to 0 [pid: 7|app: 0|req: 776/1513] 10.0.0.201 () {32 vars in 774 bytes} [Thu Jul 9 06:52:21 2026] GET /v2.0/security-groups?tenant_id=7140cd4f9a9c4e3aa6e0a32f9f25cbfd&name=default => generated 2925 bytes in 327 msecs (HTTP/1.1 200) 4 headers in 158 bytes (1 switches on core 0) [pid: 7|app: 0|req: 777/1514] 10.0.0.51 () {34 vars in 1069 bytes} [Thu Jul 9 06:52:21 2026] GET /v2.0/ports?fields=security_groups&fields=device_id&device_id=4745f1b5-0740-4b2d-9a90-0543a3580ee5 => generated 12 bytes in 20 msecs (HTTP/1.1 200) 4 headers in 156 bytes (1 switches on core 0)
2026-07-09 06:52:21.763 8 WARNING neutron.scheduler.dhcp_agent_scheduler [None req-c213b5b8-6a5c-467b-b868-19d91fc9d932 6bfe474c7a344ab2b4c4895c5b835665 2333949c25894cb2b6d4b615365b7689 - - default default] No more DHCP agents
2026-07-09 06:52:21.764 8 WARNING neutron.api.rpc.agentnotifiers.dhcp_rpc_agent_api [None req-c213b5b8-6a5c-467b-b868-19d91fc9d932 6bfe474c7a344ab2b4c4895c5b835665 2333949c25894cb2b6d4b615365b7689 - - default default] Unable to schedule network 1e675b86-1f92-4a56-a1dd-d4a20543f649: no agents available; will retry on subsequent port and subnet creation events.
2026-07-09 06:52:21.776 7 INFO neutron.db.ovn_revision_numbers_db [None req-4efb5f43-5e47-45ea-be82-8e8b79fc6b66 ff448e90dbd54680b0314fcbc3e8bb40 187ca71355654cf0bb6c7386f0d91cdb - - default default] Successfully bumped revision number for resource a6f1d2c9-d68e-41d5-a9b2-6052a715c35a (type: routers) to 1
2026-07-09 06:52:21.792 8 INFO neutron.db.ovn_revision_numbers_db [None req-c213b5b8-6a5c-467b-b868-19d91fc9d932 6bfe474c7a344ab2b4c4895c5b835665 2333949c25894cb2b6d4b615365b7689 - - default default] Successfully bumped revision number for resource 17d7691e-9235-4f02-aeca-8c2fa3c52907 (type: subnets) to 0 [pid: 7|app: 0|req: 778/1515] 10.0.0.201 () {34 vars in 669 bytes} [Thu Jul 9 06:52:21 2026] POST /v2.0/routers => generated 624 bytes in 144 msecs (HTTP/1.1 201) 4 headers in 162 bytes (1 switches on core 0) [pid: 8|app: 0|req: 738/1516] 10.0.0.201 () {34 vars in 669 bytes} [Thu Jul 9 06:52:21 2026] POST /v2.0/subnets => generated 646 bytes in 230 msecs (HTTP/1.1 201) 4 headers in 162 bytes (1 switches on core 0) [pid: 7|app: 0|req: 779/1517] 10.0.0.201 () {32 vars in 740 bytes} [Thu Jul 9 06:52:21 2026] DELETE /v2.0/security-groups/e32a7fad-d2e4-4cae-a0ea-64d001a24e40 => generated 0 bytes in 168 msecs (HTTP/1.1 204) 2 headers in 112 bytes (1 switches on core 0)
2026-07-09 06:52:22.064 8 WARNING neutron.scheduler.dhcp_agent_scheduler [None req-31fad701-54f2-48b5-a1b2-f23dcb9e225f ff448e90dbd54680b0314fcbc3e8bb40 187ca71355654cf0bb6c7386f0d91cdb - - default default] No more DHCP agents
2026-07-09 06:52:22.066 8 WARNING neutron.api.rpc.agentnotifiers.dhcp_rpc_agent_api [None req-31fad701-54f2-48b5-a1b2-f23dcb9e225f ff448e90dbd54680b0314fcbc3e8bb40 187ca71355654cf0bb6c7386f0d91cdb - - default default] Unable to schedule network ecbac92a-4c72-4699-b7cf-65cee9eccf46: no agents available; will retry on subsequent port and subnet creation events.
2026-07-09 06:52:22.223 8 INFO neutron.db.ovn_revision_numbers_db [None req-31fad701-54f2-48b5-a1b2-f23dcb9e225f ff448e90dbd54680b0314fcbc3e8bb40 187ca71355654cf0bb6c7386f0d91cdb - - default default] Successfully bumped revision number for resource bb4f4076-3dc8-4a11-9008-1ebdec4a8fe6 (type: ports) to 1 [pid: 8|app: 0|req: 739/1518] 10.0.0.201 () {34 vars in 665 bytes} [Thu Jul 9 06:52:21 2026] POST /v2.0/ports => generated 951 bytes in 439 msecs (HTTP/1.1 201) 4 headers in 162 bytes (1 switches on core 0) /var/lib/openstack/lib/python3.12/site-packages/pycadf/identifier.py:70: UserWarning: Invalid uuid: neutron. To ensure interoperability, identifiers should be a valid uuid. warnings.warn(('Invalid uuid: %s. To ensure interoperability, '
2026-07-09 06:52:22.277 7 WARNING neutron.scheduler.dhcp_agent_scheduler [None req-54f4396e-e1b5-4c1a-9218-cae53911551d 6bfe474c7a344ab2b4c4895c5b835665 2333949c25894cb2b6d4b615365b7689 - - default default] No more DHCP agents
2026-07-09 06:52:22.278 7 WARNING neutron.api.rpc.agentnotifiers.dhcp_rpc_agent_api [None req-54f4396e-e1b5-4c1a-9218-cae53911551d 6bfe474c7a344ab2b4c4895c5b835665 2333949c25894cb2b6d4b615365b7689 - - default default] Unable to schedule network 1e675b86-1f92-4a56-a1dd-d4a20543f649: no agents available; will retry on subsequent port and subnet creation events.
2026-07-09 06:52:22.406 7 INFO neutron.db.ovn_revision_numbers_db [None req-54f4396e-e1b5-4c1a-9218-cae53911551d 6bfe474c7a344ab2b4c4895c5b835665 2333949c25894cb2b6d4b615365b7689 - - default default] Successfully bumped revision number for resource bbd31164-641d-412f-9006-8c050a0e85a1 (type: ports) to 1 [pid: 7|app: 0|req: 780/1519] 10.0.0.201 () {34 vars in 665 bytes} [Thu Jul 9 06:52:21 2026] POST /v2.0/ports => generated 966 bytes in 470 msecs (HTTP/1.1 201) 4 headers in 162 bytes (1 switches on core 0) /var/lib/openstack/lib/python3.12/site-packages/pycadf/identifier.py:70: UserWarning: Invalid uuid: neutron. To ensure interoperability, identifiers should be a valid uuid. warnings.warn(('Invalid uuid: %s. To ensure interoperability, '
2026-07-09 06:52:22.577 7 INFO neutron_taas.services.taas.taas_plugin [None req-26060a38-5727-49e6-92b5-4afcfec0a679 6bfe474c7a344ab2b4c4895c5b835665 2333949c25894cb2b6d4b615365b7689 - - default default] TaaS: Handle Delete Port: bbd31164-641d-412f-9006-8c050a0e85a1
2026-07-09 06:52:22.580 7 INFO neutron_taas.services.taas.tap_mirror_plugin [None req-26060a38-5727-49e6-92b5-4afcfec0a679 6bfe474c7a344ab2b4c4895c5b835665 2333949c25894cb2b6d4b615365b7689 - - default default] Tap Mirror: Handle Delete Port: bbd31164-641d-412f-9006-8c050a0e85a1 [pid: 7|app: 0|req: 781/1520] 10.0.0.201 () {32 vars in 720 bytes} [Thu Jul 9 06:52:22 2026] DELETE /v2.0/ports/bbd31164-641d-412f-9006-8c050a0e85a1 => generated 0 bytes in 293 msecs (HTTP/1.1 204) 3 headers in 131 bytes (1 switches on core 0) [pid: 7|app: 0|req: 784/1523] 10.0.0.51 () {34 vars in 1069 bytes} [Thu Jul 9 06:52:22 2026] GET /v2.0/ports?fields=security_groups&fields=device_id&device_id=4745f1b5-0740-4b2d-9a90-0543a3580ee5 => generated 12 bytes in 24 msecs (HTTP/1.1 200) 4 headers in 156 bytes (1 switches on core 0)
2026-07-09 06:52:22.773 7 INFO neutron.pecan_wsgi.hooks.translation [None req-62a29852-2b51-4e27-ae20-a5d474be0875 6bfe474c7a344ab2b4c4895c5b835665 2333949c25894cb2b6d4b615365b7689 - - default default] DELETE failed (client error): The resource could not be found. [pid: 7|app: 0|req: 785/1524] 10.0.0.201 () {32 vars in 720 bytes} [Thu Jul 9 06:52:22 2026] DELETE /v2.0/ports/bbd31164-641d-412f-9006-8c050a0e85a1 => generated 132 bytes in 16 msecs (HTTP/1.1 404) 4 headers in 164 bytes (1 switches on core 0)
2026-07-09 06:52:22.798 7 INFO neutron.pecan_wsgi.hooks.translation [None req-7164977d-68e8-4f5e-a7af-678f93cbc370 6bfe474c7a344ab2b4c4895c5b835665 2333949c25894cb2b6d4b615365b7689 - - default default] GET failed (client error): The resource could not be found. [pid: 7|app: 0|req: 786/1525] 10.0.0.201 () {32 vars in 717 bytes} [Thu Jul 9 06:52:22 2026] GET /v2.0/ports/bbd31164-641d-412f-9006-8c050a0e85a1 => generated 132 bytes in 18 msecs (HTTP/1.1 404) 4 headers in 164 bytes (1 switches on core 0)
2026-07-09 06:52:22.841 8 INFO neutron.db.ovn_revision_numbers_db [None req-375d77c5-17c0-461d-9a37-f0e422ee7297 ff448e90dbd54680b0314fcbc3e8bb40 187ca71355654cf0bb6c7386f0d91cdb - - default default] Successfully bumped revision number for resource bb4f4076-3dc8-4a11-9008-1ebdec4a8fe6 (type: ports) to 2
2026-07-09 06:52:22.848 7 WARNING neutron.plugins.ml2.drivers.ovn.mech_driver.ovsdb.ovn_client [None req-2b027304-0cab-4f57-aac5-3d27d03bc992 - - - - - -] No port found with ID da20df61-4f46-41ad-ad2d-493934d67f86: RuntimeError: No port found with ID da20df61-4f46-41ad-ad2d-493934d67f86
2026-07-09 06:52:22.874 7 INFO neutron.plugins.ml2.drivers.ovn.mech_driver.mech_driver [None req-2b027304-0cab-4f57-aac5-3d27d03bc992 - - - - - -] OVN reports status down for port: 7aae624f-688b-439a-bf6b-091053d52a80
2026-07-09 06:52:22.996 7 INFO neutron.plugins.ml2.drivers.ovn.mech_driver.mech_driver [None req-2b027304-0cab-4f57-aac5-3d27d03bc992 - - - - - -] OVN reports status down for port: bb4f4076-3dc8-4a11-9008-1ebdec4a8fe6 [pid: 7|app: 0|req: 787/1526] 10.0.0.201 () {32 vars in 724 bytes} [Thu Jul 9 06:52:22 2026] DELETE /v2.0/subnets/17d7691e-9235-4f02-aeca-8c2fa3c52907 => generated 0 bytes in 266 msecs (HTTP/1.1 204) 3 headers in 131 bytes (1 switches on core 0)
2026-07-09 06:52:23.098 7 WARNING neutron.plugins.ml2.drivers.ovn.mech_driver.ovsdb.ovn_client [None req-2b027304-0cab-4f57-aac5-3d27d03bc992 - - - - - -] Logical_Switch_Port bb4f4076-3dc8-4a11-9008-1ebdec4a8fe6 host information not removed, the port state is up
2026-07-09 06:52:23.099 7 INFO neutron.plugins.ml2.drivers.ovn.mech_driver.mech_driver [None req-2b027304-0cab-4f57-aac5-3d27d03bc992 - - - - - -] OVN reports status down for port: bbd31164-641d-412f-9006-8c050a0e85a1
2026-07-09 06:52:23.111 7 INFO neutron.plugins.ml2.drivers.ovn.mech_driver.mech_driver [None req-2b027304-0cab-4f57-aac5-3d27d03bc992 - - - - - -] OVN reports status up for port: bb4f4076-3dc8-4a11-9008-1ebdec4a8fe6
2026-07-09 06:52:23.230 7 INFO neutron_taas.services.taas.taas_plugin [None req-1a29bbbc-f377-4d1f-88a5-d5b1f9f450a6 6bfe474c7a344ab2b4c4895c5b835665 2333949c25894cb2b6d4b615365b7689 - - default default] TaaS: Handle Delete Port: f1a15044-ee79-40e9-b5db-d8ed2f56fdd4
2026-07-09 06:52:23.234 7 INFO neutron_taas.services.taas.tap_mirror_plugin [None req-1a29bbbc-f377-4d1f-88a5-d5b1f9f450a6 6bfe474c7a344ab2b4c4895c5b835665 2333949c25894cb2b6d4b615365b7689 - - default default] Tap Mirror: Handle Delete Port: f1a15044-ee79-40e9-b5db-d8ed2f56fdd4
2026-07-09 06:52:23.256 7 INFO neutron.plugins.ml2.plugin [None req-2b027304-0cab-4f57-aac5-3d27d03bc992 - - - - - -] Attempt 1 to provision port bb4f4076-3dc8-4a11-9008-1ebdec4a8fe6
2026-07-09 06:52:23.570 8 WARNING neutron.scheduler.dhcp_agent_scheduler [None req-375d77c5-17c0-461d-9a37-f0e422ee7297 ff448e90dbd54680b0314fcbc3e8bb40 187ca71355654cf0bb6c7386f0d91cdb - - default default] No more DHCP agents
2026-07-09 06:52:23.575 8 WARNING neutron.api.rpc.agentnotifiers.dhcp_rpc_agent_api [None req-375d77c5-17c0-461d-9a37-f0e422ee7297 ff448e90dbd54680b0314fcbc3e8bb40 187ca71355654cf0bb6c7386f0d91cdb - - default default] Unable to schedule network ecbac92a-4c72-4699-b7cf-65cee9eccf46: no agents available; will retry on subsequent port and subnet creation events.
2026-07-09 06:52:23.588 7 INFO neutron.services.segments.plugin [-] Segment dbdd3610-f090-484c-8d1b-fe2e8be5b106 resource provider aggregate not found
2026-07-09 06:52:23.589 7 INFO neutron.services.segments.plugin [-] Segment dbdd3610-f090-484c-8d1b-fe2e8be5b106 resource provider aggregate not found
2026-07-09 06:52:23.611 7 INFO neutron.services.segments.plugin [-] Client error retrieving segment dbdd3610-f090-484c-8d1b-fe2e8be5b106 resource provider; error: Placement Client Error (4xx): {"errors": [{"status": 404, "title": "Not Found", "detail": "The resource could not be found.\n\n No resource provider with uuid dbdd3610-f090-484c-8d1b-fe2e8be5b106 found for delete ", "request_id": "req-76db2744-5672-4955-b69f-456a7114e36d"}]}
2026-07-09 06:52:23.617 7 INFO neutron.services.segments.plugin [-] Client error retrieving segment dbdd3610-f090-484c-8d1b-fe2e8be5b106 resource provider; error: Placement Client Error (4xx): {"errors": [{"status": 404, "title": "Not Found", "detail": "The resource could not be found.\n\n No resource provider with uuid dbdd3610-f090-484c-8d1b-fe2e8be5b106 found for delete ", "request_id": "req-18793621-7c62-4d9b-9d77-a9c01828bcf9"}]} [pid: 7|app: 0|req: 788/1527] 10.0.0.201 () {32 vars in 726 bytes} [Thu Jul 9 06:52:23 2026] DELETE /v2.0/networks/1e675b86-1f92-4a56-a1dd-d4a20543f649 => generated 0 bytes in 594 msecs (HTTP/1.1 204) 3 headers in 131 bytes (1 switches on core 0) [pid: 7|app: 0|req: 789/1528] 10.0.0.9 () {34 vars in 988 bytes} [Thu Jul 9 06:52:23 2026] GET /v2.0/ports?device_id=4745f1b5-0740-4b2d-9a90-0543a3580ee5 => generated 12 bytes in 45 msecs (HTTP/1.1 200) 4 headers in 156 bytes (1 switches on core 0)
2026-07-09 06:52:23.781 8 INFO neutron.db.ovn_revision_numbers_db [None req-375d77c5-17c0-461d-9a37-f0e422ee7297 ff448e90dbd54680b0314fcbc3e8bb40 187ca71355654cf0bb6c7386f0d91cdb - - default default] Successfully bumped revision number for resource bb4f4076-3dc8-4a11-9008-1ebdec4a8fe6 (type: router_ports) to 3 [pid: 8|app: 0|req: 740/1529] 10.0.0.201 () {34 vars in 783 bytes} [Thu Jul 9 06:52:22 2026] PUT /v2.0/routers/a6f1d2c9-d68e-41d5-a9b2-6052a715c35a/add_router_interface => generated 310 bytes in 1525 msecs (HTTP/1.1 200) 4 headers in 157 bytes (1 switches on core 0) /var/lib/openstack/lib/python3.12/site-packages/pycadf/identifier.py:70: UserWarning: Invalid uuid: neutron. To ensure interoperability, identifiers should be a valid uuid. warnings.warn(('Invalid uuid: %s. To ensure interoperability, ' [pid: 8|app: 0|req: 741/1530] 10.0.0.201 () {32 vars in 717 bytes} [Thu Jul 9 06:52:23 2026] GET /v2.0/ports/bb4f4076-3dc8-4a11-9008-1ebdec4a8fe6 => generated 1013 bytes in 30 msecs (HTTP/1.1 200) 4 headers in 158 bytes (1 switches on core 0)
2026-07-09 06:52:23.902 7 INFO neutron.db.segments_db [None req-2ea85f9e-a34e-4f3a-88e9-76baa7a0e925 6bfe474c7a344ab2b4c4895c5b835665 2333949c25894cb2b6d4b615365b7689 - - default default] Added segment f176b5fe-eab4-4b6d-8e81-c106f5beef6d of type geneve for network db9004cd-d52d-4f44-9b54-2af274db1fd4
2026-07-09 06:52:24.112 7 INFO neutron.db.ovn_revision_numbers_db [None req-2b027304-0cab-4f57-aac5-3d27d03bc992 - - - - - -] Successfully bumped revision number for resource bb4f4076-3dc8-4a11-9008-1ebdec4a8fe6 (type: ports) to 3
2026-07-09 06:52:24.157 8 INFO neutron_taas.services.taas.taas_plugin [None req-42061cfc-7827-4794-93e8-30d4f107ab45 ff448e90dbd54680b0314fcbc3e8bb40 187ca71355654cf0bb6c7386f0d91cdb - - default default] TaaS: Handle Delete Port: bb4f4076-3dc8-4a11-9008-1ebdec4a8fe6
2026-07-09 06:52:24.161 8 INFO neutron_taas.services.taas.tap_mirror_plugin [None req-42061cfc-7827-4794-93e8-30d4f107ab45 ff448e90dbd54680b0314fcbc3e8bb40 187ca71355654cf0bb6c7386f0d91cdb - - default default] Tap Mirror: Handle Delete Port: bb4f4076-3dc8-4a11-9008-1ebdec4a8fe6
2026-07-09 06:52:24.174 7 INFO neutron.db.ovn_revision_numbers_db [None req-2ea85f9e-a34e-4f3a-88e9-76baa7a0e925 6bfe474c7a344ab2b4c4895c5b835665 2333949c25894cb2b6d4b615365b7689 - - default default] Successfully bumped revision number for resource db9004cd-d52d-4f44-9b54-2af274db1fd4 (type: networks) to 1
2026-07-09 06:52:24.466 7 WARNING neutron.scheduler.dhcp_agent_scheduler [None req-2ea85f9e-a34e-4f3a-88e9-76baa7a0e925 6bfe474c7a344ab2b4c4895c5b835665 2333949c25894cb2b6d4b615365b7689 - - default default] No more DHCP agents
2026-07-09 06:52:24.468 7 WARNING neutron.api.rpc.agentnotifiers.dhcp_rpc_agent_api [None req-2ea85f9e-a34e-4f3a-88e9-76baa7a0e925 6bfe474c7a344ab2b4c4895c5b835665 2333949c25894cb2b6d4b615365b7689 - - default default] Unable to schedule network db9004cd-d52d-4f44-9b54-2af274db1fd4: no agents available; will retry on subsequent port and subnet creation events.
2026-07-09 06:52:24.526 8 INFO neutron.plugins.ml2.drivers.ovn.mech_driver.mech_driver [None req-4ad594ea-761d-4edb-b501-21230682b584 - - - - - -] OVN reports status down for port: 5ed621a0-5bb7-47d6-9061-1de21576564e [pid: 8|app: 0|req: 742/1531] 10.0.0.201 () {34 vars in 789 bytes} [Thu Jul 9 06:52:23 2026] PUT /v2.0/routers/a6f1d2c9-d68e-41d5-a9b2-6052a715c35a/remove_router_interface => generated 310 bytes in 719 msecs (HTTP/1.1 200) 4 headers in 157 bytes (1 switches on core 0) /var/lib/openstack/lib/python3.12/site-packages/pycadf/identifier.py:70: UserWarning: Invalid uuid: neutron. To ensure interoperability, identifiers should be a valid uuid. warnings.warn(('Invalid uuid: %s. To ensure interoperability, '
2026-07-09 06:52:24.571 7 INFO neutron.db.ovn_revision_numbers_db [None req-2ea85f9e-a34e-4f3a-88e9-76baa7a0e925 6bfe474c7a344ab2b4c4895c5b835665 2333949c25894cb2b6d4b615365b7689 - - default default] Successfully bumped revision number for resource 5ed621a0-5bb7-47d6-9061-1de21576564e (type: ports) to 1 [pid: 8|app: 0|req: 743/1532] 10.0.0.51 () {34 vars in 1069 bytes} [Thu Jul 9 06:52:24 2026] GET /v2.0/ports?fields=security_groups&fields=device_id&device_id=4745f1b5-0740-4b2d-9a90-0543a3580ee5 => generated 12 bytes in 42 msecs (HTTP/1.1 200) 4 headers in 156 bytes (1 switches on core 0) [pid: 7|app: 0|req: 790/1533] 10.0.0.201 () {34 vars in 670 bytes} [Thu Jul 9 06:52:23 2026] POST /v2.0/networks => generated 672 bytes in 875 msecs (HTTP/1.1 201) 4 headers in 162 bytes (1 switches on core 0) /var/lib/openstack/lib/python3.12/site-packages/pycadf/identifier.py:70: UserWarning: Invalid uuid: neutron. To ensure interoperability, identifiers should be a valid uuid. warnings.warn(('Invalid uuid: %s. To ensure interoperability, '
2026-07-09 06:52:24.669 8 INFO neutron.api.v2.resource [None req-1fd7da37-61d2-4f21-81b7-60782aad8077 ff448e90dbd54680b0314fcbc3e8bb40 187ca71355654cf0bb6c7386f0d91cdb - - default default] remove_router_interface failed (client error): The resource could not be found. [pid: 8|app: 0|req: 744/1534] 10.0.0.201 () {34 vars in 789 bytes} [Thu Jul 9 06:52:24 2026] PUT /v2.0/routers/a6f1d2c9-d68e-41d5-a9b2-6052a715c35a/remove_router_interface => generated 197 bytes in 82 msecs (HTTP/1.1 404) 4 headers in 164 bytes (1 switches on core 0) [pid: 8|app: 0|req: 745/1535] 10.0.0.201 () {32 vars in 736 bytes} [Thu Jul 9 06:52:24 2026] GET /v2.0/ports?device_id=a6f1d2c9-d68e-41d5-a9b2-6052a715c35a => generated 12 bytes in 28 msecs (HTTP/1.1 200) 4 headers in 156 bytes (1 switches on core 0) [pid: 8|app: 0|req: 746/1536] 10.0.0.51 () {34 vars in 989 bytes} [Thu Jul 9 06:52:24 2026] GET /v2.0/ports?device_id=4745f1b5-0740-4b2d-9a90-0543a3580ee5 => generated 12 bytes in 25 msecs (HTTP/1.1 200) 4 headers in 156 bytes (1 switches on core 0)
2026-07-09 06:52:24.779 7 WARNING neutron.scheduler.dhcp_agent_scheduler [None req-3c7358da-5cbb-45d4-88a7-6595d8eac1ba 6bfe474c7a344ab2b4c4895c5b835665 2333949c25894cb2b6d4b615365b7689 - - default default] No more DHCP agents
2026-07-09 06:52:24.780 7 WARNING neutron.api.rpc.agentnotifiers.dhcp_rpc_agent_api [None req-3c7358da-5cbb-45d4-88a7-6595d8eac1ba 6bfe474c7a344ab2b4c4895c5b835665 2333949c25894cb2b6d4b615365b7689 - - default default] Unable to schedule network db9004cd-d52d-4f44-9b54-2af274db1fd4: no agents available; will retry on subsequent port and subnet creation events.
2026-07-09 06:52:24.805 7 INFO neutron.db.ovn_revision_numbers_db [None req-3c7358da-5cbb-45d4-88a7-6595d8eac1ba 6bfe474c7a344ab2b4c4895c5b835665 2333949c25894cb2b6d4b615365b7689 - - default default] Successfully bumped revision number for resource be4cb9aa-72ac-435f-b440-bddce7950ba8 (type: subnets) to 0 [pid: 7|app: 0|req: 791/1537] 10.0.0.201 () {34 vars in 669 bytes} [Thu Jul 9 06:52:24 2026] POST /v2.0/subnets => generated 646 bytes in 216 msecs (HTTP/1.1 201) 4 headers in 162 bytes (1 switches on core 0) [pid: 8|app: 0|req: 747/1538] 10.0.0.201 () {32 vars in 724 bytes} [Thu Jul 9 06:52:24 2026] DELETE /v2.0/routers/a6f1d2c9-d68e-41d5-a9b2-6052a715c35a => generated 0 bytes in 200 msecs (HTTP/1.1 204) 2 headers in 112 bytes (1 switches on core 0)
2026-07-09 06:52:25.027 7 WARNING neutron.scheduler.dhcp_agent_scheduler [None req-d532a56c-5be1-4996-bb95-22cb1ddd329d 6bfe474c7a344ab2b4c4895c5b835665 2333949c25894cb2b6d4b615365b7689 - - default default] No more DHCP agents
2026-07-09 06:52:25.028 7 WARNING neutron.api.rpc.agentnotifiers.dhcp_rpc_agent_api [None req-d532a56c-5be1-4996-bb95-22cb1ddd329d 6bfe474c7a344ab2b4c4895c5b835665 2333949c25894cb2b6d4b615365b7689 - - default default] Unable to schedule network db9004cd-d52d-4f44-9b54-2af274db1fd4: no agents available; will retry on subsequent port and subnet creation events.
2026-07-09 06:52:25.138 7 INFO neutron.db.ovn_revision_numbers_db [None req-d532a56c-5be1-4996-bb95-22cb1ddd329d 6bfe474c7a344ab2b4c4895c5b835665 2333949c25894cb2b6d4b615365b7689 - - default default] Successfully bumped revision number for resource 84ee84ff-0242-475c-a72d-ae3b54eabde0 (type: ports) to 1 [pid: 7|app: 0|req: 792/1539] 10.0.0.201 () {34 vars in 665 bytes} [Thu Jul 9 06:52:24 2026] POST /v2.0/ports => generated 928 bytes in 342 msecs (HTTP/1.1 201) 4 headers in 162 bytes (1 switches on core 0)
2026-07-09 06:52:25.297 8 INFO neutron.db.ovn_revision_numbers_db [None req-33333678-78a7-4899-9f95-869a5bdb06b2 f94a26a6183d4c449e548d9fdff6dd50 d5a8945a65b0479e92ce91849b3ca86e - - default default] Successfully bumped revision number for resource 98b1e63c-c1ea-4624-bc68-518f9903f7d1 (type: security_groups) to 1
2026-07-09 06:52:25.314 8 INFO neutron.db.ovn_revision_numbers_db [None req-33333678-78a7-4899-9f95-869a5bdb06b2 f94a26a6183d4c449e548d9fdff6dd50 d5a8945a65b0479e92ce91849b3ca86e - - default default] Successfully bumped revision number for resource 1b47c178-c797-4fc2-af9e-feda85856bed (type: security_group_rules) to 0 [pid: 7|app: 0|req: 793/1540] 10.0.0.201 () {32 vars in 740 bytes} [Thu Jul 9 06:52:25 2026] DELETE /v2.0/security-groups/c08a61ee-b161-4f92-9b37-5e91be037ee6 => generated 0 bytes in 151 msecs (HTTP/1.1 204) 2 headers in 112 bytes (1 switches on core 0)
2026-07-09 06:52:25.334 8 INFO neutron.db.ovn_revision_numbers_db [None req-33333678-78a7-4899-9f95-869a5bdb06b2 f94a26a6183d4c449e548d9fdff6dd50 d5a8945a65b0479e92ce91849b3ca86e - - default default] Successfully bumped revision number for resource 5473f186-54ad-4106-a2ca-2864d7687ef4 (type: security_group_rules) to 0
2026-07-09 06:52:25.347 8 INFO neutron.db.ovn_revision_numbers_db [None req-33333678-78a7-4899-9f95-869a5bdb06b2 f94a26a6183d4c449e548d9fdff6dd50 d5a8945a65b0479e92ce91849b3ca86e - - default default] Successfully bumped revision number for resource 92648d80-6be5-4e4d-9460-2794b9124854 (type: security_group_rules) to 0
2026-07-09 06:52:25.366 8 INFO neutron.db.ovn_revision_numbers_db [None req-33333678-78a7-4899-9f95-869a5bdb06b2 f94a26a6183d4c449e548d9fdff6dd50 d5a8945a65b0479e92ce91849b3ca86e - - default default] Successfully bumped revision number for resource ff0043f5-cc1f-4730-beee-9e90c14c7695 (type: security_group_rules) to 0
2026-07-09 06:52:25.451 8 INFO neutron.db.segments_db [None req-33333678-78a7-4899-9f95-869a5bdb06b2 f94a26a6183d4c449e548d9fdff6dd50 d5a8945a65b0479e92ce91849b3ca86e - - default default] Added segment ae4b5b79-bb82-47db-b2b2-fb64cc177b12 of type geneve for network 33ba36e3-a3e1-4add-ab57-e5bfa9a599a2 [pid: 7|app: 0|req: 794/1541] 10.0.0.201 () {32 vars in 724 bytes} [Thu Jul 9 06:52:25 2026] DELETE /v2.0/subnets/ede45a2b-0b9c-4983-9b0d-e1ed55f9d455 => generated 0 bytes in 153 msecs (HTTP/1.1 204) 3 headers in 131 bytes (1 switches on core 0)
2026-07-09 06:52:25.569 8 INFO neutron.db.ovn_revision_numbers_db [None req-33333678-78a7-4899-9f95-869a5bdb06b2 f94a26a6183d4c449e548d9fdff6dd50 d5a8945a65b0479e92ce91849b3ca86e - - default default] Successfully bumped revision number for resource 33ba36e3-a3e1-4add-ab57-e5bfa9a599a2 (type: networks) to 1
2026-07-09 06:52:25.579 7 INFO neutron_taas.services.taas.taas_plugin [None req-3c24c42e-732d-4764-9f57-a931e5ae1143 6bfe474c7a344ab2b4c4895c5b835665 2333949c25894cb2b6d4b615365b7689 - - default default] TaaS: Handle Delete Port: 84ee84ff-0242-475c-a72d-ae3b54eabde0
2026-07-09 06:52:25.582 7 INFO neutron_taas.services.taas.tap_mirror_plugin [None req-3c24c42e-732d-4764-9f57-a931e5ae1143 6bfe474c7a344ab2b4c4895c5b835665 2333949c25894cb2b6d4b615365b7689 - - default default] Tap Mirror: Handle Delete Port: 84ee84ff-0242-475c-a72d-ae3b54eabde0 [pid: 7|app: 0|req: 795/1542] 10.0.0.201 () {32 vars in 720 bytes} [Thu Jul 9 06:52:25 2026] DELETE /v2.0/ports/84ee84ff-0242-475c-a72d-ae3b54eabde0 => generated 0 bytes in 226 msecs (HTTP/1.1 204) 3 headers in 131 bytes (1 switches on core 0)
2026-07-09 06:52:25.707 7 INFO neutron.api.v2.resource [None req-ab4a18a2-88d1-4b3e-9e0d-92969814a7b7 5828a1fdcedf4d3290aea7a9fb14be99 7fc09ae4b90c4755bce0c9d4f322a763 - - default default] show failed (client error): The resource could not be found. [pid: 7|app: 0|req: 796/1543] 10.0.0.201 () {32 vars in 737 bytes} [Thu Jul 9 06:52:25 2026] GET /v2.0/security-groups/c08a61ee-b161-4f92-9b37-5e91be037ee6 => generated 146 bytes in 11 msecs (HTTP/1.1 404) 4 headers in 164 bytes (1 switches on core 0)
2026-07-09 06:52:25.743 8 WARNING neutron.scheduler.dhcp_agent_scheduler [None req-33333678-78a7-4899-9f95-869a5bdb06b2 f94a26a6183d4c449e548d9fdff6dd50 d5a8945a65b0479e92ce91849b3ca86e - - default default] No more DHCP agents
2026-07-09 06:52:25.745 8 WARNING neutron.api.rpc.agentnotifiers.dhcp_rpc_agent_api [None req-33333678-78a7-4899-9f95-869a5bdb06b2 f94a26a6183d4c449e548d9fdff6dd50 d5a8945a65b0479e92ce91849b3ca86e - - default default] Unable to schedule network 33ba36e3-a3e1-4add-ab57-e5bfa9a599a2: no agents available; will retry on subsequent port and subnet creation events.
2026-07-09 06:52:25.775 8 INFO neutron.plugins.ml2.drivers.ovn.mech_driver.mech_driver [None req-4ad594ea-761d-4edb-b501-21230682b584 - - - - - -] OVN reports status down for port: ac284152-f5d2-4941-803c-67c7c89797dc
2026-07-09 06:52:25.825 7 INFO neutron_taas.services.taas.taas_plugin [None req-d277a12a-0fc4-4afe-8cf1-179bd335d6f0 ff448e90dbd54680b0314fcbc3e8bb40 187ca71355654cf0bb6c7386f0d91cdb - - default default] TaaS: Handle Delete Port: 81080080-95a6-43ac-b834-c2e65b583bc2
2026-07-09 06:52:25.826 8 INFO neutron.db.ovn_revision_numbers_db [None req-33333678-78a7-4899-9f95-869a5bdb06b2 f94a26a6183d4c449e548d9fdff6dd50 d5a8945a65b0479e92ce91849b3ca86e - - default default] Successfully bumped revision number for resource ac284152-f5d2-4941-803c-67c7c89797dc (type: ports) to 1
