2026-07-09 06:54:27.666 8 INFO neutron.api.v2.resource [None req-77fe64d6-a634-4d5f-a992-fbd79ab586d6 2beadaff0e9c47538ead318b5c4dfe27 36c8a1789ce64743b6ddaca5fd5b5be5 - - default default] show failed (client error): The resource could not be found. [pid: 8|app: 0|req: 1120/2294] 10.0.0.201 () {32 vars in 751 bytes} [Thu Jul 9 06:54:27 2026] GET /v2.0/subnetpools/c10e289a-57b0-4a6d-b33b-5784240e9a89/tags/green => generated 99 bytes in 43 msecs (HTTP/1.1 404) 4 headers in 163 bytes (1 switches on core 0) [pid: 7|app: 0|req: 1175/2295] 10.0.0.201 () {34 vars in 782 bytes} [Thu Jul 9 06:54:27 2026] PUT /v2.0/policies/aed1d141-6933-46bd-aa81-20221a6a5ab3/tags/black.or.white => generated 4 bytes in 66 msecs (HTTP/1.1 201) 4 headers in 160 bytes (1 switches on core 0) [pid: 7|app: 0|req: 1176/2296] 10.0.0.201 () {32 vars in 750 bytes} [Thu Jul 9 06:54:27 2026] DELETE /v2.0/subnetpools/c10e289a-57b0-4a6d-b33b-5784240e9a89/tags/red => generated 0 bytes in 54 msecs (HTTP/1.1 204) 2 headers in 112 bytes (1 switches on core 0)
2026-07-09 06:54:27.754 7 WARNING tagging [None req-a3864758-1d13-4af4-8d45-d01d42d4c995 e4ebecd2562b4ff380e5917b156b005e 8afa699068f14ec38766e603634c1599 - - default default] project_id key not found in request, using tenant_id instead. This support has been deprecated and will be removed in a future release. [pid: 7|app: 0|req: 1177/2297] 10.0.0.201 () {32 vars in 733 bytes} [Thu Jul 9 06:54:27 2026] GET /v2.0/policies/aed1d141-6933-46bd-aa81-20221a6a5ab3/tags => generated 52 bytes in 33 msecs (HTTP/1.1 200) 4 headers in 156 bytes (1 switches on core 0) [pid: 7|app: 0|req: 1178/2298] 10.0.0.201 () {32 vars in 739 bytes} [Thu Jul 9 06:54:27 2026] GET /v2.0/subnetpools/c10e289a-57b0-4a6d-b33b-5784240e9a89/tags => generated 30 bytes in 30 msecs (HTTP/1.1 200) 4 headers in 156 bytes (1 switches on core 0)
2026-07-09 06:54:27.828 7 WARNING tagging [None req-c5c72ac5-81a0-44f6-800d-f08a14d30754 e4ebecd2562b4ff380e5917b156b005e 8afa699068f14ec38766e603634c1599 - - default default] project_id key not found in request, using tenant_id instead. This support has been deprecated and will be removed in a future release. [pid: 7|app: 0|req: 1179/2299] 10.0.0.201 () {34 vars in 753 bytes} [Thu Jul 9 06:54:27 2026] PUT /v2.0/policies/aed1d141-6933-46bd-aa81-20221a6a5ab3/tags => generated 37 bytes in 66 msecs (HTTP/1.1 200) 4 headers in 156 bytes (1 switches on core 0) [pid: 8|app: 0|req: 1121/2300] 10.0.0.201 () {34 vars in 666 bytes} [Thu Jul 9 06:54:27 2026] POST /v2.0/trunks => generated 409 bytes in 191 msecs (HTTP/1.1 201) 4 headers in 162 bytes (1 switches on core 0)
2026-07-09 06:54:27.886 8 WARNING tagging [None req-19f73c46-3617-4ccd-af01-28d32a45f56f e4ebecd2562b4ff380e5917b156b005e 8afa699068f14ec38766e603634c1599 - - default default] project_id key not found in request, using tenant_id instead. This support has been deprecated and will be removed in a future release.
2026-07-09 06:54:27.891 7 INFO neutron.api.v2.resource [None req-0ad0e50a-0839-4ec4-a510-1faaa27a8fab 2beadaff0e9c47538ead318b5c4dfe27 36c8a1789ce64743b6ddaca5fd5b5be5 - - default default] delete failed (client error): The resource could not be found. [pid: 7|app: 0|req: 1180/2301] 10.0.0.201 () {32 vars in 754 bytes} [Thu Jul 9 06:54:27 2026] DELETE /v2.0/subnetpools/c10e289a-57b0-4a6d-b33b-5784240e9a89/tags/green => generated 99 bytes in 34 msecs (HTTP/1.1 404) 4 headers in 163 bytes (1 switches on core 0) [pid: 8|app: 0|req: 1122/2302] 10.0.0.201 () {32 vars in 733 bytes} [Thu Jul 9 06:54:27 2026] GET /v2.0/policies/aed1d141-6933-46bd-aa81-20221a6a5ab3/tags => generated 37 bytes in 31 msecs (HTTP/1.1 200) 4 headers in 156 bytes (1 switches on core 0)
2026-07-09 06:54:27.921 8 WARNING tagging [None req-34784ae6-d55f-4835-af13-44d9e112ecde e4ebecd2562b4ff380e5917b156b005e 8afa699068f14ec38766e603634c1599 - - default default] project_id key not found in request, using tenant_id instead. This support has been deprecated and will be removed in a future release. [pid: 8|app: 0|req: 1123/2303] 10.0.0.201 () {32 vars in 741 bytes} [Thu Jul 9 06:54:27 2026] GET /v2.0/policies/aed1d141-6933-46bd-aa81-20221a6a5ab3/tags/red => generated 0 bytes in 28 msecs (HTTP/1.1 204) 2 headers in 112 bytes (1 switches on core 0) [pid: 8|app: 0|req: 1124/2304] 10.0.0.201 () {32 vars in 742 bytes} [Thu Jul 9 06:54:27 2026] DELETE /v2.0/subnetpools/c10e289a-57b0-4a6d-b33b-5784240e9a89/tags => generated 0 bytes in 37 msecs (HTTP/1.1 204) 2 headers in 112 bytes (1 switches on core 0)
2026-07-09 06:54:27.986 8 WARNING tagging [None req-e811df3f-aa0a-4b80-aacb-f6511a40deb9 e4ebecd2562b4ff380e5917b156b005e 8afa699068f14ec38766e603634c1599 - - default default] project_id key not found in request, using tenant_id instead. This support has been deprecated and will be removed in a future release.
2026-07-09 06:54:27.986 7 INFO neutron.db.segments_db [None req-1f6da75d-f600-4dd2-b005-6099ea8f4bc5 6ce2a15aba3e4915bed0a341f2f2094e 3292004b83504817b409a08df3edfd81 - - default default] Added segment 3a0f5d81-336d-420f-ba2a-07bb53dbf9f2 of type geneve for network 4d6040b9-d9dc-42b0-880f-5c06efbf6523
2026-07-09 06:54:27.993 8 INFO neutron.api.v2.resource [None req-e811df3f-aa0a-4b80-aacb-f6511a40deb9 e4ebecd2562b4ff380e5917b156b005e 8afa699068f14ec38766e603634c1599 - - default default] show failed (client error): The resource could not be found. [pid: 8|app: 0|req: 1125/2305] 10.0.0.201 () {32 vars in 745 bytes} [Thu Jul 9 06:54:27 2026] GET /v2.0/policies/aed1d141-6933-46bd-aa81-20221a6a5ab3/tags/green => generated 99 bytes in 28 msecs (HTTP/1.1 404) 4 headers in 163 bytes (1 switches on core 0) [pid: 8|app: 0|req: 1126/2306] 10.0.0.201 () {32 vars in 739 bytes} [Thu Jul 9 06:54:27 2026] GET /v2.0/subnetpools/c10e289a-57b0-4a6d-b33b-5784240e9a89/tags => generated 12 bytes in 24 msecs (HTTP/1.1 200) 4 headers in 156 bytes (1 switches on core 0)
2026-07-09 06:54:28.038 8 WARNING tagging [None req-84697421-4512-45a7-b640-1befe16a2b30 e4ebecd2562b4ff380e5917b156b005e 8afa699068f14ec38766e603634c1599 - - default default] project_id key not found in request, using tenant_id instead. This support has been deprecated and will be removed in a future release. [pid: 8|app: 0|req: 1127/2307] 10.0.0.201 () {32 vars in 744 bytes} [Thu Jul 9 06:54:28 2026] DELETE /v2.0/policies/aed1d141-6933-46bd-aa81-20221a6a5ab3/tags/red => generated 0 bytes in 41 msecs (HTTP/1.1 204) 2 headers in 112 bytes (1 switches on core 0)
2026-07-09 06:54:28.112 7 INFO neutron.db.ovn_revision_numbers_db [None req-1f6da75d-f600-4dd2-b005-6099ea8f4bc5 6ce2a15aba3e4915bed0a341f2f2094e 3292004b83504817b409a08df3edfd81 - - default default] Successfully bumped revision number for resource 4d6040b9-d9dc-42b0-880f-5c06efbf6523 (type: networks) to 1 [pid: 8|app: 0|req: 1128/2308] 10.0.0.201 () {32 vars in 732 bytes} [Thu Jul 9 06:54:28 2026] DELETE /v2.0/subnetpools/c10e289a-57b0-4a6d-b33b-5784240e9a89 => generated 0 bytes in 58 msecs (HTTP/1.1 204) 2 headers in 112 bytes (1 switches on core 0)
2026-07-09 06:54:28.142 8 WARNING tagging [None req-04f5c7db-11b0-4b11-87c8-1df2686272ad e4ebecd2562b4ff380e5917b156b005e 8afa699068f14ec38766e603634c1599 - - default default] project_id key not found in request, using tenant_id instead. This support has been deprecated and will be removed in a future release. [pid: 8|app: 0|req: 1129/2309] 10.0.0.201 () {32 vars in 733 bytes} [Thu Jul 9 06:54:28 2026] GET /v2.0/policies/aed1d141-6933-46bd-aa81-20221a6a5ab3/tags => generated 30 bytes in 33 msecs (HTTP/1.1 200) 4 headers in 156 bytes (1 switches on core 0)
2026-07-09 06:54:28.181 8 WARNING tagging [None req-6d266524-4fe3-4a7b-8715-682894e7d160 e4ebecd2562b4ff380e5917b156b005e 8afa699068f14ec38766e603634c1599 - - default default] project_id key not found in request, using tenant_id instead. This support has been deprecated and will be removed in a future release.
2026-07-09 06:54:28.193 8 INFO neutron.api.v2.resource [None req-6d266524-4fe3-4a7b-8715-682894e7d160 e4ebecd2562b4ff380e5917b156b005e 8afa699068f14ec38766e603634c1599 - - default default] delete failed (client error): The resource could not be found. [pid: 8|app: 0|req: 1130/2310] 10.0.0.201 () {32 vars in 748 bytes} [Thu Jul 9 06:54:28 2026] DELETE /v2.0/policies/aed1d141-6933-46bd-aa81-20221a6a5ab3/tags/green => generated 99 bytes in 39 msecs (HTTP/1.1 404) 4 headers in 163 bytes (1 switches on core 0)
2026-07-09 06:54:28.229 8 WARNING tagging [None req-60ea8121-2e8c-4a96-b496-96102594e688 e4ebecd2562b4ff380e5917b156b005e 8afa699068f14ec38766e603634c1599 - - default default] project_id key not found in request, using tenant_id instead. This support has been deprecated and will be removed in a future release. [pid: 8|app: 0|req: 1131/2311] 10.0.0.201 () {32 vars in 736 bytes} [Thu Jul 9 06:54:28 2026] DELETE /v2.0/policies/aed1d141-6933-46bd-aa81-20221a6a5ab3/tags => generated 0 bytes in 56 msecs (HTTP/1.1 204) 2 headers in 112 bytes (1 switches on core 0)
2026-07-09 06:54:28.292 8 WARNING tagging [None req-de9d5b20-f40c-416f-a6a3-6401318b4946 e4ebecd2562b4ff380e5917b156b005e 8afa699068f14ec38766e603634c1599 - - default default] project_id key not found in request, using tenant_id instead. This support has been deprecated and will be removed in a future release. [pid: 8|app: 0|req: 1132/2312] 10.0.0.201 () {32 vars in 733 bytes} [Thu Jul 9 06:54:28 2026] GET /v2.0/policies/aed1d141-6933-46bd-aa81-20221a6a5ab3/tags => generated 12 bytes in 46 msecs (HTTP/1.1 200) 4 headers in 156 bytes (1 switches on core 0)
2026-07-09 06:54:28.334 7 WARNING neutron.scheduler.dhcp_agent_scheduler [None req-1f6da75d-f600-4dd2-b005-6099ea8f4bc5 6ce2a15aba3e4915bed0a341f2f2094e 3292004b83504817b409a08df3edfd81 - - default default] No more DHCP agents
2026-07-09 06:54:28.336 7 WARNING neutron.api.rpc.agentnotifiers.dhcp_rpc_agent_api [None req-1f6da75d-f600-4dd2-b005-6099ea8f4bc5 6ce2a15aba3e4915bed0a341f2f2094e 3292004b83504817b409a08df3edfd81 - - default default] Unable to schedule network 4d6040b9-d9dc-42b0-880f-5c06efbf6523: no agents available; will retry on subsequent port and subnet creation events.
2026-07-09 06:54:28.387 8 INFO neutron.plugins.ml2.drivers.ovn.mech_driver.mech_driver [None req-6fee498f-85ed-468e-9e04-3b58e8f585be - - - - - -] OVN reports status down for port: b83f8851-ebc9-43f5-9306-74f67a48e0ae [pid: 8|app: 0|req: 1133/2313] 10.0.0.201 () {32 vars in 734 bytes} [Thu Jul 9 06:54:28 2026] DELETE /v2.0/qos/policies/aed1d141-6933-46bd-aa81-20221a6a5ab3 => generated 0 bytes in 95 msecs (HTTP/1.1 204) 2 headers in 112 bytes (1 switches on core 0)
2026-07-09 06:54:28.416 7 INFO neutron.db.ovn_revision_numbers_db [None req-1f6da75d-f600-4dd2-b005-6099ea8f4bc5 6ce2a15aba3e4915bed0a341f2f2094e 3292004b83504817b409a08df3edfd81 - - default default] Successfully bumped revision number for resource b83f8851-ebc9-43f5-9306-74f67a48e0ae (type: ports) to 1 [pid: 7|app: 0|req: 1181/2314] 10.0.0.201 () {34 vars in 670 bytes} [Thu Jul 9 06:54:27 2026] POST /v2.0/networks => generated 669 bytes in 548 msecs (HTTP/1.1 201) 4 headers in 162 bytes (1 switches on core 0)
2026-07-09 06:54:28.689 8 WARNING neutron.scheduler.dhcp_agent_scheduler [None req-d8accea8-c8d3-4b4f-8119-05f9df62480a 6ce2a15aba3e4915bed0a341f2f2094e 3292004b83504817b409a08df3edfd81 - - default default] No more DHCP agents
2026-07-09 06:54:28.691 8 WARNING neutron.api.rpc.agentnotifiers.dhcp_rpc_agent_api [None req-d8accea8-c8d3-4b4f-8119-05f9df62480a 6ce2a15aba3e4915bed0a341f2f2094e 3292004b83504817b409a08df3edfd81 - - default default] Unable to schedule network 4d6040b9-d9dc-42b0-880f-5c06efbf6523: no agents available; will retry on subsequent port and subnet creation events.
2026-07-09 06:54:28.743 8 INFO neutron.plugins.ml2.drivers.ovn.mech_driver.mech_driver [None req-6fee498f-85ed-468e-9e04-3b58e8f585be - - - - - -] OVN reports status down for port: 33e6eeef-4d54-4036-9a60-2018d16fec98
2026-07-09 06:54:28.810 8 INFO neutron.db.ovn_revision_numbers_db [None req-d8accea8-c8d3-4b4f-8119-05f9df62480a 6ce2a15aba3e4915bed0a341f2f2094e 3292004b83504817b409a08df3edfd81 - - default default] Successfully bumped revision number for resource 33e6eeef-4d54-4036-9a60-2018d16fec98 (type: ports) to 1 [pid: 8|app: 0|req: 1134/2315] 10.0.0.201 () {34 vars in 664 bytes} [Thu Jul 9 06:54:28 2026] POST /v2.0/ports => generated 743 bytes in 447 msecs (HTTP/1.1 201) 4 headers in 162 bytes (1 switches on core 0) /var/lib/openstack/lib/python3.12/site-packages/pycadf/identifier.py:70: UserWarning: Invalid uuid: neutron. To ensure interoperability, identifiers should be a valid uuid. warnings.warn(('Invalid uuid: %s. To ensure interoperability, '
2026-07-09 06:54:28.909 7 WARNING neutron.db.securitygroups_db [None req-332fef67-1fa9-431c-b8a3-a51e8cab002c 973034d16270436d9c247592a90fdbc3 a28a0120d89e4851a6b66414e305c2b6 - - default default] project_id key not found in filters, using tenant_id instead. This support has been deprecated and will be removed in a future release.
2026-07-09 06:54:29.052 7 INFO neutron.db.ovn_revision_numbers_db [None req-332fef67-1fa9-431c-b8a3-a51e8cab002c 973034d16270436d9c247592a90fdbc3 a28a0120d89e4851a6b66414e305c2b6 - - default default] Successfully bumped revision number for resource 7691f153-0549-4d75-b6f6-c5ba6e5ca4bd (type: security_groups) to 1
2026-07-09 06:54:29.064 7 INFO neutron.db.ovn_revision_numbers_db [None req-332fef67-1fa9-431c-b8a3-a51e8cab002c 973034d16270436d9c247592a90fdbc3 a28a0120d89e4851a6b66414e305c2b6 - - default default] Successfully bumped revision number for resource 9983a348-3311-4ab7-96f3-e3779f80098c (type: security_group_rules) to 0 [pid: 8|app: 0|req: 1135/2316] 10.0.0.201 () {34 vars in 666 bytes} [Thu Jul 9 06:54:28 2026] POST /v2.0/trunks => generated 409 bytes in 174 msecs (HTTP/1.1 201) 4 headers in 162 bytes (1 switches on core 0)
2026-07-09 06:54:29.087 7 INFO neutron.db.ovn_revision_numbers_db [None req-332fef67-1fa9-431c-b8a3-a51e8cab002c 973034d16270436d9c247592a90fdbc3 a28a0120d89e4851a6b66414e305c2b6 - - default default] Successfully bumped revision number for resource a5c228c1-156e-4831-9ca2-4cb748a17bf4 (type: security_group_rules) to 0
2026-07-09 06:54:29.104 7 INFO neutron.db.ovn_revision_numbers_db [None req-332fef67-1fa9-431c-b8a3-a51e8cab002c 973034d16270436d9c247592a90fdbc3 a28a0120d89e4851a6b66414e305c2b6 - - default default] Successfully bumped revision number for resource a7ea23b8-2aae-49c4-b77a-a17711e6d37b (type: security_group_rules) to 0
2026-07-09 06:54:29.116 7 INFO neutron.db.ovn_revision_numbers_db [None req-332fef67-1fa9-431c-b8a3-a51e8cab002c 973034d16270436d9c247592a90fdbc3 a28a0120d89e4851a6b66414e305c2b6 - - default default] Successfully bumped revision number for resource e067d186-4965-4308-97e9-337412087b8d (type: security_group_rules) to 0 [pid: 7|app: 0|req: 1182/2317] 10.0.0.201 () {32 vars in 774 bytes} [Thu Jul 9 06:54:28 2026] GET /v2.0/security-groups?tenant_id=36c8a1789ce64743b6ddaca5fd5b5be5&name=default => generated 2929 bytes in 410 msecs (HTTP/1.1 200) 4 headers in 158 bytes (1 switches on core 0)
2026-07-09 06:54:29.172 8 INFO neutron.db.segments_db [None req-1c2cd978-704c-463d-aafb-95acf7d5fe96 6ce2a15aba3e4915bed0a341f2f2094e 3292004b83504817b409a08df3edfd81 - - default default] Added segment 5fc7bef9-0d53-445c-b7a7-d25dc765b54c of type geneve for network 9aefa88c-2232-484d-95dd-0c672311e7f8
2026-07-09 06:54:29.272 7 WARNING neutron.db.securitygroups_db [None req-e447050b-bd6e-4b6e-82fb-3708f45263ee 973034d16270436d9c247592a90fdbc3 a28a0120d89e4851a6b66414e305c2b6 - - default default] project_id key not found in filters, using tenant_id instead. This support has been deprecated and will be removed in a future release.
2026-07-09 06:54:29.338 8 INFO neutron.db.ovn_revision_numbers_db [None req-1c2cd978-704c-463d-aafb-95acf7d5fe96 6ce2a15aba3e4915bed0a341f2f2094e 3292004b83504817b409a08df3edfd81 - - default default] Successfully bumped revision number for resource 9aefa88c-2232-484d-95dd-0c672311e7f8 (type: networks) to 1
2026-07-09 06:54:29.415 7 INFO neutron.db.ovn_revision_numbers_db [None req-e447050b-bd6e-4b6e-82fb-3708f45263ee 973034d16270436d9c247592a90fdbc3 a28a0120d89e4851a6b66414e305c2b6 - - default default] Successfully bumped revision number for resource 12668a1f-2538-42a8-98da-28d8f08f54d0 (type: security_groups) to 1
2026-07-09 06:54:29.438 7 INFO neutron.db.ovn_revision_numbers_db [None req-e447050b-bd6e-4b6e-82fb-3708f45263ee 973034d16270436d9c247592a90fdbc3 a28a0120d89e4851a6b66414e305c2b6 - - default default] Successfully bumped revision number for resource 48d08ddb-e8b5-464b-8f5c-ef7d8f4d6069 (type: security_group_rules) to 0
2026-07-09 06:54:29.453 7 INFO neutron.db.ovn_revision_numbers_db [None req-e447050b-bd6e-4b6e-82fb-3708f45263ee 973034d16270436d9c247592a90fdbc3 a28a0120d89e4851a6b66414e305c2b6 - - default default] Successfully bumped revision number for resource 9dfc3b16-7992-4903-b4d8-d8d8158c38cf (type: security_group_rules) to 0
2026-07-09 06:54:29.465 7 INFO neutron.db.ovn_revision_numbers_db [None req-e447050b-bd6e-4b6e-82fb-3708f45263ee 973034d16270436d9c247592a90fdbc3 a28a0120d89e4851a6b66414e305c2b6 - - default default] Successfully bumped revision number for resource bdb9c0ad-493b-4751-88f4-1591210b3375 (type: security_group_rules) to 0
2026-07-09 06:54:29.476 7 INFO neutron.db.ovn_revision_numbers_db [None req-e447050b-bd6e-4b6e-82fb-3708f45263ee 973034d16270436d9c247592a90fdbc3 a28a0120d89e4851a6b66414e305c2b6 - - default default] Successfully bumped revision number for resource dd1990d7-bc92-4873-aad6-0bfe94b0c81b (type: security_group_rules) to 0 [pid: 7|app: 0|req: 1183/2318] 10.0.0.201 () {32 vars in 774 bytes} [Thu Jul 9 06:54:29 2026] GET /v2.0/security-groups?tenant_id=8afa699068f14ec38766e603634c1599&name=default => generated 2929 bytes in 366 msecs (HTTP/1.1 200) 4 headers in 158 bytes (1 switches on core 0)
2026-07-09 06:54:29.519 8 WARNING neutron.scheduler.dhcp_agent_scheduler [None req-1c2cd978-704c-463d-aafb-95acf7d5fe96 6ce2a15aba3e4915bed0a341f2f2094e 3292004b83504817b409a08df3edfd81 - - default default] No more DHCP agents
2026-07-09 06:54:29.521 8 WARNING neutron.api.rpc.agentnotifiers.dhcp_rpc_agent_api [None req-1c2cd978-704c-463d-aafb-95acf7d5fe96 6ce2a15aba3e4915bed0a341f2f2094e 3292004b83504817b409a08df3edfd81 - - default default] Unable to schedule network 9aefa88c-2232-484d-95dd-0c672311e7f8: no agents available; will retry on subsequent port and subnet creation events.
2026-07-09 06:54:29.565 8 INFO neutron.plugins.ml2.drivers.ovn.mech_driver.mech_driver [None req-6fee498f-85ed-468e-9e04-3b58e8f585be - - - - - -] OVN reports status down for port: 760501b6-80d6-4b48-a1e3-d3dfb277d427
2026-07-09 06:54:29.617 8 INFO neutron.db.ovn_revision_numbers_db [None req-1c2cd978-704c-463d-aafb-95acf7d5fe96 6ce2a15aba3e4915bed0a341f2f2094e 3292004b83504817b409a08df3edfd81 - - default default] Successfully bumped revision number for resource 760501b6-80d6-4b48-a1e3-d3dfb277d427 (type: ports) to 1 [pid: 8|app: 0|req: 1136/2319] 10.0.0.201 () {34 vars in 670 bytes} [Thu Jul 9 06:54:29 2026] POST /v2.0/networks => generated 669 bytes in 585 msecs (HTTP/1.1 201) 4 headers in 162 bytes (1 switches on core 0) [pid: 7|app: 0|req: 1184/2320] 10.0.0.201 () {32 vars in 740 bytes} [Thu Jul 9 06:54:29 2026] DELETE /v2.0/security-groups/7691f153-0549-4d75-b6f6-c5ba6e5ca4bd => generated 0 bytes in 183 msecs (HTTP/1.1 204) 2 headers in 112 bytes (1 switches on core 0) [pid: 8|app: 0|req: 1137/2321] 10.0.0.201 () {32 vars in 740 bytes} [Thu Jul 9 06:54:29 2026] DELETE /v2.0/security-groups/12668a1f-2538-42a8-98da-28d8f08f54d0 => generated 0 bytes in 172 msecs (HTTP/1.1 204) 2 headers in 112 bytes (1 switches on core 0)
2026-07-09 06:54:29.841 8 WARNING neutron.db.securitygroups_db [None req-05ac2f2d-3db1-4510-9722-3ca844224af1 973034d16270436d9c247592a90fdbc3 a28a0120d89e4851a6b66414e305c2b6 - - default default] project_id key not found in filters, using tenant_id instead. This support has been deprecated and will be removed in a future release.
2026-07-09 06:54:29.965 8 INFO neutron.db.ovn_revision_numbers_db [None req-05ac2f2d-3db1-4510-9722-3ca844224af1 973034d16270436d9c247592a90fdbc3 a28a0120d89e4851a6b66414e305c2b6 - - default default] Successfully bumped revision number for resource e4ee1a03-67f4-4e44-b2b9-a2dafba2f648 (type: security_groups) to 1
2026-07-09 06:54:29.979 8 INFO neutron.db.ovn_revision_numbers_db [None req-05ac2f2d-3db1-4510-9722-3ca844224af1 973034d16270436d9c247592a90fdbc3 a28a0120d89e4851a6b66414e305c2b6 - - default default] Successfully bumped revision number for resource 4d37d6ad-3912-4a08-9b52-46d39c0264cd (type: security_group_rules) to 0
2026-07-09 06:54:29.995 8 INFO neutron.db.ovn_revision_numbers_db [None req-05ac2f2d-3db1-4510-9722-3ca844224af1 973034d16270436d9c247592a90fdbc3 a28a0120d89e4851a6b66414e305c2b6 - - default default] Successfully bumped revision number for resource 7dd2fca9-c997-4596-9fba-03cf69c7ddef (type: security_group_rules) to 0
2026-07-09 06:54:30.006 8 INFO neutron.db.ovn_revision_numbers_db [None req-05ac2f2d-3db1-4510-9722-3ca844224af1 973034d16270436d9c247592a90fdbc3 a28a0120d89e4851a6b66414e305c2b6 - - default default] Successfully bumped revision number for resource 9787c4d9-6145-429f-ad30-97e3f3332e3a (type: security_group_rules) to 0
2026-07-09 06:54:30.018 8 INFO neutron.db.ovn_revision_numbers_db [None req-05ac2f2d-3db1-4510-9722-3ca844224af1 973034d16270436d9c247592a90fdbc3 a28a0120d89e4851a6b66414e305c2b6 - - default default] Successfully bumped revision number for resource a2434002-3cd7-4946-94eb-300761e5a13c (type: security_group_rules) to 0 [pid: 8|app: 0|req: 1138/2322] 10.0.0.201 () {32 vars in 774 bytes} [Thu Jul 9 06:54:29 2026] GET /v2.0/security-groups?tenant_id=414f69f2afc349aba2ae50cd4d08add6&name=default => generated 2929 bytes in 217 msecs (HTTP/1.1 200) 4 headers in 158 bytes (1 switches on core 0)
2026-07-09 06:54:30.059 8 WARNING neutron.db.securitygroups_db [None req-ee63ba33-bfcc-4333-9358-3c1c822fa8fd 973034d16270436d9c247592a90fdbc3 a28a0120d89e4851a6b66414e305c2b6 - - default default] project_id key not found in filters, using tenant_id instead. This support has been deprecated and will be removed in a future release.
2026-07-09 06:54:30.175 8 INFO neutron.db.ovn_revision_numbers_db [None req-ee63ba33-bfcc-4333-9358-3c1c822fa8fd 973034d16270436d9c247592a90fdbc3 a28a0120d89e4851a6b66414e305c2b6 - - default default] Successfully bumped revision number for resource 42f4a918-febf-4f09-8788-ba8afbc806f2 (type: security_groups) to 1
2026-07-09 06:54:30.187 8 INFO neutron.db.ovn_revision_numbers_db [None req-ee63ba33-bfcc-4333-9358-3c1c822fa8fd 973034d16270436d9c247592a90fdbc3 a28a0120d89e4851a6b66414e305c2b6 - - default default] Successfully bumped revision number for resource 102530bd-465f-43d5-989e-8d9d00dc1e11 (type: security_group_rules) to 0
2026-07-09 06:54:30.204 8 INFO neutron.db.ovn_revision_numbers_db [None req-ee63ba33-bfcc-4333-9358-3c1c822fa8fd 973034d16270436d9c247592a90fdbc3 a28a0120d89e4851a6b66414e305c2b6 - - default default] Successfully bumped revision number for resource 9481ead0-c1b5-4260-8e82-9ea40f852928 (type: security_group_rules) to 0
2026-07-09 06:54:30.223 8 INFO neutron.db.ovn_revision_numbers_db [None req-ee63ba33-bfcc-4333-9358-3c1c822fa8fd 973034d16270436d9c247592a90fdbc3 a28a0120d89e4851a6b66414e305c2b6 - - default default] Successfully bumped revision number for resource ae93441d-0cc3-4128-bbb2-01851fbaa01a (type: security_group_rules) to 0
2026-07-09 06:54:30.244 8 INFO neutron.db.ovn_revision_numbers_db [None req-ee63ba33-bfcc-4333-9358-3c1c822fa8fd 973034d16270436d9c247592a90fdbc3 a28a0120d89e4851a6b66414e305c2b6 - - default default] Successfully bumped revision number for resource d95e14c4-4127-466a-b0c2-dd892bebc51d (type: security_group_rules) to 0 [pid: 8|app: 0|req: 1139/2323] 10.0.0.201 () {32 vars in 774 bytes} [Thu Jul 9 06:54:30 2026] GET /v2.0/security-groups?tenant_id=fde0c356ad334939bf033ffecb5fcf58&name=default => generated 2929 bytes in 242 msecs (HTTP/1.1 200) 4 headers in 158 bytes (1 switches on core 0) [pid: 8|app: 0|req: 1140/2324] 10.0.0.201 () {32 vars in 740 bytes} [Thu Jul 9 06:54:30 2026] DELETE /v2.0/security-groups/e4ee1a03-67f4-4e44-b2b9-a2dafba2f648 => generated 0 bytes in 216 msecs (HTTP/1.1 204) 2 headers in 112 bytes (1 switches on core 0)
2026-07-09 06:54:30.721 7 WARNING neutron.scheduler.dhcp_agent_scheduler [None req-7285e69b-dc16-4fb6-9ecd-ebb029006aef 6ce2a15aba3e4915bed0a341f2f2094e 3292004b83504817b409a08df3edfd81 - - default default] No more DHCP agents
2026-07-09 06:54:30.723 7 WARNING neutron.api.rpc.agentnotifiers.dhcp_rpc_agent_api [None req-7285e69b-dc16-4fb6-9ecd-ebb029006aef 6ce2a15aba3e4915bed0a341f2f2094e 3292004b83504817b409a08df3edfd81 - - default default] Unable to schedule network 9aefa88c-2232-484d-95dd-0c672311e7f8: no agents available; will retry on subsequent port and subnet creation events. [pid: 8|app: 0|req: 1141/2325] 10.0.0.201 () {32 vars in 740 bytes} [Thu Jul 9 06:54:30 2026] DELETE /v2.0/security-groups/42f4a918-febf-4f09-8788-ba8afbc806f2 => generated 0 bytes in 220 msecs (HTTP/1.1 204) 2 headers in 112 bytes (1 switches on core 0)
2026-07-09 06:54:30.803 7 INFO neutron.plugins.ml2.drivers.ovn.mech_driver.mech_driver [None req-7ba3dddf-eace-441a-843b-4fa6ffaa919e - - - - - -] OVN reports status down for port: 5becd030-5f45-4a25-9307-bbe2a84524f5
2026-07-09 06:54:30.878 7 INFO neutron.db.ovn_revision_numbers_db [None req-7285e69b-dc16-4fb6-9ecd-ebb029006aef 6ce2a15aba3e4915bed0a341f2f2094e 3292004b83504817b409a08df3edfd81 - - default default] Successfully bumped revision number for resource 5becd030-5f45-4a25-9307-bbe2a84524f5 (type: ports) to 1 [pid: 7|app: 0|req: 1185/2326] 10.0.0.201 () {34 vars in 664 bytes} [Thu Jul 9 06:54:29 2026] POST /v2.0/ports => generated 743 bytes in 1239 msecs (HTTP/1.1 201) 4 headers in 162 bytes (1 switches on core 0) [pid: 8|app: 0|req: 1142/2327] 10.0.0.201 () {34 vars in 666 bytes} [Thu Jul 9 06:54:30 2026] POST /v2.0/trunks => generated 409 bytes in 211 msecs (HTTP/1.1 201) 4 headers in 162 bytes (1 switches on core 0) /var/lib/openstack/lib/python3.12/site-packages/pycadf/identifier.py:70: UserWarning: Invalid uuid: neutron. To ensure interoperability, identifiers should be a valid uuid. warnings.warn(('Invalid uuid: %s. To ensure interoperability, '
2026-07-09 06:54:31.281 7 INFO neutron.db.segments_db [None req-80182c7e-d9ba-4ce2-91ad-284468e449c6 6ce2a15aba3e4915bed0a341f2f2094e 3292004b83504817b409a08df3edfd81 - - default default] Added segment 68550bbf-37f3-44cd-957c-ffdbb336dabe of type geneve for network a6e5ab1a-c7ef-4047-912f-d8169a467533
2026-07-09 06:54:31.443 7 INFO neutron.db.ovn_revision_numbers_db [None req-80182c7e-d9ba-4ce2-91ad-284468e449c6 6ce2a15aba3e4915bed0a341f2f2094e 3292004b83504817b409a08df3edfd81 - - default default] Successfully bumped revision number for resource a6e5ab1a-c7ef-4047-912f-d8169a467533 (type: networks) to 1
2026-07-09 06:54:31.686 7 WARNING neutron.scheduler.dhcp_agent_scheduler [None req-80182c7e-d9ba-4ce2-91ad-284468e449c6 6ce2a15aba3e4915bed0a341f2f2094e 3292004b83504817b409a08df3edfd81 - - default default] No more DHCP agents
2026-07-09 06:54:31.688 7 WARNING neutron.api.rpc.agentnotifiers.dhcp_rpc_agent_api [None req-80182c7e-d9ba-4ce2-91ad-284468e449c6 6ce2a15aba3e4915bed0a341f2f2094e 3292004b83504817b409a08df3edfd81 - - default default] Unable to schedule network a6e5ab1a-c7ef-4047-912f-d8169a467533: no agents available; will retry on subsequent port and subnet creation events.
2026-07-09 06:54:31.753 7 INFO neutron.plugins.ml2.drivers.ovn.mech_driver.mech_driver [None req-7ba3dddf-eace-441a-843b-4fa6ffaa919e - - - - - -] OVN reports status down for port: 13b8922b-a385-4772-9a63-c4cea1fb9155
2026-07-09 06:54:31.829 7 INFO neutron.db.ovn_revision_numbers_db [None req-80182c7e-d9ba-4ce2-91ad-284468e449c6 6ce2a15aba3e4915bed0a341f2f2094e 3292004b83504817b409a08df3edfd81 - - default default] Successfully bumped revision number for resource 13b8922b-a385-4772-9a63-c4cea1fb9155 (type: ports) to 1 [pid: 7|app: 0|req: 1186/2328] 10.0.0.201 () {34 vars in 670 bytes} [Thu Jul 9 06:54:31 2026] POST /v2.0/networks => generated 667 bytes in 701 msecs (HTTP/1.1 201) 4 headers in 162 bytes (1 switches on core 0)
2026-07-09 06:54:32.102 8 WARNING neutron.scheduler.dhcp_agent_scheduler [None req-129af0ef-4469-422f-bdb2-dab09aba227d 6ce2a15aba3e4915bed0a341f2f2094e 3292004b83504817b409a08df3edfd81 - - default default] No more DHCP agents
2026-07-09 06:54:32.107 8 WARNING neutron.api.rpc.agentnotifiers.dhcp_rpc_agent_api [None req-129af0ef-4469-422f-bdb2-dab09aba227d 6ce2a15aba3e4915bed0a341f2f2094e 3292004b83504817b409a08df3edfd81 - - default default] Unable to schedule network a6e5ab1a-c7ef-4047-912f-d8169a467533: no agents available; will retry on subsequent port and subnet creation events.
2026-07-09 06:54:32.204 7 INFO neutron.plugins.ml2.drivers.ovn.mech_driver.mech_driver [None req-7ba3dddf-eace-441a-843b-4fa6ffaa919e - - - - - -] OVN reports status down for port: b4c2a5f1-82af-4ba9-9bd8-9d87660cf9d8
2026-07-09 06:54:32.243 8 INFO neutron.db.ovn_revision_numbers_db [None req-129af0ef-4469-422f-bdb2-dab09aba227d 6ce2a15aba3e4915bed0a341f2f2094e 3292004b83504817b409a08df3edfd81 - - default default] Successfully bumped revision number for resource b4c2a5f1-82af-4ba9-9bd8-9d87660cf9d8 (type: ports) to 1 [pid: 8|app: 0|req: 1143/2329] 10.0.0.201 () {34 vars in 664 bytes} [Thu Jul 9 06:54:31 2026] POST /v2.0/ports => generated 743 bytes in 408 msecs (HTTP/1.1 201) 4 headers in 162 bytes (1 switches on core 0) [pid: 7|app: 0|req: 1187/2330] 10.0.0.201 () {34 vars in 666 bytes} [Thu Jul 9 06:54:32 2026] POST /v2.0/trunks => generated 409 bytes in 333 msecs (HTTP/1.1 201) 4 headers in 162 bytes (1 switches on core 0) /var/lib/openstack/lib/python3.12/site-packages/pycadf/identifier.py:70: UserWarning: Invalid uuid: neutron. To ensure interoperability, identifiers should be a valid uuid. warnings.warn(('Invalid uuid: %s. To ensure interoperability, '
2026-07-09 06:54:32.751 8 INFO neutron.db.segments_db [None req-99707678-5ff1-4dea-a4d2-ec5e9773a9bc 6ce2a15aba3e4915bed0a341f2f2094e 3292004b83504817b409a08df3edfd81 - - default default] Added segment 2f8ab7a6-3803-4fa5-b87a-66505b193ffe of type geneve for network e90ea2eb-df9a-491d-85f8-780860c4732d
2026-07-09 06:54:32.883 8 INFO neutron.db.ovn_revision_numbers_db [None req-99707678-5ff1-4dea-a4d2-ec5e9773a9bc 6ce2a15aba3e4915bed0a341f2f2094e 3292004b83504817b409a08df3edfd81 - - default default] Successfully bumped revision number for resource e90ea2eb-df9a-491d-85f8-780860c4732d (type: networks) to 1
2026-07-09 06:54:33.032 8 WARNING neutron.scheduler.dhcp_agent_scheduler [None req-99707678-5ff1-4dea-a4d2-ec5e9773a9bc 6ce2a15aba3e4915bed0a341f2f2094e 3292004b83504817b409a08df3edfd81 - - default default] No more DHCP agents
2026-07-09 06:54:33.034 8 WARNING neutron.api.rpc.agentnotifiers.dhcp_rpc_agent_api [None req-99707678-5ff1-4dea-a4d2-ec5e9773a9bc 6ce2a15aba3e4915bed0a341f2f2094e 3292004b83504817b409a08df3edfd81 - - default default] Unable to schedule network e90ea2eb-df9a-491d-85f8-780860c4732d: no agents available; will retry on subsequent port and subnet creation events.
2026-07-09 06:54:33.091 8 INFO neutron.plugins.ml2.drivers.ovn.mech_driver.mech_driver [None req-6fee498f-85ed-468e-9e04-3b58e8f585be - - - - - -] OVN reports status down for port: f9c1faf0-4783-4b83-a918-b781dc824148
2026-07-09 06:54:33.157 8 INFO neutron.db.ovn_revision_numbers_db [None req-99707678-5ff1-4dea-a4d2-ec5e9773a9bc 6ce2a15aba3e4915bed0a341f2f2094e 3292004b83504817b409a08df3edfd81 - - default default] Successfully bumped revision number for resource f9c1faf0-4783-4b83-a918-b781dc824148 (type: ports) to 1 [pid: 8|app: 0|req: 1144/2331] 10.0.0.201 () {34 vars in 670 bytes} [Thu Jul 9 06:54:32 2026] POST /v2.0/networks => generated 669 bytes in 588 msecs (HTTP/1.1 201) 4 headers in 162 bytes (1 switches on core 0)
2026-07-09 06:54:33.485 7 WARNING neutron.scheduler.dhcp_agent_scheduler [None req-026b595d-0d06-4e94-959e-27112d9eaf66 6ce2a15aba3e4915bed0a341f2f2094e 3292004b83504817b409a08df3edfd81 - - default default] No more DHCP agents
2026-07-09 06:54:33.487 7 WARNING neutron.api.rpc.agentnotifiers.dhcp_rpc_agent_api [None req-026b595d-0d06-4e94-959e-27112d9eaf66 6ce2a15aba3e4915bed0a341f2f2094e 3292004b83504817b409a08df3edfd81 - - default default] Unable to schedule network e90ea2eb-df9a-491d-85f8-780860c4732d: no agents available; will retry on subsequent port and subnet creation events.
2026-07-09 06:54:33.662 7 INFO neutron.plugins.ml2.drivers.ovn.mech_driver.mech_driver [None req-7ba3dddf-eace-441a-843b-4fa6ffaa919e - - - - - -] OVN reports status down for port: 13e4d37d-a47f-4ecb-ae92-cd50ff3250af
2026-07-09 06:54:33.775 7 INFO neutron.db.ovn_revision_numbers_db [None req-026b595d-0d06-4e94-959e-27112d9eaf66 6ce2a15aba3e4915bed0a341f2f2094e 3292004b83504817b409a08df3edfd81 - - default default] Successfully bumped revision number for resource 13e4d37d-a47f-4ecb-ae92-cd50ff3250af (type: ports) to 1 [pid: 7|app: 0|req: 1188/2332] 10.0.0.201 () {34 vars in 664 bytes} [Thu Jul 9 06:54:33 2026] POST /v2.0/ports => generated 743 bytes in 621 msecs (HTTP/1.1 201) 4 headers in 162 bytes (1 switches on core 0) [pid: 8|app: 0|req: 1145/2333] 10.0.0.201 () {34 vars in 666 bytes} [Thu Jul 9 06:54:33 2026] POST /v2.0/trunks => generated 409 bytes in 228 msecs (HTTP/1.1 201) 4 headers in 162 bytes (1 switches on core 0) /var/lib/openstack/lib/python3.12/site-packages/pycadf/identifier.py:70: UserWarning: Invalid uuid: neutron. To ensure interoperability, identifiers should be a valid uuid. warnings.warn(('Invalid uuid: %s. To ensure interoperability, '
2026-07-09 06:54:34.094 7 WARNING tagging [None req-1d7b6d2b-683a-499f-a734-68b1829c8209 6ce2a15aba3e4915bed0a341f2f2094e 3292004b83504817b409a08df3edfd81 - - default default] project_id key not found in request, using tenant_id instead. This support has been deprecated and will be removed in a future release. [pid: 7|app: 0|req: 1189/2334] 10.0.0.201 () {34 vars in 749 bytes} [Thu Jul 9 06:54:34 2026] PUT /v2.0/trunks/5b4c86f1-d745-45ea-890a-39baebf39c56/tags => generated 17 bytes in 32 msecs (HTTP/1.1 200) 4 headers in 156 bytes (1 switches on core 0)
2026-07-09 06:54:34.132 8 WARNING tagging [None req-8295c30d-988f-48ef-b446-58ad8d74e170 6ce2a15aba3e4915bed0a341f2f2094e 3292004b83504817b409a08df3edfd81 - - default default] project_id key not found in request, using tenant_id instead. This support has been deprecated and will be removed in a future release. [pid: 8|app: 0|req: 1146/2335] 10.0.0.201 () {34 vars in 749 bytes} [Thu Jul 9 06:54:34 2026] PUT /v2.0/trunks/2f400c1e-c254-4119-9475-9fe6a9801058/tags => generated 25 bytes in 34 msecs (HTTP/1.1 200) 4 headers in 156 bytes (1 switches on core 0)
2026-07-09 06:54:34.172 7 WARNING tagging [None req-c0022453-380b-42c8-ae3a-b650e16d9d99 6ce2a15aba3e4915bed0a341f2f2094e 3292004b83504817b409a08df3edfd81 - - default default] project_id key not found in request, using tenant_id instead. This support has been deprecated and will be removed in a future release. [pid: 7|app: 0|req: 1190/2336] 10.0.0.201 () {34 vars in 749 bytes} [Thu Jul 9 06:54:34 2026] PUT /v2.0/trunks/d359df05-311c-4bec-9a0b-1027a461c64b/tags => generated 34 bytes in 52 msecs (HTTP/1.1 200) 4 headers in 156 bytes (1 switches on core 0)
2026-07-09 06:54:34.229 7 WARNING tagging [None req-0c6e622b-684a-49d5-b6d4-e7036e51a51d 6ce2a15aba3e4915bed0a341f2f2094e 3292004b83504817b409a08df3edfd81 - - default default] project_id key not found in request, using tenant_id instead. This support has been deprecated and will be removed in a future release. [pid: 7|app: 0|req: 1191/2337] 10.0.0.201 () {34 vars in 749 bytes} [Thu Jul 9 06:54:34 2026] PUT /v2.0/trunks/da1734a1-6216-4108-8c06-3da7b18f3a5f/tags => generated 19 bytes in 36 msecs (HTTP/1.1 200) 4 headers in 156 bytes (1 switches on core 0) [pid: 7|app: 0|req: 1192/2338] 10.0.0.201 () {32 vars in 662 bytes} [Thu Jul 9 06:54:34 2026] GET /v2.0/trunks?tags=red => generated 1252 bytes in 23 msecs (HTTP/1.1 200) 4 headers in 158 bytes (1 switches on core 0) [pid: 7|app: 0|req: 1193/2339] 10.0.0.201 () {32 vars in 676 bytes} [Thu Jul 9 06:54:34 2026] GET /v2.0/trunks?tags=red%2Cblue => generated 847 bytes in 28 msecs (HTTP/1.1 200) 4 headers in 157 bytes (1 switches on core 0) [pid: 7|app: 0|req: 1194/2340] 10.0.0.201 () {32 vars in 672 bytes} [Thu Jul 9 06:54:34 2026] GET /v2.0/trunks?tags-any=blue => generated 847 bytes in 29 msecs (HTTP/1.1 200) 4 headers in 157 bytes (1 switches on core 0) [pid: 7|app: 0|req: 1195/2341] 10.0.0.201 () {32 vars in 684 bytes} [Thu Jul 9 06:54:34 2026] GET /v2.0/trunks?tags-any=red%2Cblue => generated 1252 bytes in 19 msecs (HTTP/1.1 200) 4 headers in 158 bytes (1 switches on core 0) [pid: 7|app: 0|req: 1196/2342] 10.0.0.201 () {32 vars in 670 bytes} [Thu Jul 9 06:54:34 2026] GET /v2.0/trunks?not-tags=red => generated 819 bytes in 31 msecs (HTTP/1.1 200) 4 headers in 157 bytes (1 switches on core 0) [pid: 7|app: 0|req: 1197/2343] 10.0.0.201 () {32 vars in 684 bytes} [Thu Jul 9 06:54:34 2026] GET /v2.0/trunks?not-tags=red%2Cblue => generated 1224 bytes in 39 msecs (HTTP/1.1 200) 4 headers in 158 bytes (1 switches on core 0)
2026-07-09 06:54:34.467 8 INFO neutron.db.ovn_revision_numbers_db [None req-37182a9b-94e5-4e7d-beac-4978d2f8accb 06d7ca680d5245189f11cf0df6df4bb4 c93706228f0842e3a785fa44080cd1a8 - - default default] Successfully bumped revision number for resource 50b9a516-905a-4ee1-aa00-6efc3fa906f3 (type: security_groups) to 1
2026-07-09 06:54:34.485 8 INFO neutron.db.ovn_revision_numbers_db [None req-37182a9b-94e5-4e7d-beac-4978d2f8accb 06d7ca680d5245189f11cf0df6df4bb4 c93706228f0842e3a785fa44080cd1a8 - - default default] Successfully bumped revision number for resource 030647b6-a4f2-4136-a20f-77126d3dafaa (type: security_group_rules) to 0
2026-07-09 06:54:34.500 8 INFO neutron.db.ovn_revision_numbers_db [None req-37182a9b-94e5-4e7d-beac-4978d2f8accb 06d7ca680d5245189f11cf0df6df4bb4 c93706228f0842e3a785fa44080cd1a8 - - default default] Successfully bumped revision number for resource 7142c12e-bb27-4a05-9007-6042ede098ea (type: security_group_rules) to 0
2026-07-09 06:54:34.517 8 INFO neutron.db.ovn_revision_numbers_db [None req-37182a9b-94e5-4e7d-beac-4978d2f8accb 06d7ca680d5245189f11cf0df6df4bb4 c93706228f0842e3a785fa44080cd1a8 - - default default] Successfully bumped revision number for resource 8c3548eb-8f7e-47b2-b19f-1ec479d2bd07 (type: security_group_rules) to 0 [pid: 7|app: 0|req: 1198/2344] 10.0.0.116 () {28 vars in 583 bytes} [Thu Jul 9 06:54:34 2026] GET /v2.0/routers => generated 15 bytes in 82 msecs (HTTP/1.1 200) 4 headers in 156 bytes (1 switches on core 0)
2026-07-09 06:54:34.551 8 INFO neutron.db.ovn_revision_numbers_db [None req-37182a9b-94e5-4e7d-beac-4978d2f8accb 06d7ca680d5245189f11cf0df6df4bb4 c93706228f0842e3a785fa44080cd1a8 - - default default] Successfully bumped revision number for resource fa4783ee-25c7-4292-a4ed-085333e3ed43 (type: security_group_rules) to 0
2026-07-09 06:54:34.631 8 INFO neutron.db.segments_db [None req-37182a9b-94e5-4e7d-beac-4978d2f8accb 06d7ca680d5245189f11cf0df6df4bb4 c93706228f0842e3a785fa44080cd1a8 - - default default] Added segment 6f0272cd-3d4a-473b-a10e-1df5395de0dd of type geneve for network d974d911-310c-4231-968a-9e994da17df9
2026-07-09 06:54:34.718 7 INFO neutron.db.ovn_revision_numbers_db [None req-a3b8b322-41cc-4154-bc45-ea0077be282c 8674bb5278f34cc292be155c483a161c 97bdc63c1a52411cbb8e35e6d119dafc - - default default] Successfully bumped revision number for resource bff27459-67ec-4125-8296-7d1febfb2d94 (type: security_groups) to 1
2026-07-09 06:54:34.736 7 INFO neutron.db.ovn_revision_numbers_db [None req-a3b8b322-41cc-4154-bc45-ea0077be282c 8674bb5278f34cc292be155c483a161c 97bdc63c1a52411cbb8e35e6d119dafc - - default default] Successfully bumped revision number for resource 36a3fe01-8659-49aa-907f-261a4e7579ed (type: security_group_rules) to 0
2026-07-09 06:54:34.749 7 INFO neutron.db.ovn_revision_numbers_db [None req-a3b8b322-41cc-4154-bc45-ea0077be282c 8674bb5278f34cc292be155c483a161c 97bdc63c1a52411cbb8e35e6d119dafc - - default default] Successfully bumped revision number for resource 50e38457-4e14-42f0-bd6d-8778d4540957 (type: security_group_rules) to 0
2026-07-09 06:54:34.762 8 INFO neutron.db.ovn_revision_numbers_db [None req-37182a9b-94e5-4e7d-beac-4978d2f8accb 06d7ca680d5245189f11cf0df6df4bb4 c93706228f0842e3a785fa44080cd1a8 - - default default] Successfully bumped revision number for resource d974d911-310c-4231-968a-9e994da17df9 (type: networks) to 1
2026-07-09 06:54:34.770 7 INFO neutron.db.ovn_revision_numbers_db [None req-a3b8b322-41cc-4154-bc45-ea0077be282c 8674bb5278f34cc292be155c483a161c 97bdc63c1a52411cbb8e35e6d119dafc - - default default] Successfully bumped revision number for resource 67be4b6c-dc17-4cc7-884d-24c944f18ca9 (type: security_group_rules) to 0
2026-07-09 06:54:34.786 7 INFO neutron.db.ovn_revision_numbers_db [None req-a3b8b322-41cc-4154-bc45-ea0077be282c 8674bb5278f34cc292be155c483a161c 97bdc63c1a52411cbb8e35e6d119dafc - - default default] Successfully bumped revision number for resource db213132-c472-487f-a19f-a751d64990d9 (type: security_group_rules) to 0
2026-07-09 06:54:34.868 7 INFO neutron.db.segments_db [None req-a3b8b322-41cc-4154-bc45-ea0077be282c 8674bb5278f34cc292be155c483a161c 97bdc63c1a52411cbb8e35e6d119dafc - - default default] Added segment 339bd425-b3bc-44f5-b8c4-ca53b7d91b6e of type geneve for network 883c304c-bd00-4495-9ff6-5fc3fbfc04d8
2026-07-09 06:54:34.939 8 WARNING neutron.scheduler.dhcp_agent_scheduler [None req-37182a9b-94e5-4e7d-beac-4978d2f8accb 06d7ca680d5245189f11cf0df6df4bb4 c93706228f0842e3a785fa44080cd1a8 - - default default] No more DHCP agents
2026-07-09 06:54:34.941 8 WARNING neutron.api.rpc.agentnotifiers.dhcp_rpc_agent_api [None req-37182a9b-94e5-4e7d-beac-4978d2f8accb 06d7ca680d5245189f11cf0df6df4bb4 c93706228f0842e3a785fa44080cd1a8 - - default default] Unable to schedule network d974d911-310c-4231-968a-9e994da17df9: no agents available; will retry on subsequent port and subnet creation events.
2026-07-09 06:54:35.010 7 INFO neutron.db.ovn_revision_numbers_db [None req-a3b8b322-41cc-4154-bc45-ea0077be282c 8674bb5278f34cc292be155c483a161c 97bdc63c1a52411cbb8e35e6d119dafc - - default default] Successfully bumped revision number for resource 883c304c-bd00-4495-9ff6-5fc3fbfc04d8 (type: networks) to 1
2026-07-09 06:54:35.010 8 INFO neutron.plugins.ml2.drivers.ovn.mech_driver.mech_driver [None req-6fee498f-85ed-468e-9e04-3b58e8f585be - - - - - -] OVN reports status down for port: 40ca325c-b0d7-4c3a-b19b-3c5b1a91cdcd
2026-07-09 06:54:35.075 8 INFO neutron.db.ovn_revision_numbers_db [None req-37182a9b-94e5-4e7d-beac-4978d2f8accb 06d7ca680d5245189f11cf0df6df4bb4 c93706228f0842e3a785fa44080cd1a8 - - default default] Successfully bumped revision number for resource 40ca325c-b0d7-4c3a-b19b-3c5b1a91cdcd (type: ports) to 1 [pid: 8|app: 0|req: 1147/2345] 10.0.0.201 () {34 vars in 670 bytes} [Thu Jul 9 06:54:34 2026] POST /v2.0/networks => generated 669 bytes in 963 msecs (HTTP/1.1 201) 4 headers in 162 bytes (1 switches on core 0) [pid: 8|app: 0|req: 1148/2346] 10.0.0.201 () {32 vars in 680 bytes} [Thu Jul 9 06:54:35 2026] GET /v2.0/trunks?not-tags-any=blue => generated 1224 bytes in 26 msecs (HTTP/1.1 200) 4 headers in 158 bytes (1 switches on core 0) [pid: 8|app: 0|req: 1149/2347] 10.0.0.116 () {28 vars in 624 bytes} [Thu Jul 9 06:54:35 2026] GET /v2.0/agents?binary=ovn-controller => generated 416 bytes in 9 msecs (HTTP/1.1 200) 4 headers in 157 bytes (1 switches on core 0)
2026-07-09 06:54:35.204 7 WARNING neutron.scheduler.dhcp_agent_scheduler [None req-a3b8b322-41cc-4154-bc45-ea0077be282c 8674bb5278f34cc292be155c483a161c 97bdc63c1a52411cbb8e35e6d119dafc - - default default] No more DHCP agents
2026-07-09 06:54:35.208 7 WARNING neutron.api.rpc.agentnotifiers.dhcp_rpc_agent_api [None req-a3b8b322-41cc-4154-bc45-ea0077be282c 8674bb5278f34cc292be155c483a161c 97bdc63c1a52411cbb8e35e6d119dafc - - default default] Unable to schedule network 883c304c-bd00-4495-9ff6-5fc3fbfc04d8: no agents available; will retry on subsequent port and subnet creation events.
2026-07-09 06:54:35.294 8 INFO neutron.plugins.ml2.drivers.ovn.mech_driver.mech_driver [None req-6fee498f-85ed-468e-9e04-3b58e8f585be - - - - - -] OVN reports status down for port: 11041b9f-4f23-4982-a12f-7e6c376b7ffc
2026-07-09 06:54:35.321 7 INFO neutron.db.ovn_revision_numbers_db [None req-a3b8b322-41cc-4154-bc45-ea0077be282c 8674bb5278f34cc292be155c483a161c 97bdc63c1a52411cbb8e35e6d119dafc - - default default] Successfully bumped revision number for resource 11041b9f-4f23-4982-a12f-7e6c376b7ffc (type: ports) to 1 [pid: 7|app: 0|req: 1199/2348] 10.0.0.201 () {34 vars in 670 bytes} [Thu Jul 9 06:54:34 2026] POST /v2.0/networks => generated 670 bytes in 801 msecs (HTTP/1.1 201) 4 headers in 162 bytes (1 switches on core 0) [pid: 7|app: 0|req: 1200/2349] 10.0.0.201 () {32 vars in 692 bytes} [Thu Jul 9 06:54:35 2026] GET /v2.0/trunks?not-tags-any=red%2Cblue => generated 819 bytes in 18 msecs (HTTP/1.1 200) 4 headers in 157 bytes (1 switches on core 0) [pid: 7|app: 0|req: 1201/2350] 10.0.0.116 () {28 vars in 591 bytes} [Thu Jul 9 06:54:35 2026] GET /v2.0/floatingips => generated 19 bytes in 17 msecs (HTTP/1.1 200) 4 headers in 156 bytes (1 switches on core 0)
2026-07-09 06:54:35.412 8 WARNING neutron.scheduler.dhcp_agent_scheduler [None req-859c6d18-8018-4e84-8c77-3166dce5672d 06d7ca680d5245189f11cf0df6df4bb4 c93706228f0842e3a785fa44080cd1a8 - - default default] No more DHCP agents
2026-07-09 06:54:35.414 8 WARNING neutron.api.rpc.agentnotifiers.dhcp_rpc_agent_api [None req-859c6d18-8018-4e84-8c77-3166dce5672d 06d7ca680d5245189f11cf0df6df4bb4 c93706228f0842e3a785fa44080cd1a8 - - default default] Unable to schedule network d974d911-310c-4231-968a-9e994da17df9: no agents available; will retry on subsequent port and subnet creation events.
2026-07-09 06:54:35.476 7 INFO neutron.db.segments_db [None req-6e495706-f969-4efc-81f9-0f72dc822273 8674bb5278f34cc292be155c483a161c 97bdc63c1a52411cbb8e35e6d119dafc - - default default] Added segment c98968eb-258f-4481-9ac0-2935bd85c262 of type geneve for network a353d52f-d294-4d1c-af3d-ead684a11aad
2026-07-09 06:54:35.603 7 INFO neutron.db.ovn_revision_numbers_db [None req-6e495706-f969-4efc-81f9-0f72dc822273 8674bb5278f34cc292be155c483a161c 97bdc63c1a52411cbb8e35e6d119dafc - - default default] Successfully bumped revision number for resource a353d52f-d294-4d1c-af3d-ead684a11aad (type: networks) to 1
2026-07-09 06:54:35.778 7 WARNING neutron.scheduler.dhcp_agent_scheduler [None req-6e495706-f969-4efc-81f9-0f72dc822273 8674bb5278f34cc292be155c483a161c 97bdc63c1a52411cbb8e35e6d119dafc - - default default] No more DHCP agents
2026-07-09 06:54:35.781 7 WARNING neutron.api.rpc.agentnotifiers.dhcp_rpc_agent_api [None req-6e495706-f969-4efc-81f9-0f72dc822273 8674bb5278f34cc292be155c483a161c 97bdc63c1a52411cbb8e35e6d119dafc - - default default] Unable to schedule network a353d52f-d294-4d1c-af3d-ead684a11aad: no agents available; will retry on subsequent port and subnet creation events.
2026-07-09 06:54:35.856 8 INFO neutron.plugins.ml2.drivers.ovn.mech_driver.mech_driver [None req-6fee498f-85ed-468e-9e04-3b58e8f585be - - - - - -] OVN reports status down for port: 61e89a32-b9b1-416b-bb10-d84e91ed6ebd
2026-07-09 06:54:35.865 7 INFO neutron.db.ovn_revision_numbers_db [None req-6e495706-f969-4efc-81f9-0f72dc822273 8674bb5278f34cc292be155c483a161c 97bdc63c1a52411cbb8e35e6d119dafc - - default default] Successfully bumped revision number for resource 61e89a32-b9b1-416b-bb10-d84e91ed6ebd (type: ports) to 1 [pid: 7|app: 0|req: 1202/2351] 10.0.0.201 () {34 vars in 670 bytes} [Thu Jul 9 06:54:35 2026] POST /v2.0/networks => generated 669 bytes in 505 msecs (HTTP/1.1 201) 4 headers in 162 bytes (1 switches on core 0) [pid: 7|app: 0|req: 1203/2352] 10.0.0.201 () {32 vars in 719 bytes} [Thu Jul 9 06:54:35 2026] GET /v2.0/trunks/5b4c86f1-d745-45ea-890a-39baebf39c56 => generated 414 bytes in 17 msecs (HTTP/1.1 200) 4 headers in 157 bytes (1 switches on core 0) [pid: 7|app: 0|req: 1204/2353] 10.0.0.116 () {28 vars in 599 bytes} [Thu Jul 9 06:54:35 2026] GET /v2.0/security-groups => generated 26125 bytes in 46 msecs (HTTP/1.1 200) 4 headers in 159 bytes (1 switches on core 0) [pid: 7|app: 0|req: 1205/2354] 10.0.0.201 () {34 vars in 753 bytes} [Thu Jul 9 06:54:35 2026] PUT /v2.0/networks/883c304c-bd00-4495-9ff6-5fc3fbfc04d8/tags => generated 25 bytes in 61 msecs (HTTP/1.1 200) 4 headers in 156 bytes (1 switches on core 0)
2026-07-09 06:54:36.018 8 INFO neutron.db.ovn_revision_numbers_db [None req-859c6d18-8018-4e84-8c77-3166dce5672d 06d7ca680d5245189f11cf0df6df4bb4 c93706228f0842e3a785fa44080cd1a8 - - default default] Successfully bumped revision number for resource 40ca325c-b0d7-4c3a-b19b-3c5b1a91cdcd (type: ports) to 2 [pid: 7|app: 0|req: 1206/2355] 10.0.0.201 () {32 vars in 717 bytes} [Thu Jul 9 06:54:36 2026] GET /v2.0/ports/39ce7295-288c-4c36-afbf-6f1b064f035f => generated 826 bytes in 89 msecs (HTTP/1.1 200) 4 headers in 157 bytes (1 switches on core 0)
