2026-07-09 06:52:51.868 7 INFO neutron.db.ovn_revision_numbers_db [None req-6369a147-73a9-46bc-8b99-0b9f4c47bc69 973034d16270436d9c247592a90fdbc3 a28a0120d89e4851a6b66414e305c2b6 - - default default] Successfully bumped revision number for resource 5b03d974-105f-4e16-82c4-95d498bdec2e (type: security_group_rules) to 0
2026-07-09 06:52:51.880 7 INFO neutron.db.ovn_revision_numbers_db [None req-6369a147-73a9-46bc-8b99-0b9f4c47bc69 973034d16270436d9c247592a90fdbc3 a28a0120d89e4851a6b66414e305c2b6 - - default default] Successfully bumped revision number for resource c9261f39-51da-4ff8-a64c-7339ff9e5030 (type: security_group_rules) to 0
2026-07-09 06:52:51.895 7 INFO neutron.db.ovn_revision_numbers_db [None req-6369a147-73a9-46bc-8b99-0b9f4c47bc69 973034d16270436d9c247592a90fdbc3 a28a0120d89e4851a6b66414e305c2b6 - - default default] Successfully bumped revision number for resource ec1035b6-8785-4025-bcf6-e515640c3cb8 (type: security_group_rules) to 0 [pid: 7|app: 0|req: 861/1691] 10.0.0.201 () {32 vars in 774 bytes} [Thu Jul 9 06:52:51 2026] GET /v2.0/security-groups?tenant_id=7044734d0c3a46389d5d3f2f7131ca8a&name=default => generated 2925 bytes in 402 msecs (HTTP/1.1 200) 4 headers in 158 bytes (1 switches on core 0) [pid: 8|app: 0|req: 831/1692] 10.0.0.201 () {32 vars in 740 bytes} [Thu Jul 9 06:52:51 2026] DELETE /v2.0/security-groups/ad898f81-1f1c-4c60-b1fb-84d278aaa038 => generated 0 bytes in 189 msecs (HTTP/1.1 204) 2 headers in 112 bytes (1 switches on core 0)
2026-07-09 06:52:52.267 7 WARNING neutron.db.securitygroups_db [None req-fd75a509-3079-4883-bae4-d2647787e148 973034d16270436d9c247592a90fdbc3 a28a0120d89e4851a6b66414e305c2b6 - - default default] project_id key not found in filters, using tenant_id instead. This support has been deprecated and will be removed in a future release.
2026-07-09 06:52:52.422 7 INFO neutron.db.ovn_revision_numbers_db [None req-fd75a509-3079-4883-bae4-d2647787e148 973034d16270436d9c247592a90fdbc3 a28a0120d89e4851a6b66414e305c2b6 - - default default] Successfully bumped revision number for resource 35aa6b8a-e036-4dd9-964d-aff7404b5c6f (type: security_groups) to 1
2026-07-09 06:52:52.437 7 INFO neutron.db.ovn_revision_numbers_db [None req-fd75a509-3079-4883-bae4-d2647787e148 973034d16270436d9c247592a90fdbc3 a28a0120d89e4851a6b66414e305c2b6 - - default default] Successfully bumped revision number for resource 3c287b10-31c6-4507-a1f4-b4a272d7542d (type: security_group_rules) to 0
2026-07-09 06:52:52.450 7 INFO neutron.db.ovn_revision_numbers_db [None req-fd75a509-3079-4883-bae4-d2647787e148 973034d16270436d9c247592a90fdbc3 a28a0120d89e4851a6b66414e305c2b6 - - default default] Successfully bumped revision number for resource 7d443e99-ed8e-4ee4-893c-4b2736100c72 (type: security_group_rules) to 0
2026-07-09 06:52:52.462 7 INFO neutron.db.ovn_revision_numbers_db [None req-fd75a509-3079-4883-bae4-d2647787e148 973034d16270436d9c247592a90fdbc3 a28a0120d89e4851a6b66414e305c2b6 - - default default] Successfully bumped revision number for resource 9bdb1461-8886-47b9-904c-9a1571a228a3 (type: security_group_rules) to 0
2026-07-09 06:52:52.477 7 INFO neutron.db.ovn_revision_numbers_db [None req-fd75a509-3079-4883-bae4-d2647787e148 973034d16270436d9c247592a90fdbc3 a28a0120d89e4851a6b66414e305c2b6 - - default default] Successfully bumped revision number for resource 9ef2f1fb-cfff-4a2b-a139-19df068d849e (type: security_group_rules) to 0 [pid: 7|app: 0|req: 862/1693] 10.0.0.201 () {32 vars in 774 bytes} [Thu Jul 9 06:52:52 2026] GET /v2.0/security-groups?tenant_id=527e8db8afd24f8a96fd292ef342be66&name=default => generated 2925 bytes in 254 msecs (HTTP/1.1 200) 4 headers in 158 bytes (1 switches on core 0) [pid: 7|app: 0|req: 863/1694] 10.0.0.51 () {34 vars in 1069 bytes} [Thu Jul 9 06:52:52 2026] GET /v2.0/ports?fields=security_groups&fields=device_id&device_id=faac510a-71fd-4c8d-aad4-6b5158167a74 => generated 12 bytes in 37 msecs (HTTP/1.1 200) 4 headers in 156 bytes (1 switches on core 0) [pid: 7|app: 0|req: 864/1695] 10.0.0.9 () {34 vars in 988 bytes} [Thu Jul 9 06:52:52 2026] GET /v2.0/ports?device_id=faac510a-71fd-4c8d-aad4-6b5158167a74 => generated 12 bytes in 22 msecs (HTTP/1.1 200) 4 headers in 156 bytes (1 switches on core 0) [pid: 8|app: 0|req: 832/1698] 10.0.0.201 () {32 vars in 740 bytes} [Thu Jul 9 06:52:52 2026] DELETE /v2.0/security-groups/35aa6b8a-e036-4dd9-964d-aff7404b5c6f => generated 0 bytes in 203 msecs (HTTP/1.1 204) 2 headers in 112 bytes (1 switches on core 0) [pid: 7|app: 0|req: 867/1699] 10.0.0.51 () {34 vars in 1069 bytes} [Thu Jul 9 06:52:53 2026] GET /v2.0/ports?fields=security_groups&fields=device_id&device_id=faac510a-71fd-4c8d-aad4-6b5158167a74 => generated 12 bytes in 35 msecs (HTTP/1.1 200) 4 headers in 156 bytes (1 switches on core 0) [pid: 8|app: 0|req: 833/1700] 10.0.0.51 () {34 vars in 989 bytes} [Thu Jul 9 06:52:53 2026] GET /v2.0/ports?device_id=faac510a-71fd-4c8d-aad4-6b5158167a74 => generated 12 bytes in 22 msecs (HTTP/1.1 200) 4 headers in 156 bytes (1 switches on core 0) [pid: 7|app: 0|req: 868/1701] 10.0.0.201 () {32 vars in 740 bytes} [Thu Jul 9 06:52:54 2026] DELETE /v2.0/security-groups/5213e32f-981a-486e-a143-72674e15b2bb => generated 0 bytes in 204 msecs (HTTP/1.1 204) 2 headers in 112 bytes (1 switches on core 0)
2026-07-09 06:52:54.579 8 INFO neutron_taas.services.taas.taas_plugin [None req-19b9b6ae-7618-4c21-a704-a09aee37534b f94a26a6183d4c449e548d9fdff6dd50 d5a8945a65b0479e92ce91849b3ca86e - - default default] TaaS: Handle Delete Port: 947045f8-fdc4-467b-b0a2-d8c51a5a6ded
2026-07-09 06:52:54.582 8 INFO neutron_taas.services.taas.tap_mirror_plugin [None req-19b9b6ae-7618-4c21-a704-a09aee37534b f94a26a6183d4c449e548d9fdff6dd50 d5a8945a65b0479e92ce91849b3ca86e - - default default] Tap Mirror: Handle Delete Port: 947045f8-fdc4-467b-b0a2-d8c51a5a6ded [pid: 8|app: 0|req: 834/1702] 10.0.0.201 () {34 vars in 789 bytes} [Thu Jul 9 06:52:54 2026] PUT /v2.0/routers/83edc0b7-59f7-4a51-97db-41ad032582d2/remove_router_interface => generated 310 bytes in 906 msecs (HTTP/1.1 200) 4 headers in 157 bytes (1 switches on core 0) [pid: 7|app: 0|req: 869/1703] 10.0.0.201 () {32 vars in 724 bytes} [Thu Jul 9 06:52:55 2026] DELETE /v2.0/subnets/6848a27a-3aec-4656-9fb5-1eec4870901b => generated 0 bytes in 183 msecs (HTTP/1.1 204) 3 headers in 131 bytes (1 switches on core 0) /var/lib/openstack/lib/python3.12/site-packages/pycadf/identifier.py:70: UserWarning: Invalid uuid: neutron. To ensure interoperability, identifiers should be a valid uuid. warnings.warn(('Invalid uuid: %s. To ensure interoperability, '
2026-07-09 06:52:55.690 8 INFO neutron_taas.services.taas.taas_plugin [None req-382e8041-99e4-428e-9068-60f5624edd07 f94a26a6183d4c449e548d9fdff6dd50 d5a8945a65b0479e92ce91849b3ca86e - - default default] TaaS: Handle Delete Port: 016cefc8-1c36-4868-a99d-38a8f35dc147
2026-07-09 06:52:55.694 8 INFO neutron_taas.services.taas.tap_mirror_plugin [None req-382e8041-99e4-428e-9068-60f5624edd07 f94a26a6183d4c449e548d9fdff6dd50 d5a8945a65b0479e92ce91849b3ca86e - - default default] Tap Mirror: Handle Delete Port: 016cefc8-1c36-4868-a99d-38a8f35dc147 [pid: 8|app: 0|req: 835/1704] 10.0.0.201 () {32 vars in 724 bytes} [Thu Jul 9 06:52:55 2026] DELETE /v2.0/routers/83edc0b7-59f7-4a51-97db-41ad032582d2 => generated 0 bytes in 760 msecs (HTTP/1.1 204) 2 headers in 112 bytes (1 switches on core 0)
2026-07-09 06:52:56.159 7 WARNING neutron.db.securitygroups_db [None req-4d3db80b-f90f-4780-9136-4260fdb38c27 973034d16270436d9c247592a90fdbc3 a28a0120d89e4851a6b66414e305c2b6 - - default default] project_id key not found in filters, using tenant_id instead. This support has been deprecated and will be removed in a future release.
2026-07-09 06:52:56.239 8 INFO neutron_taas.services.taas.taas_plugin [None req-f5be7708-1c20-4a39-b01a-3f0d2605d6d6 f94a26a6183d4c449e548d9fdff6dd50 d5a8945a65b0479e92ce91849b3ca86e - - default default] TaaS: Handle Delete Port: ac284152-f5d2-4941-803c-67c7c89797dc
2026-07-09 06:52:56.241 8 INFO neutron_taas.services.taas.tap_mirror_plugin [None req-f5be7708-1c20-4a39-b01a-3f0d2605d6d6 f94a26a6183d4c449e548d9fdff6dd50 d5a8945a65b0479e92ce91849b3ca86e - - default default] Tap Mirror: Handle Delete Port: ac284152-f5d2-4941-803c-67c7c89797dc
2026-07-09 06:52:56.313 7 INFO neutron.db.ovn_revision_numbers_db [None req-4d3db80b-f90f-4780-9136-4260fdb38c27 973034d16270436d9c247592a90fdbc3 a28a0120d89e4851a6b66414e305c2b6 - - default default] Successfully bumped revision number for resource ee813dc8-e2be-4e57-b7ae-79b085e3ed42 (type: security_groups) to 1
2026-07-09 06:52:56.334 7 INFO neutron.db.ovn_revision_numbers_db [None req-4d3db80b-f90f-4780-9136-4260fdb38c27 973034d16270436d9c247592a90fdbc3 a28a0120d89e4851a6b66414e305c2b6 - - default default] Successfully bumped revision number for resource aacb4965-cf50-4ecb-a79c-e02631a36384 (type: security_group_rules) to 0
2026-07-09 06:52:56.344 7 INFO neutron.db.ovn_revision_numbers_db [None req-4d3db80b-f90f-4780-9136-4260fdb38c27 973034d16270436d9c247592a90fdbc3 a28a0120d89e4851a6b66414e305c2b6 - - default default] Successfully bumped revision number for resource bb22103a-83ed-43aa-bbf6-e940e5071310 (type: security_group_rules) to 0
2026-07-09 06:52:56.369 7 INFO neutron.db.ovn_revision_numbers_db [None req-4d3db80b-f90f-4780-9136-4260fdb38c27 973034d16270436d9c247592a90fdbc3 a28a0120d89e4851a6b66414e305c2b6 - - default default] Successfully bumped revision number for resource f424f669-40d1-455c-b10b-5c2d28165a08 (type: security_group_rules) to 0
2026-07-09 06:52:56.391 7 INFO neutron.db.ovn_revision_numbers_db [None req-4d3db80b-f90f-4780-9136-4260fdb38c27 973034d16270436d9c247592a90fdbc3 a28a0120d89e4851a6b66414e305c2b6 - - default default] Successfully bumped revision number for resource f74f44be-9f0f-4249-9064-8555bbdefb54 (type: security_group_rules) to 0 [pid: 7|app: 0|req: 870/1705] 10.0.0.201 () {32 vars in 774 bytes} [Thu Jul 9 06:52:55 2026] GET /v2.0/security-groups?tenant_id=ecf751c27787401db71f6773f74f63ee&name=default => generated 2925 bytes in 443 msecs (HTTP/1.1 200) 4 headers in 158 bytes (1 switches on core 0)
2026-07-09 06:52:56.471 8 INFO neutron.services.segments.plugin [-] Segment ae4b5b79-bb82-47db-b2b2-fb64cc177b12 resource provider aggregate not found
2026-07-09 06:52:56.478 8 INFO neutron.services.segments.plugin [-] Segment ae4b5b79-bb82-47db-b2b2-fb64cc177b12 resource provider aggregate not found
2026-07-09 06:52:56.488 8 INFO neutron.services.segments.plugin [-] Client error retrieving segment ae4b5b79-bb82-47db-b2b2-fb64cc177b12 resource provider; error: Placement Client Error (4xx): {"errors": [{"status": 404, "title": "Not Found", "detail": "The resource could not be found.\n\n No resource provider with uuid ae4b5b79-bb82-47db-b2b2-fb64cc177b12 found for delete ", "request_id": "req-b57dc78a-f4bc-4638-85b6-dba2a3546817"}]}
2026-07-09 06:52:56.502 8 INFO neutron.services.segments.plugin [-] Client error retrieving segment ae4b5b79-bb82-47db-b2b2-fb64cc177b12 resource provider; error: Placement Client Error (4xx): {"errors": [{"status": 404, "title": "Not Found", "detail": "The resource could not be found.\n\n No resource provider with uuid ae4b5b79-bb82-47db-b2b2-fb64cc177b12 found for delete ", "request_id": "req-bf16292f-0800-4725-9d3c-2843ae0740c8"}]} [pid: 8|app: 0|req: 836/1706] 10.0.0.201 () {32 vars in 726 bytes} [Thu Jul 9 06:52:56 2026] DELETE /v2.0/networks/33ba36e3-a3e1-4add-ab57-e5bfa9a599a2 => generated 0 bytes in 406 msecs (HTTP/1.1 204) 3 headers in 131 bytes (1 switches on core 0) [pid: 7|app: 0|req: 871/1707] 10.0.0.201 () {32 vars in 740 bytes} [Thu Jul 9 06:52:56 2026] DELETE /v2.0/security-groups/ee813dc8-e2be-4e57-b7ae-79b085e3ed42 => generated 0 bytes in 221 msecs (HTTP/1.1 204) 2 headers in 112 bytes (1 switches on core 0)
2026-07-09 06:52:56.687 8 WARNING neutron.db.securitygroups_db [None req-31641d77-1d06-479c-b126-daa8b1b54cca 973034d16270436d9c247592a90fdbc3 a28a0120d89e4851a6b66414e305c2b6 - - default default] project_id key not found in filters, using tenant_id instead. This support has been deprecated and will be removed in a future release.
2026-07-09 06:52:56.827 8 INFO neutron.db.ovn_revision_numbers_db [None req-31641d77-1d06-479c-b126-daa8b1b54cca 973034d16270436d9c247592a90fdbc3 a28a0120d89e4851a6b66414e305c2b6 - - default default] Successfully bumped revision number for resource 5e773604-116d-4cbf-9020-b7f5615d04ec (type: security_groups) to 1
2026-07-09 06:52:56.838 8 INFO neutron.db.ovn_revision_numbers_db [None req-31641d77-1d06-479c-b126-daa8b1b54cca 973034d16270436d9c247592a90fdbc3 a28a0120d89e4851a6b66414e305c2b6 - - default default] Successfully bumped revision number for resource 3ade5cee-4e0c-43c9-9b20-53f4046f18db (type: security_group_rules) to 0
2026-07-09 06:52:56.851 8 INFO neutron.db.ovn_revision_numbers_db [None req-31641d77-1d06-479c-b126-daa8b1b54cca 973034d16270436d9c247592a90fdbc3 a28a0120d89e4851a6b66414e305c2b6 - - default default] Successfully bumped revision number for resource 3bfb686c-bb90-4b5e-9d1a-d3cbea658baf (type: security_group_rules) to 0
2026-07-09 06:52:56.864 8 INFO neutron.db.ovn_revision_numbers_db [None req-31641d77-1d06-479c-b126-daa8b1b54cca 973034d16270436d9c247592a90fdbc3 a28a0120d89e4851a6b66414e305c2b6 - - default default] Successfully bumped revision number for resource 58e3aba1-8adf-43b8-b596-69bdb1b856de (type: security_group_rules) to 0
2026-07-09 06:52:56.876 8 INFO neutron.db.ovn_revision_numbers_db [None req-31641d77-1d06-479c-b126-daa8b1b54cca 973034d16270436d9c247592a90fdbc3 a28a0120d89e4851a6b66414e305c2b6 - - default default] Successfully bumped revision number for resource dc5d0ffa-80d0-446c-8e60-5f0f7e3cc0f4 (type: security_group_rules) to 0 [pid: 8|app: 0|req: 837/1708] 10.0.0.201 () {32 vars in 774 bytes} [Thu Jul 9 06:52:56 2026] GET /v2.0/security-groups?tenant_id=44a814c3cd454057a94bc0f1f55ca399&name=default => generated 2925 bytes in 334 msecs (HTTP/1.1 200) 4 headers in 158 bytes (1 switches on core 0) [pid: 7|app: 0|req: 872/1709] 10.0.0.201 () {32 vars in 740 bytes} [Thu Jul 9 06:52:56 2026] DELETE /v2.0/security-groups/5e773604-116d-4cbf-9020-b7f5615d04ec => generated 0 bytes in 189 msecs (HTTP/1.1 204) 2 headers in 112 bytes (1 switches on core 0)
2026-07-09 06:52:57.312 7 WARNING neutron.db.securitygroups_db [None req-10a25e01-2a96-46c0-b6f3-3e77c6624183 973034d16270436d9c247592a90fdbc3 a28a0120d89e4851a6b66414e305c2b6 - - default default] project_id key not found in filters, using tenant_id instead. This support has been deprecated and will be removed in a future release.
2026-07-09 06:52:57.464 7 INFO neutron.db.ovn_revision_numbers_db [None req-10a25e01-2a96-46c0-b6f3-3e77c6624183 973034d16270436d9c247592a90fdbc3 a28a0120d89e4851a6b66414e305c2b6 - - default default] Successfully bumped revision number for resource 5e4b346a-cdc8-4e1d-b11f-0c8f5bee01c1 (type: security_groups) to 1
2026-07-09 06:52:57.477 7 INFO neutron.db.ovn_revision_numbers_db [None req-10a25e01-2a96-46c0-b6f3-3e77c6624183 973034d16270436d9c247592a90fdbc3 a28a0120d89e4851a6b66414e305c2b6 - - default default] Successfully bumped revision number for resource 124b5f13-3787-4f95-9554-26ad63004754 (type: security_group_rules) to 0
2026-07-09 06:52:57.488 7 INFO neutron.db.ovn_revision_numbers_db [None req-10a25e01-2a96-46c0-b6f3-3e77c6624183 973034d16270436d9c247592a90fdbc3 a28a0120d89e4851a6b66414e305c2b6 - - default default] Successfully bumped revision number for resource 15159591-5613-43c9-be6b-f6271ef42730 (type: security_group_rules) to 0
2026-07-09 06:52:57.499 7 INFO neutron.db.ovn_revision_numbers_db [None req-10a25e01-2a96-46c0-b6f3-3e77c6624183 973034d16270436d9c247592a90fdbc3 a28a0120d89e4851a6b66414e305c2b6 - - default default] Successfully bumped revision number for resource 2a2e1855-10ad-4103-a353-541ebb19c2e4 (type: security_group_rules) to 0
2026-07-09 06:52:57.508 8 WARNING neutron.db.securitygroups_db [None req-0a9c53a1-ef0b-4f7b-b360-7b35be41aefb 973034d16270436d9c247592a90fdbc3 a28a0120d89e4851a6b66414e305c2b6 - - default default] project_id key not found in filters, using tenant_id instead. This support has been deprecated and will be removed in a future release.
2026-07-09 06:52:57.521 7 INFO neutron.db.ovn_revision_numbers_db [None req-10a25e01-2a96-46c0-b6f3-3e77c6624183 973034d16270436d9c247592a90fdbc3 a28a0120d89e4851a6b66414e305c2b6 - - default default] Successfully bumped revision number for resource 4ca99e9c-f62f-4434-a5fe-e143041f1125 (type: security_group_rules) to 0 [pid: 8|app: 0|req: 838/1710] 10.0.0.201 () {32 vars in 774 bytes} [Thu Jul 9 06:52:57 2026] GET /v2.0/security-groups?tenant_id=d5a8945a65b0479e92ce91849b3ca86e&name=default => generated 2925 bytes in 269 msecs (HTTP/1.1 200) 4 headers in 158 bytes (1 switches on core 0) [pid: 7|app: 0|req: 873/1711] 10.0.0.201 () {32 vars in 774 bytes} [Thu Jul 9 06:52:57 2026] GET /v2.0/security-groups?tenant_id=39eb9c87c76746a6b3dc5f1c3840f18d&name=default => generated 2925 bytes in 265 msecs (HTTP/1.1 200) 4 headers in 158 bytes (1 switches on core 0) [pid: 8|app: 0|req: 839/1712] 10.0.0.201 () {32 vars in 740 bytes} [Thu Jul 9 06:52:57 2026] DELETE /v2.0/security-groups/98b1e63c-c1ea-4624-bc68-518f9903f7d1 => generated 0 bytes in 192 msecs (HTTP/1.1 204) 2 headers in 112 bytes (1 switches on core 0) [pid: 7|app: 0|req: 874/1713] 10.0.0.201 () {32 vars in 740 bytes} [Thu Jul 9 06:52:57 2026] DELETE /v2.0/security-groups/5e4b346a-cdc8-4e1d-b11f-0c8f5bee01c1 => generated 0 bytes in 212 msecs (HTTP/1.1 204) 2 headers in 112 bytes (1 switches on core 0)
2026-07-09 06:52:57.835 8 WARNING neutron.db.securitygroups_db [None req-c8657189-e074-4bfb-b538-afb7522d88a7 973034d16270436d9c247592a90fdbc3 a28a0120d89e4851a6b66414e305c2b6 - - default default] project_id key not found in filters, using tenant_id instead. This support has been deprecated and will be removed in a future release.
2026-07-09 06:52:57.956 8 INFO neutron.db.ovn_revision_numbers_db [None req-c8657189-e074-4bfb-b538-afb7522d88a7 973034d16270436d9c247592a90fdbc3 a28a0120d89e4851a6b66414e305c2b6 - - default default] Successfully bumped revision number for resource 4d9f0bb9-8dbe-45ac-9d59-9cc5e6c9a11e (type: security_groups) to 1
2026-07-09 06:52:57.968 8 INFO neutron.db.ovn_revision_numbers_db [None req-c8657189-e074-4bfb-b538-afb7522d88a7 973034d16270436d9c247592a90fdbc3 a28a0120d89e4851a6b66414e305c2b6 - - default default] Successfully bumped revision number for resource 317b1b2f-58a5-49e5-9c10-811961cbde60 (type: security_group_rules) to 0
2026-07-09 06:52:57.980 8 INFO neutron.db.ovn_revision_numbers_db [None req-c8657189-e074-4bfb-b538-afb7522d88a7 973034d16270436d9c247592a90fdbc3 a28a0120d89e4851a6b66414e305c2b6 - - default default] Successfully bumped revision number for resource 69e89589-5f09-42f3-a3e4-eeb5bdbae644 (type: security_group_rules) to 0
2026-07-09 06:52:57.994 8 INFO neutron.db.ovn_revision_numbers_db [None req-c8657189-e074-4bfb-b538-afb7522d88a7 973034d16270436d9c247592a90fdbc3 a28a0120d89e4851a6b66414e305c2b6 - - default default] Successfully bumped revision number for resource be46b318-dc1b-4fc2-a47e-f0914ff6193d (type: security_group_rules) to 0
2026-07-09 06:52:58.005 8 INFO neutron.db.ovn_revision_numbers_db [None req-c8657189-e074-4bfb-b538-afb7522d88a7 973034d16270436d9c247592a90fdbc3 a28a0120d89e4851a6b66414e305c2b6 - - default default] Successfully bumped revision number for resource d7cae9fc-d498-4aa5-890f-8008b2f11130 (type: security_group_rules) to 0 [pid: 8|app: 0|req: 840/1714] 10.0.0.201 () {32 vars in 774 bytes} [Thu Jul 9 06:52:57 2026] GET /v2.0/security-groups?tenant_id=344e889c363741bd88fc4dbdc55debc2&name=default => generated 2925 bytes in 217 msecs (HTTP/1.1 200) 4 headers in 158 bytes (1 switches on core 0) [pid: 7|app: 0|req: 875/1715] 10.0.0.201 () {32 vars in 740 bytes} [Thu Jul 9 06:52:58 2026] DELETE /v2.0/security-groups/4d9f0bb9-8dbe-45ac-9d59-9cc5e6c9a11e => generated 0 bytes in 203 msecs (HTTP/1.1 204) 2 headers in 112 bytes (1 switches on core 0)
2026-07-09 06:53:00.249 8 INFO neutron.db.ovn_revision_numbers_db [None req-fad18034-c258-494e-8c63-5f7f036ff70c e20e15865e7649af97345ccd3271f8e8 c7d743234002424da0c386fe7bf89dcf - - default default] Successfully bumped revision number for resource d007ed4c-dace-448e-8baa-4068a1246820 (type: security_groups) to 1
2026-07-09 06:53:00.265 8 INFO neutron.db.ovn_revision_numbers_db [None req-fad18034-c258-494e-8c63-5f7f036ff70c e20e15865e7649af97345ccd3271f8e8 c7d743234002424da0c386fe7bf89dcf - - default default] Successfully bumped revision number for resource 695059e2-d9c8-45c5-9eed-9102b928c9b5 (type: security_group_rules) to 0
2026-07-09 06:53:00.280 8 INFO neutron.db.ovn_revision_numbers_db [None req-fad18034-c258-494e-8c63-5f7f036ff70c e20e15865e7649af97345ccd3271f8e8 c7d743234002424da0c386fe7bf89dcf - - default default] Successfully bumped revision number for resource 742c94e3-fe06-4f6a-8253-8ea6ab08bee8 (type: security_group_rules) to 0
2026-07-09 06:53:00.296 8 INFO neutron.db.ovn_revision_numbers_db [None req-fad18034-c258-494e-8c63-5f7f036ff70c e20e15865e7649af97345ccd3271f8e8 c7d743234002424da0c386fe7bf89dcf - - default default] Successfully bumped revision number for resource cd61c667-66bf-4e83-88ab-e098fab21869 (type: security_group_rules) to 0
2026-07-09 06:53:00.319 8 INFO neutron.db.ovn_revision_numbers_db [None req-fad18034-c258-494e-8c63-5f7f036ff70c e20e15865e7649af97345ccd3271f8e8 c7d743234002424da0c386fe7bf89dcf - - default default] Successfully bumped revision number for resource f7a34e72-43de-475a-b714-e30b4a6287dd (type: security_group_rules) to 0
2026-07-09 06:53:00.402 7 INFO neutron.db.ovn_revision_numbers_db [None req-83897e70-b1ac-4cc7-a811-81fbbf63a057 973034d16270436d9c247592a90fdbc3 a28a0120d89e4851a6b66414e305c2b6 - - default default] Successfully bumped revision number for resource d143cc46-7d81-4364-8adb-9e839491ed85 (type: security_groups) to 1
2026-07-09 06:53:00.414 7 INFO neutron.db.ovn_revision_numbers_db [None req-83897e70-b1ac-4cc7-a811-81fbbf63a057 973034d16270436d9c247592a90fdbc3 a28a0120d89e4851a6b66414e305c2b6 - - default default] Successfully bumped revision number for resource 20e49bb2-ce84-41ea-b599-1310936c40ff (type: security_group_rules) to 0
2026-07-09 06:53:00.420 8 INFO neutron.db.segments_db [None req-fad18034-c258-494e-8c63-5f7f036ff70c e20e15865e7649af97345ccd3271f8e8 c7d743234002424da0c386fe7bf89dcf - - default default] Added segment 02802d58-2da5-4abd-9f55-f1d6219e8fb0 of type geneve for network ed5f3a04-1c77-4159-b0f4-e482f1497171
2026-07-09 06:53:00.435 7 INFO neutron.db.ovn_revision_numbers_db [None req-83897e70-b1ac-4cc7-a811-81fbbf63a057 973034d16270436d9c247592a90fdbc3 a28a0120d89e4851a6b66414e305c2b6 - - default default] Successfully bumped revision number for resource 955486a8-b3b5-47d5-b337-348656800e1c (type: security_group_rules) to 0
2026-07-09 06:53:00.448 7 INFO neutron.db.ovn_revision_numbers_db [None req-83897e70-b1ac-4cc7-a811-81fbbf63a057 973034d16270436d9c247592a90fdbc3 a28a0120d89e4851a6b66414e305c2b6 - - default default] Successfully bumped revision number for resource a9ed6b57-545a-4ef9-af1f-92b7c225ff43 (type: security_group_rules) to 0
2026-07-09 06:53:00.461 7 INFO neutron.db.ovn_revision_numbers_db [None req-83897e70-b1ac-4cc7-a811-81fbbf63a057 973034d16270436d9c247592a90fdbc3 a28a0120d89e4851a6b66414e305c2b6 - - default default] Successfully bumped revision number for resource f3d53f69-f0ed-47ee-94a0-64adce3e4aa3 (type: security_group_rules) to 0
2026-07-09 06:53:00.542 8 INFO neutron.db.ovn_revision_numbers_db [None req-fad18034-c258-494e-8c63-5f7f036ff70c e20e15865e7649af97345ccd3271f8e8 c7d743234002424da0c386fe7bf89dcf - - default default] Successfully bumped revision number for resource ed5f3a04-1c77-4159-b0f4-e482f1497171 (type: networks) to 1
2026-07-09 06:53:00.557 7 INFO neutron.db.segments_db [None req-83897e70-b1ac-4cc7-a811-81fbbf63a057 973034d16270436d9c247592a90fdbc3 a28a0120d89e4851a6b66414e305c2b6 - - default default] Added segment f355a82a-02e5-4958-bbb8-8650c50d9690 of type geneve for network ea260775-e441-43ae-859c-4dfae8976afc
2026-07-09 06:53:00.728 8 WARNING neutron.scheduler.dhcp_agent_scheduler [None req-fad18034-c258-494e-8c63-5f7f036ff70c e20e15865e7649af97345ccd3271f8e8 c7d743234002424da0c386fe7bf89dcf - - default default] No more DHCP agents
2026-07-09 06:53:00.730 8 WARNING neutron.api.rpc.agentnotifiers.dhcp_rpc_agent_api [None req-fad18034-c258-494e-8c63-5f7f036ff70c e20e15865e7649af97345ccd3271f8e8 c7d743234002424da0c386fe7bf89dcf - - default default] Unable to schedule network ed5f3a04-1c77-4159-b0f4-e482f1497171: no agents available; will retry on subsequent port and subnet creation events.
2026-07-09 06:53:00.746 7 INFO neutron.db.ovn_revision_numbers_db [None req-83897e70-b1ac-4cc7-a811-81fbbf63a057 973034d16270436d9c247592a90fdbc3 a28a0120d89e4851a6b66414e305c2b6 - - default default] Successfully bumped revision number for resource ea260775-e441-43ae-859c-4dfae8976afc (type: networks) to 1
2026-07-09 06:53:00.787 8 INFO neutron.plugins.ml2.drivers.ovn.mech_driver.mech_driver [None req-9b404fd9-72fe-4a55-988d-5bfdfeeadf6c - - - - - -] OVN reports status down for port: 66ed8ecd-35b8-4eaa-9da7-1f744ba081cc
2026-07-09 06:53:00.852 8 INFO neutron.db.ovn_revision_numbers_db [None req-fad18034-c258-494e-8c63-5f7f036ff70c e20e15865e7649af97345ccd3271f8e8 c7d743234002424da0c386fe7bf89dcf - - default default] Successfully bumped revision number for resource 66ed8ecd-35b8-4eaa-9da7-1f744ba081cc (type: ports) to 1 [pid: 8|app: 0|req: 841/1716] 10.0.0.201 () {34 vars in 670 bytes} [Thu Jul 9 06:52:59 2026] POST /v2.0/networks => generated 672 bytes in 1094 msecs (HTTP/1.1 201) 4 headers in 162 bytes (1 switches on core 0)
2026-07-09 06:53:00.951 7 WARNING neutron.scheduler.dhcp_agent_scheduler [None req-83897e70-b1ac-4cc7-a811-81fbbf63a057 973034d16270436d9c247592a90fdbc3 a28a0120d89e4851a6b66414e305c2b6 - - default default] No more DHCP agents
2026-07-09 06:53:00.953 7 WARNING neutron.api.rpc.agentnotifiers.dhcp_rpc_agent_api [None req-83897e70-b1ac-4cc7-a811-81fbbf63a057 973034d16270436d9c247592a90fdbc3 a28a0120d89e4851a6b66414e305c2b6 - - default default] Unable to schedule network ea260775-e441-43ae-859c-4dfae8976afc: no agents available; will retry on subsequent port and subnet creation events.
2026-07-09 06:53:00.989 8 INFO neutron.db.segments_db [None req-e57c54a7-eeba-46de-9965-463ecfa2b97a e20e15865e7649af97345ccd3271f8e8 c7d743234002424da0c386fe7bf89dcf - - default default] Added segment 475cc473-0ae9-4c50-8ec6-63e45368858d of type geneve for network 3a6461ee-a76a-4cc1-80d4-14910159fbf9
2026-07-09 06:53:01.037 7 INFO neutron.db.ovn_revision_numbers_db [None req-83897e70-b1ac-4cc7-a811-81fbbf63a057 973034d16270436d9c247592a90fdbc3 a28a0120d89e4851a6b66414e305c2b6 - - default default] Successfully bumped revision number for resource 79c27ffc-6ee0-45a6-84c3-e817cf32cc0d (type: ports) to 1
2026-07-09 06:53:01.044 8 INFO neutron.plugins.ml2.drivers.ovn.mech_driver.mech_driver [None req-9b404fd9-72fe-4a55-988d-5bfdfeeadf6c - - - - - -] OVN reports status down for port: 79c27ffc-6ee0-45a6-84c3-e817cf32cc0d [pid: 7|app: 0|req: 876/1717] 10.0.0.201 () {34 vars in 671 bytes} [Thu Jul 9 06:53:00 2026] POST /v2.0/networks => generated 782 bytes in 957 msecs (HTTP/1.1 201) 4 headers in 162 bytes (1 switches on core 0)
2026-07-09 06:53:01.195 8 INFO neutron.db.ovn_revision_numbers_db [None req-e57c54a7-eeba-46de-9965-463ecfa2b97a e20e15865e7649af97345ccd3271f8e8 c7d743234002424da0c386fe7bf89dcf - - default default] Successfully bumped revision number for resource 3a6461ee-a76a-4cc1-80d4-14910159fbf9 (type: networks) to 1
2026-07-09 06:53:01.412 8 WARNING neutron.scheduler.dhcp_agent_scheduler [None req-e57c54a7-eeba-46de-9965-463ecfa2b97a e20e15865e7649af97345ccd3271f8e8 c7d743234002424da0c386fe7bf89dcf - - default default] No more DHCP agents
2026-07-09 06:53:01.413 8 WARNING neutron.api.rpc.agentnotifiers.dhcp_rpc_agent_api [None req-e57c54a7-eeba-46de-9965-463ecfa2b97a e20e15865e7649af97345ccd3271f8e8 c7d743234002424da0c386fe7bf89dcf - - default default] Unable to schedule network 3a6461ee-a76a-4cc1-80d4-14910159fbf9: no agents available; will retry on subsequent port and subnet creation events.
2026-07-09 06:53:01.503 7 INFO neutron.db.ovn_revision_numbers_db [None req-4012439a-c641-47d3-8c49-d7232c9b917d 078202bd65a34c7bb90191cde7ca5022 695d88ea53e64c8da5b11b624d9da3ad - - default default] Successfully bumped revision number for resource 0e636d4e-ec51-496f-867b-4fd15fe29896 (type: security_groups) to 1
2026-07-09 06:53:01.511 8 INFO neutron.db.ovn_revision_numbers_db [None req-e57c54a7-eeba-46de-9965-463ecfa2b97a e20e15865e7649af97345ccd3271f8e8 c7d743234002424da0c386fe7bf89dcf - - default default] Successfully bumped revision number for resource affbce3c-048a-42ab-ad2f-73e534b991df (type: ports) to 1
2026-07-09 06:53:01.514 7 INFO neutron.plugins.ml2.drivers.ovn.mech_driver.mech_driver [None req-9a7b4f2c-4b47-470f-b8ca-215d59115ea0 - - - - - -] OVN reports status down for port: affbce3c-048a-42ab-ad2f-73e534b991df
2026-07-09 06:53:01.524 7 INFO neutron.db.ovn_revision_numbers_db [None req-4012439a-c641-47d3-8c49-d7232c9b917d 078202bd65a34c7bb90191cde7ca5022 695d88ea53e64c8da5b11b624d9da3ad - - default default] Successfully bumped revision number for resource 7d754ab4-f269-46dc-8fa6-bebc57ba57f5 (type: security_group_rules) to 0
2026-07-09 06:53:01.544 7 INFO neutron.db.ovn_revision_numbers_db [None req-4012439a-c641-47d3-8c49-d7232c9b917d 078202bd65a34c7bb90191cde7ca5022 695d88ea53e64c8da5b11b624d9da3ad - - default default] Successfully bumped revision number for resource 8e141310-939e-4f1a-93d6-6373eb43939a (type: security_group_rules) to 0
2026-07-09 06:53:01.565 7 INFO neutron.db.ovn_revision_numbers_db [None req-4012439a-c641-47d3-8c49-d7232c9b917d 078202bd65a34c7bb90191cde7ca5022 695d88ea53e64c8da5b11b624d9da3ad - - default default] Successfully bumped revision number for resource f164744d-dbba-4350-82b5-f535a8632fbe (type: security_group_rules) to 0 [pid: 8|app: 0|req: 842/1718] 10.0.0.201 () {34 vars in 670 bytes} [Thu Jul 9 06:53:00 2026] POST /v2.0/networks => generated 670 bytes in 679 msecs (HTTP/1.1 201) 4 headers in 162 bytes (1 switches on core 0)
2026-07-09 06:53:01.579 7 INFO neutron.db.ovn_revision_numbers_db [None req-4012439a-c641-47d3-8c49-d7232c9b917d 078202bd65a34c7bb90191cde7ca5022 695d88ea53e64c8da5b11b624d9da3ad - - default default] Successfully bumped revision number for resource f4752084-47e9-42f1-ba09-3c1e762124e4 (type: security_group_rules) to 0
2026-07-09 06:53:01.670 7 INFO neutron.db.segments_db [None req-4012439a-c641-47d3-8c49-d7232c9b917d 078202bd65a34c7bb90191cde7ca5022 695d88ea53e64c8da5b11b624d9da3ad - - default default] Added segment 4d4ea0e1-1cd5-42d1-95f6-0ce0bce9425f of type geneve for network 5574ea5f-cba4-43b7-9d15-1eb67daa1664
2026-07-09 06:53:01.747 8 WARNING neutron.scheduler.dhcp_agent_scheduler [None req-7f8ecac9-26b8-4ac2-9adb-3dfd9d465dfa 973034d16270436d9c247592a90fdbc3 a28a0120d89e4851a6b66414e305c2b6 - - default default] No more DHCP agents
2026-07-09 06:53:01.764 8 WARNING neutron.api.rpc.agentnotifiers.dhcp_rpc_agent_api [None req-7f8ecac9-26b8-4ac2-9adb-3dfd9d465dfa 973034d16270436d9c247592a90fdbc3 a28a0120d89e4851a6b66414e305c2b6 - - default default] Unable to schedule network ea260775-e441-43ae-859c-4dfae8976afc: no agents available; will retry on subsequent port and subnet creation events.
2026-07-09 06:53:01.788 7 INFO neutron.db.ovn_revision_numbers_db [None req-4012439a-c641-47d3-8c49-d7232c9b917d 078202bd65a34c7bb90191cde7ca5022 695d88ea53e64c8da5b11b624d9da3ad - - default default] Successfully bumped revision number for resource 5574ea5f-cba4-43b7-9d15-1eb67daa1664 (type: networks) to 1
2026-07-09 06:53:01.981 7 WARNING neutron.scheduler.dhcp_agent_scheduler [None req-4012439a-c641-47d3-8c49-d7232c9b917d 078202bd65a34c7bb90191cde7ca5022 695d88ea53e64c8da5b11b624d9da3ad - - default default] No more DHCP agents
2026-07-09 06:53:01.982 7 WARNING neutron.api.rpc.agentnotifiers.dhcp_rpc_agent_api [None req-4012439a-c641-47d3-8c49-d7232c9b917d 078202bd65a34c7bb90191cde7ca5022 695d88ea53e64c8da5b11b624d9da3ad - - default default] Unable to schedule network 5574ea5f-cba4-43b7-9d15-1eb67daa1664: no agents available; will retry on subsequent port and subnet creation events.
2026-07-09 06:53:02.076 8 INFO neutron.plugins.ml2.drivers.ovn.mech_driver.mech_driver [None req-9b404fd9-72fe-4a55-988d-5bfdfeeadf6c - - - - - -] OVN reports status down for port: 2962f328-beff-4238-b633-638dae8b9276
2026-07-09 06:53:02.101 7 INFO neutron.db.ovn_revision_numbers_db [None req-4012439a-c641-47d3-8c49-d7232c9b917d 078202bd65a34c7bb90191cde7ca5022 695d88ea53e64c8da5b11b624d9da3ad - - default default] Successfully bumped revision number for resource 2962f328-beff-4238-b633-638dae8b9276 (type: ports) to 1 [pid: 7|app: 0|req: 877/1719] 10.0.0.201 () {34 vars in 670 bytes} [Thu Jul 9 06:53:01 2026] POST /v2.0/networks => generated 767 bytes in 1071 msecs (HTTP/1.1 201) 4 headers in 162 bytes (1 switches on core 0)
2026-07-09 06:53:02.336 7 WARNING neutron.scheduler.dhcp_agent_scheduler [None req-1a980a9e-abf1-4d8f-a70e-9002b9f74be1 e20e15865e7649af97345ccd3271f8e8 c7d743234002424da0c386fe7bf89dcf - - default default] No more DHCP agents
2026-07-09 06:53:02.339 7 WARNING neutron.api.rpc.agentnotifiers.dhcp_rpc_agent_api [None req-1a980a9e-abf1-4d8f-a70e-9002b9f74be1 e20e15865e7649af97345ccd3271f8e8 c7d743234002424da0c386fe7bf89dcf - - default default] Unable to schedule network ed5f3a04-1c77-4159-b0f4-e482f1497171: no agents available; will retry on subsequent port and subnet creation events.
2026-07-09 06:53:02.367 7 INFO neutron.db.ovn_revision_numbers_db [None req-1a980a9e-abf1-4d8f-a70e-9002b9f74be1 e20e15865e7649af97345ccd3271f8e8 c7d743234002424da0c386fe7bf89dcf - - default default] Successfully bumped revision number for resource f8f768f5-7a91-4fed-afdd-2d6fdad31a56 (type: subnets) to 0 [pid: 7|app: 0|req: 878/1720] 10.0.0.201 () {34 vars in 669 bytes} [Thu Jul 9 06:53:02 2026] POST /v2.0/subnets => generated 646 bytes in 249 msecs (HTTP/1.1 201) 4 headers in 162 bytes (1 switches on core 0)
2026-07-09 06:53:02.389 8 INFO neutron.db.ovn_revision_numbers_db [None req-7f8ecac9-26b8-4ac2-9adb-3dfd9d465dfa 973034d16270436d9c247592a90fdbc3 a28a0120d89e4851a6b66414e305c2b6 - - default default] Successfully bumped revision number for resource 79c27ffc-6ee0-45a6-84c3-e817cf32cc0d (type: ports) to 2
2026-07-09 06:53:02.430 8 INFO neutron.db.ovn_revision_numbers_db [None req-7f8ecac9-26b8-4ac2-9adb-3dfd9d465dfa 973034d16270436d9c247592a90fdbc3 a28a0120d89e4851a6b66414e305c2b6 - - default default] Successfully bumped revision number for resource 9d108857-13b3-4493-9337-c72d33cdf98f (type: subnets) to 0 [pid: 8|app: 0|req: 843/1721] 10.0.0.201 () {34 vars in 669 bytes} [Thu Jul 9 06:53:01 2026] POST /v2.0/subnets => generated 688 bytes in 873 msecs (HTTP/1.1 201) 4 headers in 162 bytes (1 switches on core 0)
2026-07-09 06:53:02.488 7 WARNING neutron.db.securitygroups_db [None req-85908e16-b892-4e05-ba4e-b8ad9a9612f4 973034d16270436d9c247592a90fdbc3 a28a0120d89e4851a6b66414e305c2b6 - - default default] project_id key not found in filters, using tenant_id instead. This support has been deprecated and will be removed in a future release.
2026-07-09 06:53:02.625 8 WARNING neutron.scheduler.dhcp_agent_scheduler [None req-2d91c936-7e25-43cf-9655-5c357955981e 078202bd65a34c7bb90191cde7ca5022 695d88ea53e64c8da5b11b624d9da3ad - - default default] No more DHCP agents
2026-07-09 06:53:02.626 7 INFO neutron.db.ovn_revision_numbers_db [None req-85908e16-b892-4e05-ba4e-b8ad9a9612f4 973034d16270436d9c247592a90fdbc3 a28a0120d89e4851a6b66414e305c2b6 - - default default] Successfully bumped revision number for resource c191396b-41a7-4d18-8ca2-990ca77f79c1 (type: security_groups) to 1
2026-07-09 06:53:02.626 8 WARNING neutron.api.rpc.agentnotifiers.dhcp_rpc_agent_api [None req-2d91c936-7e25-43cf-9655-5c357955981e 078202bd65a34c7bb90191cde7ca5022 695d88ea53e64c8da5b11b624d9da3ad - - default default] Unable to schedule network 5574ea5f-cba4-43b7-9d15-1eb67daa1664: no agents available; will retry on subsequent port and subnet creation events.
2026-07-09 06:53:02.636 7 INFO neutron.db.ovn_revision_numbers_db [None req-85908e16-b892-4e05-ba4e-b8ad9a9612f4 973034d16270436d9c247592a90fdbc3 a28a0120d89e4851a6b66414e305c2b6 - - default default] Successfully bumped revision number for resource 421f83c7-d8e7-44ba-bd63-52a7e6d6fd31 (type: security_group_rules) to 0
2026-07-09 06:53:02.648 7 INFO neutron.db.ovn_revision_numbers_db [None req-85908e16-b892-4e05-ba4e-b8ad9a9612f4 973034d16270436d9c247592a90fdbc3 a28a0120d89e4851a6b66414e305c2b6 - - default default] Successfully bumped revision number for resource 5168cb51-0923-440b-9b6d-58da84796444 (type: security_group_rules) to 0
2026-07-09 06:53:02.661 7 INFO neutron.db.ovn_revision_numbers_db [None req-85908e16-b892-4e05-ba4e-b8ad9a9612f4 973034d16270436d9c247592a90fdbc3 a28a0120d89e4851a6b66414e305c2b6 - - default default] Successfully bumped revision number for resource 86f22130-8767-482e-9a1b-b5dd35e78865 (type: security_group_rules) to 0
2026-07-09 06:53:02.677 7 INFO neutron.db.ovn_revision_numbers_db [None req-85908e16-b892-4e05-ba4e-b8ad9a9612f4 973034d16270436d9c247592a90fdbc3 a28a0120d89e4851a6b66414e305c2b6 - - default default] Successfully bumped revision number for resource bea89f80-79a0-409c-a8b1-6848a1af5534 (type: security_group_rules) to 0 [pid: 7|app: 0|req: 879/1722] 10.0.0.201 () {32 vars in 774 bytes} [Thu Jul 9 06:53:02 2026] GET /v2.0/security-groups?tenant_id=14206dfa39eb4f1aaa0d31a8c2d229ad&name=default => generated 2925 bytes in 327 msecs (HTTP/1.1 200) 4 headers in 158 bytes (1 switches on core 0)
2026-07-09 06:53:02.906 7 WARNING neutron.scheduler.dhcp_agent_scheduler [None req-6348b39c-4b3a-4db0-84e5-9b804d3f80fe e20e15865e7649af97345ccd3271f8e8 c7d743234002424da0c386fe7bf89dcf - - default default] No more DHCP agents
2026-07-09 06:53:02.908 7 WARNING neutron.api.rpc.agentnotifiers.dhcp_rpc_agent_api [None req-6348b39c-4b3a-4db0-84e5-9b804d3f80fe e20e15865e7649af97345ccd3271f8e8 c7d743234002424da0c386fe7bf89dcf - - default default] Unable to schedule network 3a6461ee-a76a-4cc1-80d4-14910159fbf9: no agents available; will retry on subsequent port and subnet creation events.
2026-07-09 06:53:02.952 7 INFO neutron.db.ovn_revision_numbers_db [None req-6348b39c-4b3a-4db0-84e5-9b804d3f80fe e20e15865e7649af97345ccd3271f8e8 c7d743234002424da0c386fe7bf89dcf - - default default] Successfully bumped revision number for resource f5075b37-e97e-4ff4-9130-38e571ffdc45 (type: subnets) to 0 [pid: 7|app: 0|req: 880/1723] 10.0.0.201 () {34 vars in 669 bytes} [Thu Jul 9 06:53:02 2026] POST /v2.0/subnets => generated 655 bytes in 259 msecs (HTTP/1.1 201) 4 headers in 162 bytes (1 switches on core 0)
2026-07-09 06:53:03.130 8 INFO neutron.db.ovn_revision_numbers_db [None req-2d91c936-7e25-43cf-9655-5c357955981e 078202bd65a34c7bb90191cde7ca5022 695d88ea53e64c8da5b11b624d9da3ad - - default default] Successfully bumped revision number for resource 2962f328-beff-4238-b633-638dae8b9276 (type: ports) to 2
2026-07-09 06:53:03.190 8 INFO neutron.db.ovn_revision_numbers_db [None req-2d91c936-7e25-43cf-9655-5c357955981e 078202bd65a34c7bb90191cde7ca5022 695d88ea53e64c8da5b11b624d9da3ad - - default default] Successfully bumped revision number for resource 9497450f-b919-442c-8e8e-9c6df74ba4a2 (type: subnets) to 0 [pid: 8|app: 0|req: 844/1724] 10.0.0.201 () {34 vars in 669 bytes} [Thu Jul 9 06:53:02 2026] POST /v2.0/subnets => generated 644 bytes in 759 msecs (HTTP/1.1 201) 4 headers in 162 bytes (1 switches on core 0) [pid: 8|app: 0|req: 845/1725] 10.0.0.201 () {32 vars in 740 bytes} [Thu Jul 9 06:53:03 2026] DELETE /v2.0/security-groups/c191396b-41a7-4d18-8ca2-990ca77f79c1 => generated 0 bytes in 234 msecs (HTTP/1.1 204) 2 headers in 112 bytes (1 switches on core 0)
2026-07-09 06:53:03.458 7 WARNING neutron.scheduler.dhcp_agent_scheduler [None req-07befca8-f2ff-4e00-b449-e5a60986bea4 973034d16270436d9c247592a90fdbc3 a28a0120d89e4851a6b66414e305c2b6 - - default default] No more DHCP agents
2026-07-09 06:53:03.460 7 WARNING neutron.api.rpc.agentnotifiers.dhcp_rpc_agent_api [None req-07befca8-f2ff-4e00-b449-e5a60986bea4 973034d16270436d9c247592a90fdbc3 a28a0120d89e4851a6b66414e305c2b6 - - default default] Unable to schedule network 29e71064-0d28-41a0-9115-37ff7a127de0: no agents available; will retry on subsequent port and subnet creation events.
2026-07-09 06:53:03.644 8 INFO neutron.plugins.ml2.drivers.ovn.mech_driver.mech_driver [None req-9b404fd9-72fe-4a55-988d-5bfdfeeadf6c - - - - - -] OVN reports status down for port: c9067a1e-d86b-467e-829b-9de0872910bf
2026-07-09 06:53:03.647 8 INFO neutron.db.ovn_revision_numbers_db [None req-d071a0c9-b509-45ff-b358-7c374a22d1a3 e20e15865e7649af97345ccd3271f8e8 c7d743234002424da0c386fe7bf89dcf - - default default] Successfully bumped revision number for resource 094e0a50-46a9-4701-b22e-a321c4c8a26d (type: routers) to 1
2026-07-09 06:53:03.650 7 INFO neutron.db.ovn_revision_numbers_db [None req-07befca8-f2ff-4e00-b449-e5a60986bea4 973034d16270436d9c247592a90fdbc3 a28a0120d89e4851a6b66414e305c2b6 - - default default] Successfully bumped revision number for resource c9067a1e-d86b-467e-829b-9de0872910bf (type: ports) to 1 [pid: 8|app: 0|req: 846/1726] 10.0.0.201 () {34 vars in 669 bytes} [Thu Jul 9 06:53:03 2026] POST /v2.0/routers => generated 627 bytes in 238 msecs (HTTP/1.1 201) 4 headers in 162 bytes (1 switches on core 0)
2026-07-09 06:53:03.689 8 WARNING neutron.api.v2.base [None req-7ab59a20-4602-4b5c-9876-80b125ee7ac8 078202bd65a34c7bb90191cde7ca5022 695d88ea53e64c8da5b11b624d9da3ad - - default default] An exception happened while processing the request body. The exception message is [Invalid input for target_tenant. Reason: 'None' is not a valid string.].: webob.exc.HTTPBadRequest: Invalid input for target_tenant. Reason: 'None' is not a valid string.
2026-07-09 06:53:03.690 8 INFO neutron.api.v2.resource [None req-7ab59a20-4602-4b5c-9876-80b125ee7ac8 078202bd65a34c7bb90191cde7ca5022 695d88ea53e64c8da5b11b624d9da3ad - - default default] create failed (client error): Invalid input for target_tenant. Reason: 'None' is not a valid string. [pid: 8|app: 0|req: 847/1727] 10.0.0.201 () {34 vars in 681 bytes} [Thu Jul 9 06:53:03 2026] POST /v2.0/rbac-policies => generated 143 bytes in 9 msecs (HTTP/1.1 400) 4 headers in 166 bytes (1 switches on core 0)
2026-07-09 06:53:04.051 8 WARNING neutron.scheduler.dhcp_agent_scheduler [None req-2bef344e-3f59-4ef9-8e29-2733160bd159 e20e15865e7649af97345ccd3271f8e8 c7d743234002424da0c386fe7bf89dcf - - default default] No more DHCP agents
2026-07-09 06:53:04.052 8 WARNING neutron.api.rpc.agentnotifiers.dhcp_rpc_agent_api [None req-2bef344e-3f59-4ef9-8e29-2733160bd159 e20e15865e7649af97345ccd3271f8e8 c7d743234002424da0c386fe7bf89dcf - - default default] Unable to schedule network ed5f3a04-1c77-4159-b0f4-e482f1497171: no agents available; will retry on subsequent port and subnet creation events.
2026-07-09 06:53:04.149 8 INFO neutron.plugins.ml2.drivers.ovn.mech_driver.mech_driver [None req-9b404fd9-72fe-4a55-988d-5bfdfeeadf6c - - - - - -] OVN reports status down for port: 4540ae97-5dd6-4884-aa67-59f5d82edf24
2026-07-09 06:53:04.267 8 INFO neutron.db.ovn_revision_numbers_db [None req-2bef344e-3f59-4ef9-8e29-2733160bd159 e20e15865e7649af97345ccd3271f8e8 c7d743234002424da0c386fe7bf89dcf - - default default] Successfully bumped revision number for resource 4540ae97-5dd6-4884-aa67-59f5d82edf24 (type: ports) to 1
2026-07-09 06:53:04.302 7 INFO neutron.db.ovn_revision_numbers_db [None req-07befca8-f2ff-4e00-b449-e5a60986bea4 973034d16270436d9c247592a90fdbc3 a28a0120d89e4851a6b66414e305c2b6 - - default default] Successfully bumped revision number for resource c9067a1e-d86b-467e-829b-9de0872910bf (type: router_ports) to 1
2026-07-09 06:53:04.382 7 INFO neutron.db.ovn_revision_numbers_db [None req-07befca8-f2ff-4e00-b449-e5a60986bea4 973034d16270436d9c247592a90fdbc3 a28a0120d89e4851a6b66414e305c2b6 - - default default] Successfully bumped revision number for resource b9c58874-e68a-458d-a30a-70f2fb0ebf75 (type: routers) to 2
2026-07-09 06:53:04.386 8 INFO neutron.plugins.ml2.drivers.ovn.mech_driver.ovsdb.ovsdb_monitor [None req-8bb0bdb1-3faf-4b3d-8754-2a7a2652f72b - - - - - -] Router b9c58874-e68a-458d-a30a-70f2fb0ebf75 is bound to host instance [pid: 7|app: 0|req: 881/1728] 10.0.0.201 () {34 vars in 669 bytes} [Thu Jul 9 06:53:02 2026] POST /v2.0/routers => generated 987 bytes in 1432 msecs (HTTP/1.1 201) 4 headers in 162 bytes (1 switches on core 0)
2026-07-09 06:53:04.439 8 INFO neutron.plugins.ml2.drivers.ovn.mech_driver.mech_driver [None req-9b404fd9-72fe-4a55-988d-5bfdfeeadf6c - - - - - -] OVN reports status up for port: c9067a1e-d86b-467e-829b-9de0872910bf
2026-07-09 06:53:04.482 8 INFO neutron.plugins.ml2.plugin [None req-9b404fd9-72fe-4a55-988d-5bfdfeeadf6c - - - - - -] Attempt 1 to provision port c9067a1e-d86b-467e-829b-9de0872910bf
2026-07-09 06:53:04.547 7 INFO neutron_taas.services.taas.taas_plugin [None req-f878e1d9-ea53-45f9-b948-da8f15b5546d 078202bd65a34c7bb90191cde7ca5022 695d88ea53e64c8da5b11b624d9da3ad - - default default] TaaS: Handle Delete Port: 2962f328-beff-4238-b633-638dae8b9276
2026-07-09 06:53:04.550 7 INFO neutron_taas.services.taas.tap_mirror_plugin [None req-f878e1d9-ea53-45f9-b948-da8f15b5546d 078202bd65a34c7bb90191cde7ca5022 695d88ea53e64c8da5b11b624d9da3ad - - default default] Tap Mirror: Handle Delete Port: 2962f328-beff-4238-b633-638dae8b9276
2026-07-09 06:53:04.881 7 INFO neutron.services.segments.plugin [-] Segment 4d4ea0e1-1cd5-42d1-95f6-0ce0bce9425f resource provider aggregate not found
2026-07-09 06:53:04.893 7 INFO neutron.services.segments.plugin [-] Segment 4d4ea0e1-1cd5-42d1-95f6-0ce0bce9425f resource provider aggregate not found
2026-07-09 06:53:04.902 7 INFO neutron.services.segments.plugin [-] Client error retrieving segment 4d4ea0e1-1cd5-42d1-95f6-0ce0bce9425f resource provider; error: Placement Client Error (4xx): {"errors": [{"status": 404, "title": "Not Found", "detail": "The resource could not be found.\n\n No resource provider with uuid 4d4ea0e1-1cd5-42d1-95f6-0ce0bce9425f found for delete ", "request_id": "req-ec182055-59d5-423a-9af8-155d1fa5f654"}]}
2026-07-09 06:53:04.922 7 INFO neutron.services.segments.plugin [-] Client error retrieving segment 4d4ea0e1-1cd5-42d1-95f6-0ce0bce9425f resource provider; error: Placement Client Error (4xx): {"errors": [{"status": 404, "title": "Not Found", "detail": "The resource could not be found.\n\n No resource provider with uuid 4d4ea0e1-1cd5-42d1-95f6-0ce0bce9425f found for delete ", "request_id": "req-af404b93-ce71-46a5-8e7c-ec61259d50c3"}]} [pid: 7|app: 0|req: 882/1729] 10.0.0.201 () {32 vars in 726 bytes} [Thu Jul 9 06:53:04 2026] DELETE /v2.0/networks/5574ea5f-cba4-43b7-9d15-1eb67daa1664 => generated 0 bytes in 539 msecs (HTTP/1.1 204) 3 headers in 131 bytes (1 switches on core 0)
2026-07-09 06:53:05.532 7 WARNING neutron.scheduler.dhcp_agent_scheduler [None req-95bc946e-0288-4960-bba2-0d828a2df618 973034d16270436d9c247592a90fdbc3 a28a0120d89e4851a6b66414e305c2b6 - - default default] No more DHCP agents
2026-07-09 06:53:05.536 8 WARNING neutron.scheduler.dhcp_agent_scheduler [None req-2bef344e-3f59-4ef9-8e29-2733160bd159 e20e15865e7649af97345ccd3271f8e8 c7d743234002424da0c386fe7bf89dcf - - default default] No more DHCP agents
2026-07-09 06:53:05.537 7 WARNING neutron.api.rpc.agentnotifiers.dhcp_rpc_agent_api [None req-95bc946e-0288-4960-bba2-0d828a2df618 973034d16270436d9c247592a90fdbc3 a28a0120d89e4851a6b66414e305c2b6 - - default default] Unable to schedule network ea260775-e441-43ae-859c-4dfae8976afc: no agents available; will retry on subsequent port and subnet creation events.
2026-07-09 06:53:05.538 8 WARNING neutron.api.rpc.agentnotifiers.dhcp_rpc_agent_api [None req-2bef344e-3f59-4ef9-8e29-2733160bd159 e20e15865e7649af97345ccd3271f8e8 c7d743234002424da0c386fe7bf89dcf - - default default] Unable to schedule network ed5f3a04-1c77-4159-b0f4-e482f1497171: no agents available; will retry on subsequent port and subnet creation events.
2026-07-09 06:53:05.679 7 INFO neutron.db.ovn_revision_numbers_db [None req-95bc946e-0288-4960-bba2-0d828a2df618 973034d16270436d9c247592a90fdbc3 a28a0120d89e4851a6b66414e305c2b6 - - default default] Successfully bumped revision number for resource e62506b9-e408-40af-89f4-b5ef61a7c630 (type: ports) to 1
2026-07-09 06:53:06.016 8 INFO neutron.db.ovn_revision_numbers_db [None req-2bef344e-3f59-4ef9-8e29-2733160bd159 e20e15865e7649af97345ccd3271f8e8 c7d743234002424da0c386fe7bf89dcf - - default default] Successfully bumped revision number for resource 4540ae97-5dd6-4884-aa67-59f5d82edf24 (type: router_ports) to 1 [pid: 8|app: 0|req: 848/1730] 10.0.0.201 () {34 vars in 783 bytes} [Thu Jul 9 06:53:03 2026] PUT /v2.0/routers/094e0a50-46a9-4701-b22e-a321c4c8a26d/add_router_interface => generated 310 bytes in 2332 msecs (HTTP/1.1 200) 4 headers in 157 bytes (1 switches on core 0)
2026-07-09 06:53:06.136 8 INFO neutron.db.ovn_revision_numbers_db [None req-4ce4fa5f-9b3a-42f6-be14-69f230e4d106 - - - - - -] Successfully bumped revision number for resource c9067a1e-d86b-467e-829b-9de0872910bf (type: ports) to 4
2026-07-09 06:53:06.157 8 INFO neutron.db.segments_db [None req-e2a2a0bc-5e35-4a4d-abe2-b818e0975d1b 078202bd65a34c7bb90191cde7ca5022 695d88ea53e64c8da5b11b624d9da3ad - - default default] Added segment 9cc28a9a-4e48-4fc5-8bd1-fdca5be96585 of type geneve for network 00ea808a-3a7f-4a7a-81a7-08f2bfab50a0
2026-07-09 06:53:06.464 7 WARNING neutron.scheduler.dhcp_agent_scheduler [None req-95bc946e-0288-4960-bba2-0d828a2df618 973034d16270436d9c247592a90fdbc3 a28a0120d89e4851a6b66414e305c2b6 - - default default] No more DHCP agents
