2026-04-23 17:11:39.472 7 INFO placement.requestlog [req-dd6435b7-48fa-4024-be2b-bd3a9c1afe86 req-b50ec78d-6254-4178-981a-0b2598138dbe 3475798293664ec3a8bfd72693f53903 af5a79ed696649b88726f3b98a379081 - - c3d667a77e6d4a1a894a2f3adb33b2a0 c3d667a77e6d4a1a894a2f3adb33b2a0] 199.204.45.72 "GET /allocations/5f6ca499-bf77-46eb-bdd2-d9b21bf17f4b" status: 200 len: 243 microversion: 1.28 [pid: 7|app: 0|req: 368/733] 199.204.45.72 () {34 vars in 862 bytes} [Thu Apr 23 17:11:39 2026] GET /allocations/5f6ca499-bf77-46eb-bdd2-d9b21bf17f4b => generated 243 bytes in 21 msecs (HTTP/1.1 200) 8 headers in 296 bytes (1 switches on core 0)
2026-04-23 17:11:40.067 8 INFO placement.requestlog [None req-e09a9c1e-1302-4613-a58c-de6fa4cdaaae - - - - - -] 10.0.0.179 "GET /" status: 200 len: 136 microversion: 1.0
2026-04-23 17:11:40.068 7 INFO placement.requestlog [None req-1013f447-debf-4cb9-a54f-2189e0f05b50 - - - - - -] 10.0.0.179 "GET /" status: 200 len: 136 microversion: 1.0
2026-04-23 17:11:46.975 8 INFO placement.requestlog [None req-82160b01-240d-4794-b8ef-d72cc498765e d0a43c78d86b48dc8d5ce25f229e9601 af5a79ed696649b88726f3b98a379081 - - c3d667a77e6d4a1a894a2f3adb33b2a0 c3d667a77e6d4a1a894a2f3adb33b2a0] 10.0.0.238 "GET /resource_providers/cd5ed6bd-f198-4fa3-b967-608ed87fda6e/aggregates" status: 404 len: 235 microversion: 1.1 [pid: 8|app: 0|req: 367/736] 10.0.0.238 () {32 vars in 816 bytes} [Thu Apr 23 17:11:46 2026] GET /resource_providers/cd5ed6bd-f198-4fa3-b967-608ed87fda6e/aggregates => generated 235 bytes in 9 msecs (HTTP/1.1 404) 5 headers in 202 bytes (1 switches on core 0)
2026-04-23 17:11:46.979 7 INFO placement.requestlog [None req-7e1a3cc9-2671-4436-b65c-b451cb5d5618 d0a43c78d86b48dc8d5ce25f229e9601 af5a79ed696649b88726f3b98a379081 - - c3d667a77e6d4a1a894a2f3adb33b2a0 c3d667a77e6d4a1a894a2f3adb33b2a0] 10.0.0.238 "GET /resource_providers/cd5ed6bd-f198-4fa3-b967-608ed87fda6e/aggregates" status: 404 len: 235 microversion: 1.1 [pid: 7|app: 0|req: 370/737] 10.0.0.238 () {32 vars in 816 bytes} [Thu Apr 23 17:11:46 2026] GET /resource_providers/cd5ed6bd-f198-4fa3-b967-608ed87fda6e/aggregates => generated 235 bytes in 8 msecs (HTTP/1.1 404) 5 headers in 202 bytes (1 switches on core 0)
2026-04-23 17:11:47.007 7 INFO placement.requestlog [None req-78651048-a375-4242-8f1e-93df9cd62508 d0a43c78d86b48dc8d5ce25f229e9601 af5a79ed696649b88726f3b98a379081 - - c3d667a77e6d4a1a894a2f3adb33b2a0 c3d667a77e6d4a1a894a2f3adb33b2a0] 10.0.0.238 "DELETE /resource_providers/cd5ed6bd-f198-4fa3-b967-608ed87fda6e" status: 404 len: 246 microversion: 1.1 [pid: 7|app: 0|req: 371/738] 10.0.0.238 () {34 vars in 816 bytes} [Thu Apr 23 17:11:46 2026] DELETE /resource_providers/cd5ed6bd-f198-4fa3-b967-608ed87fda6e => generated 246 bytes in 12 msecs (HTTP/1.1 404) 6 headers in 231 bytes (1 switches on core 0)
2026-04-23 17:11:47.008 8 INFO placement.requestlog [None req-9a9710ef-d197-4223-964d-20abfe5d8f80 d0a43c78d86b48dc8d5ce25f229e9601 af5a79ed696649b88726f3b98a379081 - - c3d667a77e6d4a1a894a2f3adb33b2a0 c3d667a77e6d4a1a894a2f3adb33b2a0] 10.0.0.238 "DELETE /resource_providers/cd5ed6bd-f198-4fa3-b967-608ed87fda6e" status: 404 len: 246 microversion: 1.1 [pid: 8|app: 0|req: 368/739] 10.0.0.238 () {34 vars in 816 bytes} [Thu Apr 23 17:11:46 2026] DELETE /resource_providers/cd5ed6bd-f198-4fa3-b967-608ed87fda6e => generated 246 bytes in 13 msecs (HTTP/1.1 404) 6 headers in 231 bytes (1 switches on core 0)
2026-04-23 17:11:47.323 7 INFO placement.requestlog [None req-2c6f80fb-363a-4d78-9825-b864691f0532 d0a43c78d86b48dc8d5ce25f229e9601 af5a79ed696649b88726f3b98a379081 - - c3d667a77e6d4a1a894a2f3adb33b2a0 c3d667a77e6d4a1a894a2f3adb33b2a0] 10.0.0.238 "GET /resource_providers/21fd4137-2692-4b0a-8de4-72965da27172/aggregates" status: 404 len: 235 microversion: 1.1 [pid: 7|app: 0|req: 372/740] 10.0.0.238 () {32 vars in 816 bytes} [Thu Apr 23 17:11:47 2026] GET /resource_providers/21fd4137-2692-4b0a-8de4-72965da27172/aggregates => generated 235 bytes in 11 msecs (HTTP/1.1 404) 5 headers in 202 bytes (1 switches on core 0)
2026-04-23 17:11:47.325 8 INFO placement.requestlog [None req-3d50cf85-ada8-42df-8efb-5ebab86da7d7 d0a43c78d86b48dc8d5ce25f229e9601 af5a79ed696649b88726f3b98a379081 - - c3d667a77e6d4a1a894a2f3adb33b2a0 c3d667a77e6d4a1a894a2f3adb33b2a0] 10.0.0.238 "GET /resource_providers/21fd4137-2692-4b0a-8de4-72965da27172/aggregates" status: 404 len: 235 microversion: 1.1 [pid: 8|app: 0|req: 369/741] 10.0.0.238 () {32 vars in 816 bytes} [Thu Apr 23 17:11:47 2026] GET /resource_providers/21fd4137-2692-4b0a-8de4-72965da27172/aggregates => generated 235 bytes in 8 msecs (HTTP/1.1 404) 5 headers in 202 bytes (1 switches on core 0)
2026-04-23 17:11:47.350 7 INFO placement.requestlog [None req-da798ecc-a7b9-45e8-ba2c-602522cc4933 d0a43c78d86b48dc8d5ce25f229e9601 af5a79ed696649b88726f3b98a379081 - - c3d667a77e6d4a1a894a2f3adb33b2a0 c3d667a77e6d4a1a894a2f3adb33b2a0] 10.0.0.238 "DELETE /resource_providers/21fd4137-2692-4b0a-8de4-72965da27172" status: 404 len: 246 microversion: 1.1 [pid: 7|app: 0|req: 373/742] 10.0.0.238 () {34 vars in 816 bytes} [Thu Apr 23 17:11:47 2026] DELETE /resource_providers/21fd4137-2692-4b0a-8de4-72965da27172 => generated 246 bytes in 11 msecs (HTTP/1.1 404) 6 headers in 231 bytes (1 switches on core 0)
2026-04-23 17:11:47.351 8 INFO placement.requestlog [None req-6a441ad0-9c81-4bd4-9f05-d0681d0687de d0a43c78d86b48dc8d5ce25f229e9601 af5a79ed696649b88726f3b98a379081 - - c3d667a77e6d4a1a894a2f3adb33b2a0 c3d667a77e6d4a1a894a2f3adb33b2a0] 10.0.0.238 "DELETE /resource_providers/21fd4137-2692-4b0a-8de4-72965da27172" status: 404 len: 246 microversion: 1.1 [pid: 8|app: 0|req: 370/743] 10.0.0.238 () {34 vars in 816 bytes} [Thu Apr 23 17:11:47 2026] DELETE /resource_providers/21fd4137-2692-4b0a-8de4-72965da27172 => generated 246 bytes in 11 msecs (HTTP/1.1 404) 6 headers in 231 bytes (1 switches on core 0)
2026-04-23 17:11:50.067 8 INFO placement.requestlog [None req-4a42c2df-5e09-4462-a370-2ff091059c57 - - - - - -] 10.0.0.179 "GET /" status: 200 len: 136 microversion: 1.0
2026-04-23 17:11:50.067 7 INFO placement.requestlog [None req-e1a6af9b-a19b-44ae-b958-4d0260a2233c - - - - - -] 10.0.0.179 "GET /" status: 200 len: 136 microversion: 1.0
2026-04-23 17:11:50.954 8 INFO placement.requestlog [req-d1249270-7067-4f2b-a88a-21606dcacc0e req-b88d6aa7-5012-47c1-937a-04e8b13771be 3475798293664ec3a8bfd72693f53903 af5a79ed696649b88726f3b98a379081 - - c3d667a77e6d4a1a894a2f3adb33b2a0 c3d667a77e6d4a1a894a2f3adb33b2a0] 199.204.45.72 "GET /resource_providers/dc616f2c-4a97-48df-971d-ab4e82eae943/allocations" status: 200 len: 338 microversion: 1.0 [pid: 8|app: 0|req: 372/746] 199.204.45.72 () {32 vars in 856 bytes} [Thu Apr 23 17:11:50 2026] GET /resource_providers/dc616f2c-4a97-48df-971d-ab4e82eae943/allocations => generated 338 bytes in 29 msecs (HTTP/1.1 200) 6 headers in 224 bytes (1 switches on core 0)
2026-04-23 17:11:50.973 7 INFO placement.requestlog [req-d1249270-7067-4f2b-a88a-21606dcacc0e req-db77a29a-9215-4b9b-9896-f10d65c90290 3475798293664ec3a8bfd72693f53903 af5a79ed696649b88726f3b98a379081 - - c3d667a77e6d4a1a894a2f3adb33b2a0 c3d667a77e6d4a1a894a2f3adb33b2a0] 199.204.45.72 "GET /allocations/adfe02c9-6246-4bc8-b48e-85909f1b522d" status: 200 len: 257 microversion: 1.28 [pid: 7|app: 0|req: 375/747] 199.204.45.72 () {34 vars in 862 bytes} [Thu Apr 23 17:11:50 2026] GET /allocations/adfe02c9-6246-4bc8-b48e-85909f1b522d => generated 257 bytes in 12 msecs (HTTP/1.1 200) 8 headers in 296 bytes (1 switches on core 0)
2026-04-23 17:11:51.000 8 INFO placement.requestlog [req-d1249270-7067-4f2b-a88a-21606dcacc0e req-b360ddb5-a974-4e59-a35c-323c5bd61e57 3475798293664ec3a8bfd72693f53903 af5a79ed696649b88726f3b98a379081 - - c3d667a77e6d4a1a894a2f3adb33b2a0 c3d667a77e6d4a1a894a2f3adb33b2a0] 199.204.45.72 "GET /allocations/ca4c4d97-3aae-4481-9db6-7de34b01f5ba" status: 200 len: 257 microversion: 1.28 [pid: 8|app: 0|req: 373/748] 199.204.45.72 () {34 vars in 862 bytes} [Thu Apr 23 17:11:50 2026] GET /allocations/ca4c4d97-3aae-4481-9db6-7de34b01f5ba => generated 257 bytes in 21 msecs (HTTP/1.1 200) 8 headers in 296 bytes (1 switches on core 0)
2026-04-23 17:11:51.021 7 INFO placement.requestlog [req-d1249270-7067-4f2b-a88a-21606dcacc0e req-f15700ed-2800-4e65-8efd-776a3eed773d 3475798293664ec3a8bfd72693f53903 af5a79ed696649b88726f3b98a379081 - - c3d667a77e6d4a1a894a2f3adb33b2a0 c3d667a77e6d4a1a894a2f3adb33b2a0] 199.204.45.72 "GET /allocations/5f6ca499-bf77-46eb-bdd2-d9b21bf17f4b" status: 200 len: 243 microversion: 1.28 [pid: 7|app: 0|req: 376/749] 199.204.45.72 () {34 vars in 862 bytes} [Thu Apr 23 17:11:51 2026] GET /allocations/5f6ca499-bf77-46eb-bdd2-d9b21bf17f4b => generated 243 bytes in 12 msecs (HTTP/1.1 200) 8 headers in 296 bytes (1 switches on core 0)
2026-04-23 17:11:52.087 8 INFO placement.requestlog [req-d1249270-7067-4f2b-a88a-21606dcacc0e req-7e3b4574-1d09-4cd2-aaa1-eae9da5d6296 3475798293664ec3a8bfd72693f53903 af5a79ed696649b88726f3b98a379081 - - c3d667a77e6d4a1a894a2f3adb33b2a0 c3d667a77e6d4a1a894a2f3adb33b2a0] 199.204.45.72 "DELETE /allocations/5f6ca499-bf77-46eb-bdd2-d9b21bf17f4b" status: 204 len: 0 microversion: 1.0 [pid: 8|app: 0|req: 374/750] 199.204.45.72 () {34 vars in 840 bytes} [Thu Apr 23 17:11:52 2026] DELETE /allocations/5f6ca499-bf77-46eb-bdd2-d9b21bf17f4b => generated 0 bytes in 43 msecs (HTTP/1.1 204) 5 headers in 198 bytes (1 switches on core 0)
2026-04-23 17:11:55.265 8 INFO placement.requestlog [None req-2f0add21-4b63-4a4f-b4df-60909029d1dd d0a43c78d86b48dc8d5ce25f229e9601 af5a79ed696649b88726f3b98a379081 - - c3d667a77e6d4a1a894a2f3adb33b2a0 c3d667a77e6d4a1a894a2f3adb33b2a0] 10.0.0.238 "GET /resource_providers/eec70a92-48ff-40e4-b4b2-1ee092ea4774/aggregates" status: 404 len: 235 microversion: 1.1 [pid: 8|app: 0|req: 375/751] 10.0.0.238 () {32 vars in 816 bytes} [Thu Apr 23 17:11:55 2026] GET /resource_providers/eec70a92-48ff-40e4-b4b2-1ee092ea4774/aggregates => generated 235 bytes in 10 msecs (HTTP/1.1 404) 5 headers in 202 bytes (1 switches on core 0)
2026-04-23 17:11:55.267 7 INFO placement.requestlog [None req-5aa3f8dd-9e77-4def-b56f-38965894ff9c d0a43c78d86b48dc8d5ce25f229e9601 af5a79ed696649b88726f3b98a379081 - - c3d667a77e6d4a1a894a2f3adb33b2a0 c3d667a77e6d4a1a894a2f3adb33b2a0] 10.0.0.238 "GET /resource_providers/eec70a92-48ff-40e4-b4b2-1ee092ea4774/aggregates" status: 404 len: 235 microversion: 1.1 [pid: 7|app: 0|req: 377/752] 10.0.0.238 () {32 vars in 816 bytes} [Thu Apr 23 17:11:55 2026] GET /resource_providers/eec70a92-48ff-40e4-b4b2-1ee092ea4774/aggregates => generated 235 bytes in 12 msecs (HTTP/1.1 404) 5 headers in 202 bytes (1 switches on core 0)
2026-04-23 17:11:55.288 8 INFO placement.requestlog [None req-e6f2d12f-7bd4-4e09-8cd9-a5f1e4cdf5b4 d0a43c78d86b48dc8d5ce25f229e9601 af5a79ed696649b88726f3b98a379081 - - c3d667a77e6d4a1a894a2f3adb33b2a0 c3d667a77e6d4a1a894a2f3adb33b2a0] 10.0.0.238 "DELETE /resource_providers/eec70a92-48ff-40e4-b4b2-1ee092ea4774" status: 404 len: 246 microversion: 1.1 [pid: 8|app: 0|req: 376/753] 10.0.0.238 () {34 vars in 816 bytes} [Thu Apr 23 17:11:55 2026] DELETE /resource_providers/eec70a92-48ff-40e4-b4b2-1ee092ea4774 => generated 246 bytes in 11 msecs (HTTP/1.1 404) 6 headers in 231 bytes (1 switches on core 0)
2026-04-23 17:11:55.291 7 INFO placement.requestlog [None req-675ed49d-deea-4403-8bc9-29ad9c24923e d0a43c78d86b48dc8d5ce25f229e9601 af5a79ed696649b88726f3b98a379081 - - c3d667a77e6d4a1a894a2f3adb33b2a0 c3d667a77e6d4a1a894a2f3adb33b2a0] 10.0.0.238 "DELETE /resource_providers/eec70a92-48ff-40e4-b4b2-1ee092ea4774" status: 404 len: 246 microversion: 1.1 [pid: 7|app: 0|req: 378/754] 10.0.0.238 () {34 vars in 816 bytes} [Thu Apr 23 17:11:55 2026] DELETE /resource_providers/eec70a92-48ff-40e4-b4b2-1ee092ea4774 => generated 246 bytes in 11 msecs (HTTP/1.1 404) 6 headers in 231 bytes (1 switches on core 0)
2026-04-23 17:11:55.698 8 INFO placement.requestlog [req-b722203e-bbba-4e4f-a2de-7d9c1d3cca79 req-abff9132-7734-46f3-9def-e06f8648dbda 3475798293664ec3a8bfd72693f53903 af5a79ed696649b88726f3b98a379081 - - c3d667a77e6d4a1a894a2f3adb33b2a0 c3d667a77e6d4a1a894a2f3adb33b2a0] 199.204.45.72 "GET /resource_providers/dc616f2c-4a97-48df-971d-ab4e82eae943/allocations" status: 200 len: 252 microversion: 1.0 [pid: 8|app: 0|req: 377/755] 199.204.45.72 () {32 vars in 856 bytes} [Thu Apr 23 17:11:55 2026] GET /resource_providers/dc616f2c-4a97-48df-971d-ab4e82eae943/allocations => generated 252 bytes in 13 msecs (HTTP/1.1 200) 6 headers in 224 bytes (1 switches on core 0)
2026-04-23 17:11:55.729 7 INFO placement.requestlog [req-b722203e-bbba-4e4f-a2de-7d9c1d3cca79 req-51e59341-520d-4948-84df-6780466a6a58 3475798293664ec3a8bfd72693f53903 af5a79ed696649b88726f3b98a379081 - - c3d667a77e6d4a1a894a2f3adb33b2a0 c3d667a77e6d4a1a894a2f3adb33b2a0] 199.204.45.72 "GET /resource_providers/dc616f2c-4a97-48df-971d-ab4e82eae943/allocations" status: 200 len: 252 microversion: 1.0 [pid: 7|app: 0|req: 379/756] 199.204.45.72 () {32 vars in 856 bytes} [Thu Apr 23 17:11:55 2026] GET /resource_providers/dc616f2c-4a97-48df-971d-ab4e82eae943/allocations => generated 252 bytes in 23 msecs (HTTP/1.1 200) 6 headers in 224 bytes (1 switches on core 0)
2026-04-23 17:11:55.745 8 INFO placement.requestlog [req-b722203e-bbba-4e4f-a2de-7d9c1d3cca79 req-baecaa07-6d07-49e6-aca5-0e498c7652c5 3475798293664ec3a8bfd72693f53903 af5a79ed696649b88726f3b98a379081 - - c3d667a77e6d4a1a894a2f3adb33b2a0 c3d667a77e6d4a1a894a2f3adb33b2a0] 199.204.45.72 "GET /allocations/adfe02c9-6246-4bc8-b48e-85909f1b522d" status: 200 len: 257 microversion: 1.28 [pid: 8|app: 0|req: 378/757] 199.204.45.72 () {34 vars in 862 bytes} [Thu Apr 23 17:11:55 2026] GET /allocations/adfe02c9-6246-4bc8-b48e-85909f1b522d => generated 257 bytes in 12 msecs (HTTP/1.1 200) 8 headers in 296 bytes (1 switches on core 0)
2026-04-23 17:11:55.764 7 INFO placement.requestlog [req-b722203e-bbba-4e4f-a2de-7d9c1d3cca79 req-c9aec966-3105-4c9a-acac-1217bf7492e3 3475798293664ec3a8bfd72693f53903 af5a79ed696649b88726f3b98a379081 - - c3d667a77e6d4a1a894a2f3adb33b2a0 c3d667a77e6d4a1a894a2f3adb33b2a0] 199.204.45.72 "GET /allocations/ca4c4d97-3aae-4481-9db6-7de34b01f5ba" status: 200 len: 257 microversion: 1.28 [pid: 7|app: 0|req: 380/758] 199.204.45.72 () {34 vars in 862 bytes} [Thu Apr 23 17:11:55 2026] GET /allocations/ca4c4d97-3aae-4481-9db6-7de34b01f5ba => generated 257 bytes in 15 msecs (HTTP/1.1 200) 8 headers in 296 bytes (1 switches on core 0)
2026-04-23 17:11:56.659 8 INFO placement.requestlog [None req-49272179-cefa-48c4-8a55-2143defbcadb d0a43c78d86b48dc8d5ce25f229e9601 af5a79ed696649b88726f3b98a379081 - - c3d667a77e6d4a1a894a2f3adb33b2a0 c3d667a77e6d4a1a894a2f3adb33b2a0] 10.0.0.238 "GET /resource_providers/356c5a67-5a39-4ca8-b7ae-f8ebd0797709/aggregates" status: 404 len: 235 microversion: 1.1 [pid: 8|app: 0|req: 379/759] 10.0.0.238 () {32 vars in 816 bytes} [Thu Apr 23 17:11:56 2026] GET /resource_providers/356c5a67-5a39-4ca8-b7ae-f8ebd0797709/aggregates => generated 235 bytes in 8 msecs (HTTP/1.1 404) 5 headers in 202 bytes (1 switches on core 0)
2026-04-23 17:11:56.662 7 INFO placement.requestlog [None req-be7b6bd5-0fa7-4c52-8bb7-bae20e2341eb d0a43c78d86b48dc8d5ce25f229e9601 af5a79ed696649b88726f3b98a379081 - - c3d667a77e6d4a1a894a2f3adb33b2a0 c3d667a77e6d4a1a894a2f3adb33b2a0] 10.0.0.238 "GET /resource_providers/356c5a67-5a39-4ca8-b7ae-f8ebd0797709/aggregates" status: 404 len: 235 microversion: 1.1 [pid: 7|app: 0|req: 381/760] 10.0.0.238 () {32 vars in 816 bytes} [Thu Apr 23 17:11:56 2026] GET /resource_providers/356c5a67-5a39-4ca8-b7ae-f8ebd0797709/aggregates => generated 235 bytes in 10 msecs (HTTP/1.1 404) 5 headers in 202 bytes (1 switches on core 0)
2026-04-23 17:11:56.691 8 INFO placement.requestlog [None req-875aa64c-bd80-4026-98b2-791d91965b02 d0a43c78d86b48dc8d5ce25f229e9601 af5a79ed696649b88726f3b98a379081 - - c3d667a77e6d4a1a894a2f3adb33b2a0 c3d667a77e6d4a1a894a2f3adb33b2a0] 10.0.0.238 "DELETE /resource_providers/356c5a67-5a39-4ca8-b7ae-f8ebd0797709" status: 404 len: 246 microversion: 1.1
2026-04-23 17:11:56.691 7 INFO placement.requestlog [None req-1ddd9795-d113-4f92-bded-467073c04407 d0a43c78d86b48dc8d5ce25f229e9601 af5a79ed696649b88726f3b98a379081 - - c3d667a77e6d4a1a894a2f3adb33b2a0 c3d667a77e6d4a1a894a2f3adb33b2a0] 10.0.0.238 "DELETE /resource_providers/356c5a67-5a39-4ca8-b7ae-f8ebd0797709" status: 404 len: 246 microversion: 1.1 [pid: 8|app: 0|req: 380/761] 10.0.0.238 () {34 vars in 816 bytes} [Thu Apr 23 17:11:56 2026] DELETE /resource_providers/356c5a67-5a39-4ca8-b7ae-f8ebd0797709 => generated 246 bytes in 18 msecs (HTTP/1.1 404) 6 headers in 231 bytes (1 switches on core 0) [pid: 7|app: 0|req: 382/762] 10.0.0.238 () {34 vars in 816 bytes} [Thu Apr 23 17:11:56 2026] DELETE /resource_providers/356c5a67-5a39-4ca8-b7ae-f8ebd0797709 => generated 246 bytes in 16 msecs (HTTP/1.1 404) 6 headers in 231 bytes (1 switches on core 0)
2026-04-23 17:11:57.315 7 INFO placement.requestlog [None req-c6889e96-98e1-4fb9-aa2b-c69af3edcbb8 d0a43c78d86b48dc8d5ce25f229e9601 af5a79ed696649b88726f3b98a379081 - - c3d667a77e6d4a1a894a2f3adb33b2a0 c3d667a77e6d4a1a894a2f3adb33b2a0] 10.0.0.238 "GET /resource_providers/d3e48239-7573-41f9-9173-a53ec6940ee0/aggregates" status: 404 len: 235 microversion: 1.1 [pid: 7|app: 0|req: 383/763] 10.0.0.238 () {32 vars in 816 bytes} [Thu Apr 23 17:11:57 2026] GET /resource_providers/d3e48239-7573-41f9-9173-a53ec6940ee0/aggregates => generated 235 bytes in 13 msecs (HTTP/1.1 404) 5 headers in 202 bytes (1 switches on core 0)
2026-04-23 17:11:57.316 8 INFO placement.requestlog [None req-cba9cbf1-fba6-422d-b7c5-b36cbafed8d6 d0a43c78d86b48dc8d5ce25f229e9601 af5a79ed696649b88726f3b98a379081 - - c3d667a77e6d4a1a894a2f3adb33b2a0 c3d667a77e6d4a1a894a2f3adb33b2a0] 10.0.0.238 "GET /resource_providers/d3e48239-7573-41f9-9173-a53ec6940ee0/aggregates" status: 404 len: 235 microversion: 1.1 [pid: 8|app: 0|req: 381/764] 10.0.0.238 () {32 vars in 816 bytes} [Thu Apr 23 17:11:57 2026] GET /resource_providers/d3e48239-7573-41f9-9173-a53ec6940ee0/aggregates => generated 235 bytes in 16 msecs (HTTP/1.1 404) 5 headers in 202 bytes (1 switches on core 0)
2026-04-23 17:11:57.347 7 INFO placement.requestlog [None req-c2c83be9-34a8-4166-ae9f-8a29762eb416 d0a43c78d86b48dc8d5ce25f229e9601 af5a79ed696649b88726f3b98a379081 - - c3d667a77e6d4a1a894a2f3adb33b2a0 c3d667a77e6d4a1a894a2f3adb33b2a0] 10.0.0.238 "DELETE /resource_providers/d3e48239-7573-41f9-9173-a53ec6940ee0" status: 404 len: 246 microversion: 1.1 [pid: 7|app: 0|req: 384/765] 10.0.0.238 () {34 vars in 816 bytes} [Thu Apr 23 17:11:57 2026] DELETE /resource_providers/d3e48239-7573-41f9-9173-a53ec6940ee0 => generated 246 bytes in 19 msecs (HTTP/1.1 404) 6 headers in 231 bytes (1 switches on core 0)
2026-04-23 17:11:57.350 8 INFO placement.requestlog [None req-b784e08e-a1ed-4e0c-b480-c0739f9bda31 d0a43c78d86b48dc8d5ce25f229e9601 af5a79ed696649b88726f3b98a379081 - - c3d667a77e6d4a1a894a2f3adb33b2a0 c3d667a77e6d4a1a894a2f3adb33b2a0] 10.0.0.238 "DELETE /resource_providers/d3e48239-7573-41f9-9173-a53ec6940ee0" status: 404 len: 246 microversion: 1.1 [pid: 8|app: 0|req: 382/766] 10.0.0.238 () {34 vars in 816 bytes} [Thu Apr 23 17:11:57 2026] DELETE /resource_providers/d3e48239-7573-41f9-9173-a53ec6940ee0 => generated 246 bytes in 17 msecs (HTTP/1.1 404) 6 headers in 231 bytes (1 switches on core 0)
2026-04-23 17:11:57.375 8 INFO placement.requestlog [None req-3387b9ec-a6ae-4df1-96e9-3570ff8bab05 d0a43c78d86b48dc8d5ce25f229e9601 af5a79ed696649b88726f3b98a379081 - - c3d667a77e6d4a1a894a2f3adb33b2a0 c3d667a77e6d4a1a894a2f3adb33b2a0] 10.0.0.238 "GET /resource_providers/e5393799-1de0-4465-998c-67d8eb30538a/aggregates" status: 404 len: 235 microversion: 1.1 [pid: 8|app: 0|req: 383/767] 10.0.0.238 () {32 vars in 816 bytes} [Thu Apr 23 17:11:57 2026] GET /resource_providers/e5393799-1de0-4465-998c-67d8eb30538a/aggregates => generated 235 bytes in 10 msecs (HTTP/1.1 404) 5 headers in 202 bytes (1 switches on core 0)
2026-04-23 17:11:57.377 7 INFO placement.requestlog [None req-23a36c01-f18c-4fb1-aae4-2ba4f5c37f51 d0a43c78d86b48dc8d5ce25f229e9601 af5a79ed696649b88726f3b98a379081 - - c3d667a77e6d4a1a894a2f3adb33b2a0 c3d667a77e6d4a1a894a2f3adb33b2a0] 10.0.0.238 "GET /resource_providers/e5393799-1de0-4465-998c-67d8eb30538a/aggregates" status: 404 len: 235 microversion: 1.1 [pid: 7|app: 0|req: 385/768] 10.0.0.238 () {32 vars in 816 bytes} [Thu Apr 23 17:11:57 2026] GET /resource_providers/e5393799-1de0-4465-998c-67d8eb30538a/aggregates => generated 235 bytes in 13 msecs (HTTP/1.1 404) 5 headers in 202 bytes (1 switches on core 0)
2026-04-23 17:11:57.397 7 INFO placement.requestlog [None req-c0eca538-045a-4089-abc1-7012dba23e24 d0a43c78d86b48dc8d5ce25f229e9601 af5a79ed696649b88726f3b98a379081 - - c3d667a77e6d4a1a894a2f3adb33b2a0 c3d667a77e6d4a1a894a2f3adb33b2a0] 10.0.0.238 "DELETE /resource_providers/e5393799-1de0-4465-998c-67d8eb30538a" status: 404 len: 246 microversion: 1.1 [pid: 7|app: 0|req: 386/769] 10.0.0.238 () {34 vars in 816 bytes} [Thu Apr 23 17:11:57 2026] DELETE /resource_providers/e5393799-1de0-4465-998c-67d8eb30538a => generated 246 bytes in 7 msecs (HTTP/1.1 404) 6 headers in 231 bytes (1 switches on core 0)
2026-04-23 17:11:57.402 8 INFO placement.requestlog [None req-5713f9fc-1da9-4cc2-9299-d52b0a3a9808 d0a43c78d86b48dc8d5ce25f229e9601 af5a79ed696649b88726f3b98a379081 - - c3d667a77e6d4a1a894a2f3adb33b2a0 c3d667a77e6d4a1a894a2f3adb33b2a0] 10.0.0.238 "DELETE /resource_providers/e5393799-1de0-4465-998c-67d8eb30538a" status: 404 len: 246 microversion: 1.1 [pid: 8|app: 0|req: 384/770] 10.0.0.238 () {34 vars in 816 bytes} [Thu Apr 23 17:11:57 2026] DELETE /resource_providers/e5393799-1de0-4465-998c-67d8eb30538a => generated 246 bytes in 12 msecs (HTTP/1.1 404) 6 headers in 231 bytes (1 switches on core 0)
2026-04-23 17:11:57.850 7 INFO placement.requestlog [req-bc37c7d0-6b9e-47a0-855a-1916df336914 req-7daa01f5-e8f8-4c66-b930-4ac1e74a3da9 3475798293664ec3a8bfd72693f53903 af5a79ed696649b88726f3b98a379081 - - c3d667a77e6d4a1a894a2f3adb33b2a0 c3d667a77e6d4a1a894a2f3adb33b2a0] 199.204.45.72 "GET /resource_providers/dc616f2c-4a97-48df-971d-ab4e82eae943/allocations" status: 200 len: 252 microversion: 1.0 [pid: 7|app: 0|req: 387/771] 199.204.45.72 () {32 vars in 856 bytes} [Thu Apr 23 17:11:57 2026] GET /resource_providers/dc616f2c-4a97-48df-971d-ab4e82eae943/allocations => generated 252 bytes in 14 msecs (HTTP/1.1 200) 6 headers in 224 bytes (1 switches on core 0)
2026-04-23 17:11:57.871 8 INFO placement.requestlog [req-bc37c7d0-6b9e-47a0-855a-1916df336914 req-fca59f0f-0347-4a8d-b91b-3df7916de011 3475798293664ec3a8bfd72693f53903 af5a79ed696649b88726f3b98a379081 - - c3d667a77e6d4a1a894a2f3adb33b2a0 c3d667a77e6d4a1a894a2f3adb33b2a0] 199.204.45.72 "GET /allocations/adfe02c9-6246-4bc8-b48e-85909f1b522d" status: 200 len: 257 microversion: 1.28 [pid: 8|app: 0|req: 385/772] 199.204.45.72 () {34 vars in 862 bytes} [Thu Apr 23 17:11:57 2026] GET /allocations/adfe02c9-6246-4bc8-b48e-85909f1b522d => generated 257 bytes in 15 msecs (HTTP/1.1 200) 8 headers in 296 bytes (1 switches on core 0)
2026-04-23 17:11:57.890 7 INFO placement.requestlog [req-bc37c7d0-6b9e-47a0-855a-1916df336914 req-edb73a37-f712-46e4-9fe4-54f4d3f043ad 3475798293664ec3a8bfd72693f53903 af5a79ed696649b88726f3b98a379081 - - c3d667a77e6d4a1a894a2f3adb33b2a0 c3d667a77e6d4a1a894a2f3adb33b2a0] 199.204.45.72 "GET /allocations/ca4c4d97-3aae-4481-9db6-7de34b01f5ba" status: 200 len: 257 microversion: 1.28 [pid: 7|app: 0|req: 388/773] 199.204.45.72 () {34 vars in 862 bytes} [Thu Apr 23 17:11:57 2026] GET /allocations/ca4c4d97-3aae-4481-9db6-7de34b01f5ba => generated 257 bytes in 13 msecs (HTTP/1.1 200) 8 headers in 296 bytes (1 switches on core 0)
2026-04-23 17:11:58.716 7 INFO placement.requestlog [None req-63d1fecd-24d9-4d07-9c4b-da754e450723 d0a43c78d86b48dc8d5ce25f229e9601 af5a79ed696649b88726f3b98a379081 - - c3d667a77e6d4a1a894a2f3adb33b2a0 c3d667a77e6d4a1a894a2f3adb33b2a0] 10.0.0.238 "GET /resource_providers/0f0bf33f-2f73-44aa-b249-67f5afe4c041/aggregates" status: 404 len: 235 microversion: 1.1 [pid: 7|app: 0|req: 389/774] 10.0.0.238 () {32 vars in 816 bytes} [Thu Apr 23 17:11:58 2026] GET /resource_providers/0f0bf33f-2f73-44aa-b249-67f5afe4c041/aggregates => generated 235 bytes in 7 msecs (HTTP/1.1 404) 5 headers in 202 bytes (1 switches on core 0)
2026-04-23 17:11:58.721 8 INFO placement.requestlog [None req-3ae209b4-95d8-4908-af44-061b7cc26f1e d0a43c78d86b48dc8d5ce25f229e9601 af5a79ed696649b88726f3b98a379081 - - c3d667a77e6d4a1a894a2f3adb33b2a0 c3d667a77e6d4a1a894a2f3adb33b2a0] 10.0.0.238 "GET /resource_providers/0f0bf33f-2f73-44aa-b249-67f5afe4c041/aggregates" status: 404 len: 235 microversion: 1.1 [pid: 8|app: 0|req: 386/775] 10.0.0.238 () {32 vars in 816 bytes} [Thu Apr 23 17:11:58 2026] GET /resource_providers/0f0bf33f-2f73-44aa-b249-67f5afe4c041/aggregates => generated 235 bytes in 15 msecs (HTTP/1.1 404) 5 headers in 202 bytes (1 switches on core 0)
2026-04-23 17:11:58.740 7 INFO placement.requestlog [None req-67fa3739-341a-48ef-87f9-e16879cc92cb d0a43c78d86b48dc8d5ce25f229e9601 af5a79ed696649b88726f3b98a379081 - - c3d667a77e6d4a1a894a2f3adb33b2a0 c3d667a77e6d4a1a894a2f3adb33b2a0] 10.0.0.238 "DELETE /resource_providers/0f0bf33f-2f73-44aa-b249-67f5afe4c041" status: 404 len: 246 microversion: 1.1 [pid: 7|app: 0|req: 390/776] 10.0.0.238 () {34 vars in 816 bytes} [Thu Apr 23 17:11:58 2026] DELETE /resource_providers/0f0bf33f-2f73-44aa-b249-67f5afe4c041 => generated 246 bytes in 9 msecs (HTTP/1.1 404) 6 headers in 231 bytes (1 switches on core 0)
2026-04-23 17:11:58.750 8 INFO placement.requestlog [None req-38ceb563-b3b6-43e5-a8b5-9f6b3c8b2c6e d0a43c78d86b48dc8d5ce25f229e9601 af5a79ed696649b88726f3b98a379081 - - c3d667a77e6d4a1a894a2f3adb33b2a0 c3d667a77e6d4a1a894a2f3adb33b2a0] 10.0.0.238 "DELETE /resource_providers/0f0bf33f-2f73-44aa-b249-67f5afe4c041" status: 404 len: 246 microversion: 1.1 [pid: 8|app: 0|req: 387/777] 10.0.0.238 () {34 vars in 816 bytes} [Thu Apr 23 17:11:58 2026] DELETE /resource_providers/0f0bf33f-2f73-44aa-b249-67f5afe4c041 => generated 246 bytes in 19 msecs (HTTP/1.1 404) 6 headers in 231 bytes (1 switches on core 0)
2026-04-23 17:11:58.942 7 INFO placement.requestlog [req-bc37c7d0-6b9e-47a0-855a-1916df336914 req-61504d26-a547-4be5-b9d1-ee050aee348a 3475798293664ec3a8bfd72693f53903 af5a79ed696649b88726f3b98a379081 - - c3d667a77e6d4a1a894a2f3adb33b2a0 c3d667a77e6d4a1a894a2f3adb33b2a0] 199.204.45.72 "DELETE /allocations/ca4c4d97-3aae-4481-9db6-7de34b01f5ba" status: 204 len: 0 microversion: 1.0 [pid: 7|app: 0|req: 391/778] 199.204.45.72 () {34 vars in 840 bytes} [Thu Apr 23 17:11:58 2026] DELETE /allocations/ca4c4d97-3aae-4481-9db6-7de34b01f5ba => generated 0 bytes in 27 msecs (HTTP/1.1 204) 5 headers in 198 bytes (1 switches on core 0)
2026-04-23 17:12:00.068 8 INFO placement.requestlog [None req-e38e4994-c2d8-4859-9561-c8c67feb3f2f - - - - - -] 10.0.0.179 "GET /" status: 200 len: 136 microversion: 1.0
2026-04-23 17:12:00.069 7 INFO placement.requestlog [None req-2ea794e5-3d95-41d6-8a40-816d582a8ba6 - - - - - -] 10.0.0.179 "GET /" status: 200 len: 136 microversion: 1.0
2026-04-23 17:12:05.963 8 INFO placement.requestlog [None req-81865c44-6ef1-481b-bd38-2d8eb127b177 d0a43c78d86b48dc8d5ce25f229e9601 af5a79ed696649b88726f3b98a379081 - - c3d667a77e6d4a1a894a2f3adb33b2a0 c3d667a77e6d4a1a894a2f3adb33b2a0] 10.0.0.238 "GET /resource_providers/39e6386c-a8ae-4cfc-8829-a1a360860692/aggregates" status: 404 len: 235 microversion: 1.1 [pid: 8|app: 0|req: 389/781] 10.0.0.238 () {32 vars in 816 bytes} [Thu Apr 23 17:12:05 2026] GET /resource_providers/39e6386c-a8ae-4cfc-8829-a1a360860692/aggregates => generated 235 bytes in 11 msecs (HTTP/1.1 404) 5 headers in 202 bytes (1 switches on core 0)
2026-04-23 17:12:05.967 7 INFO placement.requestlog [None req-39558827-883b-4934-b968-ed4cb4277a47 d0a43c78d86b48dc8d5ce25f229e9601 af5a79ed696649b88726f3b98a379081 - - c3d667a77e6d4a1a894a2f3adb33b2a0 c3d667a77e6d4a1a894a2f3adb33b2a0] 10.0.0.238 "GET /resource_providers/39e6386c-a8ae-4cfc-8829-a1a360860692/aggregates" status: 404 len: 235 microversion: 1.1 [pid: 7|app: 0|req: 393/782] 10.0.0.238 () {32 vars in 816 bytes} [Thu Apr 23 17:12:05 2026] GET /resource_providers/39e6386c-a8ae-4cfc-8829-a1a360860692/aggregates => generated 235 bytes in 8 msecs (HTTP/1.1 404) 5 headers in 202 bytes (1 switches on core 0)
2026-04-23 17:12:05.992 8 INFO placement.requestlog [None req-63cbacf6-b75a-4f5a-b8a3-8f0ca718afb8 d0a43c78d86b48dc8d5ce25f229e9601 af5a79ed696649b88726f3b98a379081 - - c3d667a77e6d4a1a894a2f3adb33b2a0 c3d667a77e6d4a1a894a2f3adb33b2a0] 10.0.0.238 "DELETE /resource_providers/39e6386c-a8ae-4cfc-8829-a1a360860692" status: 404 len: 246 microversion: 1.1 [pid: 8|app: 0|req: 390/783] 10.0.0.238 () {34 vars in 816 bytes} [Thu Apr 23 17:12:05 2026] DELETE /resource_providers/39e6386c-a8ae-4cfc-8829-a1a360860692 => generated 246 bytes in 11 msecs (HTTP/1.1 404) 6 headers in 231 bytes (1 switches on core 0)
2026-04-23 17:12:05.996 7 INFO placement.requestlog [None req-331424d9-5aa9-40c8-bba1-7709170e65b3 d0a43c78d86b48dc8d5ce25f229e9601 af5a79ed696649b88726f3b98a379081 - - c3d667a77e6d4a1a894a2f3adb33b2a0 c3d667a77e6d4a1a894a2f3adb33b2a0] 10.0.0.238 "DELETE /resource_providers/39e6386c-a8ae-4cfc-8829-a1a360860692" status: 404 len: 246 microversion: 1.1 [pid: 7|app: 0|req: 394/784] 10.0.0.238 () {34 vars in 816 bytes} [Thu Apr 23 17:12:05 2026] DELETE /resource_providers/39e6386c-a8ae-4cfc-8829-a1a360860692 => generated 246 bytes in 12 msecs (HTTP/1.1 404) 6 headers in 231 bytes (1 switches on core 0)
2026-04-23 17:12:07.930 8 INFO placement.requestlog [None req-13b44c36-8f0c-4ace-a16d-d637a7fa1111 d0a43c78d86b48dc8d5ce25f229e9601 af5a79ed696649b88726f3b98a379081 - - c3d667a77e6d4a1a894a2f3adb33b2a0 c3d667a77e6d4a1a894a2f3adb33b2a0] 10.0.0.238 "GET /resource_providers/3a5b8757-ce97-4d91-ad8f-947c4f7ac13f/aggregates" status: 404 len: 235 microversion: 1.1 [pid: 8|app: 0|req: 391/785] 10.0.0.238 () {32 vars in 816 bytes} [Thu Apr 23 17:12:07 2026] GET /resource_providers/3a5b8757-ce97-4d91-ad8f-947c4f7ac13f/aggregates => generated 235 bytes in 14 msecs (HTTP/1.1 404) 5 headers in 202 bytes (1 switches on core 0)
2026-04-23 17:12:07.933 7 INFO placement.requestlog [None req-01a7cde1-fdd1-433d-8631-19a250bdcebe d0a43c78d86b48dc8d5ce25f229e9601 af5a79ed696649b88726f3b98a379081 - - c3d667a77e6d4a1a894a2f3adb33b2a0 c3d667a77e6d4a1a894a2f3adb33b2a0] 10.0.0.238 "GET /resource_providers/3a5b8757-ce97-4d91-ad8f-947c4f7ac13f/aggregates" status: 404 len: 235 microversion: 1.1 [pid: 7|app: 0|req: 395/786] 10.0.0.238 () {32 vars in 816 bytes} [Thu Apr 23 17:12:07 2026] GET /resource_providers/3a5b8757-ce97-4d91-ad8f-947c4f7ac13f/aggregates => generated 235 bytes in 12 msecs (HTTP/1.1 404) 5 headers in 202 bytes (1 switches on core 0)
2026-04-23 17:12:07.957 7 INFO placement.requestlog [None req-53cb71fe-c329-44fa-bb38-d170328b0985 d0a43c78d86b48dc8d5ce25f229e9601 af5a79ed696649b88726f3b98a379081 - - c3d667a77e6d4a1a894a2f3adb33b2a0 c3d667a77e6d4a1a894a2f3adb33b2a0] 10.0.0.238 "DELETE /resource_providers/3a5b8757-ce97-4d91-ad8f-947c4f7ac13f" status: 404 len: 246 microversion: 1.1 [pid: 7|app: 0|req: 396/787] 10.0.0.238 () {34 vars in 816 bytes} [Thu Apr 23 17:12:07 2026] DELETE /resource_providers/3a5b8757-ce97-4d91-ad8f-947c4f7ac13f => generated 246 bytes in 11 msecs (HTTP/1.1 404) 6 headers in 231 bytes (1 switches on core 0)
2026-04-23 17:12:07.959 8 INFO placement.requestlog [None req-f1994bd1-3c03-430d-ad77-e0bf904a2674 d0a43c78d86b48dc8d5ce25f229e9601 af5a79ed696649b88726f3b98a379081 - - c3d667a77e6d4a1a894a2f3adb33b2a0 c3d667a77e6d4a1a894a2f3adb33b2a0] 10.0.0.238 "DELETE /resource_providers/3a5b8757-ce97-4d91-ad8f-947c4f7ac13f" status: 404 len: 246 microversion: 1.1 [pid: 8|app: 0|req: 392/788] 10.0.0.238 () {34 vars in 816 bytes} [Thu Apr 23 17:12:07 2026] DELETE /resource_providers/3a5b8757-ce97-4d91-ad8f-947c4f7ac13f => generated 246 bytes in 14 msecs (HTTP/1.1 404) 6 headers in 231 bytes (1 switches on core 0)
2026-04-23 17:12:08.469 7 INFO placement.requestlog [req-3bf1f8f9-2b4c-4fde-a826-63cbb39a84ed req-44dd2472-c5c0-4407-8160-9651a35aa40f 3475798293664ec3a8bfd72693f53903 af5a79ed696649b88726f3b98a379081 - - c3d667a77e6d4a1a894a2f3adb33b2a0 c3d667a77e6d4a1a894a2f3adb33b2a0] 10.0.0.226 "GET /allocation_candidates?limit=1000&resources=DISK_GB%3A1%2CMEMORY_MB%3A512%2CVCPU%3A1&root_required=%21COMPUTE_STATUS_DISABLED" status: 200 len: 2783 microversion: 1.36 [pid: 7|app: 0|req: 397/789] 10.0.0.226 () {34 vars in 1012 bytes} [Thu Apr 23 17:12:08 2026] GET /allocation_candidates?limit=1000&resources=DISK_GB%3A1%2CMEMORY_MB%3A512%2CVCPU%3A1&root_required=%21COMPUTE_STATUS_DISABLED => generated 2783 bytes in 48 msecs (HTTP/1.1 200) 8 headers in 297 bytes (1 switches on core 0)
2026-04-23 17:12:08.501 8 INFO placement.requestlog [req-3bf1f8f9-2b4c-4fde-a826-63cbb39a84ed req-2cd30c9b-314c-4688-ba54-a3604c2648db 3475798293664ec3a8bfd72693f53903 af5a79ed696649b88726f3b98a379081 - - c3d667a77e6d4a1a894a2f3adb33b2a0 c3d667a77e6d4a1a894a2f3adb33b2a0] 10.0.0.226 "GET /allocations/08a0b438-bd89-40a2-88cf-62a028324afa" status: 200 len: 19 microversion: 1.28 [pid: 8|app: 0|req: 393/790] 10.0.0.226 () {34 vars in 861 bytes} [Thu Apr 23 17:12:08 2026] GET /allocations/08a0b438-bd89-40a2-88cf-62a028324afa => generated 19 bytes in 10 msecs (HTTP/1.1 200) 8 headers in 295 bytes (1 switches on core 0)
2026-04-23 17:12:08.572 7 INFO placement.requestlog [req-3bf1f8f9-2b4c-4fde-a826-63cbb39a84ed req-a812d7bf-bba0-442d-84ac-4b0337b0a1cc 3475798293664ec3a8bfd72693f53903 af5a79ed696649b88726f3b98a379081 - - c3d667a77e6d4a1a894a2f3adb33b2a0 c3d667a77e6d4a1a894a2f3adb33b2a0] 10.0.0.226 "PUT /allocations/08a0b438-bd89-40a2-88cf-62a028324afa" status: 204 len: 0 microversion: 1.36 [pid: 7|app: 0|req: 398/791] 10.0.0.226 () {38 vars in 914 bytes} [Thu Apr 23 17:12:08 2026] PUT /allocations/08a0b438-bd89-40a2-88cf-62a028324afa => generated 0 bytes in 63 msecs (HTTP/1.1 204) 5 headers in 199 bytes (1 switches on core 0)
2026-04-23 17:12:09.990 7 INFO placement.requestlog [None req-32baa910-df41-428f-aa3a-3b51aa62fc9b d0a43c78d86b48dc8d5ce25f229e9601 af5a79ed696649b88726f3b98a379081 - - c3d667a77e6d4a1a894a2f3adb33b2a0 c3d667a77e6d4a1a894a2f3adb33b2a0] 10.0.0.238 "GET /resource_providers/e8e9b62d-52c9-45ee-9993-225fbb5a6b4e/aggregates" status: 404 len: 235 microversion: 1.1 [pid: 7|app: 0|req: 399/792] 10.0.0.238 () {32 vars in 816 bytes} [Thu Apr 23 17:12:09 2026] GET /resource_providers/e8e9b62d-52c9-45ee-9993-225fbb5a6b4e/aggregates => generated 235 bytes in 9 msecs (HTTP/1.1 404) 5 headers in 202 bytes (1 switches on core 0)
2026-04-23 17:12:09.991 8 INFO placement.requestlog [None req-9800ba21-f211-4f4f-9ff2-1248a74d7f07 d0a43c78d86b48dc8d5ce25f229e9601 af5a79ed696649b88726f3b98a379081 - - c3d667a77e6d4a1a894a2f3adb33b2a0 c3d667a77e6d4a1a894a2f3adb33b2a0] 10.0.0.238 "GET /resource_providers/e8e9b62d-52c9-45ee-9993-225fbb5a6b4e/aggregates" status: 404 len: 235 microversion: 1.1 [pid: 8|app: 0|req: 394/793] 10.0.0.238 () {32 vars in 816 bytes} [Thu Apr 23 17:12:09 2026] GET /resource_providers/e8e9b62d-52c9-45ee-9993-225fbb5a6b4e/aggregates => generated 235 bytes in 11 msecs (HTTP/1.1 404) 5 headers in 202 bytes (1 switches on core 0)
2026-04-23 17:12:10.012 7 INFO placement.requestlog [None req-da8dde4a-3ee9-405a-8222-c1c404d7d4ec d0a43c78d86b48dc8d5ce25f229e9601 af5a79ed696649b88726f3b98a379081 - - c3d667a77e6d4a1a894a2f3adb33b2a0 c3d667a77e6d4a1a894a2f3adb33b2a0] 10.0.0.238 "DELETE /resource_providers/e8e9b62d-52c9-45ee-9993-225fbb5a6b4e" status: 404 len: 246 microversion: 1.1 [pid: 7|app: 0|req: 400/794] 10.0.0.238 () {34 vars in 816 bytes} [Thu Apr 23 17:12:10 2026] DELETE /resource_providers/e8e9b62d-52c9-45ee-9993-225fbb5a6b4e => generated 246 bytes in 8 msecs (HTTP/1.1 404) 6 headers in 231 bytes (1 switches on core 0)
2026-04-23 17:12:10.016 8 INFO placement.requestlog [None req-5218c3ca-d7c8-4131-94cd-bcb366b3e69e d0a43c78d86b48dc8d5ce25f229e9601 af5a79ed696649b88726f3b98a379081 - - c3d667a77e6d4a1a894a2f3adb33b2a0 c3d667a77e6d4a1a894a2f3adb33b2a0] 10.0.0.238 "DELETE /resource_providers/e8e9b62d-52c9-45ee-9993-225fbb5a6b4e" status: 404 len: 246 microversion: 1.1 [pid: 8|app: 0|req: 395/795] 10.0.0.238 () {34 vars in 816 bytes} [Thu Apr 23 17:12:10 2026] DELETE /resource_providers/e8e9b62d-52c9-45ee-9993-225fbb5a6b4e => generated 246 bytes in 10 msecs (HTTP/1.1 404) 6 headers in 231 bytes (1 switches on core 0)
2026-04-23 17:12:10.067 8 INFO placement.requestlog [None req-8f426987-016f-4585-92b8-80a042f4cf66 - - - - - -] 10.0.0.179 "GET /" status: 200 len: 136 microversion: 1.0
2026-04-23 17:12:10.068 7 INFO placement.requestlog [req-3bf1f8f9-2b4c-4fde-a826-63cbb39a84ed req-74f8a61b-73a0-4308-88c4-f32b32d1799f 3475798293664ec3a8bfd72693f53903 af5a79ed696649b88726f3b98a379081 - - c3d667a77e6d4a1a894a2f3adb33b2a0 c3d667a77e6d4a1a894a2f3adb33b2a0] 199.204.45.72 "GET /allocations/08a0b438-bd89-40a2-88cf-62a028324afa" status: 200 len: 257 microversion: 1.28
2026-04-23 17:12:10.068 8 INFO placement.requestlog [None req-a8adf12a-e543-4af8-a97b-50f919849618 - - - - - -] 10.0.0.179 "GET /" status: 200 len: 136 microversion: 1.0 [pid: 7|app: 0|req: 401/797] 199.204.45.72 () {34 vars in 862 bytes} [Thu Apr 23 17:12:10 2026] GET /allocations/08a0b438-bd89-40a2-88cf-62a028324afa => generated 257 bytes in 15 msecs (HTTP/1.1 200) 8 headers in 296 bytes (1 switches on core 0)
2026-04-23 17:12:11.107 7 INFO placement.requestlog [req-3bf1f8f9-2b4c-4fde-a826-63cbb39a84ed req-c6164762-723e-4436-b637-c9c7c0221804 3475798293664ec3a8bfd72693f53903 af5a79ed696649b88726f3b98a379081 - - c3d667a77e6d4a1a894a2f3adb33b2a0 c3d667a77e6d4a1a894a2f3adb33b2a0] 199.204.45.72 "GET /resource_providers/dc616f2c-4a97-48df-971d-ab4e82eae943/allocations" status: 200 len: 252 microversion: 1.0 [pid: 7|app: 0|req: 402/799] 199.204.45.72 () {32 vars in 856 bytes} [Thu Apr 23 17:12:11 2026] GET /resource_providers/dc616f2c-4a97-48df-971d-ab4e82eae943/allocations => generated 252 bytes in 13 msecs (HTTP/1.1 200) 6 headers in 224 bytes (1 switches on core 0)
2026-04-23 17:12:11.124 8 INFO placement.requestlog [req-3bf1f8f9-2b4c-4fde-a826-63cbb39a84ed req-a9755cd2-87f5-491a-953e-f7cef05423f1 3475798293664ec3a8bfd72693f53903 af5a79ed696649b88726f3b98a379081 - - c3d667a77e6d4a1a894a2f3adb33b2a0 c3d667a77e6d4a1a894a2f3adb33b2a0] 199.204.45.72 "GET /allocations/08a0b438-bd89-40a2-88cf-62a028324afa" status: 200 len: 257 microversion: 1.28 [pid: 8|app: 0|req: 398/800] 199.204.45.72 () {34 vars in 862 bytes} [Thu Apr 23 17:12:11 2026] GET /allocations/08a0b438-bd89-40a2-88cf-62a028324afa => generated 257 bytes in 12 msecs (HTTP/1.1 200) 8 headers in 296 bytes (1 switches on core 0)
2026-04-23 17:12:11.143 7 INFO placement.requestlog [req-3bf1f8f9-2b4c-4fde-a826-63cbb39a84ed req-8def6e73-ee1d-4d90-b977-1e7890b15026 3475798293664ec3a8bfd72693f53903 af5a79ed696649b88726f3b98a379081 - - c3d667a77e6d4a1a894a2f3adb33b2a0 c3d667a77e6d4a1a894a2f3adb33b2a0] 199.204.45.72 "GET /allocations/adfe02c9-6246-4bc8-b48e-85909f1b522d" status: 200 len: 257 microversion: 1.28 [pid: 7|app: 0|req: 403/801] 199.204.45.72 () {34 vars in 862 bytes} [Thu Apr 23 17:12:11 2026] GET /allocations/adfe02c9-6246-4bc8-b48e-85909f1b522d => generated 257 bytes in 12 msecs (HTTP/1.1 200) 8 headers in 296 bytes (1 switches on core 0)
2026-04-23 17:12:12.321 8 INFO placement.requestlog [req-37f8f68d-ddca-4221-b486-9226aeb0d5de req-e6517827-a6fd-4099-9ada-31b6b87f1054 3475798293664ec3a8bfd72693f53903 af5a79ed696649b88726f3b98a379081 - - c3d667a77e6d4a1a894a2f3adb33b2a0 c3d667a77e6d4a1a894a2f3adb33b2a0] 199.204.45.72 "GET /resource_providers/dc616f2c-4a97-48df-971d-ab4e82eae943/allocations" status: 200 len: 252 microversion: 1.0 [pid: 8|app: 0|req: 399/802] 199.204.45.72 () {32 vars in 856 bytes} [Thu Apr 23 17:12:12 2026] GET /resource_providers/dc616f2c-4a97-48df-971d-ab4e82eae943/allocations => generated 252 bytes in 17 msecs (HTTP/1.1 200) 6 headers in 224 bytes (1 switches on core 0)
2026-04-23 17:12:12.338 7 INFO placement.requestlog [req-37f8f68d-ddca-4221-b486-9226aeb0d5de req-fa0518ec-7e09-4429-930a-eaa1a356fa28 3475798293664ec3a8bfd72693f53903 af5a79ed696649b88726f3b98a379081 - - c3d667a77e6d4a1a894a2f3adb33b2a0 c3d667a77e6d4a1a894a2f3adb33b2a0] 199.204.45.72 "GET /allocations/08a0b438-bd89-40a2-88cf-62a028324afa" status: 200 len: 257 microversion: 1.28 [pid: 7|app: 0|req: 404/803] 199.204.45.72 () {34 vars in 862 bytes} [Thu Apr 23 17:12:12 2026] GET /allocations/08a0b438-bd89-40a2-88cf-62a028324afa => generated 257 bytes in 11 msecs (HTTP/1.1 200) 8 headers in 296 bytes (1 switches on core 0)
2026-04-23 17:12:12.357 8 INFO placement.requestlog [req-37f8f68d-ddca-4221-b486-9226aeb0d5de req-6949d92c-145b-400a-86a1-713e7c8a1a08 3475798293664ec3a8bfd72693f53903 af5a79ed696649b88726f3b98a379081 - - c3d667a77e6d4a1a894a2f3adb33b2a0 c3d667a77e6d4a1a894a2f3adb33b2a0] 199.204.45.72 "GET /allocations/adfe02c9-6246-4bc8-b48e-85909f1b522d" status: 200 len: 257 microversion: 1.28 [pid: 8|app: 0|req: 400/804] 199.204.45.72 () {34 vars in 862 bytes} [Thu Apr 23 17:12:12 2026] GET /allocations/adfe02c9-6246-4bc8-b48e-85909f1b522d => generated 257 bytes in 12 msecs (HTTP/1.1 200) 8 headers in 296 bytes (1 switches on core 0)
2026-04-23 17:12:13.411 7 INFO placement.requestlog [req-37f8f68d-ddca-4221-b486-9226aeb0d5de req-54cb169d-6d2a-42d6-95e8-787581f49ade 3475798293664ec3a8bfd72693f53903 af5a79ed696649b88726f3b98a379081 - - c3d667a77e6d4a1a894a2f3adb33b2a0 c3d667a77e6d4a1a894a2f3adb33b2a0] 199.204.45.72 "DELETE /allocations/adfe02c9-6246-4bc8-b48e-85909f1b522d" status: 204 len: 0 microversion: 1.0 [pid: 7|app: 0|req: 405/805] 199.204.45.72 () {34 vars in 840 bytes} [Thu Apr 23 17:12:13 2026] DELETE /allocations/adfe02c9-6246-4bc8-b48e-85909f1b522d => generated 0 bytes in 23 msecs (HTTP/1.1 204) 5 headers in 198 bytes (1 switches on core 0)
2026-04-23 17:12:16.877 8 INFO placement.requestlog [req-a1156fc1-bde1-45c5-a9d1-41ef1fdca89b req-955c5f93-e53a-49e2-8e7c-6a6121ee6d8d 3475798293664ec3a8bfd72693f53903 af5a79ed696649b88726f3b98a379081 - - c3d667a77e6d4a1a894a2f3adb33b2a0 c3d667a77e6d4a1a894a2f3adb33b2a0] 10.0.0.226 "GET /allocation_candidates?limit=1000&resources=DISK_GB%3A1%2CMEMORY_MB%3A512%2CVCPU%3A1&root_required=%21COMPUTE_STATUS_DISABLED" status: 200 len: 2783 microversion: 1.36 [pid: 8|app: 0|req: 401/806] 10.0.0.226 () {34 vars in 1012 bytes} [Thu Apr 23 17:12:16 2026] GET /allocation_candidates?limit=1000&resources=DISK_GB%3A1%2CMEMORY_MB%3A512%2CVCPU%3A1&root_required=%21COMPUTE_STATUS_DISABLED => generated 2783 bytes in 42 msecs (HTTP/1.1 200) 8 headers in 297 bytes (1 switches on core 0)
2026-04-23 17:12:16.906 7 INFO placement.requestlog [req-a1156fc1-bde1-45c5-a9d1-41ef1fdca89b req-5e23e3ff-22f7-4d07-aa19-e10184d098cf 3475798293664ec3a8bfd72693f53903 af5a79ed696649b88726f3b98a379081 - - c3d667a77e6d4a1a894a2f3adb33b2a0 c3d667a77e6d4a1a894a2f3adb33b2a0] 10.0.0.226 "GET /allocations/6cbd88e8-a7c1-498a-bcbe-e6d4fc20a380" status: 200 len: 19 microversion: 1.28 [pid: 7|app: 0|req: 406/807] 10.0.0.226 () {34 vars in 861 bytes} [Thu Apr 23 17:12:16 2026] GET /allocations/6cbd88e8-a7c1-498a-bcbe-e6d4fc20a380 => generated 19 bytes in 11 msecs (HTTP/1.1 200) 8 headers in 295 bytes (1 switches on core 0)
2026-04-23 17:12:16.980 8 INFO placement.requestlog [req-a1156fc1-bde1-45c5-a9d1-41ef1fdca89b req-9b372671-827b-4947-8d93-65ca8f25a7c7 3475798293664ec3a8bfd72693f53903 af5a79ed696649b88726f3b98a379081 - - c3d667a77e6d4a1a894a2f3adb33b2a0 c3d667a77e6d4a1a894a2f3adb33b2a0] 10.0.0.226 "PUT /allocations/6cbd88e8-a7c1-498a-bcbe-e6d4fc20a380" status: 204 len: 0 microversion: 1.36 [pid: 8|app: 0|req: 402/808] 10.0.0.226 () {38 vars in 914 bytes} [Thu Apr 23 17:12:16 2026] PUT /allocations/6cbd88e8-a7c1-498a-bcbe-e6d4fc20a380 => generated 0 bytes in 67 msecs (HTTP/1.1 204) 5 headers in 199 bytes (1 switches on core 0)
2026-04-23 17:12:18.499 7 INFO placement.requestlog [req-a1156fc1-bde1-45c5-a9d1-41ef1fdca89b req-e04f8927-8e73-4411-92a1-5081172bd234 3475798293664ec3a8bfd72693f53903 af5a79ed696649b88726f3b98a379081 - - c3d667a77e6d4a1a894a2f3adb33b2a0 c3d667a77e6d4a1a894a2f3adb33b2a0] 199.204.45.72 "GET /allocations/6cbd88e8-a7c1-498a-bcbe-e6d4fc20a380" status: 200 len: 257 microversion: 1.28 [pid: 7|app: 0|req: 407/809] 199.204.45.72 () {34 vars in 862 bytes} [Thu Apr 23 17:12:18 2026] GET /allocations/6cbd88e8-a7c1-498a-bcbe-e6d4fc20a380 => generated 257 bytes in 16 msecs (HTTP/1.1 200) 8 headers in 296 bytes (1 switches on core 0)
2026-04-23 17:12:19.270 8 INFO placement.requestlog [None req-2a2e6974-b542-44bc-813f-354aefe8c45e d0a43c78d86b48dc8d5ce25f229e9601 af5a79ed696649b88726f3b98a379081 - - c3d667a77e6d4a1a894a2f3adb33b2a0 c3d667a77e6d4a1a894a2f3adb33b2a0] 10.0.0.238 "GET /resource_providers/3fdc332e-c513-4dc4-bed4-44c65b4a8ab1/aggregates" status: 404 len: 235 microversion: 1.1 [pid: 8|app: 0|req: 403/810] 10.0.0.238 () {32 vars in 816 bytes} [Thu Apr 23 17:12:19 2026] GET /resource_providers/3fdc332e-c513-4dc4-bed4-44c65b4a8ab1/aggregates => generated 235 bytes in 8 msecs (HTTP/1.1 404) 5 headers in 202 bytes (1 switches on core 0)
2026-04-23 17:12:19.273 7 INFO placement.requestlog [None req-e21daf0c-9ed1-4958-9fc1-1d4edc047e2c d0a43c78d86b48dc8d5ce25f229e9601 af5a79ed696649b88726f3b98a379081 - - c3d667a77e6d4a1a894a2f3adb33b2a0 c3d667a77e6d4a1a894a2f3adb33b2a0] 10.0.0.238 "GET /resource_providers/3fdc332e-c513-4dc4-bed4-44c65b4a8ab1/aggregates" status: 404 len: 235 microversion: 1.1 [pid: 7|app: 0|req: 408/811] 10.0.0.238 () {32 vars in 816 bytes} [Thu Apr 23 17:12:19 2026] GET /resource_providers/3fdc332e-c513-4dc4-bed4-44c65b4a8ab1/aggregates => generated 235 bytes in 9 msecs (HTTP/1.1 404) 5 headers in 202 bytes (1 switches on core 0)
2026-04-23 17:12:19.312 8 INFO placement.requestlog [None req-e8530840-8317-4ae1-8c8a-85011a4bd1eb d0a43c78d86b48dc8d5ce25f229e9601 af5a79ed696649b88726f3b98a379081 - - c3d667a77e6d4a1a894a2f3adb33b2a0 c3d667a77e6d4a1a894a2f3adb33b2a0] 10.0.0.238 "DELETE /resource_providers/3fdc332e-c513-4dc4-bed4-44c65b4a8ab1" status: 404 len: 246 microversion: 1.1 [pid: 8|app: 0|req: 404/812] 10.0.0.238 () {34 vars in 816 bytes} [Thu Apr 23 17:12:19 2026] DELETE /resource_providers/3fdc332e-c513-4dc4-bed4-44c65b4a8ab1 => generated 246 bytes in 17 msecs (HTTP/1.1 404) 6 headers in 231 bytes (1 switches on core 0)
2026-04-23 17:12:19.312 7 INFO placement.requestlog [None req-a632a074-6000-4461-8893-5d3e0d23d89f d0a43c78d86b48dc8d5ce25f229e9601 af5a79ed696649b88726f3b98a379081 - - c3d667a77e6d4a1a894a2f3adb33b2a0 c3d667a77e6d4a1a894a2f3adb33b2a0] 10.0.0.238 "DELETE /resource_providers/3fdc332e-c513-4dc4-bed4-44c65b4a8ab1" status: 404 len: 246 microversion: 1.1 [pid: 7|app: 0|req: 409/813] 10.0.0.238 () {34 vars in 816 bytes} [Thu Apr 23 17:12:19 2026] DELETE /resource_providers/3fdc332e-c513-4dc4-bed4-44c65b4a8ab1 => generated 246 bytes in 16 msecs (HTTP/1.1 404) 6 headers in 231 bytes (1 switches on core 0)
2026-04-23 17:12:19.539 8 INFO placement.requestlog [req-a1156fc1-bde1-45c5-a9d1-41ef1fdca89b req-98d346db-d460-4027-a42e-310d2a90a8ce 3475798293664ec3a8bfd72693f53903 af5a79ed696649b88726f3b98a379081 - - c3d667a77e6d4a1a894a2f3adb33b2a0 c3d667a77e6d4a1a894a2f3adb33b2a0] 199.204.45.72 "GET /resource_providers/dc616f2c-4a97-48df-971d-ab4e82eae943/allocations" status: 200 len: 252 microversion: 1.0 [pid: 8|app: 0|req: 405/814] 199.204.45.72 () {32 vars in 856 bytes} [Thu Apr 23 17:12:19 2026] GET /resource_providers/dc616f2c-4a97-48df-971d-ab4e82eae943/allocations => generated 252 bytes in 15 msecs (HTTP/1.1 200) 6 headers in 224 bytes (1 switches on core 0)
2026-04-23 17:12:19.558 7 INFO placement.requestlog [req-a1156fc1-bde1-45c5-a9d1-41ef1fdca89b req-9a586bdf-08f0-4446-82e1-ca322c2f176a 3475798293664ec3a8bfd72693f53903 af5a79ed696649b88726f3b98a379081 - - c3d667a77e6d4a1a894a2f3adb33b2a0 c3d667a77e6d4a1a894a2f3adb33b2a0] 199.204.45.72 "GET /allocations/08a0b438-bd89-40a2-88cf-62a028324afa" status: 200 len: 257 microversion: 1.28 [pid: 7|app: 0|req: 410/815] 199.204.45.72 () {34 vars in 862 bytes} [Thu Apr 23 17:12:19 2026] GET /allocations/08a0b438-bd89-40a2-88cf-62a028324afa => generated 257 bytes in 14 msecs (HTTP/1.1 200) 8 headers in 296 bytes (1 switches on core 0)
2026-04-23 17:12:19.574 8 INFO placement.requestlog [req-a1156fc1-bde1-45c5-a9d1-41ef1fdca89b req-22847225-3f70-4aa8-8f25-cc68416aaae2 3475798293664ec3a8bfd72693f53903 af5a79ed696649b88726f3b98a379081 - - c3d667a77e6d4a1a894a2f3adb33b2a0 c3d667a77e6d4a1a894a2f3adb33b2a0] 199.204.45.72 "GET /allocations/6cbd88e8-a7c1-498a-bcbe-e6d4fc20a380" status: 200 len: 257 microversion: 1.28 [pid: 8|app: 0|req: 406/816] 199.204.45.72 () {34 vars in 862 bytes} [Thu Apr 23 17:12:19 2026] GET /allocations/6cbd88e8-a7c1-498a-bcbe-e6d4fc20a380 => generated 257 bytes in 8 msecs (HTTP/1.1 200) 8 headers in 296 bytes (1 switches on core 0)
2026-04-23 17:12:20.068 7 INFO placement.requestlog [None req-52608b05-7138-435a-8cda-f682ec97ebd0 - - - - - -] 10.0.0.179 "GET /" status: 200 len: 136 microversion: 1.0
2026-04-23 17:12:20.068 8 INFO placement.requestlog [None req-10addf1c-d50d-463f-8c03-8c5c097fab2e - - - - - -] 10.0.0.179 "GET /" status: 200 len: 136 microversion: 1.0
2026-04-23 17:12:24.027 7 INFO placement.requestlog [None req-52416e22-f193-4235-8172-c49f0bce5ff6 d0a43c78d86b48dc8d5ce25f229e9601 af5a79ed696649b88726f3b98a379081 - - c3d667a77e6d4a1a894a2f3adb33b2a0 c3d667a77e6d4a1a894a2f3adb33b2a0] 10.0.0.238 "GET /resource_providers/f1044dab-1e71-46f8-835d-4b3d959f7d82/aggregates" status: 404 len: 235 microversion: 1.1 [pid: 7|app: 0|req: 412/819] 10.0.0.238 () {32 vars in 816 bytes} [Thu Apr 23 17:12:24 2026] GET /resource_providers/f1044dab-1e71-46f8-835d-4b3d959f7d82/aggregates => generated 235 bytes in 9 msecs (HTTP/1.1 404) 5 headers in 202 bytes (1 switches on core 0)
