2026-04-23 17:15:32.702 8 WARNING neutron.api.rpc.agentnotifiers.dhcp_rpc_agent_api [None req-662b6d2d-9e06-48cf-b9d9-1c701d54a766 bcff820693f347028353ea8f325d1fce 94bb472330914b1cb850659a905c76b4 - - default default] Unable to schedule network 08815672-91c0-4781-8c41-c62081f87da2: no agents available; will retry on subsequent port and subnet creation events.
2026-04-23 17:15:32.755 7 INFO neutron.api.v2.resource [None req-ecb765a7-23d4-4dd1-a73c-5e1921476498 f4873b798d8444a58112dbe8b41571aa dccae0a5259c4bacb9a1d3f5288fcb51 - - default default] delete failed (client error): The resource could not be found. [pid: 7|app: 0|req: 1152/2379] 10.0.0.211 () {32 vars in 754 bytes} [Thu Apr 23 17:15:32 2026] DELETE /v2.0/floatingips/1f30e969-c8b5-4d86-84d4-97460685a8a9/tags/green => generated 99 bytes in 65 msecs (HTTP/1.1 404) 4 headers in 163 bytes (1 switches on core 0) [pid: 7|app: 0|req: 1153/2380] 10.0.0.211 () {32 vars in 742 bytes} [Thu Apr 23 17:15:32 2026] DELETE /v2.0/floatingips/1f30e969-c8b5-4d86-84d4-97460685a8a9/tags => generated 0 bytes in 61 msecs (HTTP/1.1 204) 2 headers in 112 bytes (1 switches on core 0) [pid: 7|app: 0|req: 1154/2381] 10.0.0.211 () {32 vars in 739 bytes} [Thu Apr 23 17:15:32 2026] GET /v2.0/floatingips/1f30e969-c8b5-4d86-84d4-97460685a8a9/tags => generated 12 bytes in 50 msecs (HTTP/1.1 200) 4 headers in 156 bytes (1 switches on core 0)
2026-04-23 17:15:33.035 7 INFO neutron.plugins.ml2.drivers.ovn.mech_driver.mech_driver [None req-6ebb4bc6-ad53-421c-a13b-8a719ce1a6ce - - - - - -] OVN reports status down for port: 46f585be-0681-46e5-ba83-607f509ee427
2026-04-23 17:15:33.124 7 INFO neutron_taas.services.taas.taas_plugin [None req-eb0550e8-6bd9-41dc-85b1-ab0201798512 f4873b798d8444a58112dbe8b41571aa dccae0a5259c4bacb9a1d3f5288fcb51 - - default default] TaaS: Handle Delete Port: 4cd8e786-e4e4-4006-a103-3456c2f47dca
2026-04-23 17:15:33.129 7 INFO neutron_taas.services.taas.tap_mirror_plugin [None req-eb0550e8-6bd9-41dc-85b1-ab0201798512 f4873b798d8444a58112dbe8b41571aa dccae0a5259c4bacb9a1d3f5288fcb51 - - default default] Tap Mirror: Handle Delete Port: 4cd8e786-e4e4-4006-a103-3456c2f47dca
2026-04-23 17:15:33.435 8 INFO neutron.db.ovn_revision_numbers_db [None req-662b6d2d-9e06-48cf-b9d9-1c701d54a766 bcff820693f347028353ea8f325d1fce 94bb472330914b1cb850659a905c76b4 - - default default] Successfully bumped revision number for resource 46f585be-0681-46e5-ba83-607f509ee427 (type: ports) to 1
2026-04-23 17:15:33.616 8 INFO neutron.db.ovn_revision_numbers_db [None req-095fd8c3-eec0-41d8-ad77-83109d7d9e5d - - - - - -] Successfully bumped revision number for resource efdf8462-001b-4243-8706-3969d23a333b (type: ports) to 4 [pid: 7|app: 0|req: 1155/2382] 10.0.0.211 () {32 vars in 732 bytes} [Thu Apr 23 17:15:32 2026] DELETE /v2.0/floatingips/1f30e969-c8b5-4d86-84d4-97460685a8a9 => generated 0 bytes in 832 msecs (HTTP/1.1 204) 2 headers in 112 bytes (1 switches on core 0)
2026-04-23 17:15:34.503 8 INFO neutron.db.ovn_revision_numbers_db [None req-095fd8c3-eec0-41d8-ad77-83109d7d9e5d - - - - - -] Successfully bumped revision number for resource efdf8462-001b-4243-8706-3969d23a333b (type: ports) to 5
2026-04-23 17:15:34.600 7 INFO neutron.plugins.ml2.drivers.ovn.mech_driver.mech_driver [None req-6ebb4bc6-ad53-421c-a13b-8a719ce1a6ce - - - - - -] OVN reports status up for port: 46f585be-0681-46e5-ba83-607f509ee427
2026-04-23 17:15:34.615 7 INFO neutron.plugins.ml2.plugin [None req-6ebb4bc6-ad53-421c-a13b-8a719ce1a6ce - - - - - -] Attempt 1 to provision port 46f585be-0681-46e5-ba83-607f509ee427
2026-04-23 17:15:34.638 8 INFO neutron.plugins.ml2.plugin [None req-662b6d2d-9e06-48cf-b9d9-1c701d54a766 bcff820693f347028353ea8f325d1fce 94bb472330914b1cb850659a905c76b4 - - default default] Attempt 1 to provision port 46f585be-0681-46e5-ba83-607f509ee427
2026-04-23 17:15:34.711 8 WARNING neutron.scheduler.dhcp_agent_scheduler [None req-662b6d2d-9e06-48cf-b9d9-1c701d54a766 bcff820693f347028353ea8f325d1fce 94bb472330914b1cb850659a905c76b4 - - default default] No more DHCP agents
2026-04-23 17:15:34.713 8 WARNING neutron.api.rpc.agentnotifiers.dhcp_rpc_agent_api [None req-662b6d2d-9e06-48cf-b9d9-1c701d54a766 bcff820693f347028353ea8f325d1fce 94bb472330914b1cb850659a905c76b4 - - default default] Unable to schedule network 08815672-91c0-4781-8c41-c62081f87da2: no agents available; will retry on subsequent port and subnet creation events.
2026-04-23 17:15:35.060 7 INFO neutron.db.ovn_revision_numbers_db [None req-6ebb4bc6-ad53-421c-a13b-8a719ce1a6ce - - - - - -] Successfully bumped revision number for resource 46f585be-0681-46e5-ba83-607f509ee427 (type: ports) to 2
2026-04-23 17:15:35.337 8 INFO neutron.db.ovn_revision_numbers_db [None req-662b6d2d-9e06-48cf-b9d9-1c701d54a766 bcff820693f347028353ea8f325d1fce 94bb472330914b1cb850659a905c76b4 - - default default] Successfully bumped revision number for resource 46f585be-0681-46e5-ba83-607f509ee427 (type: router_ports) to 1 [pid: 8|app: 0|req: 1228/2383] 10.0.0.211 () {34 vars in 783 bytes} [Thu Apr 23 17:15:31 2026] PUT /v2.0/routers/8ae62118-4308-4627-b72d-aaf892b325d3/add_router_interface => generated 309 bytes in 4080 msecs (HTTP/1.1 200) 4 headers in 157 bytes (1 switches on core 0)
2026-04-23 17:15:35.482 7 INFO neutron.db.ovn_revision_numbers_db [None req-1f76b8ef-7d2c-44d2-bca8-a3649d683f1e bcff820693f347028353ea8f325d1fce 94bb472330914b1cb850659a905c76b4 - - default default] Successfully bumped revision number for resource 9a1b24ef-ca96-42dc-b62b-f5981aee4221 (type: security_groups) to 1
2026-04-23 17:15:35.578 7 INFO neutron.db.ovn_revision_numbers_db [None req-1f76b8ef-7d2c-44d2-bca8-a3649d683f1e bcff820693f347028353ea8f325d1fce 94bb472330914b1cb850659a905c76b4 - - default default] Successfully bumped revision number for resource 3e783946-1016-4b7c-9b0f-52840dc85030 (type: security_group_rules) to 0
2026-04-23 17:15:35.623 7 INFO neutron.db.ovn_revision_numbers_db [None req-1f76b8ef-7d2c-44d2-bca8-a3649d683f1e bcff820693f347028353ea8f325d1fce 94bb472330914b1cb850659a905c76b4 - - default default] Successfully bumped revision number for resource 7f64ebfa-7329-40db-ae83-64745d0c3c53 (type: security_group_rules) to 0
2026-04-23 17:15:35.696 7 INFO neutron.db.ovn_revision_numbers_db [None req-1f76b8ef-7d2c-44d2-bca8-a3649d683f1e bcff820693f347028353ea8f325d1fce 94bb472330914b1cb850659a905c76b4 - - default default] Successfully bumped revision number for resource 9ca9a7e2-08c2-4a86-8747-49c60ca40e5c (type: security_group_rules) to 0
2026-04-23 17:15:35.784 7 INFO neutron.db.ovn_revision_numbers_db [None req-1f76b8ef-7d2c-44d2-bca8-a3649d683f1e bcff820693f347028353ea8f325d1fce 94bb472330914b1cb850659a905c76b4 - - default default] Successfully bumped revision number for resource df5626bf-dec5-4099-807d-c2efb942f8dd (type: security_group_rules) to 0 [pid: 7|app: 0|req: 1156/2384] 10.0.0.211 () {32 vars in 774 bytes} [Thu Apr 23 17:15:34 2026] GET /v2.0/security-groups?tenant_id=e2f1fb46591e4e8fa8ecf4456f3bb442&name=default => generated 2925 bytes in 861 msecs (HTTP/1.1 200) 4 headers in 158 bytes (1 switches on core 0) [pid: 8|app: 0|req: 1229/2385] 10.0.0.211 () {32 vars in 740 bytes} [Thu Apr 23 17:15:35 2026] DELETE /v2.0/security-groups/9a1b24ef-ca96-42dc-b62b-f5981aee4221 => generated 0 bytes in 434 msecs (HTTP/1.1 204) 2 headers in 112 bytes (1 switches on core 0)
2026-04-23 17:15:36.802 7 INFO neutron.db.ovn_revision_numbers_db [None req-10e0cbf4-f3df-4f77-b7e6-11b45a6d49f0 bcff820693f347028353ea8f325d1fce 94bb472330914b1cb850659a905c76b4 - - default default] Successfully bumped revision number for resource b062d2ce-61c4-407a-a228-b6790b7d3481 (type: security_groups) to 1
2026-04-23 17:15:36.814 7 INFO neutron.db.ovn_revision_numbers_db [None req-10e0cbf4-f3df-4f77-b7e6-11b45a6d49f0 bcff820693f347028353ea8f325d1fce 94bb472330914b1cb850659a905c76b4 - - default default] Successfully bumped revision number for resource 3fbd651a-3bf3-4614-8ea3-29858f1a6557 (type: security_group_rules) to 0
2026-04-23 17:15:36.826 7 INFO neutron.db.ovn_revision_numbers_db [None req-10e0cbf4-f3df-4f77-b7e6-11b45a6d49f0 bcff820693f347028353ea8f325d1fce 94bb472330914b1cb850659a905c76b4 - - default default] Successfully bumped revision number for resource 620eb524-2418-4123-b90f-5e51122a7238 (type: security_group_rules) to 0
2026-04-23 17:15:36.844 7 INFO neutron.db.ovn_revision_numbers_db [None req-10e0cbf4-f3df-4f77-b7e6-11b45a6d49f0 bcff820693f347028353ea8f325d1fce 94bb472330914b1cb850659a905c76b4 - - default default] Successfully bumped revision number for resource 8d0d6f23-615c-45c7-92b8-4eea492a3f85 (type: security_group_rules) to 0
2026-04-23 17:15:36.864 7 INFO neutron.db.ovn_revision_numbers_db [None req-10e0cbf4-f3df-4f77-b7e6-11b45a6d49f0 bcff820693f347028353ea8f325d1fce 94bb472330914b1cb850659a905c76b4 - - default default] Successfully bumped revision number for resource d8b19e2a-1131-4047-8083-33cd0d10c18e (type: security_group_rules) to 0 [pid: 7|app: 0|req: 1157/2386] 10.0.0.211 () {32 vars in 774 bytes} [Thu Apr 23 17:15:36 2026] GET /v2.0/security-groups?tenant_id=dccae0a5259c4bacb9a1d3f5288fcb51&name=default => generated 2925 bytes in 489 msecs (HTTP/1.1 200) 4 headers in 158 bytes (1 switches on core 0)
2026-04-23 17:15:36.979 8 INFO neutron.db.ovn_revision_numbers_db [None req-621fb048-4da4-485c-b6f9-d275e6a2f060 bcff820693f347028353ea8f325d1fce 94bb472330914b1cb850659a905c76b4 - - default default] Successfully bumped revision number for resource c20f8e9d-4665-4b58-bfd6-761515cfed20 (type: security_groups) to 1
2026-04-23 17:15:36.999 8 INFO neutron.db.ovn_revision_numbers_db [None req-621fb048-4da4-485c-b6f9-d275e6a2f060 bcff820693f347028353ea8f325d1fce 94bb472330914b1cb850659a905c76b4 - - default default] Successfully bumped revision number for resource 158bf444-1f1c-4f4c-b959-663d9b3864e9 (type: security_group_rules) to 0
2026-04-23 17:15:37.025 8 INFO neutron.db.ovn_revision_numbers_db [None req-621fb048-4da4-485c-b6f9-d275e6a2f060 bcff820693f347028353ea8f325d1fce 94bb472330914b1cb850659a905c76b4 - - default default] Successfully bumped revision number for resource 1bc85a7a-cd8d-4ffc-9d7b-b9c04d972c0d (type: security_group_rules) to 0
2026-04-23 17:15:37.042 8 INFO neutron.db.ovn_revision_numbers_db [None req-621fb048-4da4-485c-b6f9-d275e6a2f060 bcff820693f347028353ea8f325d1fce 94bb472330914b1cb850659a905c76b4 - - default default] Successfully bumped revision number for resource 6a453f89-055a-4a66-b433-62b3b0c45e8d (type: security_group_rules) to 0
2026-04-23 17:15:37.056 8 INFO neutron.db.ovn_revision_numbers_db [None req-621fb048-4da4-485c-b6f9-d275e6a2f060 bcff820693f347028353ea8f325d1fce 94bb472330914b1cb850659a905c76b4 - - default default] Successfully bumped revision number for resource c2c58fb4-921d-46b9-8a33-49e89b47bd1d (type: security_group_rules) to 0
2026-04-23 17:15:37.155 8 INFO neutron.db.segments_db [None req-621fb048-4da4-485c-b6f9-d275e6a2f060 bcff820693f347028353ea8f325d1fce 94bb472330914b1cb850659a905c76b4 - - default default] Added segment cc5cbb5a-eb38-4865-b7b5-508ea894da72 of type geneve for network 3ee49112-4364-4ee8-b296-ed3f561441bb [pid: 7|app: 0|req: 1158/2387] 10.0.0.211 () {32 vars in 740 bytes} [Thu Apr 23 17:15:36 2026] DELETE /v2.0/security-groups/b062d2ce-61c4-407a-a228-b6790b7d3481 => generated 0 bytes in 354 msecs (HTTP/1.1 204) 2 headers in 112 bytes (1 switches on core 0)
2026-04-23 17:15:37.308 8 INFO neutron.db.ovn_revision_numbers_db [None req-621fb048-4da4-485c-b6f9-d275e6a2f060 bcff820693f347028353ea8f325d1fce 94bb472330914b1cb850659a905c76b4 - - default default] Successfully bumped revision number for resource 3ee49112-4364-4ee8-b296-ed3f561441bb (type: networks) to 1
2026-04-23 17:15:37.483 8 WARNING neutron.scheduler.dhcp_agent_scheduler [None req-621fb048-4da4-485c-b6f9-d275e6a2f060 bcff820693f347028353ea8f325d1fce 94bb472330914b1cb850659a905c76b4 - - default default] No more DHCP agents
2026-04-23 17:15:37.484 8 WARNING neutron.api.rpc.agentnotifiers.dhcp_rpc_agent_api [None req-621fb048-4da4-485c-b6f9-d275e6a2f060 bcff820693f347028353ea8f325d1fce 94bb472330914b1cb850659a905c76b4 - - default default] Unable to schedule network 3ee49112-4364-4ee8-b296-ed3f561441bb: no agents available; will retry on subsequent port and subnet creation events.
2026-04-23 17:15:37.539 8 INFO neutron.plugins.ml2.drivers.ovn.mech_driver.mech_driver [None req-e0fc8514-cbbc-4f4e-90bf-d0cb32d41b18 - - - - - -] OVN reports status down for port: b5d1f0a4-ec6c-46ad-a832-9a9446322918
2026-04-23 17:15:37.599 8 INFO neutron.db.ovn_revision_numbers_db [None req-621fb048-4da4-485c-b6f9-d275e6a2f060 bcff820693f347028353ea8f325d1fce 94bb472330914b1cb850659a905c76b4 - - default default] Successfully bumped revision number for resource b5d1f0a4-ec6c-46ad-a832-9a9446322918 (type: ports) to 1 [pid: 8|app: 0|req: 1230/2388] 10.0.0.211 () {34 vars in 671 bytes} [Thu Apr 23 17:15:36 2026] POST /v2.0/networks => generated 763 bytes in 846 msecs (HTTP/1.1 201) 4 headers in 162 bytes (1 switches on core 0)
2026-04-23 17:15:37.812 7 WARNING neutron.scheduler.dhcp_agent_scheduler [None req-1d631053-f4d0-4245-b5af-b4a9c862058f bcff820693f347028353ea8f325d1fce 94bb472330914b1cb850659a905c76b4 - - default default] No more DHCP agents
2026-04-23 17:15:37.814 7 WARNING neutron.api.rpc.agentnotifiers.dhcp_rpc_agent_api [None req-1d631053-f4d0-4245-b5af-b4a9c862058f bcff820693f347028353ea8f325d1fce 94bb472330914b1cb850659a905c76b4 - - default default] Unable to schedule network 3ee49112-4364-4ee8-b296-ed3f561441bb: no agents available; will retry on subsequent port and subnet creation events.
2026-04-23 17:15:38.251 8 INFO neutron.db.ovn_revision_numbers_db [None req-d4de58b7-2948-4c3e-95c3-0c185df54039 e78e76944f9f4b0ca29b11c3df4085cd ac56606a33854c67a995750de3e68b31 - - default default] Successfully bumped revision number for resource 9a066764-8722-46c8-ae7b-a238bf9b100e (type: security_groups) to 1
2026-04-23 17:15:38.267 8 INFO neutron.db.ovn_revision_numbers_db [None req-d4de58b7-2948-4c3e-95c3-0c185df54039 e78e76944f9f4b0ca29b11c3df4085cd ac56606a33854c67a995750de3e68b31 - - default default] Successfully bumped revision number for resource 56964e31-5990-49c3-8a36-b7a9e9e5a2ba (type: security_group_rules) to 0
2026-04-23 17:15:38.281 8 INFO neutron.db.ovn_revision_numbers_db [None req-d4de58b7-2948-4c3e-95c3-0c185df54039 e78e76944f9f4b0ca29b11c3df4085cd ac56606a33854c67a995750de3e68b31 - - default default] Successfully bumped revision number for resource c878e367-c554-42f8-9bea-3be9b21948b3 (type: security_group_rules) to 0
2026-04-23 17:15:38.308 8 INFO neutron.db.ovn_revision_numbers_db [None req-d4de58b7-2948-4c3e-95c3-0c185df54039 e78e76944f9f4b0ca29b11c3df4085cd ac56606a33854c67a995750de3e68b31 - - default default] Successfully bumped revision number for resource d873a81f-ec83-41c7-8eb7-60b708a07e3b (type: security_group_rules) to 0
2026-04-23 17:15:38.342 8 INFO neutron.db.ovn_revision_numbers_db [None req-d4de58b7-2948-4c3e-95c3-0c185df54039 e78e76944f9f4b0ca29b11c3df4085cd ac56606a33854c67a995750de3e68b31 - - default default] Successfully bumped revision number for resource f188addf-9ffc-47f2-935d-f2fdd3fb1f59 (type: security_group_rules) to 0
2026-04-23 17:15:38.420 7 INFO neutron.db.ovn_revision_numbers_db [None req-a39b6efc-66cd-49a7-884b-a34b0658300d - - - - - -] Successfully bumped revision number for resource b5d1f0a4-ec6c-46ad-a832-9a9446322918 (type: ports) to 2
2026-04-23 17:15:38.442 8 INFO neutron.db.segments_db [None req-d4de58b7-2948-4c3e-95c3-0c185df54039 e78e76944f9f4b0ca29b11c3df4085cd ac56606a33854c67a995750de3e68b31 - - default default] Added segment 01bb89b7-bb70-465d-a978-dedb89876c02 of type geneve for network 1e586c6c-8fca-4317-aba5-eaa321d2ab1b
2026-04-23 17:15:38.464 7 INFO neutron.db.ovn_revision_numbers_db [None req-a39b6efc-66cd-49a7-884b-a34b0658300d - - - - - -] Successfully bumped revision number for resource 56641139-329d-4998-8df9-e98e41508a79 (type: subnets) to 0 [pid: 7|app: 0|req: 1159/2389] 10.0.0.211 () {34 vars in 669 bytes} [Thu Apr 23 17:15:37 2026] POST /v2.0/subnets => generated 688 bytes in 824 msecs (HTTP/1.1 201) 4 headers in 162 bytes (1 switches on core 0)
2026-04-23 17:15:38.575 8 INFO neutron.db.ovn_revision_numbers_db [None req-d4de58b7-2948-4c3e-95c3-0c185df54039 e78e76944f9f4b0ca29b11c3df4085cd ac56606a33854c67a995750de3e68b31 - - default default] Successfully bumped revision number for resource 1e586c6c-8fca-4317-aba5-eaa321d2ab1b (type: networks) to 1
2026-04-23 17:15:38.804 8 WARNING neutron.scheduler.dhcp_agent_scheduler [None req-d4de58b7-2948-4c3e-95c3-0c185df54039 e78e76944f9f4b0ca29b11c3df4085cd ac56606a33854c67a995750de3e68b31 - - default default] No more DHCP agents
2026-04-23 17:15:38.806 8 WARNING neutron.api.rpc.agentnotifiers.dhcp_rpc_agent_api [None req-d4de58b7-2948-4c3e-95c3-0c185df54039 e78e76944f9f4b0ca29b11c3df4085cd ac56606a33854c67a995750de3e68b31 - - default default] Unable to schedule network 1e586c6c-8fca-4317-aba5-eaa321d2ab1b: no agents available; will retry on subsequent port and subnet creation events.
2026-04-23 17:15:38.861 8 INFO neutron.plugins.ml2.drivers.ovn.mech_driver.mech_driver [None req-e0fc8514-cbbc-4f4e-90bf-d0cb32d41b18 - - - - - -] OVN reports status down for port: 4a31f241-243f-484a-8a4a-0de7c66c58e5
2026-04-23 17:15:38.994 7 WARNING neutron.scheduler.dhcp_agent_scheduler [None req-e219a2fe-881a-484f-b2dd-4e6f9207f820 bcff820693f347028353ea8f325d1fce 94bb472330914b1cb850659a905c76b4 - - default default] No more DHCP agents
2026-04-23 17:15:38.996 7 WARNING neutron.api.rpc.agentnotifiers.dhcp_rpc_agent_api [None req-e219a2fe-881a-484f-b2dd-4e6f9207f820 bcff820693f347028353ea8f325d1fce 94bb472330914b1cb850659a905c76b4 - - default default] Unable to schedule network f62b0e6a-023c-41d5-b46f-fd4e6c6b6b9e: no agents available; will retry on subsequent port and subnet creation events.
2026-04-23 17:15:39.002 8 INFO neutron.db.ovn_revision_numbers_db [None req-d4de58b7-2948-4c3e-95c3-0c185df54039 e78e76944f9f4b0ca29b11c3df4085cd ac56606a33854c67a995750de3e68b31 - - default default] Successfully bumped revision number for resource 4a31f241-243f-484a-8a4a-0de7c66c58e5 (type: ports) to 1 [pid: 8|app: 0|req: 1231/2390] 10.0.0.211 () {34 vars in 670 bytes} [Thu Apr 23 17:15:37 2026] POST /v2.0/networks => generated 651 bytes in 1167 msecs (HTTP/1.1 201) 4 headers in 162 bytes (1 switches on core 0)
2026-04-23 17:15:39.179 8 INFO neutron.plugins.ml2.drivers.ovn.mech_driver.mech_driver [None req-e0fc8514-cbbc-4f4e-90bf-d0cb32d41b18 - - - - - -] OVN reports status down for port: 06d99f2a-7446-40fa-88c2-72c4f4d19872
2026-04-23 17:15:39.226 7 INFO neutron.db.ovn_revision_numbers_db [None req-e219a2fe-881a-484f-b2dd-4e6f9207f820 bcff820693f347028353ea8f325d1fce 94bb472330914b1cb850659a905c76b4 - - default default] Successfully bumped revision number for resource 06d99f2a-7446-40fa-88c2-72c4f4d19872 (type: ports) to 1
2026-04-23 17:15:39.530 8 WARNING neutron.scheduler.dhcp_agent_scheduler [None req-d4bbc5af-6061-4341-8085-35d4844e1c7e e78e76944f9f4b0ca29b11c3df4085cd ac56606a33854c67a995750de3e68b31 - - default default] No more DHCP agents
2026-04-23 17:15:39.531 8 WARNING neutron.api.rpc.agentnotifiers.dhcp_rpc_agent_api [None req-d4bbc5af-6061-4341-8085-35d4844e1c7e e78e76944f9f4b0ca29b11c3df4085cd ac56606a33854c67a995750de3e68b31 - - default default] Unable to schedule network 1e586c6c-8fca-4317-aba5-eaa321d2ab1b: no agents available; will retry on subsequent port and subnet creation events.
2026-04-23 17:15:39.657 8 INFO neutron.db.ovn_revision_numbers_db [None req-d4bbc5af-6061-4341-8085-35d4844e1c7e e78e76944f9f4b0ca29b11c3df4085cd ac56606a33854c67a995750de3e68b31 - - default default] Successfully bumped revision number for resource 6099bf95-d1d0-472a-8be7-fe27aeb4aee6 (type: ports) to 1 [pid: 8|app: 0|req: 1232/2391] 10.0.0.211 () {34 vars in 664 bytes} [Thu Apr 23 17:15:39 2026] POST /v2.0/ports => generated 743 bytes in 579 msecs (HTTP/1.1 201) 4 headers in 162 bytes (1 switches on core 0) /var/lib/openstack/lib/python3.12/site-packages/pycadf/identifier.py:70: UserWarning: Invalid uuid: neutron. To ensure interoperability, identifiers should be a valid uuid. warnings.warn(('Invalid uuid: %s. To ensure interoperability, '
2026-04-23 17:15:39.890 7 INFO neutron.plugins.ml2.drivers.ovn.mech_driver.ovsdb.commands [None req-2f7efed9-c326-43c2-a8fe-3d65fb483d77 - - - - - -] Schedule LRP lrp-06d99f2a-7446-40fa-88c2-72c4f4d19872 on gateway 7827b1e4-9a13-45a6-9807-5e9068325b60 with priority 1
2026-04-23 17:15:39.955 7 INFO neutron.plugins.ml2.drivers.ovn.mech_driver.ovsdb.ovsdb_monitor [None req-fe03598d-d4bc-440a-aa33-173c2941f8d9 - - - - - -] Router 02e6e9be-ef68-4433-bae4-46b315cad0f9 is bound to host instance
2026-04-23 17:15:39.981 8 INFO neutron.plugins.ml2.drivers.ovn.mech_driver.mech_driver [None req-e0fc8514-cbbc-4f4e-90bf-d0cb32d41b18 - - - - - -] OVN reports status up for port: 06d99f2a-7446-40fa-88c2-72c4f4d19872
2026-04-23 17:15:40.003 8 INFO neutron.plugins.ml2.plugin [None req-e0fc8514-cbbc-4f4e-90bf-d0cb32d41b18 - - - - - -] Attempt 1 to provision port 06d99f2a-7446-40fa-88c2-72c4f4d19872
2026-04-23 17:15:40.008 7 INFO neutron.db.ovn_revision_numbers_db [None req-e219a2fe-881a-484f-b2dd-4e6f9207f820 bcff820693f347028353ea8f325d1fce 94bb472330914b1cb850659a905c76b4 - - default default] Successfully bumped revision number for resource 06d99f2a-7446-40fa-88c2-72c4f4d19872 (type: router_ports) to 1 [pid: 8|app: 0|req: 1233/2392] 10.0.0.211 () {34 vars in 666 bytes} [Thu Apr 23 17:15:39 2026] POST /v2.0/trunks => generated 409 bytes in 336 msecs (HTTP/1.1 201) 4 headers in 162 bytes (1 switches on core 0)
2026-04-23 17:15:40.127 7 INFO neutron.db.ovn_revision_numbers_db [None req-e219a2fe-881a-484f-b2dd-4e6f9207f820 bcff820693f347028353ea8f325d1fce 94bb472330914b1cb850659a905c76b4 - - default default] Successfully bumped revision number for resource 02e6e9be-ef68-4433-bae4-46b315cad0f9 (type: routers) to 2 [pid: 7|app: 0|req: 1160/2393] 10.0.0.211 () {34 vars in 669 bytes} [Thu Apr 23 17:15:38 2026] POST /v2.0/routers => generated 966 bytes in 1665 msecs (HTTP/1.1 201) 4 headers in 162 bytes (1 switches on core 0)
2026-04-23 17:15:40.193 8 INFO neutron.db.segments_db [None req-87b808c6-6959-48a9-a317-e5d32bdd46de e78e76944f9f4b0ca29b11c3df4085cd ac56606a33854c67a995750de3e68b31 - - default default] Added segment a73afd2e-f663-4db2-b48e-2b65ba9a5251 of type geneve for network 4e8f9dee-9c8b-4d2d-b874-5d01636a3ddd
2026-04-23 17:15:40.304 8 INFO neutron.db.ovn_revision_numbers_db [None req-87b808c6-6959-48a9-a317-e5d32bdd46de e78e76944f9f4b0ca29b11c3df4085cd ac56606a33854c67a995750de3e68b31 - - default default] Successfully bumped revision number for resource 4e8f9dee-9c8b-4d2d-b874-5d01636a3ddd (type: networks) to 1
2026-04-23 17:15:40.425 7 WARNING neutron.plugins.ml2.drivers.ovn.mech_driver.ovsdb.ovn_client [None req-919b6e86-1bc7-4b46-aca1-b4314dd6a3cb - - - - - -] No hosting information found for port 46f585be-0681-46e5-ba83-607f509ee427: RuntimeError: No hosting information found for port 46f585be-0681-46e5-ba83-607f509ee427
2026-04-23 17:15:40.501 8 WARNING neutron.scheduler.dhcp_agent_scheduler [None req-87b808c6-6959-48a9-a317-e5d32bdd46de e78e76944f9f4b0ca29b11c3df4085cd ac56606a33854c67a995750de3e68b31 - - default default] No more DHCP agents
2026-04-23 17:15:40.502 8 WARNING neutron.api.rpc.agentnotifiers.dhcp_rpc_agent_api [None req-87b808c6-6959-48a9-a317-e5d32bdd46de e78e76944f9f4b0ca29b11c3df4085cd ac56606a33854c67a995750de3e68b31 - - default default] Unable to schedule network 4e8f9dee-9c8b-4d2d-b874-5d01636a3ddd: no agents available; will retry on subsequent port and subnet creation events.
2026-04-23 17:15:40.669 8 INFO neutron.db.ovn_revision_numbers_db [None req-87b808c6-6959-48a9-a317-e5d32bdd46de e78e76944f9f4b0ca29b11c3df4085cd ac56606a33854c67a995750de3e68b31 - - default default] Successfully bumped revision number for resource 1e0da773-0550-49a1-85fc-d91e2c7455eb (type: ports) to 1
2026-04-23 17:15:40.680 7 INFO neutron.db.ovn_revision_numbers_db [None req-919b6e86-1bc7-4b46-aca1-b4314dd6a3cb - - - - - -] Successfully bumped revision number for resource 46f585be-0681-46e5-ba83-607f509ee427 (type: router_ports) to 2
2026-04-23 17:15:40.681 7 INFO neutron.plugins.ml2.drivers.ovn.mech_driver.mech_driver [None req-919b6e86-1bc7-4b46-aca1-b4314dd6a3cb - - - - - -] OVN reports status down for port: 6099bf95-d1d0-472a-8be7-fe27aeb4aee6 [pid: 8|app: 0|req: 1234/2394] 10.0.0.211 () {34 vars in 670 bytes} [Thu Apr 23 17:15:40 2026] POST /v2.0/networks => generated 651 bytes in 659 msecs (HTTP/1.1 201) 4 headers in 162 bytes (1 switches on core 0)
2026-04-23 17:15:41.025 8 WARNING neutron.scheduler.dhcp_agent_scheduler [None req-51264cce-8fa7-451e-837c-565f551c461a e78e76944f9f4b0ca29b11c3df4085cd ac56606a33854c67a995750de3e68b31 - - default default] No more DHCP agents
2026-04-23 17:15:41.027 8 WARNING neutron.api.rpc.agentnotifiers.dhcp_rpc_agent_api [None req-51264cce-8fa7-451e-837c-565f551c461a e78e76944f9f4b0ca29b11c3df4085cd ac56606a33854c67a995750de3e68b31 - - default default] Unable to schedule network 4e8f9dee-9c8b-4d2d-b874-5d01636a3ddd: no agents available; will retry on subsequent port and subnet creation events.
2026-04-23 17:15:41.150 8 INFO neutron.db.ovn_revision_numbers_db [None req-51264cce-8fa7-451e-837c-565f551c461a e78e76944f9f4b0ca29b11c3df4085cd ac56606a33854c67a995750de3e68b31 - - default default] Successfully bumped revision number for resource eaa82857-2fc1-4552-91a2-00b6fe3f4c67 (type: ports) to 1 [pid: 8|app: 0|req: 1235/2395] 10.0.0.211 () {34 vars in 664 bytes} [Thu Apr 23 17:15:40 2026] POST /v2.0/ports => generated 743 bytes in 482 msecs (HTTP/1.1 201) 4 headers in 162 bytes (1 switches on core 0) /var/lib/openstack/lib/python3.12/site-packages/pycadf/identifier.py:70: UserWarning: Invalid uuid: neutron. To ensure interoperability, identifiers should be a valid uuid. warnings.warn(('Invalid uuid: %s. To ensure interoperability, '
2026-04-23 17:15:41.356 7 WARNING neutron.scheduler.dhcp_agent_scheduler [None req-fa154a5e-6ff7-42aa-b096-24a9be89b881 bcff820693f347028353ea8f325d1fce 94bb472330914b1cb850659a905c76b4 - - default default] No more DHCP agents
2026-04-23 17:15:41.360 7 WARNING neutron.api.rpc.agentnotifiers.dhcp_rpc_agent_api [None req-fa154a5e-6ff7-42aa-b096-24a9be89b881 bcff820693f347028353ea8f325d1fce 94bb472330914b1cb850659a905c76b4 - - default default] Unable to schedule network 3ee49112-4364-4ee8-b296-ed3f561441bb: no agents available; will retry on subsequent port and subnet creation events.
2026-04-23 17:15:41.451 8 INFO neutron.db.ovn_revision_numbers_db [None req-9bbf8ea4-d912-489a-9962-d3e541408522 52f8f2a1e9ab4f03bccb2a8a7450647d 5f77c3025f934bbc9462024169386fa2 - - default default] Successfully bumped revision number for resource 97bfc0c6-5165-4376-8980-1da2bdfc24ac (type: routers) to 1 [pid: 8|app: 0|req: 1236/2396] 10.0.0.211 () {34 vars in 668 bytes} [Thu Apr 23 17:15:41 2026] POST /v2.0/routers => generated 570 bytes in 261 msecs (HTTP/1.1 201) 4 headers in 162 bytes (1 switches on core 0)
2026-04-23 17:15:41.613 7 INFO neutron.db.ovn_revision_numbers_db [None req-fa154a5e-6ff7-42aa-b096-24a9be89b881 bcff820693f347028353ea8f325d1fce 94bb472330914b1cb850659a905c76b4 - - default default] Successfully bumped revision number for resource ca294554-2150-4e9f-b6b0-5869bb7e156c (type: ports) to 1 [pid: 8|app: 0|req: 1237/2397] 10.0.0.211 () {34 vars in 666 bytes} [Thu Apr 23 17:15:41 2026] POST /v2.0/trunks => generated 409 bytes in 192 msecs (HTTP/1.1 201) 4 headers in 162 bytes (1 switches on core 0) [pid: 8|app: 0|req: 1238/2398] 10.0.0.11 () {28 vars in 590 bytes} [Thu Apr 23 17:15:41 2026] GET /v2.0/floatingips => generated 19 bytes in 66 msecs (HTTP/1.1 200) 4 headers in 156 bytes (1 switches on core 0) [pid: 8|app: 0|req: 1239/2399] 10.0.0.211 () {34 vars in 751 bytes} [Thu Apr 23 17:15:41 2026] PUT /v2.0/routers/97bfc0c6-5165-4376-8980-1da2bdfc24ac/tags => generated 25 bytes in 97 msecs (HTTP/1.1 200) 4 headers in 156 bytes (1 switches on core 0)
2026-04-23 17:15:41.831 7 INFO neutron.db.ovn_revision_numbers_db [None req-057fa470-26db-4018-95b8-0724537db750 - - - - - -] Successfully bumped revision number for resource 06d99f2a-7446-40fa-88c2-72c4f4d19872 (type: ports) to 4
2026-04-23 17:15:41.920 8 INFO neutron.db.segments_db [None req-bb39d527-bfd6-461f-b43d-99bc59b655dd e78e76944f9f4b0ca29b11c3df4085cd ac56606a33854c67a995750de3e68b31 - - default default] Added segment 59042550-c8fb-4afc-91b4-7b49da6cc9e8 of type geneve for network 013ec3d9-aadc-4c1d-8362-50ae533cb28c
2026-04-23 17:15:42.060 8 INFO neutron.db.ovn_revision_numbers_db [None req-bb39d527-bfd6-461f-b43d-99bc59b655dd e78e76944f9f4b0ca29b11c3df4085cd ac56606a33854c67a995750de3e68b31 - - default default] Successfully bumped revision number for resource 013ec3d9-aadc-4c1d-8362-50ae533cb28c (type: networks) to 1
2026-04-23 17:15:42.244 8 WARNING neutron.scheduler.dhcp_agent_scheduler [None req-bb39d527-bfd6-461f-b43d-99bc59b655dd e78e76944f9f4b0ca29b11c3df4085cd ac56606a33854c67a995750de3e68b31 - - default default] No more DHCP agents
2026-04-23 17:15:42.247 8 WARNING neutron.api.rpc.agentnotifiers.dhcp_rpc_agent_api [None req-bb39d527-bfd6-461f-b43d-99bc59b655dd e78e76944f9f4b0ca29b11c3df4085cd ac56606a33854c67a995750de3e68b31 - - default default] Unable to schedule network 013ec3d9-aadc-4c1d-8362-50ae533cb28c: no agents available; will retry on subsequent port and subnet creation events.
2026-04-23 17:15:42.347 7 INFO neutron.plugins.ml2.drivers.ovn.mech_driver.mech_driver [None req-919b6e86-1bc7-4b46-aca1-b4314dd6a3cb - - - - - -] OVN reports status down for port: da790364-e546-4992-94e7-0dcfc899b731
2026-04-23 17:15:42.347 8 INFO neutron.db.ovn_revision_numbers_db [None req-bb39d527-bfd6-461f-b43d-99bc59b655dd e78e76944f9f4b0ca29b11c3df4085cd ac56606a33854c67a995750de3e68b31 - - default default] Successfully bumped revision number for resource da790364-e546-4992-94e7-0dcfc899b731 (type: ports) to 1 [pid: 8|app: 0|req: 1240/2400] 10.0.0.211 () {34 vars in 670 bytes} [Thu Apr 23 17:15:41 2026] POST /v2.0/networks => generated 651 bytes in 566 msecs (HTTP/1.1 201) 4 headers in 162 bytes (1 switches on core 0)
2026-04-23 17:15:42.407 8 INFO neutron.plugins.ml2.drivers.ovn.mech_driver.mech_driver [None req-e0fc8514-cbbc-4f4e-90bf-d0cb32d41b18 - - - - - -] OVN reports status down for port: 1e0da773-0550-49a1-85fc-d91e2c7455eb [pid: 8|app: 0|req: 1241/2401] 10.0.0.11 () {28 vars in 582 bytes} [Thu Apr 23 17:15:42 2026] GET /v2.0/subnets => generated 2664 bytes in 75 msecs (HTTP/1.1 200) 4 headers in 158 bytes (1 switches on core 0)
2026-04-23 17:15:42.596 8 INFO neutron.plugins.ml2.drivers.ovn.mech_driver.mech_driver [None req-e0fc8514-cbbc-4f4e-90bf-d0cb32d41b18 - - - - - -] OVN reports status down for port: eaa82857-2fc1-4552-91a2-00b6fe3f4c67 [pid: 8|app: 0|req: 1242/2402] 10.0.0.211 () {32 vars in 731 bytes} [Thu Apr 23 17:15:42 2026] GET /v2.0/routers/97bfc0c6-5165-4376-8980-1da2bdfc24ac/tags => generated 25 bytes in 154 msecs (HTTP/1.1 200) 4 headers in 156 bytes (1 switches on core 0)
2026-04-23 17:15:42.732 7 INFO neutron.db.ovn_revision_numbers_db [None req-057fa470-26db-4018-95b8-0724537db750 - - - - - -] Successfully bumped revision number for resource 06d99f2a-7446-40fa-88c2-72c4f4d19872 (type: ports) to 5
2026-04-23 17:15:42.752 8 INFO neutron.plugins.ml2.drivers.ovn.mech_driver.mech_driver [None req-e0fc8514-cbbc-4f4e-90bf-d0cb32d41b18 - - - - - -] OVN reports status down for port: ca294554-2150-4e9f-b6b0-5869bb7e156c
2026-04-23 17:15:42.973 8 INFO neutron.plugins.ml2.drivers.ovn.mech_driver.mech_driver [None req-e0fc8514-cbbc-4f4e-90bf-d0cb32d41b18 - - - - - -] OVN reports status up for port: ca294554-2150-4e9f-b6b0-5869bb7e156c
2026-04-23 17:15:42.987 8 INFO neutron.plugins.ml2.plugin [None req-e0fc8514-cbbc-4f4e-90bf-d0cb32d41b18 - - - - - -] Attempt 1 to provision port ca294554-2150-4e9f-b6b0-5869bb7e156c
2026-04-23 17:15:42.990 8 WARNING neutron.scheduler.dhcp_agent_scheduler [None req-b7ce7b34-5b41-4d80-baee-a8502b1d04c4 e78e76944f9f4b0ca29b11c3df4085cd ac56606a33854c67a995750de3e68b31 - - default default] No more DHCP agents
2026-04-23 17:15:42.997 8 WARNING neutron.api.rpc.agentnotifiers.dhcp_rpc_agent_api [None req-b7ce7b34-5b41-4d80-baee-a8502b1d04c4 e78e76944f9f4b0ca29b11c3df4085cd ac56606a33854c67a995750de3e68b31 - - default default] Unable to schedule network 013ec3d9-aadc-4c1d-8362-50ae533cb28c: no agents available; will retry on subsequent port and subnet creation events.
2026-04-23 17:15:43.054 7 WARNING neutron.scheduler.dhcp_agent_scheduler [None req-fa154a5e-6ff7-42aa-b096-24a9be89b881 bcff820693f347028353ea8f325d1fce 94bb472330914b1cb850659a905c76b4 - - default default] No more DHCP agents
2026-04-23 17:15:43.055 7 WARNING neutron.api.rpc.agentnotifiers.dhcp_rpc_agent_api [None req-fa154a5e-6ff7-42aa-b096-24a9be89b881 bcff820693f347028353ea8f325d1fce 94bb472330914b1cb850659a905c76b4 - - default default] Unable to schedule network 3ee49112-4364-4ee8-b296-ed3f561441bb: no agents available; will retry on subsequent port and subnet creation events.
2026-04-23 17:15:43.230 8 INFO neutron.db.ovn_revision_numbers_db [None req-b7ce7b34-5b41-4d80-baee-a8502b1d04c4 e78e76944f9f4b0ca29b11c3df4085cd ac56606a33854c67a995750de3e68b31 - - default default] Successfully bumped revision number for resource 34f9d73a-1e8f-4348-8101-fd2ec7d3adcf (type: ports) to 1 [pid: 8|app: 0|req: 1243/2403] 10.0.0.211 () {34 vars in 664 bytes} [Thu Apr 23 17:15:42 2026] POST /v2.0/ports => generated 743 bytes in 702 msecs (HTTP/1.1 201) 4 headers in 162 bytes (1 switches on core 0) /var/lib/openstack/lib/python3.12/site-packages/pycadf/identifier.py:70: UserWarning: Invalid uuid: neutron. To ensure interoperability, identifiers should be a valid uuid. warnings.warn(('Invalid uuid: %s. To ensure interoperability, ' [pid: 8|app: 0|req: 1244/2404] 10.0.0.11 () {28 vars in 584 bytes} [Thu Apr 23 17:15:43 2026] GET /v2.0/networks => generated 6115 bytes in 123 msecs (HTTP/1.1 200) 4 headers in 158 bytes (1 switches on core 0)
2026-04-23 17:15:43.574 7 INFO neutron.db.ovn_revision_numbers_db [None req-fa154a5e-6ff7-42aa-b096-24a9be89b881 bcff820693f347028353ea8f325d1fce 94bb472330914b1cb850659a905c76b4 - - default default] Successfully bumped revision number for resource ca294554-2150-4e9f-b6b0-5869bb7e156c (type: router_ports) to 1 [pid: 7|app: 0|req: 1161/2405] 10.0.0.211 () {34 vars in 783 bytes} [Thu Apr 23 17:15:40 2026] PUT /v2.0/routers/02e6e9be-ef68-4433-bae4-46b315cad0f9/add_router_interface => generated 309 bytes in 3422 msecs (HTTP/1.1 200) 4 headers in 157 bytes (1 switches on core 0) [pid: 8|app: 0|req: 1245/2406] 10.0.0.211 () {34 vars in 762 bytes} [Thu Apr 23 17:15:43 2026] PUT /v2.0/routers/97bfc0c6-5165-4376-8980-1da2bdfc24ac/tags/green => generated 4 bytes in 344 msecs (HTTP/1.1 201) 4 headers in 160 bytes (1 switches on core 0) [pid: 7|app: 0|req: 1162/2407] 10.0.0.211 () {34 vars in 666 bytes} [Thu Apr 23 17:15:43 2026] POST /v2.0/trunks => generated 409 bytes in 288 msecs (HTTP/1.1 201) 4 headers in 162 bytes (1 switches on core 0) [pid: 8|app: 0|req: 1246/2408] 10.0.0.11 () {28 vars in 580 bytes} [Thu Apr 23 17:15:43 2026] GET /v2.0/agents => generated 1214 bytes in 126 msecs (HTTP/1.1 200) 4 headers in 158 bytes (1 switches on core 0)
2026-04-23 17:15:43.981 8 INFO neutron.db.ovn_revision_numbers_db [None req-e0fc8514-cbbc-4f4e-90bf-d0cb32d41b18 - - - - - -] Successfully bumped revision number for resource ca294554-2150-4e9f-b6b0-5869bb7e156c (type: ports) to 2
2026-04-23 17:15:44.068 8 INFO neutron.db.segments_db [None req-119618e7-8c20-4a38-8427-33068ccd0c4a e78e76944f9f4b0ca29b11c3df4085cd ac56606a33854c67a995750de3e68b31 - - default default] Added segment 803100b8-8e36-4ecb-8424-aa999e98b72a of type geneve for network 0830a2a7-cba0-479c-b63d-b744d5598948
2026-04-23 17:15:44.238 8 INFO neutron.db.ovn_revision_numbers_db [None req-119618e7-8c20-4a38-8427-33068ccd0c4a e78e76944f9f4b0ca29b11c3df4085cd ac56606a33854c67a995750de3e68b31 - - default default] Successfully bumped revision number for resource 0830a2a7-cba0-479c-b63d-b744d5598948 (type: networks) to 1
2026-04-23 17:15:44.424 8 WARNING neutron.scheduler.dhcp_agent_scheduler [None req-119618e7-8c20-4a38-8427-33068ccd0c4a e78e76944f9f4b0ca29b11c3df4085cd ac56606a33854c67a995750de3e68b31 - - default default] No more DHCP agents
2026-04-23 17:15:44.426 8 WARNING neutron.api.rpc.agentnotifiers.dhcp_rpc_agent_api [None req-119618e7-8c20-4a38-8427-33068ccd0c4a e78e76944f9f4b0ca29b11c3df4085cd ac56606a33854c67a995750de3e68b31 - - default default] Unable to schedule network 0830a2a7-cba0-479c-b63d-b744d5598948: no agents available; will retry on subsequent port and subnet creation events.
2026-04-23 17:15:44.511 8 INFO neutron.db.ovn_revision_numbers_db [None req-119618e7-8c20-4a38-8427-33068ccd0c4a e78e76944f9f4b0ca29b11c3df4085cd ac56606a33854c67a995750de3e68b31 - - default default] Successfully bumped revision number for resource a7d6fd0a-1cc8-4d75-9c75-dc100a317183 (type: ports) to 1 [pid: 8|app: 0|req: 1247/2409] 10.0.0.211 () {34 vars in 670 bytes} [Thu Apr 23 17:15:43 2026] POST /v2.0/networks => generated 650 bytes in 620 msecs (HTTP/1.1 201) 4 headers in 162 bytes (1 switches on core 0) [pid: 7|app: 0|req: 1163/2410] 10.0.0.211 () {32 vars in 731 bytes} [Thu Apr 23 17:15:43 2026] GET /v2.0/routers/97bfc0c6-5165-4376-8980-1da2bdfc24ac/tags => generated 34 bytes in 671 msecs (HTTP/1.1 200) 4 headers in 156 bytes (1 switches on core 0) [pid: 8|app: 0|req: 1248/2411] 10.0.0.11 () {28 vars in 618 bytes} [Thu Apr 23 17:15:44 2026] GET /v2.0/network-ip-availabilities => generated 3119 bytes in 19 msecs (HTTP/1.1 200) 4 headers in 158 bytes (1 switches on core 0)
2026-04-23 17:15:44.670 7 INFO neutron.db.ovn_revision_numbers_db [None req-075b4e5b-63a5-466e-ac83-d41c522cabab d5febc646c82480d93adfde8ad4ad5c6 c88157759eb24288998bfe9212557538 - - default default] Successfully bumped revision number for resource 9ffafac9-0300-4a19-9e61-c18231da8ccc (type: security_groups) to 1
2026-04-23 17:15:44.684 7 INFO neutron.db.ovn_revision_numbers_db [None req-075b4e5b-63a5-466e-ac83-d41c522cabab d5febc646c82480d93adfde8ad4ad5c6 c88157759eb24288998bfe9212557538 - - default default] Successfully bumped revision number for resource 6f22d425-10aa-4de4-aea2-036a119c861f (type: security_group_rules) to 0
2026-04-23 17:15:44.703 7 INFO neutron.db.ovn_revision_numbers_db [None req-075b4e5b-63a5-466e-ac83-d41c522cabab d5febc646c82480d93adfde8ad4ad5c6 c88157759eb24288998bfe9212557538 - - default default] Successfully bumped revision number for resource f1bc580d-8aeb-43fd-80a9-fced866c3981 (type: security_group_rules) to 0 [pid: 7|app: 0|req: 1164/2412] 10.0.0.211 () {34 vars in 685 bytes} [Thu Apr 23 17:15:44 2026] POST /v2.0/security-groups => generated 1673 bytes in 197 msecs (HTTP/1.1 201) 4 headers in 163 bytes (1 switches on core 0)
2026-04-23 17:15:44.801 8 WARNING neutron.scheduler.dhcp_agent_scheduler [None req-e2cdf959-d329-427c-a581-abed984b5422 e78e76944f9f4b0ca29b11c3df4085cd ac56606a33854c67a995750de3e68b31 - - default default] No more DHCP agents
2026-04-23 17:15:44.802 8 WARNING neutron.api.rpc.agentnotifiers.dhcp_rpc_agent_api [None req-e2cdf959-d329-427c-a581-abed984b5422 e78e76944f9f4b0ca29b11c3df4085cd ac56606a33854c67a995750de3e68b31 - - default default] Unable to schedule network 0830a2a7-cba0-479c-b63d-b744d5598948: no agents available; will retry on subsequent port and subnet creation events. [pid: 7|app: 0|req: 1165/2413] 10.0.0.211 () {34 vars in 758 bytes} [Thu Apr 23 17:15:44 2026] PUT /v2.0/routers/97bfc0c6-5165-4376-8980-1da2bdfc24ac/tags/red => generated 4 bytes in 91 msecs (HTTP/1.1 201) 4 headers in 160 bytes (1 switches on core 0) [pid: 7|app: 0|req: 1166/2414] 10.0.0.11 () {28 vars in 582 bytes} [Thu Apr 23 17:15:44 2026] GET /v2.0/subnets => generated 2664 bytes in 54 msecs (HTTP/1.1 200) 4 headers in 158 bytes (1 switches on core 0)
2026-04-23 17:15:44.886 7 INFO neutron.plugins.ml2.drivers.ovn.mech_driver.mech_driver [None req-919b6e86-1bc7-4b46-aca1-b4314dd6a3cb - - - - - -] OVN reports status down for port: 97b4f24e-ce38-423d-bce3-6926b4b0ceb4
2026-04-23 17:15:44.895 8 INFO neutron.db.ovn_revision_numbers_db [None req-e2cdf959-d329-427c-a581-abed984b5422 e78e76944f9f4b0ca29b11c3df4085cd ac56606a33854c67a995750de3e68b31 - - default default] Successfully bumped revision number for resource 97b4f24e-ce38-423d-bce3-6926b4b0ceb4 (type: ports) to 1 [pid: 8|app: 0|req: 1249/2415] 10.0.0.211 () {34 vars in 664 bytes} [Thu Apr 23 17:15:44 2026] POST /v2.0/ports => generated 743 bytes in 408 msecs (HTTP/1.1 201) 4 headers in 162 bytes (1 switches on core 0) /var/lib/openstack/lib/python3.12/site-packages/pycadf/identifier.py:70: UserWarning: Invalid uuid: neutron. To ensure interoperability, identifiers should be a valid uuid. warnings.warn(('Invalid uuid: %s. To ensure interoperability, ' [pid: 8|app: 0|req: 1250/2416] 10.0.0.211 () {32 vars in 731 bytes} [Thu Apr 23 17:15:44 2026] GET /v2.0/routers/97bfc0c6-5165-4376-8980-1da2bdfc24ac/tags => generated 34 bytes in 66 msecs (HTTP/1.1 200) 4 headers in 156 bytes (1 switches on core 0) [pid: 8|app: 0|req: 1251/2417] 10.0.0.11 () {28 vars in 590 bytes} [Thu Apr 23 17:15:45 2026] GET /v2.0/subnetpools => generated 19 bytes in 10 msecs (HTTP/1.1 200) 4 headers in 156 bytes (1 switches on core 0)
2026-04-23 17:15:45.096 7 INFO neutron.db.ovn_revision_numbers_db [None req-b7c3d21d-93fc-4d6a-b947-d41a71e93426 d5febc646c82480d93adfde8ad4ad5c6 c88157759eb24288998bfe9212557538 - - default default] Successfully bumped revision number for resource a9071ffb-9ead-4ab8-ac6f-e414e3e7290d (type: security_group_rules) to 0 [pid: 7|app: 0|req: 1167/2418] 10.0.0.211 () {34 vars in 695 bytes} [Thu Apr 23 17:15:44 2026] POST /v2.0/security-group-rules => generated 597 bytes in 250 msecs (HTTP/1.1 201) 4 headers in 162 bytes (1 switches on core 0) [pid: 7|app: 0|req: 1168/2419] 10.0.0.211 () {34 vars in 780 bytes} [Thu Apr 23 17:15:45 2026] PUT /v2.0/routers/97bfc0c6-5165-4376-8980-1da2bdfc24ac/tags/black.or.white => generated 4 bytes in 100 msecs (HTTP/1.1 201) 4 headers in 160 bytes (1 switches on core 0) [pid: 7|app: 0|req: 1169/2420] 10.0.0.11 () {28 vars in 582 bytes} [Thu Apr 23 17:15:45 2026] GET /v2.0/routers => generated 2555 bytes in 69 msecs (HTTP/1.1 200) 4 headers in 158 bytes (1 switches on core 0)
2026-04-23 17:15:45.434 7 INFO neutron.db.ovn_revision_numbers_db [None req-884192ae-5187-4a58-bf28-3641b3175b3f d5febc646c82480d93adfde8ad4ad5c6 c88157759eb24288998bfe9212557538 - - default default] Successfully bumped revision number for resource 46364f29-3aeb-450c-93ce-d81eb4a6a6b7 (type: security_group_rules) to 0 [pid: 7|app: 0|req: 1170/2421] 10.0.0.211 () {34 vars in 695 bytes} [Thu Apr 23 17:15:45 2026] POST /v2.0/security-group-rules => generated 596 bytes in 169 msecs (HTTP/1.1 201) 4 headers in 162 bytes (1 switches on core 0) [pid: 7|app: 0|req: 1171/2422] 10.0.0.211 () {32 vars in 731 bytes} [Thu Apr 23 17:15:45 2026] GET /v2.0/routers/97bfc0c6-5165-4376-8980-1da2bdfc24ac/tags => generated 52 bytes in 77 msecs (HTTP/1.1 200) 4 headers in 156 bytes (1 switches on core 0) [pid: 7|app: 0|req: 1172/2423] 10.0.0.11 () {28 vars in 623 bytes} [Thu Apr 23 17:15:45 2026] GET /v2.0/agents?binary=ovn-controller => generated 416 bytes in 11 msecs (HTTP/1.1 200) 4 headers in 157 bytes (1 switches on core 0)
2026-04-23 17:15:45.697 7 INFO neutron.db.ovn_revision_numbers_db [None req-069b5dd6-1b8b-4b6a-b01e-8c172ca699b8 d5febc646c82480d93adfde8ad4ad5c6 c88157759eb24288998bfe9212557538 - - default default] Successfully bumped revision number for resource 0adb971f-427e-4b6e-aed0-0fc3dd8cf5bf (type: security_group_rules) to 0 [pid: 7|app: 0|req: 1173/2424] 10.0.0.211 () {34 vars in 695 bytes} [Thu Apr 23 17:15:45 2026] POST /v2.0/security-group-rules => generated 602 bytes in 163 msecs (HTTP/1.1 201) 4 headers in 162 bytes (1 switches on core 0) [pid: 8|app: 0|req: 1252/2425] 10.0.0.211 () {34 vars in 666 bytes} [Thu Apr 23 17:15:45 2026] POST /v2.0/trunks => generated 409 bytes in 746 msecs (HTTP/1.1 201) 4 headers in 162 bytes (1 switches on core 0) [pid: 7|app: 0|req: 1174/2426] 10.0.0.211 () {34 vars in 751 bytes} [Thu Apr 23 17:15:45 2026] PUT /v2.0/routers/97bfc0c6-5165-4376-8980-1da2bdfc24ac/tags => generated 37 bytes in 83 msecs (HTTP/1.1 200) 4 headers in 156 bytes (1 switches on core 0) [pid: 8|app: 0|req: 1253/2427] 10.0.0.11 () {28 vars in 598 bytes} [Thu Apr 23 17:15:45 2026] GET /v2.0/security-groups => generated 29600 bytes in 42 msecs (HTTP/1.1 200) 4 headers in 159 bytes (1 switches on core 0)
2026-04-23 17:15:45.917 8 INFO neutron.db.segments_db [None req-8b5ead2d-a828-439b-be1c-2ad75b6a022d e78e76944f9f4b0ca29b11c3df4085cd ac56606a33854c67a995750de3e68b31 - - default default] Added segment c3fe4614-a04f-430e-aefa-6648ed4dce43 of type geneve for network ae5ce543-3fe3-4589-9968-63264bcedc79
2026-04-23 17:15:45.961 7 INFO neutron.db.ovn_revision_numbers_db [None req-7ed26794-96ac-44b7-8dbb-26995871fb78 d5febc646c82480d93adfde8ad4ad5c6 c88157759eb24288998bfe9212557538 - - default default] Successfully bumped revision number for resource 79f5aba4-7d0c-425e-9fab-de71e6d6c206 (type: security_group_rules) to 0 [pid: 7|app: 0|req: 1175/2428] 10.0.0.211 () {34 vars in 695 bytes} [Thu Apr 23 17:15:45 2026] POST /v2.0/security-group-rules => generated 601 bytes in 180 msecs (HTTP/1.1 201) 4 headers in 162 bytes (1 switches on core 0)
2026-04-23 17:15:46.052 8 INFO neutron.db.ovn_revision_numbers_db [None req-8b5ead2d-a828-439b-be1c-2ad75b6a022d e78e76944f9f4b0ca29b11c3df4085cd ac56606a33854c67a995750de3e68b31 - - default default] Successfully bumped revision number for resource ae5ce543-3fe3-4589-9968-63264bcedc79 (type: networks) to 1 [pid: 7|app: 0|req: 1176/2429] 10.0.0.211 () {32 vars in 731 bytes} [Thu Apr 23 17:15:45 2026] GET /v2.0/routers/97bfc0c6-5165-4376-8980-1da2bdfc24ac/tags => generated 37 bytes in 73 msecs (HTTP/1.1 200) 4 headers in 156 bytes (1 switches on core 0) [pid: 7|app: 0|req: 1177/2430] 10.0.0.11 () {28 vars in 578 bytes} [Thu Apr 23 17:15:46 2026] GET /v2.0/ports => generated 18881 bytes in 97 msecs (HTTP/1.1 200) 4 headers in 159 bytes (1 switches on core 0)
2026-04-23 17:15:46.194 7 INFO neutron.db.securitygroups_db [None req-d359b090-b8b9-49b6-9ef9-4b4a730ff6b0 d5febc646c82480d93adfde8ad4ad5c6 c88157759eb24288998bfe9212557538 - - default default] Project c88157759eb24288998bfe9212557538 added a security group rule with legacy IPv6 ICMP protocol name icmp, ipv6-icmp should be used instead. It was automatically converted.
2026-04-23 17:15:46.229 8 WARNING neutron.scheduler.dhcp_agent_scheduler [None req-8b5ead2d-a828-439b-be1c-2ad75b6a022d e78e76944f9f4b0ca29b11c3df4085cd ac56606a33854c67a995750de3e68b31 - - default default] No more DHCP agents
2026-04-23 17:15:46.231 8 WARNING neutron.api.rpc.agentnotifiers.dhcp_rpc_agent_api [None req-8b5ead2d-a828-439b-be1c-2ad75b6a022d e78e76944f9f4b0ca29b11c3df4085cd ac56606a33854c67a995750de3e68b31 - - default default] Unable to schedule network ae5ce543-3fe3-4589-9968-63264bcedc79: no agents available; will retry on subsequent port and subnet creation events.
2026-04-23 17:15:46.323 7 INFO neutron.db.ovn_revision_numbers_db [None req-d359b090-b8b9-49b6-9ef9-4b4a730ff6b0 d5febc646c82480d93adfde8ad4ad5c6 c88157759eb24288998bfe9212557538 - - default default] Successfully bumped revision number for resource 89e9f366-95bb-4b37-be35-ad04fdd7d1e4 (type: security_group_rules) to 0
2026-04-23 17:15:46.324 8 INFO neutron.db.ovn_revision_numbers_db [None req-8b5ead2d-a828-439b-be1c-2ad75b6a022d e78e76944f9f4b0ca29b11c3df4085cd ac56606a33854c67a995750de3e68b31 - - default default] Successfully bumped revision number for resource 65e39c85-be9b-4b63-ac64-f03876a597aa (type: ports) to 1 [pid: 8|app: 0|req: 1254/2431] 10.0.0.211 () {34 vars in 670 bytes} [Thu Apr 23 17:15:45 2026] POST /v2.0/networks => generated 650 bytes in 519 msecs (HTTP/1.1 201) 4 headers in 162 bytes (1 switches on core 0) [pid: 7|app: 0|req: 1178/2432] 10.0.0.211 () {34 vars in 695 bytes} [Thu Apr 23 17:15:46 2026] POST /v2.0/security-group-rules => generated 607 bytes in 189 msecs (HTTP/1.1 201) 4 headers in 162 bytes (1 switches on core 0) [pid: 8|app: 0|req: 1255/2433] 10.0.0.211 () {32 vars in 739 bytes} [Thu Apr 23 17:15:46 2026] GET /v2.0/routers/97bfc0c6-5165-4376-8980-1da2bdfc24ac/tags/red => generated 0 bytes in 61 msecs (HTTP/1.1 204) 2 headers in 112 bytes (1 switches on core 0)
2026-04-23 17:15:46.467 8 INFO neutron.db.securitygroups_db [None req-28be22f8-23d2-4b53-8132-ac1e7123db3d d5febc646c82480d93adfde8ad4ad5c6 c88157759eb24288998bfe9212557538 - - default default] Project c88157759eb24288998bfe9212557538 added a security group rule with legacy IPv6 ICMP protocol name icmp, ipv6-icmp should be used instead. It was automatically converted.
2026-04-23 17:15:46.598 7 WARNING neutron.scheduler.dhcp_agent_scheduler [None req-554df606-a761-4c12-bf23-422541204204 e78e76944f9f4b0ca29b11c3df4085cd ac56606a33854c67a995750de3e68b31 - - default default] No more DHCP agents
2026-04-23 17:15:46.600 7 WARNING neutron.api.rpc.agentnotifiers.dhcp_rpc_agent_api [None req-554df606-a761-4c12-bf23-422541204204 e78e76944f9f4b0ca29b11c3df4085cd ac56606a33854c67a995750de3e68b31 - - default default] Unable to schedule network ae5ce543-3fe3-4589-9968-63264bcedc79: no agents available; will retry on subsequent port and subnet creation events.
2026-04-23 17:15:46.614 8 INFO neutron.db.ovn_revision_numbers_db [None req-28be22f8-23d2-4b53-8132-ac1e7123db3d d5febc646c82480d93adfde8ad4ad5c6 c88157759eb24288998bfe9212557538 - - default default] Successfully bumped revision number for resource a515382a-f5d3-4f30-a2d3-4378cbf2d1a9 (type: security_group_rules) to 0
