2026-04-23 17:13:17.602 8 WARNING neutron.api.rpc.agentnotifiers.dhcp_rpc_agent_api [None req-48cbb2ac-e32e-40f8-8597-a88a714e28e2 670fc4eab88f4eb9a178d6ced021e62e d09c9ac21efe4c0ab4ed854c8ba8640d - - default default] Unable to schedule network 023975bb-420c-4a7d-9fae-683772f55419: no agents available; will retry on subsequent port and subnet creation events.
2026-04-23 17:13:17.602 7 WARNING neutron.scheduler.dhcp_agent_scheduler [None req-b9787c86-fa81-4368-b58c-21e9f14067db 478c18dca6bb42e1a51a101d3473c5da 5376ce624ad24945925806cf4712a8a4 - - default default] No more DHCP agents
2026-04-23 17:13:17.604 7 WARNING neutron.api.rpc.agentnotifiers.dhcp_rpc_agent_api [None req-b9787c86-fa81-4368-b58c-21e9f14067db 478c18dca6bb42e1a51a101d3473c5da 5376ce624ad24945925806cf4712a8a4 - - default default] Unable to schedule network c0d196fe-4c56-40a9-9ddb-529445512f7b: no agents available; will retry on subsequent port and subnet creation events.
2026-04-23 17:13:17.647 8 INFO neutron.plugins.ml2.drivers.ovn.mech_driver.mech_driver [None req-9b5e450d-bb35-4854-985a-8bd95cd057eb - - - - - -] OVN reports status down for port: 71cc4807-ce47-484d-bea2-4ebceeb687e2
2026-04-23 17:13:17.664 7 INFO neutron.plugins.ml2.drivers.ovn.mech_driver.mech_driver [None req-8cd7f938-4fbf-4aab-86d2-cf895242d4e9 - - - - - -] OVN reports status down for port: 0426a3e9-eb82-474c-a232-f51a4cb7e474
2026-04-23 17:13:17.711 8 INFO neutron.db.ovn_revision_numbers_db [None req-48cbb2ac-e32e-40f8-8597-a88a714e28e2 670fc4eab88f4eb9a178d6ced021e62e d09c9ac21efe4c0ab4ed854c8ba8640d - - default default] Successfully bumped revision number for resource 71cc4807-ce47-484d-bea2-4ebceeb687e2 (type: ports) to 1
2026-04-23 17:13:17.739 7 INFO neutron.db.ovn_revision_numbers_db [None req-b9787c86-fa81-4368-b58c-21e9f14067db 478c18dca6bb42e1a51a101d3473c5da 5376ce624ad24945925806cf4712a8a4 - - default default] Successfully bumped revision number for resource 0426a3e9-eb82-474c-a232-f51a4cb7e474 (type: ports) to 1 [pid: 8|app: 0|req: 802/1536] 10.0.0.211 () {34 vars in 670 bytes} [Thu Apr 23 17:13:17 2026] POST /v2.0/networks => generated 652 bytes in 518 msecs (HTTP/1.1 201) 4 headers in 162 bytes (1 switches on core 0)
2026-04-23 17:13:17.816 7 WARNING neutron.scheduler.dhcp_agent_scheduler [None req-b9787c86-fa81-4368-b58c-21e9f14067db 478c18dca6bb42e1a51a101d3473c5da 5376ce624ad24945925806cf4712a8a4 - - default default] No more DHCP agents
2026-04-23 17:13:17.817 7 WARNING neutron.api.rpc.agentnotifiers.dhcp_rpc_agent_api [None req-b9787c86-fa81-4368-b58c-21e9f14067db 478c18dca6bb42e1a51a101d3473c5da 5376ce624ad24945925806cf4712a8a4 - - default default] Unable to schedule network b734903f-bad7-4ebf-8570-e6132d2950c0: no agents available; will retry on subsequent port and subnet creation events.
2026-04-23 17:13:17.871 7 INFO neutron.plugins.ml2.drivers.ovn.mech_driver.mech_driver [None req-8cd7f938-4fbf-4aab-86d2-cf895242d4e9 - - - - - -] OVN reports status down for port: e10d621c-3490-482f-a028-122df4be7261
2026-04-23 17:13:17.930 7 INFO neutron.db.ovn_revision_numbers_db [None req-b9787c86-fa81-4368-b58c-21e9f14067db 478c18dca6bb42e1a51a101d3473c5da 5376ce624ad24945925806cf4712a8a4 - - default default] Successfully bumped revision number for resource e10d621c-3490-482f-a028-122df4be7261 (type: ports) to 1 [pid: 7|app: 0|req: 735/1537] 10.0.0.211 () {34 vars in 665 bytes} [Thu Apr 23 17:13:17 2026] POST /v2.0/ports => generated 1506 bytes in 931 msecs (HTTP/1.1 201) 4 headers in 163 bytes (1 switches on core 0) /var/lib/openstack/lib/python3.12/site-packages/pycadf/identifier.py:70: UserWarning: Invalid uuid: neutron. To ensure interoperability, identifiers should be a valid uuid. warnings.warn(('Invalid uuid: %s. To ensure interoperability, '
2026-04-23 17:13:18.167 8 WARNING neutron.scheduler.dhcp_agent_scheduler [None req-78086925-3180-4059-9b4f-e79544d1a58e 670fc4eab88f4eb9a178d6ced021e62e d09c9ac21efe4c0ab4ed854c8ba8640d - - default default] No more DHCP agents
2026-04-23 17:13:18.168 8 WARNING neutron.api.rpc.agentnotifiers.dhcp_rpc_agent_api [None req-78086925-3180-4059-9b4f-e79544d1a58e 670fc4eab88f4eb9a178d6ced021e62e d09c9ac21efe4c0ab4ed854c8ba8640d - - default default] Unable to schedule network 64b29ef2-7e11-48fe-b0e9-b4a22f1083f5: no agents available; will retry on subsequent port and subnet creation events.
2026-04-23 17:13:18.191 8 INFO neutron.db.ovn_revision_numbers_db [None req-78086925-3180-4059-9b4f-e79544d1a58e 670fc4eab88f4eb9a178d6ced021e62e d09c9ac21efe4c0ab4ed854c8ba8640d - - default default] Successfully bumped revision number for resource a6f64837-3755-42db-93bd-6b955dad23f9 (type: subnets) to 0 [pid: 8|app: 0|req: 803/1538] 10.0.0.211 () {34 vars in 669 bytes} [Thu Apr 23 17:13:18 2026] POST /v2.0/subnets => generated 646 bytes in 209 msecs (HTTP/1.1 201) 4 headers in 162 bytes (1 switches on core 0)
2026-04-23 17:13:18.280 7 INFO neutron.db.ovn_revision_numbers_db [None req-de658668-9012-432f-b77f-2a40aff2db03 bcff820693f347028353ea8f325d1fce 94bb472330914b1cb850659a905c76b4 - - default default] Successfully bumped revision number for resource 636dd9c6-f661-4dce-a7ea-3a44969116b0 (type: security_groups) to 1
2026-04-23 17:13:18.293 7 INFO neutron.db.ovn_revision_numbers_db [None req-de658668-9012-432f-b77f-2a40aff2db03 bcff820693f347028353ea8f325d1fce 94bb472330914b1cb850659a905c76b4 - - default default] Successfully bumped revision number for resource 3df59aec-cc9d-4c30-9606-7b2f6f876b93 (type: security_group_rules) to 0
2026-04-23 17:13:18.307 7 INFO neutron.db.ovn_revision_numbers_db [None req-de658668-9012-432f-b77f-2a40aff2db03 bcff820693f347028353ea8f325d1fce 94bb472330914b1cb850659a905c76b4 - - default default] Successfully bumped revision number for resource 89300f6c-ea7a-4de3-a526-373e45c586ad (type: security_group_rules) to 0
2026-04-23 17:13:18.319 7 INFO neutron.db.ovn_revision_numbers_db [None req-de658668-9012-432f-b77f-2a40aff2db03 bcff820693f347028353ea8f325d1fce 94bb472330914b1cb850659a905c76b4 - - default default] Successfully bumped revision number for resource 8a9624af-294e-4892-8811-ead84f27fee2 (type: security_group_rules) to 0 [pid: 8|app: 0|req: 804/1539] 10.0.0.211 () {32 vars in 643 bytes} [Thu Apr 23 17:13:18 2026] GET /v2.0/ports => generated 3018 bytes in 110 msecs (HTTP/1.1 200) 4 headers in 158 bytes (1 switches on core 0)
2026-04-23 17:13:18.330 7 INFO neutron.db.ovn_revision_numbers_db [None req-de658668-9012-432f-b77f-2a40aff2db03 bcff820693f347028353ea8f325d1fce 94bb472330914b1cb850659a905c76b4 - - default default] Successfully bumped revision number for resource 8c05d386-6382-4c5b-9694-685b430b3066 (type: security_group_rules) to 0 [pid: 7|app: 0|req: 736/1540] 10.0.0.211 () {32 vars in 774 bytes} [Thu Apr 23 17:13:18 2026] GET /v2.0/security-groups?tenant_id=f4686403ddf74a5f8ba75b60d4492e97&name=default => generated 2925 bytes in 333 msecs (HTTP/1.1 200) 4 headers in 158 bytes (1 switches on core 0)
2026-04-23 17:13:18.490 7 INFO neutron_taas.services.taas.taas_plugin [None req-32cbf96f-0171-43c9-afd4-604a84130e59 478c18dca6bb42e1a51a101d3473c5da 5376ce624ad24945925806cf4712a8a4 - - default default] TaaS: Handle Delete Port: 0426a3e9-eb82-474c-a232-f51a4cb7e474
2026-04-23 17:13:18.492 7 INFO neutron_taas.services.taas.tap_mirror_plugin [None req-32cbf96f-0171-43c9-afd4-604a84130e59 478c18dca6bb42e1a51a101d3473c5da 5376ce624ad24945925806cf4712a8a4 - - default default] Tap Mirror: Handle Delete Port: 0426a3e9-eb82-474c-a232-f51a4cb7e474
2026-04-23 17:13:18.516 8 WARNING neutron.scheduler.dhcp_agent_scheduler [None req-3ff123cd-8244-4a4e-82b6-253ce58fb878 670fc4eab88f4eb9a178d6ced021e62e d09c9ac21efe4c0ab4ed854c8ba8640d - - default default] No more DHCP agents
2026-04-23 17:13:18.517 8 WARNING neutron.api.rpc.agentnotifiers.dhcp_rpc_agent_api [None req-3ff123cd-8244-4a4e-82b6-253ce58fb878 670fc4eab88f4eb9a178d6ced021e62e d09c9ac21efe4c0ab4ed854c8ba8640d - - default default] Unable to schedule network 023975bb-420c-4a7d-9fae-683772f55419: no agents available; will retry on subsequent port and subnet creation events.
2026-04-23 17:13:18.543 8 INFO neutron.db.ovn_revision_numbers_db [None req-3ff123cd-8244-4a4e-82b6-253ce58fb878 670fc4eab88f4eb9a178d6ced021e62e d09c9ac21efe4c0ab4ed854c8ba8640d - - default default] Successfully bumped revision number for resource ce19b759-0e0d-4449-96dd-f3a955fb9603 (type: subnets) to 0 [pid: 8|app: 0|req: 805/1541] 10.0.0.211 () {34 vars in 669 bytes} [Thu Apr 23 17:13:18 2026] POST /v2.0/subnets => generated 655 bytes in 239 msecs (HTTP/1.1 201) 4 headers in 162 bytes (1 switches on core 0) [pid: 7|app: 0|req: 737/1542] 10.0.0.211 () {32 vars in 720 bytes} [Thu Apr 23 17:13:18 2026] DELETE /v2.0/ports/0426a3e9-eb82-474c-a232-f51a4cb7e474 => generated 0 bytes in 209 msecs (HTTP/1.1 204) 3 headers in 131 bytes (1 switches on core 0)
2026-04-23 17:13:18.705 7 INFO neutron.db.ovn_revision_numbers_db [None req-1c161d6e-ba30-4507-a491-107e23747aa3 670fc4eab88f4eb9a178d6ced021e62e d09c9ac21efe4c0ab4ed854c8ba8640d - - default default] Successfully bumped revision number for resource f1e156b0-9677-4c0f-8bb7-d672f6cdf565 (type: routers) to 1 [pid: 7|app: 0|req: 738/1543] 10.0.0.211 () {34 vars in 669 bytes} [Thu Apr 23 17:13:18 2026] POST /v2.0/routers => generated 606 bytes in 143 msecs (HTTP/1.1 201) 4 headers in 162 bytes (1 switches on core 0) [pid: 8|app: 0|req: 806/1544] 10.0.0.211 () {32 vars in 740 bytes} [Thu Apr 23 17:13:18 2026] DELETE /v2.0/security-groups/636dd9c6-f661-4dce-a7ea-3a44969116b0 => generated 0 bytes in 224 msecs (HTTP/1.1 204) 2 headers in 112 bytes (1 switches on core 0)
2026-04-23 17:13:18.841 7 INFO neutron_taas.services.taas.taas_plugin [None req-6c0e2a85-af23-45e6-8104-f0efd97358b2 478c18dca6bb42e1a51a101d3473c5da 5376ce624ad24945925806cf4712a8a4 - - default default] TaaS: Handle Delete Port: e10d621c-3490-482f-a028-122df4be7261
2026-04-23 17:13:18.844 7 INFO neutron_taas.services.taas.tap_mirror_plugin [None req-6c0e2a85-af23-45e6-8104-f0efd97358b2 478c18dca6bb42e1a51a101d3473c5da 5376ce624ad24945925806cf4712a8a4 - - default default] Tap Mirror: Handle Delete Port: e10d621c-3490-482f-a028-122df4be7261 [pid: 7|app: 0|req: 739/1545] 10.0.0.211 () {32 vars in 720 bytes} [Thu Apr 23 17:13:18 2026] DELETE /v2.0/ports/e10d621c-3490-482f-a028-122df4be7261 => generated 0 bytes in 217 msecs (HTTP/1.1 204) 3 headers in 131 bytes (1 switches on core 0) [pid: 7|app: 0|req: 740/1546] 10.0.0.211 () {32 vars in 643 bytes} [Thu Apr 23 17:13:18 2026] GET /v2.0/ports => generated 1523 bytes in 48 msecs (HTTP/1.1 200) 4 headers in 158 bytes (1 switches on core 0)
2026-04-23 17:13:19.113 7 INFO neutron.db.segments_db [None req-d212d4eb-8ceb-42df-b952-415bcd2d2feb 478c18dca6bb42e1a51a101d3473c5da 5376ce624ad24945925806cf4712a8a4 - - default default] Added segment 70147b7a-67e7-41ac-b14c-efeb7808e9d5 of type geneve for network df465c62-a7ac-4685-980a-469917204ab6
2026-04-23 17:13:19.181 8 WARNING neutron.scheduler.dhcp_agent_scheduler [None req-bdc9cffe-3e05-4a68-a13d-6e00d6c7360c 670fc4eab88f4eb9a178d6ced021e62e d09c9ac21efe4c0ab4ed854c8ba8640d - - default default] No more DHCP agents
2026-04-23 17:13:19.183 8 WARNING neutron.api.rpc.agentnotifiers.dhcp_rpc_agent_api [None req-bdc9cffe-3e05-4a68-a13d-6e00d6c7360c 670fc4eab88f4eb9a178d6ced021e62e d09c9ac21efe4c0ab4ed854c8ba8640d - - default default] Unable to schedule network 64b29ef2-7e11-48fe-b0e9-b4a22f1083f5: no agents available; will retry on subsequent port and subnet creation events.
2026-04-23 17:13:19.231 7 INFO neutron.db.ovn_revision_numbers_db [None req-d212d4eb-8ceb-42df-b952-415bcd2d2feb 478c18dca6bb42e1a51a101d3473c5da 5376ce624ad24945925806cf4712a8a4 - - default default] Successfully bumped revision number for resource df465c62-a7ac-4685-980a-469917204ab6 (type: networks) to 1
2026-04-23 17:13:19.281 8 INFO neutron.plugins.ml2.drivers.ovn.mech_driver.mech_driver [None req-9b5e450d-bb35-4854-985a-8bd95cd057eb - - - - - -] OVN reports status down for port: e198de0f-ceda-418a-b8ec-499f0d833849
2026-04-23 17:13:19.436 7 WARNING neutron.scheduler.dhcp_agent_scheduler [None req-d212d4eb-8ceb-42df-b952-415bcd2d2feb 478c18dca6bb42e1a51a101d3473c5da 5376ce624ad24945925806cf4712a8a4 - - default default] No more DHCP agents
2026-04-23 17:13:19.437 7 WARNING neutron.api.rpc.agentnotifiers.dhcp_rpc_agent_api [None req-d212d4eb-8ceb-42df-b952-415bcd2d2feb 478c18dca6bb42e1a51a101d3473c5da 5376ce624ad24945925806cf4712a8a4 - - default default] Unable to schedule network df465c62-a7ac-4685-980a-469917204ab6: no agents available; will retry on subsequent port and subnet creation events.
2026-04-23 17:13:19.495 7 INFO neutron.plugins.ml2.drivers.ovn.mech_driver.mech_driver [None req-8cd7f938-4fbf-4aab-86d2-cf895242d4e9 - - - - - -] OVN reports status down for port: 0818de85-1a0d-487b-aaa3-93dc4d952516
2026-04-23 17:13:19.569 7 INFO neutron.db.ovn_revision_numbers_db [None req-d212d4eb-8ceb-42df-b952-415bcd2d2feb 478c18dca6bb42e1a51a101d3473c5da 5376ce624ad24945925806cf4712a8a4 - - default default] Successfully bumped revision number for resource 0818de85-1a0d-487b-aaa3-93dc4d952516 (type: ports) to 1 [pid: 7|app: 0|req: 741/1547] 10.0.0.211 () {34 vars in 670 bytes} [Thu Apr 23 17:13:19 2026] POST /v2.0/networks => generated 673 bytes in 621 msecs (HTTP/1.1 201) 4 headers in 162 bytes (1 switches on core 0) [pid: 7|app: 0|req: 742/1548] 10.0.0.119 () {34 vars in 990 bytes} [Thu Apr 23 17:13:19 2026] GET /v2.0/ports?device_id=25643715-ce7b-4540-a5b6-786691969014 => generated 1209 bytes in 48 msecs (HTTP/1.1 200) 4 headers in 158 bytes (1 switches on core 0)
2026-04-23 17:13:21.067 8 INFO neutron.db.ovn_revision_numbers_db [None req-bdc9cffe-3e05-4a68-a13d-6e00d6c7360c 670fc4eab88f4eb9a178d6ced021e62e d09c9ac21efe4c0ab4ed854c8ba8640d - - default default] Successfully bumped revision number for resource e198de0f-ceda-418a-b8ec-499f0d833849 (type: ports) to 1
2026-04-23 17:13:21.135 7 INFO neutron.db.segments_db [None req-76ef0cd1-1223-4776-af6d-a80246107bd1 478c18dca6bb42e1a51a101d3473c5da 5376ce624ad24945925806cf4712a8a4 - - default default] Added segment 67d50744-e75e-431f-b659-4855648cf43c of type geneve for network 59a00bbe-5e17-4575-857a-00b111fc53bc
2026-04-23 17:13:21.253 7 INFO neutron.db.ovn_revision_numbers_db [None req-76ef0cd1-1223-4776-af6d-a80246107bd1 478c18dca6bb42e1a51a101d3473c5da 5376ce624ad24945925806cf4712a8a4 - - default default] Successfully bumped revision number for resource 59a00bbe-5e17-4575-857a-00b111fc53bc (type: networks) to 1
2026-04-23 17:13:21.421 7 WARNING neutron.scheduler.dhcp_agent_scheduler [None req-76ef0cd1-1223-4776-af6d-a80246107bd1 478c18dca6bb42e1a51a101d3473c5da 5376ce624ad24945925806cf4712a8a4 - - default default] No more DHCP agents
2026-04-23 17:13:21.422 7 WARNING neutron.api.rpc.agentnotifiers.dhcp_rpc_agent_api [None req-76ef0cd1-1223-4776-af6d-a80246107bd1 478c18dca6bb42e1a51a101d3473c5da 5376ce624ad24945925806cf4712a8a4 - - default default] Unable to schedule network 59a00bbe-5e17-4575-857a-00b111fc53bc: no agents available; will retry on subsequent port and subnet creation events.
2026-04-23 17:13:21.498 7 INFO neutron.db.ovn_revision_numbers_db [None req-76ef0cd1-1223-4776-af6d-a80246107bd1 478c18dca6bb42e1a51a101d3473c5da 5376ce624ad24945925806cf4712a8a4 - - default default] Successfully bumped revision number for resource ed82b21a-a08e-408c-a537-185a621df54e (type: ports) to 1
2026-04-23 17:13:21.502 8 INFO neutron.plugins.ml2.drivers.ovn.mech_driver.mech_driver [None req-9b5e450d-bb35-4854-985a-8bd95cd057eb - - - - - -] OVN reports status down for port: ed82b21a-a08e-408c-a537-185a621df54e [pid: 7|app: 0|req: 743/1549] 10.0.0.211 () {34 vars in 670 bytes} [Thu Apr 23 17:13:19 2026] POST /v2.0/networks => generated 673 bytes in 1850 msecs (HTTP/1.1 201) 4 headers in 162 bytes (1 switches on core 0) [pid: 7|app: 0|req: 744/1550] 10.0.0.119 () {34 vars in 1040 bytes} [Thu Apr 23 17:13:21 2026] GET /v2.0/security-groups?id=7415057f-3f04-43b3-b0c6-3eabe4cbf881&fields=id&fields=name => generated 112 bytes in 35 msecs (HTTP/1.1 200) 4 headers in 157 bytes (1 switches on core 0)
2026-04-23 17:13:21.701 8 INFO neutron.plugins.ml2.drivers.ovn.mech_driver.mech_driver [None req-9b5e450d-bb35-4854-985a-8bd95cd057eb - - - - - -] OVN reports status up for port: e198de0f-ceda-418a-b8ec-499f0d833849
2026-04-23 17:13:21.748 8 INFO neutron.plugins.ml2.plugin [None req-9b5e450d-bb35-4854-985a-8bd95cd057eb - - - - - -] Attempt 1 to provision port e198de0f-ceda-418a-b8ec-499f0d833849
2026-04-23 17:13:21.865 8 WARNING neutron.scheduler.dhcp_agent_scheduler [None req-bdc9cffe-3e05-4a68-a13d-6e00d6c7360c 670fc4eab88f4eb9a178d6ced021e62e d09c9ac21efe4c0ab4ed854c8ba8640d - - default default] No more DHCP agents
2026-04-23 17:13:21.867 8 WARNING neutron.api.rpc.agentnotifiers.dhcp_rpc_agent_api [None req-bdc9cffe-3e05-4a68-a13d-6e00d6c7360c 670fc4eab88f4eb9a178d6ced021e62e d09c9ac21efe4c0ab4ed854c8ba8640d - - default default] Unable to schedule network 64b29ef2-7e11-48fe-b0e9-b4a22f1083f5: no agents available; will retry on subsequent port and subnet creation events.
2026-04-23 17:13:22.269 8 INFO neutron.db.ovn_revision_numbers_db [None req-bdc9cffe-3e05-4a68-a13d-6e00d6c7360c 670fc4eab88f4eb9a178d6ced021e62e d09c9ac21efe4c0ab4ed854c8ba8640d - - default default] Successfully bumped revision number for resource e198de0f-ceda-418a-b8ec-499f0d833849 (type: router_ports) to 1 [pid: 8|app: 0|req: 807/1551] 10.0.0.211 () {34 vars in 783 bytes} [Thu Apr 23 17:13:18 2026] PUT /v2.0/routers/f1e156b0-9677-4c0f-8bb7-d672f6cdf565/add_router_interface => generated 309 bytes in 3507 msecs (HTTP/1.1 200) 4 headers in 157 bytes (1 switches on core 0) [pid: 8|app: 0|req: 808/1552] 10.0.0.211 () {32 vars in 717 bytes} [Thu Apr 23 17:13:22 2026] GET /v2.0/ports/e198de0f-ceda-418a-b8ec-499f0d833849 => generated 947 bytes in 48 msecs (HTTP/1.1 200) 4 headers in 157 bytes (1 switches on core 0)
2026-04-23 17:13:22.384 7 WARNING neutron.scheduler.dhcp_agent_scheduler [None req-c64145cf-9dba-4b0b-bcc3-ec24092104a6 478c18dca6bb42e1a51a101d3473c5da 5376ce624ad24945925806cf4712a8a4 - - default default] No more DHCP agents
2026-04-23 17:13:22.385 7 WARNING neutron.api.rpc.agentnotifiers.dhcp_rpc_agent_api [None req-c64145cf-9dba-4b0b-bcc3-ec24092104a6 478c18dca6bb42e1a51a101d3473c5da 5376ce624ad24945925806cf4712a8a4 - - default default] Unable to schedule network df465c62-a7ac-4685-980a-469917204ab6: no agents available; will retry on subsequent port and subnet creation events.
2026-04-23 17:13:22.431 7 INFO neutron.db.ovn_revision_numbers_db [None req-c64145cf-9dba-4b0b-bcc3-ec24092104a6 478c18dca6bb42e1a51a101d3473c5da 5376ce624ad24945925806cf4712a8a4 - - default default] Successfully bumped revision number for resource 99a6d863-ea57-43e9-a979-75ddc6be35c6 (type: subnets) to 0
2026-04-23 17:13:22.480 7 WARNING neutron.scheduler.dhcp_agent_scheduler [None req-c64145cf-9dba-4b0b-bcc3-ec24092104a6 478c18dca6bb42e1a51a101d3473c5da 5376ce624ad24945925806cf4712a8a4 - - default default] No more DHCP agents
2026-04-23 17:13:22.481 7 WARNING neutron.api.rpc.agentnotifiers.dhcp_rpc_agent_api [None req-c64145cf-9dba-4b0b-bcc3-ec24092104a6 478c18dca6bb42e1a51a101d3473c5da 5376ce624ad24945925806cf4712a8a4 - - default default] Unable to schedule network 59a00bbe-5e17-4575-857a-00b111fc53bc: no agents available; will retry on subsequent port and subnet creation events.
2026-04-23 17:13:22.511 7 INFO neutron.db.ovn_revision_numbers_db [None req-c64145cf-9dba-4b0b-bcc3-ec24092104a6 478c18dca6bb42e1a51a101d3473c5da 5376ce624ad24945925806cf4712a8a4 - - default default] Successfully bumped revision number for resource 1adffa80-8665-4dbc-971b-6eaeb5d3f8da (type: subnets) to 0 [pid: 7|app: 0|req: 745/1553] 10.0.0.211 () {34 vars in 669 bytes} [Thu Apr 23 17:13:22 2026] POST /v2.0/subnets => generated 1322 bytes in 529 msecs (HTTP/1.1 201) 4 headers in 163 bytes (1 switches on core 0)
2026-04-23 17:13:22.542 8 INFO neutron.db.ovn_revision_numbers_db [None req-9b5e450d-bb35-4854-985a-8bd95cd057eb - - - - - -] Successfully bumped revision number for resource e198de0f-ceda-418a-b8ec-499f0d833849 (type: ports) to 2 [pid: 7|app: 0|req: 746/1554] 10.0.0.211 () {32 vars in 647 bytes} [Thu Apr 23 17:13:22 2026] GET /v2.0/subnets => generated 1958 bytes in 41 msecs (HTTP/1.1 200) 4 headers in 158 bytes (1 switches on core 0) [pid: 7|app: 0|req: 747/1555] 10.0.0.211 () {32 vars in 724 bytes} [Thu Apr 23 17:13:22 2026] DELETE /v2.0/subnets/99a6d863-ea57-43e9-a979-75ddc6be35c6 => generated 0 bytes in 123 msecs (HTTP/1.1 204) 3 headers in 131 bytes (1 switches on core 0) [pid: 7|app: 0|req: 748/1556] 10.0.0.211 () {32 vars in 724 bytes} [Thu Apr 23 17:13:22 2026] DELETE /v2.0/subnets/1adffa80-8665-4dbc-971b-6eaeb5d3f8da => generated 0 bytes in 139 msecs (HTTP/1.1 204) 3 headers in 131 bytes (1 switches on core 0) [pid: 7|app: 0|req: 749/1557] 10.0.0.211 () {32 vars in 647 bytes} [Thu Apr 23 17:13:22 2026] GET /v2.0/subnets => generated 649 bytes in 31 msecs (HTTP/1.1 200) 4 headers in 157 bytes (1 switches on core 0)
2026-04-23 17:13:22.973 8 WARNING neutron.scheduler.dhcp_agent_scheduler [None req-f8cd285d-b629-4d35-abaf-eda2f071325d 670fc4eab88f4eb9a178d6ced021e62e d09c9ac21efe4c0ab4ed854c8ba8640d - - default default] No more DHCP agents
2026-04-23 17:13:22.975 8 WARNING neutron.api.rpc.agentnotifiers.dhcp_rpc_agent_api [None req-f8cd285d-b629-4d35-abaf-eda2f071325d 670fc4eab88f4eb9a178d6ced021e62e d09c9ac21efe4c0ab4ed854c8ba8640d - - default default] Unable to schedule network 023975bb-420c-4a7d-9fae-683772f55419: no agents available; will retry on subsequent port and subnet creation events.
2026-04-23 17:13:23.016 7 INFO neutron_taas.services.taas.taas_plugin [None req-b804b5ef-7542-495a-84df-ce0f337adb42 478c18dca6bb42e1a51a101d3473c5da 5376ce624ad24945925806cf4712a8a4 - - default default] TaaS: Handle Delete Port: ed82b21a-a08e-408c-a537-185a621df54e
2026-04-23 17:13:23.021 7 INFO neutron_taas.services.taas.tap_mirror_plugin [None req-b804b5ef-7542-495a-84df-ce0f337adb42 478c18dca6bb42e1a51a101d3473c5da 5376ce624ad24945925806cf4712a8a4 - - default default] Tap Mirror: Handle Delete Port: ed82b21a-a08e-408c-a537-185a621df54e
2026-04-23 17:13:23.106 8 INFO neutron.db.ovn_revision_numbers_db [None req-f8cd285d-b629-4d35-abaf-eda2f071325d 670fc4eab88f4eb9a178d6ced021e62e d09c9ac21efe4c0ab4ed854c8ba8640d - - default default] Successfully bumped revision number for resource dfa9b3fe-cadb-4db0-87f6-0543503a297e (type: ports) to 1
2026-04-23 17:13:23.256 7 INFO neutron.services.segments.plugin [-] Segment 67d50744-e75e-431f-b659-4855648cf43c resource provider aggregate not found
2026-04-23 17:13:23.263 7 INFO neutron.services.segments.plugin [-] Segment 67d50744-e75e-431f-b659-4855648cf43c resource provider aggregate not found
2026-04-23 17:13:23.279 7 INFO neutron.services.segments.plugin [-] Segment 67d50744-e75e-431f-b659-4855648cf43c resource provider not found; error: Placement Client Error (4xx): {"errors": [{"status": 404, "title": "Not Found", "detail": "The resource could not be found.\n\n No resource provider with uuid 67d50744-e75e-431f-b659-4855648cf43c found for delete ", "request_id": "req-204a8044-f1cc-40d4-a252-6bafd285978b"}]}
2026-04-23 17:13:23.289 7 INFO neutron.services.segments.plugin [-] Segment 67d50744-e75e-431f-b659-4855648cf43c resource provider not found; error: Placement Client Error (4xx): {"errors": [{"status": 404, "title": "Not Found", "detail": "The resource could not be found.\n\n No resource provider with uuid 67d50744-e75e-431f-b659-4855648cf43c found for delete ", "request_id": "req-0fba0913-6c89-4542-86b2-d20fe7ecce96"}]} [pid: 7|app: 0|req: 750/1558] 10.0.0.211 () {32 vars in 726 bytes} [Thu Apr 23 17:13:22 2026] DELETE /v2.0/networks/59a00bbe-5e17-4575-857a-00b111fc53bc => generated 0 bytes in 419 msecs (HTTP/1.1 204) 3 headers in 131 bytes (1 switches on core 0)
2026-04-23 17:13:23.426 7 INFO neutron_taas.services.taas.taas_plugin [None req-be79ffc3-e14c-4302-99da-d6e6c8eaa9d5 478c18dca6bb42e1a51a101d3473c5da 5376ce624ad24945925806cf4712a8a4 - - default default] TaaS: Handle Delete Port: 0818de85-1a0d-487b-aaa3-93dc4d952516
2026-04-23 17:13:23.428 7 INFO neutron_taas.services.taas.tap_mirror_plugin [None req-be79ffc3-e14c-4302-99da-d6e6c8eaa9d5 478c18dca6bb42e1a51a101d3473c5da 5376ce624ad24945925806cf4712a8a4 - - default default] Tap Mirror: Handle Delete Port: 0818de85-1a0d-487b-aaa3-93dc4d952516 [pid: 7|app: 0|req: 751/1559] 10.0.0.211 () {32 vars in 726 bytes} [Thu Apr 23 17:13:23 2026] DELETE /v2.0/networks/df465c62-a7ac-4685-980a-469917204ab6 => generated 0 bytes in 356 msecs (HTTP/1.1 204) 3 headers in 131 bytes (1 switches on core 0)
2026-04-23 17:13:23.832 7 INFO neutron_taas.services.taas.taas_plugin [None req-91504e22-a912-4027-9529-3c4c2123a926 478c18dca6bb42e1a51a101d3473c5da 5376ce624ad24945925806cf4712a8a4 - - default default] TaaS: Handle Delete Port: fed694fa-8e9f-4f0b-bb4c-c4a2e9a25f5f
2026-04-23 17:13:23.835 7 INFO neutron_taas.services.taas.tap_mirror_plugin [None req-91504e22-a912-4027-9529-3c4c2123a926 478c18dca6bb42e1a51a101d3473c5da 5376ce624ad24945925806cf4712a8a4 - - default default] Tap Mirror: Handle Delete Port: fed694fa-8e9f-4f0b-bb4c-c4a2e9a25f5f
2026-04-23 17:13:23.866 8 WARNING neutron.scheduler.dhcp_agent_scheduler [None req-f8cd285d-b629-4d35-abaf-eda2f071325d 670fc4eab88f4eb9a178d6ced021e62e d09c9ac21efe4c0ab4ed854c8ba8640d - - default default] No more DHCP agents
2026-04-23 17:13:23.868 8 WARNING neutron.api.rpc.agentnotifiers.dhcp_rpc_agent_api [None req-f8cd285d-b629-4d35-abaf-eda2f071325d 670fc4eab88f4eb9a178d6ced021e62e d09c9ac21efe4c0ab4ed854c8ba8640d - - default default] Unable to schedule network 023975bb-420c-4a7d-9fae-683772f55419: no agents available; will retry on subsequent port and subnet creation events. [pid: 7|app: 0|req: 752/1560] 10.0.0.211 () {32 vars in 726 bytes} [Thu Apr 23 17:13:23 2026] DELETE /v2.0/networks/b734903f-bad7-4ebf-8570-e6132d2950c0 => generated 0 bytes in 410 msecs (HTTP/1.1 204) 3 headers in 131 bytes (1 switches on core 0)
2026-04-23 17:13:24.196 8 INFO neutron.db.ovn_revision_numbers_db [None req-f8cd285d-b629-4d35-abaf-eda2f071325d 670fc4eab88f4eb9a178d6ced021e62e d09c9ac21efe4c0ab4ed854c8ba8640d - - default default] Successfully bumped revision number for resource dfa9b3fe-cadb-4db0-87f6-0543503a297e (type: router_ports) to 1 [pid: 8|app: 0|req: 809/1561] 10.0.0.211 () {34 vars in 783 bytes} [Thu Apr 23 17:13:22 2026] PUT /v2.0/routers/f1e156b0-9677-4c0f-8bb7-d672f6cdf565/add_router_interface => generated 309 bytes in 1864 msecs (HTTP/1.1 200) 4 headers in 157 bytes (1 switches on core 0)
2026-04-23 17:13:24.371 8 INFO neutron_taas.services.taas.taas_plugin [None req-24c4e4a3-2ac1-4c0d-acb2-cc04e118ae10 478c18dca6bb42e1a51a101d3473c5da 5376ce624ad24945925806cf4712a8a4 - - default default] TaaS: Handle Delete Port: e4e7392f-29af-4557-9e9b-5951b2f193d8
2026-04-23 17:13:24.374 8 INFO neutron_taas.services.taas.tap_mirror_plugin [None req-24c4e4a3-2ac1-4c0d-acb2-cc04e118ae10 478c18dca6bb42e1a51a101d3473c5da 5376ce624ad24945925806cf4712a8a4 - - default default] Tap Mirror: Handle Delete Port: e4e7392f-29af-4557-9e9b-5951b2f193d8
2026-04-23 17:13:24.483 7 INFO neutron.db.ovn_revision_numbers_db [None req-bc0d8cc9-1ecb-4d68-adda-230ad8295570 2455064514b9465ea90a5f1ea7cb485f 07b98e991674443685c1ec22750013fe - - default default] Successfully bumped revision number for resource 06ccd0d3-21e0-46c7-84ac-ebc78935376d (type: security_groups) to 1
2026-04-23 17:13:24.496 7 INFO neutron.db.ovn_revision_numbers_db [None req-bc0d8cc9-1ecb-4d68-adda-230ad8295570 2455064514b9465ea90a5f1ea7cb485f 07b98e991674443685c1ec22750013fe - - default default] Successfully bumped revision number for resource 214f2d2a-206a-4b48-a4c8-2e396d7f256d (type: security_group_rules) to 0
2026-04-23 17:13:24.509 7 INFO neutron.db.ovn_revision_numbers_db [None req-bc0d8cc9-1ecb-4d68-adda-230ad8295570 2455064514b9465ea90a5f1ea7cb485f 07b98e991674443685c1ec22750013fe - - default default] Successfully bumped revision number for resource 8e2c67fc-c276-4e05-a4d5-fbf76a4c6a23 (type: security_group_rules) to 0
2026-04-23 17:13:24.526 7 INFO neutron.db.ovn_revision_numbers_db [None req-bc0d8cc9-1ecb-4d68-adda-230ad8295570 2455064514b9465ea90a5f1ea7cb485f 07b98e991674443685c1ec22750013fe - - default default] Successfully bumped revision number for resource 95c829e6-ef4d-4ee9-8d88-0e1d2e7750d9 (type: security_group_rules) to 0
2026-04-23 17:13:24.539 7 INFO neutron.db.ovn_revision_numbers_db [None req-bc0d8cc9-1ecb-4d68-adda-230ad8295570 2455064514b9465ea90a5f1ea7cb485f 07b98e991674443685c1ec22750013fe - - default default] Successfully bumped revision number for resource fd0abe08-7ff3-4c49-8d43-43c1185bca90 (type: security_group_rules) to 0
2026-04-23 17:13:24.566 8 INFO neutron.services.segments.plugin [-] Segment 45a12235-a61a-4df5-9f8a-eb7e2f3bae0a resource provider aggregate not found
2026-04-23 17:13:24.568 8 INFO neutron.services.segments.plugin [-] Segment 45a12235-a61a-4df5-9f8a-eb7e2f3bae0a resource provider aggregate not found
2026-04-23 17:13:24.592 8 INFO neutron.services.segments.plugin [-] Segment 45a12235-a61a-4df5-9f8a-eb7e2f3bae0a resource provider not found; error: Placement Client Error (4xx): {"errors": [{"status": 404, "title": "Not Found", "detail": "The resource could not be found.\n\n No resource provider with uuid 45a12235-a61a-4df5-9f8a-eb7e2f3bae0a found for delete ", "request_id": "req-065128d7-fe89-4bb8-b640-ac534d8af45e"}]}
2026-04-23 17:13:24.596 8 INFO neutron.services.segments.plugin [-] Segment 45a12235-a61a-4df5-9f8a-eb7e2f3bae0a resource provider not found; error: Placement Client Error (4xx): {"errors": [{"status": 404, "title": "Not Found", "detail": "The resource could not be found.\n\n No resource provider with uuid 45a12235-a61a-4df5-9f8a-eb7e2f3bae0a found for delete ", "request_id": "req-c106af10-ccfb-4269-a9d0-9e7a3c97a775"}]}
2026-04-23 17:13:24.621 7 INFO neutron.db.segments_db [None req-bc0d8cc9-1ecb-4d68-adda-230ad8295570 2455064514b9465ea90a5f1ea7cb485f 07b98e991674443685c1ec22750013fe - - default default] Added segment e441cadc-6d3e-4d17-8f14-5ba88b60f529 of type geneve for network 5c32a121-4414-425d-bf37-babb036f7b8c [pid: 8|app: 0|req: 810/1562] 10.0.0.211 () {32 vars in 726 bytes} [Thu Apr 23 17:13:24 2026] DELETE /v2.0/networks/c0d196fe-4c56-40a9-9ddb-529445512f7b => generated 0 bytes in 422 msecs (HTTP/1.1 204) 3 headers in 131 bytes (1 switches on core 0)
2026-04-23 17:13:24.735 7 INFO neutron.db.ovn_revision_numbers_db [None req-bc0d8cc9-1ecb-4d68-adda-230ad8295570 2455064514b9465ea90a5f1ea7cb485f 07b98e991674443685c1ec22750013fe - - default default] Successfully bumped revision number for resource 5c32a121-4414-425d-bf37-babb036f7b8c (type: networks) to 1 [pid: 8|app: 0|req: 811/1563] 10.0.0.211 () {32 vars in 717 bytes} [Thu Apr 23 17:13:24 2026] GET /v2.0/ports/dfa9b3fe-cadb-4db0-87f6-0543503a297e => generated 953 bytes in 103 msecs (HTTP/1.1 200) 4 headers in 157 bytes (1 switches on core 0) [pid: 8|app: 0|req: 812/1564] 10.0.0.211 () {32 vars in 717 bytes} [Thu Apr 23 17:13:24 2026] GET /v2.0/ports/dfa9b3fe-cadb-4db0-87f6-0543503a297e => generated 953 bytes in 39 msecs (HTTP/1.1 200) 4 headers in 157 bytes (1 switches on core 0)
2026-04-23 17:13:24.907 7 WARNING neutron.scheduler.dhcp_agent_scheduler [None req-bc0d8cc9-1ecb-4d68-adda-230ad8295570 2455064514b9465ea90a5f1ea7cb485f 07b98e991674443685c1ec22750013fe - - default default] No more DHCP agents
2026-04-23 17:13:24.909 7 WARNING neutron.api.rpc.agentnotifiers.dhcp_rpc_agent_api [None req-bc0d8cc9-1ecb-4d68-adda-230ad8295570 2455064514b9465ea90a5f1ea7cb485f 07b98e991674443685c1ec22750013fe - - default default] Unable to schedule network 5c32a121-4414-425d-bf37-babb036f7b8c: no agents available; will retry on subsequent port and subnet creation events.
2026-04-23 17:13:24.986 7 INFO neutron.db.ovn_revision_numbers_db [None req-bc0d8cc9-1ecb-4d68-adda-230ad8295570 2455064514b9465ea90a5f1ea7cb485f 07b98e991674443685c1ec22750013fe - - default default] Successfully bumped revision number for resource 48b6bb47-1640-4f8f-87c8-485c32a79db1 (type: ports) to 1 [pid: 7|app: 0|req: 753/1565] 10.0.0.211 () {34 vars in 670 bytes} [Thu Apr 23 17:13:24 2026] POST /v2.0/networks => generated 749 bytes in 920 msecs (HTTP/1.1 201) 4 headers in 162 bytes (1 switches on core 0)
2026-04-23 17:13:25.167 8 WARNING neutron.scheduler.dhcp_agent_scheduler [None req-328d4f5f-f695-4d30-b896-58e834e5a138 2455064514b9465ea90a5f1ea7cb485f 07b98e991674443685c1ec22750013fe - - default default] No more DHCP agents
2026-04-23 17:13:25.169 8 WARNING neutron.api.rpc.agentnotifiers.dhcp_rpc_agent_api [None req-328d4f5f-f695-4d30-b896-58e834e5a138 2455064514b9465ea90a5f1ea7cb485f 07b98e991674443685c1ec22750013fe - - default default] Unable to schedule network 5c32a121-4414-425d-bf37-babb036f7b8c: no agents available; will retry on subsequent port and subnet creation events. [pid: 7|app: 0|req: 754/1566] 10.0.0.211 () {32 vars in 774 bytes} [Thu Apr 23 17:13:25 2026] GET /v2.0/security-groups?tenant_id=5376ce624ad24945925806cf4712a8a4&name=default => generated 2925 bytes in 126 msecs (HTTP/1.1 200) 4 headers in 158 bytes (1 switches on core 0)
2026-04-23 17:13:25.300 7 INFO neutron.services.segments.plugin [-] Segment 70147b7a-67e7-41ac-b14c-efeb7808e9d5 resource provider aggregate not found
2026-04-23 17:13:25.311 7 INFO neutron.services.segments.plugin [-] Segment 70147b7a-67e7-41ac-b14c-efeb7808e9d5 resource provider aggregate not found
2026-04-23 17:13:25.320 7 INFO neutron.services.segments.plugin [-] Segment 70147b7a-67e7-41ac-b14c-efeb7808e9d5 resource provider not found; error: Placement Client Error (4xx): {"errors": [{"status": 404, "title": "Not Found", "detail": "The resource could not be found.\n\n No resource provider with uuid 70147b7a-67e7-41ac-b14c-efeb7808e9d5 found for delete ", "request_id": "req-1e507c86-b3cf-47f9-9b15-5ea144d41818"}]}
2026-04-23 17:13:25.334 7 INFO neutron.services.segments.plugin [-] Segment 5c3fb833-03c0-426d-b6c8-07dc5e43c968 resource provider aggregate not found
2026-04-23 17:13:25.340 7 INFO neutron.services.segments.plugin [-] Segment 70147b7a-67e7-41ac-b14c-efeb7808e9d5 resource provider not found; error: Placement Client Error (4xx): {"errors": [{"status": 404, "title": "Not Found", "detail": "The resource could not be found.\n\n No resource provider with uuid 70147b7a-67e7-41ac-b14c-efeb7808e9d5 found for delete ", "request_id": "req-614b24c2-8642-40c7-8554-eb18a1041d8b"}]}
2026-04-23 17:13:25.355 7 INFO neutron.services.segments.plugin [-] Segment 5c3fb833-03c0-426d-b6c8-07dc5e43c968 resource provider not found; error: Placement Client Error (4xx): {"errors": [{"status": 404, "title": "Not Found", "detail": "The resource could not be found.\n\n No resource provider with uuid 5c3fb833-03c0-426d-b6c8-07dc5e43c968 found for delete ", "request_id": "req-4b21984c-e5bd-41bc-bdef-bfc2bf13e6a9"}]}
2026-04-23 17:13:25.362 7 INFO neutron.services.segments.plugin [-] Segment 5c3fb833-03c0-426d-b6c8-07dc5e43c968 resource provider aggregate not found
2026-04-23 17:13:25.382 7 INFO neutron.services.segments.plugin [-] Segment 5c3fb833-03c0-426d-b6c8-07dc5e43c968 resource provider not found; error: Placement Client Error (4xx): {"errors": [{"status": 404, "title": "Not Found", "detail": "The resource could not be found.\n\n No resource provider with uuid 5c3fb833-03c0-426d-b6c8-07dc5e43c968 found for delete ", "request_id": "req-4c944e22-bbf8-480e-bcd9-41adc1895bda"}]} [pid: 7|app: 0|req: 755/1567] 10.0.0.211 () {32 vars in 740 bytes} [Thu Apr 23 17:13:25 2026] DELETE /v2.0/security-groups/48581128-097e-4b27-a1f7-da101472361f => generated 0 bytes in 255 msecs (HTTP/1.1 204) 2 headers in 112 bytes (1 switches on core 0) [pid: 7|app: 0|req: 756/1568] 10.0.0.94 () {34 vars in 989 bytes} [Thu Apr 23 17:13:25 2026] GET /v2.0/ports?device_id=25643715-ce7b-4540-a5b6-786691969014 => generated 971 bytes in 87 msecs (HTTP/1.1 200) 4 headers in 157 bytes (1 switches on core 0)
2026-04-23 17:13:25.644 8 INFO neutron.db.ovn_revision_numbers_db [None req-827637a6-7921-4460-905c-e0e174ff068b - - - - - -] Successfully bumped revision number for resource 48b6bb47-1640-4f8f-87c8-485c32a79db1 (type: ports) to 2 [pid: 7|app: 0|req: 757/1569] 10.0.0.94 () {34 vars in 1039 bytes} [Thu Apr 23 17:13:25 2026] GET /v2.0/security-groups?id=7415057f-3f04-43b3-b0c6-3eabe4cbf881&fields=id&fields=name => generated 112 bytes in 34 msecs (HTTP/1.1 200) 4 headers in 157 bytes (1 switches on core 0)
2026-04-23 17:13:25.670 8 INFO neutron.db.ovn_revision_numbers_db [None req-827637a6-7921-4460-905c-e0e174ff068b - - - - - -] Successfully bumped revision number for resource 9242caad-203f-409d-bb43-3f8a9ac0b801 (type: subnets) to 0 [pid: 8|app: 0|req: 813/1570] 10.0.0.211 () {34 vars in 669 bytes} [Thu Apr 23 17:13:25 2026] POST /v2.0/subnets => generated 644 bytes in 675 msecs (HTTP/1.1 201) 4 headers in 162 bytes (1 switches on core 0)
2026-04-23 17:13:25.703 7 WARNING neutron.api.v2.base [None req-eae721e8-0fb8-4ce2-b0c6-ba1135fa25d6 2455064514b9465ea90a5f1ea7cb485f 07b98e991674443685c1ec22750013fe - - default default] An exception happened while processing the request body. The exception message is [Invalid input for target_tenant. Reason: 'None' is not a valid string.].: webob.exc.HTTPBadRequest: Invalid input for target_tenant. Reason: 'None' is not a valid string.
2026-04-23 17:13:25.704 7 INFO neutron.api.v2.resource [None req-eae721e8-0fb8-4ce2-b0c6-ba1135fa25d6 2455064514b9465ea90a5f1ea7cb485f 07b98e991674443685c1ec22750013fe - - default default] create failed (client error): Invalid input for target_tenant. Reason: 'None' is not a valid string. [pid: 7|app: 0|req: 758/1571] 10.0.0.211 () {34 vars in 681 bytes} [Thu Apr 23 17:13:25 2026] POST /v2.0/rbac-policies => generated 143 bytes in 11 msecs (HTTP/1.1 400) 4 headers in 166 bytes (1 switches on core 0) [pid: 7|app: 0|req: 759/1572] 10.0.0.94 () {34 vars in 989 bytes} [Thu Apr 23 17:13:25 2026] GET /v2.0/ports?device_id=25643715-ce7b-4540-a5b6-786691969014 => generated 971 bytes in 45 msecs (HTTP/1.1 200) 4 headers in 157 bytes (1 switches on core 0) [pid: 7|app: 0|req: 760/1573] 10.0.0.94 () {34 vars in 1039 bytes} [Thu Apr 23 17:13:25 2026] GET /v2.0/security-groups?id=7415057f-3f04-43b3-b0c6-3eabe4cbf881&fields=id&fields=name => generated 112 bytes in 36 msecs (HTTP/1.1 200) 4 headers in 157 bytes (1 switches on core 0)
2026-04-23 17:13:25.868 8 INFO neutron_taas.services.taas.taas_plugin [None req-2e7ac2cd-571a-4fbd-9631-bc31ef62a154 2455064514b9465ea90a5f1ea7cb485f 07b98e991674443685c1ec22750013fe - - default default] TaaS: Handle Delete Port: 48b6bb47-1640-4f8f-87c8-485c32a79db1
2026-04-23 17:13:25.870 8 INFO neutron_taas.services.taas.tap_mirror_plugin [None req-2e7ac2cd-571a-4fbd-9631-bc31ef62a154 2455064514b9465ea90a5f1ea7cb485f 07b98e991674443685c1ec22750013fe - - default default] Tap Mirror: Handle Delete Port: 48b6bb47-1640-4f8f-87c8-485c32a79db1 [pid: 7|app: 0|req: 761/1574] 10.0.0.211 () {32 vars in 717 bytes} [Thu Apr 23 17:13:25 2026] GET /v2.0/ports/dfa9b3fe-cadb-4db0-87f6-0543503a297e => generated 953 bytes in 90 msecs (HTTP/1.1 200) 4 headers in 157 bytes (1 switches on core 0) [pid: 7|app: 0|req: 762/1575] 10.0.0.94 () {34 vars in 989 bytes} [Thu Apr 23 17:13:26 2026] GET /v2.0/ports?device_id=25643715-ce7b-4540-a5b6-786691969014 => generated 971 bytes in 45 msecs (HTTP/1.1 200) 4 headers in 157 bytes (1 switches on core 0) [pid: 7|app: 0|req: 763/1576] 10.0.0.94 () {34 vars in 1039 bytes} [Thu Apr 23 17:13:26 2026] GET /v2.0/security-groups?id=7415057f-3f04-43b3-b0c6-3eabe4cbf881&fields=id&fields=name => generated 112 bytes in 35 msecs (HTTP/1.1 200) 4 headers in 157 bytes (1 switches on core 0) [pid: 8|app: 0|req: 814/1577] 10.0.0.211 () {32 vars in 726 bytes} [Thu Apr 23 17:13:25 2026] DELETE /v2.0/networks/5c32a121-4414-425d-bf37-babb036f7b8c => generated 0 bytes in 537 msecs (HTTP/1.1 204) 3 headers in 131 bytes (1 switches on core 0)
2026-04-23 17:13:26.350 7 INFO neutron.db.segments_db [None req-813a0f60-9357-4b3c-9b76-1617c60d6961 2455064514b9465ea90a5f1ea7cb485f 07b98e991674443685c1ec22750013fe - - default default] Added segment 7d676f37-000c-400d-bc21-043c8e2fcfee of type geneve for network 57b545a6-ad06-4e10-a8e6-c1b83ea7341b
2026-04-23 17:13:26.467 7 INFO neutron.db.ovn_revision_numbers_db [None req-813a0f60-9357-4b3c-9b76-1617c60d6961 2455064514b9465ea90a5f1ea7cb485f 07b98e991674443685c1ec22750013fe - - default default] Successfully bumped revision number for resource 57b545a6-ad06-4e10-a8e6-c1b83ea7341b (type: networks) to 1
2026-04-23 17:13:26.617 8 INFO neutron.services.segments.plugin [-] Segment e441cadc-6d3e-4d17-8f14-5ba88b60f529 resource provider aggregate not found
2026-04-23 17:13:26.621 8 INFO neutron.services.segments.plugin [-] Segment e441cadc-6d3e-4d17-8f14-5ba88b60f529 resource provider aggregate not found
2026-04-23 17:13:26.628 7 WARNING neutron.scheduler.dhcp_agent_scheduler [None req-813a0f60-9357-4b3c-9b76-1617c60d6961 2455064514b9465ea90a5f1ea7cb485f 07b98e991674443685c1ec22750013fe - - default default] No more DHCP agents
2026-04-23 17:13:26.629 7 WARNING neutron.api.rpc.agentnotifiers.dhcp_rpc_agent_api [None req-813a0f60-9357-4b3c-9b76-1617c60d6961 2455064514b9465ea90a5f1ea7cb485f 07b98e991674443685c1ec22750013fe - - default default] Unable to schedule network 57b545a6-ad06-4e10-a8e6-c1b83ea7341b: no agents available; will retry on subsequent port and subnet creation events.
2026-04-23 17:13:26.641 8 INFO neutron.services.segments.plugin [-] Segment e441cadc-6d3e-4d17-8f14-5ba88b60f529 resource provider not found; error: Placement Client Error (4xx): {"errors": [{"status": 404, "title": "Not Found", "detail": "The resource could not be found.\n\n No resource provider with uuid e441cadc-6d3e-4d17-8f14-5ba88b60f529 found for delete ", "request_id": "req-03b72c70-31f4-4153-89de-08bad176c98b"}]}
2026-04-23 17:13:26.641 8 INFO neutron.services.segments.plugin [-] Segment e441cadc-6d3e-4d17-8f14-5ba88b60f529 resource provider not found; error: Placement Client Error (4xx): {"errors": [{"status": 404, "title": "Not Found", "detail": "The resource could not be found.\n\n No resource provider with uuid e441cadc-6d3e-4d17-8f14-5ba88b60f529 found for delete ", "request_id": "req-83d1b7c5-78dc-44b3-9707-cd899cb202f4"}]}
2026-04-23 17:13:26.689 7 INFO neutron.plugins.ml2.drivers.ovn.mech_driver.mech_driver [None req-8cd7f938-4fbf-4aab-86d2-cf895242d4e9 - - - - - -] OVN reports status down for port: aa1903a8-b79a-4014-9096-43c7e9cbc747
2026-04-23 17:13:26.744 7 INFO neutron.db.ovn_revision_numbers_db [None req-813a0f60-9357-4b3c-9b76-1617c60d6961 2455064514b9465ea90a5f1ea7cb485f 07b98e991674443685c1ec22750013fe - - default default] Successfully bumped revision number for resource aa1903a8-b79a-4014-9096-43c7e9cbc747 (type: ports) to 1 [pid: 7|app: 0|req: 764/1578] 10.0.0.211 () {34 vars in 670 bytes} [Thu Apr 23 17:13:26 2026] POST /v2.0/networks => generated 749 bytes in 534 msecs (HTTP/1.1 201) 4 headers in 162 bytes (1 switches on core 0)
2026-04-23 17:13:26.930 8 WARNING neutron.scheduler.dhcp_agent_scheduler [None req-0af140f3-4a13-4aeb-8358-d8f20cf88a5f 2455064514b9465ea90a5f1ea7cb485f 07b98e991674443685c1ec22750013fe - - default default] No more DHCP agents
2026-04-23 17:13:26.932 8 WARNING neutron.api.rpc.agentnotifiers.dhcp_rpc_agent_api [None req-0af140f3-4a13-4aeb-8358-d8f20cf88a5f 2455064514b9465ea90a5f1ea7cb485f 07b98e991674443685c1ec22750013fe - - default default] Unable to schedule network 57b545a6-ad06-4e10-a8e6-c1b83ea7341b: no agents available; will retry on subsequent port and subnet creation events. [pid: 7|app: 0|req: 765/1579] 10.0.0.211 () {32 vars in 717 bytes} [Thu Apr 23 17:13:26 2026] GET /v2.0/ports/dfa9b3fe-cadb-4db0-87f6-0543503a297e => generated 953 bytes in 36 msecs (HTTP/1.1 200) 4 headers in 157 bytes (1 switches on core 0)
2026-04-23 17:13:27.418 8 INFO neutron.db.ovn_revision_numbers_db [None req-1b56b9f0-3de6-4e5b-9ae8-4eb7ede89e76 - - - - - -] Successfully bumped revision number for resource aa1903a8-b79a-4014-9096-43c7e9cbc747 (type: ports) to 2
2026-04-23 17:13:27.456 8 INFO neutron.db.ovn_revision_numbers_db [None req-1b56b9f0-3de6-4e5b-9ae8-4eb7ede89e76 - - - - - -] Successfully bumped revision number for resource 69032b3c-ea32-4ba5-ac86-a5a3fd32ccaa (type: subnets) to 0 [pid: 8|app: 0|req: 815/1580] 10.0.0.211 () {34 vars in 669 bytes} [Thu Apr 23 17:13:26 2026] POST /v2.0/subnets => generated 647 bytes in 675 msecs (HTTP/1.1 201) 4 headers in 162 bytes (1 switches on core 0)
2026-04-23 17:13:27.559 7 INFO neutron.db.ovn_revision_numbers_db [None req-87dfc7f5-888f-4876-9a87-be701d14da5e 8700594c3f074550ad757328368d45ee 7300687c28e74f44b233a60fb2811d36 - - default default] Successfully bumped revision number for resource 55b63857-1e54-4ba5-80fd-40972357000e (type: security_groups) to 1 [pid: 8|app: 0|req: 816/1581] 10.0.0.94 () {34 vars in 989 bytes} [Thu Apr 23 17:13:27 2026] GET /v2.0/ports?device_id=25643715-ce7b-4540-a5b6-786691969014 => generated 971 bytes in 94 msecs (HTTP/1.1 200) 4 headers in 157 bytes (1 switches on core 0)
2026-04-23 17:13:27.573 8 WARNING neutron.api.v2.base [None req-28362428-664e-4a24-98a9-6d67909fdf49 2455064514b9465ea90a5f1ea7cb485f 07b98e991674443685c1ec22750013fe - - default default] An exception happened while processing the request body. The exception message is [Invalid input for target_tenant. Reason: '1234123412341234123412341234123412341234123412341234123412341234123412341234123412341234123412341234123412341234123412341234123412341234123412341234123412341234123412341234123412341234123412341234123412341234123412341234123412341234123412341234123412341234123412341234123412341234123412341234123412341234123412341234123412341234123412341234123412341234123412341234123412341234123412341234123412341234' exceeds maximum length of 255.].: webob.exc.HTTPBadRequest: Invalid input for target_tenant. Reason: '1234123412341234123412341234123412341234123412341234123412341234123412341234123412341234123412341234123412341234123412341234123412341234123412341234123412341234123412341234123412341234123412341234123412341234123412341234123412341234123412341234123412341234123412341234123412341234123412341234123412341234123412341234123412341234123412341234123412341234123412341234123412341234123412341234123412341234' exceeds maximum length of 255.
2026-04-23 17:13:27.573 8 INFO neutron.api.v2.resource [None req-28362428-664e-4a24-98a9-6d67909fdf49 2455064514b9465ea90a5f1ea7cb485f 07b98e991674443685c1ec22750013fe - - default default] create failed (client error): Invalid input for target_tenant. Reason: '1234123412341234123412341234123412341234123412341234123412341234123412341234123412341234123412341234123412341234123412341234123412341234123412341234123412341234123412341234123412341234123412341234123412341234123412341234123412341234123412341234123412341234123412341234123412341234123412341234123412341234123412341234123412341234123412341234123412341234123412341234123412341234123412341234123412341234' exceeds maximum length of 255. [pid: 8|app: 0|req: 817/1582] 10.0.0.211 () {34 vars in 681 bytes} [Thu Apr 23 17:13:27 2026] POST /v2.0/rbac-policies => generated 547 bytes in 5 msecs (HTTP/1.1 400) 4 headers in 166 bytes (1 switches on core 0)
2026-04-23 17:13:27.577 7 INFO neutron.db.ovn_revision_numbers_db [None req-87dfc7f5-888f-4876-9a87-be701d14da5e 8700594c3f074550ad757328368d45ee 7300687c28e74f44b233a60fb2811d36 - - default default] Successfully bumped revision number for resource 0534834a-d603-4768-ab4c-2d58f05afdb5 (type: security_group_rules) to 0
2026-04-23 17:13:27.603 7 INFO neutron.db.ovn_revision_numbers_db [None req-87dfc7f5-888f-4876-9a87-be701d14da5e 8700594c3f074550ad757328368d45ee 7300687c28e74f44b233a60fb2811d36 - - default default] Successfully bumped revision number for resource 217e6d4e-1a39-4a96-862d-ae7d6c41e09f (type: security_group_rules) to 0 [pid: 8|app: 0|req: 818/1583] 10.0.0.94 () {34 vars in 1039 bytes} [Thu Apr 23 17:13:27 2026] GET /v2.0/security-groups?id=7415057f-3f04-43b3-b0c6-3eabe4cbf881&fields=id&fields=name => generated 112 bytes in 28 msecs (HTTP/1.1 200) 4 headers in 157 bytes (1 switches on core 0)
2026-04-23 17:13:27.618 7 INFO neutron.db.ovn_revision_numbers_db [None req-87dfc7f5-888f-4876-9a87-be701d14da5e 8700594c3f074550ad757328368d45ee 7300687c28e74f44b233a60fb2811d36 - - default default] Successfully bumped revision number for resource efff90e2-5339-414a-811f-21df5aadca4f (type: security_group_rules) to 0
2026-04-23 17:13:27.635 7 INFO neutron.db.ovn_revision_numbers_db [None req-87dfc7f5-888f-4876-9a87-be701d14da5e 8700594c3f074550ad757328368d45ee 7300687c28e74f44b233a60fb2811d36 - - default default] Successfully bumped revision number for resource f9cfcd01-6daf-491a-856e-4a7cebb41379 (type: security_group_rules) to 0
2026-04-23 17:13:27.715 7 INFO neutron.db.segments_db [None req-87dfc7f5-888f-4876-9a87-be701d14da5e 8700594c3f074550ad757328368d45ee 7300687c28e74f44b233a60fb2811d36 - - default default] Added segment 5cb7dec7-04be-4af6-a6ea-43dcb3a19d06 of type geneve for network 23c4c253-0573-45f0-8500-b9cfdf9d160f
2026-04-23 17:13:27.773 8 WARNING neutron.plugins.ml2.drivers.ovn.mech_driver.ovsdb.ovn_client [None req-b7822ae0-e700-4da5-8ec0-1ab77227743b - - - - - -] No hosting information found for port e198de0f-ceda-418a-b8ec-499f0d833849: RuntimeError: No hosting information found for port e198de0f-ceda-418a-b8ec-499f0d833849
2026-04-23 17:13:27.810 8 INFO neutron_taas.services.taas.taas_plugin [None req-bc822eda-8430-443d-8730-67ff1fed1e08 2455064514b9465ea90a5f1ea7cb485f 07b98e991674443685c1ec22750013fe - - default default] TaaS: Handle Delete Port: aa1903a8-b79a-4014-9096-43c7e9cbc747
