2026-04-23 17:13:27.816 8 INFO neutron_taas.services.taas.tap_mirror_plugin [None req-bc822eda-8430-443d-8730-67ff1fed1e08 2455064514b9465ea90a5f1ea7cb485f 07b98e991674443685c1ec22750013fe - - default default] Tap Mirror: Handle Delete Port: aa1903a8-b79a-4014-9096-43c7e9cbc747
2026-04-23 17:13:27.858 7 INFO neutron.db.ovn_revision_numbers_db [None req-87dfc7f5-888f-4876-9a87-be701d14da5e 8700594c3f074550ad757328368d45ee 7300687c28e74f44b233a60fb2811d36 - - default default] Successfully bumped revision number for resource 23c4c253-0573-45f0-8500-b9cfdf9d160f (type: networks) to 1
2026-04-23 17:13:27.933 8 INFO neutron.db.ovn_revision_numbers_db [None req-b7822ae0-e700-4da5-8ec0-1ab77227743b - - - - - -] Successfully bumped revision number for resource e198de0f-ceda-418a-b8ec-499f0d833849 (type: router_ports) to 2
2026-04-23 17:13:28.020 8 INFO neutron.plugins.ml2.drivers.ovn.mech_driver.mech_driver [None req-b7822ae0-e700-4da5-8ec0-1ab77227743b - - - - - -] OVN reports status down for port: dfa9b3fe-cadb-4db0-87f6-0543503a297e
2026-04-23 17:13:28.038 7 WARNING neutron.scheduler.dhcp_agent_scheduler [None req-87dfc7f5-888f-4876-9a87-be701d14da5e 8700594c3f074550ad757328368d45ee 7300687c28e74f44b233a60fb2811d36 - - default default] No more DHCP agents
2026-04-23 17:13:28.040 7 WARNING neutron.api.rpc.agentnotifiers.dhcp_rpc_agent_api [None req-87dfc7f5-888f-4876-9a87-be701d14da5e 8700594c3f074550ad757328368d45ee 7300687c28e74f44b233a60fb2811d36 - - default default] Unable to schedule network 23c4c253-0573-45f0-8500-b9cfdf9d160f: no agents available; will retry on subsequent port and subnet creation events.
2026-04-23 17:13:28.112 7 INFO neutron.plugins.ml2.drivers.ovn.mech_driver.mech_driver [None req-8cd7f938-4fbf-4aab-86d2-cf895242d4e9 - - - - - -] OVN reports status down for port: 2c3e3b3a-fbc1-4fa2-84dc-6c9da8b60891
2026-04-23 17:13:28.152 8 WARNING neutron.plugins.ml2.drivers.ovn.mech_driver.ovsdb.ovn_client [None req-b7822ae0-e700-4da5-8ec0-1ab77227743b - - - - - -] Logical_Switch_Port %s host information not removed, the port state is up
2026-04-23 17:13:28.152 8 INFO neutron.plugins.ml2.drivers.ovn.mech_driver.mech_driver [None req-b7822ae0-e700-4da5-8ec0-1ab77227743b - - - - - -] OVN reports status up for port: dfa9b3fe-cadb-4db0-87f6-0543503a297e
2026-04-23 17:13:28.171 8 INFO neutron.plugins.ml2.plugin [None req-b7822ae0-e700-4da5-8ec0-1ab77227743b - - - - - -] Attempt 1 to provision port dfa9b3fe-cadb-4db0-87f6-0543503a297e
2026-04-23 17:13:28.175 7 INFO neutron.db.ovn_revision_numbers_db [None req-87dfc7f5-888f-4876-9a87-be701d14da5e 8700594c3f074550ad757328368d45ee 7300687c28e74f44b233a60fb2811d36 - - default default] Successfully bumped revision number for resource 2c3e3b3a-fbc1-4fa2-84dc-6c9da8b60891 (type: ports) to 1 [pid: 7|app: 0|req: 766/1584] 10.0.0.211 () {34 vars in 670 bytes} [Thu Apr 23 17:13:27 2026] POST /v2.0/networks => generated 668 bytes in 999 msecs (HTTP/1.1 201) 4 headers in 162 bytes (1 switches on core 0) [pid: 7|app: 0|req: 767/1585] 199.204.45.72 () {34 vars in 1079 bytes} [Thu Apr 23 17:13:28 2026] GET /v2.0/ports?tenant_id=14976672588c43438df162e9e89b32ea&device_id=25643715-ce7b-4540-a5b6-786691969014 => generated 1209 bytes in 60 msecs (HTTP/1.1 200) 4 headers in 158 bytes (1 switches on core 0) [pid: 7|app: 0|req: 768/1586] 10.0.0.211 () {32 vars in 717 bytes} [Thu Apr 23 17:13:28 2026] GET /v2.0/ports/dfa9b3fe-cadb-4db0-87f6-0543503a297e => generated 953 bytes in 41 msecs (HTTP/1.1 200) 4 headers in 157 bytes (1 switches on core 0) [pid: 8|app: 0|req: 819/1587] 10.0.0.211 () {32 vars in 726 bytes} [Thu Apr 23 17:13:27 2026] DELETE /v2.0/networks/57b545a6-ad06-4e10-a8e6-c1b83ea7341b => generated 0 bytes in 816 msecs (HTTP/1.1 204) 3 headers in 131 bytes (1 switches on core 0) [pid: 8|app: 0|req: 820/1588] 199.204.45.72 () {34 vars in 985 bytes} [Thu Apr 23 17:13:28 2026] GET /v2.0/networks?id=6776835f-048a-4d05-a02f-dd91d5ae4bce => generated 811 bytes in 83 msecs (HTTP/1.1 200) 4 headers in 157 bytes (1 switches on core 0)
2026-04-23 17:13:28.563 7 WARNING neutron.scheduler.dhcp_agent_scheduler [None req-8996e275-6508-434a-966c-3206a24b7baa 8700594c3f074550ad757328368d45ee 7300687c28e74f44b233a60fb2811d36 - - default default] No more DHCP agents
2026-04-23 17:13:28.564 7 WARNING neutron.api.rpc.agentnotifiers.dhcp_rpc_agent_api [None req-8996e275-6508-434a-966c-3206a24b7baa 8700594c3f074550ad757328368d45ee 7300687c28e74f44b233a60fb2811d36 - - default default] Unable to schedule network 23c4c253-0573-45f0-8500-b9cfdf9d160f: no agents available; will retry on subsequent port and subnet creation events.
2026-04-23 17:13:28.633 7 INFO neutron.plugins.ml2.drivers.ovn.mech_driver.mech_driver [None req-8cd7f938-4fbf-4aab-86d2-cf895242d4e9 - - - - - -] OVN reports status down for port: 9e408b81-5d94-4df1-8981-dc6d9067d36e
2026-04-23 17:13:28.665 8 INFO neutron.services.segments.plugin [-] Segment 7d676f37-000c-400d-bc21-043c8e2fcfee resource provider aggregate not found
2026-04-23 17:13:28.673 8 INFO neutron.services.segments.plugin [-] Segment 7d676f37-000c-400d-bc21-043c8e2fcfee resource provider aggregate not found
2026-04-23 17:13:28.690 8 INFO neutron.db.segments_db [None req-d4c8cf28-f516-4a26-8c8f-c0580d52ea12 2455064514b9465ea90a5f1ea7cb485f 07b98e991674443685c1ec22750013fe - - default default] Added segment 5224633c-89ad-4313-aeab-9a4cb97b5f08 of type geneve for network 5cd1332e-944a-40da-b619-d7d1f33f81ff
2026-04-23 17:13:28.696 8 INFO neutron.services.segments.plugin [-] Segment 7d676f37-000c-400d-bc21-043c8e2fcfee resource provider not found; error: Placement Client Error (4xx): {"errors": [{"status": 404, "title": "Not Found", "detail": "The resource could not be found.\n\n No resource provider with uuid 7d676f37-000c-400d-bc21-043c8e2fcfee found for delete ", "request_id": "req-9933537e-a49b-4b8a-8dbb-a156c4eec04f"}]}
2026-04-23 17:13:28.706 8 INFO neutron.services.segments.plugin [-] Segment 7d676f37-000c-400d-bc21-043c8e2fcfee resource provider not found; error: Placement Client Error (4xx): {"errors": [{"status": 404, "title": "Not Found", "detail": "The resource could not be found.\n\n No resource provider with uuid 7d676f37-000c-400d-bc21-043c8e2fcfee found for delete ", "request_id": "req-8e0f2233-f1b8-4b8d-8833-f1f5b2dca5f3"}]}
2026-04-23 17:13:28.731 7 INFO neutron.db.ovn_revision_numbers_db [None req-8996e275-6508-434a-966c-3206a24b7baa 8700594c3f074550ad757328368d45ee 7300687c28e74f44b233a60fb2811d36 - - default default] Successfully bumped revision number for resource 9e408b81-5d94-4df1-8981-dc6d9067d36e (type: ports) to 1 [pid: 7|app: 0|req: 769/1589] 10.0.0.211 () {34 vars in 665 bytes} [Thu Apr 23 17:13:28 2026] POST /v2.0/ports => generated 777 bytes in 505 msecs (HTTP/1.1 201) 4 headers in 162 bytes (1 switches on core 0) /var/lib/openstack/lib/python3.12/site-packages/pycadf/identifier.py:70: UserWarning: Invalid uuid: neutron. To ensure interoperability, identifiers should be a valid uuid. warnings.warn(('Invalid uuid: %s. To ensure interoperability, '
2026-04-23 17:13:28.849 8 INFO neutron.db.ovn_revision_numbers_db [None req-b7822ae0-e700-4da5-8ec0-1ab77227743b - - - - - -] Successfully bumped revision number for resource dfa9b3fe-cadb-4db0-87f6-0543503a297e (type: ports) to 2 [pid: 7|app: 0|req: 770/1590] 199.204.45.72 () {34 vars in 1057 bytes} [Thu Apr 23 17:13:28 2026] GET /v2.0/floatingips?fixed_ip_address=10.100.0.7&port_id=84d69e26-caa4-45b2-9b69-04090dacc065 => generated 860 bytes in 40 msecs (HTTP/1.1 200) 4 headers in 157 bytes (1 switches on core 0) [pid: 7|app: 0|req: 771/1591] 10.0.0.94 () {34 vars in 989 bytes} [Thu Apr 23 17:13:28 2026] GET /v2.0/ports?device_id=25643715-ce7b-4540-a5b6-786691969014 => generated 971 bytes in 45 msecs (HTTP/1.1 200) 4 headers in 157 bytes (1 switches on core 0)
2026-04-23 17:13:28.941 8 INFO neutron.db.ovn_revision_numbers_db [None req-d4c8cf28-f516-4a26-8c8f-c0580d52ea12 2455064514b9465ea90a5f1ea7cb485f 07b98e991674443685c1ec22750013fe - - default default] Successfully bumped revision number for resource 5cd1332e-944a-40da-b619-d7d1f33f81ff (type: networks) to 1
2026-04-23 17:13:28.992 7 INFO neutron.db.segments_db [None req-6d52cef4-0a12-421f-89d0-f61648ea6926 8700594c3f074550ad757328368d45ee 7300687c28e74f44b233a60fb2811d36 - - default default] Added segment 1c01790c-d28e-4c1d-97d7-138639a01fca of type geneve for network 2a3c28a6-eb57-423b-9045-6554be2f89c5
2026-04-23 17:13:29.146 7 INFO neutron.db.ovn_revision_numbers_db [None req-6d52cef4-0a12-421f-89d0-f61648ea6926 8700594c3f074550ad757328368d45ee 7300687c28e74f44b233a60fb2811d36 - - default default] Successfully bumped revision number for resource 2a3c28a6-eb57-423b-9045-6554be2f89c5 (type: networks) to 1
2026-04-23 17:13:29.167 8 WARNING neutron.scheduler.dhcp_agent_scheduler [None req-d4c8cf28-f516-4a26-8c8f-c0580d52ea12 2455064514b9465ea90a5f1ea7cb485f 07b98e991674443685c1ec22750013fe - - default default] No more DHCP agents
2026-04-23 17:13:29.168 8 WARNING neutron.api.rpc.agentnotifiers.dhcp_rpc_agent_api [None req-d4c8cf28-f516-4a26-8c8f-c0580d52ea12 2455064514b9465ea90a5f1ea7cb485f 07b98e991674443685c1ec22750013fe - - default default] Unable to schedule network 5cd1332e-944a-40da-b619-d7d1f33f81ff: no agents available; will retry on subsequent port and subnet creation events.
2026-04-23 17:13:29.279 8 INFO neutron.db.ovn_revision_numbers_db [None req-d4c8cf28-f516-4a26-8c8f-c0580d52ea12 2455064514b9465ea90a5f1ea7cb485f 07b98e991674443685c1ec22750013fe - - default default] Successfully bumped revision number for resource ad5ca127-9156-4d31-9ade-21d9826dfcb8 (type: ports) to 1 [pid: 8|app: 0|req: 821/1592] 10.0.0.211 () {34 vars in 670 bytes} [Thu Apr 23 17:13:28 2026] POST /v2.0/networks => generated 749 bytes in 791 msecs (HTTP/1.1 201) 4 headers in 162 bytes (1 switches on core 0) [pid: 8|app: 0|req: 822/1593] 199.204.45.72 () {34 vars in 983 bytes} [Thu Apr 23 17:13:29 2026] GET /v2.0/subnets?id=ab6b764c-2bf6-4ec0-a675-85618fc9f4d8 => generated 693 bytes in 31 msecs (HTTP/1.1 200) 4 headers in 157 bytes (1 switches on core 0) [pid: 8|app: 0|req: 823/1594] 10.0.0.94 () {34 vars in 1039 bytes} [Thu Apr 23 17:13:29 2026] GET /v2.0/security-groups?id=7415057f-3f04-43b3-b0c6-3eabe4cbf881&fields=id&fields=name => generated 112 bytes in 27 msecs (HTTP/1.1 200) 4 headers in 157 bytes (1 switches on core 0)
2026-04-23 17:13:29.382 7 WARNING neutron.scheduler.dhcp_agent_scheduler [None req-6d52cef4-0a12-421f-89d0-f61648ea6926 8700594c3f074550ad757328368d45ee 7300687c28e74f44b233a60fb2811d36 - - default default] No more DHCP agents
2026-04-23 17:13:29.385 7 WARNING neutron.api.rpc.agentnotifiers.dhcp_rpc_agent_api [None req-6d52cef4-0a12-421f-89d0-f61648ea6926 8700594c3f074550ad757328368d45ee 7300687c28e74f44b233a60fb2811d36 - - default default] Unable to schedule network 2a3c28a6-eb57-423b-9045-6554be2f89c5: no agents available; will retry on subsequent port and subnet creation events.
2026-04-23 17:13:29.469 7 INFO neutron.db.ovn_revision_numbers_db [None req-6d52cef4-0a12-421f-89d0-f61648ea6926 8700594c3f074550ad757328368d45ee 7300687c28e74f44b233a60fb2811d36 - - default default] Successfully bumped revision number for resource 836c895d-4b7c-4289-b666-87c96e5a9ba1 (type: ports) to 1 [pid: 7|app: 0|req: 772/1595] 10.0.0.211 () {34 vars in 670 bytes} [Thu Apr 23 17:13:28 2026] POST /v2.0/networks => generated 654 bytes in 587 msecs (HTTP/1.1 201) 4 headers in 162 bytes (1 switches on core 0)
2026-04-23 17:13:29.531 8 WARNING neutron.scheduler.dhcp_agent_scheduler [None req-9e2456a5-2be6-4d19-9111-9a36aa015562 2455064514b9465ea90a5f1ea7cb485f 07b98e991674443685c1ec22750013fe - - default default] No more DHCP agents
2026-04-23 17:13:29.532 8 WARNING neutron.api.rpc.agentnotifiers.dhcp_rpc_agent_api [None req-9e2456a5-2be6-4d19-9111-9a36aa015562 2455064514b9465ea90a5f1ea7cb485f 07b98e991674443685c1ec22750013fe - - default default] Unable to schedule network 5cd1332e-944a-40da-b619-d7d1f33f81ff: no agents available; will retry on subsequent port and subnet creation events. [pid: 7|app: 0|req: 773/1596] 10.0.0.211 () {32 vars in 717 bytes} [Thu Apr 23 17:13:29 2026] GET /v2.0/ports/dfa9b3fe-cadb-4db0-87f6-0543503a297e => generated 955 bytes in 38 msecs (HTTP/1.1 200) 4 headers in 157 bytes (1 switches on core 0) [pid: 7|app: 0|req: 774/1597] 199.204.45.72 () {34 vars in 1051 bytes} [Thu Apr 23 17:13:29 2026] GET /v2.0/ports?network_id=6776835f-048a-4d05-a02f-dd91d5ae4bce&device_owner=network%3Adhcp => generated 12 bytes in 20 msecs (HTTP/1.1 200) 4 headers in 156 bytes (1 switches on core 0)
2026-04-23 17:13:29.759 7 WARNING neutron.scheduler.dhcp_agent_scheduler [None req-dacb4844-571e-4685-9580-64766e6e6598 8700594c3f074550ad757328368d45ee 7300687c28e74f44b233a60fb2811d36 - - default default] No more DHCP agents
2026-04-23 17:13:29.761 7 WARNING neutron.api.rpc.agentnotifiers.dhcp_rpc_agent_api [None req-dacb4844-571e-4685-9580-64766e6e6598 8700594c3f074550ad757328368d45ee 7300687c28e74f44b233a60fb2811d36 - - default default] Unable to schedule network 2a3c28a6-eb57-423b-9045-6554be2f89c5: no agents available; will retry on subsequent port and subnet creation events.
2026-04-23 17:13:29.793 7 INFO neutron.db.ovn_revision_numbers_db [None req-dacb4844-571e-4685-9580-64766e6e6598 8700594c3f074550ad757328368d45ee 7300687c28e74f44b233a60fb2811d36 - - default default] Successfully bumped revision number for resource 143c1dcd-db67-4378-98ab-538248071cd8 (type: subnets) to 0 [pid: 7|app: 0|req: 775/1598] 10.0.0.211 () {34 vars in 669 bytes} [Thu Apr 23 17:13:29 2026] POST /v2.0/subnets => generated 646 bytes in 263 msecs (HTTP/1.1 201) 4 headers in 162 bytes (1 switches on core 0)
2026-04-23 17:13:30.037 8 INFO neutron.db.ovn_revision_numbers_db [None req-e4b1f0bc-fce9-457c-98b8-c5a443ba73bf - - - - - -] Successfully bumped revision number for resource ad5ca127-9156-4d31-9ade-21d9826dfcb8 (type: ports) to 2
2026-04-23 17:13:30.070 8 INFO neutron.db.ovn_revision_numbers_db [None req-e4b1f0bc-fce9-457c-98b8-c5a443ba73bf - - - - - -] Successfully bumped revision number for resource a6d17fe0-2680-406e-be2a-980cf70077d9 (type: subnets) to 0 [pid: 8|app: 0|req: 824/1599] 10.0.0.211 () {34 vars in 669 bytes} [Thu Apr 23 17:13:29 2026] POST /v2.0/subnets => generated 647 bytes in 729 msecs (HTTP/1.1 201) 4 headers in 162 bytes (1 switches on core 0) [pid: 8|app: 0|req: 825/1600] 199.204.45.72 () {34 vars in 1011 bytes} [Thu Apr 23 17:13:30 2026] GET /v2.0/networks/6776835f-048a-4d05-a02f-dd91d5ae4bce?fields=segments => generated 14 bytes in 46 msecs (HTTP/1.1 200) 4 headers in 156 bytes (1 switches on core 0)
2026-04-23 17:13:30.155 7 INFO neutron_taas.services.taas.taas_plugin [None req-84a1d94e-b332-4e63-a803-d270b9ec374d 670fc4eab88f4eb9a178d6ced021e62e d09c9ac21efe4c0ab4ed854c8ba8640d - - default default] TaaS: Handle Delete Port: dfa9b3fe-cadb-4db0-87f6-0543503a297e
2026-04-23 17:13:30.158 7 INFO neutron_taas.services.taas.tap_mirror_plugin [None req-84a1d94e-b332-4e63-a803-d270b9ec374d 670fc4eab88f4eb9a178d6ced021e62e d09c9ac21efe4c0ab4ed854c8ba8640d - - default default] Tap Mirror: Handle Delete Port: dfa9b3fe-cadb-4db0-87f6-0543503a297e
2026-04-23 17:13:30.446 8 WARNING neutron.scheduler.dhcp_agent_scheduler [None req-29e33713-ba4a-4645-9756-fd732c8b799f 8700594c3f074550ad757328368d45ee 7300687c28e74f44b233a60fb2811d36 - - default default] No more DHCP agents
2026-04-23 17:13:30.448 8 WARNING neutron.api.rpc.agentnotifiers.dhcp_rpc_agent_api [None req-29e33713-ba4a-4645-9756-fd732c8b799f 8700594c3f074550ad757328368d45ee 7300687c28e74f44b233a60fb2811d36 - - default default] Unable to schedule network 2a3c28a6-eb57-423b-9045-6554be2f89c5: no agents available; will retry on subsequent port and subnet creation events. [pid: 7|app: 0|req: 776/1601] 10.0.0.211 () {34 vars in 789 bytes} [Thu Apr 23 17:13:29 2026] PUT /v2.0/routers/f1e156b0-9677-4c0f-8bb7-d672f6cdf565/remove_router_interface => generated 309 bytes in 675 msecs (HTTP/1.1 200) 4 headers in 157 bytes (1 switches on core 0) /var/lib/openstack/lib/python3.12/site-packages/pycadf/identifier.py:70: UserWarning: Invalid uuid: neutron. To ensure interoperability, identifiers should be a valid uuid. warnings.warn(('Invalid uuid: %s. To ensure interoperability, '
2026-04-23 17:13:30.573 7 INFO neutron.plugins.ml2.drivers.ovn.mech_driver.mech_driver [None req-8cd7f938-4fbf-4aab-86d2-cf895242d4e9 - - - - - -] OVN reports status down for port: 6fd70380-1ea0-4fe0-9d37-9ef1e855ea1b
2026-04-23 17:13:30.595 8 INFO neutron.db.ovn_revision_numbers_db [None req-29e33713-ba4a-4645-9756-fd732c8b799f 8700594c3f074550ad757328368d45ee 7300687c28e74f44b233a60fb2811d36 - - default default] Successfully bumped revision number for resource 6fd70380-1ea0-4fe0-9d37-9ef1e855ea1b (type: ports) to 1 [pid: 8|app: 0|req: 826/1602] 10.0.0.211 () {34 vars in 665 bytes} [Thu Apr 23 17:13:30 2026] POST /v2.0/ports => generated 966 bytes in 508 msecs (HTTP/1.1 201) 4 headers in 162 bytes (1 switches on core 0) /var/lib/openstack/lib/python3.12/site-packages/pycadf/identifier.py:70: UserWarning: Invalid uuid: neutron. To ensure interoperability, identifiers should be a valid uuid. warnings.warn(('Invalid uuid: %s. To ensure interoperability, ' [pid: 8|app: 0|req: 827/1603] 199.204.45.72 () {34 vars in 1111 bytes} [Thu Apr 23 17:13:30 2026] GET /v2.0/networks/6776835f-048a-4d05-a02f-dd91d5ae4bce?fields=provider%3Aphysical_network&fields=provider%3Anetwork_type => generated 79 bytes in 44 msecs (HTTP/1.1 200) 4 headers in 156 bytes (1 switches on core 0) [pid: 8|app: 0|req: 828/1604] 10.0.0.94 () {34 vars in 989 bytes} [Thu Apr 23 17:13:30 2026] GET /v2.0/ports?device_id=25643715-ce7b-4540-a5b6-786691969014 => generated 971 bytes in 38 msecs (HTTP/1.1 200) 4 headers in 157 bytes (1 switches on core 0) [pid: 8|app: 0|req: 829/1605] 10.0.0.211 () {32 vars in 717 bytes} [Thu Apr 23 17:13:30 2026] GET /v2.0/ports/e198de0f-ceda-418a-b8ec-499f0d833849 => generated 947 bytes in 69 msecs (HTTP/1.1 200) 4 headers in 157 bytes (1 switches on core 0) [pid: 7|app: 0|req: 777/1606] 10.0.0.211 () {34 vars in 681 bytes} [Thu Apr 23 17:13:30 2026] POST /v2.0/rbac-policies => generated 324 bytes in 347 msecs (HTTP/1.1 201) 4 headers in 162 bytes (1 switches on core 0) [pid: 7|app: 0|req: 778/1607] 10.0.0.94 () {34 vars in 1039 bytes} [Thu Apr 23 17:13:30 2026] GET /v2.0/security-groups?id=7415057f-3f04-43b3-b0c6-3eabe4cbf881&fields=id&fields=name => generated 112 bytes in 44 msecs (HTTP/1.1 200) 4 headers in 157 bytes (1 switches on core 0)
2026-04-23 17:13:30.934 8 INFO neutron_taas.services.taas.taas_plugin [None req-67399776-deca-4bc8-81c3-3f5124b88868 8700594c3f074550ad757328368d45ee 7300687c28e74f44b233a60fb2811d36 - - default default] TaaS: Handle Delete Port: 6fd70380-1ea0-4fe0-9d37-9ef1e855ea1b
2026-04-23 17:13:30.937 8 INFO neutron_taas.services.taas.tap_mirror_plugin [None req-67399776-deca-4bc8-81c3-3f5124b88868 8700594c3f074550ad757328368d45ee 7300687c28e74f44b233a60fb2811d36 - - default default] Tap Mirror: Handle Delete Port: 6fd70380-1ea0-4fe0-9d37-9ef1e855ea1b [pid: 8|app: 0|req: 830/1608] 10.0.0.211 () {32 vars in 720 bytes} [Thu Apr 23 17:13:30 2026] DELETE /v2.0/ports/6fd70380-1ea0-4fe0-9d37-9ef1e855ea1b => generated 0 bytes in 291 msecs (HTTP/1.1 204) 3 headers in 131 bytes (1 switches on core 0)
2026-04-23 17:13:31.121 8 INFO neutron.pecan_wsgi.hooks.translation [None req-70286d84-e73c-42d5-844e-aecdbafac554 8700594c3f074550ad757328368d45ee 7300687c28e74f44b233a60fb2811d36 - - default default] DELETE failed (client error): The resource could not be found. [pid: 8|app: 0|req: 831/1609] 10.0.0.211 () {32 vars in 720 bytes} [Thu Apr 23 17:13:31 2026] DELETE /v2.0/ports/6fd70380-1ea0-4fe0-9d37-9ef1e855ea1b => generated 132 bytes in 23 msecs (HTTP/1.1 404) 4 headers in 164 bytes (1 switches on core 0)
2026-04-23 17:13:31.147 8 INFO neutron.pecan_wsgi.hooks.translation [None req-11bd6660-966a-4f85-b2b5-c3e3c872d85f 8700594c3f074550ad757328368d45ee 7300687c28e74f44b233a60fb2811d36 - - default default] GET failed (client error): The resource could not be found. [pid: 8|app: 0|req: 832/1610] 10.0.0.211 () {32 vars in 717 bytes} [Thu Apr 23 17:13:31 2026] GET /v2.0/ports/6fd70380-1ea0-4fe0-9d37-9ef1e855ea1b => generated 132 bytes in 21 msecs (HTTP/1.1 404) 4 headers in 164 bytes (1 switches on core 0)
2026-04-23 17:13:31.181 7 INFO neutron_taas.services.taas.taas_plugin [None req-23cb3122-ed83-4235-9ecf-ca50f2d89c96 670fc4eab88f4eb9a178d6ced021e62e d09c9ac21efe4c0ab4ed854c8ba8640d - - default default] TaaS: Handle Delete Port: e198de0f-ceda-418a-b8ec-499f0d833849
2026-04-23 17:13:31.185 7 INFO neutron_taas.services.taas.tap_mirror_plugin [None req-23cb3122-ed83-4235-9ecf-ca50f2d89c96 670fc4eab88f4eb9a178d6ced021e62e d09c9ac21efe4c0ab4ed854c8ba8640d - - default default] Tap Mirror: Handle Delete Port: e198de0f-ceda-418a-b8ec-499f0d833849 [pid: 8|app: 0|req: 833/1611] 10.0.0.211 () {32 vars in 724 bytes} [Thu Apr 23 17:13:31 2026] DELETE /v2.0/subnets/143c1dcd-db67-4378-98ab-538248071cd8 => generated 0 bytes in 155 msecs (HTTP/1.1 204) 3 headers in 131 bytes (1 switches on core 0) [pid: 8|app: 0|req: 834/1612] 10.0.0.211 () {32 vars in 723 bytes} [Thu Apr 23 17:13:31 2026] GET /v2.0/networks/5cd1332e-944a-40da-b619-d7d1f33f81ff => generated 693 bytes in 90 msecs (HTTP/1.1 200) 4 headers in 157 bytes (1 switches on core 0) [pid: 7|app: 0|req: 779/1613] 10.0.0.211 () {34 vars in 789 bytes} [Thu Apr 23 17:13:30 2026] PUT /v2.0/routers/f1e156b0-9677-4c0f-8bb7-d672f6cdf565/remove_router_interface => generated 309 bytes in 617 msecs (HTTP/1.1 200) 4 headers in 157 bytes (1 switches on core 0) /var/lib/openstack/lib/python3.12/site-packages/pycadf/identifier.py:70: UserWarning: Invalid uuid: neutron. To ensure interoperability, identifiers should be a valid uuid. warnings.warn(('Invalid uuid: %s. To ensure interoperability, '
2026-04-23 17:13:31.522 8 INFO neutron_taas.services.taas.taas_plugin [None req-5afefae6-3d5a-4ce3-a7e9-2a6c89b17dd5 8700594c3f074550ad757328368d45ee 7300687c28e74f44b233a60fb2811d36 - - default default] TaaS: Handle Delete Port: 836c895d-4b7c-4289-b666-87c96e5a9ba1
2026-04-23 17:13:31.526 8 INFO neutron_taas.services.taas.tap_mirror_plugin [None req-5afefae6-3d5a-4ce3-a7e9-2a6c89b17dd5 8700594c3f074550ad757328368d45ee 7300687c28e74f44b233a60fb2811d36 - - default default] Tap Mirror: Handle Delete Port: 836c895d-4b7c-4289-b666-87c96e5a9ba1 [pid: 7|app: 0|req: 780/1614] 10.0.0.211 () {32 vars in 736 bytes} [Thu Apr 23 17:13:31 2026] GET /v2.0/ports?device_id=f1e156b0-9677-4c0f-8bb7-d672f6cdf565 => generated 12 bytes in 21 msecs (HTTP/1.1 200) 4 headers in 156 bytes (1 switches on core 0)
2026-04-23 17:13:31.732 8 INFO neutron.services.segments.plugin [-] Segment 1c01790c-d28e-4c1d-97d7-138639a01fca resource provider aggregate not found
2026-04-23 17:13:31.740 8 INFO neutron.services.segments.plugin [-] Segment 1c01790c-d28e-4c1d-97d7-138639a01fca resource provider aggregate not found
2026-04-23 17:13:31.757 8 INFO neutron.services.segments.plugin [-] Segment 1c01790c-d28e-4c1d-97d7-138639a01fca resource provider not found; error: Placement Client Error (4xx): {"errors": [{"status": 404, "title": "Not Found", "detail": "The resource could not be found.\n\n No resource provider with uuid 1c01790c-d28e-4c1d-97d7-138639a01fca found for delete ", "request_id": "req-438fbf8c-9b62-4d79-a80b-49a93aab4742"}]}
2026-04-23 17:13:31.761 8 INFO neutron.services.segments.plugin [-] Segment 1c01790c-d28e-4c1d-97d7-138639a01fca resource provider not found; error: Placement Client Error (4xx): {"errors": [{"status": 404, "title": "Not Found", "detail": "The resource could not be found.\n\n No resource provider with uuid 1c01790c-d28e-4c1d-97d7-138639a01fca found for delete ", "request_id": "req-c2dfe9ba-f30a-42c8-8cca-bf816c7e69f7"}]} [pid: 7|app: 0|req: 781/1615] 10.0.0.211 () {32 vars in 724 bytes} [Thu Apr 23 17:13:31 2026] DELETE /v2.0/routers/f1e156b0-9677-4c0f-8bb7-d672f6cdf565 => generated 0 bytes in 243 msecs (HTTP/1.1 204) 2 headers in 112 bytes (1 switches on core 0) [pid: 8|app: 0|req: 835/1616] 10.0.0.211 () {32 vars in 726 bytes} [Thu Apr 23 17:13:31 2026] DELETE /v2.0/networks/2a3c28a6-eb57-423b-9045-6554be2f89c5 => generated 0 bytes in 404 msecs (HTTP/1.1 204) 3 headers in 131 bytes (1 switches on core 0)
2026-04-23 17:13:31.817 7 INFO neutron.pecan_wsgi.hooks.translation [None req-98e361f1-848a-43f5-ab83-8ed669175cbb 97aaa4e69bf44156b37cf2f18af9bb3a decff642d0ac491aaba77189b2ca8726 - - default default] GET failed (client error): The resource could not be found. [pid: 7|app: 0|req: 782/1617] 10.0.0.211 () {32 vars in 723 bytes} [Thu Apr 23 17:13:31 2026] GET /v2.0/networks/5cd1332e-944a-40da-b619-d7d1f33f81ff => generated 138 bytes in 41 msecs (HTTP/1.1 404) 4 headers in 164 bytes (1 switches on core 0)
2026-04-23 17:13:31.912 7 INFO neutron.db.segments_db [None req-9cf318e8-841b-4b6e-a604-286f298dbac3 8700594c3f074550ad757328368d45ee 7300687c28e74f44b233a60fb2811d36 - - default default] Added segment d9bcca9a-8c03-40fe-b247-42065b7fba23 of type geneve for network d1357e4a-3bb0-499b-aac7-8c15d08e8af9 [pid: 8|app: 0|req: 836/1618] 10.0.0.211 () {32 vars in 724 bytes} [Thu Apr 23 17:13:31 2026] DELETE /v2.0/subnets/ce19b759-0e0d-4449-96dd-f3a955fb9603 => generated 0 bytes in 164 msecs (HTTP/1.1 204) 3 headers in 131 bytes (1 switches on core 0)
2026-04-23 17:13:32.027 7 INFO neutron.db.ovn_revision_numbers_db [None req-9cf318e8-841b-4b6e-a604-286f298dbac3 8700594c3f074550ad757328368d45ee 7300687c28e74f44b233a60fb2811d36 - - default default] Successfully bumped revision number for resource d1357e4a-3bb0-499b-aac7-8c15d08e8af9 (type: networks) to 1
2026-04-23 17:13:32.125 8 INFO neutron_taas.services.taas.taas_plugin [None req-9555c5be-98aa-4a56-9613-5afd07ba3b67 2455064514b9465ea90a5f1ea7cb485f 07b98e991674443685c1ec22750013fe - - default default] TaaS: Handle Delete Port: ad5ca127-9156-4d31-9ade-21d9826dfcb8
2026-04-23 17:13:32.130 8 INFO neutron_taas.services.taas.tap_mirror_plugin [None req-9555c5be-98aa-4a56-9613-5afd07ba3b67 2455064514b9465ea90a5f1ea7cb485f 07b98e991674443685c1ec22750013fe - - default default] Tap Mirror: Handle Delete Port: ad5ca127-9156-4d31-9ade-21d9826dfcb8 [pid: 8|app: 0|req: 837/1619] 10.0.0.211 () {32 vars in 726 bytes} [Thu Apr 23 17:13:31 2026] DELETE /v2.0/networks/5cd1332e-944a-40da-b619-d7d1f33f81ff => generated 0 bytes in 534 msecs (HTTP/1.1 204) 3 headers in 131 bytes (1 switches on core 0) [pid: 8|app: 0|req: 838/1620] 10.0.0.94 () {34 vars in 989 bytes} [Thu Apr 23 17:13:32 2026] GET /v2.0/ports?device_id=25643715-ce7b-4540-a5b6-786691969014 => generated 971 bytes in 42 msecs (HTTP/1.1 200) 4 headers in 157 bytes (1 switches on core 0)
2026-04-23 17:13:32.663 7 WARNING neutron.scheduler.dhcp_agent_scheduler [None req-9cf318e8-841b-4b6e-a604-286f298dbac3 8700594c3f074550ad757328368d45ee 7300687c28e74f44b233a60fb2811d36 - - default default] No more DHCP agents
2026-04-23 17:13:32.664 7 WARNING neutron.api.rpc.agentnotifiers.dhcp_rpc_agent_api [None req-9cf318e8-841b-4b6e-a604-286f298dbac3 8700594c3f074550ad757328368d45ee 7300687c28e74f44b233a60fb2811d36 - - default default] Unable to schedule network d1357e4a-3bb0-499b-aac7-8c15d08e8af9: no agents available; will retry on subsequent port and subnet creation events. [pid: 8|app: 0|req: 839/1621] 10.0.0.211 () {32 vars in 724 bytes} [Thu Apr 23 17:13:32 2026] DELETE /v2.0/subnets/a6f64837-3755-42db-93bd-6b955dad23f9 => generated 0 bytes in 137 msecs (HTTP/1.1 204) 3 headers in 131 bytes (1 switches on core 0)
2026-04-23 17:13:32.694 8 INFO neutron.pecan_wsgi.hooks.translation [None req-f7ca4884-e2fb-435e-9b16-d9784a161e07 2455064514b9465ea90a5f1ea7cb485f 07b98e991674443685c1ec22750013fe - - default default] DELETE failed (client error): The resource could not be found. [pid: 8|app: 0|req: 842/1624] 10.0.0.211 () {32 vars in 724 bytes} [Thu Apr 23 17:13:32 2026] DELETE /v2.0/subnets/9242caad-203f-409d-bb43-3f8a9ac0b801 => generated 136 bytes in 12 msecs (HTTP/1.1 404) 4 headers in 164 bytes (1 switches on core 0)
2026-04-23 17:13:32.714 7 INFO neutron.plugins.ml2.drivers.ovn.mech_driver.mech_driver [None req-8cd7f938-4fbf-4aab-86d2-cf895242d4e9 - - - - - -] OVN reports status down for port: 4783aacf-f8ba-4e5b-97ff-42763f121cff [pid: 8|app: 0|req: 843/1625] 10.0.0.94 () {34 vars in 1039 bytes} [Thu Apr 23 17:13:32 2026] GET /v2.0/security-groups?id=7415057f-3f04-43b3-b0c6-3eabe4cbf881&fields=id&fields=name => generated 112 bytes in 63 msecs (HTTP/1.1 200) 4 headers in 157 bytes (1 switches on core 0)
2026-04-23 17:13:32.778 7 INFO neutron.db.ovn_revision_numbers_db [None req-9cf318e8-841b-4b6e-a604-286f298dbac3 8700594c3f074550ad757328368d45ee 7300687c28e74f44b233a60fb2811d36 - - default default] Successfully bumped revision number for resource 4783aacf-f8ba-4e5b-97ff-42763f121cff (type: ports) to 1 [pid: 7|app: 0|req: 783/1626] 10.0.0.211 () {34 vars in 670 bytes} [Thu Apr 23 17:13:31 2026] POST /v2.0/networks => generated 653 bytes in 1024 msecs (HTTP/1.1 201) 4 headers in 162 bytes (1 switches on core 0)
2026-04-23 17:13:32.867 7 INFO neutron.pecan_wsgi.hooks.translation [None req-0bf7b4a7-1818-48fd-9521-7d765299d454 2455064514b9465ea90a5f1ea7cb485f 07b98e991674443685c1ec22750013fe - - default default] DELETE failed (client error): The resource could not be found. [pid: 7|app: 0|req: 784/1627] 10.0.0.211 () {32 vars in 724 bytes} [Thu Apr 23 17:13:32 2026] DELETE /v2.0/subnets/69032b3c-ea32-4ba5-ac86-a5a3fd32ccaa => generated 136 bytes in 26 msecs (HTTP/1.1 404) 4 headers in 164 bytes (1 switches on core 0)
2026-04-23 17:13:32.901 8 INFO neutron_taas.services.taas.taas_plugin [None req-8474960b-faf6-4ca9-aaf4-cf3764ae08e8 670fc4eab88f4eb9a178d6ced021e62e d09c9ac21efe4c0ab4ed854c8ba8640d - - default default] TaaS: Handle Delete Port: 71cc4807-ce47-484d-bea2-4ebceeb687e2
2026-04-23 17:13:32.903 8 INFO neutron_taas.services.taas.tap_mirror_plugin [None req-8474960b-faf6-4ca9-aaf4-cf3764ae08e8 670fc4eab88f4eb9a178d6ced021e62e d09c9ac21efe4c0ab4ed854c8ba8640d - - default default] Tap Mirror: Handle Delete Port: 71cc4807-ce47-484d-bea2-4ebceeb687e2
2026-04-23 17:13:33.147 7 WARNING neutron.scheduler.dhcp_agent_scheduler [None req-6e0441ac-2476-426b-96e9-302f0362f288 8700594c3f074550ad757328368d45ee 7300687c28e74f44b233a60fb2811d36 - - default default] No more DHCP agents
2026-04-23 17:13:33.149 7 WARNING neutron.api.rpc.agentnotifiers.dhcp_rpc_agent_api [None req-6e0441ac-2476-426b-96e9-302f0362f288 8700594c3f074550ad757328368d45ee 7300687c28e74f44b233a60fb2811d36 - - default default] Unable to schedule network d1357e4a-3bb0-499b-aac7-8c15d08e8af9: no agents available; will retry on subsequent port and subnet creation events. [pid: 8|app: 0|req: 844/1628] 10.0.0.211 () {32 vars in 726 bytes} [Thu Apr 23 17:13:32 2026] DELETE /v2.0/networks/023975bb-420c-4a7d-9fae-683772f55419 => generated 0 bytes in 411 msecs (HTTP/1.1 204) 3 headers in 131 bytes (1 switches on core 0)
2026-04-23 17:13:33.186 8 INFO neutron.pecan_wsgi.hooks.translation [None req-e3878fe3-bd95-46ae-808c-ca1b6fa3ef9b 2455064514b9465ea90a5f1ea7cb485f 07b98e991674443685c1ec22750013fe - - default default] DELETE failed (client error): The resource could not be found. [pid: 8|app: 0|req: 845/1629] 10.0.0.211 () {32 vars in 724 bytes} [Thu Apr 23 17:13:33 2026] DELETE /v2.0/subnets/a6d17fe0-2680-406e-be2a-980cf70077d9 => generated 136 bytes in 15 msecs (HTTP/1.1 404) 4 headers in 164 bytes (1 switches on core 0)
2026-04-23 17:13:33.194 7 INFO neutron.db.ovn_revision_numbers_db [None req-6e0441ac-2476-426b-96e9-302f0362f288 8700594c3f074550ad757328368d45ee 7300687c28e74f44b233a60fb2811d36 - - default default] Successfully bumped revision number for resource d2cf32ea-38b0-404c-be71-1b75e4d79ea1 (type: subnets) to 0 [pid: 7|app: 0|req: 785/1630] 10.0.0.211 () {34 vars in 669 bytes} [Thu Apr 23 17:13:32 2026] POST /v2.0/subnets => generated 646 bytes in 348 msecs (HTTP/1.1 201) 4 headers in 162 bytes (1 switches on core 0)
2026-04-23 17:13:33.310 8 INFO neutron_taas.services.taas.taas_plugin [None req-7946cad6-62ba-469b-bfc7-346551651828 670fc4eab88f4eb9a178d6ced021e62e d09c9ac21efe4c0ab4ed854c8ba8640d - - default default] TaaS: Handle Delete Port: 6b6fd44d-f129-480a-bdb1-cf0a821ae6d3
2026-04-23 17:13:33.314 8 INFO neutron_taas.services.taas.tap_mirror_plugin [None req-7946cad6-62ba-469b-bfc7-346551651828 670fc4eab88f4eb9a178d6ced021e62e d09c9ac21efe4c0ab4ed854c8ba8640d - - default default] Tap Mirror: Handle Delete Port: 6b6fd44d-f129-480a-bdb1-cf0a821ae6d3
2026-04-23 17:13:33.421 8 WARNING neutron.plugins.ml2.drivers.ovn.mech_driver.ovsdb.ovn_client [None req-c70942ab-0776-43a6-aa35-df8b52127bd2 - - - - - -] No port found with ID dfa9b3fe-cadb-4db0-87f6-0543503a297e: RuntimeError: No port found with ID dfa9b3fe-cadb-4db0-87f6-0543503a297e
2026-04-23 17:13:33.433 8 INFO neutron.plugins.ml2.drivers.ovn.mech_driver.mech_driver [None req-c70942ab-0776-43a6-aa35-df8b52127bd2 - - - - - -] OVN reports status down for port: 48b6bb47-1640-4f8f-87c8-485c32a79db1
2026-04-23 17:13:33.465 8 INFO neutron.plugins.ml2.drivers.ovn.mech_driver.mech_driver [None req-c70942ab-0776-43a6-aa35-df8b52127bd2 - - - - - -] OVN reports status down for port: ad5ca127-9156-4d31-9ade-21d9826dfcb8
2026-04-23 17:13:33.488 8 INFO neutron.plugins.ml2.drivers.ovn.mech_driver.mech_driver [None req-c70942ab-0776-43a6-aa35-df8b52127bd2 - - - - - -] OVN reports status down for port: 836c895d-4b7c-4289-b666-87c96e5a9ba1
2026-04-23 17:13:33.508 8 INFO neutron.plugins.ml2.drivers.ovn.mech_driver.mech_driver [None req-c70942ab-0776-43a6-aa35-df8b52127bd2 - - - - - -] OVN reports status down for port: 84d69e26-caa4-45b2-9b69-04090dacc065
2026-04-23 17:13:33.529 7 WARNING neutron.scheduler.dhcp_agent_scheduler [None req-fb46539d-3d63-4649-9c54-624314fed3c7 8700594c3f074550ad757328368d45ee 7300687c28e74f44b233a60fb2811d36 - - default default] No more DHCP agents
2026-04-23 17:13:33.530 7 WARNING neutron.api.rpc.agentnotifiers.dhcp_rpc_agent_api [None req-fb46539d-3d63-4649-9c54-624314fed3c7 8700594c3f074550ad757328368d45ee 7300687c28e74f44b233a60fb2811d36 - - default default] Unable to schedule network d1357e4a-3bb0-499b-aac7-8c15d08e8af9: no agents available; will retry on subsequent port and subnet creation events.
2026-04-23 17:13:33.622 7 INFO neutron.plugins.ml2.drivers.ovn.mech_driver.mech_driver [None req-8cd7f938-4fbf-4aab-86d2-cf895242d4e9 - - - - - -] OVN reports status down for port: e3c8e28e-915f-487b-affe-ae0b2537aa10 [pid: 8|app: 0|req: 846/1631] 10.0.0.211 () {32 vars in 726 bytes} [Thu Apr 23 17:13:33 2026] DELETE /v2.0/networks/64b29ef2-7e11-48fe-b0e9-b4a22f1083f5 => generated 0 bytes in 446 msecs (HTTP/1.1 204) 3 headers in 131 bytes (1 switches on core 0)
2026-04-23 17:13:33.683 7 INFO neutron.db.ovn_revision_numbers_db [None req-fb46539d-3d63-4649-9c54-624314fed3c7 8700594c3f074550ad757328368d45ee 7300687c28e74f44b233a60fb2811d36 - - default default] Successfully bumped revision number for resource e3c8e28e-915f-487b-affe-ae0b2537aa10 (type: ports) to 1 [pid: 7|app: 0|req: 786/1632] 10.0.0.211 () {34 vars in 665 bytes} [Thu Apr 23 17:13:33 2026] POST /v2.0/ports => generated 927 bytes in 492 msecs (HTTP/1.1 201) 4 headers in 162 bytes (1 switches on core 0)
2026-04-23 17:13:33.756 8 INFO neutron.notifiers.nova [-] Nova event matching ['req-5f052b83-1d9e-4c1d-8878-09b7dea7f547'] response: {'server_uuid': '25643715-ce7b-4540-a5b6-786691969014', 'name': 'network-vif-unplugged', 'status': 'completed', 'tag': '84d69e26-caa4-45b2-9b69-04090dacc065', 'code': 200}
2026-04-23 17:13:33.785 8 INFO neutron.services.segments.plugin [-] Segment 5224633c-89ad-4313-aeab-9a4cb97b5f08 resource provider aggregate not found
2026-04-23 17:13:33.790 8 INFO neutron.services.segments.plugin [-] Segment 5224633c-89ad-4313-aeab-9a4cb97b5f08 resource provider aggregate not found
2026-04-23 17:13:33.801 8 INFO neutron.services.segments.plugin [-] Segment 5224633c-89ad-4313-aeab-9a4cb97b5f08 resource provider not found; error: Placement Client Error (4xx): {"errors": [{"status": 404, "title": "Not Found", "detail": "The resource could not be found.\n\n No resource provider with uuid 5224633c-89ad-4313-aeab-9a4cb97b5f08 found for delete ", "request_id": "req-673a3e48-d323-4622-85f5-39fb774e5aa5"}]}
2026-04-23 17:13:33.814 8 INFO neutron.services.segments.plugin [-] Segment 5224633c-89ad-4313-aeab-9a4cb97b5f08 resource provider not found; error: Placement Client Error (4xx): {"errors": [{"status": 404, "title": "Not Found", "detail": "The resource could not be found.\n\n No resource provider with uuid 5224633c-89ad-4313-aeab-9a4cb97b5f08 found for delete ", "request_id": "req-be9c240f-03d3-454c-af40-d674c34da89b"}]}
2026-04-23 17:13:33.824 8 INFO neutron.services.segments.plugin [-] Segment 33be4a49-92d5-490e-9e92-5f95bbb2cc43 resource provider aggregate not found
2026-04-23 17:13:33.845 8 INFO neutron.services.segments.plugin [-] Segment 33be4a49-92d5-490e-9e92-5f95bbb2cc43 resource provider aggregate not found
2026-04-23 17:13:33.847 8 INFO neutron.services.segments.plugin [-] Segment 33be4a49-92d5-490e-9e92-5f95bbb2cc43 resource provider not found; error: Placement Client Error (4xx): {"errors": [{"status": 404, "title": "Not Found", "detail": "The resource could not be found.\n\n No resource provider with uuid 33be4a49-92d5-490e-9e92-5f95bbb2cc43 found for delete ", "request_id": "req-d902ad26-474d-47b7-b911-45900c958bf7"}]}
2026-04-23 17:13:33.874 8 INFO neutron.db.segments_db [None req-25cac89a-91a6-4f65-a3e4-59543b47f952 670fc4eab88f4eb9a178d6ced021e62e d09c9ac21efe4c0ab4ed854c8ba8640d - - default default] Added segment f1299bc4-518e-4daa-b29d-9eb342b6912d of type geneve for network 45ab2fa3-11d9-4f73-84f5-fe7a86b5698d
2026-04-23 17:13:33.880 8 INFO neutron.services.segments.plugin [-] Segment 08b38d14-4f00-465b-817b-1b946150af22 resource provider aggregate not found
2026-04-23 17:13:33.881 8 INFO neutron.services.segments.plugin [-] Segment 33be4a49-92d5-490e-9e92-5f95bbb2cc43 resource provider not found; error: Placement Client Error (4xx): {"errors": [{"status": 404, "title": "Not Found", "detail": "The resource could not be found.\n\n No resource provider with uuid 33be4a49-92d5-490e-9e92-5f95bbb2cc43 found for delete ", "request_id": "req-4dbacb39-7a96-4349-9259-f90c81169c58"}]}
2026-04-23 17:13:33.904 8 INFO neutron.services.segments.plugin [-] Segment 08b38d14-4f00-465b-817b-1b946150af22 resource provider not found; error: Placement Client Error (4xx): {"errors": [{"status": 404, "title": "Not Found", "detail": "The resource could not be found.\n\n No resource provider with uuid 08b38d14-4f00-465b-817b-1b946150af22 found for delete ", "request_id": "req-59bdb5fb-f901-40d7-93ac-564036de0f29"}]}
2026-04-23 17:13:33.909 8 INFO neutron.services.segments.plugin [-] Segment 08b38d14-4f00-465b-817b-1b946150af22 resource provider aggregate not found
2026-04-23 17:13:33.914 7 INFO neutron_taas.services.taas.taas_plugin [None req-421c2449-95f5-4036-9e7f-80c29fe7395b 8700594c3f074550ad757328368d45ee 7300687c28e74f44b233a60fb2811d36 - - default default] TaaS: Handle Delete Port: e3c8e28e-915f-487b-affe-ae0b2537aa10
2026-04-23 17:13:33.917 7 INFO neutron_taas.services.taas.tap_mirror_plugin [None req-421c2449-95f5-4036-9e7f-80c29fe7395b 8700594c3f074550ad757328368d45ee 7300687c28e74f44b233a60fb2811d36 - - default default] Tap Mirror: Handle Delete Port: e3c8e28e-915f-487b-affe-ae0b2537aa10
2026-04-23 17:13:33.935 8 INFO neutron.services.segments.plugin [-] Segment 08b38d14-4f00-465b-817b-1b946150af22 resource provider not found; error: Placement Client Error (4xx): {"errors": [{"status": 404, "title": "Not Found", "detail": "The resource could not be found.\n\n No resource provider with uuid 08b38d14-4f00-465b-817b-1b946150af22 found for delete ", "request_id": "req-b9cf453b-bfe4-42b9-911f-a7dbb9ee6ce4"}]} [pid: 7|app: 0|req: 787/1633] 10.0.0.211 () {32 vars in 720 bytes} [Thu Apr 23 17:13:33 2026] DELETE /v2.0/ports/e3c8e28e-915f-487b-affe-ae0b2537aa10 => generated 0 bytes in 342 msecs (HTTP/1.1 204) 3 headers in 131 bytes (1 switches on core 0)
2026-04-23 17:13:34.108 8 INFO neutron.db.ovn_revision_numbers_db [None req-c70942ab-0776-43a6-aa35-df8b52127bd2 - - - - - -] Successfully bumped revision number for resource 84d69e26-caa4-45b2-9b69-04090dacc065 (type: ports) to 6 [pid: 7|app: 0|req: 788/1634] 10.0.0.94 () {34 vars in 989 bytes} [Thu Apr 23 17:13:34 2026] GET /v2.0/ports?device_id=25643715-ce7b-4540-a5b6-786691969014 => generated 969 bytes in 78 msecs (HTTP/1.1 200) 4 headers in 157 bytes (1 switches on core 0)
2026-04-23 17:13:34.150 8 INFO neutron.db.ovn_revision_numbers_db [None req-25cac89a-91a6-4f65-a3e4-59543b47f952 670fc4eab88f4eb9a178d6ced021e62e d09c9ac21efe4c0ab4ed854c8ba8640d - - default default] Successfully bumped revision number for resource 45ab2fa3-11d9-4f73-84f5-fe7a86b5698d (type: networks) to 1 [pid: 7|app: 0|req: 789/1635] 10.0.0.211 () {32 vars in 774 bytes} [Thu Apr 23 17:13:34 2026] GET /v2.0/security-groups?tenant_id=07b98e991674443685c1ec22750013fe&name=default => generated 2925 bytes in 191 msecs (HTTP/1.1 200) 4 headers in 158 bytes (1 switches on core 0)
2026-04-23 17:13:34.348 7 INFO neutron.pecan_wsgi.hooks.translation [None req-6f364e22-06e5-4a08-b003-d520fe4f37fa 8700594c3f074550ad757328368d45ee 7300687c28e74f44b233a60fb2811d36 - - default default] GET failed (client error): The resource could not be found. [pid: 7|app: 0|req: 790/1636] 10.0.0.211 () {32 vars in 717 bytes} [Thu Apr 23 17:13:34 2026] GET /v2.0/ports/e3c8e28e-915f-487b-affe-ae0b2537aa10 => generated 132 bytes in 14 msecs (HTTP/1.1 404) 4 headers in 164 bytes (1 switches on core 0)
2026-04-23 17:13:34.350 8 WARNING neutron.scheduler.dhcp_agent_scheduler [None req-25cac89a-91a6-4f65-a3e4-59543b47f952 670fc4eab88f4eb9a178d6ced021e62e d09c9ac21efe4c0ab4ed854c8ba8640d - - default default] No more DHCP agents
2026-04-23 17:13:34.352 8 WARNING neutron.api.rpc.agentnotifiers.dhcp_rpc_agent_api [None req-25cac89a-91a6-4f65-a3e4-59543b47f952 670fc4eab88f4eb9a178d6ced021e62e d09c9ac21efe4c0ab4ed854c8ba8640d - - default default] Unable to schedule network 45ab2fa3-11d9-4f73-84f5-fe7a86b5698d: no agents available; will retry on subsequent port and subnet creation events. [pid: 7|app: 0|req: 791/1637] 10.0.0.94 () {34 vars in 1039 bytes} [Thu Apr 23 17:13:34 2026] GET /v2.0/security-groups?id=7415057f-3f04-43b3-b0c6-3eabe4cbf881&fields=id&fields=name => generated 112 bytes in 22 msecs (HTTP/1.1 200) 4 headers in 157 bytes (1 switches on core 0)
2026-04-23 17:13:34.435 8 INFO neutron.db.ovn_revision_numbers_db [None req-25cac89a-91a6-4f65-a3e4-59543b47f952 670fc4eab88f4eb9a178d6ced021e62e d09c9ac21efe4c0ab4ed854c8ba8640d - - default default] Successfully bumped revision number for resource 7142e03e-ef65-42af-9437-e4054e12aafd (type: ports) to 1
2026-04-23 17:13:34.439 7 INFO neutron.plugins.ml2.drivers.ovn.mech_driver.mech_driver [None req-8cd7f938-4fbf-4aab-86d2-cf895242d4e9 - - - - - -] OVN reports status down for port: 7142e03e-ef65-42af-9437-e4054e12aafd [pid: 8|app: 0|req: 847/1638] 10.0.0.211 () {34 vars in 670 bytes} [Thu Apr 23 17:13:33 2026] POST /v2.0/networks => generated 652 bytes in 818 msecs (HTTP/1.1 201) 4 headers in 162 bytes (1 switches on core 0) /var/lib/openstack/lib/python3.12/site-packages/pycadf/identifier.py:70: UserWarning: Invalid uuid: neutron. To ensure interoperability, identifiers should be a valid uuid. warnings.warn(('Invalid uuid: %s. To ensure interoperability, ' [pid: 8|app: 0|req: 848/1639] 10.0.0.211 () {32 vars in 724 bytes} [Thu Apr 23 17:13:34 2026] DELETE /v2.0/subnets/d2cf32ea-38b0-404c-be71-1b75e4d79ea1 => generated 0 bytes in 162 msecs (HTTP/1.1 204) 3 headers in 131 bytes (1 switches on core 0) [pid: 7|app: 0|req: 792/1640] 10.0.0.211 () {32 vars in 740 bytes} [Thu Apr 23 17:13:34 2026] DELETE /v2.0/security-groups/06ccd0d3-21e0-46c7-84ac-ebc78935376d => generated 0 bytes in 391 msecs (HTTP/1.1 204) 2 headers in 112 bytes (1 switches on core 0)
2026-04-23 17:13:34.847 8 WARNING neutron.scheduler.dhcp_agent_scheduler [None req-91657a2b-f8b7-4d91-abf3-eb89a41977c8 670fc4eab88f4eb9a178d6ced021e62e d09c9ac21efe4c0ab4ed854c8ba8640d - - default default] No more DHCP agents
2026-04-23 17:13:34.849 8 WARNING neutron.api.rpc.agentnotifiers.dhcp_rpc_agent_api [None req-91657a2b-f8b7-4d91-abf3-eb89a41977c8 670fc4eab88f4eb9a178d6ced021e62e d09c9ac21efe4c0ab4ed854c8ba8640d - - default default] Unable to schedule network 45ab2fa3-11d9-4f73-84f5-fe7a86b5698d: no agents available; will retry on subsequent port and subnet creation events.
2026-04-23 17:13:34.873 8 INFO neutron.db.ovn_revision_numbers_db [None req-91657a2b-f8b7-4d91-abf3-eb89a41977c8 670fc4eab88f4eb9a178d6ced021e62e d09c9ac21efe4c0ab4ed854c8ba8640d - - default default] Successfully bumped revision number for resource bee7e966-8d52-4954-88af-19c26fc8f73e (type: subnets) to 0
2026-04-23 17:13:34.887 7 INFO neutron_taas.services.taas.taas_plugin [None req-217acc0b-9932-4f49-a957-5564f8f619e4 8700594c3f074550ad757328368d45ee 7300687c28e74f44b233a60fb2811d36 - - default default] TaaS: Handle Delete Port: 4783aacf-f8ba-4e5b-97ff-42763f121cff
2026-04-23 17:13:34.889 7 INFO neutron_taas.services.taas.tap_mirror_plugin [None req-217acc0b-9932-4f49-a957-5564f8f619e4 8700594c3f074550ad757328368d45ee 7300687c28e74f44b233a60fb2811d36 - - default default] Tap Mirror: Handle Delete Port: 4783aacf-f8ba-4e5b-97ff-42763f121cff [pid: 8|app: 0|req: 849/1641] 10.0.0.211 () {34 vars in 669 bytes} [Thu Apr 23 17:13:34 2026] POST /v2.0/subnets => generated 646 bytes in 267 msecs (HTTP/1.1 201) 4 headers in 162 bytes (1 switches on core 0)
2026-04-23 17:13:35.023 8 INFO neutron.db.ovn_revision_numbers_db [None req-885a4a51-e4b2-423c-896c-f85cd0103415 bcff820693f347028353ea8f325d1fce 94bb472330914b1cb850659a905c76b4 - - default default] Successfully bumped revision number for resource 71fe569b-0e45-43b3-a2b3-c53ea464992d (type: security_groups) to 1
2026-04-23 17:13:35.035 8 INFO neutron.db.ovn_revision_numbers_db [None req-885a4a51-e4b2-423c-896c-f85cd0103415 bcff820693f347028353ea8f325d1fce 94bb472330914b1cb850659a905c76b4 - - default default] Successfully bumped revision number for resource 2be01d8b-69d4-4781-8b8e-404637c43bb6 (type: security_group_rules) to 0
2026-04-23 17:13:35.049 8 INFO neutron.db.ovn_revision_numbers_db [None req-885a4a51-e4b2-423c-896c-f85cd0103415 bcff820693f347028353ea8f325d1fce 94bb472330914b1cb850659a905c76b4 - - default default] Successfully bumped revision number for resource 6b68171d-ac3e-4d4f-b690-e243c955068f (type: security_group_rules) to 0
2026-04-23 17:13:35.063 8 INFO neutron.db.ovn_revision_numbers_db [None req-885a4a51-e4b2-423c-896c-f85cd0103415 bcff820693f347028353ea8f325d1fce 94bb472330914b1cb850659a905c76b4 - - default default] Successfully bumped revision number for resource b5253ba8-4575-4f77-a6f2-1c4b037d95ea (type: security_group_rules) to 0
2026-04-23 17:13:35.077 8 INFO neutron.db.ovn_revision_numbers_db [None req-885a4a51-e4b2-423c-896c-f85cd0103415 bcff820693f347028353ea8f325d1fce 94bb472330914b1cb850659a905c76b4 - - default default] Successfully bumped revision number for resource f8fe2666-60e5-4b93-a5d6-34b37b04dfa3 (type: security_group_rules) to 0
2026-04-23 17:13:35.086 7 INFO neutron.services.segments.plugin [-] Segment d9bcca9a-8c03-40fe-b247-42065b7fba23 resource provider aggregate not found
2026-04-23 17:13:35.092 7 INFO neutron.services.segments.plugin [-] Segment d9bcca9a-8c03-40fe-b247-42065b7fba23 resource provider aggregate not found
2026-04-23 17:13:35.112 7 INFO neutron.services.segments.plugin [-] Segment d9bcca9a-8c03-40fe-b247-42065b7fba23 resource provider not found; error: Placement Client Error (4xx): {"errors": [{"status": 404, "title": "Not Found", "detail": "The resource could not be found.\n\n No resource provider with uuid d9bcca9a-8c03-40fe-b247-42065b7fba23 found for delete ", "request_id": "req-274b6af7-880c-4699-b30b-f16634b7db5a"}]}
2026-04-23 17:13:35.117 7 INFO neutron.services.segments.plugin [-] Segment d9bcca9a-8c03-40fe-b247-42065b7fba23 resource provider not found; error: Placement Client Error (4xx): {"errors": [{"status": 404, "title": "Not Found", "detail": "The resource could not be found.\n\n No resource provider with uuid d9bcca9a-8c03-40fe-b247-42065b7fba23 found for delete ", "request_id": "req-de625020-f8ff-42a6-880c-5ceef98519ce"}]} [pid: 8|app: 0|req: 850/1642] 10.0.0.211 () {32 vars in 774 bytes} [Thu Apr 23 17:13:34 2026] GET /v2.0/security-groups?tenant_id=a2756cc938004e269273f8b4f98f6648&name=default => generated 2925 bytes in 236 msecs (HTTP/1.1 200) 4 headers in 158 bytes (1 switches on core 0) [pid: 7|app: 0|req: 793/1643] 10.0.0.211 () {32 vars in 726 bytes} [Thu Apr 23 17:13:34 2026] DELETE /v2.0/networks/d1357e4a-3bb0-499b-aac7-8c15d08e8af9 => generated 0 bytes in 374 msecs (HTTP/1.1 204) 3 headers in 131 bytes (1 switches on core 0)
2026-04-23 17:13:35.251 8 INFO neutron.db.ovn_revision_numbers_db [None req-fc2be7bd-c40d-41dc-872d-72dab7c88dac 670fc4eab88f4eb9a178d6ced021e62e d09c9ac21efe4c0ab4ed854c8ba8640d - - default default] Successfully bumped revision number for resource c142fd25-8090-43e3-a24e-56b0975cb34f (type: routers) to 1 [pid: 8|app: 0|req: 851/1644] 10.0.0.211 () {34 vars in 669 bytes} [Thu Apr 23 17:13:35 2026] POST /v2.0/routers => generated 606 bytes in 145 msecs (HTTP/1.1 201) 4 headers in 162 bytes (1 switches on core 0) [pid: 7|app: 0|req: 794/1645] 10.0.0.211 () {32 vars in 740 bytes} [Thu Apr 23 17:13:35 2026] DELETE /v2.0/security-groups/71fe569b-0e45-43b3-a2b3-c53ea464992d => generated 0 bytes in 232 msecs (HTTP/1.1 204) 2 headers in 112 bytes (1 switches on core 0)
