Jun 30 00:10:55.948647 np0000183500 devstack@neutron-api.service[103117]: INFO neutron.quota.resource_registry [None req-b51210b3-fc62-4010-b3e3-4e42dd4674af None None] Creating instance of TrackedResource for resource:security_group_rule
Jun 30 00:10:55.949405 np0000183500 devstack@neutron-api.service[103117]: DEBUG neutron.api.v2.resource_helper [None req-b51210b3-fc62-4010-b3e3-4e42dd4674af None None] Service CORE assigned prefix: {{(pid=103117) build_resource_info /opt/stack/neutron/neutron/api/v2/resource_helper.py:77}}
Jun 30 00:10:55.949564 np0000183500 devstack@neutron-api.service[103117]: INFO neutron.quota.resource_registry [None req-b51210b3-fc62-4010-b3e3-4e42dd4674af None None] Creating instance of TrackedResource for resource:subnetpool
Jun 30 00:10:55.949712 np0000183500 devstack@neutron-api.service[103117]: WARNING neutron.quota.resource_registry [None req-b51210b3-fc62-4010-b3e3-4e42dd4674af None None] subnetpool is already registered
Jun 30 00:10:55.950162 np0000183500 devstack@neutron-api.service[103117]: DEBUG neutron.api.v2.resource_helper [None req-b51210b3-fc62-4010-b3e3-4e42dd4674af None None] Service CORE assigned prefix: {{(pid=103117) build_resource_info /opt/stack/neutron/neutron/api/v2/resource_helper.py:77}}
Jun 30 00:10:55.950304 np0000183500 devstack@neutron-api.service[103117]: INFO neutron.quota.resource_registry [None req-b51210b3-fc62-4010-b3e3-4e42dd4674af None None] Creating instance of TrackedResource for resource:subnetpool
Jun 30 00:10:55.950482 np0000183500 devstack@neutron-api.service[103117]: WARNING neutron.quota.resource_registry [None req-b51210b3-fc62-4010-b3e3-4e42dd4674af None None] subnetpool is already registered
Jun 30 00:10:55.950832 np0000183500 devstack@neutron-api.service[103116]: DEBUG neutron.common.ovn.hash_ring_manager [None req-3657e8a3-3b49-4682-8885-5d1996406cee None None] Hash Ring loaded. 3 active nodes. 0 offline nodes {{(pid=103116) _load_hash_ring /opt/stack/neutron/neutron/common/ovn/hash_ring_manager.py:110}}
Jun 30 00:10:55.951462 np0000183500 devstack@neutron-api.service[103115]: DEBUG neutron.common.ovn.hash_ring_manager [None req-adc7bfe4-aa4e-4ae0-b2e2-868045d83b2d None None] Disallow caching, nodes 3<4 {{(pid=103115) _wait_startup_before_caching /opt/stack/neutron/neutron/common/ovn/hash_ring_manager.py:79}}
Jun 30 00:10:55.951693 np0000183500 devstack@neutron-api.service[103116]: INFO neutron.plugins.ml2.drivers.ovn.mech_driver.ovsdb.impl_idl_ovn [None req-3657e8a3-3b49-4682-8885-5d1996406cee None None] Getting OvsdbSbOvnIdl for WorkerService with retry
Jun 30 00:10:55.953883 np0000183500 devstack@neutron-api.service[103117]: INFO neutron.quota.resource_registry [None req-b51210b3-fc62-4010-b3e3-4e42dd4674af None None] Creating instance of CountableResource for resource:router_route
Jun 30 00:10:55.954018 np0000183500 devstack@neutron-api.service[103117]: WARNING neutron.quota.resource_registry [None req-b51210b3-fc62-4010-b3e3-4e42dd4674af None None] router_route is already registered
Jun 30 00:10:55.954227 np0000183500 devstack@neutron-api.service[103117]: DEBUG neutron.api.v2.resource_helper [None req-b51210b3-fc62-4010-b3e3-4e42dd4674af None None] Service L3_ROUTER_NAT assigned prefix: {{(pid=103117) build_resource_info /opt/stack/neutron/neutron/api/v2/resource_helper.py:77}}
Jun 30 00:10:55.954864 np0000183500 devstack@neutron-api.service[103117]: DEBUG neutron.api.v2.resource_helper [None req-b51210b3-fc62-4010-b3e3-4e42dd4674af None None] Service FLAVORS assigned prefix: {{(pid=103117) build_resource_info /opt/stack/neutron/neutron/api/v2/resource_helper.py:77}}
Jun 30 00:10:55.956061 np0000183500 devstack@neutron-api.service[103117]: DEBUG neutron.api.v2.resource_helper [None req-b51210b3-fc62-4010-b3e3-4e42dd4674af None None] Service L3_ROUTER_NAT assigned prefix: {{(pid=103117) build_resource_info /opt/stack/neutron/neutron/api/v2/resource_helper.py:77}}
Jun 30 00:10:55.956925 np0000183500 devstack@neutron-api.service[103117]: DEBUG neutron.api.v2.resource_helper [None req-b51210b3-fc62-4010-b3e3-4e42dd4674af None None] Service L3_ROUTER_NAT assigned prefix: {{(pid=103117) build_resource_info /opt/stack/neutron/neutron/api/v2/resource_helper.py:77}}
Jun 30 00:10:55.956925 np0000183500 devstack@neutron-api.service[103117]: INFO neutron.quota.resource_registry [None req-b51210b3-fc62-4010-b3e3-4e42dd4674af None None] Creating instance of TrackedResource for resource:router
Jun 30 00:10:55.956925 np0000183500 devstack@neutron-api.service[103117]: WARNING neutron.quota.resource_registry [None req-b51210b3-fc62-4010-b3e3-4e42dd4674af None None] router is already registered
Jun 30 00:10:55.957377 np0000183500 devstack@neutron-api.service[103117]: INFO neutron.quota.resource_registry [None req-b51210b3-fc62-4010-b3e3-4e42dd4674af None None] Creating instance of TrackedResource for resource:floatingip
Jun 30 00:10:55.957511 np0000183500 devstack@neutron-api.service[103117]: WARNING neutron.quota.resource_registry [None req-b51210b3-fc62-4010-b3e3-4e42dd4674af None None] floatingip is already registered
Jun 30 00:10:55.957733 np0000183500 devstack@neutron-api.service[103115]: DEBUG neutron.common.ovn.hash_ring_manager [None req-adc7bfe4-aa4e-4ae0-b2e2-868045d83b2d None None] Hash Ring loaded. 3 active nodes. 0 offline nodes {{(pid=103115) _load_hash_ring /opt/stack/neutron/neutron/common/ovn/hash_ring_manager.py:110}}
Jun 30 00:10:55.957990 np0000183500 devstack@neutron-api.service[103115]: DEBUG neutron.plugins.ml2.drivers.ovn.mech_driver.ovsdb.ovsdb_monitor [None req-adc7bfe4-aa4e-4ae0-b2e2-868045d83b2d None None] Hash Ring: Node be3d2709683a5c7c846ea27781960141 (host: np0000183500) handling event "create" for row 10637e8f-cd5c-4baf-a469-0a9343976fdc (table: ACL) {{(pid=103115) notify /opt/stack/neutron/neutron/plugins/ml2/drivers/ovn/mech_driver/ovsdb/ovsdb_monitor.py:1015}}
Jun 30 00:10:55.959832 np0000183500 devstack@neutron-api.service[103117]: INFO neutron.quota.resource_registry [None req-b51210b3-fc62-4010-b3e3-4e42dd4674af None None] Creating instance of CountableResource for resource:rbac_policy
Jun 30 00:10:55.959967 np0000183500 devstack@neutron-api.service[103117]: WARNING neutron.quota.resource_registry [None req-b51210b3-fc62-4010-b3e3-4e42dd4674af None None] rbac_policy is already registered
Jun 30 00:10:55.961054 np0000183500 devstack@neutron-api.service[103117]: INFO neutron.quota.resource_registry [None req-b51210b3-fc62-4010-b3e3-4e42dd4674af None None] Creating instance of TrackedResource for resource:security_group
Jun 30 00:10:55.961251 np0000183500 devstack@neutron-api.service[103117]: WARNING neutron.quota.resource_registry [None req-b51210b3-fc62-4010-b3e3-4e42dd4674af None None] security_group is already registered
Jun 30 00:10:55.961760 np0000183500 devstack@neutron-api.service[103117]: INFO neutron.quota.resource_registry [None req-b51210b3-fc62-4010-b3e3-4e42dd4674af None None] Creating instance of TrackedResource for resource:security_group_rule
Jun 30 00:10:55.961939 np0000183500 devstack@neutron-api.service[103117]: WARNING neutron.quota.resource_registry [None req-b51210b3-fc62-4010-b3e3-4e42dd4674af None None] security_group_rule is already registered
Jun 30 00:10:55.963461 np0000183500 devstack@neutron-api.service[103117]: DEBUG neutron.api.v2.resource_helper [None req-b51210b3-fc62-4010-b3e3-4e42dd4674af None None] Service CORE assigned prefix: {{(pid=103117) build_resource_info /opt/stack/neutron/neutron/api/v2/resource_helper.py:77}}
Jun 30 00:10:55.963786 np0000183500 devstack@neutron-api.service[103117]: INFO neutron.quota.resource_registry [None req-b51210b3-fc62-4010-b3e3-4e42dd4674af None None] Creating instance of TrackedResource for resource:subnetpool
Jun 30 00:10:55.963987 np0000183500 devstack@neutron-api.service[103115]: DEBUG neutron.common.ovn.hash_ring_manager [None req-adc7bfe4-aa4e-4ae0-b2e2-868045d83b2d None None] Hash Ring loaded. 3 active nodes. 0 offline nodes {{(pid=103115) _load_hash_ring /opt/stack/neutron/neutron/common/ovn/hash_ring_manager.py:110}}
Jun 30 00:10:55.964171 np0000183500 devstack@neutron-api.service[103115]: DEBUG neutron.plugins.ml2.drivers.ovn.mech_driver.ovsdb.ovsdb_monitor [None req-adc7bfe4-aa4e-4ae0-b2e2-868045d83b2d None None] Hash Ring: Node be3d2709683a5c7c846ea27781960141 (host: np0000183500) handling event "create" for row 52102a00-4df2-43b2-aaeb-38272b941711 (table: ACL) {{(pid=103115) notify /opt/stack/neutron/neutron/plugins/ml2/drivers/ovn/mech_driver/ovsdb/ovsdb_monitor.py:1015}}
Jun 30 00:10:55.964224 np0000183500 devstack@neutron-api.service[103117]: WARNING neutron.quota.resource_registry [None req-b51210b3-fc62-4010-b3e3-4e42dd4674af None None] subnetpool is already registered
Jun 30 00:10:55.966647 np0000183500 devstack@neutron-api.service[103117]: DEBUG neutron.api.v2.resource_helper [None req-b51210b3-fc62-4010-b3e3-4e42dd4674af None None] Service CORE assigned prefix: {{(pid=103117) build_resource_info /opt/stack/neutron/neutron/api/v2/resource_helper.py:77}}
Jun 30 00:10:55.966967 np0000183500 devstack@neutron-api.service[103117]: INFO neutron.quota.resource_registry [None req-b51210b3-fc62-4010-b3e3-4e42dd4674af None None] Creating instance of TrackedResource for resource:subnetpool
Jun 30 00:10:55.967308 np0000183500 devstack@neutron-api.service[103117]: WARNING neutron.quota.resource_registry [None req-b51210b3-fc62-4010-b3e3-4e42dd4674af None None] subnetpool is already registered
Jun 30 00:10:55.968669 np0000183500 devstack@neutron-api.service[103117]: DEBUG neutron.api.extensions [None req-b51210b3-fc62-4010-b3e3-4e42dd4674af None None] Extended resource: extensions {{(pid=103117) __init__ /opt/stack/neutron/neutron/api/extensions.py:156}}
Jun 30 00:10:55.970528 np0000183500 devstack@neutron-api.service[103117]: DEBUG neutron.api.extensions [None req-b51210b3-fc62-4010-b3e3-4e42dd4674af None None] Extended resource: address-groups {{(pid=103117) __init__ /opt/stack/neutron/neutron/api/extensions.py:156}}
Jun 30 00:10:55.971507 np0000183500 devstack@neutron-api.service[103115]: DEBUG neutron.common.ovn.hash_ring_manager [None req-adc7bfe4-aa4e-4ae0-b2e2-868045d83b2d None None] Hash Ring loaded. 3 active nodes. 0 offline nodes {{(pid=103115) _load_hash_ring /opt/stack/neutron/neutron/common/ovn/hash_ring_manager.py:110}}
Jun 30 00:10:55.972271 np0000183500 devstack@neutron-api.service[103117]: DEBUG neutron.api.extensions [None req-b51210b3-fc62-4010-b3e3-4e42dd4674af None None] Extended resource: address-scopes {{(pid=103117) __init__ /opt/stack/neutron/neutron/api/extensions.py:156}}
Jun 30 00:10:55.972869 np0000183500 devstack@neutron-api.service[103117]: DEBUG neutron.api.extensions [None req-b51210b3-fc62-4010-b3e3-4e42dd4674af None None] Extended resource: agents {{(pid=103117) __init__ /opt/stack/neutron/neutron/api/extensions.py:156}}
Jun 30 00:10:55.973376 np0000183500 devstack@neutron-api.service[103117]: DEBUG neutron.api.extensions [None req-b51210b3-fc62-4010-b3e3-4e42dd4674af None None] Extended resource: auto-allocated-topology {{(pid=103117) __init__ /opt/stack/neutron/neutron/api/extensions.py:156}}
Jun 30 00:10:55.973910 np0000183500 devstack@neutron-api.service[103117]: DEBUG neutron.api.extensions [None req-b51210b3-fc62-4010-b3e3-4e42dd4674af None None] Extended resource: availability_zones {{(pid=103117) __init__ /opt/stack/neutron/neutron/api/extensions.py:156}}
Jun 30 00:10:55.974477 np0000183500 devstack@neutron-api.service[103117]: DEBUG neutron.api.extensions [None req-b51210b3-fc62-4010-b3e3-4e42dd4674af None None] Extended resource: dhcp-networks {{(pid=103117) __init__ /opt/stack/neutron/neutron/api/extensions.py:156}}
Jun 30 00:10:55.975202 np0000183500 devstack@neutron-api.service[103117]: DEBUG neutron.api.extensions [None req-b51210b3-fc62-4010-b3e3-4e42dd4674af None None] Extended resource: dhcp-agents {{(pid=103117) __init__ /opt/stack/neutron/neutron/api/extensions.py:156}}
Jun 30 00:10:55.976559 np0000183500 devstack@neutron-api.service[103115]: DEBUG neutron.common.ovn.hash_ring_manager [None req-adc7bfe4-aa4e-4ae0-b2e2-868045d83b2d None None] Hash Ring loaded. 3 active nodes. 0 offline nodes {{(pid=103115) _load_hash_ring /opt/stack/neutron/neutron/common/ovn/hash_ring_manager.py:110}}
Jun 30 00:10:55.976796 np0000183500 devstack@neutron-api.service[103117]: DEBUG neutron.api.extensions [None req-b51210b3-fc62-4010-b3e3-4e42dd4674af None None] Extended resource: routers {{(pid=103117) __init__ /opt/stack/neutron/neutron/api/extensions.py:156}}
Jun 30 00:10:55.977810 np0000183500 devstack@neutron-api.service[103117]: DEBUG neutron.api.extensions [None req-b51210b3-fc62-4010-b3e3-4e42dd4674af None None] Extended resource: flavors {{(pid=103117) __init__ /opt/stack/neutron/neutron/api/extensions.py:156}}
Jun 30 00:10:55.979450 np0000183500 devstack@neutron-api.service[103117]: DEBUG neutron.api.extensions [None req-b51210b3-fc62-4010-b3e3-4e42dd4674af None None] Extended resource: service_profiles {{(pid=103117) __init__ /opt/stack/neutron/neutron/api/extensions.py:156}}
Jun 30 00:10:55.979967 np0000183500 devstack@neutron-api.service[103117]: DEBUG neutron.api.extensions [None req-b51210b3-fc62-4010-b3e3-4e42dd4674af None None] Extended resource: next_providers {{(pid=103117) __init__ /opt/stack/neutron/neutron/api/extensions.py:156}}
Jun 30 00:10:55.980647 np0000183500 devstack@neutron-api.service[103117]: DEBUG neutron.api.extensions [None req-b51210b3-fc62-4010-b3e3-4e42dd4674af None None] Extended resource: service_profiles {{(pid=103117) __init__ /opt/stack/neutron/neutron/api/extensions.py:156}}
Jun 30 00:10:55.981356 np0000183500 devstack@neutron-api.service[103117]: DEBUG neutron.api.extensions [None req-b51210b3-fc62-4010-b3e3-4e42dd4674af None None] Extended resource: floatingip-pools {{(pid=103117) __init__ /opt/stack/neutron/neutron/api/extensions.py:156}}
Jun 30 00:10:55.981876 np0000183500 devstack@neutron-api.service[103117]: DEBUG neutron.api.extensions [None req-b51210b3-fc62-4010-b3e3-4e42dd4674af None None] Extended resource: routers {{(pid=103117) __init__ /opt/stack/neutron/neutron/api/extensions.py:156}}
Jun 30 00:10:55.982836 np0000183500 devstack@neutron-api.service[103117]: DEBUG neutron.api.extensions [None req-b51210b3-fc62-4010-b3e3-4e42dd4674af None None] Extended resource: floatingips {{(pid=103117) __init__ /opt/stack/neutron/neutron/api/extensions.py:156}}
Jun 30 00:10:55.983388 np0000183500 devstack@neutron-api.service[103117]: DEBUG neutron.api.extensions [None req-b51210b3-fc62-4010-b3e3-4e42dd4674af None None] Extended resource: l3-routers {{(pid=103117) __init__ /opt/stack/neutron/neutron/api/extensions.py:156}}
Jun 30 00:10:55.983659 np0000183500 devstack@neutron-api.service[103115]: DEBUG neutron.common.ovn.hash_ring_manager [None req-adc7bfe4-aa4e-4ae0-b2e2-868045d83b2d None None] Hash Ring loaded. 3 active nodes. 0 offline nodes {{(pid=103115) _load_hash_ring /opt/stack/neutron/neutron/common/ovn/hash_ring_manager.py:110}}
Jun 30 00:10:55.983969 np0000183500 devstack@neutron-api.service[103116]: DEBUG ovsdbapp.backend.ovs_idl [None req-3657e8a3-3b49-4682-8885-5d1996406cee None None] Created lookup_table index Chassis.name {{(pid=103116) autocreate_indices /opt/stack/data/venv/lib/python3.12/site-packages/ovsdbapp/backend/ovs_idl/__init__.py:87}}
Jun 30 00:10:55.984062 np0000183500 devstack@neutron-api.service[103117]: DEBUG neutron.api.extensions [None req-b51210b3-fc62-4010-b3e3-4e42dd4674af None None] Extended resource: l3-agents {{(pid=103117) __init__ /opt/stack/neutron/neutron/api/extensions.py:156}}
Jun 30 00:10:55.984121 np0000183500 devstack@neutron-api.service[103116]: DEBUG ovsdbapp.backend.ovs_idl [None req-3657e8a3-3b49-4682-8885-5d1996406cee None None] Created lookup_table index Port_Binding.logical_port {{(pid=103116) autocreate_indices /opt/stack/data/venv/lib/python3.12/site-packages/ovsdbapp/backend/ovs_idl/__init__.py:87}}
Jun 30 00:10:55.984183 np0000183500 devstack@neutron-api.service[103116]: DEBUG ovsdbapp.backend.ovs_idl [None req-3657e8a3-3b49-4682-8885-5d1996406cee None None] Created schema index Chassis_Private.name {{(pid=103116) autocreate_indices /opt/stack/data/venv/lib/python3.12/site-packages/ovsdbapp/backend/ovs_idl/__init__.py:106}}
Jun 30 00:10:55.984241 np0000183500 devstack@neutron-api.service[103116]: DEBUG ovsdbapp.backend.ovs_idl [None req-3657e8a3-3b49-4682-8885-5d1996406cee None None] Created schema index Datapath_Binding.tunnel_key {{(pid=103116) autocreate_indices /opt/stack/data/venv/lib/python3.12/site-packages/ovsdbapp/backend/ovs_idl/__init__.py:106}}
Jun 30 00:10:55.984834 np0000183500 devstack@neutron-api.service[103117]: DEBUG neutron.api.extensions [None req-b51210b3-fc62-4010-b3e3-4e42dd4674af None None] Extended resource: network-ip-availabilities {{(pid=103117) __init__ /opt/stack/neutron/neutron/api/extensions.py:156}}
Jun 30 00:10:55.987084 np0000183500 devstack@neutron-api.service[103117]: DEBUG neutron.api.extensions [None req-b51210b3-fc62-4010-b3e3-4e42dd4674af None None] Extended resource: network-ip-availabilities {{(pid=103117) __init__ /opt/stack/neutron/neutron/api/extensions.py:156}}
Jun 30 00:10:55.987084 np0000183500 devstack@neutron-api.service[103117]: DEBUG neutron.api.extensions [None req-b51210b3-fc62-4010-b3e3-4e42dd4674af None None] Extended resource: bindings {{(pid=103117) __init__ /opt/stack/neutron/neutron/api/extensions.py:156}}
Jun 30 00:10:55.987348 np0000183500 devstack@neutron-api.service[103116]: INFO ovsdbapp.backend.ovs_idl.vlog [None req-3657e8a3-3b49-4682-8885-5d1996406cee None None] ssl:199.204.45.77:6642: connecting...
Jun 30 00:10:55.987440 np0000183500 devstack@neutron-api.service[103117]: DEBUG neutron.api.extensions [None req-b51210b3-fc62-4010-b3e3-4e42dd4674af None None] Extended resource: quotas {{(pid=103117) __init__ /opt/stack/neutron/neutron/api/extensions.py:156}}
Jun 30 00:10:55.987440 np0000183500 devstack@neutron-api.service[103117]: DEBUG neutron.api.extensions [None req-b51210b3-fc62-4010-b3e3-4e42dd4674af None None] Extended resource: quotas {{(pid=103117) __init__ /opt/stack/neutron/neutron/api/extensions.py:156}}
Jun 30 00:10:55.987903 np0000183500 devstack@neutron-api.service[103117]: DEBUG neutron.api.extensions [None req-b51210b3-fc62-4010-b3e3-4e42dd4674af None None] Extended resource: rbac-policies {{(pid=103117) __init__ /opt/stack/neutron/neutron/api/extensions.py:156}}
Jun 30 00:10:55.988476 np0000183500 devstack@neutron-api.service[103117]: DEBUG neutron.api.extensions [None req-b51210b3-fc62-4010-b3e3-4e42dd4674af None None] Extended resource: default-security-group-rules {{(pid=103117) __init__ /opt/stack/neutron/neutron/api/extensions.py:156}}
Jun 30 00:10:55.989011 np0000183500 devstack@neutron-api.service[103117]: DEBUG neutron.api.extensions [None req-b51210b3-fc62-4010-b3e3-4e42dd4674af None None] Extended resource: security-groups-default-statefulness {{(pid=103117) __init__ /opt/stack/neutron/neutron/api/extensions.py:156}}
Jun 30 00:10:55.989330 np0000183500 devstack@neutron-api.service[103115]: DEBUG neutron.common.ovn.hash_ring_manager [None req-adc7bfe4-aa4e-4ae0-b2e2-868045d83b2d None None] Hash Ring loaded. 3 active nodes. 0 offline nodes {{(pid=103115) _load_hash_ring /opt/stack/neutron/neutron/common/ovn/hash_ring_manager.py:110}}
Jun 30 00:10:55.989472 np0000183500 devstack@neutron-api.service[103115]: DEBUG neutron.plugins.ml2.drivers.ovn.mech_driver.ovsdb.ovsdb_monitor [None req-adc7bfe4-aa4e-4ae0-b2e2-868045d83b2d None None] Hash Ring: Node be3d2709683a5c7c846ea27781960141 (host: np0000183500) handling event "create" for row 349b8ba6-6a38-4929-86ad-f028568c0f9c (table: NB_Global) {{(pid=103115) notify /opt/stack/neutron/neutron/plugins/ml2/drivers/ovn/mech_driver/ovsdb/ovsdb_monitor.py:1015}}
Jun 30 00:10:55.989588 np0000183500 devstack@neutron-api.service[103117]: DEBUG neutron.api.extensions [None req-b51210b3-fc62-4010-b3e3-4e42dd4674af None None] Extended resource: security-groups {{(pid=103117) __init__ /opt/stack/neutron/neutron/api/extensions.py:156}}
Jun 30 00:10:55.990109 np0000183500 devstack@neutron-api.service[103117]: DEBUG neutron.api.extensions [None req-b51210b3-fc62-4010-b3e3-4e42dd4674af None None] Extended resource: security-group-rules {{(pid=103117) __init__ /opt/stack/neutron/neutron/api/extensions.py:156}}
Jun 30 00:10:55.990653 np0000183500 devstack@neutron-api.service[103116]: INFO ovsdbapp.backend.ovs_idl.vlog [None req-3657e8a3-3b49-4682-8885-5d1996406cee None None] ssl:199.204.45.77:6642: connected
Jun 30 00:10:55.990761 np0000183500 devstack@neutron-api.service[103117]: DEBUG neutron.api.extensions [None req-b51210b3-fc62-4010-b3e3-4e42dd4674af None None] Extended resource: service-providers {{(pid=103117) __init__ /opt/stack/neutron/neutron/api/extensions.py:156}}
Jun 30 00:10:55.991202 np0000183500 devstack@neutron-api.service[103117]: DEBUG neutron.api.extensions [None req-b51210b3-fc62-4010-b3e3-4e42dd4674af None None] Extended resource: subnetpools {{(pid=103117) __init__ /opt/stack/neutron/neutron/api/extensions.py:156}}
Jun 30 00:10:55.991754 np0000183500 devstack@neutron-api.service[103117]: DEBUG neutron.api.extensions [None req-b51210b3-fc62-4010-b3e3-4e42dd4674af None None] Extended resource: subnetpools {{(pid=103117) __init__ /opt/stack/neutron/neutron/api/extensions.py:156}}
Jun 30 00:10:55.992381 np0000183500 devstack@neutron-api.service[103117]: DEBUG neutron.api.extensions [None req-b51210b3-fc62-4010-b3e3-4e42dd4674af None None] Extended resource: tags {{(pid=103117) __init__ /opt/stack/neutron/neutron/api/extensions.py:156}}
Jun 30 00:10:55.993200 np0000183500 devstack@neutron-api.service[103117]: DEBUG neutron.api.extensions [None req-b51210b3-fc62-4010-b3e3-4e42dd4674af None None] Extended resource: tags {{(pid=103117) __init__ /opt/stack/neutron/neutron/api/extensions.py:156}}
Jun 30 00:10:55.994006 np0000183500 devstack@neutron-api.service[103117]: DEBUG neutron.api.extensions [None req-b51210b3-fc62-4010-b3e3-4e42dd4674af None None] Extended resource: tags {{(pid=103117) __init__ /opt/stack/neutron/neutron/api/extensions.py:156}}
Jun 30 00:10:55.994910 np0000183500 devstack@neutron-api.service[103117]: DEBUG neutron.api.extensions [None req-b51210b3-fc62-4010-b3e3-4e42dd4674af None None] Extended resource: tags {{(pid=103117) __init__ /opt/stack/neutron/neutron/api/extensions.py:156}}
Jun 30 00:10:55.995625 np0000183500 devstack@neutron-api.service[103117]: DEBUG neutron.api.extensions [None req-b51210b3-fc62-4010-b3e3-4e42dd4674af None None] Extended resource: tags {{(pid=103117) __init__ /opt/stack/neutron/neutron/api/extensions.py:156}}
Jun 30 00:10:55.996479 np0000183500 devstack@neutron-api.service[103117]: DEBUG neutron.api.extensions [None req-b51210b3-fc62-4010-b3e3-4e42dd4674af None None] Extended resource: tags {{(pid=103117) __init__ /opt/stack/neutron/neutron/api/extensions.py:156}}
Jun 30 00:10:55.997263 np0000183500 devstack@neutron-api.service[103117]: DEBUG neutron.api.extensions [None req-b51210b3-fc62-4010-b3e3-4e42dd4674af None None] Extended resource: tags {{(pid=103117) __init__ /opt/stack/neutron/neutron/api/extensions.py:156}}
Jun 30 00:10:55.997562 np0000183500 devstack@neutron-api.service[103115]: DEBUG neutron.common.ovn.hash_ring_manager [None req-adc7bfe4-aa4e-4ae0-b2e2-868045d83b2d None None] Hash Ring loaded. 3 active nodes. 0 offline nodes {{(pid=103115) _load_hash_ring /opt/stack/neutron/neutron/common/ovn/hash_ring_manager.py:110}}
Jun 30 00:10:55.997739 np0000183500 devstack@neutron-api.service[103115]: DEBUG neutron.plugins.ml2.drivers.ovn.mech_driver.ovsdb.ovsdb_monitor [None req-adc7bfe4-aa4e-4ae0-b2e2-868045d83b2d None None] Hash Ring: Node be3d2709683a5c7c846ea27781960141 (host: np0000183500) handling event "create" for row 55f0c77b-6173-4c78-82e8-acea75f58b6a (table: Port_Group) {{(pid=103115) notify /opt/stack/neutron/neutron/plugins/ml2/drivers/ovn/mech_driver/ovsdb/ovsdb_monitor.py:1015}}
Jun 30 00:10:55.998075 np0000183500 devstack@neutron-api.service[103117]: DEBUG neutron.api.extensions [None req-b51210b3-fc62-4010-b3e3-4e42dd4674af None None] Extended resource: tags {{(pid=103117) __init__ /opt/stack/neutron/neutron/api/extensions.py:156}}
Jun 30 00:10:55.998849 np0000183500 devstack@neutron-api.service[103117]: DEBUG neutron.api.extensions [None req-b51210b3-fc62-4010-b3e3-4e42dd4674af None None] Extended resource: tags {{(pid=103117) __init__ /opt/stack/neutron/neutron/api/extensions.py:156}}
Jun 30 00:10:55.999671 np0000183500 devstack@neutron-api.service[103117]: DEBUG neutron.api.extensions [None req-b51210b3-fc62-4010-b3e3-4e42dd4674af None None] Extended resource: tags {{(pid=103117) __init__ /opt/stack/neutron/neutron/api/extensions.py:156}}
Jun 30 00:10:56.003320 np0000183500 devstack@neutron-api.service[103115]: DEBUG neutron.common.ovn.hash_ring_manager [None req-adc7bfe4-aa4e-4ae0-b2e2-868045d83b2d None None] Hash Ring loaded. 3 active nodes. 0 offline nodes {{(pid=103115) _load_hash_ring /opt/stack/neutron/neutron/common/ovn/hash_ring_manager.py:110}}
Jun 30 00:10:56.009032 np0000183500 devstack@neutron-api.service[103115]: DEBUG neutron.common.ovn.hash_ring_manager [None req-adc7bfe4-aa4e-4ae0-b2e2-868045d83b2d None None] Hash Ring loaded. 3 active nodes. 0 offline nodes {{(pid=103115) _load_hash_ring /opt/stack/neutron/neutron/common/ovn/hash_ring_manager.py:110}}
Jun 30 00:10:56.009205 np0000183500 devstack@neutron-api.service[103115]: DEBUG neutron.plugins.ml2.drivers.ovn.mech_driver.ovsdb.ovsdb_monitor [None req-adc7bfe4-aa4e-4ae0-b2e2-868045d83b2d None None] Hash Ring: Node be3d2709683a5c7c846ea27781960141 (host: np0000183500) handling event "create" for row d0c5e03d-57d7-40ca-8802-c6a75e7864f3 (table: SSL) {{(pid=103115) notify /opt/stack/neutron/neutron/plugins/ml2/drivers/ovn/mech_driver/ovsdb/ovsdb_monitor.py:1015}}
Jun 30 00:10:56.009872 np0000183500 devstack@neutron-api.service[103117]: DEBUG neutron_lib.callbacks.manager [None req-b51210b3-fc62-4010-b3e3-4e42dd4674af None None] Publish callbacks ['neutron.plugins.ml2.drivers.ovn.mech_driver.mech_driver.OVNMechanismDriver.pre_fork_initialize-342929'] for process (None), before_spawn {{(pid=103117) _notify_loop /opt/stack/data/venv/lib/python3.12/site-packages/neutron_lib/callbacks/manager.py:184}}
Jun 30 00:10:56.010307 np0000183500 devstack@neutron-api.service[103117]: DEBUG oslo_concurrency.processutils [None req-b51210b3-fc62-4010-b3e3-4e42dd4674af None None] Running cmd (subprocess): ovsdb-client transact ssl:199.204.45.77:6641 --timeout 180 -p /opt/stack/data/CA/int-ca/private/devstack-cert.key -c /opt/stack/data/CA/int-ca/devstack-cert.crt -C /opt/stack/data/CA/int-ca/ca-chain.pem ["OVN_Northbound", {"op": "wait", "timeout": 0, "table": "Port_Group", "where": [["name", "==", "neutron_pg_drop"]], "until": "==", "rows": []}, {"op": "insert", "table": "ACL", "row": {"action": "drop", "direction": "to-lport", "match": "outport == @neutron_pg_drop && ip", "priority": 1001}, "uuid-name": "droptoport"}, {"op": "insert", "table": "ACL", "row": {"action": "drop", "direction": "from-lport", "match": "inport == @neutron_pg_drop && ip", "priority": 1001}, "uuid-name": "dropfromport"}, {"op": "insert", "table": "Port_Group", "row": {"name": "neutron_pg_drop", "acls": ["set", [["named-uuid", "droptoport"], ["named-uuid", "dropfromport"]]]}}] {{(pid=103117) execute /opt/stack/data/venv/lib/python3.12/site-packages/oslo_concurrency/processutils.py:440}}
Jun 30 00:10:56.010422 np0000183500 devstack@neutron-api.service[103115]: INFO neutron.plugins.ml2.drivers.ovn.mech_driver.ovsdb.impl_idl_ovn [None req-adc7bfe4-aa4e-4ae0-b2e2-868045d83b2d None None] Getting OvsdbSbOvnIdl for WorkerService with retry
Jun 30 00:10:56.019471 np0000183500 devstack@neutron-api.service[103116]: DEBUG neutron.common.ovn.hash_ring_manager [None req-3657e8a3-3b49-4682-8885-5d1996406cee None None] Disallow caching, nodes 3<4 {{(pid=103116) _wait_startup_before_caching /opt/stack/neutron/neutron/common/ovn/hash_ring_manager.py:79}}
Jun 30 00:10:56.023898 np0000183500 devstack@neutron-api.service[103116]: DEBUG neutron.common.ovn.hash_ring_manager [None req-3657e8a3-3b49-4682-8885-5d1996406cee None None] Hash Ring loaded. 3 active nodes. 0 offline nodes {{(pid=103116) _load_hash_ring /opt/stack/neutron/neutron/common/ovn/hash_ring_manager.py:110}}
Jun 30 00:10:56.024048 np0000183500 devstack@neutron-api.service[103116]: DEBUG neutron.plugins.ml2.drivers.ovn.mech_driver.ovsdb.ovsdb_monitor [None req-3657e8a3-3b49-4682-8885-5d1996406cee None None] ChassisAgentWriteEvent : Matched Chassis_Private, create, None None {{(pid=103116) matches /opt/stack/neutron/neutron/plugins/ml2/drivers/ovn/mech_driver/ovsdb/ovsdb_monitor.py:64}}
Jun 30 00:10:56.024194 np0000183500 devstack@neutron-api.service[103116]: DEBUG neutron.plugins.ml2.drivers.ovn.mech_driver.ovsdb.ovsdb_monitor [None req-3657e8a3-3b49-4682-8885-5d1996406cee None None] ChassisOVNAgentWriteEvent : Matched Chassis_Private, create, None None {{(pid=103116) matches /opt/stack/neutron/neutron/plugins/ml2/drivers/ovn/mech_driver/ovsdb/ovsdb_monitor.py:64}}
Jun 30 00:10:56.031115 np0000183500 devstack@neutron-api.service[103116]: DEBUG neutron.common.ovn.hash_ring_manager [None req-3657e8a3-3b49-4682-8885-5d1996406cee None None] Hash Ring loaded. 3 active nodes. 0 offline nodes {{(pid=103116) _load_hash_ring /opt/stack/neutron/neutron/common/ovn/hash_ring_manager.py:110}}
Jun 30 00:10:56.031305 np0000183500 devstack@neutron-api.service[103116]: DEBUG neutron.plugins.ml2.drivers.ovn.mech_driver.ovsdb.ovsdb_monitor [None req-3657e8a3-3b49-4682-8885-5d1996406cee None None] Hash Ring: Node b772bb2073295ddcb752735fdd1a3a6b (host: np0000183500) handling event "create" for row 0f6daa07-55b3-4496-902e-cd690691c47b (table: Chassis_Private) {{(pid=103116) notify /opt/stack/neutron/neutron/plugins/ml2/drivers/ovn/mech_driver/ovsdb/ovsdb_monitor.py:1015}}
Jun 30 00:10:56.037421 np0000183500 devstack@neutron-api.service[103116]: DEBUG neutron.common.ovn.hash_ring_manager [None req-3657e8a3-3b49-4682-8885-5d1996406cee None None] Hash Ring loaded. 3 active nodes. 0 offline nodes {{(pid=103116) _load_hash_ring /opt/stack/neutron/neutron/common/ovn/hash_ring_manager.py:110}}
Jun 30 00:10:56.037553 np0000183500 devstack@neutron-api.service[103116]: DEBUG neutron.plugins.ml2.drivers.ovn.mech_driver.ovsdb.ovsdb_monitor [None req-3657e8a3-3b49-4682-8885-5d1996406cee None None] Hash Ring: Node b772bb2073295ddcb752735fdd1a3a6b (host: np0000183500) handling event "create" for row e5f3b871-77fa-4cc7-b7d0-4d9457674dbb (table: Encap) {{(pid=103116) notify /opt/stack/neutron/neutron/plugins/ml2/drivers/ovn/mech_driver/ovsdb/ovsdb_monitor.py:1015}}
Jun 30 00:10:56.038684 np0000183500 devstack@neutron-api.service[103116]: INFO neutron.plugins.ml2.drivers.ovn.mech_driver.mech_driver [None req-3657e8a3-3b49-4682-8885-5d1996406cee None None] WorkerService process has finished the post initialization
Jun 30 00:10:56.038993 np0000183500 devstack@neutron-api.service[103116]: DEBUG oslo_concurrency.processutils [None req-3657e8a3-3b49-4682-8885-5d1996406cee None None] Running cmd (subprocess): ovsdb-client transact ssl:199.204.45.77:6641 --timeout 180 -p /opt/stack/data/CA/int-ca/private/devstack-cert.key -c /opt/stack/data/CA/int-ca/devstack-cert.crt -C /opt/stack/data/CA/int-ca/ca-chain.pem ["OVN_Northbound", {"op": "wait", "timeout": 0, "table": "Port_Group", "where": [["name", "==", "pvlan_pg_drop"]], "until": "==", "rows": []}, {"op": "insert", "table": "ACL", "row": {"action": "drop", "direction": "to-lport", "match": "outport == @pvlan_pg_drop && ip", "priority": 1010}, "uuid-name": "pvlandroptoport"}, {"op": "insert", "table": "ACL", "row": {"action": "drop", "direction": "from-lport", "match": "inport == @pvlan_pg_drop && ip", "priority": 1010}, "uuid-name": "pvlandropfromport"}, {"op": "insert", "table": "Port_Group", "row": {"name": "pvlan_pg_drop", "acls": ["set", [["named-uuid", "pvlandroptoport"], ["named-uuid", "pvlandropfromport"]]]}}] {{(pid=103116) execute /opt/stack/data/venv/lib/python3.12/site-packages/oslo_concurrency/processutils.py:440}}
Jun 30 00:10:56.040948 np0000183500 devstack@neutron-api.service[103115]: DEBUG ovsdbapp.backend.ovs_idl [None req-adc7bfe4-aa4e-4ae0-b2e2-868045d83b2d None None] Created lookup_table index Chassis.name {{(pid=103115) autocreate_indices /opt/stack/data/venv/lib/python3.12/site-packages/ovsdbapp/backend/ovs_idl/__init__.py:87}}
Jun 30 00:10:56.041097 np0000183500 devstack@neutron-api.service[103115]: DEBUG ovsdbapp.backend.ovs_idl [None req-adc7bfe4-aa4e-4ae0-b2e2-868045d83b2d None None] Created lookup_table index Port_Binding.logical_port {{(pid=103115) autocreate_indices /opt/stack/data/venv/lib/python3.12/site-packages/ovsdbapp/backend/ovs_idl/__init__.py:87}}
Jun 30 00:10:56.041227 np0000183500 devstack@neutron-api.service[103115]: DEBUG ovsdbapp.backend.ovs_idl [None req-adc7bfe4-aa4e-4ae0-b2e2-868045d83b2d None None] Created schema index Chassis_Private.name {{(pid=103115) autocreate_indices /opt/stack/data/venv/lib/python3.12/site-packages/ovsdbapp/backend/ovs_idl/__init__.py:106}}
Jun 30 00:10:56.041371 np0000183500 devstack@neutron-api.service[103115]: DEBUG ovsdbapp.backend.ovs_idl [None req-adc7bfe4-aa4e-4ae0-b2e2-868045d83b2d None None] Created schema index Datapath_Binding.tunnel_key {{(pid=103115) autocreate_indices /opt/stack/data/venv/lib/python3.12/site-packages/ovsdbapp/backend/ovs_idl/__init__.py:106}}
Jun 30 00:10:56.043654 np0000183500 devstack@neutron-api.service[103115]: INFO ovsdbapp.backend.ovs_idl.vlog [None req-adc7bfe4-aa4e-4ae0-b2e2-868045d83b2d None None] ssl:199.204.45.77:6642: connecting...
Jun 30 00:10:56.049177 np0000183500 devstack@neutron-api.service[103117]: DEBUG oslo_concurrency.processutils [None req-b51210b3-fc62-4010-b3e3-4e42dd4674af None None] CMD "ovsdb-client transact ssl:199.204.45.77:6641 --timeout 180 -p /opt/stack/data/CA/int-ca/private/devstack-cert.key -c /opt/stack/data/CA/int-ca/devstack-cert.crt -C /opt/stack/data/CA/int-ca/ca-chain.pem ["OVN_Northbound", {"op": "wait", "timeout": 0, "table": "Port_Group", "where": [["name", "==", "neutron_pg_drop"]], "until": "==", "rows": []}, {"op": "insert", "table": "ACL", "row": {"action": "drop", "direction": "to-lport", "match": "outport == @neutron_pg_drop && ip", "priority": 1001}, "uuid-name": "droptoport"}, {"op": "insert", "table": "ACL", "row": {"action": "drop", "direction": "from-lport", "match": "inport == @neutron_pg_drop && ip", "priority": 1001}, "uuid-name": "dropfromport"}, {"op": "insert", "table": "Port_Group", "row": {"name": "neutron_pg_drop", "acls": ["set", [["named-uuid", "droptoport"], ["named-uuid", "dropfromport"]]]}}]" returned: 0 in 0.038s {{(pid=103117) execute /opt/stack/data/venv/lib/python3.12/site-packages/oslo_concurrency/processutils.py:468}}
Jun 30 00:10:56.049948 np0000183500 devstack@neutron-api.service[103115]: INFO ovsdbapp.backend.ovs_idl.vlog [None req-adc7bfe4-aa4e-4ae0-b2e2-868045d83b2d None None] ssl:199.204.45.77:6642: connected
Jun 30 00:10:56.050068 np0000183500 devstack@neutron-api.service[103117]: DEBUG neutron_lib.callbacks.manager [None req-b51210b3-fc62-4010-b3e3-4e42dd4674af None None] Publish callbacks ['neutron.plugins.ml2.drivers.ovn.mech_driver.mech_driver.OVNMechanismDriver.post_fork_initialize-343033', 'neutron.services.pvlan.drivers.ovn.driver._initialize_pvlan_pg_drop-7789124638734', 'neutron.services.ovn_l3.plugin.OVNL3RouterPlugin._post_fork_initialize-6047'] for process (None), after_init {{(pid=103117) _notify_loop /opt/stack/data/venv/lib/python3.12/site-packages/neutron_lib/callbacks/manager.py:184}}
Jun 30 00:10:56.050496 np0000183500 devstack@neutron-api.service[103117]: DEBUG oslo_concurrency.lockutils [None req-b51210b3-fc62-4010-b3e3-4e42dd4674af None None] Acquiring lock "singleton_lock" {{(pid=103117) lock /opt/stack/data/venv/lib/python3.12/site-packages/oslo_concurrency/lockutils.py:395}}
Jun 30 00:10:56.050755 np0000183500 devstack@neutron-api.service[103117]: DEBUG oslo_concurrency.lockutils [None req-b51210b3-fc62-4010-b3e3-4e42dd4674af None None] Acquired lock "singleton_lock" {{(pid=103117) lock /opt/stack/data/venv/lib/python3.12/site-packages/oslo_concurrency/lockutils.py:398}}
Jun 30 00:10:56.051212 np0000183500 devstack@neutron-api.service[103117]: DEBUG oslo_concurrency.lockutils [None req-b51210b3-fc62-4010-b3e3-4e42dd4674af None None] Releasing lock "singleton_lock" {{(pid=103117) lock /opt/stack/data/venv/lib/python3.12/site-packages/oslo_concurrency/lockutils.py:418}}
Jun 30 00:10:56.054465 np0000183500 devstack@neutron-api.service[103117]: DEBUG neutron.plugins.ml2.drivers.ovn.mech_driver.mech_driver [None req-b51210b3-fc62-4010-b3e3-4e42dd4674af None None] Hash Ring setup using WSGI start time 2026-06-30 00:10:48+00:00 {{(pid=103117) _init_hash_ring /opt/stack/neutron/neutron/plugins/ml2/drivers/ovn/mech_driver/mech_driver.py:404}}
Jun 30 00:10:56.063095 np0000183500 devstack@neutron-api.service[103117]: INFO neutron.db.ovn_hash_ring_db [None req-b51210b3-fc62-4010-b3e3-4e42dd4674af None None] Nodes from host "np0000183500" and group "mechanism_driver" removed from the Hash Ring created at 2026-06-30 00:10:48+00:00
Jun 30 00:10:56.065706 np0000183500 devstack@neutron-api.service[103117]: INFO neutron.db.ovn_hash_ring_db [None req-b51210b3-fc62-4010-b3e3-4e42dd4674af None None] Node d4cf0a39171b5ad29ed92aa3443a1a6e from host "np0000183500" and group "mechanism_driver" added to the Hash Ring
Jun 30 00:10:56.068732 np0000183500 devstack@neutron-api.service[103117]: DEBUG neutron.plugins.ml2.drivers.ovn.mech_driver.mech_driver [None req-b51210b3-fc62-4010-b3e3-4e42dd4674af None None] Hash Ring setup, this worker has detected 4 OVN hash ring registers in the database {{(pid=103117) _init_hash_ring /opt/stack/neutron/neutron/plugins/ml2/drivers/ovn/mech_driver/mech_driver.py:414}}
Jun 30 00:10:56.077481 np0000183500 devstack@neutron-api.service[103115]: DEBUG neutron.common.ovn.hash_ring_manager [None req-adc7bfe4-aa4e-4ae0-b2e2-868045d83b2d None None] Disallow caching, nodes 3<4 {{(pid=103115) _wait_startup_before_caching /opt/stack/neutron/neutron/common/ovn/hash_ring_manager.py:79}}
Jun 30 00:10:56.078092 np0000183500 devstack@neutron-api.service[103116]: DEBUG oslo_concurrency.processutils [None req-3657e8a3-3b49-4682-8885-5d1996406cee None None] CMD "ovsdb-client transact ssl:199.204.45.77:6641 --timeout 180 -p /opt/stack/data/CA/int-ca/private/devstack-cert.key -c /opt/stack/data/CA/int-ca/devstack-cert.crt -C /opt/stack/data/CA/int-ca/ca-chain.pem ["OVN_Northbound", {"op": "wait", "timeout": 0, "table": "Port_Group", "where": [["name", "==", "pvlan_pg_drop"]], "until": "==", "rows": []}, {"op": "insert", "table": "ACL", "row": {"action": "drop", "direction": "to-lport", "match": "outport == @pvlan_pg_drop && ip", "priority": 1010}, "uuid-name": "pvlandroptoport"}, {"op": "insert", "table": "ACL", "row": {"action": "drop", "direction": "from-lport", "match": "inport == @pvlan_pg_drop && ip", "priority": 1010}, "uuid-name": "pvlandropfromport"}, {"op": "insert", "table": "Port_Group", "row": {"name": "pvlan_pg_drop", "acls": ["set", [["named-uuid", "pvlandroptoport"], ["named-uuid", "pvlandropfromport"]]]}}]" returned: 0 in 0.038s {{(pid=103116) execute /opt/stack/data/venv/lib/python3.12/site-packages/oslo_concurrency/processutils.py:468}}
Jun 30 00:10:56.079748 np0000183500 devstack@neutron-api.service[103117]: DEBUG neutron.plugins.ml2.drivers.ovn.mech_driver.ovsdb.maintenance [None req-b51210b3-fc62-4010-b3e3-4e42dd4674af None None] Periodic task found: HashRingHealthCheckPeriodics.touch_hash_ring_node {{(pid=103117) add_periodics /opt/stack/neutron/neutron/plugins/ml2/drivers/ovn/mech_driver/ovsdb/maintenance.py:146}}
Jun 30 00:10:56.081334 np0000183500 devstack@neutron-api.service[103117]: INFO neutron.plugins.ml2.drivers.ovn.mech_driver.mech_driver [None req-b51210b3-fc62-4010-b3e3-4e42dd4674af None None] Hash Ring probing thread for node d4cf0a39171b5ad29ed92aa3443a1a6e has started
Jun 30 00:10:56.081661 np0000183500 devstack@neutron-api.service[103116]: WSGI app 0 (mountpoint='') ready in 8 seconds on interpreter 0x7158c76a3668 pid: 103116 (default app)
Jun 30 00:10:56.082136 np0000183500 devstack@neutron-api.service[103115]: DEBUG neutron.common.ovn.hash_ring_manager [None req-adc7bfe4-aa4e-4ae0-b2e2-868045d83b2d None None] Hash Ring loaded. 4 active nodes. 0 offline nodes {{(pid=103115) _load_hash_ring /opt/stack/neutron/neutron/common/ovn/hash_ring_manager.py:110}}
Jun 30 00:10:56.082370 np0000183500 devstack@neutron-api.service[103115]: DEBUG neutron.plugins.ml2.drivers.ovn.mech_driver.ovsdb.ovsdb_monitor [None req-adc7bfe4-aa4e-4ae0-b2e2-868045d83b2d None None] ChassisAgentWriteEvent : Matched Chassis_Private, create, None None {{(pid=103115) matches /opt/stack/neutron/neutron/plugins/ml2/drivers/ovn/mech_driver/ovsdb/ovsdb_monitor.py:64}}
Jun 30 00:10:56.082453 np0000183500 devstack@neutron-api.service[103117]: INFO neutron.plugins.ml2.drivers.ovn.mech_driver.ovsdb.impl_idl_ovn [None req-b51210b3-fc62-4010-b3e3-4e42dd4674af None None] Getting OvsdbNbOvnIdl for WorkerService with retry
Jun 30 00:10:56.082640 np0000183500 devstack@neutron-api.service[103115]: DEBUG neutron.plugins.ml2.drivers.ovn.mech_driver.ovsdb.ovsdb_monitor [None req-adc7bfe4-aa4e-4ae0-b2e2-868045d83b2d None None] ChassisOVNAgentWriteEvent : Matched Chassis_Private, create, None None {{(pid=103115) matches /opt/stack/neutron/neutron/plugins/ml2/drivers/ovn/mech_driver/ovsdb/ovsdb_monitor.py:64}}
Jun 30 00:10:56.086484 np0000183500 devstack@neutron-api.service[103115]: DEBUG neutron.common.ovn.hash_ring_manager [None req-adc7bfe4-aa4e-4ae0-b2e2-868045d83b2d None None] Allow caching, nodes 4>=4 {{(pid=103115) _wait_startup_before_caching /opt/stack/neutron/neutron/common/ovn/hash_ring_manager.py:71}}
Jun 30 00:10:56.088158 np0000183500 devstack@neutron-api.service[103115]: INFO neutron.plugins.ml2.drivers.ovn.mech_driver.mech_driver [None req-adc7bfe4-aa4e-4ae0-b2e2-868045d83b2d None None] WorkerService process has finished the post initialization
Jun 30 00:10:56.088687 np0000183500 devstack@neutron-api.service[103115]: DEBUG oslo_concurrency.processutils [None req-adc7bfe4-aa4e-4ae0-b2e2-868045d83b2d None None] Running cmd (subprocess): ovsdb-client transact ssl:199.204.45.77:6641 --timeout 180 -p /opt/stack/data/CA/int-ca/private/devstack-cert.key -c /opt/stack/data/CA/int-ca/devstack-cert.crt -C /opt/stack/data/CA/int-ca/ca-chain.pem ["OVN_Northbound", {"op": "wait", "timeout": 0, "table": "Port_Group", "where": [["name", "==", "pvlan_pg_drop"]], "until": "==", "rows": []}, {"op": "insert", "table": "ACL", "row": {"action": "drop", "direction": "to-lport", "match": "outport == @pvlan_pg_drop && ip", "priority": 1010}, "uuid-name": "pvlandroptoport"}, {"op": "insert", "table": "ACL", "row": {"action": "drop", "direction": "from-lport", "match": "inport == @pvlan_pg_drop && ip", "priority": 1010}, "uuid-name": "pvlandropfromport"}, {"op": "insert", "table": "Port_Group", "row": {"name": "pvlan_pg_drop", "acls": ["set", [["named-uuid", "pvlandroptoport"], ["named-uuid", "pvlandropfromport"]]]}}] {{(pid=103115) execute /opt/stack/data/venv/lib/python3.12/site-packages/oslo_concurrency/processutils.py:440}}
Jun 30 00:10:56.123121 np0000183500 devstack@neutron-api.service[103115]: DEBUG oslo_concurrency.processutils [None req-adc7bfe4-aa4e-4ae0-b2e2-868045d83b2d None None] CMD "ovsdb-client transact ssl:199.204.45.77:6641 --timeout 180 -p /opt/stack/data/CA/int-ca/private/devstack-cert.key -c /opt/stack/data/CA/int-ca/devstack-cert.crt -C /opt/stack/data/CA/int-ca/ca-chain.pem ["OVN_Northbound", {"op": "wait", "timeout": 0, "table": "Port_Group", "where": [["name", "==", "pvlan_pg_drop"]], "until": "==", "rows": []}, {"op": "insert", "table": "ACL", "row": {"action": "drop", "direction": "to-lport", "match": "outport == @pvlan_pg_drop && ip", "priority": 1010}, "uuid-name": "pvlandroptoport"}, {"op": "insert", "table": "ACL", "row": {"action": "drop", "direction": "from-lport", "match": "inport == @pvlan_pg_drop && ip", "priority": 1010}, "uuid-name": "pvlandropfromport"}, {"op": "insert", "table": "Port_Group", "row": {"name": "pvlan_pg_drop", "acls": ["set", [["named-uuid", "pvlandroptoport"], ["named-uuid", "pvlandropfromport"]]]}}]" returned: 0 in 0.034s {{(pid=103115) execute /opt/stack/data/venv/lib/python3.12/site-packages/oslo_concurrency/processutils.py:468}}
Jun 30 00:10:56.125452 np0000183500 devstack@neutron-api.service[103117]: DEBUG ovsdbapp.backend.ovs_idl [None req-b51210b3-fc62-4010-b3e3-4e42dd4674af None None] Created lookup_table index Logical_Switch.name {{(pid=103117) autocreate_indices /opt/stack/data/venv/lib/python3.12/site-packages/ovsdbapp/backend/ovs_idl/__init__.py:87}}
Jun 30 00:10:56.125452 np0000183500 devstack@neutron-api.service[103117]: DEBUG ovsdbapp.backend.ovs_idl [None req-b51210b3-fc62-4010-b3e3-4e42dd4674af None None] Created lookup_table index Logical_Router.name {{(pid=103117) autocreate_indices /opt/stack/data/venv/lib/python3.12/site-packages/ovsdbapp/backend/ovs_idl/__init__.py:87}}
Jun 30 00:10:56.125452 np0000183500 devstack@neutron-api.service[103117]: DEBUG ovsdbapp.backend.ovs_idl [None req-b51210b3-fc62-4010-b3e3-4e42dd4674af None None] Created lookup_table index Load_Balancer.name {{(pid=103117) autocreate_indices /opt/stack/data/venv/lib/python3.12/site-packages/ovsdbapp/backend/ovs_idl/__init__.py:87}}
Jun 30 00:10:56.125452 np0000183500 devstack@neutron-api.service[103117]: DEBUG ovsdbapp.backend.ovs_idl [None req-b51210b3-fc62-4010-b3e3-4e42dd4674af None None] Created schema index Copp.name {{(pid=103117) autocreate_indices /opt/stack/data/venv/lib/python3.12/site-packages/ovsdbapp/backend/ovs_idl/__init__.py:106}}
Jun 30 00:10:56.125452 np0000183500 devstack@neutron-api.service[103117]: DEBUG ovsdbapp.backend.ovs_idl [None req-b51210b3-fc62-4010-b3e3-4e42dd4674af None None] Created schema index Meter.name {{(pid=103117) autocreate_indices /opt/stack/data/venv/lib/python3.12/site-packages/ovsdbapp/backend/ovs_idl/__init__.py:106}}
Jun 30 00:10:56.125452 np0000183500 devstack@neutron-api.service[103117]: DEBUG ovsdbapp.backend.ovs_idl [None req-b51210b3-fc62-4010-b3e3-4e42dd4674af None None] Created schema index Load_Balancer_Group.name {{(pid=103117) autocreate_indices /opt/stack/data/venv/lib/python3.12/site-packages/ovsdbapp/backend/ovs_idl/__init__.py:106}}
Jun 30 00:10:56.125674 np0000183500 devstack@neutron-api.service[103117]: DEBUG ovsdbapp.backend.ovs_idl [None req-b51210b3-fc62-4010-b3e3-4e42dd4674af None None] Created schema index HA_Chassis_Group.name {{(pid=103117) autocreate_indices /opt/stack/data/venv/lib/python3.12/site-packages/ovsdbapp/backend/ovs_idl/__init__.py:106}}
Jun 30 00:10:56.125674 np0000183500 devstack@neutron-api.service[103117]: DEBUG ovsdbapp.backend.ovs_idl [None req-b51210b3-fc62-4010-b3e3-4e42dd4674af None None] Created schema index Address_Set.name {{(pid=103117) autocreate_indices /opt/stack/data/venv/lib/python3.12/site-packages/ovsdbapp/backend/ovs_idl/__init__.py:106}}
Jun 30 00:10:56.125780 np0000183500 devstack@neutron-api.service[103117]: DEBUG ovsdbapp.backend.ovs_idl [None req-b51210b3-fc62-4010-b3e3-4e42dd4674af None None] Created schema index Connection.target {{(pid=103117) autocreate_indices /opt/stack/data/venv/lib/python3.12/site-packages/ovsdbapp/backend/ovs_idl/__init__.py:106}}
Jun 30 00:10:56.125912 np0000183500 devstack@neutron-api.service[103117]: DEBUG ovsdbapp.backend.ovs_idl [None req-b51210b3-fc62-4010-b3e3-4e42dd4674af None None] Created schema index Gateway_Chassis.name {{(pid=103117) autocreate_indices /opt/stack/data/venv/lib/python3.12/site-packages/ovsdbapp/backend/ovs_idl/__init__.py:106}}
Jun 30 00:10:56.126068 np0000183500 devstack@neutron-api.service[103117]: DEBUG ovsdbapp.backend.ovs_idl [None req-b51210b3-fc62-4010-b3e3-4e42dd4674af None None] Created schema index Mirror.name {{(pid=103117) autocreate_indices /opt/stack/data/venv/lib/python3.12/site-packages/ovsdbapp/backend/ovs_idl/__init__.py:106}}
Jun 30 00:10:56.126201 np0000183500 devstack@neutron-api.service[103117]: DEBUG ovsdbapp.backend.ovs_idl [None req-b51210b3-fc62-4010-b3e3-4e42dd4674af None None] Created schema index Chassis_Template_Var.chassis {{(pid=103117) autocreate_indices /opt/stack/data/venv/lib/python3.12/site-packages/ovsdbapp/backend/ovs_idl/__init__.py:106}}
Jun 30 00:10:56.126327 np0000183500 devstack@neutron-api.service[103117]: DEBUG ovsdbapp.backend.ovs_idl [None req-b51210b3-fc62-4010-b3e3-4e42dd4674af None None] Created schema index Logical_Router_Port.name {{(pid=103117) autocreate_indices /opt/stack/data/venv/lib/python3.12/site-packages/ovsdbapp/backend/ovs_idl/__init__.py:106}}
Jun 30 00:10:56.126590 np0000183500 devstack@neutron-api.service[103117]: DEBUG ovsdbapp.backend.ovs_idl [None req-b51210b3-fc62-4010-b3e3-4e42dd4674af None None] Created schema index Port_Group.name {{(pid=103117) autocreate_indices /opt/stack/data/venv/lib/python3.12/site-packages/ovsdbapp/backend/ovs_idl/__init__.py:106}}
Jun 30 00:10:56.126726 np0000183500 devstack@neutron-api.service[103117]: DEBUG ovsdbapp.backend.ovs_idl [None req-b51210b3-fc62-4010-b3e3-4e42dd4674af None None] Created schema index Logical_Switch_Port.name {{(pid=103117) autocreate_indices /opt/stack/data/venv/lib/python3.12/site-packages/ovsdbapp/backend/ovs_idl/__init__.py:106}}
Jun 30 00:10:56.127269 np0000183500 devstack@neutron-api.service[103115]: WSGI app 0 (mountpoint='') ready in 8 seconds on interpreter 0x7158c76a3668 pid: 103115 (default app)
Jun 30 00:10:56.129830 np0000183500 devstack@neutron-api.service[103117]: INFO ovsdbapp.backend.ovs_idl.vlog [None req-b51210b3-fc62-4010-b3e3-4e42dd4674af None None] ssl:199.204.45.77:6641: connecting...
