Apr 06 17:20:01.176746 np0000163546 devstack@n-api-meta.service[107564]: DEBUG nova.api.openstack.wsgi_app [None req-36fbd87e-bbed-472e-9c07-13e57e2348d1 None None] oslo_limit.split_loggers = False {{(pid=107564) log_opt_values /opt/stack/data/venv/lib/python3.12/site-packages/oslo_config/cfg.py:3006}}
Apr 06 17:20:01.176874 np0000163546 devstack@n-api-meta.service[107564]: DEBUG nova.api.openstack.wsgi_app [None req-36fbd87e-bbed-472e-9c07-13e57e2348d1 None None] oslo_limit.status_code_retries = None {{(pid=107564) log_opt_values /opt/stack/data/venv/lib/python3.12/site-packages/oslo_config/cfg.py:3006}}
Apr 06 17:20:01.177030 np0000163546 devstack@n-api-meta.service[107564]: DEBUG nova.api.openstack.wsgi_app [None req-36fbd87e-bbed-472e-9c07-13e57e2348d1 None None] oslo_limit.status_code_retry_delay = None {{(pid=107564) log_opt_values /opt/stack/data/venv/lib/python3.12/site-packages/oslo_config/cfg.py:3006}}
Apr 06 17:20:01.177160 np0000163546 devstack@n-api-meta.service[107564]: DEBUG nova.api.openstack.wsgi_app [None req-36fbd87e-bbed-472e-9c07-13e57e2348d1 None None] oslo_limit.timeout = None {{(pid=107564) log_opt_values /opt/stack/data/venv/lib/python3.12/site-packages/oslo_config/cfg.py:3006}}
Apr 06 17:20:01.177288 np0000163546 devstack@n-api-meta.service[107564]: DEBUG nova.api.openstack.wsgi_app [None req-36fbd87e-bbed-472e-9c07-13e57e2348d1 None None] oslo_limit.valid_interfaces = None {{(pid=107564) log_opt_values /opt/stack/data/venv/lib/python3.12/site-packages/oslo_config/cfg.py:3006}}
Apr 06 17:20:01.177437 np0000163546 devstack@n-api-meta.service[107564]: DEBUG nova.api.openstack.wsgi_app [None req-36fbd87e-bbed-472e-9c07-13e57e2348d1 None None] oslo_limit.version = None {{(pid=107564) log_opt_values /opt/stack/data/venv/lib/python3.12/site-packages/oslo_config/cfg.py:3006}}
Apr 06 17:20:01.177580 np0000163546 devstack@n-api-meta.service[107564]: DEBUG nova.api.openstack.wsgi_app [None req-36fbd87e-bbed-472e-9c07-13e57e2348d1 None None] oslo_messaging_rabbit.amqp_auto_delete = False {{(pid=107564) log_opt_values /opt/stack/data/venv/lib/python3.12/site-packages/oslo_config/cfg.py:3006}}
Apr 06 17:20:01.177711 np0000163546 devstack@n-api-meta.service[107564]: DEBUG nova.api.openstack.wsgi_app [None req-36fbd87e-bbed-472e-9c07-13e57e2348d1 None None] oslo_messaging_rabbit.amqp_durable_queues = False {{(pid=107564) log_opt_values /opt/stack/data/venv/lib/python3.12/site-packages/oslo_config/cfg.py:3006}}
Apr 06 17:20:01.177841 np0000163546 devstack@n-api-meta.service[107564]: DEBUG nova.api.openstack.wsgi_app [None req-36fbd87e-bbed-472e-9c07-13e57e2348d1 None None] oslo_messaging_rabbit.conn_pool_min_size = 2 {{(pid=107564) log_opt_values /opt/stack/data/venv/lib/python3.12/site-packages/oslo_config/cfg.py:3006}}
Apr 06 17:20:01.177999 np0000163546 devstack@n-api-meta.service[107564]: DEBUG nova.api.openstack.wsgi_app [None req-36fbd87e-bbed-472e-9c07-13e57e2348d1 None None] oslo_messaging_rabbit.conn_pool_ttl = 1200 {{(pid=107564) log_opt_values /opt/stack/data/venv/lib/python3.12/site-packages/oslo_config/cfg.py:3006}}
Apr 06 17:20:01.178133 np0000163546 devstack@n-api-meta.service[107564]: DEBUG nova.api.openstack.wsgi_app [None req-36fbd87e-bbed-472e-9c07-13e57e2348d1 None None] oslo_messaging_rabbit.direct_mandatory_flag = True {{(pid=107564) log_opt_values /opt/stack/data/venv/lib/python3.12/site-packages/oslo_config/cfg.py:3006}}
Apr 06 17:20:01.178263 np0000163546 devstack@n-api-meta.service[107564]: DEBUG nova.api.openstack.wsgi_app [None req-36fbd87e-bbed-472e-9c07-13e57e2348d1 None None] oslo_messaging_rabbit.enable_cancel_on_failover = False {{(pid=107564) log_opt_values /opt/stack/data/venv/lib/python3.12/site-packages/oslo_config/cfg.py:3006}}
Apr 06 17:20:01.178398 np0000163546 devstack@n-api-meta.service[107564]: DEBUG nova.api.openstack.wsgi_app [None req-36fbd87e-bbed-472e-9c07-13e57e2348d1 None None] oslo_messaging_rabbit.heartbeat_in_pthread = False {{(pid=107564) log_opt_values /opt/stack/data/venv/lib/python3.12/site-packages/oslo_config/cfg.py:3006}}
Apr 06 17:20:01.178529 np0000163546 devstack@n-api-meta.service[107564]: DEBUG nova.api.openstack.wsgi_app [None req-36fbd87e-bbed-472e-9c07-13e57e2348d1 None None] oslo_messaging_rabbit.heartbeat_rate = 3 {{(pid=107564) log_opt_values /opt/stack/data/venv/lib/python3.12/site-packages/oslo_config/cfg.py:3006}}
Apr 06 17:20:01.178658 np0000163546 devstack@n-api-meta.service[107564]: DEBUG nova.api.openstack.wsgi_app [None req-36fbd87e-bbed-472e-9c07-13e57e2348d1 None None] oslo_messaging_rabbit.heartbeat_timeout_threshold = 60 {{(pid=107564) log_opt_values /opt/stack/data/venv/lib/python3.12/site-packages/oslo_config/cfg.py:3006}}
Apr 06 17:20:01.178839 np0000163546 devstack@n-api-meta.service[107564]: DEBUG nova.api.openstack.wsgi_app [None req-36fbd87e-bbed-472e-9c07-13e57e2348d1 None None] oslo_messaging_rabbit.hostname = np0000163546 {{(pid=107564) log_opt_values /opt/stack/data/venv/lib/python3.12/site-packages/oslo_config/cfg.py:3006}}
Apr 06 17:20:01.179186 np0000163546 devstack@n-api-meta.service[107564]: DEBUG nova.api.openstack.wsgi_app [None req-36fbd87e-bbed-472e-9c07-13e57e2348d1 None None] oslo_messaging_rabbit.kombu_compression = None {{(pid=107564) log_opt_values /opt/stack/data/venv/lib/python3.12/site-packages/oslo_config/cfg.py:3006}}
Apr 06 17:20:01.179327 np0000163546 devstack@n-api-meta.service[107564]: DEBUG nova.api.openstack.wsgi_app [None req-36fbd87e-bbed-472e-9c07-13e57e2348d1 None None] oslo_messaging_rabbit.kombu_failover_strategy = round-robin {{(pid=107564) log_opt_values /opt/stack/data/venv/lib/python3.12/site-packages/oslo_config/cfg.py:3006}}
Apr 06 17:20:01.179465 np0000163546 devstack@n-api-meta.service[107564]: DEBUG nova.api.openstack.wsgi_app [None req-36fbd87e-bbed-472e-9c07-13e57e2348d1 None None] oslo_messaging_rabbit.kombu_missing_consumer_retry_timeout = 60 {{(pid=107564) log_opt_values /opt/stack/data/venv/lib/python3.12/site-packages/oslo_config/cfg.py:3006}}
Apr 06 17:20:01.179604 np0000163546 devstack@n-api-meta.service[107564]: DEBUG nova.api.openstack.wsgi_app [None req-36fbd87e-bbed-472e-9c07-13e57e2348d1 None None] oslo_messaging_rabbit.kombu_reconnect_delay = 1.0 {{(pid=107564) log_opt_values /opt/stack/data/venv/lib/python3.12/site-packages/oslo_config/cfg.py:3006}}
Apr 06 17:20:01.179738 np0000163546 devstack@n-api-meta.service[107564]: DEBUG nova.api.openstack.wsgi_app [None req-36fbd87e-bbed-472e-9c07-13e57e2348d1 None None] oslo_messaging_rabbit.kombu_reconnect_splay = 0.0 {{(pid=107564) log_opt_values /opt/stack/data/venv/lib/python3.12/site-packages/oslo_config/cfg.py:3006}}
Apr 06 17:20:01.179870 np0000163546 devstack@n-api-meta.service[107564]: DEBUG nova.api.openstack.wsgi_app [None req-36fbd87e-bbed-472e-9c07-13e57e2348d1 None None] oslo_messaging_rabbit.processname = uwsgi {{(pid=107564) log_opt_values /opt/stack/data/venv/lib/python3.12/site-packages/oslo_config/cfg.py:3006}}
Apr 06 17:20:01.180024 np0000163546 devstack@n-api-meta.service[107564]: DEBUG nova.api.openstack.wsgi_app [None req-36fbd87e-bbed-472e-9c07-13e57e2348d1 None None] oslo_messaging_rabbit.rabbit_ha_queues = False {{(pid=107564) log_opt_values /opt/stack/data/venv/lib/python3.12/site-packages/oslo_config/cfg.py:3006}}
Apr 06 17:20:01.180151 np0000163546 devstack@n-api-meta.service[107564]: DEBUG nova.api.openstack.wsgi_app [None req-36fbd87e-bbed-472e-9c07-13e57e2348d1 None None] oslo_messaging_rabbit.rabbit_interval_max = 30 {{(pid=107564) log_opt_values /opt/stack/data/venv/lib/python3.12/site-packages/oslo_config/cfg.py:3006}}
Apr 06 17:20:01.180289 np0000163546 devstack@n-api-meta.service[107564]: DEBUG nova.api.openstack.wsgi_app [None req-36fbd87e-bbed-472e-9c07-13e57e2348d1 None None] oslo_messaging_rabbit.rabbit_login_method = AMQPLAIN {{(pid=107564) log_opt_values /opt/stack/data/venv/lib/python3.12/site-packages/oslo_config/cfg.py:3006}}
Apr 06 17:20:01.180419 np0000163546 devstack@n-api-meta.service[107564]: DEBUG nova.api.openstack.wsgi_app [None req-36fbd87e-bbed-472e-9c07-13e57e2348d1 None None] oslo_messaging_rabbit.rabbit_qos_prefetch_count = 0 {{(pid=107564) log_opt_values /opt/stack/data/venv/lib/python3.12/site-packages/oslo_config/cfg.py:3006}}
Apr 06 17:20:01.180596 np0000163546 devstack@n-api-meta.service[107564]: DEBUG nova.api.openstack.wsgi_app [None req-36fbd87e-bbed-472e-9c07-13e57e2348d1 None None] oslo_messaging_rabbit.rabbit_quorum_delivery_limit = 0 {{(pid=107564) log_opt_values /opt/stack/data/venv/lib/python3.12/site-packages/oslo_config/cfg.py:3006}}
Apr 06 17:20:01.180739 np0000163546 devstack@n-api-meta.service[107564]: DEBUG nova.api.openstack.wsgi_app [None req-36fbd87e-bbed-472e-9c07-13e57e2348d1 None None] oslo_messaging_rabbit.rabbit_quorum_max_memory_bytes = 0 {{(pid=107564) log_opt_values /opt/stack/data/venv/lib/python3.12/site-packages/oslo_config/cfg.py:3006}}
Apr 06 17:20:01.180882 np0000163546 devstack@n-api-meta.service[107564]: DEBUG nova.api.openstack.wsgi_app [None req-36fbd87e-bbed-472e-9c07-13e57e2348d1 None None] oslo_messaging_rabbit.rabbit_quorum_max_memory_length = 0 {{(pid=107564) log_opt_values /opt/stack/data/venv/lib/python3.12/site-packages/oslo_config/cfg.py:3006}}
Apr 06 17:20:01.181037 np0000163546 devstack@n-api-meta.service[107564]: DEBUG nova.api.openstack.wsgi_app [None req-36fbd87e-bbed-472e-9c07-13e57e2348d1 None None] oslo_messaging_rabbit.rabbit_quorum_queue = False {{(pid=107564) log_opt_values /opt/stack/data/venv/lib/python3.12/site-packages/oslo_config/cfg.py:3006}}
Apr 06 17:20:01.181166 np0000163546 devstack@n-api-meta.service[107564]: DEBUG nova.api.openstack.wsgi_app [None req-36fbd87e-bbed-472e-9c07-13e57e2348d1 None None] oslo_messaging_rabbit.rabbit_retry_backoff = 2 {{(pid=107564) log_opt_values /opt/stack/data/venv/lib/python3.12/site-packages/oslo_config/cfg.py:3006}}
Apr 06 17:20:01.181294 np0000163546 devstack@n-api-meta.service[107564]: DEBUG nova.api.openstack.wsgi_app [None req-36fbd87e-bbed-472e-9c07-13e57e2348d1 None None] oslo_messaging_rabbit.rabbit_retry_interval = 1 {{(pid=107564) log_opt_values /opt/stack/data/venv/lib/python3.12/site-packages/oslo_config/cfg.py:3006}}
Apr 06 17:20:01.181465 np0000163546 devstack@n-api-meta.service[107564]: DEBUG nova.api.openstack.wsgi_app [None req-36fbd87e-bbed-472e-9c07-13e57e2348d1 None None] oslo_messaging_rabbit.rabbit_stream_fanout = False {{(pid=107564) log_opt_values /opt/stack/data/venv/lib/python3.12/site-packages/oslo_config/cfg.py:3006}}
Apr 06 17:20:01.181645 np0000163546 devstack@n-api-meta.service[107564]: DEBUG nova.api.openstack.wsgi_app [None req-36fbd87e-bbed-472e-9c07-13e57e2348d1 None None] oslo_messaging_rabbit.rabbit_transient_queues_ttl = 1800 {{(pid=107564) log_opt_values /opt/stack/data/venv/lib/python3.12/site-packages/oslo_config/cfg.py:3006}}
Apr 06 17:20:01.181783 np0000163546 devstack@n-api-meta.service[107564]: DEBUG nova.api.openstack.wsgi_app [None req-36fbd87e-bbed-472e-9c07-13e57e2348d1 None None] oslo_messaging_rabbit.rabbit_transient_quorum_queue = False {{(pid=107564) log_opt_values /opt/stack/data/venv/lib/python3.12/site-packages/oslo_config/cfg.py:3006}}
Apr 06 17:20:01.181918 np0000163546 devstack@n-api-meta.service[107564]: DEBUG nova.api.openstack.wsgi_app [None req-36fbd87e-bbed-472e-9c07-13e57e2348d1 None None] oslo_messaging_rabbit.rpc_conn_pool_size = 30 {{(pid=107564) log_opt_values /opt/stack/data/venv/lib/python3.12/site-packages/oslo_config/cfg.py:3006}}
Apr 06 17:20:01.182163 np0000163546 devstack@n-api-meta.service[107564]: DEBUG nova.api.openstack.wsgi_app [None req-36fbd87e-bbed-472e-9c07-13e57e2348d1 None None] oslo_messaging_rabbit.ssl = False {{(pid=107564) log_opt_values /opt/stack/data/venv/lib/python3.12/site-packages/oslo_config/cfg.py:3006}}
Apr 06 17:20:01.182298 np0000163546 devstack@n-api-meta.service[107564]: DEBUG nova.api.openstack.wsgi_app [None req-36fbd87e-bbed-472e-9c07-13e57e2348d1 None None] oslo_messaging_rabbit.ssl_ca_file = {{(pid=107564) log_opt_values /opt/stack/data/venv/lib/python3.12/site-packages/oslo_config/cfg.py:3006}}
Apr 06 17:20:01.182434 np0000163546 devstack@n-api-meta.service[107564]: DEBUG nova.api.openstack.wsgi_app [None req-36fbd87e-bbed-472e-9c07-13e57e2348d1 None None] oslo_messaging_rabbit.ssl_cert_file = {{(pid=107564) log_opt_values /opt/stack/data/venv/lib/python3.12/site-packages/oslo_config/cfg.py:3006}}
Apr 06 17:20:01.182604 np0000163546 devstack@n-api-meta.service[107564]: DEBUG nova.api.openstack.wsgi_app [None req-36fbd87e-bbed-472e-9c07-13e57e2348d1 None None] oslo_messaging_rabbit.ssl_enforce_fips_mode = False {{(pid=107564) log_opt_values /opt/stack/data/venv/lib/python3.12/site-packages/oslo_config/cfg.py:3006}}
Apr 06 17:20:01.182752 np0000163546 devstack@n-api-meta.service[107564]: DEBUG nova.api.openstack.wsgi_app [None req-36fbd87e-bbed-472e-9c07-13e57e2348d1 None None] oslo_messaging_rabbit.ssl_key_file = {{(pid=107564) log_opt_values /opt/stack/data/venv/lib/python3.12/site-packages/oslo_config/cfg.py:3006}}
Apr 06 17:20:01.182887 np0000163546 devstack@n-api-meta.service[107564]: DEBUG nova.api.openstack.wsgi_app [None req-36fbd87e-bbed-472e-9c07-13e57e2348d1 None None] oslo_messaging_rabbit.ssl_version = {{(pid=107564) log_opt_values /opt/stack/data/venv/lib/python3.12/site-packages/oslo_config/cfg.py:3006}}
Apr 06 17:20:01.183049 np0000163546 devstack@n-api-meta.service[107564]: DEBUG nova.api.openstack.wsgi_app [None req-36fbd87e-bbed-472e-9c07-13e57e2348d1 None None] oslo_messaging_rabbit.use_queue_manager = False {{(pid=107564) log_opt_values /opt/stack/data/venv/lib/python3.12/site-packages/oslo_config/cfg.py:3006}}
Apr 06 17:20:01.183216 np0000163546 devstack@n-api-meta.service[107564]: DEBUG nova.api.openstack.wsgi_app [None req-36fbd87e-bbed-472e-9c07-13e57e2348d1 None None] oslo_messaging_notifications.driver = ['messagingv2'] {{(pid=107564) log_opt_values /opt/stack/data/venv/lib/python3.12/site-packages/oslo_config/cfg.py:3006}}
Apr 06 17:20:01.183348 np0000163546 devstack@n-api-meta.service[107564]: DEBUG nova.api.openstack.wsgi_app [None req-36fbd87e-bbed-472e-9c07-13e57e2348d1 None None] oslo_messaging_notifications.retry = -1 {{(pid=107564) log_opt_values /opt/stack/data/venv/lib/python3.12/site-packages/oslo_config/cfg.py:3006}}
Apr 06 17:20:01.183501 np0000163546 devstack@n-api-meta.service[107564]: DEBUG nova.api.openstack.wsgi_app [None req-36fbd87e-bbed-472e-9c07-13e57e2348d1 None None] oslo_messaging_notifications.topics = ['notifications'] {{(pid=107564) log_opt_values /opt/stack/data/venv/lib/python3.12/site-packages/oslo_config/cfg.py:3006}}
Apr 06 17:20:01.183654 np0000163546 devstack@n-api-meta.service[107564]: DEBUG nova.api.openstack.wsgi_app [None req-36fbd87e-bbed-472e-9c07-13e57e2348d1 None None] oslo_messaging_notifications.transport_url = **** {{(pid=107564) log_opt_values /opt/stack/data/venv/lib/python3.12/site-packages/oslo_config/cfg.py:3006}}
Apr 06 17:20:01.183828 np0000163546 devstack@n-api-meta.service[107564]: DEBUG nova.api.openstack.wsgi_app [None req-36fbd87e-bbed-472e-9c07-13e57e2348d1 None None] oslo_reports.file_event_handler = None {{(pid=107564) log_opt_values /opt/stack/data/venv/lib/python3.12/site-packages/oslo_config/cfg.py:3006}}
Apr 06 17:20:01.184034 np0000163546 devstack@n-api-meta.service[107564]: DEBUG nova.api.openstack.wsgi_app [None req-36fbd87e-bbed-472e-9c07-13e57e2348d1 None None] oslo_reports.file_event_handler_interval = 1 {{(pid=107564) log_opt_values /opt/stack/data/venv/lib/python3.12/site-packages/oslo_config/cfg.py:3006}}
Apr 06 17:20:01.184213 np0000163546 devstack@n-api-meta.service[107564]: DEBUG nova.api.openstack.wsgi_app [None req-36fbd87e-bbed-472e-9c07-13e57e2348d1 None None] oslo_reports.log_dir = None {{(pid=107564) log_opt_values /opt/stack/data/venv/lib/python3.12/site-packages/oslo_config/cfg.py:3006}}
Apr 06 17:20:01.184363 np0000163546 devstack@n-api-meta.service[107564]: DEBUG nova.api.openstack.wsgi_app [None req-36fbd87e-bbed-472e-9c07-13e57e2348d1 None None] ******************************************************************************** {{(pid=107564) log_opt_values /opt/stack/data/venv/lib/python3.12/site-packages/oslo_config/cfg.py:3013}}
Apr 06 17:20:01.184584 np0000163546 devstack@n-api-meta.service[107564]: WSGI app 0 (mountpoint='') ready in 3 seconds on interpreter 0x72c2410a3668 pid: 107564 (default app)
Apr 06 17:20:10.687258 np0000163546 devstack@n-api-meta.service[107563]: DEBUG dbcounter [-] [107563] Writing DB stats nova_api:SELECT=1 {{(pid=107563) stat_writer /opt/stack/data/venv/lib/python3.12/site-packages/dbcounter.py:115}}
Apr 06 17:20:10.761076 np0000163546 devstack@n-api-meta.service[107562]: DEBUG dbcounter [-] [107562] Writing DB stats nova_api:SELECT=1 {{(pid=107562) stat_writer /opt/stack/data/venv/lib/python3.12/site-packages/dbcounter.py:115}}
Apr 06 17:20:10.771640 np0000163546 devstack@n-api-meta.service[107561]: DEBUG dbcounter [-] [107561] Writing DB stats nova_api:SELECT=1 {{(pid=107561) stat_writer /opt/stack/data/venv/lib/python3.12/site-packages/dbcounter.py:115}}
Apr 06 17:20:10.827261 np0000163546 devstack@n-api-meta.service[107563]: DEBUG dbcounter [-] [107563] Writing DB stats nova_cell0:SELECT=1 {{(pid=107563) stat_writer /opt/stack/data/venv/lib/python3.12/site-packages/dbcounter.py:115}}
Apr 06 17:20:10.828215 np0000163546 devstack@n-api-meta.service[107563]: DEBUG dbcounter [-] [107563] Writing DB stats nova_cell1:SELECT=1 {{(pid=107563) stat_writer /opt/stack/data/venv/lib/python3.12/site-packages/dbcounter.py:115}}
Apr 06 17:20:10.835552 np0000163546 devstack@n-api-meta.service[107564]: DEBUG dbcounter [-] [107564] Writing DB stats nova_api:SELECT=1 {{(pid=107564) stat_writer /opt/stack/data/venv/lib/python3.12/site-packages/dbcounter.py:115}}
Apr 06 17:20:10.853959 np0000163546 devstack@n-api-meta.service[107563]: DEBUG dbcounter [-] [107563] Writing DB stats nova_cell0:SELECT=2,nova_cell0:INSERT=1 {{(pid=107563) stat_writer /opt/stack/data/venv/lib/python3.12/site-packages/dbcounter.py:115}}
Apr 06 17:20:10.891251 np0000163546 devstack@n-api-meta.service[107562]: DEBUG dbcounter [-] [107562] Writing DB stats nova_cell0:SELECT=1 {{(pid=107562) stat_writer /opt/stack/data/venv/lib/python3.12/site-packages/dbcounter.py:115}}
Apr 06 17:20:10.894623 np0000163546 devstack@n-api-meta.service[107562]: DEBUG dbcounter [-] [107562] Writing DB stats nova_cell1:SELECT=1 {{(pid=107562) stat_writer /opt/stack/data/venv/lib/python3.12/site-packages/dbcounter.py:115}}
Apr 06 17:20:10.915651 np0000163546 devstack@n-api-meta.service[107562]: DEBUG dbcounter [-] [107562] Writing DB stats nova_cell0:SELECT=1 {{(pid=107562) stat_writer /opt/stack/data/venv/lib/python3.12/site-packages/dbcounter.py:115}}
Apr 06 17:20:10.928738 np0000163546 devstack@n-api-meta.service[107561]: DEBUG dbcounter [-] [107561] Writing DB stats nova_cell0:SELECT=1 {{(pid=107561) stat_writer /opt/stack/data/venv/lib/python3.12/site-packages/dbcounter.py:115}}
Apr 06 17:20:10.930390 np0000163546 devstack@n-api-meta.service[107561]: DEBUG dbcounter [-] [107561] Writing DB stats nova_cell1:SELECT=1 {{(pid=107561) stat_writer /opt/stack/data/venv/lib/python3.12/site-packages/dbcounter.py:115}}
Apr 06 17:20:10.957154 np0000163546 devstack@n-api-meta.service[107561]: DEBUG dbcounter [-] [107561] Writing DB stats nova_cell0:SELECT=1 {{(pid=107561) stat_writer /opt/stack/data/venv/lib/python3.12/site-packages/dbcounter.py:115}}
Apr 06 17:20:10.990737 np0000163546 devstack@n-api-meta.service[107564]: DEBUG dbcounter [-] [107564] Writing DB stats nova_cell1:SELECT=1 {{(pid=107564) stat_writer /opt/stack/data/venv/lib/python3.12/site-packages/dbcounter.py:115}}
Apr 06 17:20:10.991684 np0000163546 devstack@n-api-meta.service[107564]: DEBUG dbcounter [-] [107564] Writing DB stats nova_cell0:SELECT=1 {{(pid=107564) stat_writer /opt/stack/data/venv/lib/python3.12/site-packages/dbcounter.py:115}}
Apr 06 17:20:11.017291 np0000163546 devstack@n-api-meta.service[107564]: DEBUG dbcounter [-] [107564] Writing DB stats nova_cell0:SELECT=1 {{(pid=107564) stat_writer /opt/stack/data/venv/lib/python3.12/site-packages/dbcounter.py:115}}
Apr 06 17:28:28.280321 np0000163546 devstack@n-api-meta.service[107563]: DEBUG nova.api.metadata.handler [None req-60dbc612-5231-4237-aa70-df03bac9442c None None] Metadata request headers: {'Host': '199.204.45.169:8775', 'User-Agent': 'python-requests/2.33.0', 'Accept-Encoding': 'gzip, deflate', 'Accept': '*/*', 'Connection': 'keep-alive', 'X-Forwarded-For': '192.168.24.63', 'X-Instance-Id': '12878927-d821-40f2-8913-f89e65a4a17a', 'X-Tenant-Id': 'f8cce3bcbdeb4507b1354395a97ca0a8', 'X-Instance-Id-Signature': '546a3e78813f9bb77f5aaed30fe3c4c5b9e118f41315d99a8fbecc0be5975c1d'} {{(pid=107563) __call__ /opt/stack/nova/nova/api/metadata/handler.py:109}}
Apr 06 17:28:28.293603 np0000163546 devstack@n-api-meta.service[107563]: DEBUG oslo_concurrency.lockutils [None req-d9ec6f33-ba55-48ab-b589-e7d272a0660e None None] Acquiring lock "e06d8478-e078-4d27-8a26-bf87bbfda24e" by "nova.context.set_target_cell..get_or_set_cached_cell_and_set_connections" {{(pid=107563) inner /opt/stack/data/venv/lib/python3.12/site-packages/oslo_concurrency/lockutils.py:506}}
Apr 06 17:28:28.293758 np0000163546 devstack@n-api-meta.service[107563]: DEBUG oslo_concurrency.lockutils [None req-d9ec6f33-ba55-48ab-b589-e7d272a0660e None None] Lock "e06d8478-e078-4d27-8a26-bf87bbfda24e" acquired by "nova.context.set_target_cell..get_or_set_cached_cell_and_set_connections" :: waited 0.000s {{(pid=107563) inner /opt/stack/data/venv/lib/python3.12/site-packages/oslo_concurrency/lockutils.py:519}}
Apr 06 17:28:28.293902 np0000163546 devstack@n-api-meta.service[107563]: DEBUG oslo_concurrency.lockutils [None req-d9ec6f33-ba55-48ab-b589-e7d272a0660e None None] Lock "e06d8478-e078-4d27-8a26-bf87bbfda24e" "released" by "nova.context.set_target_cell..get_or_set_cached_cell_and_set_connections" :: held 0.000s {{(pid=107563) inner /opt/stack/data/venv/lib/python3.12/site-packages/oslo_concurrency/lockutils.py:538}}
Apr 06 17:28:28.348245 np0000163546 devstack@n-api-meta.service[107563]: WARNING neutronclient.v2_0.client [None req-d9ec6f33-ba55-48ab-b589-e7d272a0660e None None] The python binding code in neutronclient is deprecated in favor of OpenstackSDK, please use that as this will be removed in a future release.
Apr 06 17:28:28.806630 np0000163546 devstack@n-api-meta.service[107563]: [pid: 107563|app: 0|req: 1/1] 199.204.45.169 () {40 vars in 642 bytes} [Mon Apr 6 17:28:28 2026] GET /openstack => generated 116 bytes in 527 msecs (HTTP/1.1 200) 3 headers in 100 bytes (1 switches on core 0)
Apr 06 17:28:28.820399 np0000163546 devstack@n-api-meta.service[107562]: DEBUG nova.api.metadata.handler [None req-02e30400-321b-40c0-8562-ff57ea6129e6 None None] Metadata request headers: {'Host': '199.204.45.169:8775', 'User-Agent': 'python-requests/2.33.0', 'Accept-Encoding': 'gzip, deflate', 'Accept': '*/*', 'Connection': 'keep-alive', 'X-Forwarded-For': '192.168.24.63', 'X-Instance-Id': '12878927-d821-40f2-8913-f89e65a4a17a', 'X-Tenant-Id': 'f8cce3bcbdeb4507b1354395a97ca0a8', 'X-Instance-Id-Signature': '546a3e78813f9bb77f5aaed30fe3c4c5b9e118f41315d99a8fbecc0be5975c1d'} {{(pid=107562) __call__ /opt/stack/nova/nova/api/metadata/handler.py:109}}
Apr 06 17:28:28.824749 np0000163546 devstack@n-api-meta.service[107562]: DEBUG nova.api.metadata.handler [None req-02e30400-321b-40c0-8562-ff57ea6129e6 None None] Using cached metadata for instance 12878927-d821-40f2-8913-f89e65a4a17a {{(pid=107562) get_metadata_by_instance_id /opt/stack/nova/nova/api/metadata/handler.py:84}}
Apr 06 17:28:28.825216 np0000163546 devstack@n-api-meta.service[107562]: [pid: 107562|app: 0|req: 1/2] 199.204.45.169 () {40 vars in 642 bytes} [Mon Apr 6 17:28:28 2026] GET /openstack => generated 116 bytes in 6 msecs (HTTP/1.1 200) 3 headers in 100 bytes (1 switches on core 0)
Apr 06 17:28:28.834619 np0000163546 devstack@n-api-meta.service[107561]: DEBUG nova.api.metadata.handler [None req-e3033121-713d-4df8-ab66-4f2e32a46452 None None] Metadata request headers: {'Host': '199.204.45.169:8775', 'User-Agent': 'python-requests/2.33.0', 'Accept-Encoding': 'gzip, deflate', 'Accept': '*/*', 'Connection': 'keep-alive', 'X-Forwarded-For': '192.168.24.63', 'X-Instance-Id': '12878927-d821-40f2-8913-f89e65a4a17a', 'X-Tenant-Id': 'f8cce3bcbdeb4507b1354395a97ca0a8', 'X-Instance-Id-Signature': '546a3e78813f9bb77f5aaed30fe3c4c5b9e118f41315d99a8fbecc0be5975c1d'} {{(pid=107561) __call__ /opt/stack/nova/nova/api/metadata/handler.py:109}}
Apr 06 17:28:28.843289 np0000163546 devstack@n-api-meta.service[107561]: DEBUG nova.api.metadata.handler [None req-e3033121-713d-4df8-ab66-4f2e32a46452 None None] Using cached metadata for instance 12878927-d821-40f2-8913-f89e65a4a17a {{(pid=107561) get_metadata_by_instance_id /opt/stack/nova/nova/api/metadata/handler.py:84}}
Apr 06 17:28:28.843863 np0000163546 devstack@n-api-meta.service[107561]: [pid: 107561|app: 0|req: 1/3] 199.204.45.169 () {40 vars in 694 bytes} [Mon Apr 6 17:28:28 2026] GET /openstack/2018-08-27/meta_data.json => generated 946 bytes in 11 msecs (HTTP/1.1 200) 3 headers in 91 bytes (1 switches on core 0)
Apr 06 17:28:28.854554 np0000163546 devstack@n-api-meta.service[107564]: DEBUG nova.api.metadata.handler [None req-36fbd87e-bbed-472e-9c07-13e57e2348d1 None None] Metadata request headers: {'Host': '199.204.45.169:8775', 'User-Agent': 'python-requests/2.33.0', 'Accept-Encoding': 'gzip, deflate', 'Accept': '*/*', 'Connection': 'keep-alive', 'X-Forwarded-For': '192.168.24.63', 'X-Instance-Id': '12878927-d821-40f2-8913-f89e65a4a17a', 'X-Tenant-Id': 'f8cce3bcbdeb4507b1354395a97ca0a8', 'X-Instance-Id-Signature': '546a3e78813f9bb77f5aaed30fe3c4c5b9e118f41315d99a8fbecc0be5975c1d'} {{(pid=107564) __call__ /opt/stack/nova/nova/api/metadata/handler.py:109}}
Apr 06 17:28:28.864121 np0000163546 devstack@n-api-meta.service[107564]: DEBUG nova.api.metadata.handler [None req-36fbd87e-bbed-472e-9c07-13e57e2348d1 None None] Using cached metadata for instance 12878927-d821-40f2-8913-f89e65a4a17a {{(pid=107564) get_metadata_by_instance_id /opt/stack/nova/nova/api/metadata/handler.py:84}}
Apr 06 17:28:28.864976 np0000163546 devstack@n-api-meta.service[107564]: [pid: 107564|app: 0|req: 1/4] 199.204.45.169 () {40 vars in 684 bytes} [Mon Apr 6 17:28:28 2026] GET /openstack/2018-08-27/user_data => generated 26363 bytes in 12 msecs (HTTP/1.1 200) 3 headers in 102 bytes (1 switches on core 0)
Apr 06 17:28:28.879513 np0000163546 devstack@n-api-meta.service[107563]: DEBUG nova.api.metadata.handler [None req-d9ec6f33-ba55-48ab-b589-e7d272a0660e None None] Metadata request headers: {'Host': '199.204.45.169:8775', 'User-Agent': 'python-requests/2.33.0', 'Accept-Encoding': 'gzip, deflate', 'Accept': '*/*', 'Connection': 'keep-alive', 'X-Forwarded-For': '192.168.24.63', 'X-Instance-Id': '12878927-d821-40f2-8913-f89e65a4a17a', 'X-Tenant-Id': 'f8cce3bcbdeb4507b1354395a97ca0a8', 'X-Instance-Id-Signature': '546a3e78813f9bb77f5aaed30fe3c4c5b9e118f41315d99a8fbecc0be5975c1d'} {{(pid=107563) __call__ /opt/stack/nova/nova/api/metadata/handler.py:109}}
Apr 06 17:28:28.883187 np0000163546 devstack@n-api-meta.service[107563]: DEBUG nova.api.metadata.handler [None req-d9ec6f33-ba55-48ab-b589-e7d272a0660e None None] Using cached metadata for instance 12878927-d821-40f2-8913-f89e65a4a17a {{(pid=107563) get_metadata_by_instance_id /opt/stack/nova/nova/api/metadata/handler.py:84}}
Apr 06 17:28:28.883855 np0000163546 devstack@n-api-meta.service[107563]: [pid: 107563|app: 0|req: 2/5] 199.204.45.169 () {40 vars in 698 bytes} [Mon Apr 6 17:28:28 2026] GET /openstack/2018-08-27/vendor_data.json => generated 2 bytes in 7 msecs (HTTP/1.1 200) 3 headers in 89 bytes (1 switches on core 0)
Apr 06 17:28:28.892774 np0000163546 devstack@n-api-meta.service[107562]: DEBUG nova.api.metadata.handler [None req-02e30400-321b-40c0-8562-ff57ea6129e6 None None] Metadata request headers: {'Host': '199.204.45.169:8775', 'User-Agent': 'python-requests/2.33.0', 'Accept-Encoding': 'gzip, deflate', 'Accept': '*/*', 'Connection': 'keep-alive', 'X-Forwarded-For': '192.168.24.63', 'X-Instance-Id': '12878927-d821-40f2-8913-f89e65a4a17a', 'X-Tenant-Id': 'f8cce3bcbdeb4507b1354395a97ca0a8', 'X-Instance-Id-Signature': '546a3e78813f9bb77f5aaed30fe3c4c5b9e118f41315d99a8fbecc0be5975c1d'} {{(pid=107562) __call__ /opt/stack/nova/nova/api/metadata/handler.py:109}}
Apr 06 17:28:28.899490 np0000163546 devstack@n-api-meta.service[107562]: DEBUG nova.api.metadata.handler [None req-02e30400-321b-40c0-8562-ff57ea6129e6 None None] Using cached metadata for instance 12878927-d821-40f2-8913-f89e65a4a17a {{(pid=107562) get_metadata_by_instance_id /opt/stack/nova/nova/api/metadata/handler.py:84}}
Apr 06 17:28:28.900329 np0000163546 devstack@n-api-meta.service[107562]: [pid: 107562|app: 0|req: 2/6] 199.204.45.169 () {40 vars in 700 bytes} [Mon Apr 6 17:28:28 2026] GET /openstack/2018-08-27/vendor_data2.json => generated 14 bytes in 8 msecs (HTTP/1.1 200) 3 headers in 90 bytes (1 switches on core 0)
Apr 06 17:28:28.909113 np0000163546 devstack@n-api-meta.service[107561]: DEBUG nova.api.metadata.handler [None req-e3033121-713d-4df8-ab66-4f2e32a46452 None None] Metadata request headers: {'Host': '199.204.45.169:8775', 'User-Agent': 'python-requests/2.33.0', 'Accept-Encoding': 'gzip, deflate', 'Accept': '*/*', 'Connection': 'keep-alive', 'X-Forwarded-For': '192.168.24.63', 'X-Instance-Id': '12878927-d821-40f2-8913-f89e65a4a17a', 'X-Tenant-Id': 'f8cce3bcbdeb4507b1354395a97ca0a8', 'X-Instance-Id-Signature': '546a3e78813f9bb77f5aaed30fe3c4c5b9e118f41315d99a8fbecc0be5975c1d'} {{(pid=107561) __call__ /opt/stack/nova/nova/api/metadata/handler.py:109}}
Apr 06 17:28:28.911490 np0000163546 devstack@n-api-meta.service[107561]: DEBUG nova.api.metadata.handler [None req-e3033121-713d-4df8-ab66-4f2e32a46452 None None] Using cached metadata for instance 12878927-d821-40f2-8913-f89e65a4a17a {{(pid=107561) get_metadata_by_instance_id /opt/stack/nova/nova/api/metadata/handler.py:84}}
Apr 06 17:28:28.912094 np0000163546 devstack@n-api-meta.service[107561]: [pid: 107561|app: 0|req: 2/7] 199.204.45.169 () {40 vars in 700 bytes} [Mon Apr 6 17:28:28 2026] GET /openstack/2018-08-27/network_data.json => generated 348 bytes in 4 msecs (HTTP/1.1 200) 3 headers in 100 bytes (1 switches on core 0)
Apr 06 17:28:28.922697 np0000163546 devstack@n-api-meta.service[107564]: DEBUG nova.api.metadata.handler [None req-36fbd87e-bbed-472e-9c07-13e57e2348d1 None None] Metadata request headers: {'Host': '199.204.45.169:8775', 'User-Agent': 'python-requests/2.33.0', 'Accept-Encoding': 'gzip, deflate', 'Accept': '*/*', 'Connection': 'keep-alive', 'X-Forwarded-For': '192.168.24.63', 'X-Instance-Id': '12878927-d821-40f2-8913-f89e65a4a17a', 'X-Tenant-Id': 'f8cce3bcbdeb4507b1354395a97ca0a8', 'X-Instance-Id-Signature': '546a3e78813f9bb77f5aaed30fe3c4c5b9e118f41315d99a8fbecc0be5975c1d'} {{(pid=107564) __call__ /opt/stack/nova/nova/api/metadata/handler.py:109}}
Apr 06 17:28:28.926314 np0000163546 devstack@n-api-meta.service[107564]: DEBUG nova.api.metadata.handler [None req-36fbd87e-bbed-472e-9c07-13e57e2348d1 None None] Using cached metadata for instance 12878927-d821-40f2-8913-f89e65a4a17a {{(pid=107564) get_metadata_by_instance_id /opt/stack/nova/nova/api/metadata/handler.py:84}}
Apr 06 17:28:28.927313 np0000163546 devstack@n-api-meta.service[107564]: [pid: 107564|app: 0|req: 2/8] 199.204.45.169 () {40 vars in 658 bytes} [Mon Apr 6 17:28:28 2026] GET /latest/meta-data/ => generated 210 bytes in 6 msecs (HTTP/1.1 200) 3 headers in 100 bytes (1 switches on core 0)
Apr 06 17:28:28.936422 np0000163546 devstack@n-api-meta.service[107563]: DEBUG nova.api.metadata.handler [None req-d9ec6f33-ba55-48ab-b589-e7d272a0660e None None] Metadata request headers: {'Host': '199.204.45.169:8775', 'User-Agent': 'python-requests/2.33.0', 'Accept-Encoding': 'gzip, deflate', 'Accept': '*/*', 'Connection': 'keep-alive', 'X-Forwarded-For': '192.168.24.63', 'X-Instance-Id': '12878927-d821-40f2-8913-f89e65a4a17a', 'X-Tenant-Id': 'f8cce3bcbdeb4507b1354395a97ca0a8', 'X-Instance-Id-Signature': '546a3e78813f9bb77f5aaed30fe3c4c5b9e118f41315d99a8fbecc0be5975c1d'} {{(pid=107563) __call__ /opt/stack/nova/nova/api/metadata/handler.py:109}}
Apr 06 17:28:28.939270 np0000163546 devstack@n-api-meta.service[107563]: DEBUG nova.api.metadata.handler [None req-d9ec6f33-ba55-48ab-b589-e7d272a0660e None None] Using cached metadata for instance 12878927-d821-40f2-8913-f89e65a4a17a {{(pid=107563) get_metadata_by_instance_id /opt/stack/nova/nova/api/metadata/handler.py:84}}
Apr 06 17:28:28.939979 np0000163546 devstack@n-api-meta.service[107563]: [pid: 107563|app: 0|req: 3/9] 199.204.45.169 () {40 vars in 700 bytes} [Mon Apr 6 17:28:28 2026] GET /latest/meta-data/block-device-mapping/ => generated 8 bytes in 4 msecs (HTTP/1.1 200) 3 headers in 98 bytes (1 switches on core 0)
Apr 06 17:28:28.949830 np0000163546 devstack@n-api-meta.service[107562]: DEBUG nova.api.metadata.handler [None req-02e30400-321b-40c0-8562-ff57ea6129e6 None None] Metadata request headers: {'Host': '199.204.45.169:8775', 'User-Agent': 'python-requests/2.33.0', 'Accept-Encoding': 'gzip, deflate', 'Accept': '*/*', 'Connection': 'keep-alive', 'X-Forwarded-For': '192.168.24.63', 'X-Instance-Id': '12878927-d821-40f2-8913-f89e65a4a17a', 'X-Tenant-Id': 'f8cce3bcbdeb4507b1354395a97ca0a8', 'X-Instance-Id-Signature': '546a3e78813f9bb77f5aaed30fe3c4c5b9e118f41315d99a8fbecc0be5975c1d'} {{(pid=107562) __call__ /opt/stack/nova/nova/api/metadata/handler.py:109}}
Apr 06 17:28:28.952515 np0000163546 devstack@n-api-meta.service[107562]: DEBUG nova.api.metadata.handler [None req-02e30400-321b-40c0-8562-ff57ea6129e6 None None] Using cached metadata for instance 12878927-d821-40f2-8913-f89e65a4a17a {{(pid=107562) get_metadata_by_instance_id /opt/stack/nova/nova/api/metadata/handler.py:84}}
Apr 06 17:28:28.953297 np0000163546 devstack@n-api-meta.service[107562]: [pid: 107562|app: 0|req: 3/10] 199.204.45.169 () {40 vars in 706 bytes} [Mon Apr 6 17:28:28 2026] GET /latest/meta-data/block-device-mapping/ami => generated 3 bytes in 4 msecs (HTTP/1.1 200) 3 headers in 98 bytes (1 switches on core 0)
Apr 06 17:28:28.960702 np0000163546 devstack@n-api-meta.service[107561]: DEBUG nova.api.metadata.handler [None req-e3033121-713d-4df8-ab66-4f2e32a46452 None None] Metadata request headers: {'Host': '199.204.45.169:8775', 'User-Agent': 'python-requests/2.33.0', 'Accept-Encoding': 'gzip, deflate', 'Accept': '*/*', 'Connection': 'keep-alive', 'X-Forwarded-For': '192.168.24.63', 'X-Instance-Id': '12878927-d821-40f2-8913-f89e65a4a17a', 'X-Tenant-Id': 'f8cce3bcbdeb4507b1354395a97ca0a8', 'X-Instance-Id-Signature': '546a3e78813f9bb77f5aaed30fe3c4c5b9e118f41315d99a8fbecc0be5975c1d'} {{(pid=107561) __call__ /opt/stack/nova/nova/api/metadata/handler.py:109}}
Apr 06 17:28:28.963753 np0000163546 devstack@n-api-meta.service[107561]: DEBUG nova.api.metadata.handler [None req-e3033121-713d-4df8-ab66-4f2e32a46452 None None] Using cached metadata for instance 12878927-d821-40f2-8913-f89e65a4a17a {{(pid=107561) get_metadata_by_instance_id /opt/stack/nova/nova/api/metadata/handler.py:84}}
Apr 06 17:28:28.964309 np0000163546 devstack@n-api-meta.service[107561]: [pid: 107561|app: 0|req: 3/11] 199.204.45.169 () {40 vars in 708 bytes} [Mon Apr 6 17:28:28 2026] GET /latest/meta-data/block-device-mapping/root => generated 8 bytes in 4 msecs (HTTP/1.1 200) 3 headers in 98 bytes (1 switches on core 0)
Apr 06 17:28:28.973995 np0000163546 devstack@n-api-meta.service[107564]: DEBUG nova.api.metadata.handler [None req-36fbd87e-bbed-472e-9c07-13e57e2348d1 None None] Metadata request headers: {'Host': '199.204.45.169:8775', 'User-Agent': 'python-requests/2.33.0', 'Accept-Encoding': 'gzip, deflate', 'Accept': '*/*', 'Connection': 'keep-alive', 'X-Forwarded-For': '192.168.24.63', 'X-Instance-Id': '12878927-d821-40f2-8913-f89e65a4a17a', 'X-Tenant-Id': 'f8cce3bcbdeb4507b1354395a97ca0a8', 'X-Instance-Id-Signature': '546a3e78813f9bb77f5aaed30fe3c4c5b9e118f41315d99a8fbecc0be5975c1d'} {{(pid=107564) __call__ /opt/stack/nova/nova/api/metadata/handler.py:109}}
Apr 06 17:28:28.977202 np0000163546 devstack@n-api-meta.service[107564]: DEBUG nova.api.metadata.handler [None req-36fbd87e-bbed-472e-9c07-13e57e2348d1 None None] Using cached metadata for instance 12878927-d821-40f2-8913-f89e65a4a17a {{(pid=107564) get_metadata_by_instance_id /opt/stack/nova/nova/api/metadata/handler.py:84}}
Apr 06 17:28:28.977911 np0000163546 devstack@n-api-meta.service[107564]: [pid: 107564|app: 0|req: 3/12] 199.204.45.169 () {40 vars in 678 bytes} [Mon Apr 6 17:28:28 2026] GET /latest/meta-data/placement/ => generated 17 bytes in 4 msecs (HTTP/1.1 200) 3 headers in 99 bytes (1 switches on core 0)
Apr 06 17:28:28.985981 np0000163546 devstack@n-api-meta.service[107563]: DEBUG nova.api.metadata.handler [None req-d9ec6f33-ba55-48ab-b589-e7d272a0660e None None] Metadata request headers: {'Host': '199.204.45.169:8775', 'User-Agent': 'python-requests/2.33.0', 'Accept-Encoding': 'gzip, deflate', 'Accept': '*/*', 'Connection': 'keep-alive', 'X-Forwarded-For': '192.168.24.63', 'X-Instance-Id': '12878927-d821-40f2-8913-f89e65a4a17a', 'X-Tenant-Id': 'f8cce3bcbdeb4507b1354395a97ca0a8', 'X-Instance-Id-Signature': '546a3e78813f9bb77f5aaed30fe3c4c5b9e118f41315d99a8fbecc0be5975c1d'} {{(pid=107563) __call__ /opt/stack/nova/nova/api/metadata/handler.py:109}}
Apr 06 17:28:28.988510 np0000163546 devstack@n-api-meta.service[107563]: DEBUG nova.api.metadata.handler [None req-d9ec6f33-ba55-48ab-b589-e7d272a0660e None None] Using cached metadata for instance 12878927-d821-40f2-8913-f89e65a4a17a {{(pid=107563) get_metadata_by_instance_id /opt/stack/nova/nova/api/metadata/handler.py:84}}
Apr 06 17:28:28.989085 np0000163546 devstack@n-api-meta.service[107563]: [pid: 107563|app: 0|req: 4/13] 199.204.45.169 () {40 vars in 712 bytes} [Mon Apr 6 17:28:28 2026] GET /latest/meta-data/placement/availability-zone => generated 4 bytes in 3 msecs (HTTP/1.1 200) 3 headers in 98 bytes (1 switches on core 0)
Apr 06 17:28:28.994767 np0000163546 devstack@n-api-meta.service[107562]: DEBUG nova.api.metadata.handler [None req-02e30400-321b-40c0-8562-ff57ea6129e6 None None] Metadata request headers: {'Host': '199.204.45.169:8775', 'User-Agent': 'python-requests/2.33.0', 'Accept-Encoding': 'gzip, deflate', 'Accept': '*/*', 'Connection': 'keep-alive', 'X-Forwarded-For': '192.168.24.63', 'X-Instance-Id': '12878927-d821-40f2-8913-f89e65a4a17a', 'X-Tenant-Id': 'f8cce3bcbdeb4507b1354395a97ca0a8', 'X-Instance-Id-Signature': '546a3e78813f9bb77f5aaed30fe3c4c5b9e118f41315d99a8fbecc0be5975c1d'} {{(pid=107562) __call__ /opt/stack/nova/nova/api/metadata/handler.py:109}}
Apr 06 17:28:28.997838 np0000163546 devstack@n-api-meta.service[107562]: DEBUG nova.api.metadata.handler [None req-02e30400-321b-40c0-8562-ff57ea6129e6 None None] Using cached metadata for instance 12878927-d821-40f2-8913-f89e65a4a17a {{(pid=107562) get_metadata_by_instance_id /opt/stack/nova/nova/api/metadata/handler.py:84}}
Apr 06 17:28:28.998538 np0000163546 devstack@n-api-meta.service[107562]: [pid: 107562|app: 0|req: 4/14] 199.204.45.169 () {40 vars in 670 bytes} [Mon Apr 6 17:28:28 2026] GET /latest/meta-data/ami-id => generated 12 bytes in 4 msecs (HTTP/1.1 200) 3 headers in 99 bytes (1 switches on core 0)
Apr 06 17:28:29.005938 np0000163546 devstack@n-api-meta.service[107561]: DEBUG nova.api.metadata.handler [None req-e3033121-713d-4df8-ab66-4f2e32a46452 None None] Metadata request headers: {'Host': '199.204.45.169:8775', 'User-Agent': 'python-requests/2.33.0', 'Accept-Encoding': 'gzip, deflate', 'Accept': '*/*', 'Connection': 'keep-alive', 'X-Forwarded-For': '192.168.24.63', 'X-Instance-Id': '12878927-d821-40f2-8913-f89e65a4a17a', 'X-Tenant-Id': 'f8cce3bcbdeb4507b1354395a97ca0a8', 'X-Instance-Id-Signature': '546a3e78813f9bb77f5aaed30fe3c4c5b9e118f41315d99a8fbecc0be5975c1d'} {{(pid=107561) __call__ /opt/stack/nova/nova/api/metadata/handler.py:109}}
Apr 06 17:28:29.009025 np0000163546 devstack@n-api-meta.service[107561]: DEBUG nova.api.metadata.handler [None req-e3033121-713d-4df8-ab66-4f2e32a46452 None None] Using cached metadata for instance 12878927-d821-40f2-8913-f89e65a4a17a {{(pid=107561) get_metadata_by_instance_id /opt/stack/nova/nova/api/metadata/handler.py:84}}
Apr 06 17:28:29.009693 np0000163546 devstack@n-api-meta.service[107561]: [pid: 107561|app: 0|req: 4/15] 199.204.45.169 () {40 vars in 690 bytes} [Mon Apr 6 17:28:29 2026] GET /latest/meta-data/ami-launch-index => generated 1 bytes in 4 msecs (HTTP/1.1 200) 3 headers in 98 bytes (1 switches on core 0)
Apr 06 17:28:29.015207 np0000163546 devstack@n-api-meta.service[107564]: DEBUG nova.api.metadata.handler [None req-36fbd87e-bbed-472e-9c07-13e57e2348d1 None None] Metadata request headers: {'Host': '199.204.45.169:8775', 'User-Agent': 'python-requests/2.33.0', 'Accept-Encoding': 'gzip, deflate', 'Accept': '*/*', 'Connection': 'keep-alive', 'X-Forwarded-For': '192.168.24.63', 'X-Instance-Id': '12878927-d821-40f2-8913-f89e65a4a17a', 'X-Tenant-Id': 'f8cce3bcbdeb4507b1354395a97ca0a8', 'X-Instance-Id-Signature': '546a3e78813f9bb77f5aaed30fe3c4c5b9e118f41315d99a8fbecc0be5975c1d'} {{(pid=107564) __call__ /opt/stack/nova/nova/api/metadata/handler.py:109}}
Apr 06 17:28:29.017978 np0000163546 devstack@n-api-meta.service[107564]: DEBUG nova.api.metadata.handler [None req-36fbd87e-bbed-472e-9c07-13e57e2348d1 None None] Using cached metadata for instance 12878927-d821-40f2-8913-f89e65a4a17a {{(pid=107564) get_metadata_by_instance_id /opt/stack/nova/nova/api/metadata/handler.py:84}}
Apr 06 17:28:29.062532 np0000163546 devstack@n-api-meta.service[107564]: [pid: 107564|app: 0|req: 4/16] 199.204.45.169 () {40 vars in 692 bytes} [Mon Apr 6 17:28:29 2026] GET /latest/meta-data/ami-manifest-path => generated 5 bytes in 4 msecs (HTTP/1.1 200) 3 headers in 98 bytes (1 switches on core 0)
Apr 06 17:28:29.069584 np0000163546 devstack@n-api-meta.service[107563]: DEBUG nova.api.metadata.handler [None req-d9ec6f33-ba55-48ab-b589-e7d272a0660e None None] Metadata request headers: {'Host': '199.204.45.169:8775', 'User-Agent': 'python-requests/2.33.0', 'Accept-Encoding': 'gzip, deflate', 'Accept': '*/*', 'Connection': 'keep-alive', 'X-Forwarded-For': '192.168.24.63', 'X-Instance-Id': '12878927-d821-40f2-8913-f89e65a4a17a', 'X-Tenant-Id': 'f8cce3bcbdeb4507b1354395a97ca0a8', 'X-Instance-Id-Signature': '546a3e78813f9bb77f5aaed30fe3c4c5b9e118f41315d99a8fbecc0be5975c1d'} {{(pid=107563) __call__ /opt/stack/nova/nova/api/metadata/handler.py:109}}
Apr 06 17:28:29.071373 np0000163546 devstack@n-api-meta.service[107563]: DEBUG nova.api.metadata.handler [None req-d9ec6f33-ba55-48ab-b589-e7d272a0660e None None] Using cached metadata for instance 12878927-d821-40f2-8913-f89e65a4a17a {{(pid=107563) get_metadata_by_instance_id /opt/stack/nova/nova/api/metadata/handler.py:84}}
Apr 06 17:28:29.071856 np0000163546 devstack@n-api-meta.service[107563]: [pid: 107563|app: 0|req: 5/17] 199.204.45.169 () {40 vars in 674 bytes} [Mon Apr 6 17:28:29 2026] GET /latest/meta-data/hostname => generated 32 bytes in 3 msecs (HTTP/1.1 200) 3 headers in 99 bytes (1 switches on core 0)
Apr 06 17:28:29.081998 np0000163546 devstack@n-api-meta.service[107562]: DEBUG nova.api.metadata.handler [None req-02e30400-321b-40c0-8562-ff57ea6129e6 None None] Metadata request headers: {'Host': '199.204.45.169:8775', 'User-Agent': 'python-requests/2.33.0', 'Accept-Encoding': 'gzip, deflate', 'Accept': '*/*', 'Connection': 'keep-alive', 'X-Forwarded-For': '192.168.24.63', 'X-Instance-Id': '12878927-d821-40f2-8913-f89e65a4a17a', 'X-Tenant-Id': 'f8cce3bcbdeb4507b1354395a97ca0a8', 'X-Instance-Id-Signature': '546a3e78813f9bb77f5aaed30fe3c4c5b9e118f41315d99a8fbecc0be5975c1d'} {{(pid=107562) __call__ /opt/stack/nova/nova/api/metadata/handler.py:109}}
Apr 06 17:28:29.088456 np0000163546 devstack@n-api-meta.service[107562]: DEBUG nova.api.metadata.handler [None req-02e30400-321b-40c0-8562-ff57ea6129e6 None None] Using cached metadata for instance 12878927-d821-40f2-8913-f89e65a4a17a {{(pid=107562) get_metadata_by_instance_id /opt/stack/nova/nova/api/metadata/handler.py:84}}
Apr 06 17:28:29.088819 np0000163546 devstack@n-api-meta.service[107562]: [pid: 107562|app: 0|req: 5/18] 199.204.45.169 () {40 vars in 688 bytes} [Mon Apr 6 17:28:29 2026] GET /latest/meta-data/instance-action => generated 4 bytes in 7 msecs (HTTP/1.1 200) 3 headers in 98 bytes (1 switches on core 0)
Apr 06 17:28:29.099469 np0000163546 devstack@n-api-meta.service[107561]: DEBUG nova.api.metadata.handler [None req-e3033121-713d-4df8-ab66-4f2e32a46452 None None] Metadata request headers: {'Host': '199.204.45.169:8775', 'User-Agent': 'python-requests/2.33.0', 'Accept-Encoding': 'gzip, deflate', 'Accept': '*/*', 'Connection': 'keep-alive', 'X-Forwarded-For': '192.168.24.63', 'X-Instance-Id': '12878927-d821-40f2-8913-f89e65a4a17a', 'X-Tenant-Id': 'f8cce3bcbdeb4507b1354395a97ca0a8', 'X-Instance-Id-Signature': '546a3e78813f9bb77f5aaed30fe3c4c5b9e118f41315d99a8fbecc0be5975c1d'} {{(pid=107561) __call__ /opt/stack/nova/nova/api/metadata/handler.py:109}}
Apr 06 17:28:29.102417 np0000163546 devstack@n-api-meta.service[107561]: DEBUG nova.api.metadata.handler [None req-e3033121-713d-4df8-ab66-4f2e32a46452 None None] Using cached metadata for instance 12878927-d821-40f2-8913-f89e65a4a17a {{(pid=107561) get_metadata_by_instance_id /opt/stack/nova/nova/api/metadata/handler.py:84}}
Apr 06 17:28:29.103149 np0000163546 devstack@n-api-meta.service[107561]: [pid: 107561|app: 0|req: 5/19] 199.204.45.169 () {40 vars in 680 bytes} [Mon Apr 6 17:28:29 2026] GET /latest/meta-data/instance-id => generated 10 bytes in 4 msecs (HTTP/1.1 200) 3 headers in 99 bytes (1 switches on core 0)
Apr 06 17:28:29.110491 np0000163546 devstack@n-api-meta.service[107564]: DEBUG nova.api.metadata.handler [None req-36fbd87e-bbed-472e-9c07-13e57e2348d1 None None] Metadata request headers: {'Host': '199.204.45.169:8775', 'User-Agent': 'python-requests/2.33.0', 'Accept-Encoding': 'gzip, deflate', 'Accept': '*/*', 'Connection': 'keep-alive', 'X-Forwarded-For': '192.168.24.63', 'X-Instance-Id': '12878927-d821-40f2-8913-f89e65a4a17a', 'X-Tenant-Id': 'f8cce3bcbdeb4507b1354395a97ca0a8', 'X-Instance-Id-Signature': '546a3e78813f9bb77f5aaed30fe3c4c5b9e118f41315d99a8fbecc0be5975c1d'} {{(pid=107564) __call__ /opt/stack/nova/nova/api/metadata/handler.py:109}}
Apr 06 17:28:29.113396 np0000163546 devstack@n-api-meta.service[107564]: DEBUG nova.api.metadata.handler [None req-36fbd87e-bbed-472e-9c07-13e57e2348d1 None None] Using cached metadata for instance 12878927-d821-40f2-8913-f89e65a4a17a {{(pid=107564) get_metadata_by_instance_id /opt/stack/nova/nova/api/metadata/handler.py:84}}
Apr 06 17:28:29.114123 np0000163546 devstack@n-api-meta.service[107564]: [pid: 107564|app: 0|req: 5/20] 199.204.45.169 () {40 vars in 684 bytes} [Mon Apr 6 17:28:29 2026] GET /latest/meta-data/instance-type => generated 8 bytes in 4 msecs (HTTP/1.1 200) 3 headers in 98 bytes (1 switches on core 0)
Apr 06 17:28:29.127089 np0000163546 devstack@n-api-meta.service[107563]: DEBUG nova.api.metadata.handler [None req-d9ec6f33-ba55-48ab-b589-e7d272a0660e None None] Metadata request headers: {'Host': '199.204.45.169:8775', 'User-Agent': 'python-requests/2.33.0', 'Accept-Encoding': 'gzip, deflate', 'Accept': '*/*', 'Connection': 'keep-alive', 'X-Forwarded-For': '192.168.24.63', 'X-Instance-Id': '12878927-d821-40f2-8913-f89e65a4a17a', 'X-Tenant-Id': 'f8cce3bcbdeb4507b1354395a97ca0a8', 'X-Instance-Id-Signature': '546a3e78813f9bb77f5aaed30fe3c4c5b9e118f41315d99a8fbecc0be5975c1d'} {{(pid=107563) __call__ /opt/stack/nova/nova/api/metadata/handler.py:109}}
Apr 06 17:28:29.130493 np0000163546 devstack@n-api-meta.service[107563]: DEBUG nova.api.metadata.handler [None req-d9ec6f33-ba55-48ab-b589-e7d272a0660e None None] Using cached metadata for instance 12878927-d821-40f2-8913-f89e65a4a17a {{(pid=107563) get_metadata_by_instance_id /opt/stack/nova/nova/api/metadata/handler.py:84}}
Apr 06 17:28:29.131513 np0000163546 devstack@n-api-meta.service[107563]: [pid: 107563|app: 0|req: 6/21] 199.204.45.169 () {40 vars in 686 bytes} [Mon Apr 6 17:28:29 2026] GET /latest/meta-data/local-hostname => generated 32 bytes in 5 msecs (HTTP/1.1 200) 3 headers in 99 bytes (1 switches on core 0)
Apr 06 17:28:29.144500 np0000163546 devstack@n-api-meta.service[107562]: DEBUG nova.api.metadata.handler [None req-02e30400-321b-40c0-8562-ff57ea6129e6 None None] Metadata request headers: {'Host': '199.204.45.169:8775', 'User-Agent': 'python-requests/2.33.0', 'Accept-Encoding': 'gzip, deflate', 'Accept': '*/*', 'Connection': 'keep-alive', 'X-Forwarded-For': '192.168.24.63', 'X-Instance-Id': '12878927-d821-40f2-8913-f89e65a4a17a', 'X-Tenant-Id': 'f8cce3bcbdeb4507b1354395a97ca0a8', 'X-Instance-Id-Signature': '546a3e78813f9bb77f5aaed30fe3c4c5b9e118f41315d99a8fbecc0be5975c1d'} {{(pid=107562) __call__ /opt/stack/nova/nova/api/metadata/handler.py:109}}
Apr 06 17:28:29.146457 np0000163546 devstack@n-api-meta.service[107562]: DEBUG nova.api.metadata.handler [None req-02e30400-321b-40c0-8562-ff57ea6129e6 None None] Using cached metadata for instance 12878927-d821-40f2-8913-f89e65a4a17a {{(pid=107562) get_metadata_by_instance_id /opt/stack/nova/nova/api/metadata/handler.py:84}}
Apr 06 17:28:29.146936 np0000163546 devstack@n-api-meta.service[107562]: [pid: 107562|app: 0|req: 6/22] 199.204.45.169 () {40 vars in 678 bytes} [Mon Apr 6 17:28:29 2026] GET /latest/meta-data/local-ipv4 => generated 13 bytes in 3 msecs (HTTP/1.1 200) 3 headers in 99 bytes (1 switches on core 0)
