2026-07-06 13:41:53.133 7 INFO neutron.api.v2.resource [None req-701e1a3b-6c5c-4689-8e70-e2af28070605 f3885b5dc6544715b4d3f3f020a737ef 99fb45849f79402290ccbd8372a1c7b4 - - default default] delete failed (client error): The resource could not be found. [pid: 7|app: 0|req: 919/1819] 10.0.0.210 () {32 vars in 732 bytes} [Mon Jul 6 13:41:53 2026] DELETE /v2.0/floatingips/8d793478-914c-422b-a971-91503e62f32c => generated 144 bytes in 29 msecs (HTTP/1.1 404) 4 headers in 164 bytes (1 switches on core 0) [pid: 7|app: 0|req: 920/1820] 10.0.0.100 () {28 vars in 583 bytes} [Mon Jul 6 13:41:53 2026] GET /v2.0/subnets => generated 2623 bytes in 33 msecs (HTTP/1.1 200) 4 headers in 158 bytes (1 switches on core 0)
2026-07-06 13:41:53.390 7 INFO neutron_taas.services.taas.taas_plugin [None req-d49b96e5-9e76-4ea8-88e5-c74d95c3955a f3885b5dc6544715b4d3f3f020a737ef 99fb45849f79402290ccbd8372a1c7b4 - - default default] TaaS: Handle Delete Port: 8ef5e41b-a5e1-4d1b-b61c-8af889429cb6
2026-07-06 13:41:53.394 7 INFO neutron_taas.services.taas.tap_mirror_plugin [None req-d49b96e5-9e76-4ea8-88e5-c74d95c3955a f3885b5dc6544715b4d3f3f020a737ef 99fb45849f79402290ccbd8372a1c7b4 - - default default] Tap Mirror: Handle Delete Port: 8ef5e41b-a5e1-4d1b-b61c-8af889429cb6 [pid: 8|app: 0|req: 901/1821] 10.0.0.210 () {34 vars in 789 bytes} [Mon Jul 6 13:41:51 2026] PUT /v2.0/routers/5ba615d0-f909-4307-b729-3a1fff33f384/remove_router_interface => generated 309 bytes in 1671 msecs (HTTP/1.1 200) 4 headers in 157 bytes (1 switches on core 0) /var/lib/openstack/lib/python3.12/site-packages/pycadf/identifier.py:70: UserWarning: Invalid uuid: neutron. To ensure interoperability, identifiers should be a valid uuid. warnings.warn(('Invalid uuid: %s. To ensure interoperability, ' [pid: 8|app: 0|req: 902/1822] 10.0.0.100 () {28 vars in 591 bytes} [Mon Jul 6 13:41:53 2026] GET /v2.0/subnetpools => generated 19 bytes in 13 msecs (HTTP/1.1 200) 4 headers in 156 bytes (1 switches on core 0) [pid: 7|app: 0|req: 921/1823] 10.0.0.210 () {32 vars in 720 bytes} [Mon Jul 6 13:41:53 2026] DELETE /v2.0/ports/8ef5e41b-a5e1-4d1b-b61c-8af889429cb6 => generated 0 bytes in 449 msecs (HTTP/1.1 204) 3 headers in 131 bytes (1 switches on core 0) [pid: 7|app: 0|req: 922/1824] 10.0.0.100 () {28 vars in 591 bytes} [Mon Jul 6 13:41:53 2026] GET /v2.0/floatingips => generated 19 bytes in 28 msecs (HTTP/1.1 200) 4 headers in 156 bytes (1 switches on core 0)
2026-07-06 13:41:53.791 7 INFO neutron_taas.services.taas.taas_plugin [None req-c85ecd9a-4b5c-4da1-a087-d6b7df6f9f9a f3885b5dc6544715b4d3f3f020a737ef 99fb45849f79402290ccbd8372a1c7b4 - - default default] TaaS: Handle Delete Port: 99d68fc6-40b8-4782-b85c-47c8be7b0981
2026-07-06 13:41:53.796 7 INFO neutron_taas.services.taas.tap_mirror_plugin [None req-c85ecd9a-4b5c-4da1-a087-d6b7df6f9f9a f3885b5dc6544715b4d3f3f020a737ef 99fb45849f79402290ccbd8372a1c7b4 - - default default] Tap Mirror: Handle Delete Port: 99d68fc6-40b8-4782-b85c-47c8be7b0981
2026-07-06 13:41:53.930 8 INFO neutron_taas.services.taas.taas_plugin [None req-f8d1abf4-0e3d-42d5-8f24-30248f258959 b27871fe9ad343adbf17a8ab5d52928e 24ec760c9b6541d4a62ab4aadaa67f01 - - default default] TaaS: Handle Delete Port: cff7f270-159c-4ad8-9056-19d6c132389a
2026-07-06 13:41:53.934 8 INFO neutron_taas.services.taas.tap_mirror_plugin [None req-f8d1abf4-0e3d-42d5-8f24-30248f258959 b27871fe9ad343adbf17a8ab5d52928e 24ec760c9b6541d4a62ab4aadaa67f01 - - default default] Tap Mirror: Handle Delete Port: cff7f270-159c-4ad8-9056-19d6c132389a [pid: 7|app: 0|req: 923/1825] 10.0.0.210 () {32 vars in 720 bytes} [Mon Jul 6 13:41:53 2026] DELETE /v2.0/ports/99d68fc6-40b8-4782-b85c-47c8be7b0981 => generated 0 bytes in 357 msecs (HTTP/1.1 204) 3 headers in 131 bytes (1 switches on core 0) [pid: 7|app: 0|req: 924/1826] 10.0.0.100 () {28 vars in 583 bytes} [Mon Jul 6 13:41:54 2026] GET /v2.0/subnets => generated 2623 bytes in 40 msecs (HTTP/1.1 200) 4 headers in 158 bytes (1 switches on core 0) [pid: 7|app: 0|req: 925/1827] 10.0.0.210 () {32 vars in 736 bytes} [Mon Jul 6 13:41:54 2026] GET /v2.0/ports?device_id=6838f704-b895-44dd-9db3-06e85c366fc8 => generated 946 bytes in 38 msecs (HTTP/1.1 200) 4 headers in 157 bytes (1 switches on core 0) [pid: 7|app: 0|req: 926/1828] 10.0.0.100 () {28 vars in 585 bytes} [Mon Jul 6 13:41:54 2026] GET /v2.0/networks => generated 3885 bytes in 89 msecs (HTTP/1.1 200) 4 headers in 158 bytes (1 switches on core 0) [pid: 8|app: 0|req: 903/1829] 10.0.0.210 () {32 vars in 724 bytes} [Mon Jul 6 13:41:53 2026] DELETE /v2.0/routers/5ba615d0-f909-4307-b729-3a1fff33f384 => generated 0 bytes in 812 msecs (HTTP/1.1 204) 2 headers in 112 bytes (1 switches on core 0) [pid: 8|app: 0|req: 904/1830] 10.0.0.100 () {28 vars in 599 bytes} [Mon Jul 6 13:41:54 2026] GET /v2.0/security-groups => generated 23209 bytes in 63 msecs (HTTP/1.1 200) 4 headers in 159 bytes (1 switches on core 0)
2026-07-06 13:41:54.568 7 INFO neutron_taas.services.taas.taas_plugin [None req-c9c6473f-9bd7-4258-92b1-bc18d3f48fea f3885b5dc6544715b4d3f3f020a737ef 99fb45849f79402290ccbd8372a1c7b4 - - default default] TaaS: Handle Delete Port: 4bae80b3-2714-4db7-838c-ab1abd0c866c
2026-07-06 13:41:54.578 7 INFO neutron_taas.services.taas.tap_mirror_plugin [None req-c9c6473f-9bd7-4258-92b1-bc18d3f48fea f3885b5dc6544715b4d3f3f020a737ef 99fb45849f79402290ccbd8372a1c7b4 - - default default] Tap Mirror: Handle Delete Port: 4bae80b3-2714-4db7-838c-ab1abd0c866c [pid: 8|app: 0|req: 905/1831] 10.0.0.210 () {32 vars in 724 bytes} [Mon Jul 6 13:41:54 2026] DELETE /v2.0/subnets/86892c8d-2424-40f1-b76d-3ba7421891b5 => generated 0 bytes in 186 msecs (HTTP/1.1 204) 3 headers in 131 bytes (1 switches on core 0) [pid: 8|app: 0|req: 906/1832] 10.0.0.100 () {28 vars in 579 bytes} [Mon Jul 6 13:41:54 2026] GET /v2.0/ports => generated 8981 bytes in 84 msecs (HTTP/1.1 200) 4 headers in 158 bytes (1 switches on core 0)
2026-07-06 13:41:54.841 8 INFO neutron_taas.services.taas.taas_plugin [None req-a76cc0a4-8513-4ef1-a8e8-7ba37f3839e7 b27871fe9ad343adbf17a8ab5d52928e 24ec760c9b6541d4a62ab4aadaa67f01 - - default default] TaaS: Handle Delete Port: 3f5acb9d-eb70-4722-aecf-90f010f32cfd
2026-07-06 13:41:54.843 8 INFO neutron_taas.services.taas.tap_mirror_plugin [None req-a76cc0a4-8513-4ef1-a8e8-7ba37f3839e7 b27871fe9ad343adbf17a8ab5d52928e 24ec760c9b6541d4a62ab4aadaa67f01 - - default default] Tap Mirror: Handle Delete Port: 3f5acb9d-eb70-4722-aecf-90f010f32cfd
2026-07-06 13:41:55.054 8 INFO neutron.services.segments.plugin [-] Segment 26fb6392-3aff-4016-bf9b-e756b2cadfbb resource provider aggregate not found
2026-07-06 13:41:55.058 8 INFO neutron.services.segments.plugin [-] Segment 26fb6392-3aff-4016-bf9b-e756b2cadfbb resource provider aggregate not found
2026-07-06 13:41:55.076 8 INFO neutron.services.segments.plugin [-] Segment 26fb6392-3aff-4016-bf9b-e756b2cadfbb resource provider not found; error: Placement Client Error (4xx): {"errors": [{"status": 404, "title": "Not Found", "detail": "The resource could not be found.\n\n No resource provider with uuid 26fb6392-3aff-4016-bf9b-e756b2cadfbb found for delete ", "request_id": "req-a19b8cab-e83c-4c82-9a2d-fd38f1093dad"}]}
2026-07-06 13:41:55.076 8 INFO neutron.services.segments.plugin [-] Segment 26fb6392-3aff-4016-bf9b-e756b2cadfbb resource provider not found; error: Placement Client Error (4xx): {"errors": [{"status": 404, "title": "Not Found", "detail": "The resource could not be found.\n\n No resource provider with uuid 26fb6392-3aff-4016-bf9b-e756b2cadfbb found for delete ", "request_id": "req-a4d6750b-bf81-46d2-9a26-bf4fd226a0df"}]} [pid: 8|app: 0|req: 907/1833] 10.0.0.210 () {32 vars in 726 bytes} [Mon Jul 6 13:41:54 2026] DELETE /v2.0/networks/8e7e04f0-2a16-4ecf-9dd6-df75cf1633d5 => generated 0 bytes in 382 msecs (HTTP/1.1 204) 3 headers in 131 bytes (1 switches on core 0)
2026-07-06 13:41:55.171 8 WARNING neutron.plugins.ml2.drivers.ovn.mech_driver.ovsdb.ovn_client [None req-e9df0797-b28f-455b-addb-3c3bc5467739 - - - - - -] No port found with ID 4bae80b3-2714-4db7-838c-ab1abd0c866c: RuntimeError: No port found with ID 4bae80b3-2714-4db7-838c-ab1abd0c866c
2026-07-06 13:41:55.183 8 INFO neutron.plugins.ml2.drivers.ovn.mech_driver.mech_driver [None req-e9df0797-b28f-455b-addb-3c3bc5467739 - - - - - -] OVN reports status down for port: d4227295-926b-42e5-bcbd-be0187878df0 [pid: 7|app: 0|req: 927/1834] 10.0.0.210 () {34 vars in 789 bytes} [Mon Jul 6 13:41:54 2026] PUT /v2.0/routers/6838f704-b895-44dd-9db3-06e85c366fc8/remove_router_interface => generated 309 bytes in 1042 msecs (HTTP/1.1 200) 4 headers in 157 bytes (1 switches on core 0) /var/lib/openstack/lib/python3.12/site-packages/pycadf/identifier.py:70: UserWarning: Invalid uuid: neutron. To ensure interoperability, identifiers should be a valid uuid. warnings.warn(('Invalid uuid: %s. To ensure interoperability, ' [pid: 7|app: 0|req: 928/1835] 10.0.0.100 () {28 vars in 581 bytes} [Mon Jul 6 13:41:55 2026] GET /v2.0/agents => generated 1214 bytes in 31 msecs (HTTP/1.1 200) 4 headers in 158 bytes (1 switches on core 0) /var/lib/openstack/lib/python3.12/site-packages/pycadf/identifier.py:70: UserWarning: Invalid uuid: neutron. To ensure interoperability, identifiers should be a valid uuid. warnings.warn(('Invalid uuid: %s. To ensure interoperability, '
2026-07-06 13:41:55.481 8 INFO neutron.db.ovn_revision_numbers_db [None req-3c6a74e1-6443-429c-ae46-fcff0a1c04f9 15a028d377144fb4b7de855dfac5804e 6dc64d87b9834e0894540130fd87b9be - - default default] Successfully bumped revision number for resource a55f7536-5dfa-4c34-a2a4-264ae8514d87 (type: security_groups) to 1
2026-07-06 13:41:55.503 8 INFO neutron.db.ovn_revision_numbers_db [None req-3c6a74e1-6443-429c-ae46-fcff0a1c04f9 15a028d377144fb4b7de855dfac5804e 6dc64d87b9834e0894540130fd87b9be - - default default] Successfully bumped revision number for resource 004fc9b7-93ba-43f2-8043-4d3734a09e6f (type: security_group_rules) to 0
2026-07-06 13:41:55.523 8 INFO neutron.db.ovn_revision_numbers_db [None req-3c6a74e1-6443-429c-ae46-fcff0a1c04f9 15a028d377144fb4b7de855dfac5804e 6dc64d87b9834e0894540130fd87b9be - - default default] Successfully bumped revision number for resource b823b91e-dbfe-4f65-af87-2d2106cd4466 (type: security_group_rules) to 0
2026-07-06 13:41:55.541 8 INFO neutron.db.ovn_revision_numbers_db [None req-3c6a74e1-6443-429c-ae46-fcff0a1c04f9 15a028d377144fb4b7de855dfac5804e 6dc64d87b9834e0894540130fd87b9be - - default default] Successfully bumped revision number for resource b87a7b98-84bd-4322-acd9-e731e51e1353 (type: security_group_rules) to 0
2026-07-06 13:41:55.564 8 INFO neutron.db.ovn_revision_numbers_db [None req-3c6a74e1-6443-429c-ae46-fcff0a1c04f9 15a028d377144fb4b7de855dfac5804e 6dc64d87b9834e0894540130fd87b9be - - default default] Successfully bumped revision number for resource bdcdbbed-0e5d-4166-93b7-2f0d6732d6ed (type: security_group_rules) to 0
2026-07-06 13:41:55.567 7 INFO neutron_taas.services.taas.taas_plugin [None req-22f4dfb6-7717-42b0-bfa3-49e03eb32d63 f3885b5dc6544715b4d3f3f020a737ef 99fb45849f79402290ccbd8372a1c7b4 - - default default] TaaS: Handle Delete Port: 618a3a9b-5b48-43d6-b38c-8523bf802e76
2026-07-06 13:41:55.571 7 INFO neutron_taas.services.taas.tap_mirror_plugin [None req-22f4dfb6-7717-42b0-bfa3-49e03eb32d63 f3885b5dc6544715b4d3f3f020a737ef 99fb45849f79402290ccbd8372a1c7b4 - - default default] Tap Mirror: Handle Delete Port: 618a3a9b-5b48-43d6-b38c-8523bf802e76
2026-07-06 13:41:55.664 8 INFO neutron.db.segments_db [None req-3c6a74e1-6443-429c-ae46-fcff0a1c04f9 15a028d377144fb4b7de855dfac5804e 6dc64d87b9834e0894540130fd87b9be - - default default] Added segment 1148859f-db9d-4082-b014-a042e492df8f of type geneve for network ce6219ea-ddd7-45c8-8a74-2b249cf7ccd3
2026-07-06 13:41:55.798 8 INFO neutron.db.ovn_revision_numbers_db [None req-3c6a74e1-6443-429c-ae46-fcff0a1c04f9 15a028d377144fb4b7de855dfac5804e 6dc64d87b9834e0894540130fd87b9be - - default default] Successfully bumped revision number for resource ce6219ea-ddd7-45c8-8a74-2b249cf7ccd3 (type: networks) to 1
2026-07-06 13:41:56.002 8 WARNING neutron.scheduler.dhcp_agent_scheduler [None req-3c6a74e1-6443-429c-ae46-fcff0a1c04f9 15a028d377144fb4b7de855dfac5804e 6dc64d87b9834e0894540130fd87b9be - - default default] No more DHCP agents
2026-07-06 13:41:56.004 8 WARNING neutron.api.rpc.agentnotifiers.dhcp_rpc_agent_api [None req-3c6a74e1-6443-429c-ae46-fcff0a1c04f9 15a028d377144fb4b7de855dfac5804e 6dc64d87b9834e0894540130fd87b9be - - default default] Unable to schedule network ce6219ea-ddd7-45c8-8a74-2b249cf7ccd3: no agents available; will retry on subsequent port and subnet creation events. [pid: 7|app: 0|req: 929/1836] 10.0.0.210 () {32 vars in 724 bytes} [Mon Jul 6 13:41:55 2026] DELETE /v2.0/routers/6838f704-b895-44dd-9db3-06e85c366fc8 => generated 0 bytes in 786 msecs (HTTP/1.1 204) 2 headers in 112 bytes (1 switches on core 0)
2026-07-06 13:41:56.054 7 INFO neutron.plugins.ml2.drivers.ovn.mech_driver.mech_driver [None req-cf9281e2-32a2-4b07-8851-4e154f733b49 - - - - - -] OVN reports status down for port: 9b2fd316-32d8-4fd8-87d8-13a7621b0775
2026-07-06 13:41:56.096 8 INFO neutron.db.ovn_revision_numbers_db [None req-3c6a74e1-6443-429c-ae46-fcff0a1c04f9 15a028d377144fb4b7de855dfac5804e 6dc64d87b9834e0894540130fd87b9be - - default default] Successfully bumped revision number for resource 9b2fd316-32d8-4fd8-87d8-13a7621b0775 (type: ports) to 1 [pid: 8|app: 0|req: 908/1837] 10.0.0.210 () {34 vars in 670 bytes} [Mon Jul 6 13:41:55 2026] POST /v2.0/networks => generated 651 bytes in 1031 msecs (HTTP/1.1 201) 4 headers in 162 bytes (1 switches on core 0) /var/lib/openstack/lib/python3.12/site-packages/pycadf/identifier.py:70: UserWarning: Invalid uuid: neutron. To ensure interoperability, identifiers should be a valid uuid. warnings.warn(('Invalid uuid: %s. To ensure interoperability, ' [pid: 8|app: 0|req: 909/1838] 10.0.0.100 () {28 vars in 583 bytes} [Mon Jul 6 13:41:56 2026] GET /v2.0/routers => generated 15 bytes in 19 msecs (HTTP/1.1 200) 4 headers in 156 bytes (1 switches on core 0) [pid: 8|app: 0|req: 910/1839] 10.0.0.210 () {32 vars in 774 bytes} [Mon Jul 6 13:41:56 2026] GET /v2.0/security-groups?tenant_id=cbda226431fc4b4582b8832bfe455c87&name=default => generated 2925 bytes in 31 msecs (HTTP/1.1 200) 4 headers in 158 bytes (1 switches on core 0) [pid: 8|app: 0|req: 911/1840] 10.0.0.210 () {32 vars in 724 bytes} [Mon Jul 6 13:41:56 2026] DELETE /v2.0/subnets/7fbf0ff6-be60-4ba4-939b-9da4eb3a46be => generated 0 bytes in 146 msecs (HTTP/1.1 204) 3 headers in 131 bytes (1 switches on core 0)
2026-07-06 13:41:56.331 7 INFO neutron.db.ovn_revision_numbers_db [None req-c47406e6-3d66-4b08-bd9b-44d57d5a1891 b27871fe9ad343adbf17a8ab5d52928e 24ec760c9b6541d4a62ab4aadaa67f01 - - default default] Successfully bumped revision number for resource 33b94668-f296-43d5-85ce-489c1415e267 (type: security_groups) to 1
2026-07-06 13:41:56.345 7 INFO neutron.db.ovn_revision_numbers_db [None req-c47406e6-3d66-4b08-bd9b-44d57d5a1891 b27871fe9ad343adbf17a8ab5d52928e 24ec760c9b6541d4a62ab4aadaa67f01 - - default default] Successfully bumped revision number for resource 07f23016-1f4e-4f11-90d9-be87ef0ec23d (type: security_group_rules) to 0
2026-07-06 13:41:56.362 7 INFO neutron.db.ovn_revision_numbers_db [None req-c47406e6-3d66-4b08-bd9b-44d57d5a1891 b27871fe9ad343adbf17a8ab5d52928e 24ec760c9b6541d4a62ab4aadaa67f01 - - default default] Successfully bumped revision number for resource 152e4594-a42c-44cc-a0c6-83c23e0a6aea (type: security_group_rules) to 0
2026-07-06 13:41:56.377 7 INFO neutron.db.ovn_revision_numbers_db [None req-c47406e6-3d66-4b08-bd9b-44d57d5a1891 b27871fe9ad343adbf17a8ab5d52928e 24ec760c9b6541d4a62ab4aadaa67f01 - - default default] Successfully bumped revision number for resource 7af30c3d-5673-4187-8b56-0717db51ba09 (type: security_group_rules) to 0
2026-07-06 13:41:56.401 7 INFO neutron.db.ovn_revision_numbers_db [None req-c47406e6-3d66-4b08-bd9b-44d57d5a1891 b27871fe9ad343adbf17a8ab5d52928e 24ec760c9b6541d4a62ab4aadaa67f01 - - default default] Successfully bumped revision number for resource ca089035-2f99-45c0-a344-23bd22c42112 (type: security_group_rules) to 0 [pid: 7|app: 0|req: 930/1841] 10.0.0.210 () {32 vars in 774 bytes} [Mon Jul 6 13:41:56 2026] GET /v2.0/security-groups?tenant_id=3364357355064258a8e5ccadac3b366a&name=default => generated 2925 bytes in 413 msecs (HTTP/1.1 200) 4 headers in 158 bytes (1 switches on core 0) [pid: 7|app: 0|req: 931/1842] 10.0.0.100 () {28 vars in 624 bytes} [Mon Jul 6 13:41:56 2026] GET /v2.0/agents?binary=ovn-controller => generated 416 bytes in 12 msecs (HTTP/1.1 200) 4 headers in 157 bytes (1 switches on core 0)
2026-07-06 13:41:56.531 8 WARNING neutron.scheduler.dhcp_agent_scheduler [None req-6bbeebb4-768a-43e9-9f32-35456f2b67d3 15a028d377144fb4b7de855dfac5804e 6dc64d87b9834e0894540130fd87b9be - - default default] No more DHCP agents
2026-07-06 13:41:56.532 8 WARNING neutron.api.rpc.agentnotifiers.dhcp_rpc_agent_api [None req-6bbeebb4-768a-43e9-9f32-35456f2b67d3 15a028d377144fb4b7de855dfac5804e 6dc64d87b9834e0894540130fd87b9be - - default default] Unable to schedule network ce6219ea-ddd7-45c8-8a74-2b249cf7ccd3: no agents available; will retry on subsequent port and subnet creation events. [pid: 7|app: 0|req: 932/1843] 10.0.0.210 () {32 vars in 740 bytes} [Mon Jul 6 13:41:56 2026] DELETE /v2.0/security-groups/acb0968a-40ba-42ec-aa9f-cdbe7d1076b8 => generated 0 bytes in 234 msecs (HTTP/1.1 204) 2 headers in 112 bytes (1 switches on core 0)
2026-07-06 13:41:56.816 7 INFO neutron_taas.services.taas.taas_plugin [None req-45ab82e4-8d52-4db5-9669-61698f7b19a8 f3885b5dc6544715b4d3f3f020a737ef 99fb45849f79402290ccbd8372a1c7b4 - - default default] TaaS: Handle Delete Port: 21c0d8c5-431a-4001-84ba-b2379ee8b0c1
2026-07-06 13:41:56.818 7 INFO neutron_taas.services.taas.tap_mirror_plugin [None req-45ab82e4-8d52-4db5-9669-61698f7b19a8 f3885b5dc6544715b4d3f3f020a737ef 99fb45849f79402290ccbd8372a1c7b4 - - default default] Tap Mirror: Handle Delete Port: 21c0d8c5-431a-4001-84ba-b2379ee8b0c1
2026-07-06 13:41:57.062 7 INFO neutron.services.segments.plugin [-] Segment ae414ce8-2a87-4eae-b89c-023c08fa5bae resource provider aggregate not found
2026-07-06 13:41:57.080 7 INFO neutron.services.segments.plugin [-] Segment ae414ce8-2a87-4eae-b89c-023c08fa5bae resource provider aggregate not found
2026-07-06 13:41:57.083 7 INFO neutron.services.segments.plugin [-] Segment ae414ce8-2a87-4eae-b89c-023c08fa5bae resource provider not found; error: Placement Client Error (4xx): {"errors": [{"status": 404, "title": "Not Found", "detail": "The resource could not be found.\n\n No resource provider with uuid ae414ce8-2a87-4eae-b89c-023c08fa5bae found for delete ", "request_id": "req-5b5af13e-3ae1-43ce-8488-2b6516982dae"}]}
2026-07-06 13:41:57.087 8 INFO neutron.db.ovn_revision_numbers_db [None req-43a00d13-b93b-4817-99f8-719bf77a8268 - - - - - -] Successfully bumped revision number for resource 9b2fd316-32d8-4fd8-87d8-13a7621b0775 (type: ports) to 2
2026-07-06 13:41:57.103 7 INFO neutron.services.segments.plugin [-] Segment ae414ce8-2a87-4eae-b89c-023c08fa5bae resource provider not found; error: Placement Client Error (4xx): {"errors": [{"status": 404, "title": "Not Found", "detail": "The resource could not be found.\n\n No resource provider with uuid ae414ce8-2a87-4eae-b89c-023c08fa5bae found for delete ", "request_id": "req-893676f0-41e7-4dad-8535-993d140932ef"}]} [pid: 7|app: 0|req: 933/1844] 10.0.0.210 () {32 vars in 726 bytes} [Mon Jul 6 13:41:56 2026] DELETE /v2.0/networks/bc97c5f9-5a46-4489-9346-e666468fe853 => generated 0 bytes in 431 msecs (HTTP/1.1 204) 3 headers in 131 bytes (1 switches on core 0)
2026-07-06 13:41:57.129 8 INFO neutron.db.ovn_revision_numbers_db [None req-43a00d13-b93b-4817-99f8-719bf77a8268 - - - - - -] Successfully bumped revision number for resource adbb922a-95c0-4195-9dfd-e1061505f347 (type: subnets) to 0 [pid: 8|app: 0|req: 912/1845] 10.0.0.210 () {34 vars in 669 bytes} [Mon Jul 6 13:41:56 2026] POST /v2.0/subnets => generated 626 bytes in 819 msecs (HTTP/1.1 201) 4 headers in 162 bytes (1 switches on core 0)
2026-07-06 13:41:57.246 8 INFO neutron.db.segments_db [None req-8daa483c-9612-42f2-974e-fd5742179a4c 15a028d377144fb4b7de855dfac5804e 6dc64d87b9834e0894540130fd87b9be - - default default] Added segment ca320d12-15c2-45e7-929f-9e5864b94bfc of type geneve for network 2469853e-c97c-46b6-a24a-7f7528d1bddd
2026-07-06 13:41:57.358 8 INFO neutron.db.ovn_revision_numbers_db [None req-8daa483c-9612-42f2-974e-fd5742179a4c 15a028d377144fb4b7de855dfac5804e 6dc64d87b9834e0894540130fd87b9be - - default default] Successfully bumped revision number for resource 2469853e-c97c-46b6-a24a-7f7528d1bddd (type: networks) to 1 [pid: 7|app: 0|req: 934/1846] 10.0.0.210 () {32 vars in 740 bytes} [Mon Jul 6 13:41:57 2026] DELETE /v2.0/security-groups/33b94668-f296-43d5-85ce-489c1415e267 => generated 0 bytes in 236 msecs (HTTP/1.1 204) 2 headers in 112 bytes (1 switches on core 0)
2026-07-06 13:41:57.552 8 WARNING neutron.scheduler.dhcp_agent_scheduler [None req-8daa483c-9612-42f2-974e-fd5742179a4c 15a028d377144fb4b7de855dfac5804e 6dc64d87b9834e0894540130fd87b9be - - default default] No more DHCP agents
2026-07-06 13:41:57.553 8 WARNING neutron.api.rpc.agentnotifiers.dhcp_rpc_agent_api [None req-8daa483c-9612-42f2-974e-fd5742179a4c 15a028d377144fb4b7de855dfac5804e 6dc64d87b9834e0894540130fd87b9be - - default default] Unable to schedule network 2469853e-c97c-46b6-a24a-7f7528d1bddd: no agents available; will retry on subsequent port and subnet creation events.
2026-07-06 13:41:57.598 8 INFO neutron.plugins.ml2.drivers.ovn.mech_driver.mech_driver [None req-e9df0797-b28f-455b-addb-3c3bc5467739 - - - - - -] OVN reports status down for port: fc884ff4-32f7-4761-817d-ae81e178744d
2026-07-06 13:41:57.632 7 INFO neutron.db.ovn_revision_numbers_db [None req-87dfb654-96c9-40e6-b568-728c479bae9e b27871fe9ad343adbf17a8ab5d52928e 24ec760c9b6541d4a62ab4aadaa67f01 - - default default] Successfully bumped revision number for resource 74ae9f4e-2ce8-4841-b719-eb39dd1cc512 (type: security_groups) to 1
2026-07-06 13:41:57.645 7 INFO neutron.db.ovn_revision_numbers_db [None req-87dfb654-96c9-40e6-b568-728c479bae9e b27871fe9ad343adbf17a8ab5d52928e 24ec760c9b6541d4a62ab4aadaa67f01 - - default default] Successfully bumped revision number for resource 2dcb55e4-af82-461f-aff4-e73ca87f221f (type: security_group_rules) to 0
2026-07-06 13:41:57.658 7 INFO neutron.db.ovn_revision_numbers_db [None req-87dfb654-96c9-40e6-b568-728c479bae9e b27871fe9ad343adbf17a8ab5d52928e 24ec760c9b6541d4a62ab4aadaa67f01 - - default default] Successfully bumped revision number for resource 40aacd16-a88c-4be2-99c4-8f0fbc980a4c (type: security_group_rules) to 0
2026-07-06 13:41:57.660 8 INFO neutron.db.ovn_revision_numbers_db [None req-8daa483c-9612-42f2-974e-fd5742179a4c 15a028d377144fb4b7de855dfac5804e 6dc64d87b9834e0894540130fd87b9be - - default default] Successfully bumped revision number for resource fc884ff4-32f7-4761-817d-ae81e178744d (type: ports) to 1
2026-07-06 13:41:57.672 7 INFO neutron.db.ovn_revision_numbers_db [None req-87dfb654-96c9-40e6-b568-728c479bae9e b27871fe9ad343adbf17a8ab5d52928e 24ec760c9b6541d4a62ab4aadaa67f01 - - default default] Successfully bumped revision number for resource 7790f5bb-a58d-4e6d-a897-af210583fcf2 (type: security_group_rules) to 0
2026-07-06 13:41:57.689 7 INFO neutron.db.ovn_revision_numbers_db [None req-87dfb654-96c9-40e6-b568-728c479bae9e b27871fe9ad343adbf17a8ab5d52928e 24ec760c9b6541d4a62ab4aadaa67f01 - - default default] Successfully bumped revision number for resource 77c60554-8960-4a91-abdd-2a22179d0223 (type: security_group_rules) to 0 [pid: 8|app: 0|req: 913/1847] 10.0.0.210 () {34 vars in 670 bytes} [Mon Jul 6 13:41:57 2026] POST /v2.0/networks => generated 651 bytes in 572 msecs (HTTP/1.1 201) 4 headers in 162 bytes (1 switches on core 0) [pid: 7|app: 0|req: 935/1848] 10.0.0.210 () {32 vars in 774 bytes} [Mon Jul 6 13:41:57 2026] GET /v2.0/security-groups?tenant_id=57d05783128c4eff8172f7d80c6fe704&name=default => generated 2925 bytes in 242 msecs (HTTP/1.1 200) 4 headers in 158 bytes (1 switches on core 0) [pid: 8|app: 0|req: 914/1849] 10.0.0.210 () {32 vars in 774 bytes} [Mon Jul 6 13:41:57 2026] GET /v2.0/security-groups?tenant_id=99fb45849f79402290ccbd8372a1c7b4&name=default => generated 2925 bytes in 169 msecs (HTTP/1.1 200) 4 headers in 158 bytes (1 switches on core 0)
2026-07-06 13:41:57.972 7 WARNING neutron.scheduler.dhcp_agent_scheduler [None req-808fa9ad-e63e-45e3-837e-66e1aa168c7d 15a028d377144fb4b7de855dfac5804e 6dc64d87b9834e0894540130fd87b9be - - default default] No more DHCP agents
2026-07-06 13:41:57.974 7 WARNING neutron.api.rpc.agentnotifiers.dhcp_rpc_agent_api [None req-808fa9ad-e63e-45e3-837e-66e1aa168c7d 15a028d377144fb4b7de855dfac5804e 6dc64d87b9834e0894540130fd87b9be - - default default] Unable to schedule network 2469853e-c97c-46b6-a24a-7f7528d1bddd: no agents available; will retry on subsequent port and subnet creation events. [pid: 8|app: 0|req: 915/1850] 10.0.0.210 () {32 vars in 740 bytes} [Mon Jul 6 13:41:57 2026] DELETE /v2.0/security-groups/74ae9f4e-2ce8-4841-b719-eb39dd1cc512 => generated 0 bytes in 249 msecs (HTTP/1.1 204) 2 headers in 112 bytes (1 switches on core 0) [pid: 8|app: 0|req: 916/1851] 10.0.0.210 () {32 vars in 740 bytes} [Mon Jul 6 13:41:58 2026] DELETE /v2.0/security-groups/48a0e0f1-2cba-4866-85e5-768c78170560 => generated 0 bytes in 228 msecs (HTTP/1.1 204) 2 headers in 112 bytes (1 switches on core 0)
2026-07-06 13:41:58.461 7 INFO neutron.db.ovn_revision_numbers_db [None req-d6448a9b-1f4a-4e51-a5ce-fe79936d309a - - - - - -] Successfully bumped revision number for resource fc884ff4-32f7-4761-817d-ae81e178744d (type: ports) to 2
2026-07-06 13:41:58.495 7 INFO neutron.db.ovn_revision_numbers_db [None req-d6448a9b-1f4a-4e51-a5ce-fe79936d309a - - - - - -] Successfully bumped revision number for resource cd48381b-8294-417f-a1c4-bb370ba76285 (type: subnets) to 0 [pid: 7|app: 0|req: 936/1852] 10.0.0.210 () {34 vars in 669 bytes} [Mon Jul 6 13:41:57 2026] POST /v2.0/subnets => generated 629 bytes in 773 msecs (HTTP/1.1 201) 4 headers in 162 bytes (1 switches on core 0)
2026-07-06 13:41:58.614 8 INFO neutron.db.segments_db [None req-94c34785-5b11-455a-8156-2a6b76e6232b 15a028d377144fb4b7de855dfac5804e 6dc64d87b9834e0894540130fd87b9be - - default default] Added segment 714bd115-a2e0-4d57-822a-0062c2b4b15a of type geneve for network 74e33e07-fe86-40cf-b055-aa55a20a886b
2026-07-06 13:41:58.757 8 INFO neutron.db.ovn_revision_numbers_db [None req-94c34785-5b11-455a-8156-2a6b76e6232b 15a028d377144fb4b7de855dfac5804e 6dc64d87b9834e0894540130fd87b9be - - default default] Successfully bumped revision number for resource 74e33e07-fe86-40cf-b055-aa55a20a886b (type: networks) to 1
2026-07-06 13:41:58.938 8 WARNING neutron.scheduler.dhcp_agent_scheduler [None req-94c34785-5b11-455a-8156-2a6b76e6232b 15a028d377144fb4b7de855dfac5804e 6dc64d87b9834e0894540130fd87b9be - - default default] No more DHCP agents
2026-07-06 13:41:58.939 8 WARNING neutron.api.rpc.agentnotifiers.dhcp_rpc_agent_api [None req-94c34785-5b11-455a-8156-2a6b76e6232b 15a028d377144fb4b7de855dfac5804e 6dc64d87b9834e0894540130fd87b9be - - default default] Unable to schedule network 74e33e07-fe86-40cf-b055-aa55a20a886b: no agents available; will retry on subsequent port and subnet creation events.
2026-07-06 13:41:58.980 8 INFO neutron.plugins.ml2.drivers.ovn.mech_driver.mech_driver [None req-e9df0797-b28f-455b-addb-3c3bc5467739 - - - - - -] OVN reports status down for port: 94009502-28d0-4c46-9d76-2d6b81e80c7a
2026-07-06 13:41:59.041 8 INFO neutron.db.ovn_revision_numbers_db [None req-94c34785-5b11-455a-8156-2a6b76e6232b 15a028d377144fb4b7de855dfac5804e 6dc64d87b9834e0894540130fd87b9be - - default default] Successfully bumped revision number for resource 94009502-28d0-4c46-9d76-2d6b81e80c7a (type: ports) to 1 [pid: 8|app: 0|req: 917/1853] 10.0.0.210 () {34 vars in 670 bytes} [Mon Jul 6 13:41:58 2026] POST /v2.0/networks => generated 650 bytes in 565 msecs (HTTP/1.1 201) 4 headers in 162 bytes (1 switches on core 0)
2026-07-06 13:41:59.263 7 WARNING neutron.scheduler.dhcp_agent_scheduler [None req-47e2a130-8ca8-4dc5-b990-4f79d16a9573 15a028d377144fb4b7de855dfac5804e 6dc64d87b9834e0894540130fd87b9be - - default default] No more DHCP agents
2026-07-06 13:41:59.264 7 WARNING neutron.api.rpc.agentnotifiers.dhcp_rpc_agent_api [None req-47e2a130-8ca8-4dc5-b990-4f79d16a9573 15a028d377144fb4b7de855dfac5804e 6dc64d87b9834e0894540130fd87b9be - - default default] Unable to schedule network 74e33e07-fe86-40cf-b055-aa55a20a886b: no agents available; will retry on subsequent port and subnet creation events.
2026-07-06 13:41:59.722 7 INFO neutron.db.ovn_revision_numbers_db [None req-0c237f9e-4c93-40db-a8e1-f5769ed6e7bb - - - - - -] Successfully bumped revision number for resource 94009502-28d0-4c46-9d76-2d6b81e80c7a (type: ports) to 2
2026-07-06 13:41:59.757 7 INFO neutron.db.ovn_revision_numbers_db [None req-0c237f9e-4c93-40db-a8e1-f5769ed6e7bb - - - - - -] Successfully bumped revision number for resource 9ac979db-b69b-44ca-9b88-7e12e47a92ba (type: subnets) to 0 [pid: 7|app: 0|req: 937/1854] 10.0.0.210 () {34 vars in 669 bytes} [Mon Jul 6 13:41:59 2026] POST /v2.0/subnets => generated 629 bytes in 686 msecs (HTTP/1.1 201) 4 headers in 162 bytes (1 switches on core 0)
2026-07-06 13:41:59.876 7 INFO neutron.db.segments_db [None req-8ba3008b-07b4-450f-9c2d-b9c379687aec 15a028d377144fb4b7de855dfac5804e 6dc64d87b9834e0894540130fd87b9be - - default default] Added segment f78cf3bb-86d8-44ca-bec1-05470dca1153 of type geneve for network 43283aff-0dd4-4c01-b811-2a7594d0322a
2026-07-06 13:41:59.996 8 INFO neutron.db.ovn_revision_numbers_db [None req-fdd08d4f-3ded-42e2-b1af-5aeb37b824dc b27871fe9ad343adbf17a8ab5d52928e 24ec760c9b6541d4a62ab4aadaa67f01 - - default default] Successfully bumped revision number for resource c3bdd291-43e6-4a40-8eb8-8dc35bc7a736 (type: security_groups) to 1
2026-07-06 13:42:00.019 8 INFO neutron.db.ovn_revision_numbers_db [None req-fdd08d4f-3ded-42e2-b1af-5aeb37b824dc b27871fe9ad343adbf17a8ab5d52928e 24ec760c9b6541d4a62ab4aadaa67f01 - - default default] Successfully bumped revision number for resource 0fdaee7e-30f9-410f-a935-3799f1a0fe95 (type: security_group_rules) to 0
2026-07-06 13:42:00.035 7 INFO neutron.db.ovn_revision_numbers_db [None req-8ba3008b-07b4-450f-9c2d-b9c379687aec 15a028d377144fb4b7de855dfac5804e 6dc64d87b9834e0894540130fd87b9be - - default default] Successfully bumped revision number for resource 43283aff-0dd4-4c01-b811-2a7594d0322a (type: networks) to 1
2026-07-06 13:42:00.036 8 INFO neutron.db.ovn_revision_numbers_db [None req-fdd08d4f-3ded-42e2-b1af-5aeb37b824dc b27871fe9ad343adbf17a8ab5d52928e 24ec760c9b6541d4a62ab4aadaa67f01 - - default default] Successfully bumped revision number for resource 3182b747-b8a1-4a75-830d-a6c1395c241d (type: security_group_rules) to 0
2026-07-06 13:42:00.052 8 INFO neutron.db.ovn_revision_numbers_db [None req-fdd08d4f-3ded-42e2-b1af-5aeb37b824dc b27871fe9ad343adbf17a8ab5d52928e 24ec760c9b6541d4a62ab4aadaa67f01 - - default default] Successfully bumped revision number for resource 593e0577-a77b-4a7e-8653-c08751b54e9b (type: security_group_rules) to 0
2026-07-06 13:42:00.066 8 INFO neutron.db.ovn_revision_numbers_db [None req-fdd08d4f-3ded-42e2-b1af-5aeb37b824dc b27871fe9ad343adbf17a8ab5d52928e 24ec760c9b6541d4a62ab4aadaa67f01 - - default default] Successfully bumped revision number for resource da45f07f-6981-473a-863f-fcbd4b3af002 (type: security_group_rules) to 0 [pid: 8|app: 0|req: 918/1855] 10.0.0.210 () {32 vars in 774 bytes} [Mon Jul 6 13:41:59 2026] GET /v2.0/security-groups?tenant_id=0d10f68429c841a4bd48f2771bbfa8d9&name=default => generated 2925 bytes in 528 msecs (HTTP/1.1 200) 4 headers in 158 bytes (1 switches on core 0)
2026-07-06 13:42:00.238 7 WARNING neutron.scheduler.dhcp_agent_scheduler [None req-8ba3008b-07b4-450f-9c2d-b9c379687aec 15a028d377144fb4b7de855dfac5804e 6dc64d87b9834e0894540130fd87b9be - - default default] No more DHCP agents
2026-07-06 13:42:00.240 7 WARNING neutron.api.rpc.agentnotifiers.dhcp_rpc_agent_api [None req-8ba3008b-07b4-450f-9c2d-b9c379687aec 15a028d377144fb4b7de855dfac5804e 6dc64d87b9834e0894540130fd87b9be - - default default] Unable to schedule network 43283aff-0dd4-4c01-b811-2a7594d0322a: no agents available; will retry on subsequent port and subnet creation events.
2026-07-06 13:42:00.314 8 INFO neutron.plugins.ml2.drivers.ovn.mech_driver.mech_driver [None req-e9df0797-b28f-455b-addb-3c3bc5467739 - - - - - -] OVN reports status down for port: 02058cfd-d3cd-4f22-8919-b6318c449c76
2026-07-06 13:42:00.357 7 INFO neutron.db.ovn_revision_numbers_db [None req-8ba3008b-07b4-450f-9c2d-b9c379687aec 15a028d377144fb4b7de855dfac5804e 6dc64d87b9834e0894540130fd87b9be - - default default] Successfully bumped revision number for resource 02058cfd-d3cd-4f22-8919-b6318c449c76 (type: ports) to 1 [pid: 7|app: 0|req: 938/1856] 10.0.0.210 () {34 vars in 670 bytes} [Mon Jul 6 13:41:59 2026] POST /v2.0/networks => generated 650 bytes in 615 msecs (HTTP/1.1 201) 4 headers in 162 bytes (1 switches on core 0) [pid: 8|app: 0|req: 919/1857] 10.0.0.210 () {32 vars in 740 bytes} [Mon Jul 6 13:42:00 2026] DELETE /v2.0/security-groups/c3bdd291-43e6-4a40-8eb8-8dc35bc7a736 => generated 0 bytes in 315 msecs (HTTP/1.1 204) 2 headers in 112 bytes (1 switches on core 0)
2026-07-06 13:42:00.678 7 WARNING neutron.scheduler.dhcp_agent_scheduler [None req-41e83bdc-9b99-48d1-aaff-45db2be4720f 15a028d377144fb4b7de855dfac5804e 6dc64d87b9834e0894540130fd87b9be - - default default] No more DHCP agents
2026-07-06 13:42:00.680 7 WARNING neutron.api.rpc.agentnotifiers.dhcp_rpc_agent_api [None req-41e83bdc-9b99-48d1-aaff-45db2be4720f 15a028d377144fb4b7de855dfac5804e 6dc64d87b9834e0894540130fd87b9be - - default default] Unable to schedule network 43283aff-0dd4-4c01-b811-2a7594d0322a: no agents available; will retry on subsequent port and subnet creation events.
2026-07-06 13:42:00.754 8 INFO neutron.db.ovn_revision_numbers_db [None req-329eebdf-f2b0-4932-875f-b3dd5766e450 e0aee171343e4705b5c86e58d674b061 197f9aa01412475c8ea447510dcf8e8d - - default default] Successfully bumped revision number for resource bf121789-1356-4b71-90c8-1e31bac64a12 (type: security_groups) to 1
2026-07-06 13:42:00.766 8 INFO neutron.db.ovn_revision_numbers_db [None req-329eebdf-f2b0-4932-875f-b3dd5766e450 e0aee171343e4705b5c86e58d674b061 197f9aa01412475c8ea447510dcf8e8d - - default default] Successfully bumped revision number for resource 7cafd0c2-2f96-4e06-b809-4c2d5760e58e (type: security_group_rules) to 0
2026-07-06 13:42:00.782 8 INFO neutron.db.ovn_revision_numbers_db [None req-329eebdf-f2b0-4932-875f-b3dd5766e450 e0aee171343e4705b5c86e58d674b061 197f9aa01412475c8ea447510dcf8e8d - - default default] Successfully bumped revision number for resource b146ddbb-4a50-440a-a8df-ac2b46408163 (type: security_group_rules) to 0
2026-07-06 13:42:00.796 8 INFO neutron.db.ovn_revision_numbers_db [None req-329eebdf-f2b0-4932-875f-b3dd5766e450 e0aee171343e4705b5c86e58d674b061 197f9aa01412475c8ea447510dcf8e8d - - default default] Successfully bumped revision number for resource e26b7ba7-83ab-44d9-802b-fe6d626be56b (type: security_group_rules) to 0
2026-07-06 13:42:00.809 8 INFO neutron.db.ovn_revision_numbers_db [None req-329eebdf-f2b0-4932-875f-b3dd5766e450 e0aee171343e4705b5c86e58d674b061 197f9aa01412475c8ea447510dcf8e8d - - default default] Successfully bumped revision number for resource f14db36b-9305-4327-b113-5627e2c3a4e6 (type: security_group_rules) to 0
2026-07-06 13:42:00.920 8 INFO neutron.db.segments_db [None req-329eebdf-f2b0-4932-875f-b3dd5766e450 e0aee171343e4705b5c86e58d674b061 197f9aa01412475c8ea447510dcf8e8d - - default default] Added segment ac8f8782-871d-4407-8de8-3ce3df9df8ef of type geneve for network f897e57c-b9d9-4475-ba60-5781dfdb735d
2026-07-06 13:42:01.059 8 INFO neutron.db.segments_db [None req-329eebdf-f2b0-4932-875f-b3dd5766e450 e0aee171343e4705b5c86e58d674b061 197f9aa01412475c8ea447510dcf8e8d - - default default] Added segment 553bc39b-ab4f-45db-b5b9-eb35405e0b42 of type geneve for network e3106276-d90c-47a2-a82f-b2d91a23d319
2026-07-06 13:42:01.215 8 INFO neutron.db.ovn_revision_numbers_db [None req-329eebdf-f2b0-4932-875f-b3dd5766e450 e0aee171343e4705b5c86e58d674b061 197f9aa01412475c8ea447510dcf8e8d - - default default] Successfully bumped revision number for resource f897e57c-b9d9-4475-ba60-5781dfdb735d (type: networks) to 1
2026-07-06 13:42:01.268 7 INFO neutron.db.ovn_revision_numbers_db [None req-1b73ebdc-2e9e-47db-b228-840a9381ef61 - - - - - -] Successfully bumped revision number for resource 02058cfd-d3cd-4f22-8919-b6318c449c76 (type: ports) to 2
2026-07-06 13:42:01.307 7 INFO neutron.db.ovn_revision_numbers_db [None req-1b73ebdc-2e9e-47db-b228-840a9381ef61 - - - - - -] Successfully bumped revision number for resource 6c8211e6-a43a-43e9-8121-ecfd1603f59f (type: subnets) to 0 [pid: 7|app: 0|req: 939/1858] 10.0.0.210 () {34 vars in 669 bytes} [Mon Jul 6 13:42:00 2026] POST /v2.0/subnets => generated 629 bytes in 925 msecs (HTTP/1.1 201) 4 headers in 162 bytes (1 switches on core 0)
2026-07-06 13:42:01.427 8 WARNING neutron.scheduler.dhcp_agent_scheduler [None req-329eebdf-f2b0-4932-875f-b3dd5766e450 e0aee171343e4705b5c86e58d674b061 197f9aa01412475c8ea447510dcf8e8d - - default default] No more DHCP agents
2026-07-06 13:42:01.429 8 WARNING neutron.api.rpc.agentnotifiers.dhcp_rpc_agent_api [None req-329eebdf-f2b0-4932-875f-b3dd5766e450 e0aee171343e4705b5c86e58d674b061 197f9aa01412475c8ea447510dcf8e8d - - default default] Unable to schedule network f897e57c-b9d9-4475-ba60-5781dfdb735d: no agents available; will retry on subsequent port and subnet creation events.
2026-07-06 13:42:01.436 7 INFO neutron.db.segments_db [None req-8b1cd8f2-9653-4bd0-bbbb-ab5592d635de 15a028d377144fb4b7de855dfac5804e 6dc64d87b9834e0894540130fd87b9be - - default default] Added segment d6b321af-6089-44df-8500-c94d74602b20 of type geneve for network 656b93bd-b14e-41c5-9a64-c86ee6db8849
2026-07-06 13:42:01.472 8 INFO neutron.plugins.ml2.drivers.ovn.mech_driver.mech_driver [None req-e9df0797-b28f-455b-addb-3c3bc5467739 - - - - - -] OVN reports status down for port: 4d403cc2-ce5f-41fe-870a-8de0d4260651
2026-07-06 13:42:01.546 8 INFO neutron.db.ovn_revision_numbers_db [None req-329eebdf-f2b0-4932-875f-b3dd5766e450 e0aee171343e4705b5c86e58d674b061 197f9aa01412475c8ea447510dcf8e8d - - default default] Successfully bumped revision number for resource 4d403cc2-ce5f-41fe-870a-8de0d4260651 (type: ports) to 1
2026-07-06 13:42:01.588 7 INFO neutron.db.ovn_revision_numbers_db [None req-8b1cd8f2-9653-4bd0-bbbb-ab5592d635de 15a028d377144fb4b7de855dfac5804e 6dc64d87b9834e0894540130fd87b9be - - default default] Successfully bumped revision number for resource 656b93bd-b14e-41c5-9a64-c86ee6db8849 (type: networks) to 1
2026-07-06 13:42:01.648 8 INFO neutron.db.ovn_revision_numbers_db [None req-329eebdf-f2b0-4932-875f-b3dd5766e450 e0aee171343e4705b5c86e58d674b061 197f9aa01412475c8ea447510dcf8e8d - - default default] Successfully bumped revision number for resource e3106276-d90c-47a2-a82f-b2d91a23d319 (type: networks) to 1
2026-07-06 13:42:01.821 8 WARNING neutron.scheduler.dhcp_agent_scheduler [None req-329eebdf-f2b0-4932-875f-b3dd5766e450 e0aee171343e4705b5c86e58d674b061 197f9aa01412475c8ea447510dcf8e8d - - default default] No more DHCP agents
2026-07-06 13:42:01.822 8 WARNING neutron.api.rpc.agentnotifiers.dhcp_rpc_agent_api [None req-329eebdf-f2b0-4932-875f-b3dd5766e450 e0aee171343e4705b5c86e58d674b061 197f9aa01412475c8ea447510dcf8e8d - - default default] Unable to schedule network e3106276-d90c-47a2-a82f-b2d91a23d319: no agents available; will retry on subsequent port and subnet creation events.
2026-07-06 13:42:01.832 7 WARNING neutron.scheduler.dhcp_agent_scheduler [None req-8b1cd8f2-9653-4bd0-bbbb-ab5592d635de 15a028d377144fb4b7de855dfac5804e 6dc64d87b9834e0894540130fd87b9be - - default default] No more DHCP agents
2026-07-06 13:42:01.834 7 WARNING neutron.api.rpc.agentnotifiers.dhcp_rpc_agent_api [None req-8b1cd8f2-9653-4bd0-bbbb-ab5592d635de 15a028d377144fb4b7de855dfac5804e 6dc64d87b9834e0894540130fd87b9be - - default default] Unable to schedule network 656b93bd-b14e-41c5-9a64-c86ee6db8849: no agents available; will retry on subsequent port and subnet creation events.
2026-07-06 13:42:01.879 7 INFO neutron.plugins.ml2.drivers.ovn.mech_driver.mech_driver [None req-cf9281e2-32a2-4b07-8851-4e154f733b49 - - - - - -] OVN reports status down for port: 29215a6b-d286-4748-9072-f3dfb990498c
2026-07-06 13:42:01.929 8 INFO neutron.db.ovn_revision_numbers_db [None req-329eebdf-f2b0-4932-875f-b3dd5766e450 e0aee171343e4705b5c86e58d674b061 197f9aa01412475c8ea447510dcf8e8d - - default default] Successfully bumped revision number for resource 29215a6b-d286-4748-9072-f3dfb990498c (type: ports) to 1 [pid: 8|app: 0|req: 920/1861] 10.0.0.210 () {34 vars in 670 bytes} [Mon Jul 6 13:42:00 2026] POST /v2.0/networks => generated 1282 bytes in 1556 msecs (HTTP/1.1 201) 4 headers in 163 bytes (1 switches on core 0)
2026-07-06 13:42:02.039 7 INFO neutron.db.ovn_revision_numbers_db [None req-8b1cd8f2-9653-4bd0-bbbb-ab5592d635de 15a028d377144fb4b7de855dfac5804e 6dc64d87b9834e0894540130fd87b9be - - default default] Successfully bumped revision number for resource 5cbaea29-cd09-459b-9034-3624f5bc235a (type: ports) to 1
2026-07-06 13:42:02.049 7 INFO neutron.plugins.ml2.drivers.ovn.mech_driver.mech_driver [None req-cf9281e2-32a2-4b07-8851-4e154f733b49 - - - - - -] OVN reports status down for port: 5cbaea29-cd09-459b-9034-3624f5bc235a [pid: 8|app: 0|req: 921/1862] 10.0.0.210 () {32 vars in 649 bytes} [Mon Jul 6 13:42:01 2026] GET /v2.0/networks => generated 1969 bytes in 74 msecs (HTTP/1.1 200) 4 headers in 158 bytes (1 switches on core 0) [pid: 7|app: 0|req: 942/1863] 10.0.0.210 () {34 vars in 670 bytes} [Mon Jul 6 13:42:01 2026] POST /v2.0/networks => generated 650 bytes in 752 msecs (HTTP/1.1 201) 4 headers in 162 bytes (1 switches on core 0)
2026-07-06 13:42:02.247 7 INFO neutron_taas.services.taas.taas_plugin [None req-f6b75e05-f2ab-445d-9ced-4114c8bde509 e0aee171343e4705b5c86e58d674b061 197f9aa01412475c8ea447510dcf8e8d - - default default] TaaS: Handle Delete Port: 4d403cc2-ce5f-41fe-870a-8de0d4260651
2026-07-06 13:42:02.250 7 INFO neutron_taas.services.taas.tap_mirror_plugin [None req-f6b75e05-f2ab-445d-9ced-4114c8bde509 e0aee171343e4705b5c86e58d674b061 197f9aa01412475c8ea447510dcf8e8d - - default default] Tap Mirror: Handle Delete Port: 4d403cc2-ce5f-41fe-870a-8de0d4260651
2026-07-06 13:42:02.440 8 INFO neutron.db.ovn_revision_numbers_db [None req-5c997a8c-bd39-40ac-9e61-6b6a95a7476a b27871fe9ad343adbf17a8ab5d52928e 24ec760c9b6541d4a62ab4aadaa67f01 - - default default] Successfully bumped revision number for resource ccdf9e92-9985-4785-8cc0-7ec169c9ce8f (type: security_groups) to 1
2026-07-06 13:42:02.456 8 INFO neutron.db.ovn_revision_numbers_db [None req-5c997a8c-bd39-40ac-9e61-6b6a95a7476a b27871fe9ad343adbf17a8ab5d52928e 24ec760c9b6541d4a62ab4aadaa67f01 - - default default] Successfully bumped revision number for resource 179aa453-1ac7-4ee1-8d25-f1d0b00a674f (type: security_group_rules) to 0
2026-07-06 13:42:02.470 7 INFO neutron.services.segments.plugin [-] Segment ac8f8782-871d-4407-8de8-3ce3df9df8ef resource provider aggregate not found
2026-07-06 13:42:02.471 8 INFO neutron.db.ovn_revision_numbers_db [None req-5c997a8c-bd39-40ac-9e61-6b6a95a7476a b27871fe9ad343adbf17a8ab5d52928e 24ec760c9b6541d4a62ab4aadaa67f01 - - default default] Successfully bumped revision number for resource 56811a11-acb1-4888-8a31-6259e06851c0 (type: security_group_rules) to 0
2026-07-06 13:42:02.474 7 INFO neutron.services.segments.plugin [-] Segment ac8f8782-871d-4407-8de8-3ce3df9df8ef resource provider aggregate not found
2026-07-06 13:42:02.485 8 INFO neutron.db.ovn_revision_numbers_db [None req-5c997a8c-bd39-40ac-9e61-6b6a95a7476a b27871fe9ad343adbf17a8ab5d52928e 24ec760c9b6541d4a62ab4aadaa67f01 - - default default] Successfully bumped revision number for resource ab08b23a-8776-43b4-bca3-758484f236c6 (type: security_group_rules) to 0
2026-07-06 13:42:02.492 7 INFO neutron.services.segments.plugin [-] Segment ac8f8782-871d-4407-8de8-3ce3df9df8ef resource provider not found; error: Placement Client Error (4xx): {"errors": [{"status": 404, "title": "Not Found", "detail": "The resource could not be found.\n\n No resource provider with uuid ac8f8782-871d-4407-8de8-3ce3df9df8ef found for delete ", "request_id": "req-e7e1e78b-dd48-47c1-8d52-df90d33f9b88"}]}
2026-07-06 13:42:02.493 7 INFO neutron.services.segments.plugin [-] Segment ac8f8782-871d-4407-8de8-3ce3df9df8ef resource provider not found; error: Placement Client Error (4xx): {"errors": [{"status": 404, "title": "Not Found", "detail": "The resource could not be found.\n\n No resource provider with uuid ac8f8782-871d-4407-8de8-3ce3df9df8ef found for delete ", "request_id": "req-d565edd4-84a6-4eb6-a61d-4dc25169e8f8"}]}
2026-07-06 13:42:02.503 8 INFO neutron.db.ovn_revision_numbers_db [None req-5c997a8c-bd39-40ac-9e61-6b6a95a7476a b27871fe9ad343adbf17a8ab5d52928e 24ec760c9b6541d4a62ab4aadaa67f01 - - default default] Successfully bumped revision number for resource ba2331f0-d96d-44f7-9099-62b821c6707f (type: security_group_rules) to 0 [pid: 7|app: 0|req: 943/1864] 10.0.0.210 () {32 vars in 726 bytes} [Mon Jul 6 13:42:02 2026] DELETE /v2.0/networks/f897e57c-b9d9-4475-ba60-5781dfdb735d => generated 0 bytes in 444 msecs (HTTP/1.1 204) 3 headers in 131 bytes (1 switches on core 0) [pid: 8|app: 0|req: 922/1865] 10.0.0.210 () {32 vars in 774 bytes} [Mon Jul 6 13:42:02 2026] GET /v2.0/security-groups?tenant_id=1392388cf0634dc0a7a4be5d1d26e9fa&name=default => generated 2925 bytes in 474 msecs (HTTP/1.1 200) 4 headers in 158 bytes (1 switches on core 0)
2026-07-06 13:42:02.671 8 INFO neutron_taas.services.taas.taas_plugin [None req-6760ef60-2ffb-4215-a582-8378f33f59b4 e0aee171343e4705b5c86e58d674b061 197f9aa01412475c8ea447510dcf8e8d - - default default] TaaS: Handle Delete Port: 29215a6b-d286-4748-9072-f3dfb990498c
2026-07-06 13:42:02.674 8 INFO neutron_taas.services.taas.tap_mirror_plugin [None req-6760ef60-2ffb-4215-a582-8378f33f59b4 e0aee171343e4705b5c86e58d674b061 197f9aa01412475c8ea447510dcf8e8d - - default default] Tap Mirror: Handle Delete Port: 29215a6b-d286-4748-9072-f3dfb990498c
2026-07-06 13:42:02.771 7 WARNING neutron.scheduler.dhcp_agent_scheduler [None req-ca1c3464-7ba2-43b6-83b1-513aac2a3d0f 15a028d377144fb4b7de855dfac5804e 6dc64d87b9834e0894540130fd87b9be - - default default] No more DHCP agents
2026-07-06 13:42:02.772 7 WARNING neutron.api.rpc.agentnotifiers.dhcp_rpc_agent_api [None req-ca1c3464-7ba2-43b6-83b1-513aac2a3d0f 15a028d377144fb4b7de855dfac5804e 6dc64d87b9834e0894540130fd87b9be - - default default] Unable to schedule network 656b93bd-b14e-41c5-9a64-c86ee6db8849: no agents available; will retry on subsequent port and subnet creation events.
2026-07-06 13:42:02.904 8 INFO neutron.services.segments.plugin [-] Segment 553bc39b-ab4f-45db-b5b9-eb35405e0b42 resource provider aggregate not found
2026-07-06 13:42:02.915 8 INFO neutron.services.segments.plugin [-] Segment 553bc39b-ab4f-45db-b5b9-eb35405e0b42 resource provider aggregate not found
2026-07-06 13:42:02.935 8 INFO neutron.services.segments.plugin [-] Segment 553bc39b-ab4f-45db-b5b9-eb35405e0b42 resource provider not found; error: Placement Client Error (4xx): {"errors": [{"status": 404, "title": "Not Found", "detail": "The resource could not be found.\n\n No resource provider with uuid 553bc39b-ab4f-45db-b5b9-eb35405e0b42 found for delete ", "request_id": "req-f9614448-5d95-4a0e-9064-e14020a959be"}]}
2026-07-06 13:42:02.944 8 INFO neutron.services.segments.plugin [-] Segment 553bc39b-ab4f-45db-b5b9-eb35405e0b42 resource provider not found; error: Placement Client Error (4xx): {"errors": [{"status": 404, "title": "Not Found", "detail": "The resource could not be found.\n\n No resource provider with uuid 553bc39b-ab4f-45db-b5b9-eb35405e0b42 found for delete ", "request_id": "req-e882246a-c281-4c7a-b51e-71157fecbb86"}]} [pid: 8|app: 0|req: 923/1866] 10.0.0.210 () {32 vars in 726 bytes} [Mon Jul 6 13:42:02 2026] DELETE /v2.0/networks/e3106276-d90c-47a2-a82f-b2d91a23d319 => generated 0 bytes in 421 msecs (HTTP/1.1 204) 3 headers in 131 bytes (1 switches on core 0) [pid: 8|app: 0|req: 924/1867] 10.0.0.210 () {32 vars in 740 bytes} [Mon Jul 6 13:42:02 2026] DELETE /v2.0/security-groups/ccdf9e92-9985-4785-8cc0-7ec169c9ce8f => generated 0 bytes in 242 msecs (HTTP/1.1 204) 2 headers in 112 bytes (1 switches on core 0) [pid: 8|app: 0|req: 925/1868] 10.0.0.210 () {32 vars in 649 bytes} [Mon Jul 6 13:42:03 2026] GET /v2.0/networks => generated 689 bytes in 63 msecs (HTTP/1.1 200) 4 headers in 157 bytes (1 switches on core 0)
2026-07-06 13:42:03.309 7 INFO neutron.db.ovn_revision_numbers_db [None req-76190367-cf4d-4579-b214-e4f6aa5d0ecd - - - - - -] Successfully bumped revision number for resource 5cbaea29-cd09-459b-9034-3624f5bc235a (type: ports) to 2
2026-07-06 13:42:03.355 7 INFO neutron.db.ovn_revision_numbers_db [None req-76190367-cf4d-4579-b214-e4f6aa5d0ecd - - - - - -] Successfully bumped revision number for resource ac45fe7f-3d09-4187-987d-1993ac87b984 (type: subnets) to 0 [pid: 7|app: 0|req: 944/1869] 10.0.0.210 () {34 vars in 669 bytes} [Mon Jul 6 13:42:02 2026] POST /v2.0/subnets => generated 629 bytes in 843 msecs (HTTP/1.1 201) 4 headers in 162 bytes (1 switches on core 0)
