2026-07-06 13:41:13.398 8 INFO neutron.services.segments.plugin [-] Segment 73644a9c-e3a5-4b4a-9894-bb2ae6c1cef3 resource provider not found; error: Placement Client Error (4xx): {"errors": [{"status": 404, "title": "Not Found", "detail": "The resource could not be found.\n\n No resource provider with uuid 73644a9c-e3a5-4b4a-9894-bb2ae6c1cef3 found for delete ", "request_id": "req-36c85661-e4d5-4c34-b2e3-e8870f76d309"}]} [pid: 8|app: 0|req: 752/1463] 10.0.0.210 () {32 vars in 726 bytes} [Mon Jul 6 13:41:12 2026] DELETE /v2.0/networks/cba0add7-3d44-4812-b5f7-5543b24312b2 => generated 0 bytes in 444 msecs (HTTP/1.1 204) 3 headers in 131 bytes (1 switches on core 0) [pid: 8|app: 0|req: 753/1464] 10.0.0.210 () {32 vars in 721 bytes} [Mon Jul 6 13:41:13 2026] GET /v2.0/routers/e2b2100d-236e-4677-8088-045f510c32d2 => generated 960 bytes in 99 msecs (HTTP/1.1 200) 4 headers in 157 bytes (1 switches on core 0) [pid: 7|app: 0|req: 712/1465] 10.0.0.210 () {32 vars in 740 bytes} [Mon Jul 6 13:41:13 2026] DELETE /v2.0/security-groups/8b825bb8-6657-4398-8957-f3e59bba6bb8 => generated 0 bytes in 305 msecs (HTTP/1.1 204) 2 headers in 112 bytes (1 switches on core 0) [pid: 7|app: 0|req: 713/1466] 10.0.0.210 () {32 vars in 736 bytes} [Mon Jul 6 13:41:13 2026] GET /v2.0/ports?device_id=e2b2100d-236e-4677-8088-045f510c32d2 => generated 12 bytes in 16 msecs (HTTP/1.1 200) 4 headers in 156 bytes (1 switches on core 0)
2026-07-06 13:41:13.663 8 INFO neutron_taas.services.taas.taas_plugin [None req-04808493-8538-4075-94a1-381f49962505 33b875cf0b43441d9d8d7481b053a7d6 437f04f57ff04b639b007829e46061b0 - - default default] TaaS: Handle Delete Port: a6ec2705-e0d3-4b04-9fcd-07de523513aa
2026-07-06 13:41:13.670 8 INFO neutron_taas.services.taas.tap_mirror_plugin [None req-04808493-8538-4075-94a1-381f49962505 33b875cf0b43441d9d8d7481b053a7d6 437f04f57ff04b639b007829e46061b0 - - default default] Tap Mirror: Handle Delete Port: a6ec2705-e0d3-4b04-9fcd-07de523513aa [pid: 8|app: 0|req: 754/1467] 10.0.0.210 () {32 vars in 720 bytes} [Mon Jul 6 13:41:13 2026] DELETE /v2.0/ports/a6ec2705-e0d3-4b04-9fcd-07de523513aa => generated 0 bytes in 255 msecs (HTTP/1.1 204) 3 headers in 131 bytes (1 switches on core 0) [pid: 8|app: 0|req: 755/1468] 10.0.0.210 () {32 vars in 774 bytes} [Mon Jul 6 13:41:13 2026] GET /v2.0/security-groups?tenant_id=b5ea21925c824613a74dd6f6ea869f9e&name=default => generated 2925 bytes in 37 msecs (HTTP/1.1 200) 4 headers in 158 bytes (1 switches on core 0)
2026-07-06 13:41:13.959 7 INFO neutron_taas.services.taas.taas_plugin [None req-d0c50ea1-eba1-474a-ba3a-e077adcea846 f87798aea4c14fbdb0c3495c7805bd17 d7a78e4fe173403c9e80e1f3fd1e6382 - - default default] TaaS: Handle Delete Port: ebd21da2-9511-4260-bc4e-00698adb331e
2026-07-06 13:41:13.963 7 INFO neutron_taas.services.taas.tap_mirror_plugin [None req-d0c50ea1-eba1-474a-ba3a-e077adcea846 f87798aea4c14fbdb0c3495c7805bd17 d7a78e4fe173403c9e80e1f3fd1e6382 - - default default] Tap Mirror: Handle Delete Port: ebd21da2-9511-4260-bc4e-00698adb331e
2026-07-06 13:41:13.980 8 INFO neutron_taas.services.taas.taas_plugin [None req-26b4822b-89a2-460d-ae3a-e9d201e517c2 33b875cf0b43441d9d8d7481b053a7d6 437f04f57ff04b639b007829e46061b0 - - default default] TaaS: Handle Delete Port: b6feedaf-71d9-42fb-9a57-0176da49aed6
2026-07-06 13:41:13.984 8 INFO neutron_taas.services.taas.tap_mirror_plugin [None req-26b4822b-89a2-460d-ae3a-e9d201e517c2 33b875cf0b43441d9d8d7481b053a7d6 437f04f57ff04b639b007829e46061b0 - - default default] Tap Mirror: Handle Delete Port: b6feedaf-71d9-42fb-9a57-0176da49aed6 [pid: 8|app: 0|req: 756/1469] 10.0.0.210 () {32 vars in 726 bytes} [Mon Jul 6 13:41:13 2026] DELETE /v2.0/networks/ac4f4c50-0883-4265-8f40-880cbc1795ab => generated 0 bytes in 390 msecs (HTTP/1.1 204) 3 headers in 131 bytes (1 switches on core 0) [pid: 7|app: 0|req: 714/1470] 10.0.0.210 () {32 vars in 724 bytes} [Mon Jul 6 13:41:13 2026] DELETE /v2.0/routers/e2b2100d-236e-4677-8088-045f510c32d2 => generated 0 bytes in 796 msecs (HTTP/1.1 204) 2 headers in 112 bytes (1 switches on core 0) [pid: 7|app: 0|req: 715/1471] 10.0.0.210 () {32 vars in 736 bytes} [Mon Jul 6 13:41:14 2026] GET /v2.0/ports?device_id=e2b2100d-236e-4677-8088-045f510c32d2 => generated 12 bytes in 22 msecs (HTTP/1.1 200) 4 headers in 156 bytes (1 switches on core 0)
2026-07-06 13:41:14.487 7 INFO neutron.api.v2.resource [None req-b5e5017c-5955-44d4-b0c7-f7417cbfe30c f87798aea4c14fbdb0c3495c7805bd17 d7a78e4fe173403c9e80e1f3fd1e6382 - - default default] delete failed (client error): The resource could not be found. [pid: 7|app: 0|req: 716/1472] 10.0.0.210 () {32 vars in 724 bytes} [Mon Jul 6 13:41:14 2026] DELETE /v2.0/routers/e2b2100d-236e-4677-8088-045f510c32d2 => generated 135 bytes in 40 msecs (HTTP/1.1 404) 4 headers in 164 bytes (1 switches on core 0) [pid: 7|app: 0|req: 717/1473] 10.0.0.210 () {32 vars in 736 bytes} [Mon Jul 6 13:41:14 2026] GET /v2.0/ports?device_id=f5ef649b-197b-4445-9645-fddd9c08cd2a => generated 12 bytes in 16 msecs (HTTP/1.1 200) 4 headers in 156 bytes (1 switches on core 0) [pid: 8|app: 0|req: 757/1474] 10.0.0.210 () {32 vars in 740 bytes} [Mon Jul 6 13:41:14 2026] DELETE /v2.0/security-groups/730209f8-fcab-429d-9f11-0a2c30d91e89 => generated 0 bytes in 294 msecs (HTTP/1.1 204) 2 headers in 112 bytes (1 switches on core 0)
2026-07-06 13:41:14.536 7 INFO neutron.api.v2.resource [None req-423fd822-f9e9-4b3a-adc4-87e067efa909 f87798aea4c14fbdb0c3495c7805bd17 d7a78e4fe173403c9e80e1f3fd1e6382 - - default default] delete failed (client error): The resource could not be found. [pid: 7|app: 0|req: 718/1475] 10.0.0.210 () {32 vars in 724 bytes} [Mon Jul 6 13:41:14 2026] DELETE /v2.0/routers/f5ef649b-197b-4445-9645-fddd9c08cd2a => generated 135 bytes in 20 msecs (HTTP/1.1 404) 4 headers in 164 bytes (1 switches on core 0)
2026-07-06 13:41:14.556 8 INFO neutron.pecan_wsgi.hooks.translation [None req-26633437-d0c5-4e6f-b022-3071a4dc79e1 f87798aea4c14fbdb0c3495c7805bd17 d7a78e4fe173403c9e80e1f3fd1e6382 - - default default] DELETE failed (client error): The resource could not be found. [pid: 8|app: 0|req: 758/1476] 10.0.0.210 () {32 vars in 724 bytes} [Mon Jul 6 13:41:14 2026] DELETE /v2.0/subnets/b46698e5-1f27-426d-942d-ba1648351eb4 => generated 136 bytes in 22 msecs (HTTP/1.1 404) 4 headers in 164 bytes (1 switches on core 0) [pid: 7|app: 0|req: 719/1477] 10.0.0.210 () {32 vars in 736 bytes} [Mon Jul 6 13:41:14 2026] GET /v2.0/ports?device_id=dea732af-4108-4e02-8237-ff9cfce4236d => generated 12 bytes in 26 msecs (HTTP/1.1 200) 4 headers in 156 bytes (1 switches on core 0)
2026-07-06 13:41:14.645 8 INFO neutron.api.v2.resource [None req-41bbba07-ed47-4487-8dbd-9d52727582c8 f87798aea4c14fbdb0c3495c7805bd17 d7a78e4fe173403c9e80e1f3fd1e6382 - - default default] delete failed (client error): The resource could not be found. [pid: 8|app: 0|req: 759/1478] 10.0.0.210 () {32 vars in 724 bytes} [Mon Jul 6 13:41:14 2026] DELETE /v2.0/routers/dea732af-4108-4e02-8237-ff9cfce4236d => generated 135 bytes in 32 msecs (HTTP/1.1 404) 4 headers in 164 bytes (1 switches on core 0)
2026-07-06 13:41:14.665 7 INFO neutron.pecan_wsgi.hooks.translation [None req-e5e50ec6-bf21-4015-a018-70d3d1587744 f87798aea4c14fbdb0c3495c7805bd17 d7a78e4fe173403c9e80e1f3fd1e6382 - - default default] DELETE failed (client error): The resource could not be found. [pid: 7|app: 0|req: 720/1479] 10.0.0.210 () {32 vars in 724 bytes} [Mon Jul 6 13:41:14 2026] DELETE /v2.0/subnets/6a4fd522-2695-4089-b4db-dd3381a12805 => generated 136 bytes in 16 msecs (HTTP/1.1 404) 4 headers in 164 bytes (1 switches on core 0) [pid: 8|app: 0|req: 760/1480] 10.0.0.210 () {32 vars in 736 bytes} [Mon Jul 6 13:41:14 2026] GET /v2.0/ports?device_id=a25230cc-2324-4e64-9ad7-e6839f1baff2 => generated 12 bytes in 23 msecs (HTTP/1.1 200) 4 headers in 156 bytes (1 switches on core 0)
2026-07-06 13:41:14.718 7 INFO neutron.api.v2.resource [None req-c8f76de8-1cea-44d5-bf3e-81dc6ccc0695 f87798aea4c14fbdb0c3495c7805bd17 d7a78e4fe173403c9e80e1f3fd1e6382 - - default default] delete failed (client error): The resource could not be found. [pid: 7|app: 0|req: 721/1481] 10.0.0.210 () {32 vars in 724 bytes} [Mon Jul 6 13:41:14 2026] DELETE /v2.0/routers/a25230cc-2324-4e64-9ad7-e6839f1baff2 => generated 135 bytes in 20 msecs (HTTP/1.1 404) 4 headers in 164 bytes (1 switches on core 0)
2026-07-06 13:41:14.738 8 INFO neutron.pecan_wsgi.hooks.translation [None req-b0f040e4-7a61-48f4-a823-9ffb5d569b93 f87798aea4c14fbdb0c3495c7805bd17 d7a78e4fe173403c9e80e1f3fd1e6382 - - default default] DELETE failed (client error): The resource could not be found. [pid: 8|app: 0|req: 761/1482] 10.0.0.210 () {32 vars in 724 bytes} [Mon Jul 6 13:41:14 2026] DELETE /v2.0/subnets/7bd00924-cf26-4b25-b2ea-0a4999f95b76 => generated 136 bytes in 17 msecs (HTTP/1.1 404) 4 headers in 164 bytes (1 switches on core 0)
2026-07-06 13:41:14.761 7 INFO neutron.pecan_wsgi.hooks.translation [None req-281afe57-7b66-44d4-b2a6-f2955aab51da f87798aea4c14fbdb0c3495c7805bd17 d7a78e4fe173403c9e80e1f3fd1e6382 - - default default] DELETE failed (client error): The resource could not be found. [pid: 7|app: 0|req: 722/1483] 10.0.0.210 () {32 vars in 724 bytes} [Mon Jul 6 13:41:14 2026] DELETE /v2.0/subnets/3343acec-6df4-4e7e-8f9c-74bd68665558 => generated 136 bytes in 19 msecs (HTTP/1.1 404) 4 headers in 164 bytes (1 switches on core 0) [pid: 8|app: 0|req: 762/1484] 10.0.0.210 () {32 vars in 774 bytes} [Mon Jul 6 13:41:14 2026] GET /v2.0/security-groups?tenant_id=437f04f57ff04b639b007829e46061b0&name=default => generated 2925 bytes in 160 msecs (HTTP/1.1 200) 4 headers in 158 bytes (1 switches on core 0) [pid: 7|app: 0|req: 723/1485] 10.0.0.210 () {32 vars in 740 bytes} [Mon Jul 6 13:41:14 2026] DELETE /v2.0/security-groups/9d2e7b24-bba9-41ec-b073-fb4e560c0b8a => generated 0 bytes in 321 msecs (HTTP/1.1 204) 2 headers in 112 bytes (1 switches on core 0)
2026-07-06 13:41:15.406 8 INFO neutron.services.segments.plugin [-] Segment c1de175c-60a9-4b6d-a42a-969ff74b7e6c resource provider aggregate not found
2026-07-06 13:41:15.413 8 INFO neutron.services.segments.plugin [-] Segment c1de175c-60a9-4b6d-a42a-969ff74b7e6c resource provider aggregate not found
2026-07-06 13:41:15.422 8 INFO neutron.services.segments.plugin [-] Segment c1de175c-60a9-4b6d-a42a-969ff74b7e6c resource provider not found; error: Placement Client Error (4xx): {"errors": [{"status": 404, "title": "Not Found", "detail": "The resource could not be found.\n\n No resource provider with uuid c1de175c-60a9-4b6d-a42a-969ff74b7e6c found for delete ", "request_id": "req-d458bd1c-8e0a-48be-93a9-21c76f7be564"}]}
2026-07-06 13:41:15.430 8 INFO neutron.services.segments.plugin [-] Segment c1de175c-60a9-4b6d-a42a-969ff74b7e6c resource provider not found; error: Placement Client Error (4xx): {"errors": [{"status": 404, "title": "Not Found", "detail": "The resource could not be found.\n\n No resource provider with uuid c1de175c-60a9-4b6d-a42a-969ff74b7e6c found for delete ", "request_id": "req-ffc35926-a20a-4941-986e-4cc9b16d5966"}]} [pid: 8|app: 0|req: 763/1486] 10.0.0.210 () {32 vars in 774 bytes} [Mon Jul 6 13:41:15 2026] GET /v2.0/security-groups?tenant_id=d7a78e4fe173403c9e80e1f3fd1e6382&name=default => generated 2925 bytes in 237 msecs (HTTP/1.1 200) 4 headers in 158 bytes (1 switches on core 0) [pid: 7|app: 0|req: 724/1487] 10.0.0.210 () {32 vars in 740 bytes} [Mon Jul 6 13:41:15 2026] DELETE /v2.0/security-groups/798463b6-7742-4f95-8f33-e45910afe32c => generated 0 bytes in 296 msecs (HTTP/1.1 204) 2 headers in 112 bytes (1 switches on core 0)
2026-07-06 13:41:16.835 8 INFO neutron.db.ovn_revision_numbers_db [None req-3d41a412-170b-4c8f-9681-bf6766cfcd08 b27871fe9ad343adbf17a8ab5d52928e 24ec760c9b6541d4a62ab4aadaa67f01 - - default default] Successfully bumped revision number for resource acb0968a-40ba-42ec-aa9f-cdbe7d1076b8 (type: security_groups) to 1
2026-07-06 13:41:16.850 8 INFO neutron.db.ovn_revision_numbers_db [None req-3d41a412-170b-4c8f-9681-bf6766cfcd08 b27871fe9ad343adbf17a8ab5d52928e 24ec760c9b6541d4a62ab4aadaa67f01 - - default default] Successfully bumped revision number for resource 5396fb25-60f3-4a83-baa9-db0512c41b56 (type: security_group_rules) to 0
2026-07-06 13:41:16.877 8 INFO neutron.db.ovn_revision_numbers_db [None req-3d41a412-170b-4c8f-9681-bf6766cfcd08 b27871fe9ad343adbf17a8ab5d52928e 24ec760c9b6541d4a62ab4aadaa67f01 - - default default] Successfully bumped revision number for resource 76628aa4-0fe8-4858-84c1-8c05b66d8588 (type: security_group_rules) to 0
2026-07-06 13:41:16.894 8 INFO neutron.db.ovn_revision_numbers_db [None req-3d41a412-170b-4c8f-9681-bf6766cfcd08 b27871fe9ad343adbf17a8ab5d52928e 24ec760c9b6541d4a62ab4aadaa67f01 - - default default] Successfully bumped revision number for resource d1e201bc-bb36-4413-b21e-1acbb7d2f214 (type: security_group_rules) to 0
2026-07-06 13:41:16.911 8 INFO neutron.db.ovn_revision_numbers_db [None req-3d41a412-170b-4c8f-9681-bf6766cfcd08 b27871fe9ad343adbf17a8ab5d52928e 24ec760c9b6541d4a62ab4aadaa67f01 - - default default] Successfully bumped revision number for resource f1d4f48a-25c2-43b4-8918-3b513f0d71f9 (type: security_group_rules) to 0
2026-07-06 13:41:17.015 8 INFO neutron.db.segments_db [None req-3d41a412-170b-4c8f-9681-bf6766cfcd08 b27871fe9ad343adbf17a8ab5d52928e 24ec760c9b6541d4a62ab4aadaa67f01 - - default default] Added segment 26fb6392-3aff-4016-bf9b-e756b2cadfbb of type geneve for network 8e7e04f0-2a16-4ecf-9dd6-df75cf1633d5
2026-07-06 13:41:17.142 8 WARNING neutron.plugins.ml2.drivers.ovn.mech_driver.ovsdb.ovn_client [None req-b78ef0a7-fecc-4e11-8d19-20458c2ca23e - - - - - -] No port found with ID ebd21da2-9511-4260-bc4e-00698adb331e: RuntimeError: No port found with ID ebd21da2-9511-4260-bc4e-00698adb331e
2026-07-06 13:41:17.143 8 INFO neutron.db.ovn_revision_numbers_db [None req-3d41a412-170b-4c8f-9681-bf6766cfcd08 b27871fe9ad343adbf17a8ab5d52928e 24ec760c9b6541d4a62ab4aadaa67f01 - - default default] Successfully bumped revision number for resource 8e7e04f0-2a16-4ecf-9dd6-df75cf1633d5 (type: networks) to 1
2026-07-06 13:41:17.323 8 WARNING neutron.scheduler.dhcp_agent_scheduler [None req-3d41a412-170b-4c8f-9681-bf6766cfcd08 b27871fe9ad343adbf17a8ab5d52928e 24ec760c9b6541d4a62ab4aadaa67f01 - - default default] No more DHCP agents
2026-07-06 13:41:17.325 8 WARNING neutron.api.rpc.agentnotifiers.dhcp_rpc_agent_api [None req-3d41a412-170b-4c8f-9681-bf6766cfcd08 b27871fe9ad343adbf17a8ab5d52928e 24ec760c9b6541d4a62ab4aadaa67f01 - - default default] Unable to schedule network 8e7e04f0-2a16-4ecf-9dd6-df75cf1633d5: no agents available; will retry on subsequent port and subnet creation events.
2026-07-06 13:41:17.414 7 INFO neutron.db.ovn_revision_numbers_db [None req-303f64ca-4ab5-4837-9f2c-e955195b3ef6 fe6b18090d9145d39e1fcb7dd0776020 35c045dc2abe4307974c6f6aa4979ade - - default default] Successfully bumped revision number for resource 67afc78f-354b-4077-9e34-fb9678ae51a1 (type: security_groups) to 1
2026-07-06 13:41:17.424 8 INFO neutron.plugins.ml2.drivers.ovn.mech_driver.mech_driver [None req-b78ef0a7-fecc-4e11-8d19-20458c2ca23e - - - - - -] OVN reports status down for port: 3f5acb9d-eb70-4722-aecf-90f010f32cfd
2026-07-06 13:41:17.440 7 INFO neutron.db.ovn_revision_numbers_db [None req-303f64ca-4ab5-4837-9f2c-e955195b3ef6 fe6b18090d9145d39e1fcb7dd0776020 35c045dc2abe4307974c6f6aa4979ade - - default default] Successfully bumped revision number for resource 520b6233-2443-4eba-a8f5-746fd9c6454f (type: security_group_rules) to 0
2026-07-06 13:41:17.455 7 INFO neutron.db.ovn_revision_numbers_db [None req-303f64ca-4ab5-4837-9f2c-e955195b3ef6 fe6b18090d9145d39e1fcb7dd0776020 35c045dc2abe4307974c6f6aa4979ade - - default default] Successfully bumped revision number for resource 8e5f0f70-47de-4718-a206-949a2ba266a0 (type: security_group_rules) to 0
2026-07-06 13:41:17.471 7 INFO neutron.db.ovn_revision_numbers_db [None req-303f64ca-4ab5-4837-9f2c-e955195b3ef6 fe6b18090d9145d39e1fcb7dd0776020 35c045dc2abe4307974c6f6aa4979ade - - default default] Successfully bumped revision number for resource bbb5bfac-a24a-4eed-b96e-d99f6b94b68c (type: security_group_rules) to 0
2026-07-06 13:41:17.486 7 INFO neutron.db.ovn_revision_numbers_db [None req-303f64ca-4ab5-4837-9f2c-e955195b3ef6 fe6b18090d9145d39e1fcb7dd0776020 35c045dc2abe4307974c6f6aa4979ade - - default default] Successfully bumped revision number for resource c800cd8b-898e-46ec-bfc2-64e01f3d1d40 (type: security_group_rules) to 0
2026-07-06 13:41:17.510 8 INFO neutron.db.ovn_revision_numbers_db [None req-3d41a412-170b-4c8f-9681-bf6766cfcd08 b27871fe9ad343adbf17a8ab5d52928e 24ec760c9b6541d4a62ab4aadaa67f01 - - default default] Successfully bumped revision number for resource 3f5acb9d-eb70-4722-aecf-90f010f32cfd (type: ports) to 1 [pid: 8|app: 0|req: 765/1490] 10.0.0.210 () {34 vars in 671 bytes} [Mon Jul 6 13:41:16 2026] POST /v2.0/networks => generated 765 bytes in 991 msecs (HTTP/1.1 201) 4 headers in 162 bytes (1 switches on core 0)
2026-07-06 13:41:17.584 7 INFO neutron.db.segments_db [None req-303f64ca-4ab5-4837-9f2c-e955195b3ef6 fe6b18090d9145d39e1fcb7dd0776020 35c045dc2abe4307974c6f6aa4979ade - - default default] Added segment 78e4a869-67a3-4dd1-93c8-4c7a0c49ea25 of type geneve for network 52be6a73-9595-46f7-9785-4633b220675f
2026-07-06 13:41:17.711 7 INFO neutron.db.ovn_revision_numbers_db [None req-303f64ca-4ab5-4837-9f2c-e955195b3ef6 fe6b18090d9145d39e1fcb7dd0776020 35c045dc2abe4307974c6f6aa4979ade - - default default] Successfully bumped revision number for resource 52be6a73-9595-46f7-9785-4633b220675f (type: networks) to 1
2026-07-06 13:41:17.776 8 WARNING neutron.scheduler.dhcp_agent_scheduler [None req-38a73a48-6313-4500-8462-8c2c35423106 b27871fe9ad343adbf17a8ab5d52928e 24ec760c9b6541d4a62ab4aadaa67f01 - - default default] No more DHCP agents
2026-07-06 13:41:17.778 8 WARNING neutron.api.rpc.agentnotifiers.dhcp_rpc_agent_api [None req-38a73a48-6313-4500-8462-8c2c35423106 b27871fe9ad343adbf17a8ab5d52928e 24ec760c9b6541d4a62ab4aadaa67f01 - - default default] Unable to schedule network 8e7e04f0-2a16-4ecf-9dd6-df75cf1633d5: no agents available; will retry on subsequent port and subnet creation events.
2026-07-06 13:41:17.919 7 WARNING neutron.scheduler.dhcp_agent_scheduler [None req-303f64ca-4ab5-4837-9f2c-e955195b3ef6 fe6b18090d9145d39e1fcb7dd0776020 35c045dc2abe4307974c6f6aa4979ade - - default default] No more DHCP agents
2026-07-06 13:41:17.921 7 WARNING neutron.api.rpc.agentnotifiers.dhcp_rpc_agent_api [None req-303f64ca-4ab5-4837-9f2c-e955195b3ef6 fe6b18090d9145d39e1fcb7dd0776020 35c045dc2abe4307974c6f6aa4979ade - - default default] Unable to schedule network 52be6a73-9595-46f7-9785-4633b220675f: no agents available; will retry on subsequent port and subnet creation events.
2026-07-06 13:41:17.987 7 INFO neutron.plugins.ml2.drivers.ovn.mech_driver.mech_driver [None req-cf9281e2-32a2-4b07-8851-4e154f733b49 - - - - - -] OVN reports status down for port: 4326084a-96f1-4b91-8205-abb6ec567170
2026-07-06 13:41:18.068 7 INFO neutron.db.ovn_revision_numbers_db [None req-303f64ca-4ab5-4837-9f2c-e955195b3ef6 fe6b18090d9145d39e1fcb7dd0776020 35c045dc2abe4307974c6f6aa4979ade - - default default] Successfully bumped revision number for resource 4326084a-96f1-4b91-8205-abb6ec567170 (type: ports) to 1 [pid: 7|app: 0|req: 726/1491] 10.0.0.210 () {34 vars in 670 bytes} [Mon Jul 6 13:41:17 2026] POST /v2.0/networks => generated 664 bytes in 1008 msecs (HTTP/1.1 201) 4 headers in 162 bytes (1 switches on core 0)
2026-07-06 13:41:18.304 8 INFO neutron.db.ovn_revision_numbers_db [None req-fb9d823f-c9eb-4417-8926-cbc318558caf - - - - - -] Successfully bumped revision number for resource 3f5acb9d-eb70-4722-aecf-90f010f32cfd (type: ports) to 2
2026-07-06 13:41:18.338 8 INFO neutron.db.ovn_revision_numbers_db [None req-fb9d823f-c9eb-4417-8926-cbc318558caf - - - - - -] Successfully bumped revision number for resource 86892c8d-2424-40f1-b76d-3ba7421891b5 (type: subnets) to 0 [pid: 8|app: 0|req: 766/1492] 10.0.0.210 () {34 vars in 669 bytes} [Mon Jul 6 13:41:17 2026] POST /v2.0/subnets => generated 690 bytes in 784 msecs (HTTP/1.1 201) 4 headers in 162 bytes (1 switches on core 0)
2026-07-06 13:41:18.400 7 WARNING neutron.scheduler.dhcp_agent_scheduler [None req-0a9b0c91-5827-4c5b-9373-bb874c6c53f1 fe6b18090d9145d39e1fcb7dd0776020 35c045dc2abe4307974c6f6aa4979ade - - default default] No more DHCP agents
2026-07-06 13:41:18.401 7 WARNING neutron.api.rpc.agentnotifiers.dhcp_rpc_agent_api [None req-0a9b0c91-5827-4c5b-9373-bb874c6c53f1 fe6b18090d9145d39e1fcb7dd0776020 35c045dc2abe4307974c6f6aa4979ade - - default default] Unable to schedule network 52be6a73-9595-46f7-9785-4633b220675f: no agents available; will retry on subsequent port and subnet creation events.
2026-07-06 13:41:18.469 7 INFO neutron.plugins.ml2.drivers.ovn.mech_driver.mech_driver [None req-cf9281e2-32a2-4b07-8851-4e154f733b49 - - - - - -] OVN reports status down for port: 9ff6bd7d-3999-4957-bd87-40c19c554063
2026-07-06 13:41:18.531 7 INFO neutron.db.ovn_revision_numbers_db [None req-0a9b0c91-5827-4c5b-9373-bb874c6c53f1 fe6b18090d9145d39e1fcb7dd0776020 35c045dc2abe4307974c6f6aa4979ade - - default default] Successfully bumped revision number for resource 9ff6bd7d-3999-4957-bd87-40c19c554063 (type: ports) to 1 [pid: 7|app: 0|req: 727/1493] 10.0.0.210 () {34 vars in 665 bytes} [Mon Jul 6 13:41:18 2026] POST /v2.0/ports => generated 774 bytes in 483 msecs (HTTP/1.1 201) 4 headers in 162 bytes (1 switches on core 0) /var/lib/openstack/lib/python3.12/site-packages/pycadf/identifier.py:70: UserWarning: Invalid uuid: neutron. To ensure interoperability, identifiers should be a valid uuid. warnings.warn(('Invalid uuid: %s. To ensure interoperability, '
2026-07-06 13:41:18.704 7 INFO neutron.db.segments_db [None req-6f653ff4-769d-4909-a1d3-d9991bb0e8bb fe6b18090d9145d39e1fcb7dd0776020 35c045dc2abe4307974c6f6aa4979ade - - default default] Added segment bdd4318c-54e2-4e24-b2d8-916f5f94520a of type geneve for network 0cb82d1f-480e-401c-89ed-3ae1b89c7331
2026-07-06 13:41:18.839 7 INFO neutron.db.ovn_revision_numbers_db [None req-6f653ff4-769d-4909-a1d3-d9991bb0e8bb fe6b18090d9145d39e1fcb7dd0776020 35c045dc2abe4307974c6f6aa4979ade - - default default] Successfully bumped revision number for resource 0cb82d1f-480e-401c-89ed-3ae1b89c7331 (type: networks) to 1
2026-07-06 13:41:18.871 8 WARNING neutron.scheduler.dhcp_agent_scheduler [None req-1b62b48d-2db4-4734-ba37-dd52818a99aa b27871fe9ad343adbf17a8ab5d52928e 24ec760c9b6541d4a62ab4aadaa67f01 - - default default] No more DHCP agents
2026-07-06 13:41:18.872 8 WARNING neutron.api.rpc.agentnotifiers.dhcp_rpc_agent_api [None req-1b62b48d-2db4-4734-ba37-dd52818a99aa b27871fe9ad343adbf17a8ab5d52928e 24ec760c9b6541d4a62ab4aadaa67f01 - - default default] Unable to schedule network 4eb8fb97-4c52-4680-8a84-fb4832b9f427: no agents available; will retry on subsequent port and subnet creation events.
2026-07-06 13:41:19.022 8 INFO neutron.plugins.ml2.drivers.ovn.mech_driver.mech_driver [None req-b78ef0a7-fecc-4e11-8d19-20458c2ca23e - - - - - -] OVN reports status down for port: cff7f270-159c-4ad8-9056-19d6c132389a
2026-07-06 13:41:19.082 7 WARNING neutron.scheduler.dhcp_agent_scheduler [None req-6f653ff4-769d-4909-a1d3-d9991bb0e8bb fe6b18090d9145d39e1fcb7dd0776020 35c045dc2abe4307974c6f6aa4979ade - - default default] No more DHCP agents
2026-07-06 13:41:19.085 7 WARNING neutron.api.rpc.agentnotifiers.dhcp_rpc_agent_api [None req-6f653ff4-769d-4909-a1d3-d9991bb0e8bb fe6b18090d9145d39e1fcb7dd0776020 35c045dc2abe4307974c6f6aa4979ade - - default default] Unable to schedule network 0cb82d1f-480e-401c-89ed-3ae1b89c7331: no agents available; will retry on subsequent port and subnet creation events.
2026-07-06 13:41:19.102 8 INFO neutron.db.ovn_revision_numbers_db [None req-1b62b48d-2db4-4734-ba37-dd52818a99aa b27871fe9ad343adbf17a8ab5d52928e 24ec760c9b6541d4a62ab4aadaa67f01 - - default default] Successfully bumped revision number for resource cff7f270-159c-4ad8-9056-19d6c132389a (type: ports) to 1
2026-07-06 13:41:19.184 7 INFO neutron.db.ovn_revision_numbers_db [None req-6f653ff4-769d-4909-a1d3-d9991bb0e8bb fe6b18090d9145d39e1fcb7dd0776020 35c045dc2abe4307974c6f6aa4979ade - - default default] Successfully bumped revision number for resource 91e5c9d1-53e8-45b1-8efe-16ee30ac1452 (type: ports) to 1 [pid: 7|app: 0|req: 728/1494] 10.0.0.210 () {34 vars in 670 bytes} [Mon Jul 6 13:41:18 2026] POST /v2.0/networks => generated 650 bytes in 592 msecs (HTTP/1.1 201) 4 headers in 162 bytes (1 switches on core 0)
2026-07-06 13:41:19.253 8 INFO neutron.plugins.ml2.drivers.ovn.mech_driver.mech_driver [None req-b78ef0a7-fecc-4e11-8d19-20458c2ca23e - - - - - -] OVN reports status down for port: 91e5c9d1-53e8-45b1-8efe-16ee30ac1452
2026-07-06 13:41:19.435 7 WARNING neutron.scheduler.dhcp_agent_scheduler [None req-d0bb8313-cb56-4467-a9bc-82f4404aed73 fe6b18090d9145d39e1fcb7dd0776020 35c045dc2abe4307974c6f6aa4979ade - - default default] No more DHCP agents
2026-07-06 13:41:19.436 7 WARNING neutron.api.rpc.agentnotifiers.dhcp_rpc_agent_api [None req-d0bb8313-cb56-4467-a9bc-82f4404aed73 fe6b18090d9145d39e1fcb7dd0776020 35c045dc2abe4307974c6f6aa4979ade - - default default] Unable to schedule network 0cb82d1f-480e-401c-89ed-3ae1b89c7331: no agents available; will retry on subsequent port and subnet creation events.
2026-07-06 13:41:20.193 7 INFO neutron.db.ovn_revision_numbers_db [None req-2608278e-21f4-415e-9874-548cb18b6751 - - - - - -] Successfully bumped revision number for resource 91e5c9d1-53e8-45b1-8efe-16ee30ac1452 (type: ports) to 2
2026-07-06 13:41:20.347 7 INFO neutron.db.ovn_revision_numbers_db [None req-2608278e-21f4-415e-9874-548cb18b6751 - - - - - -] Successfully bumped revision number for resource a29511f8-ba80-4a70-a95e-0005240c0760 (type: subnets) to 0
2026-07-06 13:41:20.574 8 INFO neutron.plugins.ml2.drivers.ovn.mech_driver.ovsdb.commands [None req-740b5fe3-4ced-46a1-bde1-a1dc87972444 - - - - - -] Schedule LRP lrp-cff7f270-159c-4ad8-9056-19d6c132389a on gateway 11b47c5a-5d25-4c7b-b573-b9179c515a1c with priority 1 [pid: 7|app: 0|req: 729/1495] 10.0.0.210 () {34 vars in 669 bytes} [Mon Jul 6 13:41:19 2026] POST /v2.0/subnets => generated 626 bytes in 1510 msecs (HTTP/1.1 201) 4 headers in 162 bytes (1 switches on core 0)
2026-07-06 13:41:20.832 8 INFO neutron.plugins.ml2.drivers.ovn.mech_driver.ovsdb.ovsdb_monitor [None req-bcab1518-44ed-4437-92bb-ff3aff932574 - - - - - -] Router 5ba615d0-f909-4307-b729-3a1fff33f384 is bound to host instance
2026-07-06 13:41:20.859 8 INFO neutron.plugins.ml2.drivers.ovn.mech_driver.mech_driver [None req-b78ef0a7-fecc-4e11-8d19-20458c2ca23e - - - - - -] OVN reports status up for port: cff7f270-159c-4ad8-9056-19d6c132389a
2026-07-06 13:41:21.177 8 INFO neutron.db.ovn_revision_numbers_db [None req-1b62b48d-2db4-4734-ba37-dd52818a99aa b27871fe9ad343adbf17a8ab5d52928e 24ec760c9b6541d4a62ab4aadaa67f01 - - default default] Successfully bumped revision number for resource cff7f270-159c-4ad8-9056-19d6c132389a (type: router_ports) to 1
2026-07-06 13:41:21.182 8 INFO neutron.plugins.ml2.plugin [None req-b78ef0a7-fecc-4e11-8d19-20458c2ca23e - - - - - -] Attempt 1 to provision port cff7f270-159c-4ad8-9056-19d6c132389a
2026-07-06 13:41:21.712 8 INFO neutron.db.ovn_revision_numbers_db [None req-1b62b48d-2db4-4734-ba37-dd52818a99aa b27871fe9ad343adbf17a8ab5d52928e 24ec760c9b6541d4a62ab4aadaa67f01 - - default default] Successfully bumped revision number for resource 5ba615d0-f909-4307-b729-3a1fff33f384 (type: routers) to 2
2026-07-06 13:41:21.764 7 WARNING neutron.scheduler.dhcp_agent_scheduler [None req-051c646b-7503-4498-a1f8-c4f5e7d2aab8 fe6b18090d9145d39e1fcb7dd0776020 35c045dc2abe4307974c6f6aa4979ade - - default default] No more DHCP agents
2026-07-06 13:41:21.765 7 WARNING neutron.api.rpc.agentnotifiers.dhcp_rpc_agent_api [None req-051c646b-7503-4498-a1f8-c4f5e7d2aab8 fe6b18090d9145d39e1fcb7dd0776020 35c045dc2abe4307974c6f6aa4979ade - - default default] Unable to schedule network 0cb82d1f-480e-401c-89ed-3ae1b89c7331: no agents available; will retry on subsequent port and subnet creation events. [pid: 8|app: 0|req: 767/1496] 10.0.0.210 () {34 vars in 669 bytes} [Mon Jul 6 13:41:18 2026] POST /v2.0/routers => generated 968 bytes in 3425 msecs (HTTP/1.1 201) 4 headers in 162 bytes (1 switches on core 0)
2026-07-06 13:41:21.961 7 INFO neutron.plugins.ml2.drivers.ovn.mech_driver.mech_driver [None req-cf9281e2-32a2-4b07-8851-4e154f733b49 - - - - - -] OVN reports status down for port: fafc795f-d90c-4d63-bdbe-d3b3d9caddd4
2026-07-06 13:41:22.910 7 INFO neutron.db.ovn_revision_numbers_db [None req-051c646b-7503-4498-a1f8-c4f5e7d2aab8 fe6b18090d9145d39e1fcb7dd0776020 35c045dc2abe4307974c6f6aa4979ade - - default default] Successfully bumped revision number for resource fafc795f-d90c-4d63-bdbe-d3b3d9caddd4 (type: ports) to 1 [pid: 7|app: 0|req: 730/1497] 10.0.0.210 () {34 vars in 665 bytes} [Mon Jul 6 13:41:20 2026] POST /v2.0/ports => generated 953 bytes in 2359 msecs (HTTP/1.1 201) 4 headers in 162 bytes (1 switches on core 0) /var/lib/openstack/lib/python3.12/site-packages/pycadf/identifier.py:70: UserWarning: Invalid uuid: neutron. To ensure interoperability, identifiers should be a valid uuid. warnings.warn(('Invalid uuid: %s. To ensure interoperability, '
2026-07-06 13:41:23.476 8 WARNING neutron.scheduler.dhcp_agent_scheduler [None req-0025e8ad-57f4-4c31-9a6e-4a7bb1087acc c6a15d5e76ca440c9d79bf4282a0bd92 d0f8e299c35644f7bd493f35a90aa146 - - default default] No more DHCP agents
2026-07-06 13:41:23.485 8 WARNING neutron.api.rpc.agentnotifiers.dhcp_rpc_agent_api [None req-0025e8ad-57f4-4c31-9a6e-4a7bb1087acc c6a15d5e76ca440c9d79bf4282a0bd92 d0f8e299c35644f7bd493f35a90aa146 - - default default] Unable to schedule network 4eb8fb97-4c52-4680-8a84-fb4832b9f427: no agents available; will retry on subsequent port and subnet creation events.
2026-07-06 13:41:23.603 7 WARNING neutron.scheduler.dhcp_agent_scheduler [None req-1484bfbc-6d05-4022-99ff-7bb5a6b3e632 b27871fe9ad343adbf17a8ab5d52928e 24ec760c9b6541d4a62ab4aadaa67f01 - - default default] No more DHCP agents
2026-07-06 13:41:23.604 7 WARNING neutron.api.rpc.agentnotifiers.dhcp_rpc_agent_api [None req-1484bfbc-6d05-4022-99ff-7bb5a6b3e632 b27871fe9ad343adbf17a8ab5d52928e 24ec760c9b6541d4a62ab4aadaa67f01 - - default default] Unable to schedule network 8e7e04f0-2a16-4ecf-9dd6-df75cf1633d5: no agents available; will retry on subsequent port and subnet creation events.
2026-07-06 13:41:23.771 7 INFO neutron.db.ovn_revision_numbers_db [None req-1484bfbc-6d05-4022-99ff-7bb5a6b3e632 b27871fe9ad343adbf17a8ab5d52928e 24ec760c9b6541d4a62ab4aadaa67f01 - - default default] Successfully bumped revision number for resource a9130992-49ad-47b7-a42c-23010d960633 (type: ports) to 1
2026-07-06 13:41:23.966 8 INFO neutron.db.ovn_revision_numbers_db [None req-f8ee4b8e-d7bd-4bb4-b822-edc080314e4d - - - - - -] Successfully bumped revision number for resource cff7f270-159c-4ad8-9056-19d6c132389a (type: ports) to 4
2026-07-06 13:41:24.002 8 INFO neutron.plugins.ml2.drivers.ovn.mech_driver.mech_driver [None req-b78ef0a7-fecc-4e11-8d19-20458c2ca23e - - - - - -] OVN reports status down for port: a9130992-49ad-47b7-a42c-23010d960633 [pid: 8|app: 0|req: 768/1498] 10.0.0.210 () {34 vars in 676 bytes} [Mon Jul 6 13:41:21 2026] POST /v2.0/floatingips => generated 552 bytes in 2484 msecs (HTTP/1.1 201) 4 headers in 162 bytes (1 switches on core 0)
2026-07-06 13:41:24.512 8 INFO neutron.plugins.ml2.drivers.ovn.mech_driver.mech_driver [None req-b78ef0a7-fecc-4e11-8d19-20458c2ca23e - - - - - -] OVN reports status up for port: a9130992-49ad-47b7-a42c-23010d960633
2026-07-06 13:41:24.571 7 WARNING neutron.scheduler.dhcp_agent_scheduler [None req-1484bfbc-6d05-4022-99ff-7bb5a6b3e632 b27871fe9ad343adbf17a8ab5d52928e 24ec760c9b6541d4a62ab4aadaa67f01 - - default default] No more DHCP agents
2026-07-06 13:41:24.572 8 INFO neutron.plugins.ml2.plugin [None req-b78ef0a7-fecc-4e11-8d19-20458c2ca23e - - - - - -] Attempt 1 to provision port a9130992-49ad-47b7-a42c-23010d960633
2026-07-06 13:41:24.573 7 WARNING neutron.api.rpc.agentnotifiers.dhcp_rpc_agent_api [None req-1484bfbc-6d05-4022-99ff-7bb5a6b3e632 b27871fe9ad343adbf17a8ab5d52928e 24ec760c9b6541d4a62ab4aadaa67f01 - - default default] Unable to schedule network 8e7e04f0-2a16-4ecf-9dd6-df75cf1633d5: no agents available; will retry on subsequent port and subnet creation events.
2026-07-06 13:41:24.708 8 INFO neutron_taas.services.taas.taas_plugin [None req-b65f94f4-37cd-49b3-aced-75fab23161c6 fe6b18090d9145d39e1fcb7dd0776020 35c045dc2abe4307974c6f6aa4979ade - - default default] TaaS: Handle Delete Port: fafc795f-d90c-4d63-bdbe-d3b3d9caddd4
2026-07-06 13:41:24.723 8 INFO neutron_taas.services.taas.tap_mirror_plugin [None req-b65f94f4-37cd-49b3-aced-75fab23161c6 fe6b18090d9145d39e1fcb7dd0776020 35c045dc2abe4307974c6f6aa4979ade - - default default] Tap Mirror: Handle Delete Port: fafc795f-d90c-4d63-bdbe-d3b3d9caddd4
2026-07-06 13:41:24.869 8 INFO neutron.db.ovn_revision_numbers_db [None req-f8ee4b8e-d7bd-4bb4-b822-edc080314e4d - - - - - -] Successfully bumped revision number for resource cff7f270-159c-4ad8-9056-19d6c132389a (type: ports) to 5
2026-07-06 13:41:25.124 7 INFO neutron.db.ovn_revision_numbers_db [None req-1484bfbc-6d05-4022-99ff-7bb5a6b3e632 b27871fe9ad343adbf17a8ab5d52928e 24ec760c9b6541d4a62ab4aadaa67f01 - - default default] Successfully bumped revision number for resource a9130992-49ad-47b7-a42c-23010d960633 (type: router_ports) to 1 [pid: 7|app: 0|req: 731/1499] 10.0.0.210 () {34 vars in 783 bytes} [Mon Jul 6 13:41:23 2026] PUT /v2.0/routers/5ba615d0-f909-4307-b729-3a1fff33f384/add_router_interface => generated 309 bytes in 2040 msecs (HTTP/1.1 200) 4 headers in 157 bytes (1 switches on core 0) [pid: 8|app: 0|req: 769/1500] 10.0.0.210 () {32 vars in 720 bytes} [Mon Jul 6 13:41:24 2026] DELETE /v2.0/ports/fafc795f-d90c-4d63-bdbe-d3b3d9caddd4 => generated 0 bytes in 1098 msecs (HTTP/1.1 204) 3 headers in 131 bytes (1 switches on core 0)
2026-07-06 13:41:25.394 7 INFO neutron.db.ovn_revision_numbers_db [None req-f5f4f4af-3ddd-4d85-a9e8-78d998d21f4a b27871fe9ad343adbf17a8ab5d52928e 24ec760c9b6541d4a62ab4aadaa67f01 - - default default] Successfully bumped revision number for resource baf3acbe-af74-4c60-a580-fc68f93d5aac (type: security_groups) to 1
2026-07-06 13:41:25.414 7 INFO neutron.db.ovn_revision_numbers_db [None req-f5f4f4af-3ddd-4d85-a9e8-78d998d21f4a b27871fe9ad343adbf17a8ab5d52928e 24ec760c9b6541d4a62ab4aadaa67f01 - - default default] Successfully bumped revision number for resource 3f417f98-050f-40e4-8eac-7d01ed42dfbf (type: security_group_rules) to 0
2026-07-06 13:41:25.429 7 INFO neutron.db.ovn_revision_numbers_db [None req-f5f4f4af-3ddd-4d85-a9e8-78d998d21f4a b27871fe9ad343adbf17a8ab5d52928e 24ec760c9b6541d4a62ab4aadaa67f01 - - default default] Successfully bumped revision number for resource 7031c5c6-d324-4b5d-bea2-7ed61b543ff3 (type: security_group_rules) to 0
2026-07-06 13:41:25.443 7 INFO neutron.db.ovn_revision_numbers_db [None req-f5f4f4af-3ddd-4d85-a9e8-78d998d21f4a b27871fe9ad343adbf17a8ab5d52928e 24ec760c9b6541d4a62ab4aadaa67f01 - - default default] Successfully bumped revision number for resource 828ef13f-7f33-4e6e-9fa3-ecf64821b688 (type: security_group_rules) to 0
2026-07-06 13:41:25.453 7 INFO neutron.db.ovn_revision_numbers_db [None req-f5f4f4af-3ddd-4d85-a9e8-78d998d21f4a b27871fe9ad343adbf17a8ab5d52928e 24ec760c9b6541d4a62ab4aadaa67f01 - - default default] Successfully bumped revision number for resource b277a3a5-49fc-425d-aa3c-ff49206077e1 (type: security_group_rules) to 0 [pid: 7|app: 0|req: 732/1501] 10.0.0.210 () {32 vars in 774 bytes} [Mon Jul 6 13:41:25 2026] GET /v2.0/security-groups?tenant_id=95f1262a39dc45358b96c3895c9a06c6&name=default => generated 2925 bytes in 367 msecs (HTTP/1.1 200) 4 headers in 158 bytes (1 switches on core 0)
2026-07-06 13:41:25.514 7 INFO neutron.pecan_wsgi.hooks.translation [None req-e4b903e4-7c12-43df-bb4c-dd0ab8cb01e7 fe6b18090d9145d39e1fcb7dd0776020 35c045dc2abe4307974c6f6aa4979ade - - default default] DELETE failed (client error): The resource could not be found. [pid: 7|app: 0|req: 733/1502] 10.0.0.210 () {32 vars in 720 bytes} [Mon Jul 6 13:41:25 2026] DELETE /v2.0/ports/fafc795f-d90c-4d63-bdbe-d3b3d9caddd4 => generated 132 bytes in 20 msecs (HTTP/1.1 404) 4 headers in 164 bytes (1 switches on core 0)
2026-07-06 13:41:25.807 8 INFO neutron.db.ovn_revision_numbers_db [None req-b78ef0a7-fecc-4e11-8d19-20458c2ca23e - - - - - -] Successfully bumped revision number for resource a9130992-49ad-47b7-a42c-23010d960633 (type: ports) to 2 [pid: 7|app: 0|req: 734/1503] 10.0.0.210 () {32 vars in 740 bytes} [Mon Jul 6 13:41:25 2026] DELETE /v2.0/security-groups/baf3acbe-af74-4c60-a580-fc68f93d5aac => generated 0 bytes in 293 msecs (HTTP/1.1 204) 2 headers in 112 bytes (1 switches on core 0)
2026-07-06 13:41:25.834 7 INFO neutron.pecan_wsgi.hooks.translation [None req-62b47a1c-bd75-4649-a518-c7db91bd50ad fe6b18090d9145d39e1fcb7dd0776020 35c045dc2abe4307974c6f6aa4979ade - - default default] GET failed (client error): The resource could not be found. [pid: 7|app: 0|req: 735/1504] 10.0.0.210 () {32 vars in 717 bytes} [Mon Jul 6 13:41:25 2026] GET /v2.0/ports/fafc795f-d90c-4d63-bdbe-d3b3d9caddd4 => generated 132 bytes in 23 msecs (HTTP/1.1 404) 4 headers in 164 bytes (1 switches on core 0)
2026-07-06 13:41:25.890 8 WARNING neutron.scheduler.dhcp_agent_scheduler [None req-7b519ed9-370f-474e-8b76-e695b6e3f16f c6a15d5e76ca440c9d79bf4282a0bd92 d0f8e299c35644f7bd493f35a90aa146 - - default default] No more DHCP agents
2026-07-06 13:41:25.893 8 WARNING neutron.api.rpc.agentnotifiers.dhcp_rpc_agent_api [None req-7b519ed9-370f-474e-8b76-e695b6e3f16f c6a15d5e76ca440c9d79bf4282a0bd92 d0f8e299c35644f7bd493f35a90aa146 - - default default] Unable to schedule network 4eb8fb97-4c52-4680-8a84-fb4832b9f427: no agents available; will retry on subsequent port and subnet creation events.
2026-07-06 13:41:25.983 7 INFO neutron.db.ovn_revision_numbers_db [None req-08916daf-4e25-489f-8668-30fd81208a19 8ab2353dfe33437ca52995af779ecad3 cbda226431fc4b4582b8832bfe455c87 - - default default] Successfully bumped revision number for resource 391e7974-8083-4a53-9ccb-613b4c1e7918 (type: security_groups) to 1
2026-07-06 13:41:25.997 7 INFO neutron.db.ovn_revision_numbers_db [None req-08916daf-4e25-489f-8668-30fd81208a19 8ab2353dfe33437ca52995af779ecad3 cbda226431fc4b4582b8832bfe455c87 - - default default] Successfully bumped revision number for resource 4a6925b7-05b8-4e11-8388-bf45467a46fb (type: security_group_rules) to 0
2026-07-06 13:41:26.016 7 INFO neutron.db.ovn_revision_numbers_db [None req-08916daf-4e25-489f-8668-30fd81208a19 8ab2353dfe33437ca52995af779ecad3 cbda226431fc4b4582b8832bfe455c87 - - default default] Successfully bumped revision number for resource ba4dc880-c6d3-480c-8863-2a2f98d5b712 (type: security_group_rules) to 0 [pid: 7|app: 0|req: 736/1505] 10.0.0.210 () {34 vars in 685 bytes} [Mon Jul 6 13:41:25 2026] POST /v2.0/security-groups => generated 1661 bytes in 226 msecs (HTTP/1.1 201) 4 headers in 163 bytes (1 switches on core 0) [pid: 7|app: 0|req: 737/1506] 10.0.0.210 () {32 vars in 724 bytes} [Mon Jul 6 13:41:26 2026] DELETE /v2.0/subnets/a29511f8-ba80-4a70-a95e-0005240c0760 => generated 0 bytes in 180 msecs (HTTP/1.1 204) 3 headers in 131 bytes (1 switches on core 0) [pid: 8|app: 0|req: 770/1507] 10.0.0.210 () {34 vars in 676 bytes} [Mon Jul 6 13:41:25 2026] POST /v2.0/floatingips => generated 552 bytes in 956 msecs (HTTP/1.1 201) 4 headers in 162 bytes (1 switches on core 0)
2026-07-06 13:41:26.384 7 INFO neutron.db.ovn_revision_numbers_db [None req-05beb3df-4259-49da-a6ef-b0886c612529 b27871fe9ad343adbf17a8ab5d52928e 24ec760c9b6541d4a62ab4aadaa67f01 - - default default] Successfully bumped revision number for resource 32ccdba8-3dd7-4cba-a350-aaf88ef6711c (type: security_groups) to 1
2026-07-06 13:41:26.399 7 INFO neutron.db.ovn_revision_numbers_db [None req-05beb3df-4259-49da-a6ef-b0886c612529 b27871fe9ad343adbf17a8ab5d52928e 24ec760c9b6541d4a62ab4aadaa67f01 - - default default] Successfully bumped revision number for resource 4dccc209-9b8d-46dc-a859-3b8b088c27d9 (type: security_group_rules) to 0
2026-07-06 13:41:26.415 7 INFO neutron.db.ovn_revision_numbers_db [None req-05beb3df-4259-49da-a6ef-b0886c612529 b27871fe9ad343adbf17a8ab5d52928e 24ec760c9b6541d4a62ab4aadaa67f01 - - default default] Successfully bumped revision number for resource 7cbf8b4a-b670-4033-b771-aafceb6f945c (type: security_group_rules) to 0
2026-07-06 13:41:26.434 7 INFO neutron.db.ovn_revision_numbers_db [None req-05beb3df-4259-49da-a6ef-b0886c612529 b27871fe9ad343adbf17a8ab5d52928e 24ec760c9b6541d4a62ab4aadaa67f01 - - default default] Successfully bumped revision number for resource 88dfcede-8b5b-4f2f-8c62-22c18b135826 (type: security_group_rules) to 0
2026-07-06 13:41:26.449 7 INFO neutron.db.ovn_revision_numbers_db [None req-05beb3df-4259-49da-a6ef-b0886c612529 b27871fe9ad343adbf17a8ab5d52928e 24ec760c9b6541d4a62ab4aadaa67f01 - - default default] Successfully bumped revision number for resource b7e85096-fb5c-4e43-9a8f-955116ef08c8 (type: security_group_rules) to 0
2026-07-06 13:41:26.476 8 INFO neutron.db.ovn_revision_numbers_db [None req-6916849c-3c5d-4722-b3ef-5d5cf8b42504 8ab2353dfe33437ca52995af779ecad3 cbda226431fc4b4582b8832bfe455c87 - - default default] Successfully bumped revision number for resource 42b70d73-fa7d-46bd-9ab0-d9d931c77cf5 (type: security_group_rules) to 0 [pid: 7|app: 0|req: 738/1508] 10.0.0.210 () {32 vars in 774 bytes} [Mon Jul 6 13:41:26 2026] GET /v2.0/security-groups?tenant_id=8864187f01ba46f1a72a5c2abb6f9956&name=default => generated 2925 bytes in 256 msecs (HTTP/1.1 200) 4 headers in 158 bytes (1 switches on core 0) [pid: 8|app: 0|req: 771/1509] 10.0.0.210 () {34 vars in 695 bytes} [Mon Jul 6 13:41:26 2026] POST /v2.0/security-group-rules => generated 597 bytes in 185 msecs (HTTP/1.1 201) 4 headers in 162 bytes (1 switches on core 0)
2026-07-06 13:41:26.612 7 INFO neutron_taas.services.taas.taas_plugin [None req-2dd3e5ff-a792-4ca1-a6d8-3ca4d0c796a3 fe6b18090d9145d39e1fcb7dd0776020 35c045dc2abe4307974c6f6aa4979ade - - default default] TaaS: Handle Delete Port: 91e5c9d1-53e8-45b1-8efe-16ee30ac1452
2026-07-06 13:41:26.615 7 INFO neutron_taas.services.taas.tap_mirror_plugin [None req-2dd3e5ff-a792-4ca1-a6d8-3ca4d0c796a3 fe6b18090d9145d39e1fcb7dd0776020 35c045dc2abe4307974c6f6aa4979ade - - default default] Tap Mirror: Handle Delete Port: 91e5c9d1-53e8-45b1-8efe-16ee30ac1452
2026-07-06 13:41:26.757 8 WARNING neutron.scheduler.dhcp_agent_scheduler [None req-2db85122-db90-4f9d-a079-9f517ea6965e c6a15d5e76ca440c9d79bf4282a0bd92 d0f8e299c35644f7bd493f35a90aa146 - - default default] No more DHCP agents
2026-07-06 13:41:26.758 8 WARNING neutron.api.rpc.agentnotifiers.dhcp_rpc_agent_api [None req-2db85122-db90-4f9d-a079-9f517ea6965e c6a15d5e76ca440c9d79bf4282a0bd92 d0f8e299c35644f7bd493f35a90aa146 - - default default] Unable to schedule network 4eb8fb97-4c52-4680-8a84-fb4832b9f427: no agents available; will retry on subsequent port and subnet creation events.
2026-07-06 13:41:26.789 7 INFO neutron.services.segments.plugin [-] Segment bdd4318c-54e2-4e24-b2d8-916f5f94520a resource provider aggregate not found
2026-07-06 13:41:26.800 7 INFO neutron.services.segments.plugin [-] Segment bdd4318c-54e2-4e24-b2d8-916f5f94520a resource provider aggregate not found
2026-07-06 13:41:26.814 7 INFO neutron.services.segments.plugin [-] Segment bdd4318c-54e2-4e24-b2d8-916f5f94520a resource provider not found; error: Placement Client Error (4xx): {"errors": [{"status": 404, "title": "Not Found", "detail": "The resource could not be found.\n\n No resource provider with uuid bdd4318c-54e2-4e24-b2d8-916f5f94520a found for delete ", "request_id": "req-2e7ce804-9179-4dc2-b772-b4204392e65a"}]}
2026-07-06 13:41:26.824 7 INFO neutron.services.segments.plugin [-] Segment bdd4318c-54e2-4e24-b2d8-916f5f94520a resource provider not found; error: Placement Client Error (4xx): {"errors": [{"status": 404, "title": "Not Found", "detail": "The resource could not be found.\n\n No resource provider with uuid bdd4318c-54e2-4e24-b2d8-916f5f94520a found for delete ", "request_id": "req-51103b31-4ba7-4a62-9554-6bb2599cacec"}]} [pid: 7|app: 0|req: 739/1510] 10.0.0.210 () {32 vars in 726 bytes} [Mon Jul 6 13:41:26 2026] DELETE /v2.0/networks/0cb82d1f-480e-401c-89ed-3ae1b89c7331 => generated 0 bytes in 351 msecs (HTTP/1.1 204) 3 headers in 131 bytes (1 switches on core 0) [pid: 7|app: 0|req: 740/1511] 10.0.0.210 () {32 vars in 740 bytes} [Mon Jul 6 13:41:26 2026] DELETE /v2.0/security-groups/32ccdba8-3dd7-4cba-a350-aaf88ef6711c => generated 0 bytes in 244 msecs (HTTP/1.1 204) 2 headers in 112 bytes (1 switches on core 0) [pid: 8|app: 0|req: 772/1512] 10.0.0.210 () {34 vars in 676 bytes} [Mon Jul 6 13:41:26 2026] POST /v2.0/floatingips => generated 552 bytes in 589 msecs (HTTP/1.1 201) 4 headers in 162 bytes (1 switches on core 0)
2026-07-06 13:41:27.197 8 INFO neutron.db.segments_db [None req-aea68f7f-0810-4701-8e5e-5df34961e9b6 fe6b18090d9145d39e1fcb7dd0776020 35c045dc2abe4307974c6f6aa4979ade - - default default] Added segment e2587a33-90e3-43f3-89c8-f56a6e671742 of type geneve for network 1d935fec-1489-41f1-80a8-d98710db91bb
2026-07-06 13:41:27.248 7 INFO neutron.db.ovn_revision_numbers_db [None req-c91ab6d2-dc22-4459-81f0-775e610deb81 8ab2353dfe33437ca52995af779ecad3 cbda226431fc4b4582b8832bfe455c87 - - default default] Successfully bumped revision number for resource 96a37e0f-6dfa-4796-a4bb-9fc3c926c794 (type: security_group_rules) to 0 [pid: 7|app: 0|req: 741/1513] 10.0.0.210 () {34 vars in 695 bytes} [Mon Jul 6 13:41:27 2026] POST /v2.0/security-group-rules => generated 602 bytes in 210 msecs (HTTP/1.1 201) 4 headers in 162 bytes (1 switches on core 0)
2026-07-06 13:41:27.340 8 INFO neutron.db.ovn_revision_numbers_db [None req-aea68f7f-0810-4701-8e5e-5df34961e9b6 fe6b18090d9145d39e1fcb7dd0776020 35c045dc2abe4307974c6f6aa4979ade - - default default] Successfully bumped revision number for resource 1d935fec-1489-41f1-80a8-d98710db91bb (type: networks) to 1
2026-07-06 13:41:27.527 8 WARNING neutron.scheduler.dhcp_agent_scheduler [None req-aea68f7f-0810-4701-8e5e-5df34961e9b6 fe6b18090d9145d39e1fcb7dd0776020 35c045dc2abe4307974c6f6aa4979ade - - default default] No more DHCP agents
2026-07-06 13:41:27.529 8 WARNING neutron.api.rpc.agentnotifiers.dhcp_rpc_agent_api [None req-aea68f7f-0810-4701-8e5e-5df34961e9b6 fe6b18090d9145d39e1fcb7dd0776020 35c045dc2abe4307974c6f6aa4979ade - - default default] Unable to schedule network 1d935fec-1489-41f1-80a8-d98710db91bb: no agents available; will retry on subsequent port and subnet creation events.
2026-07-06 13:41:27.566 7 WARNING neutron.scheduler.dhcp_agent_scheduler [None req-8ae9b10e-4ee4-433e-98fa-edaae4c2e3ad c6a15d5e76ca440c9d79bf4282a0bd92 d0f8e299c35644f7bd493f35a90aa146 - - default default] No more DHCP agents
2026-07-06 13:41:27.580 7 WARNING neutron.api.rpc.agentnotifiers.dhcp_rpc_agent_api [None req-8ae9b10e-4ee4-433e-98fa-edaae4c2e3ad c6a15d5e76ca440c9d79bf4282a0bd92 d0f8e299c35644f7bd493f35a90aa146 - - default default] Unable to schedule network 4eb8fb97-4c52-4680-8a84-fb4832b9f427: no agents available; will retry on subsequent port and subnet creation events.
2026-07-06 13:41:27.628 8 INFO neutron.db.ovn_revision_numbers_db [None req-aea68f7f-0810-4701-8e5e-5df34961e9b6 fe6b18090d9145d39e1fcb7dd0776020 35c045dc2abe4307974c6f6aa4979ade - - default default] Successfully bumped revision number for resource c9b45045-a5fe-4afa-9284-a7822ea7dd98 (type: ports) to 1 [pid: 8|app: 0|req: 773/1514] 10.0.0.210 () {34 vars in 670 bytes} [Mon Jul 6 13:41:27 2026] POST /v2.0/networks => generated 651 bytes in 554 msecs (HTTP/1.1 201) 4 headers in 162 bytes (1 switches on core 0)
2026-07-06 13:41:27.921 8 WARNING neutron.scheduler.dhcp_agent_scheduler [None req-e97b6c57-f553-4993-95b2-53e86751712c 8ab2353dfe33437ca52995af779ecad3 cbda226431fc4b4582b8832bfe455c87 - - default default] No more DHCP agents [pid: 7|app: 0|req: 742/1515] 10.0.0.210 () {34 vars in 676 bytes} [Mon Jul 6 13:41:27 2026] POST /v2.0/floatingips => generated 552 bytes in 616 msecs (HTTP/1.1 201) 4 headers in 162 bytes (1 switches on core 0)
2026-07-06 13:41:27.926 8 WARNING neutron.api.rpc.agentnotifiers.dhcp_rpc_agent_api [None req-e97b6c57-f553-4993-95b2-53e86751712c 8ab2353dfe33437ca52995af779ecad3 cbda226431fc4b4582b8832bfe455c87 - - default default] Unable to schedule network 4eb8fb97-4c52-4680-8a84-fb4832b9f427: no agents available; will retry on subsequent port and subnet creation events.
2026-07-06 13:41:28.145 7 WARNING neutron.scheduler.dhcp_agent_scheduler [None req-7ebe5bcf-1985-44ca-bd8d-a850e4c2b959 fe6b18090d9145d39e1fcb7dd0776020 35c045dc2abe4307974c6f6aa4979ade - - default default] No more DHCP agents
2026-07-06 13:41:28.146 7 WARNING neutron.api.rpc.agentnotifiers.dhcp_rpc_agent_api [None req-7ebe5bcf-1985-44ca-bd8d-a850e4c2b959 fe6b18090d9145d39e1fcb7dd0776020 35c045dc2abe4307974c6f6aa4979ade - - default default] Unable to schedule network 1d935fec-1489-41f1-80a8-d98710db91bb: no agents available; will retry on subsequent port and subnet creation events. [pid: 8|app: 0|req: 774/1516] 10.0.0.210 () {34 vars in 676 bytes} [Mon Jul 6 13:41:27 2026] POST /v2.0/floatingips => generated 552 bytes in 671 msecs (HTTP/1.1 201) 4 headers in 162 bytes (1 switches on core 0)
2026-07-06 13:41:28.621 8 WARNING neutron.scheduler.dhcp_agent_scheduler [None req-fe7f4cc7-2129-4ea7-9d97-b3765d6364b8 c6a15d5e76ca440c9d79bf4282a0bd92 d0f8e299c35644f7bd493f35a90aa146 - - default default] No more DHCP agents
