2026-07-06 13:39:21.269 7 WARNING neutron.plugins.ml2.drivers.ovn.mech_driver.ovsdb.ovn_client [None req-1a03987d-7030-4a16-9471-8b019060a83b - - - - - -] No port found with ID 400fc3d6-713f-41f8-b3bb-e3345345f238: RuntimeError: No port found with ID 400fc3d6-713f-41f8-b3bb-e3345345f238 [pid: 7|app: 0|req: 391/778] 10.0.0.210 () {32 vars in 724 bytes} [Mon Jul 6 13:39:21 2026] DELETE /v2.0/subnets/4429617d-3158-4387-b8f1-5bea8d007205 => generated 0 bytes in 295 msecs (HTTP/1.1 204) 3 headers in 131 bytes (1 switches on core 0) [pid: 7|app: 0|req: 392/779] 10.0.0.183 () {34 vars in 990 bytes} [Mon Jul 6 13:39:21 2026] GET /v2.0/ports?device_id=7e82dbea-8df0-4914-b165-9a96f42e063f => generated 12 bytes in 17 msecs (HTTP/1.1 200) 4 headers in 156 bytes (1 switches on core 0) [pid: 8|app: 0|req: 388/780] 10.0.0.210 () {34 vars in 789 bytes} [Mon Jul 6 13:39:20 2026] PUT /v2.0/routers/391e880f-7de5-4d7a-978a-466351a6e442/remove_router_interface => generated 309 bytes in 1387 msecs (HTTP/1.1 200) 4 headers in 157 bytes (1 switches on core 0) /var/lib/openstack/lib/python3.12/site-packages/pycadf/identifier.py:70: UserWarning: Invalid uuid: neutron. To ensure interoperability, identifiers should be a valid uuid. warnings.warn(('Invalid uuid: %s. To ensure interoperability, '
2026-07-06 13:39:21.583 7 INFO neutron_taas.services.taas.taas_plugin [None req-b84e7199-ee11-4baa-9b26-5e67444e1221 b27871fe9ad343adbf17a8ab5d52928e 24ec760c9b6541d4a62ab4aadaa67f01 - - default default] TaaS: Handle Delete Port: 5180a9ac-bd46-482a-afbd-17d315c1a9d0
2026-07-06 13:39:21.594 7 INFO neutron_taas.services.taas.tap_mirror_plugin [None req-b84e7199-ee11-4baa-9b26-5e67444e1221 b27871fe9ad343adbf17a8ab5d52928e 24ec760c9b6541d4a62ab4aadaa67f01 - - default default] Tap Mirror: Handle Delete Port: 5180a9ac-bd46-482a-afbd-17d315c1a9d0 [pid: 7|app: 0|req: 393/781] 10.0.0.210 () {32 vars in 726 bytes} [Mon Jul 6 13:39:21 2026] DELETE /v2.0/networks/91d2aefa-41f1-4e0c-b656-dd01fae3864c => generated 0 bytes in 495 msecs (HTTP/1.1 204) 3 headers in 131 bytes (1 switches on core 0)
2026-07-06 13:39:21.986 8 INFO neutron_taas.services.taas.taas_plugin [None req-50841e63-42f6-475c-bf3e-d057de974679 b27871fe9ad343adbf17a8ab5d52928e 24ec760c9b6541d4a62ab4aadaa67f01 - - default default] TaaS: Handle Delete Port: a71db81a-ad13-49f5-9334-862ba1b3f01b
2026-07-06 13:39:21.991 8 INFO neutron_taas.services.taas.tap_mirror_plugin [None req-50841e63-42f6-475c-bf3e-d057de974679 b27871fe9ad343adbf17a8ab5d52928e 24ec760c9b6541d4a62ab4aadaa67f01 - - default default] Tap Mirror: Handle Delete Port: a71db81a-ad13-49f5-9334-862ba1b3f01b [pid: 7|app: 0|req: 394/782] 10.0.0.210 () {32 vars in 774 bytes} [Mon Jul 6 13:39:22 2026] GET /v2.0/security-groups?tenant_id=d330326350b84b079890f5589364bb7e&name=default => generated 2921 bytes in 35 msecs (HTTP/1.1 200) 4 headers in 158 bytes (1 switches on core 0)
2026-07-06 13:39:22.359 7 INFO neutron.services.segments.plugin [-] Segment c8c5ce81-8010-4382-8ecb-a3c6ec673ba4 resource provider aggregate not found
2026-07-06 13:39:22.374 7 INFO neutron.services.segments.plugin [-] Segment c8c5ce81-8010-4382-8ecb-a3c6ec673ba4 resource provider aggregate not found
2026-07-06 13:39:22.377 7 INFO neutron.services.segments.plugin [-] Segment c8c5ce81-8010-4382-8ecb-a3c6ec673ba4 resource provider not found; error: Placement Client Error (4xx): {"errors": [{"status": 404, "title": "Not Found", "detail": "The resource could not be found.\n\n No resource provider with uuid c8c5ce81-8010-4382-8ecb-a3c6ec673ba4 found for delete ", "request_id": "req-f4d0bcfe-7bee-409e-bb27-3f31698fb78f"}]}
2026-07-06 13:39:22.392 7 INFO neutron.services.segments.plugin [-] Segment c8c5ce81-8010-4382-8ecb-a3c6ec673ba4 resource provider not found; error: Placement Client Error (4xx): {"errors": [{"status": 404, "title": "Not Found", "detail": "The resource could not be found.\n\n No resource provider with uuid c8c5ce81-8010-4382-8ecb-a3c6ec673ba4 found for delete ", "request_id": "req-c3fc07ba-65b4-4532-b62c-7b40b8a24b3e"}]} [pid: 7|app: 0|req: 395/783] 10.0.0.210 () {32 vars in 740 bytes} [Mon Jul 6 13:39:22 2026] DELETE /v2.0/security-groups/dc0cfab7-1c8d-458f-9835-7bc9e61ea741 => generated 0 bytes in 328 msecs (HTTP/1.1 204) 2 headers in 112 bytes (1 switches on core 0) [pid: 8|app: 0|req: 389/784] 10.0.0.210 () {32 vars in 724 bytes} [Mon Jul 6 13:39:21 2026] DELETE /v2.0/routers/391e880f-7de5-4d7a-978a-466351a6e442 => generated 0 bytes in 919 msecs (HTTP/1.1 204) 2 headers in 112 bytes (1 switches on core 0) [pid: 7|app: 0|req: 396/785] 10.0.0.183 () {34 vars in 990 bytes} [Mon Jul 6 13:39:22 2026] GET /v2.0/ports?device_id=7e82dbea-8df0-4914-b165-9a96f42e063f => generated 12 bytes in 29 msecs (HTTP/1.1 200) 4 headers in 156 bytes (1 switches on core 0) [pid: 8|app: 0|req: 390/786] 10.0.0.210 () {32 vars in 724 bytes} [Mon Jul 6 13:39:22 2026] DELETE /v2.0/subnets/ac032e2a-02ce-4b6d-a782-767dab8fc9eb => generated 0 bytes in 258 msecs (HTTP/1.1 204) 3 headers in 131 bytes (1 switches on core 0)
2026-07-06 13:39:22.924 7 INFO neutron_taas.services.taas.taas_plugin [None req-70643167-52e4-4027-beff-54d6cd354eef b27871fe9ad343adbf17a8ab5d52928e 24ec760c9b6541d4a62ab4aadaa67f01 - - default default] TaaS: Handle Delete Port: 459c7118-fc67-41d3-aed8-61d2a717e5e1
2026-07-06 13:39:22.932 7 INFO neutron_taas.services.taas.tap_mirror_plugin [None req-70643167-52e4-4027-beff-54d6cd354eef b27871fe9ad343adbf17a8ab5d52928e 24ec760c9b6541d4a62ab4aadaa67f01 - - default default] Tap Mirror: Handle Delete Port: 459c7118-fc67-41d3-aed8-61d2a717e5e1 [pid: 7|app: 0|req: 397/787] 10.0.0.210 () {32 vars in 726 bytes} [Mon Jul 6 13:39:22 2026] DELETE /v2.0/networks/37dd2c8b-4c4a-4da0-a50f-18a95f09b642 => generated 0 bytes in 488 msecs (HTTP/1.1 204) 3 headers in 131 bytes (1 switches on core 0) [pid: 8|app: 0|req: 391/788] 199.19.213.212 () {34 vars in 986 bytes} [Mon Jul 6 13:39:23 2026] GET /v2.0/networks?id=9c90a2ac-7022-407c-b25b-5a36d44f469f => generated 721 bytes in 167 msecs (HTTP/1.1 200) 4 headers in 157 bytes (1 switches on core 0) [pid: 7|app: 0|req: 398/789] 199.19.213.212 () {34 vars in 911 bytes} [Mon Jul 6 13:39:23 2026] GET /v2.0/extensions => generated 20541 bytes in 11 msecs (HTTP/1.1 200) 4 headers in 159 bytes (1 switches on core 0) [pid: 7|app: 0|req: 399/790] 10.0.0.210 () {32 vars in 774 bytes} [Mon Jul 6 13:39:23 2026] GET /v2.0/security-groups?tenant_id=aefbec97e7934d5c9db9c982693c7ebe&name=default => generated 2921 bytes in 31 msecs (HTTP/1.1 200) 4 headers in 158 bytes (1 switches on core 0) [pid: 8|app: 0|req: 392/791] 199.19.213.212 () {34 vars in 1050 bytes} [Mon Jul 6 13:39:23 2026] GET /v2.0/security-groups?fields=id&fields=name&tenant_id=de573e11994a46f088e77f8e04369729 => generated 181 bytes in 52 msecs (HTTP/1.1 200) 4 headers in 157 bytes (1 switches on core 0) [pid: 7|app: 0|req: 400/792] 10.0.0.210 () {32 vars in 740 bytes} [Mon Jul 6 13:39:23 2026] DELETE /v2.0/security-groups/79ea829f-db84-490b-8b21-6c7ccaed4dcf => generated 0 bytes in 274 msecs (HTTP/1.1 204) 2 headers in 112 bytes (1 switches on core 0) [pid: 7|app: 0|req: 401/793] 10.0.0.183 () {34 vars in 990 bytes} [Mon Jul 6 13:39:23 2026] GET /v2.0/ports?device_id=7e82dbea-8df0-4914-b165-9a96f42e063f => generated 12 bytes in 20 msecs (HTTP/1.1 200) 4 headers in 156 bytes (1 switches on core 0)
2026-07-06 13:39:23.904 8 WARNING neutron.scheduler.dhcp_agent_scheduler [req-19d92122-0c93-41c3-9356-ee37571d653b req-a392172b-dd5f-4194-928f-09b361bb6147 3b7a7b08cdff45e68029bdff34cdfa64 de573e11994a46f088e77f8e04369729 - - default default] No more DHCP agents
2026-07-06 13:39:23.905 8 WARNING neutron.api.rpc.agentnotifiers.dhcp_rpc_agent_api [req-19d92122-0c93-41c3-9356-ee37571d653b req-a392172b-dd5f-4194-928f-09b361bb6147 3b7a7b08cdff45e68029bdff34cdfa64 de573e11994a46f088e77f8e04369729 - - default default] Unable to schedule network 9c90a2ac-7022-407c-b25b-5a36d44f469f: no agents available; will retry on subsequent port and subnet creation events.
2026-07-06 13:39:24.029 7 INFO neutron.plugins.ml2.drivers.ovn.mech_driver.mech_driver [None req-1a03987d-7030-4a16-9471-8b019060a83b - - - - - -] OVN reports status down for port: 16321eb1-c9f6-433f-9781-a7be3618fdb6
2026-07-06 13:39:24.063 8 INFO neutron.db.ovn_revision_numbers_db [req-19d92122-0c93-41c3-9356-ee37571d653b req-a392172b-dd5f-4194-928f-09b361bb6147 3b7a7b08cdff45e68029bdff34cdfa64 de573e11994a46f088e77f8e04369729 - - default default] Successfully bumped revision number for resource 16321eb1-c9f6-433f-9781-a7be3618fdb6 (type: ports) to 1 [pid: 8|app: 0|req: 393/794] 199.19.213.212 () {38 vars in 955 bytes} [Mon Jul 6 13:39:23 2026] POST /v2.0/ports => generated 954 bytes in 733 msecs (HTTP/1.1 201) 4 headers in 162 bytes (1 switches on core 0)
2026-07-06 13:39:24.396 7 INFO neutron.services.segments.plugin [-] Segment 2bb80a00-359e-43c9-aee4-e137e3a4bafc resource provider aggregate not found
2026-07-06 13:39:24.412 7 INFO neutron.services.segments.plugin [-] Segment 2bb80a00-359e-43c9-aee4-e137e3a4bafc resource provider aggregate not found
2026-07-06 13:39:24.417 7 INFO neutron.services.segments.plugin [-] Segment 2bb80a00-359e-43c9-aee4-e137e3a4bafc resource provider not found; error: Placement Client Error (4xx): {"errors": [{"status": 404, "title": "Not Found", "detail": "The resource could not be found.\n\n No resource provider with uuid 2bb80a00-359e-43c9-aee4-e137e3a4bafc found for delete ", "request_id": "req-231a1b00-b1ce-4e04-aa75-d65de251cf8b"}]}
2026-07-06 13:39:24.429 7 INFO neutron.services.segments.plugin [-] Segment 2bb80a00-359e-43c9-aee4-e137e3a4bafc resource provider not found; error: Placement Client Error (4xx): {"errors": [{"status": 404, "title": "Not Found", "detail": "The resource could not be found.\n\n No resource provider with uuid 2bb80a00-359e-43c9-aee4-e137e3a4bafc found for delete ", "request_id": "req-d88ba6a5-45ba-43c4-a971-4ea49f33f719"}]} /var/lib/openstack/lib/python3.12/site-packages/pycadf/identifier.py:70: UserWarning: Invalid uuid: neutron. To ensure interoperability, identifiers should be a valid uuid. warnings.warn(('Invalid uuid: %s. To ensure interoperability, '
2026-07-06 13:39:24.824 7 INFO neutron.db.ovn_revision_numbers_db [None req-25692b46-b91c-4726-91e1-fca871f979c5 b27871fe9ad343adbf17a8ab5d52928e 24ec760c9b6541d4a62ab4aadaa67f01 - - default default] Successfully bumped revision number for resource effda392-06bf-4ddf-be37-47f5c42920de (type: security_groups) to 1
2026-07-06 13:39:24.844 7 INFO neutron.db.ovn_revision_numbers_db [None req-25692b46-b91c-4726-91e1-fca871f979c5 b27871fe9ad343adbf17a8ab5d52928e 24ec760c9b6541d4a62ab4aadaa67f01 - - default default] Successfully bumped revision number for resource 0a9d8d28-9085-42a4-8b92-798f4ca7b3ad (type: security_group_rules) to 0
2026-07-06 13:39:24.844 8 INFO neutron.db.ovn_revision_numbers_db [None req-232a18f4-4c3d-4e66-868f-13aac3d5fd33 b27871fe9ad343adbf17a8ab5d52928e 24ec760c9b6541d4a62ab4aadaa67f01 - - default default] Successfully bumped revision number for resource dd3e952c-ce7c-4932-b515-6da9edd8c2d4 (type: security_groups) to 1
2026-07-06 13:39:24.859 7 INFO neutron.db.ovn_revision_numbers_db [None req-25692b46-b91c-4726-91e1-fca871f979c5 b27871fe9ad343adbf17a8ab5d52928e 24ec760c9b6541d4a62ab4aadaa67f01 - - default default] Successfully bumped revision number for resource 8de2a555-b75a-4d97-a0ec-9f12638d23f2 (type: security_group_rules) to 0
2026-07-06 13:39:24.861 8 INFO neutron.db.ovn_revision_numbers_db [None req-232a18f4-4c3d-4e66-868f-13aac3d5fd33 b27871fe9ad343adbf17a8ab5d52928e 24ec760c9b6541d4a62ab4aadaa67f01 - - default default] Successfully bumped revision number for resource 0325ab63-8d93-4b76-b23b-ca3978950573 (type: security_group_rules) to 0
2026-07-06 13:39:24.878 7 INFO neutron.db.ovn_revision_numbers_db [None req-25692b46-b91c-4726-91e1-fca871f979c5 b27871fe9ad343adbf17a8ab5d52928e 24ec760c9b6541d4a62ab4aadaa67f01 - - default default] Successfully bumped revision number for resource e3f5b26f-ae71-4f2d-a1f7-4d40dde57b8e (type: security_group_rules) to 0
2026-07-06 13:39:24.893 8 INFO neutron.db.ovn_revision_numbers_db [None req-232a18f4-4c3d-4e66-868f-13aac3d5fd33 b27871fe9ad343adbf17a8ab5d52928e 24ec760c9b6541d4a62ab4aadaa67f01 - - default default] Successfully bumped revision number for resource 67bcef32-2c18-428f-bf62-c9e461b5e590 (type: security_group_rules) to 0
2026-07-06 13:39:24.904 7 INFO neutron.db.ovn_revision_numbers_db [None req-25692b46-b91c-4726-91e1-fca871f979c5 b27871fe9ad343adbf17a8ab5d52928e 24ec760c9b6541d4a62ab4aadaa67f01 - - default default] Successfully bumped revision number for resource e8e5679d-002b-445a-9117-75a396a2c3cf (type: security_group_rules) to 0
2026-07-06 13:39:24.933 8 INFO neutron.db.ovn_revision_numbers_db [None req-232a18f4-4c3d-4e66-868f-13aac3d5fd33 b27871fe9ad343adbf17a8ab5d52928e 24ec760c9b6541d4a62ab4aadaa67f01 - - default default] Successfully bumped revision number for resource b530c08b-dfa0-4b12-b965-371ccda8ecf0 (type: security_group_rules) to 0 [pid: 7|app: 0|req: 402/795] 10.0.0.210 () {32 vars in 774 bytes} [Mon Jul 6 13:39:24 2026] GET /v2.0/security-groups?tenant_id=b8cfce7e9d464747b24d3a7851cd2830&name=default => generated 2925 bytes in 445 msecs (HTTP/1.1 200) 4 headers in 158 bytes (1 switches on core 0)
2026-07-06 13:39:24.962 8 INFO neutron.db.ovn_revision_numbers_db [None req-232a18f4-4c3d-4e66-868f-13aac3d5fd33 b27871fe9ad343adbf17a8ab5d52928e 24ec760c9b6541d4a62ab4aadaa67f01 - - default default] Successfully bumped revision number for resource be815b50-5cf1-405a-8c5c-3df02ff2594a (type: security_group_rules) to 0
2026-07-06 13:39:25.060 8 INFO neutron.db.segments_db [None req-232a18f4-4c3d-4e66-868f-13aac3d5fd33 b27871fe9ad343adbf17a8ab5d52928e 24ec760c9b6541d4a62ab4aadaa67f01 - - default default] Added segment c963542d-b0d5-4780-87d8-becb162382ba of type geneve for network c2133502-d2aa-462b-ae35-61ea7377b209
2026-07-06 13:39:25.200 8 INFO neutron.db.ovn_revision_numbers_db [None req-232a18f4-4c3d-4e66-868f-13aac3d5fd33 b27871fe9ad343adbf17a8ab5d52928e 24ec760c9b6541d4a62ab4aadaa67f01 - - default default] Successfully bumped revision number for resource c2133502-d2aa-462b-ae35-61ea7377b209 (type: networks) to 1
2026-07-06 13:39:25.412 8 WARNING neutron.scheduler.dhcp_agent_scheduler [None req-232a18f4-4c3d-4e66-868f-13aac3d5fd33 b27871fe9ad343adbf17a8ab5d52928e 24ec760c9b6541d4a62ab4aadaa67f01 - - default default] No more DHCP agents
2026-07-06 13:39:25.413 8 WARNING neutron.api.rpc.agentnotifiers.dhcp_rpc_agent_api [None req-232a18f4-4c3d-4e66-868f-13aac3d5fd33 b27871fe9ad343adbf17a8ab5d52928e 24ec760c9b6541d4a62ab4aadaa67f01 - - default default] Unable to schedule network c2133502-d2aa-462b-ae35-61ea7377b209: no agents available; will retry on subsequent port and subnet creation events.
2026-07-06 13:39:25.480 8 INFO neutron.plugins.ml2.drivers.ovn.mech_driver.mech_driver [None req-9d47ad05-b7d9-467e-a357-3f9966311cd3 - - - - - -] OVN reports status down for port: 0edd5bc2-bca5-4d51-a32f-6240f3d2ee6d
2026-07-06 13:39:25.575 7 INFO neutron.db.ovn_revision_numbers_db [req-19d92122-0c93-41c3-9356-ee37571d653b req-81a89c51-df6c-49f4-ad17-4c04015a99dd 9923e24f432b4d9bbf17803dda3473eb aee2d4507a5644e99f4e81d9da6b24e8 - - 475f91debb764d89a6d5143dce56196d 475f91debb764d89a6d5143dce56196d] Successfully bumped revision number for resource 16321eb1-c9f6-433f-9781-a7be3618fdb6 (type: ports) to 2
2026-07-06 13:39:25.603 8 INFO neutron.db.ovn_revision_numbers_db [None req-232a18f4-4c3d-4e66-868f-13aac3d5fd33 b27871fe9ad343adbf17a8ab5d52928e 24ec760c9b6541d4a62ab4aadaa67f01 - - default default] Successfully bumped revision number for resource 0edd5bc2-bca5-4d51-a32f-6240f3d2ee6d (type: ports) to 1 [pid: 8|app: 0|req: 394/796] 10.0.0.210 () {34 vars in 671 bytes} [Mon Jul 6 13:39:24 2026] POST /v2.0/networks => generated 766 bytes in 1143 msecs (HTTP/1.1 201) 4 headers in 162 bytes (1 switches on core 0) [pid: 8|app: 0|req: 395/797] 10.0.0.183 () {34 vars in 990 bytes} [Mon Jul 6 13:39:25 2026] GET /v2.0/ports?device_id=7e82dbea-8df0-4914-b165-9a96f42e063f => generated 969 bytes in 46 msecs (HTTP/1.1 200) 4 headers in 157 bytes (1 switches on core 0)
2026-07-06 13:39:25.840 7 INFO neutron.db.ovn_revision_numbers_db [req-19d92122-0c93-41c3-9356-ee37571d653b req-81a89c51-df6c-49f4-ad17-4c04015a99dd 9923e24f432b4d9bbf17803dda3473eb aee2d4507a5644e99f4e81d9da6b24e8 - - 475f91debb764d89a6d5143dce56196d 475f91debb764d89a6d5143dce56196d] Successfully bumped revision number for resource 16321eb1-c9f6-433f-9781-a7be3618fdb6 (type: ports) to 4 [pid: 7|app: 0|req: 403/798] 199.19.213.212 () {38 vars in 1028 bytes} [Mon Jul 6 13:39:24 2026] PUT /v2.0/ports/16321eb1-c9f6-433f-9781-a7be3618fdb6 => generated 1204 bytes in 907 msecs (HTTP/1.1 200) 4 headers in 158 bytes (1 switches on core 0) [pid: 8|app: 0|req: 396/799] 10.0.0.210 () {32 vars in 740 bytes} [Mon Jul 6 13:39:25 2026] DELETE /v2.0/security-groups/effda392-06bf-4ddf-be37-47f5c42920de => generated 0 bytes in 294 msecs (HTTP/1.1 204) 2 headers in 112 bytes (1 switches on core 0) /var/lib/openstack/lib/python3.12/site-packages/pycadf/identifier.py:70: UserWarning: Invalid uuid: neutron. To ensure interoperability, identifiers should be a valid uuid. warnings.warn(('Invalid uuid: %s. To ensure interoperability, '
2026-07-06 13:39:26.143 8 WARNING neutron.scheduler.dhcp_agent_scheduler [None req-7cbcdebc-ef1d-4d57-b389-35007a41b46e b27871fe9ad343adbf17a8ab5d52928e 24ec760c9b6541d4a62ab4aadaa67f01 - - default default] No more DHCP agents
2026-07-06 13:39:26.145 8 WARNING neutron.api.rpc.agentnotifiers.dhcp_rpc_agent_api [None req-7cbcdebc-ef1d-4d57-b389-35007a41b46e b27871fe9ad343adbf17a8ab5d52928e 24ec760c9b6541d4a62ab4aadaa67f01 - - default default] Unable to schedule network c2133502-d2aa-462b-ae35-61ea7377b209: no agents available; will retry on subsequent port and subnet creation events.
2026-07-06 13:39:26.214 7 INFO neutron.db.ovn_revision_numbers_db [None req-2c83b450-a824-4cfd-a8b1-b0a124cc7f4b b27871fe9ad343adbf17a8ab5d52928e 24ec760c9b6541d4a62ab4aadaa67f01 - - default default] Successfully bumped revision number for resource 532af9cb-f73e-490c-8d13-1410eca83655 (type: security_groups) to 1
2026-07-06 13:39:26.242 7 INFO neutron.db.ovn_revision_numbers_db [None req-2c83b450-a824-4cfd-a8b1-b0a124cc7f4b b27871fe9ad343adbf17a8ab5d52928e 24ec760c9b6541d4a62ab4aadaa67f01 - - default default] Successfully bumped revision number for resource 29dab7b0-6841-45ed-b976-7d844ba73b99 (type: security_group_rules) to 0
2026-07-06 13:39:26.259 7 INFO neutron.db.ovn_revision_numbers_db [None req-2c83b450-a824-4cfd-a8b1-b0a124cc7f4b b27871fe9ad343adbf17a8ab5d52928e 24ec760c9b6541d4a62ab4aadaa67f01 - - default default] Successfully bumped revision number for resource 3ccf1f54-9d0f-47c7-8654-149b4d3739ce (type: security_group_rules) to 0
2026-07-06 13:39:26.272 7 INFO neutron.db.ovn_revision_numbers_db [None req-2c83b450-a824-4cfd-a8b1-b0a124cc7f4b b27871fe9ad343adbf17a8ab5d52928e 24ec760c9b6541d4a62ab4aadaa67f01 - - default default] Successfully bumped revision number for resource 55567afa-f71c-4296-ab07-54c1f34393be (type: security_group_rules) to 0
2026-07-06 13:39:26.291 7 INFO neutron.db.ovn_revision_numbers_db [None req-2c83b450-a824-4cfd-a8b1-b0a124cc7f4b b27871fe9ad343adbf17a8ab5d52928e 24ec760c9b6541d4a62ab4aadaa67f01 - - default default] Successfully bumped revision number for resource 7777b03e-920f-4dfc-a2ab-a93193ab4d38 (type: security_group_rules) to 0
2026-07-06 13:39:26.391 7 INFO neutron.db.segments_db [None req-2c83b450-a824-4cfd-a8b1-b0a124cc7f4b b27871fe9ad343adbf17a8ab5d52928e 24ec760c9b6541d4a62ab4aadaa67f01 - - default default] Added segment 3c065fab-ef96-4e4c-97e2-2e6b48e82451 of type geneve for network d61028e5-33b6-4aac-9549-bbe1207b6f3d
2026-07-06 13:39:26.500 7 INFO neutron.notifiers.nova [-] Nova event matching ['req-cfd46a23-c18f-4feb-b3c6-aae8386dfca7'] response: {'name': 'network-changed', 'server_uuid': '7e82dbea-8df0-4914-b165-9a96f42e063f', 'tag': '16321eb1-c9f6-433f-9781-a7be3618fdb6', 'status': 'completed', 'code': 200}
2026-07-06 13:39:26.553 7 INFO neutron.db.ovn_revision_numbers_db [None req-2c83b450-a824-4cfd-a8b1-b0a124cc7f4b b27871fe9ad343adbf17a8ab5d52928e 24ec760c9b6541d4a62ab4aadaa67f01 - - default default] Successfully bumped revision number for resource d61028e5-33b6-4aac-9549-bbe1207b6f3d (type: networks) to 1
2026-07-06 13:39:26.631 8 INFO neutron.db.ovn_revision_numbers_db [None req-71e0409b-2d69-4332-8f78-73805fc2e59f - - - - - -] Successfully bumped revision number for resource 0edd5bc2-bca5-4d51-a32f-6240f3d2ee6d (type: ports) to 2
2026-07-06 13:39:26.665 8 INFO neutron.db.ovn_revision_numbers_db [None req-71e0409b-2d69-4332-8f78-73805fc2e59f - - - - - -] Successfully bumped revision number for resource 95385423-0216-4d2b-8fe7-a513ac02c349 (type: subnets) to 0 [pid: 8|app: 0|req: 397/800] 10.0.0.210 () {34 vars in 669 bytes} [Mon Jul 6 13:39:25 2026] POST /v2.0/subnets => generated 691 bytes in 692 msecs (HTTP/1.1 201) 4 headers in 162 bytes (1 switches on core 0) [pid: 8|app: 0|req: 398/801] 10.0.0.183 () {34 vars in 1040 bytes} [Mon Jul 6 13:39:26 2026] GET /v2.0/security-groups?id=bb8737f9-ffc3-41ad-a37f-f89aa344a704&fields=id&fields=name => generated 114 bytes in 40 msecs (HTTP/1.1 200) 4 headers in 157 bytes (1 switches on core 0)
2026-07-06 13:39:26.750 7 WARNING neutron.scheduler.dhcp_agent_scheduler [None req-2c83b450-a824-4cfd-a8b1-b0a124cc7f4b b27871fe9ad343adbf17a8ab5d52928e 24ec760c9b6541d4a62ab4aadaa67f01 - - default default] No more DHCP agents
2026-07-06 13:39:26.752 7 WARNING neutron.api.rpc.agentnotifiers.dhcp_rpc_agent_api [None req-2c83b450-a824-4cfd-a8b1-b0a124cc7f4b b27871fe9ad343adbf17a8ab5d52928e 24ec760c9b6541d4a62ab4aadaa67f01 - - default default] Unable to schedule network d61028e5-33b6-4aac-9549-bbe1207b6f3d: no agents available; will retry on subsequent port and subnet creation events.
2026-07-06 13:39:26.815 7 INFO neutron.plugins.ml2.drivers.ovn.mech_driver.mech_driver [None req-1a03987d-7030-4a16-9471-8b019060a83b - - - - - -] OVN reports status down for port: e6debd3d-c187-4be4-980c-b9a7fc231dff
2026-07-06 13:39:26.870 7 INFO neutron.db.ovn_revision_numbers_db [None req-2c83b450-a824-4cfd-a8b1-b0a124cc7f4b b27871fe9ad343adbf17a8ab5d52928e 24ec760c9b6541d4a62ab4aadaa67f01 - - default default] Successfully bumped revision number for resource e6debd3d-c187-4be4-980c-b9a7fc231dff (type: ports) to 1 [pid: 7|app: 0|req: 404/802] 10.0.0.210 () {34 vars in 671 bytes} [Mon Jul 6 13:39:25 2026] POST /v2.0/networks => generated 759 bytes in 1076 msecs (HTTP/1.1 201) 4 headers in 162 bytes (1 switches on core 0) [pid: 7|app: 0|req: 405/803] 199.19.213.212 () {34 vars in 1080 bytes} [Mon Jul 6 13:39:26 2026] GET /v2.0/ports?tenant_id=de573e11994a46f088e77f8e04369729&device_id=7e82dbea-8df0-4914-b165-9a96f42e063f => generated 1207 bytes in 92 msecs (HTTP/1.1 200) 4 headers in 158 bytes (1 switches on core 0)
2026-07-06 13:39:27.169 7 WARNING neutron.scheduler.dhcp_agent_scheduler [None req-2874ce4e-b56a-418f-9b79-c5ad27885bfc b27871fe9ad343adbf17a8ab5d52928e 24ec760c9b6541d4a62ab4aadaa67f01 - - default default] No more DHCP agents
2026-07-06 13:39:27.171 7 WARNING neutron.api.rpc.agentnotifiers.dhcp_rpc_agent_api [None req-2874ce4e-b56a-418f-9b79-c5ad27885bfc b27871fe9ad343adbf17a8ab5d52928e 24ec760c9b6541d4a62ab4aadaa67f01 - - default default] Unable to schedule network d61028e5-33b6-4aac-9549-bbe1207b6f3d: no agents available; will retry on subsequent port and subnet creation events.
2026-07-06 13:39:27.247 8 WARNING neutron.scheduler.dhcp_agent_scheduler [None req-51f674a3-710c-4ba6-a6f7-7b5ae0662171 b27871fe9ad343adbf17a8ab5d52928e 24ec760c9b6541d4a62ab4aadaa67f01 - - default default] No more DHCP agents
2026-07-06 13:39:27.249 8 WARNING neutron.api.rpc.agentnotifiers.dhcp_rpc_agent_api [None req-51f674a3-710c-4ba6-a6f7-7b5ae0662171 b27871fe9ad343adbf17a8ab5d52928e 24ec760c9b6541d4a62ab4aadaa67f01 - - default default] Unable to schedule network 4eb8fb97-4c52-4680-8a84-fb4832b9f427: no agents available; will retry on subsequent port and subnet creation events.
2026-07-06 13:39:27.361 8 INFO neutron.plugins.ml2.drivers.ovn.mech_driver.mech_driver [None req-9d47ad05-b7d9-467e-a357-3f9966311cd3 - - - - - -] OVN reports status down for port: 98645651-36e5-4f23-818c-9a74dea9873f
2026-07-06 13:39:27.428 8 INFO neutron.db.ovn_revision_numbers_db [None req-51f674a3-710c-4ba6-a6f7-7b5ae0662171 b27871fe9ad343adbf17a8ab5d52928e 24ec760c9b6541d4a62ab4aadaa67f01 - - default default] Successfully bumped revision number for resource 98645651-36e5-4f23-818c-9a74dea9873f (type: ports) to 1
2026-07-06 13:39:27.777 7 INFO neutron.db.ovn_revision_numbers_db [None req-7747ee51-3e54-4ca9-acb9-b782830c7dae - - - - - -] Successfully bumped revision number for resource e6debd3d-c187-4be4-980c-b9a7fc231dff (type: ports) to 2
2026-07-06 13:39:27.824 7 INFO neutron.db.ovn_revision_numbers_db [None req-7747ee51-3e54-4ca9-acb9-b782830c7dae - - - - - -] Successfully bumped revision number for resource 223b6e39-0bc6-454c-8d43-80c50a5871af (type: subnets) to 0 [pid: 7|app: 0|req: 406/804] 10.0.0.210 () {34 vars in 669 bytes} [Mon Jul 6 13:39:27 2026] POST /v2.0/subnets => generated 684 bytes in 808 msecs (HTTP/1.1 201) 4 headers in 162 bytes (1 switches on core 0) [pid: 7|app: 0|req: 407/805] 199.19.213.212 () {34 vars in 1058 bytes} [Mon Jul 6 13:39:27 2026] GET /v2.0/floatingips?fixed_ip_address=10.100.0.6&port_id=16321eb1-c9f6-433f-9781-a7be3618fdb6 => generated 19 bytes in 48 msecs (HTTP/1.1 200) 4 headers in 156 bytes (1 switches on core 0) [pid: 7|app: 0|req: 408/806] 10.0.0.183 () {34 vars in 990 bytes} [Mon Jul 6 13:39:27 2026] GET /v2.0/ports?device_id=7e82dbea-8df0-4914-b165-9a96f42e063f => generated 969 bytes in 140 msecs (HTTP/1.1 200) 4 headers in 157 bytes (1 switches on core 0)
2026-07-06 13:39:28.200 8 INFO neutron.plugins.ml2.drivers.ovn.mech_driver.ovsdb.commands [None req-740b5fe3-4ced-46a1-bde1-a1dc87972444 - - - - - -] Schedule LRP lrp-98645651-36e5-4f23-818c-9a74dea9873f on gateway 11b47c5a-5d25-4c7b-b573-b9179c515a1c with priority 1
2026-07-06 13:39:28.261 8 INFO neutron.plugins.ml2.drivers.ovn.mech_driver.ovsdb.ovsdb_monitor [None req-65d24c3a-5ad7-40fb-b7d3-730acd035971 - - - - - -] Router e9dfc818-eed2-4f7a-ac29-f71bfcbb537e is bound to host instance
2026-07-06 13:39:28.282 8 INFO neutron.plugins.ml2.drivers.ovn.mech_driver.mech_driver [None req-9d47ad05-b7d9-467e-a357-3f9966311cd3 - - - - - -] OVN reports status up for port: 98645651-36e5-4f23-818c-9a74dea9873f
2026-07-06 13:39:28.318 8 INFO neutron.plugins.ml2.plugin [None req-9d47ad05-b7d9-467e-a357-3f9966311cd3 - - - - - -] Attempt 1 to provision port 98645651-36e5-4f23-818c-9a74dea9873f
2026-07-06 13:39:28.392 8 INFO neutron.db.ovn_revision_numbers_db [None req-51f674a3-710c-4ba6-a6f7-7b5ae0662171 b27871fe9ad343adbf17a8ab5d52928e 24ec760c9b6541d4a62ab4aadaa67f01 - - default default] Successfully bumped revision number for resource 98645651-36e5-4f23-818c-9a74dea9873f (type: router_ports) to 1
2026-07-06 13:39:28.539 7 WARNING neutron.scheduler.dhcp_agent_scheduler [None req-f94eb4a2-cbc6-4854-b940-6e723557cbc9 b27871fe9ad343adbf17a8ab5d52928e 24ec760c9b6541d4a62ab4aadaa67f01 - - default default] No more DHCP agents
2026-07-06 13:39:28.541 7 WARNING neutron.api.rpc.agentnotifiers.dhcp_rpc_agent_api [None req-f94eb4a2-cbc6-4854-b940-6e723557cbc9 b27871fe9ad343adbf17a8ab5d52928e 24ec760c9b6541d4a62ab4aadaa67f01 - - default default] Unable to schedule network 4eb8fb97-4c52-4680-8a84-fb4832b9f427: no agents available; will retry on subsequent port and subnet creation events.
2026-07-06 13:39:28.600 8 INFO neutron.db.ovn_revision_numbers_db [None req-51f674a3-710c-4ba6-a6f7-7b5ae0662171 b27871fe9ad343adbf17a8ab5d52928e 24ec760c9b6541d4a62ab4aadaa67f01 - - default default] Successfully bumped revision number for resource e9dfc818-eed2-4f7a-ac29-f71bfcbb537e (type: routers) to 2 [pid: 8|app: 0|req: 399/807] 10.0.0.210 () {34 vars in 669 bytes} [Mon Jul 6 13:39:26 2026] POST /v2.0/routers => generated 969 bytes in 1938 msecs (HTTP/1.1 201) 4 headers in 162 bytes (1 switches on core 0)
2026-07-06 13:39:28.692 7 INFO neutron.db.ovn_revision_numbers_db [None req-f94eb4a2-cbc6-4854-b940-6e723557cbc9 b27871fe9ad343adbf17a8ab5d52928e 24ec760c9b6541d4a62ab4aadaa67f01 - - default default] Successfully bumped revision number for resource d9485e82-0cfe-4c66-85f1-6f8707be25d5 (type: ports) to 1
2026-07-06 13:39:29.168 8 INFO neutron.db.ovn_revision_numbers_db [None req-76263ef7-07e5-446c-9be6-7949addb87e0 48e5082ee87d4816a658e214be5d331b 28dd3459fd4247ce8b5d56f2024e797a - - default default] Successfully bumped revision number for resource c33ec64f-0b2a-4bf8-af13-35fda3c8958f (type: security_groups) to 1
2026-07-06 13:39:29.192 8 INFO neutron.db.ovn_revision_numbers_db [None req-76263ef7-07e5-446c-9be6-7949addb87e0 48e5082ee87d4816a658e214be5d331b 28dd3459fd4247ce8b5d56f2024e797a - - default default] Successfully bumped revision number for resource 0c8bc98d-1064-4dab-a7eb-eaa02f0f9657 (type: security_group_rules) to 0
2026-07-06 13:39:29.227 8 INFO neutron.db.ovn_revision_numbers_db [None req-76263ef7-07e5-446c-9be6-7949addb87e0 48e5082ee87d4816a658e214be5d331b 28dd3459fd4247ce8b5d56f2024e797a - - default default] Successfully bumped revision number for resource 438ee535-e48a-4079-b88f-c9470d8e7b25 (type: security_group_rules) to 0
2026-07-06 13:39:29.252 8 INFO neutron.db.ovn_revision_numbers_db [None req-76263ef7-07e5-446c-9be6-7949addb87e0 48e5082ee87d4816a658e214be5d331b 28dd3459fd4247ce8b5d56f2024e797a - - default default] Successfully bumped revision number for resource 61003a79-24e2-4793-8182-e75fcdd557fd (type: security_group_rules) to 0
2026-07-06 13:39:29.281 8 INFO neutron.db.ovn_revision_numbers_db [None req-76263ef7-07e5-446c-9be6-7949addb87e0 48e5082ee87d4816a658e214be5d331b 28dd3459fd4247ce8b5d56f2024e797a - - default default] Successfully bumped revision number for resource c3c0df47-5c12-4dba-9928-b88588e8715d (type: security_group_rules) to 0
2026-07-06 13:39:29.424 7 INFO neutron.plugins.ml2.drivers.ovn.mech_driver.ovsdb.commands [None req-8bba881e-4248-4e66-a150-f2f9237d171a - - - - - -] Schedule LRP lrp-d9485e82-0cfe-4c66-85f1-6f8707be25d5 on gateway 11b47c5a-5d25-4c7b-b573-b9179c515a1c with priority 1
2026-07-06 13:39:29.459 8 INFO neutron.db.segments_db [None req-76263ef7-07e5-446c-9be6-7949addb87e0 48e5082ee87d4816a658e214be5d331b 28dd3459fd4247ce8b5d56f2024e797a - - default default] Added segment cb85aed3-8c36-43ea-bb3b-d6d95134ec46 of type geneve for network a5103f28-37ee-40e3-bc71-01a00c4fed32
2026-07-06 13:39:29.506 7 INFO neutron.db.ovn_revision_numbers_db [None req-f94eb4a2-cbc6-4854-b940-6e723557cbc9 b27871fe9ad343adbf17a8ab5d52928e 24ec760c9b6541d4a62ab4aadaa67f01 - - default default] Successfully bumped revision number for resource d9485e82-0cfe-4c66-85f1-6f8707be25d5 (type: router_ports) to 1
2026-07-06 13:39:29.579 7 INFO neutron.db.ovn_revision_numbers_db [None req-f94eb4a2-cbc6-4854-b940-6e723557cbc9 b27871fe9ad343adbf17a8ab5d52928e 24ec760c9b6541d4a62ab4aadaa67f01 - - default default] Successfully bumped revision number for resource 4c889bd7-f761-42f3-927b-2f5765f36b63 (type: routers) to 2 [pid: 7|app: 0|req: 409/808] 10.0.0.210 () {34 vars in 669 bytes} [Mon Jul 6 13:39:28 2026] POST /v2.0/routers => generated 962 bytes in 1569 msecs (HTTP/1.1 201) 4 headers in 162 bytes (1 switches on core 0) [pid: 7|app: 0|req: 410/809] 199.19.213.212 () {34 vars in 984 bytes} [Mon Jul 6 13:39:29 2026] GET /v2.0/subnets?id=114a0a9f-b397-405f-84a3-3e43ccf88825 => generated 701 bytes in 43 msecs (HTTP/1.1 200) 4 headers in 157 bytes (1 switches on core 0) [pid: 7|app: 0|req: 411/810] 10.0.0.183 () {34 vars in 1040 bytes} [Mon Jul 6 13:39:29 2026] GET /v2.0/security-groups?id=bb8737f9-ffc3-41ad-a37f-f89aa344a704&fields=id&fields=name => generated 114 bytes in 44 msecs (HTTP/1.1 200) 4 headers in 157 bytes (1 switches on core 0)
2026-07-06 13:39:29.707 8 INFO neutron.db.segments_db [None req-76263ef7-07e5-446c-9be6-7949addb87e0 48e5082ee87d4816a658e214be5d331b 28dd3459fd4247ce8b5d56f2024e797a - - default default] Added segment dd9927ea-82e2-476f-a263-efdd2f96cd9a of type geneve for network 1b821cc8-d40f-40e1-a681-64a6d0f19a20
2026-07-06 13:39:29.840 8 INFO neutron.db.ovn_revision_numbers_db [None req-9515741d-6b84-4474-817c-53eae703913c - - - - - -] Successfully bumped revision number for resource 98645651-36e5-4f23-818c-9a74dea9873f (type: ports) to 4
2026-07-06 13:39:29.939 8 INFO neutron.db.ovn_revision_numbers_db [None req-76263ef7-07e5-446c-9be6-7949addb87e0 48e5082ee87d4816a658e214be5d331b 28dd3459fd4247ce8b5d56f2024e797a - - default default] Successfully bumped revision number for resource a5103f28-37ee-40e3-bc71-01a00c4fed32 (type: networks) to 1
2026-07-06 13:39:30.218 7 WARNING neutron.scheduler.dhcp_agent_scheduler [None req-b5468d3c-a036-404a-a0fd-e41b2ff9fc5f b27871fe9ad343adbf17a8ab5d52928e 24ec760c9b6541d4a62ab4aadaa67f01 - - default default] No more DHCP agents
2026-07-06 13:39:30.220 7 WARNING neutron.api.rpc.agentnotifiers.dhcp_rpc_agent_api [None req-b5468d3c-a036-404a-a0fd-e41b2ff9fc5f b27871fe9ad343adbf17a8ab5d52928e 24ec760c9b6541d4a62ab4aadaa67f01 - - default default] Unable to schedule network c2133502-d2aa-462b-ae35-61ea7377b209: no agents available; will retry on subsequent port and subnet creation events.
2026-07-06 13:39:30.358 7 INFO neutron.db.ovn_revision_numbers_db [None req-b5468d3c-a036-404a-a0fd-e41b2ff9fc5f b27871fe9ad343adbf17a8ab5d52928e 24ec760c9b6541d4a62ab4aadaa67f01 - - default default] Successfully bumped revision number for resource 9a79d64e-88a9-4293-8fad-c7712af48f60 (type: ports) to 1
2026-07-06 13:39:30.792 8 WARNING neutron.scheduler.dhcp_agent_scheduler [None req-76263ef7-07e5-446c-9be6-7949addb87e0 48e5082ee87d4816a658e214be5d331b 28dd3459fd4247ce8b5d56f2024e797a - - default default] No more DHCP agents
2026-07-06 13:39:30.801 8 WARNING neutron.api.rpc.agentnotifiers.dhcp_rpc_agent_api [None req-76263ef7-07e5-446c-9be6-7949addb87e0 48e5082ee87d4816a658e214be5d331b 28dd3459fd4247ce8b5d56f2024e797a - - default default] Unable to schedule network a5103f28-37ee-40e3-bc71-01a00c4fed32: no agents available; will retry on subsequent port and subnet creation events.
2026-07-06 13:39:30.905 7 INFO neutron.plugins.ml2.drivers.ovn.mech_driver.mech_driver [None req-1a03987d-7030-4a16-9471-8b019060a83b - - - - - -] OVN reports status down for port: f351a537-ae7c-44ff-803d-37bd51307a4f
2026-07-06 13:39:31.030 8 INFO neutron.db.ovn_revision_numbers_db [None req-76263ef7-07e5-446c-9be6-7949addb87e0 48e5082ee87d4816a658e214be5d331b 28dd3459fd4247ce8b5d56f2024e797a - - default default] Successfully bumped revision number for resource f351a537-ae7c-44ff-803d-37bd51307a4f (type: ports) to 1
2026-07-06 13:39:31.046 8 INFO neutron.plugins.ml2.drivers.ovn.mech_driver.mech_driver [None req-9d47ad05-b7d9-467e-a357-3f9966311cd3 - - - - - -] OVN reports status down for port: d9485e82-0cfe-4c66-85f1-6f8707be25d5
2026-07-06 13:39:31.124 8 INFO neutron.db.ovn_revision_numbers_db [None req-9515741d-6b84-4474-817c-53eae703913c - - - - - -] Successfully bumped revision number for resource 98645651-36e5-4f23-818c-9a74dea9873f (type: ports) to 5
2026-07-06 13:39:31.208 7 WARNING neutron.scheduler.dhcp_agent_scheduler [None req-b5468d3c-a036-404a-a0fd-e41b2ff9fc5f b27871fe9ad343adbf17a8ab5d52928e 24ec760c9b6541d4a62ab4aadaa67f01 - - default default] No more DHCP agents
2026-07-06 13:39:31.210 7 WARNING neutron.api.rpc.agentnotifiers.dhcp_rpc_agent_api [None req-b5468d3c-a036-404a-a0fd-e41b2ff9fc5f b27871fe9ad343adbf17a8ab5d52928e 24ec760c9b6541d4a62ab4aadaa67f01 - - default default] Unable to schedule network c2133502-d2aa-462b-ae35-61ea7377b209: no agents available; will retry on subsequent port and subnet creation events.
2026-07-06 13:39:31.241 8 WARNING neutron.plugins.ml2.drivers.ovn.mech_driver.ovsdb.ovn_client [None req-9d47ad05-b7d9-467e-a357-3f9966311cd3 - - - - - -] Logical_Switch_Port %s host information not removed, the port state is up
2026-07-06 13:39:31.242 8 INFO neutron.plugins.ml2.drivers.ovn.mech_driver.mech_driver [None req-9d47ad05-b7d9-467e-a357-3f9966311cd3 - - - - - -] OVN reports status up for port: d9485e82-0cfe-4c66-85f1-6f8707be25d5
2026-07-06 13:39:31.281 8 INFO neutron.plugins.ml2.plugin [None req-9d47ad05-b7d9-467e-a357-3f9966311cd3 - - - - - -] Attempt 1 to provision port d9485e82-0cfe-4c66-85f1-6f8707be25d5
2026-07-06 13:39:31.325 8 INFO neutron.db.ovn_revision_numbers_db [None req-76263ef7-07e5-446c-9be6-7949addb87e0 48e5082ee87d4816a658e214be5d331b 28dd3459fd4247ce8b5d56f2024e797a - - default default] Successfully bumped revision number for resource 1b821cc8-d40f-40e1-a681-64a6d0f19a20 (type: networks) to 1
2026-07-06 13:39:31.339 8 INFO neutron.plugins.ml2.drivers.ovn.mech_driver.ovsdb.ovsdb_monitor [None req-9515741d-6b84-4474-817c-53eae703913c - - - - - -] Router 4c889bd7-f761-42f3-927b-2f5765f36b63 is bound to host instance
2026-07-06 13:39:31.688 7 INFO neutron.db.ovn_revision_numbers_db [None req-b5468d3c-a036-404a-a0fd-e41b2ff9fc5f b27871fe9ad343adbf17a8ab5d52928e 24ec760c9b6541d4a62ab4aadaa67f01 - - default default] Successfully bumped revision number for resource 9a79d64e-88a9-4293-8fad-c7712af48f60 (type: router_ports) to 1 [pid: 7|app: 0|req: 412/811] 10.0.0.210 () {34 vars in 783 bytes} [Mon Jul 6 13:39:29 2026] PUT /v2.0/routers/e9dfc818-eed2-4f7a-ac29-f71bfcbb537e/add_router_interface => generated 309 bytes in 2005 msecs (HTTP/1.1 200) 4 headers in 157 bytes (1 switches on core 0)
2026-07-06 13:39:31.755 8 WARNING neutron.scheduler.dhcp_agent_scheduler [None req-76263ef7-07e5-446c-9be6-7949addb87e0 48e5082ee87d4816a658e214be5d331b 28dd3459fd4247ce8b5d56f2024e797a - - default default] No more DHCP agents
2026-07-06 13:39:31.776 8 WARNING neutron.api.rpc.agentnotifiers.dhcp_rpc_agent_api [None req-76263ef7-07e5-446c-9be6-7949addb87e0 48e5082ee87d4816a658e214be5d331b 28dd3459fd4247ce8b5d56f2024e797a - - default default] Unable to schedule network 1b821cc8-d40f-40e1-a681-64a6d0f19a20: no agents available; will retry on subsequent port and subnet creation events.
2026-07-06 13:39:32.028 8 INFO neutron.db.ovn_revision_numbers_db [None req-76263ef7-07e5-446c-9be6-7949addb87e0 48e5082ee87d4816a658e214be5d331b 28dd3459fd4247ce8b5d56f2024e797a - - default default] Successfully bumped revision number for resource d93af996-db61-43de-8a30-58c157ef9f65 (type: ports) to 1 [pid: 8|app: 0|req: 400/812] 10.0.0.210 () {34 vars in 670 bytes} [Mon Jul 6 13:39:28 2026] POST /v2.0/networks => generated 1283 bytes in 3402 msecs (HTTP/1.1 201) 4 headers in 163 bytes (1 switches on core 0) [pid: 8|app: 0|req: 401/813] 199.19.213.212 () {34 vars in 1052 bytes} [Mon Jul 6 13:39:32 2026] GET /v2.0/ports?network_id=9c90a2ac-7022-407c-b25b-5a36d44f469f&device_owner=network%3Adhcp => generated 12 bytes in 79 msecs (HTTP/1.1 200) 4 headers in 156 bytes (1 switches on core 0)
2026-07-06 13:39:32.213 7 WARNING neutron.scheduler.dhcp_agent_scheduler [None req-e393b3c2-f463-4f75-80d9-80b51e0e4464 b27871fe9ad343adbf17a8ab5d52928e 24ec760c9b6541d4a62ab4aadaa67f01 - - default default] No more DHCP agents
2026-07-06 13:39:32.214 7 WARNING neutron.api.rpc.agentnotifiers.dhcp_rpc_agent_api [None req-e393b3c2-f463-4f75-80d9-80b51e0e4464 b27871fe9ad343adbf17a8ab5d52928e 24ec760c9b6541d4a62ab4aadaa67f01 - - default default] Unable to schedule network d61028e5-33b6-4aac-9549-bbe1207b6f3d: no agents available; will retry on subsequent port and subnet creation events. [pid: 8|app: 0|req: 402/814] 10.0.0.183 () {34 vars in 990 bytes} [Mon Jul 6 13:39:32 2026] GET /v2.0/ports?device_id=7e82dbea-8df0-4914-b165-9a96f42e063f => generated 969 bytes in 155 msecs (HTTP/1.1 200) 4 headers in 157 bytes (1 switches on core 0)
2026-07-06 13:39:32.383 7 INFO neutron.db.ovn_revision_numbers_db [None req-e393b3c2-f463-4f75-80d9-80b51e0e4464 b27871fe9ad343adbf17a8ab5d52928e 24ec760c9b6541d4a62ab4aadaa67f01 - - default default] Successfully bumped revision number for resource c701f3e0-b624-42b4-82b1-03c8efcb564f (type: ports) to 1 [pid: 8|app: 0|req: 405/817] 10.0.0.210 () {32 vars in 649 bytes} [Mon Jul 6 13:39:32 2026] GET /v2.0/networks => generated 1970 bytes in 123 msecs (HTTP/1.1 200) 4 headers in 158 bytes (1 switches on core 0) [pid: 8|app: 0|req: 406/818] 199.19.213.212 () {34 vars in 1012 bytes} [Mon Jul 6 13:39:32 2026] GET /v2.0/networks/9c90a2ac-7022-407c-b25b-5a36d44f469f?fields=segments => generated 14 bytes in 77 msecs (HTTP/1.1 200) 4 headers in 156 bytes (1 switches on core 0)
2026-07-06 13:39:32.775 8 INFO neutron.db.ovn_revision_numbers_db [None req-e17fb9ad-88d9-4269-b966-d718585abc3e dad880cb76a5440aacaf55d6a4fa0f16 22454efadc5f4df2b9a3df78510bd983 - - default default] Successfully bumped revision number for resource 1e16d994-3c24-4376-a8b4-123c857e4624 (type: security_groups) to 1
2026-07-06 13:39:32.800 8 INFO neutron.db.ovn_revision_numbers_db [None req-e17fb9ad-88d9-4269-b966-d718585abc3e dad880cb76a5440aacaf55d6a4fa0f16 22454efadc5f4df2b9a3df78510bd983 - - default default] Successfully bumped revision number for resource 268a1c0f-a17e-4b5c-b186-e98b79af5594 (type: security_group_rules) to 0
2026-07-06 13:39:32.827 8 INFO neutron.db.ovn_revision_numbers_db [None req-e17fb9ad-88d9-4269-b966-d718585abc3e dad880cb76a5440aacaf55d6a4fa0f16 22454efadc5f4df2b9a3df78510bd983 - - default default] Successfully bumped revision number for resource c1cec19a-35dd-48f6-91d4-ad554615d879 (type: security_group_rules) to 0 [pid: 8|app: 0|req: 407/819] 10.0.0.210 () {34 vars in 685 bytes} [Mon Jul 6 13:39:32 2026] POST /v2.0/security-groups => generated 1660 bytes in 390 msecs (HTTP/1.1 201) 4 headers in 163 bytes (1 switches on core 0) [pid: 8|app: 0|req: 408/820] 10.0.0.183 () {34 vars in 1040 bytes} [Mon Jul 6 13:39:32 2026] GET /v2.0/security-groups?id=bb8737f9-ffc3-41ad-a37f-f89aa344a704&fields=id&fields=name => generated 114 bytes in 71 msecs (HTTP/1.1 200) 4 headers in 157 bytes (1 switches on core 0)
2026-07-06 13:39:33.128 8 INFO neutron.db.ovn_revision_numbers_db [None req-772cab65-3305-45e1-a0b2-de081db5bed9 - - - - - -] Successfully bumped revision number for resource d9485e82-0cfe-4c66-85f1-6f8707be25d5 (type: ports) to 4
2026-07-06 13:39:33.180 7 WARNING neutron.scheduler.dhcp_agent_scheduler [None req-e393b3c2-f463-4f75-80d9-80b51e0e4464 b27871fe9ad343adbf17a8ab5d52928e 24ec760c9b6541d4a62ab4aadaa67f01 - - default default] No more DHCP agents
2026-07-06 13:39:33.182 7 WARNING neutron.api.rpc.agentnotifiers.dhcp_rpc_agent_api [None req-e393b3c2-f463-4f75-80d9-80b51e0e4464 b27871fe9ad343adbf17a8ab5d52928e 24ec760c9b6541d4a62ab4aadaa67f01 - - default default] Unable to schedule network d61028e5-33b6-4aac-9549-bbe1207b6f3d: no agents available; will retry on subsequent port and subnet creation events.
2026-07-06 13:39:33.267 8 INFO neutron_taas.services.taas.taas_plugin [None req-4f11d1b3-59a7-4837-8ed0-749d1ccdb14f 48e5082ee87d4816a658e214be5d331b 28dd3459fd4247ce8b5d56f2024e797a - - default default] TaaS: Handle Delete Port: f351a537-ae7c-44ff-803d-37bd51307a4f
2026-07-06 13:39:33.274 8 INFO neutron_taas.services.taas.tap_mirror_plugin [None req-4f11d1b3-59a7-4837-8ed0-749d1ccdb14f 48e5082ee87d4816a658e214be5d331b 28dd3459fd4247ce8b5d56f2024e797a - - default default] Tap Mirror: Handle Delete Port: f351a537-ae7c-44ff-803d-37bd51307a4f
2026-07-06 13:39:33.732 8 INFO neutron.db.ovn_revision_numbers_db [None req-772cab65-3305-45e1-a0b2-de081db5bed9 - - - - - -] Successfully bumped revision number for resource d9485e82-0cfe-4c66-85f1-6f8707be25d5 (type: ports) to 5
2026-07-06 13:39:33.742 7 INFO neutron.db.ovn_revision_numbers_db [None req-e393b3c2-f463-4f75-80d9-80b51e0e4464 b27871fe9ad343adbf17a8ab5d52928e 24ec760c9b6541d4a62ab4aadaa67f01 - - default default] Successfully bumped revision number for resource c701f3e0-b624-42b4-82b1-03c8efcb564f (type: router_ports) to 1 [pid: 7|app: 0|req: 413/821] 10.0.0.210 () {34 vars in 783 bytes} [Mon Jul 6 13:39:31 2026] PUT /v2.0/routers/4c889bd7-f761-42f3-927b-2f5765f36b63/add_router_interface => generated 309 bytes in 2054 msecs (HTTP/1.1 200) 4 headers in 157 bytes (1 switches on core 0) [pid: 7|app: 0|req: 414/822] 199.19.213.212 () {34 vars in 1112 bytes} [Mon Jul 6 13:39:33 2026] GET /v2.0/networks/9c90a2ac-7022-407c-b25b-5a36d44f469f?fields=provider%3Aphysical_network&fields=provider%3Anetwork_type => generated 79 bytes in 50 msecs (HTTP/1.1 200) 4 headers in 156 bytes (1 switches on core 0)
2026-07-06 13:39:33.961 7 INFO neutron.db.ovn_revision_numbers_db [None req-11f09b82-33b8-4005-81cc-acf3beaca43f dad880cb76a5440aacaf55d6a4fa0f16 22454efadc5f4df2b9a3df78510bd983 - - default default] Successfully bumped revision number for resource 694fcfae-c15a-4572-8df7-1b0d7c772e51 (type: security_group_rules) to 0 [pid: 7|app: 0|req: 415/823] 10.0.0.210 () {34 vars in 695 bytes} [Mon Jul 6 13:39:33 2026] POST /v2.0/security-group-rules => generated 597 bytes in 224 msecs (HTTP/1.1 201) 4 headers in 162 bytes (1 switches on core 0) [pid: 8|app: 0|req: 409/824] 10.0.0.210 () {32 vars in 726 bytes} [Mon Jul 6 13:39:32 2026] DELETE /v2.0/networks/a5103f28-37ee-40e3-bc71-01a00c4fed32 => generated 0 bytes in 1130 msecs (HTTP/1.1 204) 3 headers in 131 bytes (1 switches on core 0) [pid: 8|app: 0|req: 410/825] 10.0.0.183 () {34 vars in 990 bytes} [Mon Jul 6 13:39:34 2026] GET /v2.0/ports?device_id=7e82dbea-8df0-4914-b165-9a96f42e063f => generated 969 bytes in 61 msecs (HTTP/1.1 200) 4 headers in 157 bytes (1 switches on core 0)
2026-07-06 13:39:34.237 7 INFO neutron.db.ovn_revision_numbers_db [None req-fe220736-acb8-4cdb-ba8d-415b0210439c dad880cb76a5440aacaf55d6a4fa0f16 22454efadc5f4df2b9a3df78510bd983 - - default default] Successfully bumped revision number for resource b00f21e4-f956-4939-8744-14048881062c (type: security_group_rules) to 0
2026-07-06 13:39:34.244 8 INFO neutron.plugins.ml2.drivers.ovn.mech_driver.mech_driver [None req-9d47ad05-b7d9-467e-a357-3f9966311cd3 - - - - - -] OVN reports status down for port: 9a79d64e-88a9-4293-8fad-c7712af48f60 [pid: 7|app: 0|req: 416/826] 10.0.0.210 () {34 vars in 695 bytes} [Mon Jul 6 13:39:34 2026] POST /v2.0/security-group-rules => generated 602 bytes in 249 msecs (HTTP/1.1 201) 4 headers in 162 bytes (1 switches on core 0) [pid: 7|app: 0|req: 417/827] 10.0.0.183 () {34 vars in 1040 bytes} [Mon Jul 6 13:39:34 2026] GET /v2.0/security-groups?id=bb8737f9-ffc3-41ad-a37f-f89aa344a704&fields=id&fields=name => generated 114 bytes in 40 msecs (HTTP/1.1 200) 4 headers in 157 bytes (1 switches on core 0)
2026-07-06 13:39:34.402 8 WARNING neutron.plugins.ml2.drivers.ovn.mech_driver.ovsdb.ovn_client [None req-9d47ad05-b7d9-467e-a357-3f9966311cd3 - - - - - -] Logical_Switch_Port %s host information not removed, the port state is up
2026-07-06 13:39:34.403 8 INFO neutron.plugins.ml2.drivers.ovn.mech_driver.mech_driver [None req-9d47ad05-b7d9-467e-a357-3f9966311cd3 - - - - - -] OVN reports status up for port: 9a79d64e-88a9-4293-8fad-c7712af48f60
2026-07-06 13:39:34.416 8 INFO neutron_taas.services.taas.taas_plugin [None req-ed0ca55c-38c7-4107-bbf0-5c3e223d1649 48e5082ee87d4816a658e214be5d331b 28dd3459fd4247ce8b5d56f2024e797a - - default default] TaaS: Handle Delete Port: d93af996-db61-43de-8a30-58c157ef9f65
2026-07-06 13:39:34.419 8 INFO neutron.services.segments.plugin [-] Segment cb85aed3-8c36-43ea-bb3b-d6d95134ec46 resource provider aggregate not found
2026-07-06 13:39:34.432 8 INFO neutron.services.segments.plugin [-] Segment cb85aed3-8c36-43ea-bb3b-d6d95134ec46 resource provider aggregate not found
2026-07-06 13:39:34.436 8 INFO neutron_taas.services.taas.tap_mirror_plugin [None req-ed0ca55c-38c7-4107-bbf0-5c3e223d1649 48e5082ee87d4816a658e214be5d331b 28dd3459fd4247ce8b5d56f2024e797a - - default default] Tap Mirror: Handle Delete Port: d93af996-db61-43de-8a30-58c157ef9f65
2026-07-06 13:39:34.445 8 INFO neutron.plugins.ml2.plugin [None req-9d47ad05-b7d9-467e-a357-3f9966311cd3 - - - - - -] Attempt 1 to provision port 9a79d64e-88a9-4293-8fad-c7712af48f60
2026-07-06 13:39:34.448 8 INFO neutron.services.segments.plugin [-] Segment cb85aed3-8c36-43ea-bb3b-d6d95134ec46 resource provider not found; error: Placement Client Error (4xx): {"errors": [{"status": 404, "title": "Not Found", "detail": "The resource could not be found.\n\n No resource provider with uuid cb85aed3-8c36-43ea-bb3b-d6d95134ec46 found for delete ", "request_id": "req-078921dd-1912-41a8-847e-92d47be3fa74"}]}
2026-07-06 13:39:34.457 8 INFO neutron.services.segments.plugin [-] Segment cb85aed3-8c36-43ea-bb3b-d6d95134ec46 resource provider not found; error: Placement Client Error (4xx): {"errors": [{"status": 404, "title": "Not Found", "detail": "The resource could not be found.\n\n No resource provider with uuid cb85aed3-8c36-43ea-bb3b-d6d95134ec46 found for delete ", "request_id": "req-d8994c6c-c826-4911-b23e-069e1ff92f20"}]}
2026-07-06 13:39:34.558 7 WARNING neutron.scheduler.dhcp_agent_scheduler [None req-e6c3d218-91b9-4e35-8f0e-278e26acfa9e dad880cb76a5440aacaf55d6a4fa0f16 22454efadc5f4df2b9a3df78510bd983 - - default default] No more DHCP agents
