2026-07-08 11:04:12.323 8 INFO neutron.db.ovn_revision_numbers_db [None req-c0009dce-5fd6-4884-b536-5642f807ec64 6512e06db4a64151988af36c80ea3c70 9b1ae87759444b67b59dca46633b1d99 - - default default] Successfully bumped revision number for resource 4b55cc1e-a259-4ea3-8371-648d63f5a95d (type: subnets) to 0 [pid: 8|app: 0|req: 558/1115] 10.0.0.161 () {34 vars in 668 bytes} [Wed Jul 8 11:04:11 2026] POST /v2.0/subnets => generated 1323 bytes in 476 msecs (HTTP/1.1 201) 4 headers in 163 bytes (1 switches on core 0) [pid: 8|app: 0|req: 559/1116] 10.0.0.161 () {32 vars in 646 bytes} [Wed Jul 8 11:04:12 2026] GET /v2.0/subnets => generated 1959 bytes in 52 msecs (HTTP/1.1 200) 4 headers in 158 bytes (1 switches on core 0) /var/lib/openstack/lib/python3.12/site-packages/pycadf/identifier.py:70: UserWarning: Invalid uuid: neutron. To ensure interoperability, identifiers should be a valid uuid. warnings.warn(('Invalid uuid: %s. To ensure interoperability, ' [pid: 8|app: 0|req: 560/1117] 10.0.0.161 () {32 vars in 723 bytes} [Wed Jul 8 11:04:12 2026] DELETE /v2.0/subnets/a050613d-316e-4e01-9d5e-9f363008b7d3 => generated 0 bytes in 132 msecs (HTTP/1.1 204) 3 headers in 131 bytes (1 switches on core 0)
2026-07-08 11:04:12.585 7 INFO neutron.db.ovn_revision_numbers_db [None req-7c3d749c-409e-4fd5-b490-9c123d534bdd 652b8bc6005440d9892947a82585e505 93c8113d526f4ac5a35f09fba83b56e3 - - default default] Successfully bumped revision number for resource a6218d9e-faf6-4085-9386-6e941094119a (type: security_groups) to 1
2026-07-08 11:04:12.602 7 INFO neutron.db.ovn_revision_numbers_db [None req-7c3d749c-409e-4fd5-b490-9c123d534bdd 652b8bc6005440d9892947a82585e505 93c8113d526f4ac5a35f09fba83b56e3 - - default default] Successfully bumped revision number for resource 1d01eefd-5d6f-41f1-a044-49df9b38d578 (type: security_group_rules) to 0
2026-07-08 11:04:12.615 7 INFO neutron.db.ovn_revision_numbers_db [None req-7c3d749c-409e-4fd5-b490-9c123d534bdd 652b8bc6005440d9892947a82585e505 93c8113d526f4ac5a35f09fba83b56e3 - - default default] Successfully bumped revision number for resource 28cb1558-6463-4230-be01-4c4cb7d6b497 (type: security_group_rules) to 0
2026-07-08 11:04:12.640 7 INFO neutron.db.ovn_revision_numbers_db [None req-7c3d749c-409e-4fd5-b490-9c123d534bdd 652b8bc6005440d9892947a82585e505 93c8113d526f4ac5a35f09fba83b56e3 - - default default] Successfully bumped revision number for resource 983aa715-6738-40d4-8ed1-76c44d274f94 (type: security_group_rules) to 0
2026-07-08 11:04:12.655 7 INFO neutron.db.ovn_revision_numbers_db [None req-7c3d749c-409e-4fd5-b490-9c123d534bdd 652b8bc6005440d9892947a82585e505 93c8113d526f4ac5a35f09fba83b56e3 - - default default] Successfully bumped revision number for resource eee28a09-c2a7-44e6-918e-ea03f75b83be (type: security_group_rules) to 0 [pid: 7|app: 0|req: 558/1118] 10.0.0.161 () {32 vars in 773 bytes} [Wed Jul 8 11:04:12 2026] GET /v2.0/security-groups?tenant_id=28eba3785b7e47c582c52b34fa4d499e&name=default => generated 2925 bytes in 596 msecs (HTTP/1.1 200) 4 headers in 158 bytes (1 switches on core 0) [pid: 7|app: 0|req: 559/1119] 10.0.0.124 () {34 vars in 989 bytes} [Wed Jul 8 11:04:12 2026] GET /v2.0/ports?device_id=10e7cdb1-2432-4344-8350-4ce01ca2666b => generated 971 bytes in 66 msecs (HTTP/1.1 200) 4 headers in 157 bytes (1 switches on core 0) [pid: 7|app: 0|req: 560/1120] 10.0.0.161 () {32 vars in 739 bytes} [Wed Jul 8 11:04:12 2026] DELETE /v2.0/security-groups/a6218d9e-faf6-4085-9386-6e941094119a => generated 0 bytes in 274 msecs (HTTP/1.1 204) 2 headers in 112 bytes (1 switches on core 0) [pid: 7|app: 0|req: 561/1121] 10.0.0.124 () {34 vars in 1039 bytes} [Wed Jul 8 11:04:13 2026] GET /v2.0/security-groups?id=664863a9-5d38-48fc-b368-43456871dec7&fields=id&fields=name => generated 113 bytes in 29 msecs (HTTP/1.1 200) 4 headers in 157 bytes (1 switches on core 0) [pid: 8|app: 0|req: 561/1122] 10.0.0.161 () {32 vars in 723 bytes} [Wed Jul 8 11:04:12 2026] DELETE /v2.0/subnets/4b55cc1e-a259-4ea3-8371-648d63f5a95d => generated 0 bytes in 561 msecs (HTTP/1.1 204) 3 headers in 131 bytes (1 switches on core 0) [pid: 7|app: 0|req: 562/1123] 10.0.0.161 () {32 vars in 646 bytes} [Wed Jul 8 11:04:13 2026] GET /v2.0/subnets => generated 649 bytes in 35 msecs (HTTP/1.1 200) 4 headers in 157 bytes (1 switches on core 0)
2026-07-08 11:04:13.276 8 INFO neutron_taas.services.taas.taas_plugin [None req-74cfb28a-5eda-4d84-b082-2d8664a60f17 6512e06db4a64151988af36c80ea3c70 9b1ae87759444b67b59dca46633b1d99 - - default default] TaaS: Handle Delete Port: 0947290b-754f-4a88-b456-0dd237d1f6f9
2026-07-08 11:04:13.279 8 INFO neutron_taas.services.taas.tap_mirror_plugin [None req-74cfb28a-5eda-4d84-b082-2d8664a60f17 6512e06db4a64151988af36c80ea3c70 9b1ae87759444b67b59dca46633b1d99 - - default default] Tap Mirror: Handle Delete Port: 0947290b-754f-4a88-b456-0dd237d1f6f9
2026-07-08 11:04:13.294 7 INFO neutron.db.ovn_revision_numbers_db [None req-583f5c51-e14e-45b0-831e-26565a5f217c 652b8bc6005440d9892947a82585e505 93c8113d526f4ac5a35f09fba83b56e3 - - default default] Successfully bumped revision number for resource 060293b1-2197-4e3d-b4e3-99a25cea1621 (type: security_groups) to 1
2026-07-08 11:04:13.307 7 INFO neutron.db.ovn_revision_numbers_db [None req-583f5c51-e14e-45b0-831e-26565a5f217c 652b8bc6005440d9892947a82585e505 93c8113d526f4ac5a35f09fba83b56e3 - - default default] Successfully bumped revision number for resource 0e9535e4-6df8-4342-b0ec-3dca3d58162f (type: security_group_rules) to 0
2026-07-08 11:04:13.328 7 INFO neutron.db.ovn_revision_numbers_db [None req-583f5c51-e14e-45b0-831e-26565a5f217c 652b8bc6005440d9892947a82585e505 93c8113d526f4ac5a35f09fba83b56e3 - - default default] Successfully bumped revision number for resource 9896db92-d4b6-4f15-8689-7c1d57ebef5c (type: security_group_rules) to 0
2026-07-08 11:04:13.346 7 INFO neutron.db.ovn_revision_numbers_db [None req-583f5c51-e14e-45b0-831e-26565a5f217c 652b8bc6005440d9892947a82585e505 93c8113d526f4ac5a35f09fba83b56e3 - - default default] Successfully bumped revision number for resource d20c4be2-27ca-46c0-8e24-d3a73903a3ad (type: security_group_rules) to 0
2026-07-08 11:04:13.362 7 INFO neutron.db.ovn_revision_numbers_db [None req-583f5c51-e14e-45b0-831e-26565a5f217c 652b8bc6005440d9892947a82585e505 93c8113d526f4ac5a35f09fba83b56e3 - - default default] Successfully bumped revision number for resource d6607e45-70ee-4bc8-a87a-1487489caf20 (type: security_group_rules) to 0 [pid: 7|app: 0|req: 563/1124] 10.0.0.161 () {32 vars in 773 bytes} [Wed Jul 8 11:04:13 2026] GET /v2.0/security-groups?tenant_id=f8e2f8cfc8e44d5fb9b7cbcd0680c78c&name=default => generated 2925 bytes in 261 msecs (HTTP/1.1 200) 4 headers in 158 bytes (1 switches on core 0)
2026-07-08 11:04:13.480 8 INFO neutron.services.segments.plugin [-] Segment 38ce37c2-34bb-4f88-8177-3d32f62497e8 resource provider aggregate not found
2026-07-08 11:04:13.489 8 INFO neutron.services.segments.plugin [-] Segment 38ce37c2-34bb-4f88-8177-3d32f62497e8 resource provider aggregate not found
2026-07-08 11:04:13.502 8 INFO neutron.services.segments.plugin [-] Client error retrieving segment 38ce37c2-34bb-4f88-8177-3d32f62497e8 resource provider; error: Placement Client Error (4xx): {"errors": [{"status": 404, "title": "Not Found", "detail": "The resource could not be found.\n\n No resource provider with uuid 38ce37c2-34bb-4f88-8177-3d32f62497e8 found for delete ", "request_id": "req-388feea7-0cd5-435d-a2fa-3cd6b17a8d0d"}]}
2026-07-08 11:04:13.512 8 INFO neutron.services.segments.plugin [-] Client error retrieving segment 38ce37c2-34bb-4f88-8177-3d32f62497e8 resource provider; error: Placement Client Error (4xx): {"errors": [{"status": 404, "title": "Not Found", "detail": "The resource could not be found.\n\n No resource provider with uuid 38ce37c2-34bb-4f88-8177-3d32f62497e8 found for delete ", "request_id": "req-fb70f023-ce6e-45b8-b57d-a981b1fdbecc"}]} [pid: 8|app: 0|req: 562/1125] 10.0.0.161 () {32 vars in 725 bytes} [Wed Jul 8 11:04:13 2026] DELETE /v2.0/networks/9c1368c6-fd54-421e-9264-9e40404ad391 => generated 0 bytes in 381 msecs (HTTP/1.1 204) 3 headers in 131 bytes (1 switches on core 0)
2026-07-08 11:04:13.665 8 INFO neutron_taas.services.taas.taas_plugin [None req-0c6674eb-040f-44fc-99af-738297fbc3be 6512e06db4a64151988af36c80ea3c70 9b1ae87759444b67b59dca46633b1d99 - - default default] TaaS: Handle Delete Port: eae43d58-3ed7-4823-905c-a343e1a8eea4
2026-07-08 11:04:13.668 8 INFO neutron_taas.services.taas.tap_mirror_plugin [None req-0c6674eb-040f-44fc-99af-738297fbc3be 6512e06db4a64151988af36c80ea3c70 9b1ae87759444b67b59dca46633b1d99 - - default default] Tap Mirror: Handle Delete Port: eae43d58-3ed7-4823-905c-a343e1a8eea4 [pid: 7|app: 0|req: 564/1126] 10.0.0.161 () {32 vars in 739 bytes} [Wed Jul 8 11:04:13 2026] DELETE /v2.0/security-groups/060293b1-2197-4e3d-b4e3-99a25cea1621 => generated 0 bytes in 243 msecs (HTTP/1.1 204) 2 headers in 112 bytes (1 switches on core 0) [pid: 8|app: 0|req: 563/1127] 10.0.0.161 () {32 vars in 725 bytes} [Wed Jul 8 11:04:13 2026] DELETE /v2.0/networks/a3333b92-3401-4b73-9e25-ba3be06e4dd0 => generated 0 bytes in 323 msecs (HTTP/1.1 204) 3 headers in 131 bytes (1 switches on core 0)
2026-07-08 11:04:13.932 7 INFO neutron.notifiers.nova [-] Nova event matching ['req-8cd3ce19-e730-48f3-8d99-1ba281dac5dd'] response: {'server_uuid': '10e7cdb1-2432-4344-8350-4ce01ca2666b', 'name': 'network-vif-plugged', 'status': 'completed', 'tag': '0150250d-663c-41d5-aeee-c639a80b87cf', 'code': 200}
2026-07-08 11:04:13.990 7 INFO neutron_taas.services.taas.taas_plugin [None req-84d89b09-ceb3-4711-991c-134e120be2c8 6512e06db4a64151988af36c80ea3c70 9b1ae87759444b67b59dca46633b1d99 - - default default] TaaS: Handle Delete Port: 67d794ea-e3fb-4bdf-9fd4-a9a8613d2ff8
2026-07-08 11:04:13.992 7 INFO neutron_taas.services.taas.tap_mirror_plugin [None req-84d89b09-ceb3-4711-991c-134e120be2c8 6512e06db4a64151988af36c80ea3c70 9b1ae87759444b67b59dca46633b1d99 - - default default] Tap Mirror: Handle Delete Port: 67d794ea-e3fb-4bdf-9fd4-a9a8613d2ff8 [pid: 8|app: 0|req: 564/1128] 10.0.0.124 () {34 vars in 989 bytes} [Wed Jul 8 11:04:14 2026] GET /v2.0/ports?device_id=10e7cdb1-2432-4344-8350-4ce01ca2666b => generated 971 bytes in 40 msecs (HTTP/1.1 200) 4 headers in 157 bytes (1 switches on core 0) [pid: 8|app: 0|req: 565/1129] 10.0.0.124 () {34 vars in 1039 bytes} [Wed Jul 8 11:04:14 2026] GET /v2.0/security-groups?id=664863a9-5d38-48fc-b368-43456871dec7&fields=id&fields=name => generated 113 bytes in 34 msecs (HTTP/1.1 200) 4 headers in 157 bytes (1 switches on core 0)
2026-07-08 11:04:14.207 7 INFO neutron.services.segments.plugin [-] Segment c687e4cd-fa39-4f5d-974b-eb15234b0fef resource provider aggregate not found
2026-07-08 11:04:14.212 7 INFO neutron.services.segments.plugin [-] Segment c687e4cd-fa39-4f5d-974b-eb15234b0fef resource provider aggregate not found
2026-07-08 11:04:14.227 7 INFO neutron.services.segments.plugin [-] Client error retrieving segment c687e4cd-fa39-4f5d-974b-eb15234b0fef resource provider; error: Placement Client Error (4xx): {"errors": [{"status": 404, "title": "Not Found", "detail": "The resource could not be found.\n\n No resource provider with uuid c687e4cd-fa39-4f5d-974b-eb15234b0fef found for delete ", "request_id": "req-ca11f313-f785-4c46-bee4-731df646a485"}]}
2026-07-08 11:04:14.236 7 INFO neutron.services.segments.plugin [-] Client error retrieving segment c687e4cd-fa39-4f5d-974b-eb15234b0fef resource provider; error: Placement Client Error (4xx): {"errors": [{"status": 404, "title": "Not Found", "detail": "The resource could not be found.\n\n No resource provider with uuid c687e4cd-fa39-4f5d-974b-eb15234b0fef found for delete ", "request_id": "req-9cb9eb22-c140-479c-8b10-ee0b463024a2"}]} [pid: 7|app: 0|req: 565/1130] 10.0.0.161 () {32 vars in 725 bytes} [Wed Jul 8 11:04:13 2026] DELETE /v2.0/networks/d0a03398-ad79-4603-94a4-2dc59845c032 => generated 0 bytes in 395 msecs (HTTP/1.1 204) 3 headers in 131 bytes (1 switches on core 0) [pid: 8|app: 0|req: 566/1131] 10.0.0.124 () {34 vars in 989 bytes} [Wed Jul 8 11:04:14 2026] GET /v2.0/ports?device_id=10e7cdb1-2432-4344-8350-4ce01ca2666b => generated 971 bytes in 45 msecs (HTTP/1.1 200) 4 headers in 157 bytes (1 switches on core 0)
2026-07-08 11:04:14.406 7 INFO neutron_taas.services.taas.taas_plugin [None req-46c6e46e-ff22-4d35-a983-0ce9a847ca78 6512e06db4a64151988af36c80ea3c70 9b1ae87759444b67b59dca46633b1d99 - - default default] TaaS: Handle Delete Port: ba81b6c5-b0c3-435d-aa73-8d4857d7383c
2026-07-08 11:04:14.409 7 INFO neutron_taas.services.taas.tap_mirror_plugin [None req-46c6e46e-ff22-4d35-a983-0ce9a847ca78 6512e06db4a64151988af36c80ea3c70 9b1ae87759444b67b59dca46633b1d99 - - default default] Tap Mirror: Handle Delete Port: ba81b6c5-b0c3-435d-aa73-8d4857d7383c [pid: 7|app: 0|req: 566/1132] 10.0.0.161 () {32 vars in 725 bytes} [Wed Jul 8 11:04:14 2026] DELETE /v2.0/networks/a8f5b580-a066-4979-a6a4-7bb08c7381ff => generated 0 bytes in 345 msecs (HTTP/1.1 204) 3 headers in 131 bytes (1 switches on core 0)
2026-07-08 11:04:14.792 8 INFO neutron.db.ovn_revision_numbers_db [None req-9315a6c1-21d3-440e-81cc-c0ab0287b04a 6af52a2f1a43413fb94fd8182b74c66e 0c7ecf06ecb6472b9568c957efd2ee5b - - default default] Successfully bumped revision number for resource 7274fa71-03f3-4383-9ae5-feefb2cc29a1 (type: floatingips) to 1
2026-07-08 11:04:14.903 8 INFO neutron.db.ovn_revision_numbers_db [None req-9315a6c1-21d3-440e-81cc-c0ab0287b04a 6af52a2f1a43413fb94fd8182b74c66e 0c7ecf06ecb6472b9568c957efd2ee5b - - default default] Successfully bumped revision number for resource 7274fa71-03f3-4383-9ae5-feefb2cc29a1 (type: floatingips) to 2
2026-07-08 11:04:14.904 8 INFO neutron.db.l3_db [None req-9315a6c1-21d3-440e-81cc-c0ab0287b04a 6af52a2f1a43413fb94fd8182b74c66e 0c7ecf06ecb6472b9568c957efd2ee5b - - default default] Floating IP 7274fa71-03f3-4383-9ae5-feefb2cc29a1 associated. External IP: 10.96.250.220, port: 0150250d-663c-41d5-aeee-c639a80b87cf. [pid: 8|app: 0|req: 567/1133] 10.0.0.161 () {34 vars in 748 bytes} [Wed Jul 8 11:04:14 2026] PUT /v2.0/floatingips/7274fa71-03f3-4383-9ae5-feefb2cc29a1 => generated 855 bytes in 621 msecs (HTTP/1.1 200) 4 headers in 157 bytes (1 switches on core 0)
2026-07-08 11:04:14.985 8 INFO neutron.notifiers.nova [-] Nova event matching ['req-355dd394-c783-45f4-8bef-b0a830f880f2'] response: {'name': 'network-changed', 'server_uuid': '10e7cdb1-2432-4344-8350-4ce01ca2666b', 'tag': '0150250d-663c-41d5-aeee-c639a80b87cf', 'status': 'completed', 'code': 200} [pid: 7|app: 0|req: 567/1134] 10.0.0.124 () {34 vars in 989 bytes} [Wed Jul 8 11:04:14 2026] GET /v2.0/ports?device_id=10e7cdb1-2432-4344-8350-4ce01ca2666b => generated 971 bytes in 46 msecs (HTTP/1.1 200) 4 headers in 157 bytes (1 switches on core 0) /var/lib/openstack/lib/python3.12/site-packages/pycadf/identifier.py:70: UserWarning: Invalid uuid: neutron. To ensure interoperability, identifiers should be a valid uuid. warnings.warn(('Invalid uuid: %s. To ensure interoperability, ' [pid: 8|app: 0|req: 568/1135] 10.0.0.124 () {34 vars in 1039 bytes} [Wed Jul 8 11:04:15 2026] GET /v2.0/security-groups?id=664863a9-5d38-48fc-b368-43456871dec7&fields=id&fields=name => generated 113 bytes in 34 msecs (HTTP/1.1 200) 4 headers in 157 bytes (1 switches on core 0) [pid: 8|app: 0|req: 569/1136] 10.0.0.124 () {34 vars in 989 bytes} [Wed Jul 8 11:04:15 2026] GET /v2.0/ports?device_id=10e7cdb1-2432-4344-8350-4ce01ca2666b => generated 971 bytes in 42 msecs (HTTP/1.1 200) 4 headers in 157 bytes (1 switches on core 0) [pid: 8|app: 0|req: 570/1137] 10.0.0.124 () {34 vars in 1039 bytes} [Wed Jul 8 11:04:15 2026] GET /v2.0/security-groups?id=664863a9-5d38-48fc-b368-43456871dec7&fields=id&fields=name => generated 113 bytes in 36 msecs (HTTP/1.1 200) 4 headers in 157 bytes (1 switches on core 0) [pid: 7|app: 0|req: 568/1138] 10.0.0.161 () {32 vars in 773 bytes} [Wed Jul 8 11:04:15 2026] GET /v2.0/security-groups?tenant_id=9b1ae87759444b67b59dca46633b1d99&name=default => generated 2925 bytes in 246 msecs (HTTP/1.1 200) 4 headers in 158 bytes (1 switches on core 0)
2026-07-08 11:04:15.521 8 INFO neutron.services.segments.plugin [-] Segment 45cec8a9-b5f4-4f36-be83-0223fb3225bb resource provider aggregate not found
2026-07-08 11:04:15.531 8 INFO neutron.services.segments.plugin [-] Segment 45cec8a9-b5f4-4f36-be83-0223fb3225bb resource provider aggregate not found [pid: 7|app: 0|req: 569/1139] 199.19.213.136 () {34 vars in 1079 bytes} [Wed Jul 8 11:04:15 2026] GET /v2.0/ports?tenant_id=0c7ecf06ecb6472b9568c957efd2ee5b&device_id=10e7cdb1-2432-4344-8350-4ce01ca2666b => generated 1209 bytes in 42 msecs (HTTP/1.1 200) 4 headers in 158 bytes (1 switches on core 0)
2026-07-08 11:04:15.548 8 INFO neutron.services.segments.plugin [-] Client error retrieving segment 45cec8a9-b5f4-4f36-be83-0223fb3225bb resource provider; error: Placement Client Error (4xx): {"errors": [{"status": 404, "title": "Not Found", "detail": "The resource could not be found.\n\n No resource provider with uuid 45cec8a9-b5f4-4f36-be83-0223fb3225bb found for delete ", "request_id": "req-7dea45b7-7970-47e3-a622-3254439b4248"}]}
2026-07-08 11:04:15.549 8 INFO neutron.services.segments.plugin [-] Client error retrieving segment 45cec8a9-b5f4-4f36-be83-0223fb3225bb resource provider; error: Placement Client Error (4xx): {"errors": [{"status": 404, "title": "Not Found", "detail": "The resource could not be found.\n\n No resource provider with uuid 45cec8a9-b5f4-4f36-be83-0223fb3225bb found for delete ", "request_id": "req-05c3fed0-3c31-4a64-a3e0-9e297c981c23"}]} [pid: 7|app: 0|req: 570/1140] 199.19.213.136 () {34 vars in 985 bytes} [Wed Jul 8 11:04:15 2026] GET /v2.0/networks?id=d670d46f-c623-4f0a-8ed7-fd6a3f1bf54a => generated 813 bytes in 52 msecs (HTTP/1.1 200) 4 headers in 157 bytes (1 switches on core 0) [pid: 8|app: 0|req: 571/1141] 10.0.0.161 () {32 vars in 739 bytes} [Wed Jul 8 11:04:15 2026] DELETE /v2.0/security-groups/3ee6f3c7-d810-4e4c-8ff8-ccf7015c359a => generated 0 bytes in 263 msecs (HTTP/1.1 204) 2 headers in 112 bytes (1 switches on core 0) [pid: 7|app: 0|req: 571/1142] 199.19.213.136 () {34 vars in 1057 bytes} [Wed Jul 8 11:04:15 2026] GET /v2.0/floatingips?fixed_ip_address=10.100.0.6&port_id=0150250d-663c-41d5-aeee-c639a80b87cf => generated 860 bytes in 33 msecs (HTTP/1.1 200) 4 headers in 157 bytes (1 switches on core 0) [pid: 8|app: 0|req: 572/1143] 199.19.213.136 () {34 vars in 983 bytes} [Wed Jul 8 11:04:15 2026] GET /v2.0/subnets?id=118be896-751e-44c4-9a98-98f00be8633d => generated 694 bytes in 40 msecs (HTTP/1.1 200) 4 headers in 157 bytes (1 switches on core 0) [pid: 7|app: 0|req: 572/1144] 199.19.213.136 () {34 vars in 1051 bytes} [Wed Jul 8 11:04:15 2026] GET /v2.0/ports?network_id=d670d46f-c623-4f0a-8ed7-fd6a3f1bf54a&device_owner=network%3Adhcp => generated 12 bytes in 17 msecs (HTTP/1.1 200) 4 headers in 156 bytes (1 switches on core 0) [pid: 8|app: 0|req: 573/1145] 199.19.213.136 () {34 vars in 1011 bytes} [Wed Jul 8 11:04:15 2026] GET /v2.0/networks/d670d46f-c623-4f0a-8ed7-fd6a3f1bf54a?fields=segments => generated 14 bytes in 71 msecs (HTTP/1.1 200) 4 headers in 156 bytes (1 switches on core 0) [pid: 7|app: 0|req: 573/1146] 199.19.213.136 () {34 vars in 1111 bytes} [Wed Jul 8 11:04:15 2026] GET /v2.0/networks/d670d46f-c623-4f0a-8ed7-fd6a3f1bf54a?fields=provider%3Aphysical_network&fields=provider%3Anetwork_type => generated 79 bytes in 41 msecs (HTTP/1.1 200) 4 headers in 156 bytes (1 switches on core 0)
2026-07-08 11:04:16.245 7 INFO neutron.services.segments.plugin [-] Segment 9bc74ab9-b451-4e51-8d3a-6eb858032ba9 resource provider aggregate not found
2026-07-08 11:04:16.256 7 INFO neutron.services.segments.plugin [-] Segment 9bc74ab9-b451-4e51-8d3a-6eb858032ba9 resource provider aggregate not found
2026-07-08 11:04:16.263 7 INFO neutron.services.segments.plugin [-] Client error retrieving segment 9bc74ab9-b451-4e51-8d3a-6eb858032ba9 resource provider; error: Placement Client Error (4xx): {"errors": [{"status": 404, "title": "Not Found", "detail": "The resource could not be found.\n\n No resource provider with uuid 9bc74ab9-b451-4e51-8d3a-6eb858032ba9 found for delete ", "request_id": "req-77da4fb2-ad8c-45b3-83ee-b0ba0a147827"}]}
2026-07-08 11:04:16.297 7 INFO neutron.services.segments.plugin [-] Client error retrieving segment 9bc74ab9-b451-4e51-8d3a-6eb858032ba9 resource provider; error: Placement Client Error (4xx): {"errors": [{"status": 404, "title": "Not Found", "detail": "The resource could not be found.\n\n No resource provider with uuid 9bc74ab9-b451-4e51-8d3a-6eb858032ba9 found for delete ", "request_id": "req-4b8844b7-1752-479d-8085-53547bf2fb44"}]}
2026-07-08 11:04:16.333 7 INFO neutron.plugins.ml2.drivers.ovn.mech_driver.mech_driver [None req-40c3b649-c195-4ced-9605-1318572a59f3 - - - - - -] OVN reports status down for port: 0150250d-663c-41d5-aeee-c639a80b87cf [pid: 7|app: 0|req: 574/1147] 10.0.0.124 () {34 vars in 989 bytes} [Wed Jul 8 11:04:16 2026] GET /v2.0/ports?device_id=10e7cdb1-2432-4344-8350-4ce01ca2666b => generated 971 bytes in 57 msecs (HTTP/1.1 200) 4 headers in 157 bytes (1 switches on core 0)
2026-07-08 11:04:16.498 7 INFO neutron.notifiers.nova [-] Nova event matching ['req-3fa78115-9aaa-4f4c-9551-aac3111d67e5'] response: {'server_uuid': '10e7cdb1-2432-4344-8350-4ce01ca2666b', 'name': 'network-vif-unplugged', 'status': 'completed', 'tag': '0150250d-663c-41d5-aeee-c639a80b87cf', 'code': 200} [pid: 7|app: 0|req: 575/1148] 10.0.0.124 () {34 vars in 1039 bytes} [Wed Jul 8 11:04:16 2026] GET /v2.0/security-groups?id=664863a9-5d38-48fc-b368-43456871dec7&fields=id&fields=name => generated 113 bytes in 80 msecs (HTTP/1.1 200) 4 headers in 157 bytes (1 switches on core 0)
2026-07-08 11:04:16.574 8 INFO neutron.db.ovn_revision_numbers_db [None req-894318ac-089c-4cbe-a516-a27e8e04d531 652b8bc6005440d9892947a82585e505 93c8113d526f4ac5a35f09fba83b56e3 - - default default] Successfully bumped revision number for resource 74f04eb2-0fb4-404f-ad6e-d089d82f1d58 (type: security_groups) to 1
2026-07-08 11:04:16.588 8 INFO neutron.db.ovn_revision_numbers_db [None req-894318ac-089c-4cbe-a516-a27e8e04d531 652b8bc6005440d9892947a82585e505 93c8113d526f4ac5a35f09fba83b56e3 - - default default] Successfully bumped revision number for resource 1014884e-1416-4c51-bf23-5191b032a049 (type: security_group_rules) to 0
2026-07-08 11:04:16.599 8 INFO neutron.db.ovn_revision_numbers_db [None req-894318ac-089c-4cbe-a516-a27e8e04d531 652b8bc6005440d9892947a82585e505 93c8113d526f4ac5a35f09fba83b56e3 - - default default] Successfully bumped revision number for resource 9b9ba01e-74ea-4ee7-ba81-95c4e4370312 (type: security_group_rules) to 0
2026-07-08 11:04:16.608 8 INFO neutron.db.ovn_revision_numbers_db [None req-894318ac-089c-4cbe-a516-a27e8e04d531 652b8bc6005440d9892947a82585e505 93c8113d526f4ac5a35f09fba83b56e3 - - default default] Successfully bumped revision number for resource e63afe57-c9a8-49a3-917a-960e95a25984 (type: security_group_rules) to 0
2026-07-08 11:04:16.633 8 INFO neutron.db.ovn_revision_numbers_db [None req-894318ac-089c-4cbe-a516-a27e8e04d531 652b8bc6005440d9892947a82585e505 93c8113d526f4ac5a35f09fba83b56e3 - - default default] Successfully bumped revision number for resource e831158e-ea61-4b68-8d34-4b25813d6e2b (type: security_group_rules) to 0
2026-07-08 11:04:16.658 7 INFO neutron.db.ovn_revision_numbers_db [None req-40c3b649-c195-4ced-9605-1318572a59f3 - - - - - -] Successfully bumped revision number for resource 0150250d-663c-41d5-aeee-c639a80b87cf (type: ports) to 6 [pid: 8|app: 0|req: 574/1149] 10.0.0.161 () {32 vars in 773 bytes} [Wed Jul 8 11:04:16 2026] GET /v2.0/security-groups?tenant_id=06dbc0de54ce4b65a230cba6b2765905&name=default => generated 2925 bytes in 401 msecs (HTTP/1.1 200) 4 headers in 158 bytes (1 switches on core 0) [pid: 7|app: 0|req: 576/1150] 10.0.0.161 () {32 vars in 739 bytes} [Wed Jul 8 11:04:16 2026] DELETE /v2.0/security-groups/74f04eb2-0fb4-404f-ad6e-d089d82f1d58 => generated 0 bytes in 238 msecs (HTTP/1.1 204) 2 headers in 112 bytes (1 switches on core 0)
2026-07-08 11:04:17.148 8 INFO neutron.db.ovn_revision_numbers_db [None req-9e9f3ba4-a6d0-41f0-bddb-43e08e76a9f5 652b8bc6005440d9892947a82585e505 93c8113d526f4ac5a35f09fba83b56e3 - - default default] Successfully bumped revision number for resource 70f6c166-5f6c-4fe1-8d06-55f8979d9238 (type: security_groups) to 1
2026-07-08 11:04:17.161 8 INFO neutron.db.ovn_revision_numbers_db [None req-9e9f3ba4-a6d0-41f0-bddb-43e08e76a9f5 652b8bc6005440d9892947a82585e505 93c8113d526f4ac5a35f09fba83b56e3 - - default default] Successfully bumped revision number for resource 125321ce-4e10-4411-85be-d54139f294c7 (type: security_group_rules) to 0
2026-07-08 11:04:17.175 8 INFO neutron.db.ovn_revision_numbers_db [None req-9e9f3ba4-a6d0-41f0-bddb-43e08e76a9f5 652b8bc6005440d9892947a82585e505 93c8113d526f4ac5a35f09fba83b56e3 - - default default] Successfully bumped revision number for resource 8639c77a-faf0-4f4b-b5c5-5980ed50187e (type: security_group_rules) to 0
2026-07-08 11:04:17.193 8 INFO neutron.db.ovn_revision_numbers_db [None req-9e9f3ba4-a6d0-41f0-bddb-43e08e76a9f5 652b8bc6005440d9892947a82585e505 93c8113d526f4ac5a35f09fba83b56e3 - - default default] Successfully bumped revision number for resource ae81d049-8008-4218-9cbd-c50693495da2 (type: security_group_rules) to 0
2026-07-08 11:04:17.219 8 INFO neutron.db.ovn_revision_numbers_db [None req-9e9f3ba4-a6d0-41f0-bddb-43e08e76a9f5 652b8bc6005440d9892947a82585e505 93c8113d526f4ac5a35f09fba83b56e3 - - default default] Successfully bumped revision number for resource db232491-7f5f-4f5e-ae5e-5498f6ebf599 (type: security_group_rules) to 0 [pid: 8|app: 0|req: 575/1151] 10.0.0.161 () {32 vars in 773 bytes} [Wed Jul 8 11:04:17 2026] GET /v2.0/security-groups?tenant_id=3f816b11819c4da3b713c52c3406816f&name=default => generated 2925 bytes in 234 msecs (HTTP/1.1 200) 4 headers in 158 bytes (1 switches on core 0) /var/lib/openstack/lib/python3.12/site-packages/pycadf/identifier.py:70: UserWarning: Invalid uuid: neutron. To ensure interoperability, identifiers should be a valid uuid. warnings.warn(('Invalid uuid: %s. To ensure interoperability, ' [pid: 7|app: 0|req: 577/1152] 10.0.0.161 () {32 vars in 739 bytes} [Wed Jul 8 11:04:17 2026] DELETE /v2.0/security-groups/70f6c166-5f6c-4fe1-8d06-55f8979d9238 => generated 0 bytes in 254 msecs (HTTP/1.1 204) 2 headers in 112 bytes (1 switches on core 0) [pid: 7|app: 0|req: 578/1153] 199.19.213.136 () {34 vars in 993 bytes} [Wed Jul 8 11:04:17 2026] GET /v2.0/ports?device_id=10e7cdb1-2432-4344-8350-4ce01ca2666b => generated 969 bytes in 37 msecs (HTTP/1.1 200) 4 headers in 157 bytes (1 switches on core 0)
2026-07-08 11:04:17.688 7 INFO neutron_taas.services.taas.taas_plugin [req-a0e5884e-88ea-45e5-a585-bc6213a1c530 req-cb56fb03-4f4e-466d-aa11-6d1bde08e33d 6af52a2f1a43413fb94fd8182b74c66e 0c7ecf06ecb6472b9568c957efd2ee5b - - default default] TaaS: Handle Delete Port: 0150250d-663c-41d5-aeee-c639a80b87cf
2026-07-08 11:04:17.692 7 INFO neutron_taas.services.taas.tap_mirror_plugin [req-a0e5884e-88ea-45e5-a585-bc6213a1c530 req-cb56fb03-4f4e-466d-aa11-6d1bde08e33d 6af52a2f1a43413fb94fd8182b74c66e 0c7ecf06ecb6472b9568c957efd2ee5b - - default default] Tap Mirror: Handle Delete Port: 0150250d-663c-41d5-aeee-c639a80b87cf
2026-07-08 11:04:17.745 8 INFO neutron.db.ovn_revision_numbers_db [None req-33c77c9a-b28c-426a-b469-0bbf0e3c91b1 7fd49d88c2964182abf58b04f3a608a0 ca1085d1f87c403f9e3d956d2a5947a3 - - default default] Successfully bumped revision number for resource 870fae25-4082-46ae-aa53-1b14dbf4b638 (type: security_groups) to 1
2026-07-08 11:04:17.755 8 INFO neutron.db.ovn_revision_numbers_db [None req-33c77c9a-b28c-426a-b469-0bbf0e3c91b1 7fd49d88c2964182abf58b04f3a608a0 ca1085d1f87c403f9e3d956d2a5947a3 - - default default] Successfully bumped revision number for resource 0cc204bb-2af8-4e90-9df5-3ea09b9cf089 (type: security_group_rules) to 0
2026-07-08 11:04:17.765 8 INFO neutron.db.ovn_revision_numbers_db [None req-33c77c9a-b28c-426a-b469-0bbf0e3c91b1 7fd49d88c2964182abf58b04f3a608a0 ca1085d1f87c403f9e3d956d2a5947a3 - - default default] Successfully bumped revision number for resource 14aefd0d-50cf-40ff-b7ac-89b74c5332a4 (type: security_group_rules) to 0
2026-07-08 11:04:17.775 8 INFO neutron.db.ovn_revision_numbers_db [None req-33c77c9a-b28c-426a-b469-0bbf0e3c91b1 7fd49d88c2964182abf58b04f3a608a0 ca1085d1f87c403f9e3d956d2a5947a3 - - default default] Successfully bumped revision number for resource 3496c057-6949-4a7b-b212-a1e91a4fc982 (type: security_group_rules) to 0
2026-07-08 11:04:17.786 8 INFO neutron.db.ovn_revision_numbers_db [None req-33c77c9a-b28c-426a-b469-0bbf0e3c91b1 7fd49d88c2964182abf58b04f3a608a0 ca1085d1f87c403f9e3d956d2a5947a3 - - default default] Successfully bumped revision number for resource db518552-0e1a-4976-9ca2-e06f578f544d (type: security_group_rules) to 0
2026-07-08 11:04:17.884 8 INFO neutron.db.segments_db [None req-33c77c9a-b28c-426a-b469-0bbf0e3c91b1 7fd49d88c2964182abf58b04f3a608a0 ca1085d1f87c403f9e3d956d2a5947a3 - - default default] Added segment c553b801-4346-4314-8bb1-052b4e03518c of type geneve for network 65383638-1db6-4e8d-b735-888b04f88382
2026-07-08 11:04:17.914 7 INFO neutron.db.l3_db [req-a0e5884e-88ea-45e5-a585-bc6213a1c530 req-cb56fb03-4f4e-466d-aa11-6d1bde08e33d 6af52a2f1a43413fb94fd8182b74c66e 0c7ecf06ecb6472b9568c957efd2ee5b - - default default] Floating IP 7274fa71-03f3-4383-9ae5-feefb2cc29a1 disassociated. External IP: 10.96.250.220, port: 0150250d-663c-41d5-aeee-c639a80b87cf. [pid: 7|app: 0|req: 579/1154] 199.19.213.136 () {36 vars in 996 bytes} [Wed Jul 8 11:04:17 2026] DELETE /v2.0/ports/0150250d-663c-41d5-aeee-c639a80b87cf => generated 0 bytes in 492 msecs (HTTP/1.1 204) 3 headers in 131 bytes (1 switches on core 0)
2026-07-08 11:04:18.054 8 INFO neutron.db.ovn_revision_numbers_db [None req-33c77c9a-b28c-426a-b469-0bbf0e3c91b1 7fd49d88c2964182abf58b04f3a608a0 ca1085d1f87c403f9e3d956d2a5947a3 - - default default] Successfully bumped revision number for resource 65383638-1db6-4e8d-b735-888b04f88382 (type: networks) to 1 [pid: 7|app: 0|req: 580/1155] 10.0.0.124 () {34 vars in 989 bytes} [Wed Jul 8 11:04:18 2026] GET /v2.0/ports?device_id=10e7cdb1-2432-4344-8350-4ce01ca2666b => generated 12 bytes in 17 msecs (HTTP/1.1 200) 4 headers in 156 bytes (1 switches on core 0)
2026-07-08 11:04:18.224 8 WARNING neutron.scheduler.dhcp_agent_scheduler [None req-33c77c9a-b28c-426a-b469-0bbf0e3c91b1 7fd49d88c2964182abf58b04f3a608a0 ca1085d1f87c403f9e3d956d2a5947a3 - - default default] No more DHCP agents
2026-07-08 11:04:18.225 8 WARNING neutron.api.rpc.agentnotifiers.dhcp_rpc_agent_api [None req-33c77c9a-b28c-426a-b469-0bbf0e3c91b1 7fd49d88c2964182abf58b04f3a608a0 ca1085d1f87c403f9e3d956d2a5947a3 - - default default] Unable to schedule network 65383638-1db6-4e8d-b735-888b04f88382: no agents available; will retry on subsequent port and subnet creation events.
2026-07-08 11:04:18.284 8 INFO neutron.plugins.ml2.drivers.ovn.mech_driver.mech_driver [None req-872d3693-0220-4dcc-8973-5585c9198ac1 - - - - - -] OVN reports status down for port: 722f9de1-5789-4002-b0c6-22e5e0ce8b09
2026-07-08 11:04:18.355 8 INFO neutron.db.ovn_revision_numbers_db [None req-33c77c9a-b28c-426a-b469-0bbf0e3c91b1 7fd49d88c2964182abf58b04f3a608a0 ca1085d1f87c403f9e3d956d2a5947a3 - - default default] Successfully bumped revision number for resource 722f9de1-5789-4002-b0c6-22e5e0ce8b09 (type: ports) to 1 [pid: 8|app: 0|req: 576/1158] 10.0.0.161 () {34 vars in 669 bytes} [Wed Jul 8 11:04:17 2026] POST /v2.0/networks => generated 683 bytes in 1018 msecs (HTTP/1.1 201) 4 headers in 162 bytes (1 switches on core 0)
2026-07-08 11:04:18.534 7 INFO neutron.notifiers.nova [-] Nova event matching ['req-85c4269e-0f8b-46e4-8d25-49c085122ba3'] response: {'server_uuid': '10e7cdb1-2432-4344-8350-4ce01ca2666b', 'name': 'network-vif-unplugged', 'status': 'completed', 'tag': '0150250d-663c-41d5-aeee-c639a80b87cf', 'code': 200}
2026-07-08 11:04:18.534 7 INFO neutron.notifiers.nova [-] Nova event matching ['req-85c4269e-0f8b-46e4-8d25-49c085122ba3'] response: {'server_uuid': '10e7cdb1-2432-4344-8350-4ce01ca2666b', 'name': 'network-vif-deleted', 'tag': '0150250d-663c-41d5-aeee-c639a80b87cf', 'status': 'completed', 'code': 200}
2026-07-08 11:04:18.628 7 WARNING neutron.scheduler.dhcp_agent_scheduler [None req-df7d6482-07c2-4881-953d-eaa7bb0c8754 7fd49d88c2964182abf58b04f3a608a0 ca1085d1f87c403f9e3d956d2a5947a3 - - default default] No more DHCP agents
2026-07-08 11:04:18.629 7 WARNING neutron.api.rpc.agentnotifiers.dhcp_rpc_agent_api [None req-df7d6482-07c2-4881-953d-eaa7bb0c8754 7fd49d88c2964182abf58b04f3a608a0 ca1085d1f87c403f9e3d956d2a5947a3 - - default default] Unable to schedule network 65383638-1db6-4e8d-b735-888b04f88382: no agents available; will retry on subsequent port and subnet creation events.
2026-07-08 11:04:18.693 8 INFO neutron.plugins.ml2.drivers.ovn.mech_driver.mech_driver [None req-872d3693-0220-4dcc-8973-5585c9198ac1 - - - - - -] OVN reports status down for port: b8d5b442-5f9b-4757-b800-a673e47212cc
2026-07-08 11:04:18.729 7 INFO neutron.db.ovn_revision_numbers_db [None req-df7d6482-07c2-4881-953d-eaa7bb0c8754 7fd49d88c2964182abf58b04f3a608a0 ca1085d1f87c403f9e3d956d2a5947a3 - - default default] Successfully bumped revision number for resource b8d5b442-5f9b-4757-b800-a673e47212cc (type: ports) to 1 [pid: 7|app: 0|req: 583/1159] 10.0.0.161 () {34 vars in 664 bytes} [Wed Jul 8 11:04:18 2026] POST /v2.0/ports => generated 774 bytes in 379 msecs (HTTP/1.1 201) 4 headers in 162 bytes (1 switches on core 0) /var/lib/openstack/lib/python3.12/site-packages/pycadf/identifier.py:70: UserWarning: Invalid uuid: neutron. To ensure interoperability, identifiers should be a valid uuid. warnings.warn(('Invalid uuid: %s. To ensure interoperability, '
2026-07-08 11:04:18.898 8 INFO neutron.db.segments_db [None req-946e5904-6652-499c-abf9-095c000c0888 7fd49d88c2964182abf58b04f3a608a0 ca1085d1f87c403f9e3d956d2a5947a3 - - default default] Added segment 3db7d050-466a-45da-b90d-7be06dbabcc0 of type geneve for network f6dd83e8-c995-4824-9692-864158a349b4
2026-07-08 11:04:19.024 8 INFO neutron.db.ovn_revision_numbers_db [None req-946e5904-6652-499c-abf9-095c000c0888 7fd49d88c2964182abf58b04f3a608a0 ca1085d1f87c403f9e3d956d2a5947a3 - - default default] Successfully bumped revision number for resource f6dd83e8-c995-4824-9692-864158a349b4 (type: networks) to 1 /var/lib/openstack/lib/python3.12/site-packages/pycadf/identifier.py:70: UserWarning: Invalid uuid: neutron. To ensure interoperability, identifiers should be a valid uuid. warnings.warn(('Invalid uuid: %s. To ensure interoperability, ' [pid: 7|app: 0|req: 584/1160] 10.0.0.124 () {34 vars in 989 bytes} [Wed Jul 8 11:04:19 2026] GET /v2.0/ports?device_id=10e7cdb1-2432-4344-8350-4ce01ca2666b => generated 12 bytes in 21 msecs (HTTP/1.1 200) 4 headers in 156 bytes (1 switches on core 0)
2026-07-08 11:04:19.185 8 WARNING neutron.scheduler.dhcp_agent_scheduler [None req-946e5904-6652-499c-abf9-095c000c0888 7fd49d88c2964182abf58b04f3a608a0 ca1085d1f87c403f9e3d956d2a5947a3 - - default default] No more DHCP agents
2026-07-08 11:04:19.186 8 WARNING neutron.api.rpc.agentnotifiers.dhcp_rpc_agent_api [None req-946e5904-6652-499c-abf9-095c000c0888 7fd49d88c2964182abf58b04f3a608a0 ca1085d1f87c403f9e3d956d2a5947a3 - - default default] Unable to schedule network f6dd83e8-c995-4824-9692-864158a349b4: no agents available; will retry on subsequent port and subnet creation events.
2026-07-08 11:04:19.229 8 INFO neutron.plugins.ml2.drivers.ovn.mech_driver.mech_driver [None req-872d3693-0220-4dcc-8973-5585c9198ac1 - - - - - -] OVN reports status down for port: 844e04cd-3f10-4e59-b4e1-69802eb98ab8
2026-07-08 11:04:19.285 8 INFO neutron.db.ovn_revision_numbers_db [None req-946e5904-6652-499c-abf9-095c000c0888 7fd49d88c2964182abf58b04f3a608a0 ca1085d1f87c403f9e3d956d2a5947a3 - - default default] Successfully bumped revision number for resource 844e04cd-3f10-4e59-b4e1-69802eb98ab8 (type: ports) to 1 [pid: 8|app: 0|req: 577/1161] 10.0.0.161 () {34 vars in 669 bytes} [Wed Jul 8 11:04:18 2026] POST /v2.0/networks => generated 669 bytes in 518 msecs (HTTP/1.1 201) 4 headers in 162 bytes (1 switches on core 0)
2026-07-08 11:04:19.510 7 WARNING neutron.scheduler.dhcp_agent_scheduler [None req-8f86d6e5-795f-4c8c-8a19-d966683baa7d 7fd49d88c2964182abf58b04f3a608a0 ca1085d1f87c403f9e3d956d2a5947a3 - - default default] No more DHCP agents
2026-07-08 11:04:19.511 7 WARNING neutron.api.rpc.agentnotifiers.dhcp_rpc_agent_api [None req-8f86d6e5-795f-4c8c-8a19-d966683baa7d 7fd49d88c2964182abf58b04f3a608a0 ca1085d1f87c403f9e3d956d2a5947a3 - - default default] Unable to schedule network f6dd83e8-c995-4824-9692-864158a349b4: no agents available; will retry on subsequent port and subnet creation events.
2026-07-08 11:04:19.947 7 INFO neutron.db.ovn_revision_numbers_db [None req-c63574cf-7499-4866-b17a-28517d392384 - - - - - -] Successfully bumped revision number for resource 844e04cd-3f10-4e59-b4e1-69802eb98ab8 (type: ports) to 2
2026-07-08 11:04:19.973 7 INFO neutron.db.ovn_revision_numbers_db [None req-c63574cf-7499-4866-b17a-28517d392384 - - - - - -] Successfully bumped revision number for resource ba9f89b5-905a-4758-bc27-4ed0227264f9 (type: subnets) to 0 [pid: 7|app: 0|req: 585/1162] 10.0.0.161 () {34 vars in 668 bytes} [Wed Jul 8 11:04:19 2026] POST /v2.0/subnets => generated 626 bytes in 662 msecs (HTTP/1.1 201) 4 headers in 162 bytes (1 switches on core 0)
2026-07-08 11:04:20.034 8 INFO neutron.db.ovn_revision_numbers_db [None req-127e8d09-cd37-4380-8375-8ef6d66bc659 652b8bc6005440d9892947a82585e505 93c8113d526f4ac5a35f09fba83b56e3 - - default default] Successfully bumped revision number for resource a21b4687-47fc-48b2-8717-f820148f1ed1 (type: security_groups) to 1
2026-07-08 11:04:20.047 8 INFO neutron.db.ovn_revision_numbers_db [None req-127e8d09-cd37-4380-8375-8ef6d66bc659 652b8bc6005440d9892947a82585e505 93c8113d526f4ac5a35f09fba83b56e3 - - default default] Successfully bumped revision number for resource 67ca0a94-dab3-441a-a154-433adaec3a79 (type: security_group_rules) to 0
2026-07-08 11:04:20.058 8 INFO neutron.db.ovn_revision_numbers_db [None req-127e8d09-cd37-4380-8375-8ef6d66bc659 652b8bc6005440d9892947a82585e505 93c8113d526f4ac5a35f09fba83b56e3 - - default default] Successfully bumped revision number for resource 6bd09187-f815-4258-ae9a-685867745d15 (type: security_group_rules) to 0
2026-07-08 11:04:20.069 8 INFO neutron.db.ovn_revision_numbers_db [None req-127e8d09-cd37-4380-8375-8ef6d66bc659 652b8bc6005440d9892947a82585e505 93c8113d526f4ac5a35f09fba83b56e3 - - default default] Successfully bumped revision number for resource 732ff03f-5102-4bb3-a15c-8d6b591b2b02 (type: security_group_rules) to 0
2026-07-08 11:04:20.080 8 INFO neutron.db.ovn_revision_numbers_db [None req-127e8d09-cd37-4380-8375-8ef6d66bc659 652b8bc6005440d9892947a82585e505 93c8113d526f4ac5a35f09fba83b56e3 - - default default] Successfully bumped revision number for resource c4f4df6c-ee5a-4642-b14a-730616a7a0e8 (type: security_group_rules) to 0 [pid: 8|app: 0|req: 578/1163] 10.0.0.161 () {32 vars in 773 bytes} [Wed Jul 8 11:04:19 2026] GET /v2.0/security-groups?tenant_id=738bd21fdc034af39dbbe46daeb3e61b&name=default => generated 2925 bytes in 371 msecs (HTTP/1.1 200) 4 headers in 158 bytes (1 switches on core 0)
2026-07-08 11:04:20.269 7 WARNING neutron.scheduler.dhcp_agent_scheduler [None req-e9c9ecc4-338a-47d2-90e7-167d3da86aff 7fd49d88c2964182abf58b04f3a608a0 ca1085d1f87c403f9e3d956d2a5947a3 - - default default] No more DHCP agents
2026-07-08 11:04:20.270 7 WARNING neutron.api.rpc.agentnotifiers.dhcp_rpc_agent_api [None req-e9c9ecc4-338a-47d2-90e7-167d3da86aff 7fd49d88c2964182abf58b04f3a608a0 ca1085d1f87c403f9e3d956d2a5947a3 - - default default] Unable to schedule network f6dd83e8-c995-4824-9692-864158a349b4: no agents available; will retry on subsequent port and subnet creation events. [pid: 8|app: 0|req: 579/1164] 10.0.0.161 () {32 vars in 739 bytes} [Wed Jul 8 11:04:20 2026] DELETE /v2.0/security-groups/a21b4687-47fc-48b2-8717-f820148f1ed1 => generated 0 bytes in 243 msecs (HTTP/1.1 204) 2 headers in 112 bytes (1 switches on core 0) [pid: 8|app: 0|req: 580/1165] 10.0.0.124 () {34 vars in 989 bytes} [Wed Jul 8 11:04:20 2026] GET /v2.0/ports?device_id=10e7cdb1-2432-4344-8350-4ce01ca2666b => generated 12 bytes in 18 msecs (HTTP/1.1 200) 4 headers in 156 bytes (1 switches on core 0)
2026-07-08 11:04:20.406 8 INFO neutron.plugins.ml2.drivers.ovn.mech_driver.mech_driver [None req-872d3693-0220-4dcc-8973-5585c9198ac1 - - - - - -] OVN reports status down for port: 7ade4476-1ed9-4827-80dd-ee90a85a9a3f
2026-07-08 11:04:20.443 7 INFO neutron.db.ovn_revision_numbers_db [None req-e9c9ecc4-338a-47d2-90e7-167d3da86aff 7fd49d88c2964182abf58b04f3a608a0 ca1085d1f87c403f9e3d956d2a5947a3 - - default default] Successfully bumped revision number for resource 7ade4476-1ed9-4827-80dd-ee90a85a9a3f (type: ports) to 1 [pid: 7|app: 0|req: 586/1166] 10.0.0.161 () {34 vars in 664 bytes} [Wed Jul 8 11:04:19 2026] POST /v2.0/ports => generated 949 bytes in 476 msecs (HTTP/1.1 201) 4 headers in 162 bytes (1 switches on core 0) /var/lib/openstack/lib/python3.12/site-packages/pycadf/identifier.py:70: UserWarning: Invalid uuid: neutron. To ensure interoperability, identifiers should be a valid uuid. warnings.warn(('Invalid uuid: %s. To ensure interoperability, '
2026-07-08 11:04:20.598 7 INFO neutron.db.ovn_revision_numbers_db [None req-af011528-8027-430e-a231-deb0ec3d523e 652b8bc6005440d9892947a82585e505 93c8113d526f4ac5a35f09fba83b56e3 - - default default] Successfully bumped revision number for resource 965321be-2b9b-4cc2-8d8e-84670bec9089 (type: security_groups) to 1
2026-07-08 11:04:20.607 7 INFO neutron.db.ovn_revision_numbers_db [None req-af011528-8027-430e-a231-deb0ec3d523e 652b8bc6005440d9892947a82585e505 93c8113d526f4ac5a35f09fba83b56e3 - - default default] Successfully bumped revision number for resource 44dd894d-bbde-42f6-8168-98fe257a3695 (type: security_group_rules) to 0
2026-07-08 11:04:20.615 7 INFO neutron.db.ovn_revision_numbers_db [None req-af011528-8027-430e-a231-deb0ec3d523e 652b8bc6005440d9892947a82585e505 93c8113d526f4ac5a35f09fba83b56e3 - - default default] Successfully bumped revision number for resource 777e782d-9de2-4040-9004-d11170752969 (type: security_group_rules) to 0
2026-07-08 11:04:20.623 7 INFO neutron.db.ovn_revision_numbers_db [None req-af011528-8027-430e-a231-deb0ec3d523e 652b8bc6005440d9892947a82585e505 93c8113d526f4ac5a35f09fba83b56e3 - - default default] Successfully bumped revision number for resource 826846ed-c63f-4bdb-9582-536b06cad300 (type: security_group_rules) to 0
2026-07-08 11:04:20.631 7 INFO neutron.db.ovn_revision_numbers_db [None req-af011528-8027-430e-a231-deb0ec3d523e 652b8bc6005440d9892947a82585e505 93c8113d526f4ac5a35f09fba83b56e3 - - default default] Successfully bumped revision number for resource 8da0053c-9999-4b28-9930-baeed3b635ad (type: security_group_rules) to 0
2026-07-08 11:04:20.633 8 INFO neutron_taas.services.taas.taas_plugin [None req-07a340a9-82d7-48b7-a60c-494e24eb00b9 7fd49d88c2964182abf58b04f3a608a0 ca1085d1f87c403f9e3d956d2a5947a3 - - default default] TaaS: Handle Delete Port: 7ade4476-1ed9-4827-80dd-ee90a85a9a3f
2026-07-08 11:04:20.636 8 INFO neutron_taas.services.taas.tap_mirror_plugin [None req-07a340a9-82d7-48b7-a60c-494e24eb00b9 7fd49d88c2964182abf58b04f3a608a0 ca1085d1f87c403f9e3d956d2a5947a3 - - default default] Tap Mirror: Handle Delete Port: 7ade4476-1ed9-4827-80dd-ee90a85a9a3f [pid: 7|app: 0|req: 587/1167] 10.0.0.161 () {32 vars in 773 bytes} [Wed Jul 8 11:04:20 2026] GET /v2.0/security-groups?tenant_id=2ed5fb2948584de288c06c65940d7cb9&name=default => generated 2925 bytes in 172 msecs (HTTP/1.1 200) 4 headers in 158 bytes (1 switches on core 0) [pid: 8|app: 0|req: 581/1168] 10.0.0.161 () {32 vars in 719 bytes} [Wed Jul 8 11:04:20 2026] DELETE /v2.0/ports/7ade4476-1ed9-4827-80dd-ee90a85a9a3f => generated 0 bytes in 303 msecs (HTTP/1.1 204) 3 headers in 131 bytes (1 switches on core 0)
2026-07-08 11:04:20.808 8 INFO neutron.pecan_wsgi.hooks.translation [None req-831ba942-f650-4bb1-93fc-ea8913c657e1 7fd49d88c2964182abf58b04f3a608a0 ca1085d1f87c403f9e3d956d2a5947a3 - - default default] DELETE failed (client error): The resource could not be found. [pid: 8|app: 0|req: 582/1169] 10.0.0.161 () {32 vars in 719 bytes} [Wed Jul 8 11:04:20 2026] DELETE /v2.0/ports/7ade4476-1ed9-4827-80dd-ee90a85a9a3f => generated 132 bytes in 28 msecs (HTTP/1.1 404) 4 headers in 164 bytes (1 switches on core 0)
2026-07-08 11:04:20.839 8 INFO neutron.pecan_wsgi.hooks.translation [None req-dd951367-2826-4b9f-95cd-7c5a718979ef 7fd49d88c2964182abf58b04f3a608a0 ca1085d1f87c403f9e3d956d2a5947a3 - - default default] GET failed (client error): The resource could not be found. [pid: 8|app: 0|req: 583/1170] 10.0.0.161 () {32 vars in 716 bytes} [Wed Jul 8 11:04:20 2026] GET /v2.0/ports/7ade4476-1ed9-4827-80dd-ee90a85a9a3f => generated 132 bytes in 24 msecs (HTTP/1.1 404) 4 headers in 164 bytes (1 switches on core 0) [pid: 7|app: 0|req: 588/1171] 10.0.0.161 () {32 vars in 739 bytes} [Wed Jul 8 11:04:20 2026] DELETE /v2.0/security-groups/965321be-2b9b-4cc2-8d8e-84670bec9089 => generated 0 bytes in 248 msecs (HTTP/1.1 204) 2 headers in 112 bytes (1 switches on core 0) [pid: 8|app: 0|req: 584/1172] 10.0.0.161 () {32 vars in 723 bytes} [Wed Jul 8 11:04:20 2026] DELETE /v2.0/subnets/ba9f89b5-905a-4758-bc27-4ed0227264f9 => generated 0 bytes in 156 msecs (HTTP/1.1 204) 3 headers in 131 bytes (1 switches on core 0)
2026-07-08 11:04:21.105 7 INFO neutron_taas.services.taas.taas_plugin [None req-6f76bece-dde0-46e2-8ece-8c86325123d1 7fd49d88c2964182abf58b04f3a608a0 ca1085d1f87c403f9e3d956d2a5947a3 - - default default] TaaS: Handle Delete Port: 844e04cd-3f10-4e59-b4e1-69802eb98ab8
2026-07-08 11:04:21.108 7 INFO neutron_taas.services.taas.tap_mirror_plugin [None req-6f76bece-dde0-46e2-8ece-8c86325123d1 7fd49d88c2964182abf58b04f3a608a0 ca1085d1f87c403f9e3d956d2a5947a3 - - default default] Tap Mirror: Handle Delete Port: 844e04cd-3f10-4e59-b4e1-69802eb98ab8
2026-07-08 11:04:21.283 7 INFO neutron.services.segments.plugin [-] Segment 3db7d050-466a-45da-b90d-7be06dbabcc0 resource provider aggregate not found
2026-07-08 11:04:21.289 7 INFO neutron.services.segments.plugin [-] Segment 3db7d050-466a-45da-b90d-7be06dbabcc0 resource provider aggregate not found
2026-07-08 11:04:21.301 7 INFO neutron.services.segments.plugin [-] Client error retrieving segment 3db7d050-466a-45da-b90d-7be06dbabcc0 resource provider; error: Placement Client Error (4xx): {"errors": [{"status": 404, "title": "Not Found", "detail": "The resource could not be found.\n\n No resource provider with uuid 3db7d050-466a-45da-b90d-7be06dbabcc0 found for delete ", "request_id": "req-f9bb0f8d-1794-4a21-a140-2cc772efd4e7"}]}
2026-07-08 11:04:21.306 7 INFO neutron.services.segments.plugin [-] Client error retrieving segment 3db7d050-466a-45da-b90d-7be06dbabcc0 resource provider; error: Placement Client Error (4xx): {"errors": [{"status": 404, "title": "Not Found", "detail": "The resource could not be found.\n\n No resource provider with uuid 3db7d050-466a-45da-b90d-7be06dbabcc0 found for delete ", "request_id": "req-a1a7602b-a946-4423-974c-f750c86f95e3"}]} [pid: 7|app: 0|req: 589/1173] 10.0.0.161 () {32 vars in 725 bytes} [Wed Jul 8 11:04:21 2026] DELETE /v2.0/networks/f6dd83e8-c995-4824-9692-864158a349b4 => generated 0 bytes in 322 msecs (HTTP/1.1 204) 3 headers in 131 bytes (1 switches on core 0)
2026-07-08 11:04:21.421 8 INFO neutron.db.segments_db [None req-5b98213d-bd7b-478b-8b8b-893bfbca02b6 7fd49d88c2964182abf58b04f3a608a0 ca1085d1f87c403f9e3d956d2a5947a3 - - default default] Added segment 96518f16-bc2b-4406-8ec5-4bfc47b8479b of type geneve for network cf41fa1b-cf6f-43f8-a4a4-3817a731bbd1
2026-07-08 11:04:21.522 8 INFO neutron.db.ovn_revision_numbers_db [None req-5b98213d-bd7b-478b-8b8b-893bfbca02b6 7fd49d88c2964182abf58b04f3a608a0 ca1085d1f87c403f9e3d956d2a5947a3 - - default default] Successfully bumped revision number for resource cf41fa1b-cf6f-43f8-a4a4-3817a731bbd1 (type: networks) to 1 [pid: 7|app: 0|req: 590/1174] 10.0.0.161 () {32 vars in 739 bytes} [Wed Jul 8 11:04:21 2026] DELETE /v2.0/security-groups/664863a9-5d38-48fc-b368-43456871dec7 => generated 0 bytes in 146 msecs (HTTP/1.1 204) 2 headers in 112 bytes (1 switches on core 0)
2026-07-08 11:04:21.629 7 INFO neutron.api.v2.resource [None req-01d1fdf7-dfea-4211-bc68-581bb887c449 6af52a2f1a43413fb94fd8182b74c66e 0c7ecf06ecb6472b9568c957efd2ee5b - - default default] show failed (client error): The resource could not be found. [pid: 7|app: 0|req: 591/1175] 10.0.0.161 () {32 vars in 736 bytes} [Wed Jul 8 11:04:21 2026] GET /v2.0/security-groups/664863a9-5d38-48fc-b368-43456871dec7 => generated 146 bytes in 11 msecs (HTTP/1.1 404) 4 headers in 164 bytes (1 switches on core 0)
2026-07-08 11:04:21.714 8 WARNING neutron.scheduler.dhcp_agent_scheduler [None req-5b98213d-bd7b-478b-8b8b-893bfbca02b6 7fd49d88c2964182abf58b04f3a608a0 ca1085d1f87c403f9e3d956d2a5947a3 - - default default] No more DHCP agents
2026-07-08 11:04:21.715 8 WARNING neutron.api.rpc.agentnotifiers.dhcp_rpc_agent_api [None req-5b98213d-bd7b-478b-8b8b-893bfbca02b6 7fd49d88c2964182abf58b04f3a608a0 ca1085d1f87c403f9e3d956d2a5947a3 - - default default] Unable to schedule network cf41fa1b-cf6f-43f8-a4a4-3817a731bbd1: no agents available; will retry on subsequent port and subnet creation events.
2026-07-08 11:04:21.778 7 INFO neutron.plugins.ml2.drivers.ovn.mech_driver.mech_driver [None req-d6bd0d20-e06f-4cd6-a086-5b93081f798d - - - - - -] OVN reports status down for port: 5d782d92-69dc-4d6c-8d38-605f7a9b4a3a
