2026-07-08 11:07:32.386 8 INFO neutron.api.v2.resource [None req-79c720af-b2d8-4468-93f3-a4065d685a56 9b06240ee3174acb860f6f8c19539019 57f852cee73e4ce4b661e3ac3501851c - - default default] create failed (client error): Invalid input for peer_cidrs. Reason: '1.0.0.0/33' is not a valid IP subnet. [pid: 8|app: 0|req: 1401/2795] 10.0.0.161 () {34 vars in 706 bytes} [Wed Jul 8 11:07:32 2026] POST /v2.0/vpn/ipsec-site-connections => generated 149 bytes in 8 msecs (HTTP/1.1 400) 4 headers in 166 bytes (1 switches on core 0)
2026-07-08 11:07:32.507 8 INFO neutron.db.segments_db [None req-a8efd0ee-88d3-45c3-b395-64b7293623a6 9b06240ee3174acb860f6f8c19539019 57f852cee73e4ce4b661e3ac3501851c - - default default] Added segment 061b54f4-bafe-4b4f-9938-7ba57eb0463a of type geneve for network 5f2165e8-5d1e-46d0-a0a0-afeb53f7afd6
2026-07-08 11:07:32.611 8 INFO neutron.db.ovn_revision_numbers_db [None req-a8efd0ee-88d3-45c3-b395-64b7293623a6 9b06240ee3174acb860f6f8c19539019 57f852cee73e4ce4b661e3ac3501851c - - default default] Successfully bumped revision number for resource 5f2165e8-5d1e-46d0-a0a0-afeb53f7afd6 (type: networks) to 1
2026-07-08 11:07:32.761 8 WARNING neutron.scheduler.dhcp_agent_scheduler [None req-a8efd0ee-88d3-45c3-b395-64b7293623a6 9b06240ee3174acb860f6f8c19539019 57f852cee73e4ce4b661e3ac3501851c - - default default] No more DHCP agents
2026-07-08 11:07:32.763 8 WARNING neutron.api.rpc.agentnotifiers.dhcp_rpc_agent_api [None req-a8efd0ee-88d3-45c3-b395-64b7293623a6 9b06240ee3174acb860f6f8c19539019 57f852cee73e4ce4b661e3ac3501851c - - default default] Unable to schedule network 5f2165e8-5d1e-46d0-a0a0-afeb53f7afd6: no agents available; will retry on subsequent port and subnet creation events.
2026-07-08 11:07:32.835 8 INFO neutron.db.ovn_revision_numbers_db [None req-a8efd0ee-88d3-45c3-b395-64b7293623a6 9b06240ee3174acb860f6f8c19539019 57f852cee73e4ce4b661e3ac3501851c - - default default] Successfully bumped revision number for resource 1751ece6-08fb-4fe0-bfba-f6aafc514626 (type: ports) to 1 [pid: 8|app: 0|req: 1402/2796] 10.0.0.161 () {34 vars in 669 bytes} [Wed Jul 8 11:07:32 2026] POST /v2.0/networks => generated 670 bytes in 465 msecs (HTTP/1.1 201) 4 headers in 162 bytes (1 switches on core 0) [pid: 7|app: 0|req: 1395/2797] 10.0.0.161 () {34 vars in 788 bytes} [Wed Jul 8 11:07:31 2026] PUT /v2.0/routers/e1d63531-e3c5-44af-a336-5ed8c0b67078/remove_router_interface => generated 309 bytes in 994 msecs (HTTP/1.1 200) 4 headers in 157 bytes (1 switches on core 0) /var/lib/openstack/lib/python3.12/site-packages/pycadf/identifier.py:70: UserWarning: Invalid uuid: neutron. To ensure interoperability, identifiers should be a valid uuid. warnings.warn(('Invalid uuid: %s. To ensure interoperability, '
2026-07-08 11:07:33.125 8 WARNING neutron.scheduler.dhcp_agent_scheduler [None req-1cec595d-3f5a-4de2-9e28-24f6b2d99880 9b06240ee3174acb860f6f8c19539019 57f852cee73e4ce4b661e3ac3501851c - - default default] No more DHCP agents
2026-07-08 11:07:33.125 8 WARNING neutron.api.rpc.agentnotifiers.dhcp_rpc_agent_api [None req-1cec595d-3f5a-4de2-9e28-24f6b2d99880 9b06240ee3174acb860f6f8c19539019 57f852cee73e4ce4b661e3ac3501851c - - default default] Unable to schedule network 5f2165e8-5d1e-46d0-a0a0-afeb53f7afd6: no agents available; will retry on subsequent port and subnet creation events.
2026-07-08 11:07:33.279 7 INFO neutron_taas.services.taas.taas_plugin [None req-436ea8ff-ce31-410a-b977-c22a0f81d539 652b8bc6005440d9892947a82585e505 93c8113d526f4ac5a35f09fba83b56e3 - - default default] TaaS: Handle Delete Port: f82e0523-8909-4f65-beba-41017aa72461
2026-07-08 11:07:33.281 7 INFO neutron_taas.services.taas.tap_mirror_plugin [None req-436ea8ff-ce31-410a-b977-c22a0f81d539 652b8bc6005440d9892947a82585e505 93c8113d526f4ac5a35f09fba83b56e3 - - default default] Tap Mirror: Handle Delete Port: f82e0523-8909-4f65-beba-41017aa72461
2026-07-08 11:07:33.569 8 INFO neutron.db.ovn_revision_numbers_db [None req-351ea9cb-a91e-4ba0-a327-bef1f55cfe73 - - - - - -] Successfully bumped revision number for resource 1751ece6-08fb-4fe0-bfba-f6aafc514626 (type: ports) to 2
2026-07-08 11:07:33.596 8 INFO neutron.db.ovn_revision_numbers_db [None req-351ea9cb-a91e-4ba0-a327-bef1f55cfe73 - - - - - -] Successfully bumped revision number for resource 7e26f7d5-3ed7-4c48-b523-be58b85ead4a (type: subnets) to 0 [pid: 8|app: 0|req: 1403/2798] 10.0.0.161 () {34 vars in 668 bytes} [Wed Jul 8 11:07:32 2026] POST /v2.0/subnets => generated 629 bytes in 748 msecs (HTTP/1.1 201) 4 headers in 162 bytes (1 switches on core 0) [pid: 7|app: 0|req: 1396/2801] 10.0.0.161 () {32 vars in 723 bytes} [Wed Jul 8 11:07:32 2026] DELETE /v2.0/routers/e1d63531-e3c5-44af-a336-5ed8c0b67078 => generated 0 bytes in 771 msecs (HTTP/1.1 204) 2 headers in 112 bytes (1 switches on core 0) [pid: 7|app: 0|req: 1397/2802] 10.0.0.161 () {32 vars in 723 bytes} [Wed Jul 8 11:07:33 2026] DELETE /v2.0/subnets/5b18dc3b-49c4-4a35-ae0f-d362bbc8d6ca => generated 0 bytes in 173 msecs (HTTP/1.1 204) 3 headers in 131 bytes (1 switches on core 0)
2026-07-08 11:07:34.014 7 INFO neutron_taas.services.taas.taas_plugin [None req-5ca88336-a459-41f5-bb5e-8f3e6750679d 652b8bc6005440d9892947a82585e505 93c8113d526f4ac5a35f09fba83b56e3 - - default default] TaaS: Handle Delete Port: fcb71d96-da2e-42b1-8b55-7be80e94f5ac
2026-07-08 11:07:34.017 7 INFO neutron_taas.services.taas.tap_mirror_plugin [None req-5ca88336-a459-41f5-bb5e-8f3e6750679d 652b8bc6005440d9892947a82585e505 93c8113d526f4ac5a35f09fba83b56e3 - - default default] Tap Mirror: Handle Delete Port: fcb71d96-da2e-42b1-8b55-7be80e94f5ac
2026-07-08 11:07:34.080 8 WARNING neutron.scheduler.dhcp_agent_scheduler [None req-2f3b15e6-9c0f-406b-9070-74ca6980a4dd 9b06240ee3174acb860f6f8c19539019 57f852cee73e4ce4b661e3ac3501851c - - default default] No more DHCP agents
2026-07-08 11:07:34.082 8 WARNING neutron.api.rpc.agentnotifiers.dhcp_rpc_agent_api [None req-2f3b15e6-9c0f-406b-9070-74ca6980a4dd 9b06240ee3174acb860f6f8c19539019 57f852cee73e4ce4b661e3ac3501851c - - default default] Unable to schedule network dcfc18b2-52f3-40ca-acf0-2f1f6b9b20ec: no agents available; will retry on subsequent port and subnet creation events.
2026-07-08 11:07:34.105 7 WARNING neutron.plugins.ml2.drivers.ovn.mech_driver.ovsdb.ovn_client [None req-c0593ed9-13a6-40e2-8c29-ac475bd44c3d - - - - - -] No hosting information found for port cb3c4c8e-f3ea-46f9-a845-b5b45470efab: RuntimeError: No hosting information found for port cb3c4c8e-f3ea-46f9-a845-b5b45470efab
2026-07-08 11:07:34.230 8 INFO neutron.db.ovn_revision_numbers_db [None req-2f3b15e6-9c0f-406b-9070-74ca6980a4dd 9b06240ee3174acb860f6f8c19539019 57f852cee73e4ce4b661e3ac3501851c - - default default] Successfully bumped revision number for resource 5b68dce9-5266-4cba-a876-1f50f057ebab (type: ports) to 1
2026-07-08 11:07:34.255 7 INFO neutron.services.segments.plugin [-] Segment 2ade4c50-91be-480f-b84c-4b39745129ca resource provider aggregate not found
2026-07-08 11:07:34.265 7 INFO neutron.services.segments.plugin [-] Segment 2ade4c50-91be-480f-b84c-4b39745129ca resource provider aggregate not found
2026-07-08 11:07:34.284 7 INFO neutron.services.segments.plugin [-] Client error retrieving segment 2ade4c50-91be-480f-b84c-4b39745129ca resource provider; error: Placement Client Error (4xx): {"errors": [{"status": 404, "title": "Not Found", "detail": "The resource could not be found.\n\n No resource provider with uuid 2ade4c50-91be-480f-b84c-4b39745129ca found for delete ", "request_id": "req-5d19adce-d0a9-4f21-9548-882adb400007"}]}
2026-07-08 11:07:34.287 7 INFO neutron.services.segments.plugin [-] Client error retrieving segment 2ade4c50-91be-480f-b84c-4b39745129ca resource provider; error: Placement Client Error (4xx): {"errors": [{"status": 404, "title": "Not Found", "detail": "The resource could not be found.\n\n No resource provider with uuid 2ade4c50-91be-480f-b84c-4b39745129ca found for delete ", "request_id": "req-ee5508c5-8b89-4664-9633-13bd63105af8"}]}
2026-07-08 11:07:34.296 7 INFO neutron.db.ovn_revision_numbers_db [None req-c0593ed9-13a6-40e2-8c29-ac475bd44c3d - - - - - -] Successfully bumped revision number for resource cb3c4c8e-f3ea-46f9-a845-b5b45470efab (type: router_ports) to 2
2026-07-08 11:07:34.298 7 INFO neutron.plugins.ml2.drivers.ovn.mech_driver.mech_driver [None req-c0593ed9-13a6-40e2-8c29-ac475bd44c3d - - - - - -] OVN reports status down for port: 4a32e312-5b6b-413a-a777-cc4aa838a157
2026-07-08 11:07:34.317 7 INFO neutron.plugins.ml2.drivers.ovn.mech_driver.mech_driver [None req-c0593ed9-13a6-40e2-8c29-ac475bd44c3d - - - - - -] OVN reports status down for port: 006663d4-d7b5-4473-8551-c740ca8ecc55
2026-07-08 11:07:34.337 7 INFO neutron.plugins.ml2.drivers.ovn.mech_driver.mech_driver [None req-c0593ed9-13a6-40e2-8c29-ac475bd44c3d - - - - - -] OVN reports status up for port: 006663d4-d7b5-4473-8551-c740ca8ecc55 [pid: 7|app: 0|req: 1398/2803] 10.0.0.161 () {32 vars in 725 bytes} [Wed Jul 8 11:07:33 2026] DELETE /v2.0/networks/27009524-363a-4461-92fd-735ca8ff5ad5 => generated 0 bytes in 449 msecs (HTTP/1.1 204) 3 headers in 131 bytes (1 switches on core 0)
2026-07-08 11:07:34.362 7 INFO neutron.plugins.ml2.drivers.ovn.mech_driver.mech_driver [None req-c0593ed9-13a6-40e2-8c29-ac475bd44c3d - - - - - -] OVN reports status down for port: e8d07f97-7215-48a6-80cf-e76a8edf2694
2026-07-08 11:07:34.412 7 INFO neutron.plugins.ml2.drivers.ovn.mech_driver.mech_driver [None req-c0593ed9-13a6-40e2-8c29-ac475bd44c3d - - - - - -] OVN reports status down for port: 1751ece6-08fb-4fe0-bfba-f6aafc514626
2026-07-08 11:07:34.467 7 INFO neutron.plugins.ml2.drivers.ovn.mech_driver.mech_driver [None req-c0593ed9-13a6-40e2-8c29-ac475bd44c3d - - - - - -] OVN reports status down for port: 5b68dce9-5266-4cba-a876-1f50f057ebab [pid: 7|app: 0|req: 1399/2804] 10.0.0.161 () {32 vars in 773 bytes} [Wed Jul 8 11:07:34 2026] GET /v2.0/security-groups?tenant_id=616caac8dcd146b3bbcc1eb84882d551&name=default => generated 2925 bytes in 51 msecs (HTTP/1.1 200) 4 headers in 158 bytes (1 switches on core 0) [pid: 7|app: 0|req: 1400/2805] 10.0.0.161 () {32 vars in 739 bytes} [Wed Jul 8 11:07:34 2026] DELETE /v2.0/security-groups/0aeff335-0703-487d-910d-7b24ff80fcc5 => generated 0 bytes in 222 msecs (HTTP/1.1 204) 2 headers in 112 bytes (1 switches on core 0)
2026-07-08 11:07:34.758 8 INFO neutron.plugins.ml2.drivers.ovn.mech_driver.ovsdb.commands [None req-f44ce4e4-8482-4fb2-8785-a7453beae8c3 - - - - - -] Schedule LRP lrp-5b68dce9-5266-4cba-a876-1f50f057ebab on gateway 241f1c52-b4b7-40fa-b9e1-56e96ae6f316 with priority 1
2026-07-08 11:07:34.784 7 INFO neutron.plugins.ml2.drivers.ovn.mech_driver.mech_driver [None req-c0593ed9-13a6-40e2-8c29-ac475bd44c3d - - - - - -] OVN reports status up for port: 5b68dce9-5266-4cba-a876-1f50f057ebab
2026-07-08 11:07:34.798 7 INFO neutron.plugins.ml2.plugin [None req-c0593ed9-13a6-40e2-8c29-ac475bd44c3d - - - - - -] Attempt 1 to provision port 5b68dce9-5266-4cba-a876-1f50f057ebab
2026-07-08 11:07:34.814 8 INFO neutron.db.ovn_revision_numbers_db [None req-2f3b15e6-9c0f-406b-9070-74ca6980a4dd 9b06240ee3174acb860f6f8c19539019 57f852cee73e4ce4b661e3ac3501851c - - default default] Successfully bumped revision number for resource 5b68dce9-5266-4cba-a876-1f50f057ebab (type: router_ports) to 1
2026-07-08 11:07:34.865 8 INFO neutron.db.ovn_revision_numbers_db [None req-2f3b15e6-9c0f-406b-9070-74ca6980a4dd 9b06240ee3174acb860f6f8c19539019 57f852cee73e4ce4b661e3ac3501851c - - default default] Successfully bumped revision number for resource 12fdaf39-3050-408e-8d9a-328eef7a5dd7 (type: routers) to 2 [pid: 8|app: 0|req: 1406/2806] 10.0.0.161 () {34 vars in 668 bytes} [Wed Jul 8 11:07:33 2026] POST /v2.0/routers => generated 936 bytes in 1265 msecs (HTTP/1.1 201) 4 headers in 162 bytes (1 switches on core 0)
2026-07-08 11:07:34.986 7 INFO neutron.api.v2.resource [None req-b020b5e6-e3a1-4321-9c30-5d86f43d4faf 927b1805f07345c7989eaf8a89c6c45d dad1e50cbd6e4e2288458ccc1113ebfd - - default default] create failed (client error): The server could not comply with the request since it is either malformed or otherwise incorrect. [pid: 7|app: 0|req: 1401/2807] 10.0.0.161 () {34 vars in 684 bytes} [Wed Jul 8 11:07:34 2026] POST /v2.0/vpn/vpnservices => generated 194 bytes in 98 msecs (HTTP/1.1 400) 4 headers in 166 bytes (1 switches on core 0)
2026-07-08 11:07:35.130 8 INFO neutron_taas.services.taas.taas_plugin [None req-33593f5e-2cea-4e76-a980-a5df7807fbd5 927b1805f07345c7989eaf8a89c6c45d dad1e50cbd6e4e2288458ccc1113ebfd - - default default] TaaS: Handle Delete Port: 1751ece6-08fb-4fe0-bfba-f6aafc514626
2026-07-08 11:07:35.132 8 INFO neutron_taas.services.taas.tap_mirror_plugin [None req-33593f5e-2cea-4e76-a980-a5df7807fbd5 927b1805f07345c7989eaf8a89c6c45d dad1e50cbd6e4e2288458ccc1113ebfd - - default default] Tap Mirror: Handle Delete Port: 1751ece6-08fb-4fe0-bfba-f6aafc514626
2026-07-08 11:07:35.419 8 INFO neutron.services.segments.plugin [-] Segment 061b54f4-bafe-4b4f-9938-7ba57eb0463a resource provider aggregate not found
2026-07-08 11:07:35.425 8 INFO neutron.services.segments.plugin [-] Segment 061b54f4-bafe-4b4f-9938-7ba57eb0463a resource provider aggregate not found
2026-07-08 11:07:35.440 8 INFO neutron.services.segments.plugin [-] Client error retrieving segment 061b54f4-bafe-4b4f-9938-7ba57eb0463a resource provider; error: Placement Client Error (4xx): {"errors": [{"status": 404, "title": "Not Found", "detail": "The resource could not be found.\n\n No resource provider with uuid 061b54f4-bafe-4b4f-9938-7ba57eb0463a found for delete ", "request_id": "req-f90cc417-9b3e-440b-8b26-5dfe76885ba8"}]}
2026-07-08 11:07:35.440 8 INFO neutron.services.segments.plugin [-] Client error retrieving segment 061b54f4-bafe-4b4f-9938-7ba57eb0463a resource provider; error: Placement Client Error (4xx): {"errors": [{"status": 404, "title": "Not Found", "detail": "The resource could not be found.\n\n No resource provider with uuid 061b54f4-bafe-4b4f-9938-7ba57eb0463a found for delete ", "request_id": "req-6a827725-415a-4c38-ad56-47c6d683c63d"}]} [pid: 8|app: 0|req: 1407/2808] 10.0.0.161 () {32 vars in 725 bytes} [Wed Jul 8 11:07:34 2026] DELETE /v2.0/networks/5f2165e8-5d1e-46d0-a0a0-afeb53f7afd6 => generated 0 bytes in 467 msecs (HTTP/1.1 204) 3 headers in 131 bytes (1 switches on core 0)
2026-07-08 11:07:35.733 7 INFO neutron_taas.services.taas.taas_plugin [None req-b84af29e-aada-4dae-9afd-230c9aae157e 927b1805f07345c7989eaf8a89c6c45d dad1e50cbd6e4e2288458ccc1113ebfd - - default default] TaaS: Handle Delete Port: 5b68dce9-5266-4cba-a876-1f50f057ebab
2026-07-08 11:07:35.736 7 INFO neutron_taas.services.taas.tap_mirror_plugin [None req-b84af29e-aada-4dae-9afd-230c9aae157e 927b1805f07345c7989eaf8a89c6c45d dad1e50cbd6e4e2288458ccc1113ebfd - - default default] Tap Mirror: Handle Delete Port: 5b68dce9-5266-4cba-a876-1f50f057ebab [pid: 7|app: 0|req: 1402/2809] 10.0.0.161 () {32 vars in 723 bytes} [Wed Jul 8 11:07:35 2026] DELETE /v2.0/routers/12fdaf39-3050-408e-8d9a-328eef7a5dd7 => generated 0 bytes in 567 msecs (HTTP/1.1 204) 2 headers in 112 bytes (1 switches on core 0)
2026-07-08 11:07:36.048 8 WARNING neutron.api.v2.base [None req-89e3b23f-60d5-4fb6-8da2-e29d5a3c0816 9b06240ee3174acb860f6f8c19539019 57f852cee73e4ce4b661e3ac3501851c - - default default] An exception happened while processing the request body. The exception message is [Invalid input for description. Reason: 'yyyyyyyyyyyyyyyyyyyyyyyyyyyyyyyyyyyyyyyyyyyyyyyyyyyyyyyyyyyyyyyyyyyyyyyyyyyyyyyyyyyyyyyyyyyyyyyyyyyyyyyyyyyyyyyyyyyyyyyyyyyyyyyyyyyyyyyyyyyyyyyyyyyyyyyyyyyyyyyyyyyyyyyyyyyyyyyyyyyyyyyyyyyyyyyyyyyyyyyyyyyyyyyyyyyyyyyyyyyyyyyyyyyyyyyyyyyyyyyyyyyyyyyyyyyyyyyy' exceeds maximum length of 255.].: webob.exc.HTTPBadRequest: Invalid input for description. Reason: 'yyyyyyyyyyyyyyyyyyyyyyyyyyyyyyyyyyyyyyyyyyyyyyyyyyyyyyyyyyyyyyyyyyyyyyyyyyyyyyyyyyyyyyyyyyyyyyyyyyyyyyyyyyyyyyyyyyyyyyyyyyyyyyyyyyyyyyyyyyyyyyyyyyyyyyyyyyyyyyyyyyyyyyyyyyyyyyyyyyyyyyyyyyyyyyyyyyyyyyyyyyyyyyyyyyyyyyyyyyyyyyyyyyyyyyyyyyyyyyyyyyyyyyyyyyyyyyyy' exceeds maximum length of 255.
2026-07-08 11:07:36.049 8 INFO neutron.api.v2.resource [None req-89e3b23f-60d5-4fb6-8da2-e29d5a3c0816 9b06240ee3174acb860f6f8c19539019 57f852cee73e4ce4b661e3ac3501851c - - default default] create failed (client error): Invalid input for description. Reason: 'yyyyyyyyyyyyyyyyyyyyyyyyyyyyyyyyyyyyyyyyyyyyyyyyyyyyyyyyyyyyyyyyyyyyyyyyyyyyyyyyyyyyyyyyyyyyyyyyyyyyyyyyyyyyyyyyyyyyyyyyyyyyyyyyyyyyyyyyyyyyyyyyyyyyyyyyyyyyyyyyyyyyyyyyyyyyyyyyyyyyyyyyyyyyyyyyyyyyyyyyyyyyyyyyyyyyyyyyyyyyyyyyyyyyyyyyyyyyyyyyyyyyyyyyyyyyyyyy' exceeds maximum length of 255. [pid: 8|app: 0|req: 1408/2810] 10.0.0.161 () {34 vars in 684 bytes} [Wed Jul 8 11:07:36 2026] POST /v2.0/vpn/vpnservices => generated 401 bytes in 7 msecs (HTTP/1.1 400) 4 headers in 166 bytes (1 switches on core 0)
2026-07-08 11:07:36.064 7 WARNING neutron.api.v2.base [None req-640f43ae-99e0-436f-b22a-32642c4181de 9b06240ee3174acb860f6f8c19539019 57f852cee73e4ce4b661e3ac3501851c - - default default] An exception happened while processing the request body. The exception message is [Invalid input for name. Reason: 'xxxxxxxxxxxxxxxxxxxxxxxxxxxxxxxxxxxxxxxxxxxxxxxxxxxxxxxxxxxxxxxxxxxxxxxxxxxxxxxxxxxxxxxxxxxxxxxxxxxxxxxxxxxxxxxxxxxxxxxxxxxxxxxxxxxxxxxxxxxxxxxxxxxxxxxxxxxxxxxxxxxxxxxxxxxxxxxxxxxxxxxxxxxxxxxxxxxxxxxxxxxxxxxxxxxxxxxxxxxxxxxxxxxxxxxxxxxxxxxxxxxxxxxxxxxxxxxx' exceeds maximum length of 255.].: webob.exc.HTTPBadRequest: Invalid input for name. Reason: 'xxxxxxxxxxxxxxxxxxxxxxxxxxxxxxxxxxxxxxxxxxxxxxxxxxxxxxxxxxxxxxxxxxxxxxxxxxxxxxxxxxxxxxxxxxxxxxxxxxxxxxxxxxxxxxxxxxxxxxxxxxxxxxxxxxxxxxxxxxxxxxxxxxxxxxxxxxxxxxxxxxxxxxxxxxxxxxxxxxxxxxxxxxxxxxxxxxxxxxxxxxxxxxxxxxxxxxxxxxxxxxxxxxxxxxxxxxxxxxxxxxxxxxxxxxxxxxxx' exceeds maximum length of 255.
2026-07-08 11:07:36.065 7 INFO neutron.api.v2.resource [None req-640f43ae-99e0-436f-b22a-32642c4181de 9b06240ee3174acb860f6f8c19539019 57f852cee73e4ce4b661e3ac3501851c - - default default] create failed (client error): Invalid input for name. Reason: 'xxxxxxxxxxxxxxxxxxxxxxxxxxxxxxxxxxxxxxxxxxxxxxxxxxxxxxxxxxxxxxxxxxxxxxxxxxxxxxxxxxxxxxxxxxxxxxxxxxxxxxxxxxxxxxxxxxxxxxxxxxxxxxxxxxxxxxxxxxxxxxxxxxxxxxxxxxxxxxxxxxxxxxxxxxxxxxxxxxxxxxxxxxxxxxxxxxxxxxxxxxxxxxxxxxxxxxxxxxxxxxxxxxxxxxxxxxxxxxxxxxxxxxxxxxxxxxxx' exceeds maximum length of 255. [pid: 7|app: 0|req: 1403/2811] 10.0.0.161 () {34 vars in 684 bytes} [Wed Jul 8 11:07:36 2026] POST /v2.0/vpn/vpnservices => generated 394 bytes in 9 msecs (HTTP/1.1 400) 4 headers in 166 bytes (1 switches on core 0)
2026-07-08 11:07:36.102 8 INFO neutron.api.v2.resource [None req-b5a987d6-2bb0-4bdf-9b12-8e5e189ea29b 9b06240ee3174acb860f6f8c19539019 57f852cee73e4ce4b661e3ac3501851c - - default default] create failed (client error): The server could not comply with the request since it is either malformed or otherwise incorrect. [pid: 8|app: 0|req: 1409/2812] 10.0.0.161 () {34 vars in 692 bytes} [Wed Jul 8 11:07:36 2026] POST /v2.0/vpn/endpoint-groups => generated 183 bytes in 32 msecs (HTTP/1.1 400) 4 headers in 166 bytes (1 switches on core 0)
2026-07-08 11:07:36.142 7 INFO neutron.api.v2.resource [None req-753016d8-afc9-495d-a8f5-993017565087 9b06240ee3174acb860f6f8c19539019 57f852cee73e4ce4b661e3ac3501851c - - default default] create failed (client error): The server could not comply with the request since it is either malformed or otherwise incorrect. [pid: 7|app: 0|req: 1404/2813] 10.0.0.161 () {34 vars in 692 bytes} [Wed Jul 8 11:07:36 2026] POST /v2.0/vpn/endpoint-groups => generated 160 bytes in 35 msecs (HTTP/1.1 400) 4 headers in 166 bytes (1 switches on core 0)
2026-07-08 11:07:36.178 8 INFO neutron.api.v2.resource [None req-cac69157-5c93-4add-933c-89c5c7c35dbc 9b06240ee3174acb860f6f8c19539019 57f852cee73e4ce4b661e3ac3501851c - - default default] create failed (client error): The server could not comply with the request since it is either malformed or otherwise incorrect. [pid: 8|app: 0|req: 1410/2814] 10.0.0.161 () {34 vars in 692 bytes} [Wed Jul 8 11:07:36 2026] POST /v2.0/vpn/endpoint-groups => generated 154 bytes in 29 msecs (HTTP/1.1 400) 4 headers in 166 bytes (1 switches on core 0) [pid: 7|app: 0|req: 1405/2815] 10.0.0.161 () {32 vars in 662 bytes} [Wed Jul 8 11:07:36 2026] GET /v2.0/vpn/ikepolicies => generated 407 bytes in 12 msecs (HTTP/1.1 200) 4 headers in 157 bytes (1 switches on core 0) [pid: 8|app: 0|req: 1411/2816] 10.0.0.161 () {32 vars in 666 bytes} [Wed Jul 8 11:07:36 2026] GET /v2.0/vpn/ipsecpolicies => generated 417 bytes in 28 msecs (HTTP/1.1 200) 4 headers in 157 bytes (1 switches on core 0) [pid: 7|app: 0|req: 1406/2817] 10.0.0.161 () {32 vars in 684 bytes} [Wed Jul 8 11:07:36 2026] GET /v2.0/vpn/ipsec-site-connections => generated 806 bytes in 13 msecs (HTTP/1.1 200) 4 headers in 157 bytes (1 switches on core 0) [pid: 8|app: 0|req: 1412/2818] 10.0.0.161 () {32 vars in 662 bytes} [Wed Jul 8 11:07:36 2026] GET /v2.0/vpn/vpnservices => generated 869 bytes in 11 msecs (HTTP/1.1 200) 4 headers in 157 bytes (1 switches on core 0) [pid: 7|app: 0|req: 1407/2819] 10.0.0.161 () {32 vars in 744 bytes} [Wed Jul 8 11:07:36 2026] GET /v2.0/vpn/endpoint-groups/e1d5bfef-0949-4063-b458-580b91a5e081 => generated 329 bytes in 11 msecs (HTTP/1.1 200) 4 headers in 157 bytes (1 switches on core 0) [pid: 8|app: 0|req: 1413/2820] 10.0.0.161 () {32 vars in 744 bytes} [Wed Jul 8 11:07:36 2026] GET /v2.0/vpn/endpoint-groups/2bfc3d7b-7911-41dc-b6f7-eb5bc1c4b71e => generated 319 bytes in 12 msecs (HTTP/1.1 200) 4 headers in 157 bytes (1 switches on core 0) [pid: 7|app: 0|req: 1408/2821] 10.0.0.161 () {32 vars in 736 bytes} [Wed Jul 8 11:07:36 2026] GET /v2.0/vpn/ikepolicies/325a73d7-ca3e-4248-b46f-ec15fee57a8a => generated 403 bytes in 10 msecs (HTTP/1.1 200) 4 headers in 157 bytes (1 switches on core 0) [pid: 8|app: 0|req: 1414/2822] 10.0.0.161 () {32 vars in 740 bytes} [Wed Jul 8 11:07:36 2026] GET /v2.0/vpn/ipsecpolicies/7136306d-a82b-45af-aa2d-62f04486b8a0 => generated 413 bytes in 11 msecs (HTTP/1.1 200) 4 headers in 157 bytes (1 switches on core 0) [pid: 7|app: 0|req: 1409/2823] 10.0.0.161 () {32 vars in 736 bytes} [Wed Jul 8 11:07:36 2026] GET /v2.0/vpn/vpnservices/816a270e-918d-43ed-8d55-491b0c52a063 => generated 456 bytes in 8 msecs (HTTP/1.1 200) 4 headers in 157 bytes (1 switches on core 0)
2026-07-08 11:07:36.845 8 INFO neutron.db.ovn_revision_numbers_db [None req-a733157d-85b5-4426-9638-f5c400ebfcb1 9b06240ee3174acb860f6f8c19539019 57f852cee73e4ce4b661e3ac3501851c - - default default] Successfully bumped revision number for resource 78633ba4-6bc4-4405-b60e-d5a03dfa8e57 (type: routers) to 10 [pid: 8|app: 0|req: 1415/2824] 10.0.0.161 () {32 vars in 761 bytes} [Wed Jul 8 11:07:36 2026] DELETE /v2.0/vpn/ipsec-site-connections/0766f400-4e04-42aa-802e-0720b2c6c2b8 => generated 0 bytes in 514 msecs (HTTP/1.1 204) 2 headers in 112 bytes (1 switches on core 0) [pid: 7|app: 0|req: 1410/2825] 10.0.0.161 () {32 vars in 747 bytes} [Wed Jul 8 11:07:36 2026] DELETE /v2.0/vpn/endpoint-groups/e1d5bfef-0949-4063-b458-580b91a5e081 => generated 0 bytes in 20 msecs (HTTP/1.1 204) 2 headers in 112 bytes (1 switches on core 0) [pid: 8|app: 0|req: 1416/2826] 10.0.0.161 () {32 vars in 747 bytes} [Wed Jul 8 11:07:36 2026] DELETE /v2.0/vpn/endpoint-groups/2bfc3d7b-7911-41dc-b6f7-eb5bc1c4b71e => generated 0 bytes in 23 msecs (HTTP/1.1 204) 2 headers in 112 bytes (1 switches on core 0) [pid: 7|app: 0|req: 1411/2827] 10.0.0.161 () {32 vars in 743 bytes} [Wed Jul 8 11:07:36 2026] DELETE /v2.0/vpn/ipsecpolicies/7136306d-a82b-45af-aa2d-62f04486b8a0 => generated 0 bytes in 20 msecs (HTTP/1.1 204) 2 headers in 112 bytes (1 switches on core 0) [pid: 8|app: 0|req: 1417/2828] 10.0.0.161 () {32 vars in 739 bytes} [Wed Jul 8 11:07:36 2026] DELETE /v2.0/vpn/ikepolicies/325a73d7-ca3e-4248-b46f-ec15fee57a8a => generated 0 bytes in 32 msecs (HTTP/1.1 204) 2 headers in 112 bytes (1 switches on core 0) [pid: 7|app: 0|req: 1412/2829] 10.0.0.161 () {32 vars in 739 bytes} [Wed Jul 8 11:07:36 2026] DELETE /v2.0/vpn/vpnservices/816a270e-918d-43ed-8d55-491b0c52a063 => generated 0 bytes in 47 msecs (HTTP/1.1 204) 2 headers in 112 bytes (1 switches on core 0)
2026-07-08 11:07:37.283 8 INFO neutron_taas.services.taas.taas_plugin [None req-a3106c10-4b93-43b9-9da7-08aee4217161 9b06240ee3174acb860f6f8c19539019 57f852cee73e4ce4b661e3ac3501851c - - default default] TaaS: Handle Delete Port: bcd994ec-0430-47e4-a1a2-d58a0ef8ddf1
2026-07-08 11:07:37.286 8 INFO neutron_taas.services.taas.tap_mirror_plugin [None req-a3106c10-4b93-43b9-9da7-08aee4217161 9b06240ee3174acb860f6f8c19539019 57f852cee73e4ce4b661e3ac3501851c - - default default] Tap Mirror: Handle Delete Port: bcd994ec-0430-47e4-a1a2-d58a0ef8ddf1
2026-07-08 11:07:37.542 8 INFO neutron_taas.services.taas.taas_plugin [None req-1704f194-2650-43a2-a6e8-9eb3e9e71f07 - - - - - -] TaaS: Handle Delete Port: 487debbe-8ab2-491b-bf1d-2679175985d6
2026-07-08 11:07:37.545 8 INFO neutron_taas.services.taas.tap_mirror_plugin [None req-1704f194-2650-43a2-a6e8-9eb3e9e71f07 - - - - - -] Tap Mirror: Handle Delete Port: 487debbe-8ab2-491b-bf1d-2679175985d6
2026-07-08 11:07:37.933 8 INFO neutron_taas.services.taas.taas_plugin [None req-6d61c8ae-dc06-4d6d-a63c-39729bff307f - - - - - -] TaaS: Handle Delete Port: 8459f9e2-26d7-49cc-b603-80cbb4405a26
2026-07-08 11:07:37.936 8 INFO neutron_taas.services.taas.tap_mirror_plugin [None req-6d61c8ae-dc06-4d6d-a63c-39729bff307f - - - - - -] Tap Mirror: Handle Delete Port: 8459f9e2-26d7-49cc-b603-80cbb4405a26
2026-07-08 11:07:38.676 7 INFO neutron.db.ovn_revision_numbers_db [None req-8447cfdb-31bc-4669-90a8-6db7261ce373 8e3d39e4a90a444eb51c60834f04bf43 443b9ecb22e842418447b5e3fc057547 - - default default] Successfully bumped revision number for resource 2a9ecb2a-4ef8-4213-a169-fc428f2bb20f (type: security_groups) to 1
2026-07-08 11:07:38.688 7 INFO neutron.db.ovn_revision_numbers_db [None req-8447cfdb-31bc-4669-90a8-6db7261ce373 8e3d39e4a90a444eb51c60834f04bf43 443b9ecb22e842418447b5e3fc057547 - - default default] Successfully bumped revision number for resource 22b134e9-cab0-4e42-9442-1627a50fb465 (type: security_group_rules) to 0
2026-07-08 11:07:38.701 7 INFO neutron.db.ovn_revision_numbers_db [None req-8447cfdb-31bc-4669-90a8-6db7261ce373 8e3d39e4a90a444eb51c60834f04bf43 443b9ecb22e842418447b5e3fc057547 - - default default] Successfully bumped revision number for resource 7b8896a5-3da6-4147-8b50-694f7b0a1bf4 (type: security_group_rules) to 0
2026-07-08 11:07:38.712 7 INFO neutron.db.ovn_revision_numbers_db [None req-8447cfdb-31bc-4669-90a8-6db7261ce373 8e3d39e4a90a444eb51c60834f04bf43 443b9ecb22e842418447b5e3fc057547 - - default default] Successfully bumped revision number for resource 91496be3-dd6f-4160-961b-490b1be085ad (type: security_group_rules) to 0
2026-07-08 11:07:38.724 7 INFO neutron.db.ovn_revision_numbers_db [None req-8447cfdb-31bc-4669-90a8-6db7261ce373 8e3d39e4a90a444eb51c60834f04bf43 443b9ecb22e842418447b5e3fc057547 - - default default] Successfully bumped revision number for resource b35d7840-20ff-45ac-bd5e-63e5172b76d7 (type: security_group_rules) to 0
2026-07-08 11:07:38.804 7 INFO neutron.db.segments_db [None req-8447cfdb-31bc-4669-90a8-6db7261ce373 8e3d39e4a90a444eb51c60834f04bf43 443b9ecb22e842418447b5e3fc057547 - - default default] Added segment 652799b7-4386-4845-9792-8cf1719f188a of type geneve for network 65869dc6-09e2-4661-b143-65898e830b2c
2026-07-08 11:07:38.916 7 INFO neutron.db.ovn_revision_numbers_db [None req-8447cfdb-31bc-4669-90a8-6db7261ce373 8e3d39e4a90a444eb51c60834f04bf43 443b9ecb22e842418447b5e3fc057547 - - default default] Successfully bumped revision number for resource 65869dc6-09e2-4661-b143-65898e830b2c (type: networks) to 1
2026-07-08 11:07:39.091 7 WARNING neutron.scheduler.dhcp_agent_scheduler [None req-8447cfdb-31bc-4669-90a8-6db7261ce373 8e3d39e4a90a444eb51c60834f04bf43 443b9ecb22e842418447b5e3fc057547 - - default default] No more DHCP agents
2026-07-08 11:07:39.092 7 WARNING neutron.api.rpc.agentnotifiers.dhcp_rpc_agent_api [None req-8447cfdb-31bc-4669-90a8-6db7261ce373 8e3d39e4a90a444eb51c60834f04bf43 443b9ecb22e842418447b5e3fc057547 - - default default] Unable to schedule network 65869dc6-09e2-4661-b143-65898e830b2c: no agents available; will retry on subsequent port and subnet creation events.
2026-07-08 11:07:39.180 7 INFO neutron.db.ovn_revision_numbers_db [None req-8447cfdb-31bc-4669-90a8-6db7261ce373 8e3d39e4a90a444eb51c60834f04bf43 443b9ecb22e842418447b5e3fc057547 - - default default] Successfully bumped revision number for resource b57a691d-8d52-47ae-b643-5a54baf6c359 (type: ports) to 1 [pid: 7|app: 0|req: 1413/2830] 10.0.0.161 () {34 vars in 669 bytes} [Wed Jul 8 11:07:38 2026] POST /v2.0/networks => generated 678 bytes in 841 msecs (HTTP/1.1 201) 4 headers in 162 bytes (1 switches on core 0)
2026-07-08 11:07:39.238 8 INFO neutron.plugins.ml2.drivers.ovn.mech_driver.mech_driver [None req-59568e9d-370b-43dd-b034-0ad830eaebe0 - - - - - -] OVN reports status down for port: b57a691d-8d52-47ae-b643-5a54baf6c359
2026-07-08 11:07:39.285 8 INFO neutron_taas.services.taas.taas_plugin [None req-6d61c8ae-dc06-4d6d-a63c-39729bff307f - - - - - -] TaaS: Handle Delete Port: 087b85aa-d4ea-4017-95e9-4eeef8ca2505
2026-07-08 11:07:39.292 8 INFO neutron_taas.services.taas.tap_mirror_plugin [None req-6d61c8ae-dc06-4d6d-a63c-39729bff307f - - - - - -] Tap Mirror: Handle Delete Port: 087b85aa-d4ea-4017-95e9-4eeef8ca2505
2026-07-08 11:07:39.381 7 INFO neutron.db.ovn_revision_numbers_db [None req-539c63c4-99a3-40a5-97ff-8b1fb86c2b9e d9239d0499a64c78aabc709b1450535f 35c995bbcced472b9a980954d632213d - - default default] Successfully bumped revision number for resource 1e323b01-7c89-4cfd-8176-387b085d3548 (type: security_groups) to 1
2026-07-08 11:07:39.395 7 INFO neutron.db.ovn_revision_numbers_db [None req-539c63c4-99a3-40a5-97ff-8b1fb86c2b9e d9239d0499a64c78aabc709b1450535f 35c995bbcced472b9a980954d632213d - - default default] Successfully bumped revision number for resource 64c684a4-5e19-4970-baa9-454514c4713f (type: security_group_rules) to 0
2026-07-08 11:07:39.408 7 INFO neutron.db.ovn_revision_numbers_db [None req-539c63c4-99a3-40a5-97ff-8b1fb86c2b9e d9239d0499a64c78aabc709b1450535f 35c995bbcced472b9a980954d632213d - - default default] Successfully bumped revision number for resource a98823d1-6c7f-447e-9631-8f27acdc4b1b (type: security_group_rules) to 0
2026-07-08 11:07:39.417 7 INFO neutron.db.ovn_revision_numbers_db [None req-539c63c4-99a3-40a5-97ff-8b1fb86c2b9e d9239d0499a64c78aabc709b1450535f 35c995bbcced472b9a980954d632213d - - default default] Successfully bumped revision number for resource d67bb5c3-aa1d-4434-a90c-6ac9dae2be34 (type: security_group_rules) to 0
2026-07-08 11:07:39.429 7 INFO neutron.db.ovn_revision_numbers_db [None req-539c63c4-99a3-40a5-97ff-8b1fb86c2b9e d9239d0499a64c78aabc709b1450535f 35c995bbcced472b9a980954d632213d - - default default] Successfully bumped revision number for resource e50c9323-4af0-4227-9cea-a9d929b42ef3 (type: security_group_rules) to 0
2026-07-08 11:07:39.516 7 INFO neutron.db.segments_db [None req-539c63c4-99a3-40a5-97ff-8b1fb86c2b9e d9239d0499a64c78aabc709b1450535f 35c995bbcced472b9a980954d632213d - - default default] Added segment 0b385b21-b361-4f97-91ba-492b7b12b0b7 of type geneve for network 848a661f-07bf-423f-8215-72846295927d
2026-07-08 11:07:39.538 8 INFO neutron.services.segments.plugin [-] Segment 7cee7f25-fc8a-42e2-b6b9-1e3e925b5a71 resource provider aggregate not found
2026-07-08 11:07:39.546 8 INFO neutron.services.segments.plugin [-] Segment 7cee7f25-fc8a-42e2-b6b9-1e3e925b5a71 resource provider aggregate not found
2026-07-08 11:07:39.555 8 INFO neutron.services.segments.plugin [-] Client error retrieving segment 7cee7f25-fc8a-42e2-b6b9-1e3e925b5a71 resource provider; error: Placement Client Error (4xx): {"errors": [{"status": 404, "title": "Not Found", "detail": "The resource could not be found.\n\n No resource provider with uuid 7cee7f25-fc8a-42e2-b6b9-1e3e925b5a71 found for delete ", "request_id": "req-c3f9686a-73ad-4c48-83bf-e8536cdf70e7"}]}
2026-07-08 11:07:39.559 8 INFO neutron.services.segments.plugin [-] Client error retrieving segment 7cee7f25-fc8a-42e2-b6b9-1e3e925b5a71 resource provider; error: Placement Client Error (4xx): {"errors": [{"status": 404, "title": "Not Found", "detail": "The resource could not be found.\n\n No resource provider with uuid 7cee7f25-fc8a-42e2-b6b9-1e3e925b5a71 found for delete ", "request_id": "req-9f996bb0-8b4a-4ba3-b703-b40e341f2e0b"}]} [pid: 8|app: 0|req: 1418/2831] 10.0.0.161 () {32 vars in 739 bytes} [Wed Jul 8 11:07:37 2026] DELETE /v2.0/vpn/vpnservices/49e48a78-de37-404a-a83e-dea7a7e34af5 => generated 0 bytes in 2555 msecs (HTTP/1.1 204) 2 headers in 112 bytes (1 switches on core 0) /var/lib/openstack/lib/python3.12/site-packages/pycadf/identifier.py:70: UserWarning: Invalid uuid: neutron. To ensure interoperability, identifiers should be a valid uuid. warnings.warn(('Invalid uuid: %s. To ensure interoperability, '
2026-07-08 11:07:39.629 7 INFO neutron.db.ovn_revision_numbers_db [None req-539c63c4-99a3-40a5-97ff-8b1fb86c2b9e d9239d0499a64c78aabc709b1450535f 35c995bbcced472b9a980954d632213d - - default default] Successfully bumped revision number for resource 848a661f-07bf-423f-8215-72846295927d (type: networks) to 1
2026-07-08 11:07:39.763 8 WARNING neutron.scheduler.dhcp_agent_scheduler [None req-0c55a068-dc60-4925-97ba-1a8b3eee6d86 8e3d39e4a90a444eb51c60834f04bf43 443b9ecb22e842418447b5e3fc057547 - - default default] No more DHCP agents
2026-07-08 11:07:39.764 8 WARNING neutron.api.rpc.agentnotifiers.dhcp_rpc_agent_api [None req-0c55a068-dc60-4925-97ba-1a8b3eee6d86 8e3d39e4a90a444eb51c60834f04bf43 443b9ecb22e842418447b5e3fc057547 - - default default] Unable to schedule network 65869dc6-09e2-4661-b143-65898e830b2c: no agents available; will retry on subsequent port and subnet creation events.
2026-07-08 11:07:39.775 7 WARNING neutron.scheduler.dhcp_agent_scheduler [None req-539c63c4-99a3-40a5-97ff-8b1fb86c2b9e d9239d0499a64c78aabc709b1450535f 35c995bbcced472b9a980954d632213d - - default default] No more DHCP agents
2026-07-08 11:07:39.776 7 WARNING neutron.api.rpc.agentnotifiers.dhcp_rpc_agent_api [None req-539c63c4-99a3-40a5-97ff-8b1fb86c2b9e d9239d0499a64c78aabc709b1450535f 35c995bbcced472b9a980954d632213d - - default default] Unable to schedule network 848a661f-07bf-423f-8215-72846295927d: no agents available; will retry on subsequent port and subnet creation events.
2026-07-08 11:07:39.846 7 INFO neutron.db.ovn_revision_numbers_db [None req-539c63c4-99a3-40a5-97ff-8b1fb86c2b9e d9239d0499a64c78aabc709b1450535f 35c995bbcced472b9a980954d632213d - - default default] Successfully bumped revision number for resource 910d9a58-0ee9-42f6-8470-8dfbf8e5e54f (type: ports) to 1 [pid: 7|app: 0|req: 1414/2832] 10.0.0.161 () {34 vars in 669 bytes} [Wed Jul 8 11:07:39 2026] POST /v2.0/networks => generated 669 bytes in 664 msecs (HTTP/1.1 201) 4 headers in 162 bytes (1 switches on core 0) [pid: 7|app: 0|req: 1415/2833] 10.0.0.161 () {32 vars in 720 bytes} [Wed Jul 8 11:07:39 2026] GET /v2.0/routers/78633ba4-6bc4-4405-b60e-d5a03dfa8e57 => generated 942 bytes in 56 msecs (HTTP/1.1 200) 4 headers in 157 bytes (1 switches on core 0)
2026-07-08 11:07:39.957 7 WARNING neutron.plugins.ml2.drivers.ovn.mech_driver.ovsdb.ovn_client [None req-c0593ed9-13a6-40e2-8c29-ac475bd44c3d - - - - - -] No port found with ID 5b68dce9-5266-4cba-a876-1f50f057ebab: RuntimeError: No port found with ID 5b68dce9-5266-4cba-a876-1f50f057ebab
2026-07-08 11:07:39.958 7 INFO neutron.plugins.ml2.drivers.ovn.mech_driver.mech_driver [None req-c0593ed9-13a6-40e2-8c29-ac475bd44c3d - - - - - -] OVN reports status down for port: 910d9a58-0ee9-42f6-8470-8dfbf8e5e54f
2026-07-08 11:07:40.057 7 INFO neutron.db.segments_db [None req-bb83d604-6fbc-47e4-9cb3-456285faf931 d9239d0499a64c78aabc709b1450535f 35c995bbcced472b9a980954d632213d - - default default] Added segment 34d0a218-48c5-44ff-8c47-ce1550f238ca of type geneve for network fd4f1626-5b7e-4e41-bc33-75514c61f616
2026-07-08 11:07:40.174 7 INFO neutron.db.ovn_revision_numbers_db [None req-bb83d604-6fbc-47e4-9cb3-456285faf931 d9239d0499a64c78aabc709b1450535f 35c995bbcced472b9a980954d632213d - - default default] Successfully bumped revision number for resource fd4f1626-5b7e-4e41-bc33-75514c61f616 (type: networks) to 1
2026-07-08 11:07:40.231 8 INFO neutron.db.ovn_revision_numbers_db [None req-d5aaeed0-5a61-40d0-88c6-3fd056f4d8e3 - - - - - -] Successfully bumped revision number for resource b57a691d-8d52-47ae-b643-5a54baf6c359 (type: ports) to 2
2026-07-08 11:07:40.263 8 INFO neutron.db.ovn_revision_numbers_db [None req-d5aaeed0-5a61-40d0-88c6-3fd056f4d8e3 - - - - - -] Successfully bumped revision number for resource 05786d12-7fa4-430f-b4ec-fc101375ed77 (type: subnets) to 0 [pid: 8|app: 0|req: 1419/2834] 10.0.0.161 () {34 vars in 668 bytes} [Wed Jul 8 11:07:39 2026] POST /v2.0/subnets => generated 657 bytes in 694 msecs (HTTP/1.1 201) 4 headers in 162 bytes (1 switches on core 0)
2026-07-08 11:07:40.371 7 WARNING neutron.scheduler.dhcp_agent_scheduler [None req-bb83d604-6fbc-47e4-9cb3-456285faf931 d9239d0499a64c78aabc709b1450535f 35c995bbcced472b9a980954d632213d - - default default] No more DHCP agents
2026-07-08 11:07:40.373 7 WARNING neutron.api.rpc.agentnotifiers.dhcp_rpc_agent_api [None req-bb83d604-6fbc-47e4-9cb3-456285faf931 d9239d0499a64c78aabc709b1450535f 35c995bbcced472b9a980954d632213d - - default default] Unable to schedule network fd4f1626-5b7e-4e41-bc33-75514c61f616: no agents available; will retry on subsequent port and subnet creation events.
2026-07-08 11:07:40.420 7 INFO neutron.plugins.ml2.drivers.ovn.mech_driver.mech_driver [None req-c0593ed9-13a6-40e2-8c29-ac475bd44c3d - - - - - -] OVN reports status down for port: bbd9bfc4-b484-47f0-853c-cd55da7a1741
2026-07-08 11:07:40.472 7 INFO neutron.db.ovn_revision_numbers_db [None req-bb83d604-6fbc-47e4-9cb3-456285faf931 d9239d0499a64c78aabc709b1450535f 35c995bbcced472b9a980954d632213d - - default default] Successfully bumped revision number for resource bbd9bfc4-b484-47f0-853c-cd55da7a1741 (type: ports) to 1 [pid: 7|app: 0|req: 1416/2835] 10.0.0.161 () {34 vars in 669 bytes} [Wed Jul 8 11:07:39 2026] POST /v2.0/networks => generated 669 bytes in 593 msecs (HTTP/1.1 201) 4 headers in 162 bytes (1 switches on core 0) [pid: 7|app: 0|req: 1417/2836] 10.0.0.161 () {32 vars in 721 bytes} [Wed Jul 8 11:07:40 2026] GET /v2.0/subnetpools?name=shared-default-subnetpool-v6 => generated 19 bytes in 41 msecs (HTTP/1.1 200) 4 headers in 156 bytes (1 switches on core 0)
2026-07-08 11:07:40.636 7 INFO neutron.db.segments_db [None req-a788a796-a98e-4bed-87c6-9841eb236360 d9239d0499a64c78aabc709b1450535f 35c995bbcced472b9a980954d632213d - - default default] Added segment 8cfcce95-c76a-478d-aeea-ea2b11706b91 of type geneve for network 6a525955-943c-4e20-b4a5-e7eebd3e41bb
2026-07-08 11:07:40.747 7 INFO neutron.db.ovn_revision_numbers_db [None req-a788a796-a98e-4bed-87c6-9841eb236360 d9239d0499a64c78aabc709b1450535f 35c995bbcced472b9a980954d632213d - - default default] Successfully bumped revision number for resource 6a525955-943c-4e20-b4a5-e7eebd3e41bb (type: networks) to 1
2026-07-08 11:07:40.903 8 INFO neutron.db.ovn_revision_numbers_db [None req-0c160bb3-543e-4c2e-a65f-49e70b741a1b 9b06240ee3174acb860f6f8c19539019 57f852cee73e4ce4b661e3ac3501851c - - default default] Successfully bumped revision number for resource 78633ba4-6bc4-4405-b60e-d5a03dfa8e57 (type: routers) to 11 [pid: 8|app: 0|req: 1420/2837] 10.0.0.161 () {34 vars in 741 bytes} [Wed Jul 8 11:07:40 2026] PUT /v2.0/routers/78633ba4-6bc4-4405-b60e-d5a03dfa8e57 => generated 942 bytes in 630 msecs (HTTP/1.1 200) 4 headers in 157 bytes (1 switches on core 0)
2026-07-08 11:07:40.916 7 WARNING neutron.scheduler.dhcp_agent_scheduler [None req-a788a796-a98e-4bed-87c6-9841eb236360 d9239d0499a64c78aabc709b1450535f 35c995bbcced472b9a980954d632213d - - default default] No more DHCP agents
2026-07-08 11:07:40.917 7 WARNING neutron.api.rpc.agentnotifiers.dhcp_rpc_agent_api [None req-a788a796-a98e-4bed-87c6-9841eb236360 d9239d0499a64c78aabc709b1450535f 35c995bbcced472b9a980954d632213d - - default default] Unable to schedule network 6a525955-943c-4e20-b4a5-e7eebd3e41bb: no agents available; will retry on subsequent port and subnet creation events.
2026-07-08 11:07:40.964 7 INFO neutron.plugins.ml2.drivers.ovn.mech_driver.mech_driver [None req-c0593ed9-13a6-40e2-8c29-ac475bd44c3d - - - - - -] OVN reports status down for port: 44e856a3-d40d-4cd6-823c-303a04c61173
2026-07-08 11:07:41.017 7 INFO neutron.db.ovn_revision_numbers_db [None req-a788a796-a98e-4bed-87c6-9841eb236360 d9239d0499a64c78aabc709b1450535f 35c995bbcced472b9a980954d632213d - - default default] Successfully bumped revision number for resource 44e856a3-d40d-4cd6-823c-303a04c61173 (type: ports) to 1 [pid: 7|app: 0|req: 1418/2838] 10.0.0.161 () {34 vars in 669 bytes} [Wed Jul 8 11:07:40 2026] POST /v2.0/networks => generated 669 bytes in 501 msecs (HTTP/1.1 201) 4 headers in 162 bytes (1 switches on core 0)
2026-07-08 11:07:41.096 8 WARNING neutron.scheduler.dhcp_agent_scheduler [None req-d6006d8a-96a8-4f7d-8d04-4271f27c3b2a 8e3d39e4a90a444eb51c60834f04bf43 443b9ecb22e842418447b5e3fc057547 - - default default] No more DHCP agents
2026-07-08 11:07:41.097 8 WARNING neutron.api.rpc.agentnotifiers.dhcp_rpc_agent_api [None req-d6006d8a-96a8-4f7d-8d04-4271f27c3b2a 8e3d39e4a90a444eb51c60834f04bf43 443b9ecb22e842418447b5e3fc057547 - - default default] Unable to schedule network 65869dc6-09e2-4661-b143-65898e830b2c: no agents available; will retry on subsequent port and subnet creation events. [pid: 7|app: 0|req: 1419/2839] 10.0.0.161 () {32 vars in 735 bytes} [Wed Jul 8 11:07:41 2026] GET /v2.0/ports?device_id=78633ba4-6bc4-4405-b60e-d5a03dfa8e57 => generated 946 bytes in 57 msecs (HTTP/1.1 200) 4 headers in 157 bytes (1 switches on core 0)
2026-07-08 11:07:41.127 8 INFO neutron.db.ovn_revision_numbers_db [None req-d6006d8a-96a8-4f7d-8d04-4271f27c3b2a 8e3d39e4a90a444eb51c60834f04bf43 443b9ecb22e842418447b5e3fc057547 - - default default] Successfully bumped revision number for resource 7b806e96-5986-4f39-a89d-1e4139ff8b09 (type: subnets) to 0 [pid: 8|app: 0|req: 1421/2840] 10.0.0.161 () {34 vars in 668 bytes} [Wed Jul 8 11:07:40 2026] POST /v2.0/subnets => generated 732 bytes in 231 msecs (HTTP/1.1 201) 4 headers in 162 bytes (1 switches on core 0)
2026-07-08 11:07:41.196 7 INFO neutron.db.segments_db [None req-79e1c2a6-cfab-45c1-a094-14a8eabd3612 d9239d0499a64c78aabc709b1450535f 35c995bbcced472b9a980954d632213d - - default default] Added segment 71e296aa-9791-4499-825d-384a49dbf7ee of type geneve for network 22057c82-0a7d-4e55-9249-23d73ace093d
2026-07-08 11:07:41.319 7 INFO neutron.db.ovn_revision_numbers_db [None req-79e1c2a6-cfab-45c1-a094-14a8eabd3612 d9239d0499a64c78aabc709b1450535f 35c995bbcced472b9a980954d632213d - - default default] Successfully bumped revision number for resource 22057c82-0a7d-4e55-9249-23d73ace093d (type: networks) to 1
2026-07-08 11:07:41.429 8 INFO neutron_taas.services.taas.taas_plugin [None req-25e2f0eb-f82b-4009-b696-9c87f9328dd4 9b06240ee3174acb860f6f8c19539019 57f852cee73e4ce4b661e3ac3501851c - - default default] TaaS: Handle Delete Port: 92bea7b8-346f-4213-bca6-54914bcc1f29
2026-07-08 11:07:41.432 8 INFO neutron_taas.services.taas.tap_mirror_plugin [None req-25e2f0eb-f82b-4009-b696-9c87f9328dd4 9b06240ee3174acb860f6f8c19539019 57f852cee73e4ce4b661e3ac3501851c - - default default] Tap Mirror: Handle Delete Port: 92bea7b8-346f-4213-bca6-54914bcc1f29
2026-07-08 11:07:41.480 7 WARNING neutron.scheduler.dhcp_agent_scheduler [None req-79e1c2a6-cfab-45c1-a094-14a8eabd3612 d9239d0499a64c78aabc709b1450535f 35c995bbcced472b9a980954d632213d - - default default] No more DHCP agents
2026-07-08 11:07:41.482 7 WARNING neutron.api.rpc.agentnotifiers.dhcp_rpc_agent_api [None req-79e1c2a6-cfab-45c1-a094-14a8eabd3612 d9239d0499a64c78aabc709b1450535f 35c995bbcced472b9a980954d632213d - - default default] Unable to schedule network 22057c82-0a7d-4e55-9249-23d73ace093d: no agents available; will retry on subsequent port and subnet creation events.
2026-07-08 11:07:41.539 8 INFO neutron.plugins.ml2.drivers.ovn.mech_driver.mech_driver [None req-59568e9d-370b-43dd-b034-0ad830eaebe0 - - - - - -] OVN reports status down for port: 53d2b2fe-9367-44a5-a646-0e032caebc8e
2026-07-08 11:07:41.564 7 INFO neutron.db.ovn_revision_numbers_db [None req-79e1c2a6-cfab-45c1-a094-14a8eabd3612 d9239d0499a64c78aabc709b1450535f 35c995bbcced472b9a980954d632213d - - default default] Successfully bumped revision number for resource 53d2b2fe-9367-44a5-a646-0e032caebc8e (type: ports) to 1 [pid: 7|app: 0|req: 1420/2841] 10.0.0.161 () {34 vars in 669 bytes} [Wed Jul 8 11:07:41 2026] POST /v2.0/networks => generated 670 bytes in 467 msecs (HTTP/1.1 201) 4 headers in 162 bytes (1 switches on core 0)
2026-07-08 11:07:41.665 7 INFO neutron.db.segments_db [None req-742e48ea-6c4b-4de4-b562-eb8a0664c395 8e3d39e4a90a444eb51c60834f04bf43 443b9ecb22e842418447b5e3fc057547 - - default default] Added segment 6059af4c-3953-4bde-87d5-81b68253ed82 of type geneve for network ec50eb0c-0148-44ab-9871-2055381f68f5
2026-07-08 11:07:41.773 7 INFO neutron.db.ovn_revision_numbers_db [None req-742e48ea-6c4b-4de4-b562-eb8a0664c395 8e3d39e4a90a444eb51c60834f04bf43 443b9ecb22e842418447b5e3fc057547 - - default default] Successfully bumped revision number for resource ec50eb0c-0148-44ab-9871-2055381f68f5 (type: networks) to 1
2026-07-08 11:07:41.925 7 WARNING neutron.scheduler.dhcp_agent_scheduler [None req-742e48ea-6c4b-4de4-b562-eb8a0664c395 8e3d39e4a90a444eb51c60834f04bf43 443b9ecb22e842418447b5e3fc057547 - - default default] No more DHCP agents
2026-07-08 11:07:41.926 7 WARNING neutron.api.rpc.agentnotifiers.dhcp_rpc_agent_api [None req-742e48ea-6c4b-4de4-b562-eb8a0664c395 8e3d39e4a90a444eb51c60834f04bf43 443b9ecb22e842418447b5e3fc057547 - - default default] Unable to schedule network ec50eb0c-0148-44ab-9871-2055381f68f5: no agents available; will retry on subsequent port and subnet creation events. [pid: 8|app: 0|req: 1422/2842] 10.0.0.161 () {34 vars in 788 bytes} [Wed Jul 8 11:07:41 2026] PUT /v2.0/routers/78633ba4-6bc4-4405-b60e-d5a03dfa8e57/remove_router_interface => generated 309 bytes in 805 msecs (HTTP/1.1 200) 4 headers in 157 bytes (1 switches on core 0) /var/lib/openstack/lib/python3.12/site-packages/pycadf/identifier.py:70: UserWarning: Invalid uuid: neutron. To ensure interoperability, identifiers should be a valid uuid. warnings.warn(('Invalid uuid: %s. To ensure interoperability, '
2026-07-08 11:07:41.970 7 INFO neutron.plugins.ml2.drivers.ovn.mech_driver.mech_driver [None req-c0593ed9-13a6-40e2-8c29-ac475bd44c3d - - - - - -] OVN reports status down for port: c2f55f6b-401b-4f3c-81c1-8a2e3a3e933d
2026-07-08 11:07:42.025 7 INFO neutron.db.ovn_revision_numbers_db [None req-742e48ea-6c4b-4de4-b562-eb8a0664c395 8e3d39e4a90a444eb51c60834f04bf43 443b9ecb22e842418447b5e3fc057547 - - default default] Successfully bumped revision number for resource c2f55f6b-401b-4f3c-81c1-8a2e3a3e933d (type: ports) to 1
2026-07-08 11:07:42.060 8 INFO neutron.db.segments_db [None req-1f5419db-d0bd-46aa-b134-0296a6cdd2f5 d9239d0499a64c78aabc709b1450535f 35c995bbcced472b9a980954d632213d - - default default] Added segment a1587d3a-21e5-4f56-8a99-25d26cb3efa9 of type geneve for network 0f24a9c3-9969-4767-8a2d-fff22c9ad717 [pid: 7|app: 0|req: 1421/2843] 10.0.0.161 () {34 vars in 669 bytes} [Wed Jul 8 11:07:41 2026] POST /v2.0/networks => generated 676 bytes in 482 msecs (HTTP/1.1 201) 4 headers in 162 bytes (1 switches on core 0)
2026-07-08 11:07:42.164 8 INFO neutron.db.ovn_revision_numbers_db [None req-1f5419db-d0bd-46aa-b134-0296a6cdd2f5 d9239d0499a64c78aabc709b1450535f 35c995bbcced472b9a980954d632213d - - default default] Successfully bumped revision number for resource 0f24a9c3-9969-4767-8a2d-fff22c9ad717 (type: networks) to 1
2026-07-08 11:07:42.342 8 WARNING neutron.scheduler.dhcp_agent_scheduler [None req-1f5419db-d0bd-46aa-b134-0296a6cdd2f5 d9239d0499a64c78aabc709b1450535f 35c995bbcced472b9a980954d632213d - - default default] No more DHCP agents
2026-07-08 11:07:42.345 8 WARNING neutron.api.rpc.agentnotifiers.dhcp_rpc_agent_api [None req-1f5419db-d0bd-46aa-b134-0296a6cdd2f5 d9239d0499a64c78aabc709b1450535f 35c995bbcced472b9a980954d632213d - - default default] Unable to schedule network 0f24a9c3-9969-4767-8a2d-fff22c9ad717: no agents available; will retry on subsequent port and subnet creation events.
2026-07-08 11:07:42.427 7 INFO neutron.plugins.ml2.drivers.ovn.mech_driver.mech_driver [None req-c0593ed9-13a6-40e2-8c29-ac475bd44c3d - - - - - -] OVN reports status down for port: fdaa00ac-46bb-46be-93c3-0eedbf6e48b8
2026-07-08 11:07:42.433 8 INFO neutron.db.ovn_revision_numbers_db [None req-1f5419db-d0bd-46aa-b134-0296a6cdd2f5 d9239d0499a64c78aabc709b1450535f 35c995bbcced472b9a980954d632213d - - default default] Successfully bumped revision number for resource fdaa00ac-46bb-46be-93c3-0eedbf6e48b8 (type: ports) to 1
2026-07-08 11:07:42.448 7 INFO neutron_taas.services.taas.taas_plugin [None req-daa8476f-5c23-4c61-9dcc-52a9e803e49c 9b06240ee3174acb860f6f8c19539019 57f852cee73e4ce4b661e3ac3501851c - - default default] TaaS: Handle Delete Port: 79d57ae7-ae0a-492e-88b0-305893511cc9
2026-07-08 11:07:42.453 7 INFO neutron_taas.services.taas.tap_mirror_plugin [None req-daa8476f-5c23-4c61-9dcc-52a9e803e49c 9b06240ee3174acb860f6f8c19539019 57f852cee73e4ce4b661e3ac3501851c - - default default] Tap Mirror: Handle Delete Port: 79d57ae7-ae0a-492e-88b0-305893511cc9 [pid: 8|app: 0|req: 1423/2844] 10.0.0.161 () {34 vars in 669 bytes} [Wed Jul 8 11:07:41 2026] POST /v2.0/networks => generated 670 bytes in 518 msecs (HTTP/1.1 201) 4 headers in 162 bytes (1 switches on core 0)
