2026-07-08 11:04:48.985 7 INFO neutron.db.ovn_revision_numbers_db [None req-12972a64-908c-4223-8d06-471827d17799 69042f0e37ce4afdaba55aca55c88dbc 60aa509fde744faf8a7eeb6143b89e9b - - default default] Successfully bumped revision number for resource febac5cf-67f7-4260-b7c4-f955d0ef80fd (type: floatingips) to 2
2026-07-08 11:04:48.986 7 INFO neutron.db.l3_db [None req-12972a64-908c-4223-8d06-471827d17799 69042f0e37ce4afdaba55aca55c88dbc 60aa509fde744faf8a7eeb6143b89e9b - - default default] Floating IP febac5cf-67f7-4260-b7c4-f955d0ef80fd associated. External IP: 10.96.250.202, port: fe781705-3710-4264-a1f1-304c10f29db7.
2026-07-08 11:04:49.002 8 WARNING neutron.scheduler.dhcp_agent_scheduler [None req-c290f29f-4bf8-4ae6-a425-fb629189f783 ccdc98d7a07a4bdaa1ab44a99d3edb60 efb758737f1b44baa5662a549f7394b5 - - default default] No more DHCP agents
2026-07-08 11:04:49.004 8 WARNING neutron.api.rpc.agentnotifiers.dhcp_rpc_agent_api [None req-c290f29f-4bf8-4ae6-a425-fb629189f783 ccdc98d7a07a4bdaa1ab44a99d3edb60 efb758737f1b44baa5662a549f7394b5 - - default default] Unable to schedule network dc3f5955-069d-4785-a7f3-4a746c2ed77e: no agents available; will retry on subsequent port and subnet creation events. [pid: 7|app: 0|req: 778/1443] 10.0.0.161 () {34 vars in 748 bytes} [Wed Jul 8 11:04:48 2026] PUT /v2.0/floatingips/febac5cf-67f7-4260-b7c4-f955d0ef80fd => generated 855 bytes in 786 msecs (HTTP/1.1 200) 4 headers in 157 bytes (1 switches on core 0) /var/lib/openstack/lib/python3.12/site-packages/pycadf/identifier.py:70: UserWarning: Invalid uuid: neutron. To ensure interoperability, identifiers should be a valid uuid. warnings.warn(('Invalid uuid: %s. To ensure interoperability, '
2026-07-08 11:04:49.059 8 INFO neutron.plugins.ml2.drivers.ovn.mech_driver.mech_driver [None req-2702bbe6-a86b-4920-bdc4-4a528d6aa010 - - - - - -] OVN reports status down for port: dfe7e173-f9ec-4f15-8682-45c1a5cb5994
2026-07-08 11:04:49.119 8 INFO neutron.db.ovn_revision_numbers_db [None req-c290f29f-4bf8-4ae6-a425-fb629189f783 ccdc98d7a07a4bdaa1ab44a99d3edb60 efb758737f1b44baa5662a549f7394b5 - - default default] Successfully bumped revision number for resource dfe7e173-f9ec-4f15-8682-45c1a5cb5994 (type: ports) to 1 [pid: 8|app: 0|req: 666/1446] 10.0.0.161 () {34 vars in 669 bytes} [Wed Jul 8 11:04:47 2026] POST /v2.0/networks => generated 1320 bytes in 1420 msecs (HTTP/1.1 201) 4 headers in 163 bytes (1 switches on core 0) [pid: 8|app: 0|req: 667/1447] 10.0.0.161 () {32 vars in 648 bytes} [Wed Jul 8 11:04:49 2026] GET /v2.0/networks => generated 1969 bytes in 61 msecs (HTTP/1.1 200) 4 headers in 158 bytes (1 switches on core 0) [pid: 7|app: 0|req: 781/1448] 10.0.0.58 () {30 vars in 722 bytes} [Wed Jul 8 11:04:49 2026] GET /v2.0/quotas/26c31778a8c949728e8ff6070af27016/details => generated 1025 bytes in 280 msecs (HTTP/1.1 200) 4 headers in 158 bytes (1 switches on core 0)
2026-07-08 11:04:49.367 8 INFO neutron_taas.services.taas.taas_plugin [None req-dbb17b1b-807d-456c-91be-0bf85ee6d610 ccdc98d7a07a4bdaa1ab44a99d3edb60 efb758737f1b44baa5662a549f7394b5 - - default default] TaaS: Handle Delete Port: da516989-964b-4d7d-8bab-bd775f8d4dd2
2026-07-08 11:04:49.370 8 INFO neutron_taas.services.taas.tap_mirror_plugin [None req-dbb17b1b-807d-456c-91be-0bf85ee6d610 ccdc98d7a07a4bdaa1ab44a99d3edb60 efb758737f1b44baa5662a549f7394b5 - - default default] Tap Mirror: Handle Delete Port: da516989-964b-4d7d-8bab-bd775f8d4dd2
2026-07-08 11:04:49.584 8 INFO neutron.services.segments.plugin [-] Segment 91d5fee1-9e8f-456d-b2b2-5c9687e931fd resource provider aggregate not found
2026-07-08 11:04:49.589 8 INFO neutron.services.segments.plugin [-] Segment 91d5fee1-9e8f-456d-b2b2-5c9687e931fd resource provider aggregate not found
2026-07-08 11:04:49.604 8 INFO neutron.services.segments.plugin [-] Client error retrieving segment 91d5fee1-9e8f-456d-b2b2-5c9687e931fd resource provider; error: Placement Client Error (4xx): {"errors": [{"status": 404, "title": "Not Found", "detail": "The resource could not be found.\n\n No resource provider with uuid 91d5fee1-9e8f-456d-b2b2-5c9687e931fd found for delete ", "request_id": "req-87b035a8-66f3-4530-b5be-d73e10d6c8dc"}]}
2026-07-08 11:04:49.611 8 INFO neutron.services.segments.plugin [-] Client error retrieving segment 91d5fee1-9e8f-456d-b2b2-5c9687e931fd resource provider; error: Placement Client Error (4xx): {"errors": [{"status": 404, "title": "Not Found", "detail": "The resource could not be found.\n\n No resource provider with uuid 91d5fee1-9e8f-456d-b2b2-5c9687e931fd found for delete ", "request_id": "req-bd1bfb21-0011-4d83-826c-d6e876ff1242"}]} [pid: 8|app: 0|req: 668/1449] 10.0.0.161 () {32 vars in 725 bytes} [Wed Jul 8 11:04:49 2026] DELETE /v2.0/networks/dcaaed72-d4de-4339-b21e-69f12dd69de6 => generated 0 bytes in 378 msecs (HTTP/1.1 204) 3 headers in 131 bytes (1 switches on core 0)
2026-07-08 11:04:49.748 7 INFO neutron_taas.services.taas.taas_plugin [None req-a5080771-0ea7-4c10-acbc-4d9ae33b26f6 ccdc98d7a07a4bdaa1ab44a99d3edb60 efb758737f1b44baa5662a549f7394b5 - - default default] TaaS: Handle Delete Port: dfe7e173-f9ec-4f15-8682-45c1a5cb5994
2026-07-08 11:04:49.751 7 INFO neutron_taas.services.taas.tap_mirror_plugin [None req-a5080771-0ea7-4c10-acbc-4d9ae33b26f6 ccdc98d7a07a4bdaa1ab44a99d3edb60 efb758737f1b44baa5662a549f7394b5 - - default default] Tap Mirror: Handle Delete Port: dfe7e173-f9ec-4f15-8682-45c1a5cb5994
2026-07-08 11:04:49.897 7 INFO neutron.notifiers.nova [-] Nova event matching ['req-c0348b0b-add1-4f68-8ce4-a950698ee585'] response: {'name': 'network-changed', 'server_uuid': '43f9a482-b792-4050-b80d-8fbe86a06063', 'tag': 'fe781705-3710-4264-a1f1-304c10f29db7', 'status': 'completed', 'code': 200}
2026-07-08 11:04:49.925 7 INFO neutron.services.segments.plugin [-] Segment e336593b-6d67-400b-9585-3eab12e87819 resource provider aggregate not found
2026-07-08 11:04:49.929 7 INFO neutron.services.segments.plugin [-] Segment e336593b-6d67-400b-9585-3eab12e87819 resource provider aggregate not found
2026-07-08 11:04:49.945 7 INFO neutron.services.segments.plugin [-] Client error retrieving segment e336593b-6d67-400b-9585-3eab12e87819 resource provider; error: Placement Client Error (4xx): {"errors": [{"status": 404, "title": "Not Found", "detail": "The resource could not be found.\n\n No resource provider with uuid e336593b-6d67-400b-9585-3eab12e87819 found for delete ", "request_id": "req-b94b3845-e4fb-4254-80dd-7591dc01b10f"}]}
2026-07-08 11:04:49.955 7 INFO neutron.services.segments.plugin [-] Client error retrieving segment e336593b-6d67-400b-9585-3eab12e87819 resource provider; error: Placement Client Error (4xx): {"errors": [{"status": 404, "title": "Not Found", "detail": "The resource could not be found.\n\n No resource provider with uuid e336593b-6d67-400b-9585-3eab12e87819 found for delete ", "request_id": "req-519d1e2b-de16-44b1-8822-f0e298d1f683"}]} [pid: 7|app: 0|req: 782/1450] 10.0.0.161 () {32 vars in 725 bytes} [Wed Jul 8 11:04:49 2026] DELETE /v2.0/networks/dc3f5955-069d-4785-a7f3-4a746c2ed77e => generated 0 bytes in 333 msecs (HTTP/1.1 204) 3 headers in 131 bytes (1 switches on core 0) [pid: 8|app: 0|req: 669/1451] 10.0.0.161 () {32 vars in 648 bytes} [Wed Jul 8 11:04:49 2026] GET /v2.0/networks => generated 689 bytes in 48 msecs (HTTP/1.1 200) 4 headers in 157 bytes (1 switches on core 0)
2026-07-08 11:04:50.111 7 INFO neutron.db.segments_db [None req-ccecdfde-7fc5-470e-ae4d-455da481a603 ccdc98d7a07a4bdaa1ab44a99d3edb60 efb758737f1b44baa5662a549f7394b5 - - default default] Added segment ef7d1e53-5beb-4b4c-8c03-99d4ab52c6a5 of type geneve for network f17973fd-c7af-41e7-be61-de425440215f
2026-07-08 11:04:50.208 7 INFO neutron.db.ovn_revision_numbers_db [None req-ccecdfde-7fc5-470e-ae4d-455da481a603 ccdc98d7a07a4bdaa1ab44a99d3edb60 efb758737f1b44baa5662a549f7394b5 - - default default] Successfully bumped revision number for resource f17973fd-c7af-41e7-be61-de425440215f (type: networks) to 1
2026-07-08 11:04:50.385 7 WARNING neutron.scheduler.dhcp_agent_scheduler [None req-ccecdfde-7fc5-470e-ae4d-455da481a603 ccdc98d7a07a4bdaa1ab44a99d3edb60 efb758737f1b44baa5662a549f7394b5 - - default default] No more DHCP agents
2026-07-08 11:04:50.386 7 WARNING neutron.api.rpc.agentnotifiers.dhcp_rpc_agent_api [None req-ccecdfde-7fc5-470e-ae4d-455da481a603 ccdc98d7a07a4bdaa1ab44a99d3edb60 efb758737f1b44baa5662a549f7394b5 - - default default] Unable to schedule network f17973fd-c7af-41e7-be61-de425440215f: no agents available; will retry on subsequent port and subnet creation events.
2026-07-08 11:04:50.461 8 INFO neutron.plugins.ml2.drivers.ovn.mech_driver.mech_driver [None req-2702bbe6-a86b-4920-bdc4-4a528d6aa010 - - - - - -] OVN reports status down for port: ee230e81-bb9f-4b35-b055-c75e56f10f11
2026-07-08 11:04:50.466 7 INFO neutron.db.ovn_revision_numbers_db [None req-ccecdfde-7fc5-470e-ae4d-455da481a603 ccdc98d7a07a4bdaa1ab44a99d3edb60 efb758737f1b44baa5662a549f7394b5 - - default default] Successfully bumped revision number for resource ee230e81-bb9f-4b35-b055-c75e56f10f11 (type: ports) to 1 [pid: 8|app: 0|req: 670/1452] 199.19.213.136 () {34 vars in 1079 bytes} [Wed Jul 8 11:04:50 2026] GET /v2.0/ports?tenant_id=60aa509fde744faf8a7eeb6143b89e9b&device_id=43f9a482-b792-4050-b80d-8fbe86a06063 => generated 1209 bytes in 67 msecs (HTTP/1.1 200) 4 headers in 158 bytes (1 switches on core 0) [pid: 7|app: 0|req: 783/1453] 10.0.0.161 () {34 vars in 669 bytes} [Wed Jul 8 11:04:50 2026] POST /v2.0/networks => generated 686 bytes in 466 msecs (HTTP/1.1 201) 4 headers in 162 bytes (1 switches on core 0) [pid: 8|app: 0|req: 671/1454] 199.19.213.136 () {34 vars in 985 bytes} [Wed Jul 8 11:04:50 2026] GET /v2.0/networks?id=763545eb-825c-49b1-879c-fccd2df19ac6 => generated 812 bytes in 63 msecs (HTTP/1.1 200) 4 headers in 157 bytes (1 switches on core 0)
2026-07-08 11:04:50.599 7 INFO neutron.db.segments_db [None req-f17cd48e-c8fe-4e70-b50e-84164ed14b52 ccdc98d7a07a4bdaa1ab44a99d3edb60 efb758737f1b44baa5662a549f7394b5 - - default default] Added segment fcdff3c1-f935-4648-af71-029ebcb9e640 of type geneve for network aa3298b3-cc91-4cac-8416-eb7f3c1b6581 [pid: 8|app: 0|req: 672/1455] 199.19.213.136 () {34 vars in 1057 bytes} [Wed Jul 8 11:04:50 2026] GET /v2.0/floatingips?fixed_ip_address=10.100.0.6&port_id=fe781705-3710-4264-a1f1-304c10f29db7 => generated 860 bytes in 47 msecs (HTTP/1.1 200) 4 headers in 157 bytes (1 switches on core 0) [pid: 8|app: 0|req: 673/1456] 199.19.213.136 () {34 vars in 983 bytes} [Wed Jul 8 11:04:50 2026] GET /v2.0/subnets?id=254717d2-6a1c-4c36-9d28-763e5e12db7f => generated 693 bytes in 26 msecs (HTTP/1.1 200) 4 headers in 157 bytes (1 switches on core 0) [pid: 8|app: 0|req: 674/1457] 199.19.213.136 () {34 vars in 1051 bytes} [Wed Jul 8 11:04:50 2026] GET /v2.0/ports?network_id=763545eb-825c-49b1-879c-fccd2df19ac6&device_owner=network%3Adhcp => generated 12 bytes in 16 msecs (HTTP/1.1 200) 4 headers in 156 bytes (1 switches on core 0)
2026-07-08 11:04:50.710 7 INFO neutron.db.ovn_revision_numbers_db [None req-f17cd48e-c8fe-4e70-b50e-84164ed14b52 ccdc98d7a07a4bdaa1ab44a99d3edb60 efb758737f1b44baa5662a549f7394b5 - - default default] Successfully bumped revision number for resource aa3298b3-cc91-4cac-8416-eb7f3c1b6581 (type: networks) to 1 [pid: 8|app: 0|req: 675/1458] 199.19.213.136 () {34 vars in 1011 bytes} [Wed Jul 8 11:04:50 2026] GET /v2.0/networks/763545eb-825c-49b1-879c-fccd2df19ac6?fields=segments => generated 14 bytes in 73 msecs (HTTP/1.1 200) 4 headers in 156 bytes (1 switches on core 0) [pid: 8|app: 0|req: 676/1459] 199.19.213.136 () {34 vars in 1111 bytes} [Wed Jul 8 11:04:50 2026] GET /v2.0/networks/763545eb-825c-49b1-879c-fccd2df19ac6?fields=provider%3Aphysical_network&fields=provider%3Anetwork_type => generated 79 bytes in 67 msecs (HTTP/1.1 200) 4 headers in 156 bytes (1 switches on core 0)
2026-07-08 11:04:50.881 7 WARNING neutron.scheduler.dhcp_agent_scheduler [None req-f17cd48e-c8fe-4e70-b50e-84164ed14b52 ccdc98d7a07a4bdaa1ab44a99d3edb60 efb758737f1b44baa5662a549f7394b5 - - default default] No more DHCP agents
2026-07-08 11:04:50.883 7 WARNING neutron.api.rpc.agentnotifiers.dhcp_rpc_agent_api [None req-f17cd48e-c8fe-4e70-b50e-84164ed14b52 ccdc98d7a07a4bdaa1ab44a99d3edb60 efb758737f1b44baa5662a549f7394b5 - - default default] Unable to schedule network aa3298b3-cc91-4cac-8416-eb7f3c1b6581: no agents available; will retry on subsequent port and subnet creation events.
2026-07-08 11:04:50.937 8 INFO neutron.plugins.ml2.drivers.ovn.mech_driver.mech_driver [None req-2702bbe6-a86b-4920-bdc4-4a528d6aa010 - - - - - -] OVN reports status down for port: f57137cc-9e89-4b45-9af1-d63003758685
2026-07-08 11:04:50.953 7 INFO neutron.db.ovn_revision_numbers_db [None req-f17cd48e-c8fe-4e70-b50e-84164ed14b52 ccdc98d7a07a4bdaa1ab44a99d3edb60 efb758737f1b44baa5662a549f7394b5 - - default default] Successfully bumped revision number for resource f57137cc-9e89-4b45-9af1-d63003758685 (type: ports) to 1 [pid: 7|app: 0|req: 784/1460] 10.0.0.161 () {34 vars in 669 bytes} [Wed Jul 8 11:04:50 2026] POST /v2.0/networks => generated 688 bytes in 476 msecs (HTTP/1.1 201) 4 headers in 162 bytes (1 switches on core 0)
2026-07-08 11:04:51.391 8 WARNING neutron.scheduler.dhcp_agent_scheduler [None req-797dcc3c-056e-4508-a5fa-b1d57bc563e4 ccdc98d7a07a4bdaa1ab44a99d3edb60 efb758737f1b44baa5662a549f7394b5 - - default default] No more DHCP agents
2026-07-08 11:04:51.392 8 WARNING neutron.api.rpc.agentnotifiers.dhcp_rpc_agent_api [None req-797dcc3c-056e-4508-a5fa-b1d57bc563e4 ccdc98d7a07a4bdaa1ab44a99d3edb60 efb758737f1b44baa5662a549f7394b5 - - default default] Unable to schedule network f17973fd-c7af-41e7-be61-de425440215f: no agents available; will retry on subsequent port and subnet creation events.
2026-07-08 11:04:51.447 7 INFO neutron.plugins.ml2.drivers.ovn.mech_driver.mech_driver [None req-57c55404-a986-44ea-ae83-c634f6d3d181 - - - - - -] OVN reports status down for port: ab5ea45d-46ca-46e4-9de2-92a0c08245ed
2026-07-08 11:04:51.463 8 INFO neutron.db.ovn_revision_numbers_db [None req-797dcc3c-056e-4508-a5fa-b1d57bc563e4 ccdc98d7a07a4bdaa1ab44a99d3edb60 efb758737f1b44baa5662a549f7394b5 - - default default] Successfully bumped revision number for resource ab5ea45d-46ca-46e4-9de2-92a0c08245ed (type: ports) to 1
2026-07-08 11:04:51.517 8 WARNING neutron.scheduler.dhcp_agent_scheduler [None req-797dcc3c-056e-4508-a5fa-b1d57bc563e4 ccdc98d7a07a4bdaa1ab44a99d3edb60 efb758737f1b44baa5662a549f7394b5 - - default default] No more DHCP agents
2026-07-08 11:04:51.519 8 WARNING neutron.api.rpc.agentnotifiers.dhcp_rpc_agent_api [None req-797dcc3c-056e-4508-a5fa-b1d57bc563e4 ccdc98d7a07a4bdaa1ab44a99d3edb60 efb758737f1b44baa5662a549f7394b5 - - default default] Unable to schedule network aa3298b3-cc91-4cac-8416-eb7f3c1b6581: no agents available; will retry on subsequent port and subnet creation events.
2026-07-08 11:04:51.572 7 INFO neutron.plugins.ml2.drivers.ovn.mech_driver.mech_driver [None req-57c55404-a986-44ea-ae83-c634f6d3d181 - - - - - -] OVN reports status down for port: 0294db7a-660e-4fd1-a38b-b5ed13a58b26
2026-07-08 11:04:51.598 8 INFO neutron.db.ovn_revision_numbers_db [None req-797dcc3c-056e-4508-a5fa-b1d57bc563e4 ccdc98d7a07a4bdaa1ab44a99d3edb60 efb758737f1b44baa5662a549f7394b5 - - default default] Successfully bumped revision number for resource 0294db7a-660e-4fd1-a38b-b5ed13a58b26 (type: ports) to 1 [pid: 8|app: 0|req: 677/1461] 10.0.0.161 () {34 vars in 664 bytes} [Wed Jul 8 11:04:50 2026] POST /v2.0/ports => generated 1506 bytes in 688 msecs (HTTP/1.1 201) 4 headers in 163 bytes (1 switches on core 0) [pid: 7|app: 0|req: 785/1462] 10.0.0.161 () {32 vars in 642 bytes} [Wed Jul 8 11:04:51 2026] GET /v2.0/ports => generated 3018 bytes in 99 msecs (HTTP/1.1 200) 4 headers in 158 bytes (1 switches on core 0) /var/lib/openstack/lib/python3.12/site-packages/pycadf/identifier.py:70: UserWarning: Invalid uuid: neutron. To ensure interoperability, identifiers should be a valid uuid. warnings.warn(('Invalid uuid: %s. To ensure interoperability, '
2026-07-08 11:04:51.905 8 INFO neutron_taas.services.taas.taas_plugin [None req-a6fa971c-bf9a-4561-820e-6c99568fb15f ccdc98d7a07a4bdaa1ab44a99d3edb60 efb758737f1b44baa5662a549f7394b5 - - default default] TaaS: Handle Delete Port: ab5ea45d-46ca-46e4-9de2-92a0c08245ed
2026-07-08 11:04:51.908 8 INFO neutron_taas.services.taas.tap_mirror_plugin [None req-a6fa971c-bf9a-4561-820e-6c99568fb15f ccdc98d7a07a4bdaa1ab44a99d3edb60 efb758737f1b44baa5662a549f7394b5 - - default default] Tap Mirror: Handle Delete Port: ab5ea45d-46ca-46e4-9de2-92a0c08245ed [pid: 8|app: 0|req: 678/1463] 10.0.0.161 () {32 vars in 719 bytes} [Wed Jul 8 11:04:51 2026] DELETE /v2.0/ports/ab5ea45d-46ca-46e4-9de2-92a0c08245ed => generated 0 bytes in 232 msecs (HTTP/1.1 204) 3 headers in 131 bytes (1 switches on core 0)
2026-07-08 11:04:52.144 7 INFO neutron_taas.services.taas.taas_plugin [None req-c1bff7b7-b6b1-46cd-a798-444470531698 ccdc98d7a07a4bdaa1ab44a99d3edb60 efb758737f1b44baa5662a549f7394b5 - - default default] TaaS: Handle Delete Port: 0294db7a-660e-4fd1-a38b-b5ed13a58b26
2026-07-08 11:04:52.147 7 INFO neutron_taas.services.taas.tap_mirror_plugin [None req-c1bff7b7-b6b1-46cd-a798-444470531698 ccdc98d7a07a4bdaa1ab44a99d3edb60 efb758737f1b44baa5662a549f7394b5 - - default default] Tap Mirror: Handle Delete Port: 0294db7a-660e-4fd1-a38b-b5ed13a58b26 [pid: 8|app: 0|req: 679/1464] 10.0.0.58 () {32 vars in 800 bytes} [Wed Jul 8 11:04:52 2026] GET /v2.0/extensions => generated 20756 bytes in 9 msecs (HTTP/1.1 200) 4 headers in 159 bytes (1 switches on core 0) [pid: 7|app: 0|req: 786/1465] 10.0.0.161 () {32 vars in 719 bytes} [Wed Jul 8 11:04:52 2026] DELETE /v2.0/ports/0294db7a-660e-4fd1-a38b-b5ed13a58b26 => generated 0 bytes in 242 msecs (HTTP/1.1 204) 3 headers in 131 bytes (1 switches on core 0) [pid: 8|app: 0|req: 680/1466] 10.0.0.161 () {32 vars in 642 bytes} [Wed Jul 8 11:04:52 2026] GET /v2.0/ports => generated 1523 bytes in 55 msecs (HTTP/1.1 200) 4 headers in 158 bytes (1 switches on core 0) [pid: 7|app: 0|req: 787/1467] 10.0.0.58 () {30 vars in 722 bytes} [Wed Jul 8 11:04:52 2026] GET /v2.0/quotas/26c31778a8c949728e8ff6070af27016/details => generated 1025 bytes in 112 msecs (HTTP/1.1 200) 4 headers in 158 bytes (1 switches on core 0)
2026-07-08 11:04:52.429 8 INFO neutron.db.segments_db [None req-1f42ae4e-71a9-43e0-a426-02eb9e278b7a ccdc98d7a07a4bdaa1ab44a99d3edb60 efb758737f1b44baa5662a549f7394b5 - - default default] Added segment 31fa031b-e910-452c-be25-da04615d482f of type geneve for network 51b10ba9-c2f9-4764-ad05-818460e80832
2026-07-08 11:04:52.527 8 INFO neutron.db.ovn_revision_numbers_db [None req-1f42ae4e-71a9-43e0-a426-02eb9e278b7a ccdc98d7a07a4bdaa1ab44a99d3edb60 efb758737f1b44baa5662a549f7394b5 - - default default] Successfully bumped revision number for resource 51b10ba9-c2f9-4764-ad05-818460e80832 (type: networks) to 1
2026-07-08 11:04:52.678 8 WARNING neutron.scheduler.dhcp_agent_scheduler [None req-1f42ae4e-71a9-43e0-a426-02eb9e278b7a ccdc98d7a07a4bdaa1ab44a99d3edb60 efb758737f1b44baa5662a549f7394b5 - - default default] No more DHCP agents
2026-07-08 11:04:52.679 8 WARNING neutron.api.rpc.agentnotifiers.dhcp_rpc_agent_api [None req-1f42ae4e-71a9-43e0-a426-02eb9e278b7a ccdc98d7a07a4bdaa1ab44a99d3edb60 efb758737f1b44baa5662a549f7394b5 - - default default] Unable to schedule network 51b10ba9-c2f9-4764-ad05-818460e80832: no agents available; will retry on subsequent port and subnet creation events.
2026-07-08 11:04:52.737 7 INFO neutron.plugins.ml2.drivers.ovn.mech_driver.mech_driver [None req-57c55404-a986-44ea-ae83-c634f6d3d181 - - - - - -] OVN reports status down for port: 1162edad-e0ab-48b5-b6a5-9142d236e7f7
2026-07-08 11:04:52.740 8 INFO neutron.db.ovn_revision_numbers_db [None req-1f42ae4e-71a9-43e0-a426-02eb9e278b7a ccdc98d7a07a4bdaa1ab44a99d3edb60 efb758737f1b44baa5662a549f7394b5 - - default default] Successfully bumped revision number for resource 1162edad-e0ab-48b5-b6a5-9142d236e7f7 (type: ports) to 1 [pid: 8|app: 0|req: 681/1468] 10.0.0.161 () {34 vars in 669 bytes} [Wed Jul 8 11:04:52 2026] POST /v2.0/networks => generated 687 bytes in 431 msecs (HTTP/1.1 201) 4 headers in 162 bytes (1 switches on core 0)
2026-07-08 11:04:52.872 7 INFO neutron.db.segments_db [None req-4b126625-9759-437f-931f-5e39a91dec83 ccdc98d7a07a4bdaa1ab44a99d3edb60 efb758737f1b44baa5662a549f7394b5 - - default default] Added segment f90c667b-e5d5-4c0b-b6b5-7e727802e937 of type geneve for network cdba5ce0-c5ff-4f17-b17d-51c0b164c76f
2026-07-08 11:04:52.983 7 INFO neutron.db.ovn_revision_numbers_db [None req-4b126625-9759-437f-931f-5e39a91dec83 ccdc98d7a07a4bdaa1ab44a99d3edb60 efb758737f1b44baa5662a549f7394b5 - - default default] Successfully bumped revision number for resource cdba5ce0-c5ff-4f17-b17d-51c0b164c76f (type: networks) to 1
2026-07-08 11:04:53.145 7 WARNING neutron.scheduler.dhcp_agent_scheduler [None req-4b126625-9759-437f-931f-5e39a91dec83 ccdc98d7a07a4bdaa1ab44a99d3edb60 efb758737f1b44baa5662a549f7394b5 - - default default] No more DHCP agents
2026-07-08 11:04:53.146 7 WARNING neutron.api.rpc.agentnotifiers.dhcp_rpc_agent_api [None req-4b126625-9759-437f-931f-5e39a91dec83 ccdc98d7a07a4bdaa1ab44a99d3edb60 efb758737f1b44baa5662a549f7394b5 - - default default] Unable to schedule network cdba5ce0-c5ff-4f17-b17d-51c0b164c76f: no agents available; will retry on subsequent port and subnet creation events.
2026-07-08 11:04:53.196 8 INFO neutron.plugins.ml2.drivers.ovn.mech_driver.mech_driver [None req-2702bbe6-a86b-4920-bdc4-4a528d6aa010 - - - - - -] OVN reports status down for port: d5d5abd5-d1da-4b2c-b48e-bb37c06f9b4f
2026-07-08 11:04:53.229 7 INFO neutron.db.ovn_revision_numbers_db [None req-4b126625-9759-437f-931f-5e39a91dec83 ccdc98d7a07a4bdaa1ab44a99d3edb60 efb758737f1b44baa5662a549f7394b5 - - default default] Successfully bumped revision number for resource d5d5abd5-d1da-4b2c-b48e-bb37c06f9b4f (type: ports) to 1 [pid: 7|app: 0|req: 788/1469] 10.0.0.161 () {34 vars in 669 bytes} [Wed Jul 8 11:04:52 2026] POST /v2.0/networks => generated 687 bytes in 494 msecs (HTTP/1.1 201) 4 headers in 162 bytes (1 switches on core 0)
2026-07-08 11:04:53.626 8 WARNING neutron.scheduler.dhcp_agent_scheduler [None req-8d03b315-7c7c-4326-b1d4-4eac21165bc9 ccdc98d7a07a4bdaa1ab44a99d3edb60 efb758737f1b44baa5662a549f7394b5 - - default default] No more DHCP agents
2026-07-08 11:04:53.627 8 WARNING neutron.api.rpc.agentnotifiers.dhcp_rpc_agent_api [None req-8d03b315-7c7c-4326-b1d4-4eac21165bc9 ccdc98d7a07a4bdaa1ab44a99d3edb60 efb758737f1b44baa5662a549f7394b5 - - default default] Unable to schedule network 51b10ba9-c2f9-4764-ad05-818460e80832: no agents available; will retry on subsequent port and subnet creation events.
2026-07-08 11:04:54.021 8 INFO neutron.db.ovn_revision_numbers_db [None req-37fd8b8f-15d9-49e5-a5b0-6d3c82556df1 - - - - - -] Successfully bumped revision number for resource 1162edad-e0ab-48b5-b6a5-9142d236e7f7 (type: ports) to 2
2026-07-08 11:04:54.057 8 INFO neutron.db.ovn_revision_numbers_db [None req-37fd8b8f-15d9-49e5-a5b0-6d3c82556df1 - - - - - -] Successfully bumped revision number for resource 37a1f6d6-7ab2-4dff-8d95-089272dd471d (type: subnets) to 0
2026-07-08 11:04:54.089 8 WARNING neutron.scheduler.dhcp_agent_scheduler [None req-8d03b315-7c7c-4326-b1d4-4eac21165bc9 ccdc98d7a07a4bdaa1ab44a99d3edb60 efb758737f1b44baa5662a549f7394b5 - - default default] No more DHCP agents
2026-07-08 11:04:54.090 8 WARNING neutron.api.rpc.agentnotifiers.dhcp_rpc_agent_api [None req-8d03b315-7c7c-4326-b1d4-4eac21165bc9 ccdc98d7a07a4bdaa1ab44a99d3edb60 efb758737f1b44baa5662a549f7394b5 - - default default] Unable to schedule network cdba5ce0-c5ff-4f17-b17d-51c0b164c76f: no agents available; will retry on subsequent port and subnet creation events. [pid: 7|app: 0|req: 789/1470] 10.0.0.159 () {28 vars in 578 bytes} [Wed Jul 8 11:04:53 2026] GET /v2.0/ports => generated 14271 bytes in 153 msecs (HTTP/1.1 200) 4 headers in 159 bytes (1 switches on core 0) [pid: 7|app: 0|req: 790/1471] 10.0.0.159 () {28 vars in 582 bytes} [Wed Jul 8 11:04:54 2026] GET /v2.0/routers => generated 977 bytes in 83 msecs (HTTP/1.1 200) 4 headers in 157 bytes (1 switches on core 0) [pid: 7|app: 0|req: 791/1472] 10.0.0.159 () {28 vars in 623 bytes} [Wed Jul 8 11:04:54 2026] GET /v2.0/agents?binary=ovn-controller => generated 416 bytes in 32 msecs (HTTP/1.1 200) 4 headers in 157 bytes (1 switches on core 0) [pid: 7|app: 0|req: 792/1473] 10.0.0.159 () {28 vars in 584 bytes} [Wed Jul 8 11:04:54 2026] GET /v2.0/networks => generated 6209 bytes in 90 msecs (HTTP/1.1 200) 4 headers in 158 bytes (1 switches on core 0) [pid: 7|app: 0|req: 793/1474] 10.0.0.159 () {28 vars in 580 bytes} [Wed Jul 8 11:04:54 2026] GET /v2.0/agents => generated 1214 bytes in 11 msecs (HTTP/1.1 200) 4 headers in 158 bytes (1 switches on core 0) [pid: 7|app: 0|req: 794/1475] 10.0.0.159 () {28 vars in 582 bytes} [Wed Jul 8 11:04:54 2026] GET /v2.0/subnets => generated 3285 bytes in 30 msecs (HTTP/1.1 200) 4 headers in 158 bytes (1 switches on core 0) [pid: 7|app: 0|req: 795/1476] 10.0.0.159 () {28 vars in 590 bytes} [Wed Jul 8 11:04:54 2026] GET /v2.0/subnetpools => generated 19 bytes in 13 msecs (HTTP/1.1 200) 4 headers in 156 bytes (1 switches on core 0) [pid: 7|app: 0|req: 796/1477] 10.0.0.159 () {28 vars in 590 bytes} [Wed Jul 8 11:04:54 2026] GET /v2.0/floatingips => generated 860 bytes in 35 msecs (HTTP/1.1 200) 4 headers in 157 bytes (1 switches on core 0) [pid: 7|app: 0|req: 797/1478] 10.0.0.159 () {28 vars in 582 bytes} [Wed Jul 8 11:04:54 2026] GET /v2.0/subnets => generated 3285 bytes in 30 msecs (HTTP/1.1 200) 4 headers in 158 bytes (1 switches on core 0) [pid: 7|app: 0|req: 798/1479] 10.0.0.159 () {28 vars in 618 bytes} [Wed Jul 8 11:04:54 2026] GET /v2.0/network-ip-availabilities => generated 3041 bytes in 15 msecs (HTTP/1.1 200) 4 headers in 158 bytes (1 switches on core 0) [pid: 7|app: 0|req: 799/1480] 10.0.0.159 () {28 vars in 598 bytes} [Wed Jul 8 11:04:54 2026] GET /v2.0/security-groups => generated 26073 bytes in 58 msecs (HTTP/1.1 200) 4 headers in 159 bytes (1 switches on core 0)
2026-07-08 11:04:54.624 8 INFO neutron.db.ovn_revision_numbers_db [None req-9f0721d0-9f76-4b34-a872-e5e8a18e7400 - - - - - -] Successfully bumped revision number for resource d5d5abd5-d1da-4b2c-b48e-bb37c06f9b4f (type: ports) to 2
2026-07-08 11:04:54.659 8 INFO neutron.db.ovn_revision_numbers_db [None req-9f0721d0-9f76-4b34-a872-e5e8a18e7400 - - - - - -] Successfully bumped revision number for resource 4fc65472-0d00-4106-af08-419cddb6411f (type: subnets) to 0 [pid: 8|app: 0|req: 682/1481] 10.0.0.161 () {34 vars in 668 bytes} [Wed Jul 8 11:04:53 2026] POST /v2.0/subnets => generated 1274 bytes in 1384 msecs (HTTP/1.1 201) 4 headers in 163 bytes (1 switches on core 0) [pid: 7|app: 0|req: 800/1482] 10.0.0.161 () {32 vars in 646 bytes} [Wed Jul 8 11:04:54 2026] GET /v2.0/subnets => generated 1910 bytes in 33 msecs (HTTP/1.1 200) 4 headers in 158 bytes (1 switches on core 0) [pid: 8|app: 0|req: 683/1483] 10.0.0.161 () {32 vars in 723 bytes} [Wed Jul 8 11:04:54 2026] DELETE /v2.0/subnets/37a1f6d6-7ab2-4dff-8d95-089272dd471d => generated 0 bytes in 167 msecs (HTTP/1.1 204) 3 headers in 131 bytes (1 switches on core 0) [pid: 7|app: 0|req: 801/1484] 10.0.0.161 () {32 vars in 723 bytes} [Wed Jul 8 11:04:54 2026] DELETE /v2.0/subnets/4fc65472-0d00-4106-af08-419cddb6411f => generated 0 bytes in 168 msecs (HTTP/1.1 204) 3 headers in 131 bytes (1 switches on core 0) [pid: 8|app: 0|req: 684/1485] 10.0.0.161 () {32 vars in 646 bytes} [Wed Jul 8 11:04:55 2026] GET /v2.0/subnets => generated 649 bytes in 31 msecs (HTTP/1.1 200) 4 headers in 157 bytes (1 switches on core 0)
2026-07-08 11:04:55.202 7 INFO neutron_taas.services.taas.taas_plugin [None req-086fe49a-946d-405c-ae9d-56ff58368350 ccdc98d7a07a4bdaa1ab44a99d3edb60 efb758737f1b44baa5662a549f7394b5 - - default default] TaaS: Handle Delete Port: d5d5abd5-d1da-4b2c-b48e-bb37c06f9b4f
2026-07-08 11:04:55.204 7 INFO neutron_taas.services.taas.tap_mirror_plugin [None req-086fe49a-946d-405c-ae9d-56ff58368350 ccdc98d7a07a4bdaa1ab44a99d3edb60 efb758737f1b44baa5662a549f7394b5 - - default default] Tap Mirror: Handle Delete Port: d5d5abd5-d1da-4b2c-b48e-bb37c06f9b4f
2026-07-08 11:04:55.369 7 INFO neutron.services.segments.plugin [-] Segment f90c667b-e5d5-4c0b-b6b5-7e727802e937 resource provider aggregate not found
2026-07-08 11:04:55.379 7 INFO neutron.services.segments.plugin [-] Segment f90c667b-e5d5-4c0b-b6b5-7e727802e937 resource provider aggregate not found
2026-07-08 11:04:55.390 7 INFO neutron.services.segments.plugin [-] Client error retrieving segment f90c667b-e5d5-4c0b-b6b5-7e727802e937 resource provider; error: Placement Client Error (4xx): {"errors": [{"status": 404, "title": "Not Found", "detail": "The resource could not be found.\n\n No resource provider with uuid f90c667b-e5d5-4c0b-b6b5-7e727802e937 found for delete ", "request_id": "req-9af2667c-7736-4c98-8d66-de76a9b7de78"}]}
2026-07-08 11:04:55.395 7 INFO neutron.services.segments.plugin [-] Client error retrieving segment f90c667b-e5d5-4c0b-b6b5-7e727802e937 resource provider; error: Placement Client Error (4xx): {"errors": [{"status": 404, "title": "Not Found", "detail": "The resource could not be found.\n\n No resource provider with uuid f90c667b-e5d5-4c0b-b6b5-7e727802e937 found for delete ", "request_id": "req-88d80310-0db1-4b56-af04-6b247d890d59"}]} [pid: 7|app: 0|req: 802/1486] 10.0.0.161 () {32 vars in 725 bytes} [Wed Jul 8 11:04:55 2026] DELETE /v2.0/networks/cdba5ce0-c5ff-4f17-b17d-51c0b164c76f => generated 0 bytes in 310 msecs (HTTP/1.1 204) 3 headers in 131 bytes (1 switches on core 0)
2026-07-08 11:04:55.533 7 INFO neutron_taas.services.taas.taas_plugin [None req-64017c2a-a7c7-49f6-8d35-8121ba541046 ccdc98d7a07a4bdaa1ab44a99d3edb60 efb758737f1b44baa5662a549f7394b5 - - default default] TaaS: Handle Delete Port: 1162edad-e0ab-48b5-b6a5-9142d236e7f7
2026-07-08 11:04:55.536 7 INFO neutron_taas.services.taas.tap_mirror_plugin [None req-64017c2a-a7c7-49f6-8d35-8121ba541046 ccdc98d7a07a4bdaa1ab44a99d3edb60 efb758737f1b44baa5662a549f7394b5 - - default default] Tap Mirror: Handle Delete Port: 1162edad-e0ab-48b5-b6a5-9142d236e7f7
2026-07-08 11:04:55.658 8 INFO neutron.db.ovn_revision_numbers_db [None req-66af814d-0dbc-4658-872e-3db349cf95ad 652b8bc6005440d9892947a82585e505 93c8113d526f4ac5a35f09fba83b56e3 - - default default] Successfully bumped revision number for resource 8688475c-0239-4bd0-9cbb-4f88acdebf5e (type: security_groups) to 1
2026-07-08 11:04:55.668 8 INFO neutron.db.ovn_revision_numbers_db [None req-66af814d-0dbc-4658-872e-3db349cf95ad 652b8bc6005440d9892947a82585e505 93c8113d526f4ac5a35f09fba83b56e3 - - default default] Successfully bumped revision number for resource 1292e908-aa8e-46dc-913c-481004d1b5bd (type: security_group_rules) to 0
2026-07-08 11:04:55.679 8 INFO neutron.db.ovn_revision_numbers_db [None req-66af814d-0dbc-4658-872e-3db349cf95ad 652b8bc6005440d9892947a82585e505 93c8113d526f4ac5a35f09fba83b56e3 - - default default] Successfully bumped revision number for resource 1d5f2823-113c-4aca-8188-5138ada2d709 (type: security_group_rules) to 0
2026-07-08 11:04:55.690 8 INFO neutron.db.ovn_revision_numbers_db [None req-66af814d-0dbc-4658-872e-3db349cf95ad 652b8bc6005440d9892947a82585e505 93c8113d526f4ac5a35f09fba83b56e3 - - default default] Successfully bumped revision number for resource 7befad6b-fd85-4d44-a3f4-5c1cab7598cb (type: security_group_rules) to 0
2026-07-08 11:04:55.705 8 INFO neutron.db.ovn_revision_numbers_db [None req-66af814d-0dbc-4658-872e-3db349cf95ad 652b8bc6005440d9892947a82585e505 93c8113d526f4ac5a35f09fba83b56e3 - - default default] Successfully bumped revision number for resource fa2f67b8-c630-4784-ba0d-220e21129926 (type: security_group_rules) to 0 [pid: 8|app: 0|req: 685/1487] 10.0.0.161 () {32 vars in 773 bytes} [Wed Jul 8 11:04:55 2026] GET /v2.0/security-groups?tenant_id=26c31778a8c949728e8ff6070af27016&name=default => generated 2925 bytes in 366 msecs (HTTP/1.1 200) 4 headers in 158 bytes (1 switches on core 0) [pid: 7|app: 0|req: 803/1488] 10.0.0.161 () {32 vars in 725 bytes} [Wed Jul 8 11:04:55 2026] DELETE /v2.0/networks/51b10ba9-c2f9-4764-ad05-818460e80832 => generated 0 bytes in 340 msecs (HTTP/1.1 204) 3 headers in 131 bytes (1 switches on core 0)
2026-07-08 11:04:55.893 8 INFO neutron.db.ovn_revision_numbers_db [None req-c5ded989-87ab-4cbb-af69-c7187f924320 652b8bc6005440d9892947a82585e505 93c8113d526f4ac5a35f09fba83b56e3 - - default default] Successfully bumped revision number for resource 8d9219a1-ae1c-404a-8bc6-edb19b5c26bc (type: security_groups) to 1
2026-07-08 11:04:55.905 8 INFO neutron.db.ovn_revision_numbers_db [None req-c5ded989-87ab-4cbb-af69-c7187f924320 652b8bc6005440d9892947a82585e505 93c8113d526f4ac5a35f09fba83b56e3 - - default default] Successfully bumped revision number for resource 103a796e-085f-4093-a868-0dc893db5705 (type: security_group_rules) to 0
2026-07-08 11:04:55.916 8 INFO neutron.db.ovn_revision_numbers_db [None req-c5ded989-87ab-4cbb-af69-c7187f924320 652b8bc6005440d9892947a82585e505 93c8113d526f4ac5a35f09fba83b56e3 - - default default] Successfully bumped revision number for resource 489f564c-8b75-453b-9e49-a9179cee9fea (type: security_group_rules) to 0
2026-07-08 11:04:55.928 8 INFO neutron.db.ovn_revision_numbers_db [None req-c5ded989-87ab-4cbb-af69-c7187f924320 652b8bc6005440d9892947a82585e505 93c8113d526f4ac5a35f09fba83b56e3 - - default default] Successfully bumped revision number for resource a1e08248-6240-4286-a9ee-a75ab312a92e (type: security_group_rules) to 0
2026-07-08 11:04:55.940 8 INFO neutron.db.ovn_revision_numbers_db [None req-c5ded989-87ab-4cbb-af69-c7187f924320 652b8bc6005440d9892947a82585e505 93c8113d526f4ac5a35f09fba83b56e3 - - default default] Successfully bumped revision number for resource b68b359a-c5c9-4eb3-9db2-3b347acc5cba (type: security_group_rules) to 0 [pid: 7|app: 0|req: 804/1489] 10.0.0.161 () {32 vars in 739 bytes} [Wed Jul 8 11:04:55 2026] DELETE /v2.0/security-groups/8688475c-0239-4bd0-9cbb-4f88acdebf5e => generated 0 bytes in 192 msecs (HTTP/1.1 204) 2 headers in 112 bytes (1 switches on core 0) [pid: 8|app: 0|req: 686/1490] 10.0.0.161 () {32 vars in 773 bytes} [Wed Jul 8 11:04:55 2026] GET /v2.0/security-groups?tenant_id=fcbfc390ea834368b9c0e33a3b0aabd5&name=default => generated 2925 bytes in 238 msecs (HTTP/1.1 200) 4 headers in 158 bytes (1 switches on core 0)
2026-07-08 11:04:56.044 7 INFO neutron_taas.services.taas.taas_plugin [None req-4a5d634a-55d7-45a3-9397-9e7eecd075a5 ccdc98d7a07a4bdaa1ab44a99d3edb60 efb758737f1b44baa5662a549f7394b5 - - default default] TaaS: Handle Delete Port: f57137cc-9e89-4b45-9af1-d63003758685
2026-07-08 11:04:56.047 7 INFO neutron_taas.services.taas.tap_mirror_plugin [None req-4a5d634a-55d7-45a3-9397-9e7eecd075a5 ccdc98d7a07a4bdaa1ab44a99d3edb60 efb758737f1b44baa5662a549f7394b5 - - default default] Tap Mirror: Handle Delete Port: f57137cc-9e89-4b45-9af1-d63003758685 [pid: 8|app: 0|req: 687/1491] 10.0.0.161 () {32 vars in 739 bytes} [Wed Jul 8 11:04:55 2026] DELETE /v2.0/security-groups/8d9219a1-ae1c-404a-8bc6-edb19b5c26bc => generated 0 bytes in 194 msecs (HTTP/1.1 204) 2 headers in 112 bytes (1 switches on core 0) [pid: 7|app: 0|req: 805/1492] 10.0.0.161 () {32 vars in 725 bytes} [Wed Jul 8 11:04:55 2026] DELETE /v2.0/networks/aa3298b3-cc91-4cac-8416-eb7f3c1b6581 => generated 0 bytes in 289 msecs (HTTP/1.1 204) 3 headers in 131 bytes (1 switches on core 0)
2026-07-08 11:04:56.372 8 INFO neutron_taas.services.taas.taas_plugin [None req-b4ea5a1f-2f7b-4617-bfc3-159c87807662 ccdc98d7a07a4bdaa1ab44a99d3edb60 efb758737f1b44baa5662a549f7394b5 - - default default] TaaS: Handle Delete Port: ee230e81-bb9f-4b35-b055-c75e56f10f11
2026-07-08 11:04:56.374 8 INFO neutron_taas.services.taas.tap_mirror_plugin [None req-b4ea5a1f-2f7b-4617-bfc3-159c87807662 ccdc98d7a07a4bdaa1ab44a99d3edb60 efb758737f1b44baa5662a549f7394b5 - - default default] Tap Mirror: Handle Delete Port: ee230e81-bb9f-4b35-b055-c75e56f10f11
2026-07-08 11:04:56.519 8 INFO neutron.services.segments.plugin [-] Segment ef7d1e53-5beb-4b4c-8c03-99d4ab52c6a5 resource provider aggregate not found
2026-07-08 11:04:56.530 8 INFO neutron.services.segments.plugin [-] Segment ef7d1e53-5beb-4b4c-8c03-99d4ab52c6a5 resource provider aggregate not found
2026-07-08 11:04:56.546 8 INFO neutron.services.segments.plugin [-] Client error retrieving segment ef7d1e53-5beb-4b4c-8c03-99d4ab52c6a5 resource provider; error: Placement Client Error (4xx): {"errors": [{"status": 404, "title": "Not Found", "detail": "The resource could not be found.\n\n No resource provider with uuid ef7d1e53-5beb-4b4c-8c03-99d4ab52c6a5 found for delete ", "request_id": "req-282d8026-8b35-46e5-9ce6-164104d9838e"}]}
2026-07-08 11:04:56.554 8 INFO neutron.services.segments.plugin [-] Client error retrieving segment ef7d1e53-5beb-4b4c-8c03-99d4ab52c6a5 resource provider; error: Placement Client Error (4xx): {"errors": [{"status": 404, "title": "Not Found", "detail": "The resource could not be found.\n\n No resource provider with uuid ef7d1e53-5beb-4b4c-8c03-99d4ab52c6a5 found for delete ", "request_id": "req-cfdc9e24-de58-45fb-afc6-8afd247948a6"}]} [pid: 8|app: 0|req: 688/1493] 10.0.0.161 () {32 vars in 725 bytes} [Wed Jul 8 11:04:56 2026] DELETE /v2.0/networks/f17973fd-c7af-41e7-be61-de425440215f => generated 0 bytes in 335 msecs (HTTP/1.1 204) 3 headers in 131 bytes (1 switches on core 0) [pid: 7|app: 0|req: 806/1494] 10.0.0.161 () {32 vars in 773 bytes} [Wed Jul 8 11:04:56 2026] GET /v2.0/security-groups?tenant_id=efb758737f1b44baa5662a549f7394b5&name=default => generated 2925 bytes in 92 msecs (HTTP/1.1 200) 4 headers in 158 bytes (1 switches on core 0) [pid: 8|app: 0|req: 689/1495] 10.0.0.161 () {32 vars in 739 bytes} [Wed Jul 8 11:04:57 2026] DELETE /v2.0/security-groups/aa6cc318-a94c-44d3-9ca6-8ce00f43841e => generated 0 bytes in 226 msecs (HTTP/1.1 204) 2 headers in 112 bytes (1 switches on core 0)
2026-07-08 11:04:57.411 7 INFO neutron.services.segments.plugin [-] Segment 31fa031b-e910-452c-be25-da04615d482f resource provider aggregate not found
2026-07-08 11:04:57.416 7 INFO neutron.services.segments.plugin [-] Segment 31fa031b-e910-452c-be25-da04615d482f resource provider aggregate not found
2026-07-08 11:04:57.427 7 INFO neutron.services.segments.plugin [-] Client error retrieving segment 31fa031b-e910-452c-be25-da04615d482f resource provider; error: Placement Client Error (4xx): {"errors": [{"status": 404, "title": "Not Found", "detail": "The resource could not be found.\n\n No resource provider with uuid 31fa031b-e910-452c-be25-da04615d482f found for delete ", "request_id": "req-db1e8417-cc7a-442a-a93c-6848d97cdd32"}]}
2026-07-08 11:04:57.432 7 INFO neutron.services.segments.plugin [-] Client error retrieving segment 31fa031b-e910-452c-be25-da04615d482f resource provider; error: Placement Client Error (4xx): {"errors": [{"status": 404, "title": "Not Found", "detail": "The resource could not be found.\n\n No resource provider with uuid 31fa031b-e910-452c-be25-da04615d482f found for delete ", "request_id": "req-8fd5c035-c623-4688-8575-728301be9cd3"}]}
2026-07-08 11:04:57.448 7 INFO neutron.services.segments.plugin [-] Segment fcdff3c1-f935-4648-af71-029ebcb9e640 resource provider aggregate not found
2026-07-08 11:04:57.452 7 INFO neutron.services.segments.plugin [-] Segment fcdff3c1-f935-4648-af71-029ebcb9e640 resource provider aggregate not found
2026-07-08 11:04:57.467 7 INFO neutron.services.segments.plugin [-] Client error retrieving segment fcdff3c1-f935-4648-af71-029ebcb9e640 resource provider; error: Placement Client Error (4xx): {"errors": [{"status": 404, "title": "Not Found", "detail": "The resource could not be found.\n\n No resource provider with uuid fcdff3c1-f935-4648-af71-029ebcb9e640 found for delete ", "request_id": "req-45f2c5fe-8dc4-40df-bf9f-0e9393618546"}]}
2026-07-08 11:04:57.480 7 INFO neutron.services.segments.plugin [-] Client error retrieving segment fcdff3c1-f935-4648-af71-029ebcb9e640 resource provider; error: Placement Client Error (4xx): {"errors": [{"status": 404, "title": "Not Found", "detail": "The resource could not be found.\n\n No resource provider with uuid fcdff3c1-f935-4648-af71-029ebcb9e640 found for delete ", "request_id": "req-79c791a8-bf72-4a4c-8753-ead94bf40eb3"}]}
2026-07-08 11:04:58.042 7 INFO neutron.db.ovn_revision_numbers_db [None req-b067ffa7-202f-4f6f-aa6c-81eb02ad0f2d 652b8bc6005440d9892947a82585e505 93c8113d526f4ac5a35f09fba83b56e3 - - default default] Successfully bumped revision number for resource e69efd70-6661-4c20-b441-addaab4552fe (type: security_groups) to 1
2026-07-08 11:04:58.053 7 INFO neutron.db.ovn_revision_numbers_db [None req-b067ffa7-202f-4f6f-aa6c-81eb02ad0f2d 652b8bc6005440d9892947a82585e505 93c8113d526f4ac5a35f09fba83b56e3 - - default default] Successfully bumped revision number for resource 1a85d6c8-9e3b-4643-b455-637ee09fb661 (type: security_group_rules) to 0
2026-07-08 11:04:58.063 7 INFO neutron.db.ovn_revision_numbers_db [None req-b067ffa7-202f-4f6f-aa6c-81eb02ad0f2d 652b8bc6005440d9892947a82585e505 93c8113d526f4ac5a35f09fba83b56e3 - - default default] Successfully bumped revision number for resource 6d1f228b-71d0-4927-8ffc-f6f6f095ad1d (type: security_group_rules) to 0
2026-07-08 11:04:58.075 7 INFO neutron.db.ovn_revision_numbers_db [None req-b067ffa7-202f-4f6f-aa6c-81eb02ad0f2d 652b8bc6005440d9892947a82585e505 93c8113d526f4ac5a35f09fba83b56e3 - - default default] Successfully bumped revision number for resource 84299f46-7b87-44f2-95bd-f7deb697be58 (type: security_group_rules) to 0
2026-07-08 11:04:58.085 7 INFO neutron.db.ovn_revision_numbers_db [None req-b067ffa7-202f-4f6f-aa6c-81eb02ad0f2d 652b8bc6005440d9892947a82585e505 93c8113d526f4ac5a35f09fba83b56e3 - - default default] Successfully bumped revision number for resource a5a4e09c-8b0d-4edd-b5e7-4eab0f803662 (type: security_group_rules) to 0
2026-07-08 11:04:58.160 7 INFO neutron.db.segments_db [None req-b067ffa7-202f-4f6f-aa6c-81eb02ad0f2d 652b8bc6005440d9892947a82585e505 93c8113d526f4ac5a35f09fba83b56e3 - - default default] Added segment 2a4b051a-c30b-415e-8934-d803d898d8e2 of type geneve for network ea857d96-1881-47f6-b195-03a53f25e2ae
2026-07-08 11:04:58.284 7 INFO neutron.db.ovn_revision_numbers_db [None req-b067ffa7-202f-4f6f-aa6c-81eb02ad0f2d 652b8bc6005440d9892947a82585e505 93c8113d526f4ac5a35f09fba83b56e3 - - default default] Successfully bumped revision number for resource ea857d96-1881-47f6-b195-03a53f25e2ae (type: networks) to 1 [pid: 8|app: 0|req: 690/1496] 10.0.0.175 () {34 vars in 989 bytes} [Wed Jul 8 11:04:58 2026] GET /v2.0/ports?device_id=43f9a482-b792-4050-b80d-8fbe86a06063 => generated 1209 bytes in 39 msecs (HTTP/1.1 200) 4 headers in 158 bytes (1 switches on core 0) [pid: 8|app: 0|req: 691/1497] 10.0.0.175 () {34 vars in 1039 bytes} [Wed Jul 8 11:04:58 2026] GET /v2.0/security-groups?id=5415463b-3cc9-4f0b-8f63-e095a3213ac4&fields=id&fields=name => generated 112 bytes in 31 msecs (HTTP/1.1 200) 4 headers in 157 bytes (1 switches on core 0)
2026-07-08 11:04:58.528 7 WARNING neutron.scheduler.dhcp_agent_scheduler [None req-b067ffa7-202f-4f6f-aa6c-81eb02ad0f2d 652b8bc6005440d9892947a82585e505 93c8113d526f4ac5a35f09fba83b56e3 - - default default] No more DHCP agents
2026-07-08 11:04:58.530 7 WARNING neutron.api.rpc.agentnotifiers.dhcp_rpc_agent_api [None req-b067ffa7-202f-4f6f-aa6c-81eb02ad0f2d 652b8bc6005440d9892947a82585e505 93c8113d526f4ac5a35f09fba83b56e3 - - default default] Unable to schedule network ea857d96-1881-47f6-b195-03a53f25e2ae: no agents available; will retry on subsequent port and subnet creation events.
2026-07-08 11:04:58.594 8 INFO neutron.plugins.ml2.drivers.ovn.mech_driver.mech_driver [None req-2702bbe6-a86b-4920-bdc4-4a528d6aa010 - - - - - -] OVN reports status down for port: 1cd188fe-8043-4e03-b25c-cbc149e65539
2026-07-08 11:04:58.633 7 INFO neutron.db.ovn_revision_numbers_db [None req-b067ffa7-202f-4f6f-aa6c-81eb02ad0f2d 652b8bc6005440d9892947a82585e505 93c8113d526f4ac5a35f09fba83b56e3 - - default default] Successfully bumped revision number for resource 1cd188fe-8043-4e03-b25c-cbc149e65539 (type: ports) to 1 [pid: 7|app: 0|req: 807/1498] 10.0.0.161 () {34 vars in 670 bytes} [Wed Jul 8 11:04:57 2026] POST /v2.0/networks => generated 781 bytes in 840 msecs (HTTP/1.1 201) 4 headers in 162 bytes (1 switches on core 0)
2026-07-08 11:04:58.851 7 WARNING neutron.scheduler.dhcp_agent_scheduler [None req-ed39ab78-c5be-4163-9a79-b3397415ca6d 652b8bc6005440d9892947a82585e505 93c8113d526f4ac5a35f09fba83b56e3 - - default default] No more DHCP agents
2026-07-08 11:04:58.852 7 WARNING neutron.api.rpc.agentnotifiers.dhcp_rpc_agent_api [None req-ed39ab78-c5be-4163-9a79-b3397415ca6d 652b8bc6005440d9892947a82585e505 93c8113d526f4ac5a35f09fba83b56e3 - - default default] Unable to schedule network ea857d96-1881-47f6-b195-03a53f25e2ae: no agents available; will retry on subsequent port and subnet creation events.
2026-07-08 11:04:59.072 8 INFO neutron.db.ovn_revision_numbers_db [None req-6ed10f43-c10a-45f8-a3f6-da8f6fcafcb7 2dd4a1e0da2e47d28acdf010d726f3aa bec3142e6c204d769d8465351ad61a74 - - default default] Successfully bumped revision number for resource fe87ecdf-e6fe-44a1-ab66-fbc979af8467 (type: security_groups) to 1
2026-07-08 11:04:59.086 8 INFO neutron.db.ovn_revision_numbers_db [None req-6ed10f43-c10a-45f8-a3f6-da8f6fcafcb7 2dd4a1e0da2e47d28acdf010d726f3aa bec3142e6c204d769d8465351ad61a74 - - default default] Successfully bumped revision number for resource 078ee879-5944-44bb-9f64-f48759c147d1 (type: security_group_rules) to 0
2026-07-08 11:04:59.098 8 INFO neutron.db.ovn_revision_numbers_db [None req-6ed10f43-c10a-45f8-a3f6-da8f6fcafcb7 2dd4a1e0da2e47d28acdf010d726f3aa bec3142e6c204d769d8465351ad61a74 - - default default] Successfully bumped revision number for resource 30885976-8a61-4fa4-b4ba-4f296f8e0222 (type: security_group_rules) to 0
2026-07-08 11:04:59.114 8 INFO neutron.db.ovn_revision_numbers_db [None req-6ed10f43-c10a-45f8-a3f6-da8f6fcafcb7 2dd4a1e0da2e47d28acdf010d726f3aa bec3142e6c204d769d8465351ad61a74 - - default default] Successfully bumped revision number for resource d8a42231-b6e3-44ea-a150-d59f0128f43c (type: security_group_rules) to 0
2026-07-08 11:04:59.125 8 INFO neutron.db.ovn_revision_numbers_db [None req-6ed10f43-c10a-45f8-a3f6-da8f6fcafcb7 2dd4a1e0da2e47d28acdf010d726f3aa bec3142e6c204d769d8465351ad61a74 - - default default] Successfully bumped revision number for resource da088f3d-da38-4d24-8f97-cd6a4f4c093b (type: security_group_rules) to 0
2026-07-08 11:04:59.223 8 INFO neutron.db.segments_db [None req-6ed10f43-c10a-45f8-a3f6-da8f6fcafcb7 2dd4a1e0da2e47d28acdf010d726f3aa bec3142e6c204d769d8465351ad61a74 - - default default] Added segment 167c7878-6226-4593-b853-1beed0936d5b of type geneve for network 61823a43-95c3-4eee-b1dd-069333f5032c
2026-07-08 11:04:59.329 7 INFO neutron.db.ovn_revision_numbers_db [None req-2f621e0d-2c89-4fbf-b17b-4d31565b0216 - - - - - -] Successfully bumped revision number for resource 1cd188fe-8043-4e03-b25c-cbc149e65539 (type: ports) to 2
2026-07-08 11:04:59.375 8 INFO neutron.db.ovn_revision_numbers_db [None req-6ed10f43-c10a-45f8-a3f6-da8f6fcafcb7 2dd4a1e0da2e47d28acdf010d726f3aa bec3142e6c204d769d8465351ad61a74 - - default default] Successfully bumped revision number for resource 61823a43-95c3-4eee-b1dd-069333f5032c (type: networks) to 1
2026-07-08 11:04:59.378 7 INFO neutron.db.ovn_revision_numbers_db [None req-2f621e0d-2c89-4fbf-b17b-4d31565b0216 - - - - - -] Successfully bumped revision number for resource 2d42f0f8-6f26-4e94-a05f-66b48bd59d3a (type: subnets) to 0 [pid: 7|app: 0|req: 808/1499] 10.0.0.161 () {34 vars in 668 bytes} [Wed Jul 8 11:04:58 2026] POST /v2.0/subnets => generated 687 bytes in 709 msecs (HTTP/1.1 201) 4 headers in 162 bytes (1 switches on core 0)
2026-07-08 11:04:59.541 8 WARNING neutron.scheduler.dhcp_agent_scheduler [None req-6ed10f43-c10a-45f8-a3f6-da8f6fcafcb7 2dd4a1e0da2e47d28acdf010d726f3aa bec3142e6c204d769d8465351ad61a74 - - default default] No more DHCP agents
2026-07-08 11:04:59.543 8 WARNING neutron.api.rpc.agentnotifiers.dhcp_rpc_agent_api [None req-6ed10f43-c10a-45f8-a3f6-da8f6fcafcb7 2dd4a1e0da2e47d28acdf010d726f3aa bec3142e6c204d769d8465351ad61a74 - - default default] Unable to schedule network 61823a43-95c3-4eee-b1dd-069333f5032c: no agents available; will retry on subsequent port and subnet creation events.
2026-07-08 11:04:59.551 7 INFO neutron.db.ovn_revision_numbers_db [None req-07be6f65-88a4-4cab-8dac-78ce3c80daa5 305ef19ba20f4b3394dac6308350f182 c2abe6da00674804bfe79a857e397983 - - default default] Successfully bumped revision number for resource 5e13965b-75fc-4e85-916e-8e0bb7355285 (type: security_groups) to 1
2026-07-08 11:04:59.572 7 INFO neutron.db.ovn_revision_numbers_db [None req-07be6f65-88a4-4cab-8dac-78ce3c80daa5 305ef19ba20f4b3394dac6308350f182 c2abe6da00674804bfe79a857e397983 - - default default] Successfully bumped revision number for resource 15574e31-cb3d-4fef-95d1-74baa775e0d2 (type: security_group_rules) to 0
2026-07-08 11:04:59.592 8 INFO neutron.plugins.ml2.drivers.ovn.mech_driver.mech_driver [None req-2702bbe6-a86b-4920-bdc4-4a528d6aa010 - - - - - -] OVN reports status down for port: 1005945f-c25c-4524-960f-2c6b4b3a78c6
2026-07-08 11:04:59.606 7 INFO neutron.db.ovn_revision_numbers_db [None req-07be6f65-88a4-4cab-8dac-78ce3c80daa5 305ef19ba20f4b3394dac6308350f182 c2abe6da00674804bfe79a857e397983 - - default default] Successfully bumped revision number for resource 864604ef-18ab-4f8a-90c3-f356387cc418 (type: security_group_rules) to 0
2026-07-08 11:04:59.621 7 INFO neutron.db.ovn_revision_numbers_db [None req-07be6f65-88a4-4cab-8dac-78ce3c80daa5 305ef19ba20f4b3394dac6308350f182 c2abe6da00674804bfe79a857e397983 - - default default] Successfully bumped revision number for resource c23f9e8e-2c43-4e62-8264-a2ef18330b51 (type: security_group_rules) to 0
