2026-07-08 11:05:10.769 7 WARNING neutron.api.rpc.agentnotifiers.dhcp_rpc_agent_api [None req-3187ae05-a371-4622-9379-7b44ff890513 652b8bc6005440d9892947a82585e505 93c8113d526f4ac5a35f09fba83b56e3 - - default default] Unable to schedule network 8ad7d0d3-7682-4ec4-89f7-9a78a2f005a7: no agents available; will retry on subsequent port and subnet creation events.
2026-07-08 11:05:10.832 8 INFO neutron.db.ovn_revision_numbers_db [None req-441a859d-b9e8-4be6-9b0c-e31a2dc82991 - - - - - -] Successfully bumped revision number for resource f0b92d25-4c67-4c9a-a783-095a1fd53bb2 (type: ports) to 5
2026-07-08 11:05:11.016 8 WARNING neutron.scheduler.dhcp_agent_scheduler [None req-42b8e7c8-cd53-4c56-a4e8-bd450990b7f8 1af0341d88514d7bae9906bfeabf9bb7 e112e9e2861b4d0aa63cd73a7a2b5d7d - - default default] No more DHCP agents
2026-07-08 11:05:11.017 8 WARNING neutron.api.rpc.agentnotifiers.dhcp_rpc_agent_api [None req-42b8e7c8-cd53-4c56-a4e8-bd450990b7f8 1af0341d88514d7bae9906bfeabf9bb7 e112e9e2861b4d0aa63cd73a7a2b5d7d - - default default] Unable to schedule network b77581c2-b8dd-4ce2-b69d-9c7498cf499b: no agents available; will retry on subsequent port and subnet creation events.
2026-07-08 11:05:11.097 8 INFO neutron.db.ovn_revision_numbers_db [None req-42b8e7c8-cd53-4c56-a4e8-bd450990b7f8 1af0341d88514d7bae9906bfeabf9bb7 e112e9e2861b4d0aa63cd73a7a2b5d7d - - default default] Successfully bumped revision number for resource 6c7228b0-e427-4c19-81e0-4fbfff2780ee (type: ports) to 1 [pid: 8|app: 0|req: 719/1559] 10.0.0.161 () {34 vars in 669 bytes} [Wed Jul 8 11:05:09 2026] POST /v2.0/networks => generated 682 bytes in 1281 msecs (HTTP/1.1 201) 4 headers in 162 bytes (1 switches on core 0)
2026-07-08 11:05:11.148 8 INFO neutron.db.securitygroups_db [None req-bada85f8-77d9-46c9-864a-3590e726faf3 2dd4a1e0da2e47d28acdf010d726f3aa bec3142e6c204d769d8465351ad61a74 - - default default] Project bec3142e6c204d769d8465351ad61a74 added a security group rule with legacy IPv6 ICMP protocol name icmp, ipv6-icmp should be used instead. It was automatically converted.
2026-07-08 11:05:11.260 8 INFO neutron.db.ovn_revision_numbers_db [None req-bada85f8-77d9-46c9-864a-3590e726faf3 2dd4a1e0da2e47d28acdf010d726f3aa bec3142e6c204d769d8465351ad61a74 - - default default] Successfully bumped revision number for resource bfd648ae-69a5-4438-98fe-bc18a4bd5ead (type: security_group_rules) to 0 [pid: 8|app: 0|req: 720/1560] 10.0.0.161 () {34 vars in 694 bytes} [Wed Jul 8 11:05:11 2026] POST /v2.0/security-group-rules => generated 606 bytes in 179 msecs (HTTP/1.1 201) 4 headers in 162 bytes (1 switches on core 0)
2026-07-08 11:05:11.303 7 INFO neutron.db.ovn_revision_numbers_db [None req-57c55404-a986-44ea-ae83-c634f6d3d181 - - - - - -] Successfully bumped revision number for resource 13b0653c-297a-484b-afa5-7c2bbaf255e2 (type: ports) to 2 [pid: 8|app: 0|req: 721/1561] 10.0.0.124 () {34 vars in 989 bytes} [Wed Jul 8 11:05:11 2026] GET /v2.0/ports?device_id=43f9a482-b792-4050-b80d-8fbe86a06063 => generated 971 bytes in 100 msecs (HTTP/1.1 200) 4 headers in 157 bytes (1 switches on core 0)
2026-07-08 11:05:11.509 8 WARNING neutron.plugins.ml2.drivers.ovn.mech_driver.ovsdb.ovn_client [None req-12b90570-849e-414d-b419-c14499d7b948 - - - - - -] No hosting information found for port a9c9ec70-f8c8-41e2-a683-e9890929b818: RuntimeError: No hosting information found for port a9c9ec70-f8c8-41e2-a683-e9890929b818
2026-07-08 11:05:11.567 7 INFO neutron.db.ovn_revision_numbers_db [None req-3187ae05-a371-4622-9379-7b44ff890513 652b8bc6005440d9892947a82585e505 93c8113d526f4ac5a35f09fba83b56e3 - - default default] Successfully bumped revision number for resource 13b0653c-297a-484b-afa5-7c2bbaf255e2 (type: router_ports) to 1 [pid: 7|app: 0|req: 841/1562] 10.0.0.161 () {34 vars in 782 bytes} [Wed Jul 8 11:05:08 2026] PUT /v2.0/routers/9fc68581-5eaf-4c56-9bce-b5240d213485/add_router_interface => generated 309 bytes in 2608 msecs (HTTP/1.1 200) 4 headers in 157 bytes (1 switches on core 0) [pid: 7|app: 0|req: 842/1563] 10.0.0.124 () {34 vars in 1039 bytes} [Wed Jul 8 11:05:11 2026] GET /v2.0/security-groups?id=5415463b-3cc9-4f0b-8f63-e095a3213ac4&fields=id&fields=name => generated 112 bytes in 26 msecs (HTTP/1.1 200) 4 headers in 157 bytes (1 switches on core 0)
2026-07-08 11:05:11.684 8 INFO neutron.db.ovn_revision_numbers_db [None req-12b90570-849e-414d-b419-c14499d7b948 - - - - - -] Successfully bumped revision number for resource a9c9ec70-f8c8-41e2-a683-e9890929b818 (type: router_ports) to 2
2026-07-08 11:05:11.747 8 INFO neutron.plugins.ml2.drivers.ovn.mech_driver.mech_driver [None req-12b90570-849e-414d-b419-c14499d7b948 - - - - - -] OVN reports status down for port: 08152ee8-6be4-486e-9d51-7af9dc743d8f
2026-07-08 11:05:11.750 8 WARNING neutron.scheduler.dhcp_agent_scheduler [None req-af794eb3-fe66-493b-badf-ba486d4ddf9b 1af0341d88514d7bae9906bfeabf9bb7 e112e9e2861b4d0aa63cd73a7a2b5d7d - - default default] No more DHCP agents [pid: 7|app: 0|req: 843/1564] 10.0.0.161 () {32 vars in 648 bytes} [Wed Jul 8 11:05:11 2026] GET /v2.0/networks => generated 1374 bytes in 84 msecs (HTTP/1.1 200) 4 headers in 158 bytes (1 switches on core 0)
2026-07-08 11:05:11.752 8 WARNING neutron.api.rpc.agentnotifiers.dhcp_rpc_agent_api [None req-af794eb3-fe66-493b-badf-ba486d4ddf9b 1af0341d88514d7bae9906bfeabf9bb7 e112e9e2861b4d0aa63cd73a7a2b5d7d - - default default] Unable to schedule network b77581c2-b8dd-4ce2-b69d-9c7498cf499b: no agents available; will retry on subsequent port and subnet creation events.
2026-07-08 11:05:11.843 8 INFO neutron.plugins.ml2.drivers.ovn.mech_driver.mech_driver [None req-12b90570-849e-414d-b419-c14499d7b948 - - - - - -] OVN reports status down for port: 4e1feb78-c04d-4245-80af-2662cb52c200 [pid: 7|app: 0|req: 844/1565] 10.0.0.124 () {34 vars in 1097 bytes} [Wed Jul 8 11:05:11 2026] GET /v2.0/security-groups?name=tempest-secgroup-smoke-986670819&fields=id&tenant_id=bec3142e6c204d769d8465351ad61a74 => generated 69 bytes in 28 msecs (HTTP/1.1 200) 4 headers in 156 bytes (1 switches on core 0) [pid: 7|app: 0|req: 845/1566] 10.0.0.124 () {34 vars in 981 bytes} [Wed Jul 8 11:05:11 2026] GET /v2.0/networks?id=61823a43-95c3-4eee-b1dd-069333f5032c => generated 699 bytes in 43 msecs (HTTP/1.1 200) 4 headers in 157 bytes (1 switches on core 0)
2026-07-08 11:05:11.947 8 WARNING neutron.plugins.ml2.drivers.ovn.mech_driver.ovsdb.ovn_client [None req-12b90570-849e-414d-b419-c14499d7b948 - - - - - -] Logical_Switch_Port 4e1feb78-c04d-4245-80af-2662cb52c200 host information not removed, the port state is up
2026-07-08 11:05:11.949 8 INFO neutron.plugins.ml2.drivers.ovn.mech_driver.mech_driver [None req-12b90570-849e-414d-b419-c14499d7b948 - - - - - -] OVN reports status up for port: 4e1feb78-c04d-4245-80af-2662cb52c200 [pid: 7|app: 0|req: 846/1567] 10.0.0.124 () {34 vars in 964 bytes} [Wed Jul 8 11:05:11 2026] GET /v2.0/quotas/bec3142e6c204d769d8465351ad61a74 => generated 359 bytes in 10 msecs (HTTP/1.1 200) 4 headers in 157 bytes (1 switches on core 0)
2026-07-08 11:05:11.980 8 INFO neutron.plugins.ml2.plugin [None req-12b90570-849e-414d-b419-c14499d7b948 - - - - - -] Attempt 1 to provision port 4e1feb78-c04d-4245-80af-2662cb52c200 [pid: 7|app: 0|req: 847/1568] 10.0.0.124 () {34 vars in 1001 bytes} [Wed Jul 8 11:05:11 2026] GET /v2.0/ports?tenant_id=bec3142e6c204d769d8465351ad61a74&fields=id => generated 103 bytes in 71 msecs (HTTP/1.1 200) 4 headers in 157 bytes (1 switches on core 0) [pid: 7|app: 0|req: 848/1569] 10.0.0.124 () {34 vars in 1007 bytes} [Wed Jul 8 11:05:12 2026] GET /v2.0/networks/61823a43-95c3-4eee-b1dd-069333f5032c?fields=segments => generated 14 bytes in 39 msecs (HTTP/1.1 200) 4 headers in 156 bytes (1 switches on core 0) [pid: 7|app: 0|req: 849/1570] 10.0.0.124 () {34 vars in 1107 bytes} [Wed Jul 8 11:05:12 2026] GET /v2.0/networks/61823a43-95c3-4eee-b1dd-069333f5032c?fields=provider%3Aphysical_network&fields=provider%3Anetwork_type => generated 79 bytes in 44 msecs (HTTP/1.1 200) 4 headers in 156 bytes (1 switches on core 0)
2026-07-08 11:05:12.283 7 INFO neutron.db.ovn_revision_numbers_db [None req-3a6d9900-d000-432d-ba87-1c423f75498b 70f92ad6e193438b87d8d67f8e6639ee 4b6a2c7a56d540929ba8266ea8548bb6 - - default default] Successfully bumped revision number for resource 8187eb18-a3e1-449f-b61e-9775393c7ccc (type: security_groups) to 1
2026-07-08 11:05:12.292 7 INFO neutron.db.ovn_revision_numbers_db [None req-3a6d9900-d000-432d-ba87-1c423f75498b 70f92ad6e193438b87d8d67f8e6639ee 4b6a2c7a56d540929ba8266ea8548bb6 - - default default] Successfully bumped revision number for resource 3dfc9273-505d-437d-96fe-7359cb536fd8 (type: security_group_rules) to 0
2026-07-08 11:05:12.302 7 INFO neutron.db.ovn_revision_numbers_db [None req-3a6d9900-d000-432d-ba87-1c423f75498b 70f92ad6e193438b87d8d67f8e6639ee 4b6a2c7a56d540929ba8266ea8548bb6 - - default default] Successfully bumped revision number for resource aa01662d-29bc-4f94-a887-0209012e02f5 (type: security_group_rules) to 0 [pid: 7|app: 0|req: 850/1571] 10.0.0.161 () {34 vars in 684 bytes} [Wed Jul 8 11:05:12 2026] POST /v2.0/security-groups => generated 1675 bytes in 168 msecs (HTTP/1.1 201) 4 headers in 163 bytes (1 switches on core 0) [pid: 7|app: 0|req: 851/1572] 10.0.0.124 () {34 vars in 989 bytes} [Wed Jul 8 11:05:12 2026] GET /v2.0/ports?device_id=69ab8714-60cd-40c3-a7dd-2f2a2f831d9c => generated 12 bytes in 29 msecs (HTTP/1.1 200) 4 headers in 156 bytes (1 switches on core 0)
2026-07-08 11:05:12.484 7 INFO neutron.db.ovn_revision_numbers_db [None req-b79ef75d-80cc-4afb-ac9a-0f3e7c0a3df7 70f92ad6e193438b87d8d67f8e6639ee 4b6a2c7a56d540929ba8266ea8548bb6 - - default default] Successfully bumped revision number for resource cdf207c7-60ce-4480-91a2-b2d612555dd8 (type: security_group_rules) to 0 [pid: 7|app: 0|req: 852/1573] 10.0.0.161 () {34 vars in 694 bytes} [Wed Jul 8 11:05:12 2026] POST /v2.0/security-group-rules => generated 597 bytes in 157 msecs (HTTP/1.1 201) 4 headers in 162 bytes (1 switches on core 0)
2026-07-08 11:05:12.565 8 INFO neutron.db.ovn_revision_numbers_db [None req-ebd633c6-6eb6-4dc4-88da-8bf5e821afb3 - - - - - -] Successfully bumped revision number for resource 6c7228b0-e427-4c19-81e0-4fbfff2780ee (type: ports) to 2
2026-07-08 11:05:12.626 8 INFO neutron.db.ovn_revision_numbers_db [None req-ebd633c6-6eb6-4dc4-88da-8bf5e821afb3 - - - - - -] Successfully bumped revision number for resource ee4439a0-3b0a-4136-bcdd-3bc138ce4388 (type: subnets) to 0
2026-07-08 11:05:12.647 7 INFO neutron.db.ovn_revision_numbers_db [None req-caad7ff0-cbc8-432d-8e3f-6143cc00e2a6 70f92ad6e193438b87d8d67f8e6639ee 4b6a2c7a56d540929ba8266ea8548bb6 - - default default] Successfully bumped revision number for resource 52f4fd2a-0db4-4370-871a-6dabc71045ac (type: security_group_rules) to 0 [pid: 8|app: 0|req: 722/1574] 10.0.0.161 () {34 vars in 668 bytes} [Wed Jul 8 11:05:11 2026] POST /v2.0/subnets => generated 641 bytes in 1259 msecs (HTTP/1.1 201) 4 headers in 162 bytes (1 switches on core 0) [pid: 7|app: 0|req: 853/1575] 10.0.0.161 () {34 vars in 694 bytes} [Wed Jul 8 11:05:12 2026] POST /v2.0/security-group-rules => generated 596 bytes in 143 msecs (HTTP/1.1 201) 4 headers in 162 bytes (1 switches on core 0)
2026-07-08 11:05:12.736 8 INFO neutron.db.ovn_revision_numbers_db [None req-12b90570-849e-414d-b419-c14499d7b948 - - - - - -] Successfully bumped revision number for resource 4e1feb78-c04d-4245-80af-2662cb52c200 (type: ports) to 2 [pid: 7|app: 0|req: 854/1576] 10.0.0.124 () {34 vars in 989 bytes} [Wed Jul 8 11:05:12 2026] GET /v2.0/ports?device_id=43f9a482-b792-4050-b80d-8fbe86a06063 => generated 971 bytes in 75 msecs (HTTP/1.1 200) 4 headers in 157 bytes (1 switches on core 0)
2026-07-08 11:05:12.786 8 INFO neutron.db.segments_db [None req-8b5f60c3-e7db-4f01-a433-15a59008b567 1af0341d88514d7bae9906bfeabf9bb7 e112e9e2861b4d0aa63cd73a7a2b5d7d - - default default] Added segment 846b9a16-9f9c-4bfe-96c8-f108e44ac699 of type geneve for network 91eeb773-f333-4ce8-a716-489e04824384
2026-07-08 11:05:12.864 7 INFO neutron.db.ovn_revision_numbers_db [None req-40cd15d9-d9d0-4d48-bceb-78c0e2865620 70f92ad6e193438b87d8d67f8e6639ee 4b6a2c7a56d540929ba8266ea8548bb6 - - default default] Successfully bumped revision number for resource c084da00-594f-4bba-af7b-855adee0b0ee (type: security_group_rules) to 0 [pid: 7|app: 0|req: 855/1577] 10.0.0.161 () {34 vars in 694 bytes} [Wed Jul 8 11:05:12 2026] POST /v2.0/security-group-rules => generated 602 bytes in 144 msecs (HTTP/1.1 201) 4 headers in 162 bytes (1 switches on core 0) [pid: 7|app: 0|req: 856/1578] 10.0.0.124 () {34 vars in 1039 bytes} [Wed Jul 8 11:05:12 2026] GET /v2.0/security-groups?id=5415463b-3cc9-4f0b-8f63-e095a3213ac4&fields=id&fields=name => generated 112 bytes in 25 msecs (HTTP/1.1 200) 4 headers in 157 bytes (1 switches on core 0)
2026-07-08 11:05:12.968 8 INFO neutron.db.ovn_revision_numbers_db [None req-8b5f60c3-e7db-4f01-a433-15a59008b567 1af0341d88514d7bae9906bfeabf9bb7 e112e9e2861b4d0aa63cd73a7a2b5d7d - - default default] Successfully bumped revision number for resource 91eeb773-f333-4ce8-a716-489e04824384 (type: networks) to 1
2026-07-08 11:05:13.046 7 INFO neutron.db.ovn_revision_numbers_db [None req-4d9204db-c6c8-4d92-a358-c27772557ae7 70f92ad6e193438b87d8d67f8e6639ee 4b6a2c7a56d540929ba8266ea8548bb6 - - default default] Successfully bumped revision number for resource 524e7df8-9000-480c-bfed-23233c18c59b (type: security_group_rules) to 0 [pid: 7|app: 0|req: 857/1579] 10.0.0.161 () {34 vars in 694 bytes} [Wed Jul 8 11:05:12 2026] POST /v2.0/security-group-rules => generated 601 bytes in 155 msecs (HTTP/1.1 201) 4 headers in 162 bytes (1 switches on core 0)
2026-07-08 11:05:13.113 7 INFO neutron.db.securitygroups_db [None req-60cf4e00-c26c-47b7-a4b6-66fd6e0dd788 70f92ad6e193438b87d8d67f8e6639ee 4b6a2c7a56d540929ba8266ea8548bb6 - - default default] Project 4b6a2c7a56d540929ba8266ea8548bb6 added a security group rule with legacy IPv6 ICMP protocol name icmp, ipv6-icmp should be used instead. It was automatically converted.
2026-07-08 11:05:13.143 8 WARNING neutron.scheduler.dhcp_agent_scheduler [None req-8b5f60c3-e7db-4f01-a433-15a59008b567 1af0341d88514d7bae9906bfeabf9bb7 e112e9e2861b4d0aa63cd73a7a2b5d7d - - default default] No more DHCP agents
2026-07-08 11:05:13.145 8 WARNING neutron.api.rpc.agentnotifiers.dhcp_rpc_agent_api [None req-8b5f60c3-e7db-4f01-a433-15a59008b567 1af0341d88514d7bae9906bfeabf9bb7 e112e9e2861b4d0aa63cd73a7a2b5d7d - - default default] Unable to schedule network 91eeb773-f333-4ce8-a716-489e04824384: no agents available; will retry on subsequent port and subnet creation events.
2026-07-08 11:05:13.235 8 INFO neutron.db.ovn_revision_numbers_db [None req-8b5f60c3-e7db-4f01-a433-15a59008b567 1af0341d88514d7bae9906bfeabf9bb7 e112e9e2861b4d0aa63cd73a7a2b5d7d - - default default] Successfully bumped revision number for resource b9bb5850-9e06-4e21-83ab-68566cbcad9b (type: ports) to 1
2026-07-08 11:05:13.238 7 INFO neutron.db.ovn_revision_numbers_db [None req-60cf4e00-c26c-47b7-a4b6-66fd6e0dd788 70f92ad6e193438b87d8d67f8e6639ee 4b6a2c7a56d540929ba8266ea8548bb6 - - default default] Successfully bumped revision number for resource 354a232a-4502-4151-a92e-70af6908e097 (type: security_group_rules) to 0 [pid: 8|app: 0|req: 723/1580] 10.0.0.161 () {34 vars in 669 bytes} [Wed Jul 8 11:05:12 2026] POST /v2.0/networks => generated 681 bytes in 596 msecs (HTTP/1.1 201) 4 headers in 162 bytes (1 switches on core 0) [pid: 7|app: 0|req: 858/1581] 10.0.0.161 () {34 vars in 694 bytes} [Wed Jul 8 11:05:13 2026] POST /v2.0/security-group-rules => generated 607 bytes in 192 msecs (HTTP/1.1 201) 4 headers in 162 bytes (1 switches on core 0)
2026-07-08 11:05:13.314 7 INFO neutron.db.securitygroups_db [None req-4cc034ae-06a9-45fe-a3d7-7b16488a1e4e 70f92ad6e193438b87d8d67f8e6639ee 4b6a2c7a56d540929ba8266ea8548bb6 - - default default] Project 4b6a2c7a56d540929ba8266ea8548bb6 added a security group rule with legacy IPv6 ICMP protocol name icmp, ipv6-icmp should be used instead. It was automatically converted.
2026-07-08 11:05:13.408 8 INFO neutron.db.ovn_revision_numbers_db [None req-12fcbb14-4887-43c3-b0dd-5d4b61f3db3d 1af0341d88514d7bae9906bfeabf9bb7 e112e9e2861b4d0aa63cd73a7a2b5d7d - - default default] Successfully bumped revision number for resource 91eeb773-f333-4ce8-a716-489e04824384 (type: networks) to 2 [pid: 8|app: 0|req: 724/1582] 10.0.0.161 () {34 vars in 742 bytes} [Wed Jul 8 11:05:13 2026] PUT /v2.0/networks/91eeb773-f333-4ce8-a716-489e04824384 => generated 636 bytes in 150 msecs (HTTP/1.1 200) 4 headers in 157 bytes (1 switches on core 0)
2026-07-08 11:05:13.440 7 INFO neutron.db.ovn_revision_numbers_db [None req-4cc034ae-06a9-45fe-a3d7-7b16488a1e4e 70f92ad6e193438b87d8d67f8e6639ee 4b6a2c7a56d540929ba8266ea8548bb6 - - default default] Successfully bumped revision number for resource 37705c8d-5efd-4a5b-a8fb-990680f43d31 (type: security_group_rules) to 0 [pid: 7|app: 0|req: 859/1583] 10.0.0.161 () {34 vars in 694 bytes} [Wed Jul 8 11:05:13 2026] POST /v2.0/security-group-rules => generated 606 bytes in 191 msecs (HTTP/1.1 201) 4 headers in 162 bytes (1 switches on core 0) [pid: 7|app: 0|req: 860/1584] 10.0.0.124 () {34 vars in 989 bytes} [Wed Jul 8 11:05:13 2026] GET /v2.0/ports?device_id=69ab8714-60cd-40c3-a7dd-2f2a2f831d9c => generated 12 bytes in 18 msecs (HTTP/1.1 200) 4 headers in 156 bytes (1 switches on core 0)
2026-07-08 11:05:13.579 8 WARNING neutron.scheduler.dhcp_agent_scheduler [None req-04f9bf2e-d98a-434c-876b-7b742a2792c8 1af0341d88514d7bae9906bfeabf9bb7 e112e9e2861b4d0aa63cd73a7a2b5d7d - - default default] No more DHCP agents
2026-07-08 11:05:13.580 8 WARNING neutron.api.rpc.agentnotifiers.dhcp_rpc_agent_api [None req-04f9bf2e-d98a-434c-876b-7b742a2792c8 1af0341d88514d7bae9906bfeabf9bb7 e112e9e2861b4d0aa63cd73a7a2b5d7d - - default default] Unable to schedule network 91eeb773-f333-4ce8-a716-489e04824384: no agents available; will retry on subsequent port and subnet creation events.
2026-07-08 11:05:13.991 7 INFO neutron.db.ovn_revision_numbers_db [None req-1a8c40fb-642e-46d6-ab8f-71cbd3c89e49 70f92ad6e193438b87d8d67f8e6639ee 4b6a2c7a56d540929ba8266ea8548bb6 - - default default] Successfully bumped revision number for resource a1691bff-a0a2-4946-9b87-8714e598d8a4 (type: security_groups) to 1
2026-07-08 11:05:14.002 7 INFO neutron.db.ovn_revision_numbers_db [None req-1a8c40fb-642e-46d6-ab8f-71cbd3c89e49 70f92ad6e193438b87d8d67f8e6639ee 4b6a2c7a56d540929ba8266ea8548bb6 - - default default] Successfully bumped revision number for resource 26db7d2b-c8a1-4350-b6e8-e06261a8c673 (type: security_group_rules) to 0
2026-07-08 11:05:14.010 8 INFO neutron.db.ovn_revision_numbers_db [None req-506b4b70-73b0-483b-a58d-ed8514a746f8 - - - - - -] Successfully bumped revision number for resource b9bb5850-9e06-4e21-83ab-68566cbcad9b (type: ports) to 2
2026-07-08 11:05:14.014 7 INFO neutron.db.ovn_revision_numbers_db [None req-1a8c40fb-642e-46d6-ab8f-71cbd3c89e49 70f92ad6e193438b87d8d67f8e6639ee 4b6a2c7a56d540929ba8266ea8548bb6 - - default default] Successfully bumped revision number for resource 5dc07008-ef50-410d-a6d9-2d2d0595b639 (type: security_group_rules) to 0
2026-07-08 11:05:14.032 8 INFO neutron.db.ovn_revision_numbers_db [None req-506b4b70-73b0-483b-a58d-ed8514a746f8 - - - - - -] Successfully bumped revision number for resource 4b2ffbd9-18fa-4036-b3d8-71c694276669 (type: subnets) to 0 [pid: 8|app: 0|req: 725/1585] 10.0.0.161 () {34 vars in 668 bytes} [Wed Jul 8 11:05:13 2026] POST /v2.0/subnets => generated 626 bytes in 631 msecs (HTTP/1.1 201) 4 headers in 162 bytes (1 switches on core 0) [pid: 7|app: 0|req: 861/1586] 10.0.0.161 () {34 vars in 684 bytes} [Wed Jul 8 11:05:13 2026] POST /v2.0/security-groups => generated 1661 bytes in 225 msecs (HTTP/1.1 201) 4 headers in 163 bytes (1 switches on core 0) [pid: 8|app: 0|req: 726/1587] 10.0.0.124 () {34 vars in 989 bytes} [Wed Jul 8 11:05:14 2026] GET /v2.0/ports?device_id=43f9a482-b792-4050-b80d-8fbe86a06063 => generated 971 bytes in 36 msecs (HTTP/1.1 200) 4 headers in 157 bytes (1 switches on core 0)
2026-07-08 11:05:14.201 8 INFO neutron.db.ovn_revision_numbers_db [None req-32c39c49-630b-49b9-b1c1-ef6e9385656f 70f92ad6e193438b87d8d67f8e6639ee 4b6a2c7a56d540929ba8266ea8548bb6 - - default default] Successfully bumped revision number for resource f2787929-383a-4fab-8562-429ac1fab9b8 (type: security_group_rules) to 0 [pid: 8|app: 0|req: 727/1588] 10.0.0.161 () {34 vars in 694 bytes} [Wed Jul 8 11:05:14 2026] POST /v2.0/security-group-rules => generated 597 bytes in 143 msecs (HTTP/1.1 201) 4 headers in 162 bytes (1 switches on core 0) [pid: 8|app: 0|req: 728/1589] 10.0.0.124 () {34 vars in 1039 bytes} [Wed Jul 8 11:05:14 2026] GET /v2.0/security-groups?id=5415463b-3cc9-4f0b-8f63-e095a3213ac4&fields=id&fields=name => generated 112 bytes in 27 msecs (HTTP/1.1 200) 4 headers in 157 bytes (1 switches on core 0)
2026-07-08 11:05:14.318 7 INFO neutron.db.ovn_revision_numbers_db [None req-9157a49f-a327-41d7-8d57-bf45dbba5b8b 1af0341d88514d7bae9906bfeabf9bb7 e112e9e2861b4d0aa63cd73a7a2b5d7d - - default default] Successfully bumped revision number for resource 4b2ffbd9-18fa-4036-b3d8-71c694276669 (type: subnets) to 1 [pid: 7|app: 0|req: 862/1590] 10.0.0.161 () {34 vars in 740 bytes} [Wed Jul 8 11:05:14 2026] PUT /v2.0/subnets/4b2ffbd9-18fa-4036-b3d8-71c694276669 => generated 636 bytes in 266 msecs (HTTP/1.1 200) 4 headers in 157 bytes (1 switches on core 0)
2026-07-08 11:05:14.383 8 INFO neutron.db.ovn_revision_numbers_db [None req-c54ec990-f845-45cd-b027-51be652f5a1a 70f92ad6e193438b87d8d67f8e6639ee 4b6a2c7a56d540929ba8266ea8548bb6 - - default default] Successfully bumped revision number for resource 62fe3b39-e18d-4181-8b62-1f79eded74c1 (type: security_group_rules) to 0 [pid: 8|app: 0|req: 729/1591] 10.0.0.161 () {34 vars in 694 bytes} [Wed Jul 8 11:05:14 2026] POST /v2.0/security-group-rules => generated 602 bytes in 174 msecs (HTTP/1.1 201) 4 headers in 162 bytes (1 switches on core 0)
2026-07-08 11:05:14.485 7 INFO neutron_taas.services.taas.taas_plugin [None req-25b6bc75-5734-4283-8987-c0dd940f5cfc 1af0341d88514d7bae9906bfeabf9bb7 e112e9e2861b4d0aa63cd73a7a2b5d7d - - default default] TaaS: Handle Delete Port: b9bb5850-9e06-4e21-83ab-68566cbcad9b
2026-07-08 11:05:14.487 7 INFO neutron_taas.services.taas.tap_mirror_plugin [None req-25b6bc75-5734-4283-8987-c0dd940f5cfc 1af0341d88514d7bae9906bfeabf9bb7 e112e9e2861b4d0aa63cd73a7a2b5d7d - - default default] Tap Mirror: Handle Delete Port: b9bb5850-9e06-4e21-83ab-68566cbcad9b
2026-07-08 11:05:14.626 8 WARNING neutron.scheduler.dhcp_agent_scheduler [None req-cdd278c1-742c-479d-847c-fee045bcdafe 70f92ad6e193438b87d8d67f8e6639ee 4b6a2c7a56d540929ba8266ea8548bb6 - - default default] No more DHCP agents
2026-07-08 11:05:14.627 8 WARNING neutron.api.rpc.agentnotifiers.dhcp_rpc_agent_api [None req-cdd278c1-742c-479d-847c-fee045bcdafe 70f92ad6e193438b87d8d67f8e6639ee 4b6a2c7a56d540929ba8266ea8548bb6 - - default default] Unable to schedule network dcfc18b2-52f3-40ca-acf0-2f1f6b9b20ec: no agents available; will retry on subsequent port and subnet creation events.
2026-07-08 11:05:14.805 7 INFO neutron.services.segments.plugin [-] Segment 846b9a16-9f9c-4bfe-96c8-f108e44ac699 resource provider aggregate not found
2026-07-08 11:05:14.814 7 INFO neutron.services.segments.plugin [-] Segment 846b9a16-9f9c-4bfe-96c8-f108e44ac699 resource provider aggregate not found
2026-07-08 11:05:14.826 7 INFO neutron.services.segments.plugin [-] Client error retrieving segment 846b9a16-9f9c-4bfe-96c8-f108e44ac699 resource provider; error: Placement Client Error (4xx): {"errors": [{"status": 404, "title": "Not Found", "detail": "The resource could not be found.\n\n No resource provider with uuid 846b9a16-9f9c-4bfe-96c8-f108e44ac699 found for delete ", "request_id": "req-acc0c1ef-b2cd-4b17-b6c8-7027e2a33ac8"}]}
2026-07-08 11:05:14.839 7 INFO neutron.services.segments.plugin [-] Client error retrieving segment 846b9a16-9f9c-4bfe-96c8-f108e44ac699 resource provider; error: Placement Client Error (4xx): {"errors": [{"status": 404, "title": "Not Found", "detail": "The resource could not be found.\n\n No resource provider with uuid 846b9a16-9f9c-4bfe-96c8-f108e44ac699 found for delete ", "request_id": "req-704af95e-352f-4b26-bfa6-5ac79d9ebc53"}]} [pid: 7|app: 0|req: 863/1592] 10.0.0.161 () {32 vars in 725 bytes} [Wed Jul 8 11:05:14 2026] DELETE /v2.0/networks/91eeb773-f333-4ce8-a716-489e04824384 => generated 0 bytes in 532 msecs (HTTP/1.1 204) 3 headers in 131 bytes (1 switches on core 0) [pid: 7|app: 0|req: 864/1593] 10.0.0.124 () {34 vars in 989 bytes} [Wed Jul 8 11:05:14 2026] GET /v2.0/ports?device_id=69ab8714-60cd-40c3-a7dd-2f2a2f831d9c => generated 12 bytes in 19 msecs (HTTP/1.1 200) 4 headers in 156 bytes (1 switches on core 0)
2026-07-08 11:05:14.891 7 INFO neutron.pecan_wsgi.hooks.translation [None req-b4ecc5b8-8f2c-4a15-9271-850f03e99ec5 1af0341d88514d7bae9906bfeabf9bb7 e112e9e2861b4d0aa63cd73a7a2b5d7d - - default default] DELETE failed (client error): The resource could not be found. [pid: 7|app: 0|req: 865/1594] 10.0.0.161 () {32 vars in 725 bytes} [Wed Jul 8 11:05:14 2026] DELETE /v2.0/networks/91eeb773-f333-4ce8-a716-489e04824384 => generated 138 bytes in 15 msecs (HTTP/1.1 404) 4 headers in 164 bytes (1 switches on core 0) [pid: 8|app: 0|req: 730/1595] 10.0.0.161 () {34 vars in 675 bytes} [Wed Jul 8 11:05:14 2026] POST /v2.0/floatingips => generated 552 bytes in 460 msecs (HTTP/1.1 201) 4 headers in 162 bytes (1 switches on core 0) [pid: 7|app: 0|req: 866/1596] 10.0.0.161 () {32 vars in 693 bytes} [Wed Jul 8 11:05:14 2026] GET /v2.0/networks?router%3Aexternal=True => generated 689 bytes in 37 msecs (HTTP/1.1 200) 4 headers in 157 bytes (1 switches on core 0) [pid: 8|app: 0|req: 731/1597] 10.0.0.161 () {32 vars in 741 bytes} [Wed Jul 8 11:05:14 2026] GET /v2.0/subnets?network_id=dcfc18b2-52f3-40ca-acf0-2f1f6b9b20ec => generated 649 bytes in 38 msecs (HTTP/1.1 200) 4 headers in 157 bytes (1 switches on core 0) [pid: 8|app: 0|req: 732/1598] 10.0.0.161 () {32 vars in 652 bytes} [Wed Jul 8 11:05:14 2026] GET /v2.0/extensions => generated 20756 bytes in 7 msecs (HTTP/1.1 200) 4 headers in 159 bytes (1 switches on core 0) [pid: 7|app: 0|req: 867/1599] 10.0.0.124 () {34 vars in 1099 bytes} [Wed Jul 8 11:05:14 2026] GET /v2.0/security-groups?name=tempest-securitygroup--2132859250&fields=id&tenant_id=4b6a2c7a56d540929ba8266ea8548bb6 => generated 69 bytes in 41 msecs (HTTP/1.1 200) 4 headers in 156 bytes (1 switches on core 0) [pid: 8|app: 0|req: 733/1600] 10.0.0.161 () {32 vars in 648 bytes} [Wed Jul 8 11:05:14 2026] GET /v2.0/networks => generated 1385 bytes in 57 msecs (HTTP/1.1 200) 4 headers in 158 bytes (1 switches on core 0) [pid: 7|app: 0|req: 868/1601] 10.0.0.124 () {34 vars in 1099 bytes} [Wed Jul 8 11:05:15 2026] GET /v2.0/security-groups?name=tempest-secgroup-smoke-1522647816&fields=id&tenant_id=4b6a2c7a56d540929ba8266ea8548bb6 => generated 69 bytes in 45 msecs (HTTP/1.1 200) 4 headers in 156 bytes (1 switches on core 0) [pid: 8|app: 0|req: 734/1602] 10.0.0.161 () {32 vars in 646 bytes} [Wed Jul 8 11:05:15 2026] GET /v2.0/subnets => generated 1280 bytes in 23 msecs (HTTP/1.1 200) 4 headers in 158 bytes (1 switches on core 0) [pid: 8|app: 0|req: 735/1603] 10.0.0.161 () {32 vars in 722 bytes} [Wed Jul 8 11:05:15 2026] GET /v2.0/networks/b77581c2-b8dd-4ce2-b69d-9c7498cf499b => generated 707 bytes in 42 msecs (HTTP/1.1 200) 4 headers in 157 bytes (1 switches on core 0) [pid: 7|app: 0|req: 869/1604] 10.0.0.124 () {34 vars in 981 bytes} [Wed Jul 8 11:05:15 2026] GET /v2.0/networks?id=ea857d96-1881-47f6-b195-03a53f25e2ae => generated 710 bytes in 51 msecs (HTTP/1.1 200) 4 headers in 157 bytes (1 switches on core 0) [pid: 7|app: 0|req: 870/1605] 10.0.0.124 () {34 vars in 964 bytes} [Wed Jul 8 11:05:15 2026] GET /v2.0/quotas/4b6a2c7a56d540929ba8266ea8548bb6 => generated 359 bytes in 9 msecs (HTTP/1.1 200) 4 headers in 157 bytes (1 switches on core 0) [pid: 8|app: 0|req: 736/1606] 10.0.0.161 () {32 vars in 720 bytes} [Wed Jul 8 11:05:15 2026] GET /v2.0/subnets/ee4439a0-3b0a-4136-bcdd-3bc138ce4388 => generated 641 bytes in 24 msecs (HTTP/1.1 200) 4 headers in 157 bytes (1 switches on core 0)
2026-07-08 11:05:15.178 8 INFO neutron.pecan_wsgi.hooks.translation [None req-cc44fb81-8092-4d25-8340-a08db57238f6 1af0341d88514d7bae9906bfeabf9bb7 e112e9e2861b4d0aa63cd73a7a2b5d7d - - default default] DELETE failed (client error): The resource could not be found. [pid: 8|app: 0|req: 737/1607] 10.0.0.161 () {32 vars in 723 bytes} [Wed Jul 8 11:05:15 2026] DELETE /v2.0/subnets/4b2ffbd9-18fa-4036-b3d8-71c694276669 => generated 136 bytes in 14 msecs (HTTP/1.1 404) 4 headers in 164 bytes (1 switches on core 0)
2026-07-08 11:05:15.195 8 INFO neutron.pecan_wsgi.hooks.translation [None req-0a9ecebc-4f30-4a70-b585-d4aa969e3eb3 1af0341d88514d7bae9906bfeabf9bb7 e112e9e2861b4d0aa63cd73a7a2b5d7d - - default default] DELETE failed (client error): The resource could not be found. [pid: 8|app: 0|req: 738/1608] 10.0.0.161 () {32 vars in 725 bytes} [Wed Jul 8 11:05:15 2026] DELETE /v2.0/networks/91eeb773-f333-4ce8-a716-489e04824384 => generated 138 bytes in 12 msecs (HTTP/1.1 404) 4 headers in 164 bytes (1 switches on core 0) [pid: 7|app: 0|req: 871/1609] 10.0.0.124 () {34 vars in 1001 bytes} [Wed Jul 8 11:05:15 2026] GET /v2.0/ports?tenant_id=4b6a2c7a56d540929ba8266ea8548bb6&fields=id => generated 103 bytes in 65 msecs (HTTP/1.1 200) 4 headers in 157 bytes (1 switches on core 0) [pid: 7|app: 0|req: 872/1610] 10.0.0.124 () {34 vars in 1007 bytes} [Wed Jul 8 11:05:15 2026] GET /v2.0/networks/ea857d96-1881-47f6-b195-03a53f25e2ae?fields=segments => generated 14 bytes in 47 msecs (HTTP/1.1 200) 4 headers in 156 bytes (1 switches on core 0) [pid: 8|app: 0|req: 739/1611] 10.0.0.161 () {32 vars in 723 bytes} [Wed Jul 8 11:05:15 2026] DELETE /v2.0/subnets/ee4439a0-3b0a-4136-bcdd-3bc138ce4388 => generated 0 bytes in 153 msecs (HTTP/1.1 204) 3 headers in 131 bytes (1 switches on core 0) [pid: 7|app: 0|req: 873/1612] 10.0.0.124 () {34 vars in 1107 bytes} [Wed Jul 8 11:05:15 2026] GET /v2.0/networks/ea857d96-1881-47f6-b195-03a53f25e2ae?fields=provider%3Aphysical_network&fields=provider%3Anetwork_type => generated 79 bytes in 59 msecs (HTTP/1.1 200) 4 headers in 156 bytes (1 switches on core 0) [pid: 8|app: 0|req: 740/1613] 10.0.0.124 () {34 vars in 989 bytes} [Wed Jul 8 11:05:15 2026] GET /v2.0/ports?device_id=43f9a482-b792-4050-b80d-8fbe86a06063 => generated 971 bytes in 27 msecs (HTTP/1.1 200) 4 headers in 157 bytes (1 switches on core 0) [pid: 8|app: 0|req: 741/1614] 10.0.0.124 () {34 vars in 1039 bytes} [Wed Jul 8 11:05:15 2026] GET /v2.0/security-groups?id=5415463b-3cc9-4f0b-8f63-e095a3213ac4&fields=id&fields=name => generated 112 bytes in 27 msecs (HTTP/1.1 200) 4 headers in 157 bytes (1 switches on core 0)
2026-07-08 11:05:15.471 7 INFO neutron_taas.services.taas.taas_plugin [None req-6fd90e5c-548d-4606-9889-73216ae621f2 1af0341d88514d7bae9906bfeabf9bb7 e112e9e2861b4d0aa63cd73a7a2b5d7d - - default default] TaaS: Handle Delete Port: 6c7228b0-e427-4c19-81e0-4fbfff2780ee
2026-07-08 11:05:15.473 7 INFO neutron_taas.services.taas.tap_mirror_plugin [None req-6fd90e5c-548d-4606-9889-73216ae621f2 1af0341d88514d7bae9906bfeabf9bb7 e112e9e2861b4d0aa63cd73a7a2b5d7d - - default default] Tap Mirror: Handle Delete Port: 6c7228b0-e427-4c19-81e0-4fbfff2780ee [pid: 8|app: 0|req: 742/1615] 10.0.0.124 () {34 vars in 989 bytes} [Wed Jul 8 11:05:15 2026] GET /v2.0/ports?device_id=43fd7e37-b2ba-4d62-a91c-2d275a86cc86 => generated 12 bytes in 23 msecs (HTTP/1.1 200) 4 headers in 156 bytes (1 switches on core 0) [pid: 7|app: 0|req: 874/1616] 10.0.0.161 () {32 vars in 725 bytes} [Wed Jul 8 11:05:15 2026] DELETE /v2.0/networks/b77581c2-b8dd-4ce2-b69d-9c7498cf499b => generated 0 bytes in 329 msecs (HTTP/1.1 204) 3 headers in 131 bytes (1 switches on core 0) [pid: 8|app: 0|req: 743/1617] 10.0.0.124 () {34 vars in 989 bytes} [Wed Jul 8 11:05:15 2026] GET /v2.0/ports?device_id=69ab8714-60cd-40c3-a7dd-2f2a2f831d9c => generated 12 bytes in 22 msecs (HTTP/1.1 200) 4 headers in 156 bytes (1 switches on core 0)
2026-07-08 11:05:16.203 7 WARNING neutron.plugins.ml2.drivers.ovn.mech_driver.ovsdb.ovn_client [None req-c5a67d71-e18f-44e2-ac92-8531a7e5b675 - - - - - -] No hosting information found for port 13b0653c-297a-484b-afa5-7c2bbaf255e2: RuntimeError: No hosting information found for port 13b0653c-297a-484b-afa5-7c2bbaf255e2
2026-07-08 11:05:16.204 7 INFO neutron.plugins.ml2.drivers.ovn.mech_driver.mech_driver [None req-c5a67d71-e18f-44e2-ac92-8531a7e5b675 - - - - - -] OVN reports status down for port: fe781705-3710-4264-a1f1-304c10f29db7 [pid: 7|app: 0|req: 875/1618] 10.0.0.161 () {32 vars in 773 bytes} [Wed Jul 8 11:05:16 2026] GET /v2.0/security-groups?tenant_id=e112e9e2861b4d0aa63cd73a7a2b5d7d&name=default => generated 2925 bytes in 133 msecs (HTTP/1.1 200) 4 headers in 158 bytes (1 switches on core 0)
2026-07-08 11:05:16.375 7 INFO neutron.notifiers.nova [-] Nova event matching ['req-faf28b69-e0f9-41ae-bea6-c37f7c431e3a'] response: {'server_uuid': '43f9a482-b792-4050-b80d-8fbe86a06063', 'name': 'network-vif-unplugged', 'status': 'completed', 'tag': 'fe781705-3710-4264-a1f1-304c10f29db7', 'code': 200} [pid: 7|app: 0|req: 876/1619] 10.0.0.124 () {34 vars in 989 bytes} [Wed Jul 8 11:05:16 2026] GET /v2.0/ports?device_id=43f9a482-b792-4050-b80d-8fbe86a06063 => generated 969 bytes in 60 msecs (HTTP/1.1 200) 4 headers in 157 bytes (1 switches on core 0)
2026-07-08 11:05:16.541 7 INFO neutron.db.ovn_revision_numbers_db [None req-c5a67d71-e18f-44e2-ac92-8531a7e5b675 - - - - - -] Successfully bumped revision number for resource fe781705-3710-4264-a1f1-304c10f29db7 (type: ports) to 6 [pid: 8|app: 0|req: 744/1620] 10.0.0.161 () {32 vars in 739 bytes} [Wed Jul 8 11:05:16 2026] DELETE /v2.0/security-groups/f9be7529-a09f-4ac6-95aa-85c52b354969 => generated 0 bytes in 276 msecs (HTTP/1.1 204) 2 headers in 112 bytes (1 switches on core 0)
2026-07-08 11:05:16.618 7 WARNING neutron.plugins.ml2.drivers.ovn.mech_driver.ovsdb.ovn_client [None req-7af493c0-672a-4585-a3c4-82a3bb628e36 - - - - - -] Logical_Switch_Port fe781705-3710-4264-a1f1-304c10f29db7 host information not removed, the port state is up [pid: 8|app: 0|req: 745/1621] 10.0.0.124 () {34 vars in 1039 bytes} [Wed Jul 8 11:05:16 2026] GET /v2.0/security-groups?id=5415463b-3cc9-4f0b-8f63-e095a3213ac4&fields=id&fields=name => generated 112 bytes in 29 msecs (HTTP/1.1 200) 4 headers in 157 bytes (1 switches on core 0) [pid: 7|app: 0|req: 877/1622] 199.19.213.136 () {34 vars in 985 bytes} [Wed Jul 8 11:05:16 2026] GET /v2.0/networks?id=61823a43-95c3-4eee-b1dd-069333f5032c => generated 699 bytes in 93 msecs (HTTP/1.1 200) 4 headers in 157 bytes (1 switches on core 0) /var/lib/openstack/lib/python3.12/site-packages/pycadf/identifier.py:70: UserWarning: Invalid uuid: neutron. To ensure interoperability, identifiers should be a valid uuid. warnings.warn(('Invalid uuid: %s. To ensure interoperability, ' [pid: 8|app: 0|req: 746/1623] 10.0.0.124 () {34 vars in 989 bytes} [Wed Jul 8 11:05:16 2026] GET /v2.0/ports?device_id=43fd7e37-b2ba-4d62-a91c-2d275a86cc86 => generated 12 bytes in 21 msecs (HTTP/1.1 200) 4 headers in 156 bytes (1 switches on core 0) [pid: 7|app: 0|req: 878/1624] 199.19.213.136 () {34 vars in 1049 bytes} [Wed Jul 8 11:05:16 2026] GET /v2.0/security-groups?fields=id&fields=name&tenant_id=bec3142e6c204d769d8465351ad61a74 => generated 180 bytes in 67 msecs (HTTP/1.1 200) 4 headers in 157 bytes (1 switches on core 0)
2026-07-08 11:05:16.731 7 INFO neutron.db.ovn_revision_numbers_db [None req-7af493c0-672a-4585-a3c4-82a3bb628e36 - - - - - -] Successfully bumped revision number for resource 13b0653c-297a-484b-afa5-7c2bbaf255e2 (type: router_ports) to 2
2026-07-08 11:05:16.732 7 INFO neutron.plugins.ml2.drivers.ovn.mech_driver.mech_driver [None req-7af493c0-672a-4585-a3c4-82a3bb628e36 - - - - - -] OVN reports status down for port: b9bb5850-9e06-4e21-83ab-68566cbcad9b
2026-07-08 11:05:16.742 7 INFO neutron.plugins.ml2.drivers.ovn.mech_driver.mech_driver [None req-7af493c0-672a-4585-a3c4-82a3bb628e36 - - - - - -] OVN reports status up for port: fe781705-3710-4264-a1f1-304c10f29db7
2026-07-08 11:05:16.752 7 INFO neutron.plugins.ml2.plugin [None req-7af493c0-672a-4585-a3c4-82a3bb628e36 - - - - - -] Attempt 1 to provision port fe781705-3710-4264-a1f1-304c10f29db7
2026-07-08 11:05:16.854 7 INFO neutron.services.segments.plugin [-] Segment 700ea24f-b83c-41f9-988e-36ea445b9067 resource provider aggregate not found
2026-07-08 11:05:16.859 7 INFO neutron.services.segments.plugin [-] Segment 700ea24f-b83c-41f9-988e-36ea445b9067 resource provider aggregate not found
2026-07-08 11:05:16.873 7 INFO neutron.services.segments.plugin [-] Client error retrieving segment 700ea24f-b83c-41f9-988e-36ea445b9067 resource provider; error: Placement Client Error (4xx): {"errors": [{"status": 404, "title": "Not Found", "detail": "The resource could not be found.\n\n No resource provider with uuid 700ea24f-b83c-41f9-988e-36ea445b9067 found for delete ", "request_id": "req-5837f6bd-86dd-4d2f-89d7-f31639784387"}]}
2026-07-08 11:05:16.876 7 INFO neutron.services.segments.plugin [-] Client error retrieving segment 700ea24f-b83c-41f9-988e-36ea445b9067 resource provider; error: Placement Client Error (4xx): {"errors": [{"status": 404, "title": "Not Found", "detail": "The resource could not be found.\n\n No resource provider with uuid 700ea24f-b83c-41f9-988e-36ea445b9067 found for delete ", "request_id": "req-98900fd8-4810-4fce-8fd8-94a36246ffae"}]}
2026-07-08 11:05:16.975 8 WARNING neutron.scheduler.dhcp_agent_scheduler [req-e487ab10-7bbd-48fa-a613-a4ce1c61bf3b req-aa45847b-f6f7-40c0-86f6-efbbd4ef9b5a 2dd4a1e0da2e47d28acdf010d726f3aa bec3142e6c204d769d8465351ad61a74 - - default default] No more DHCP agents
2026-07-08 11:05:16.976 8 WARNING neutron.api.rpc.agentnotifiers.dhcp_rpc_agent_api [req-e487ab10-7bbd-48fa-a613-a4ce1c61bf3b req-aa45847b-f6f7-40c0-86f6-efbbd4ef9b5a 2dd4a1e0da2e47d28acdf010d726f3aa bec3142e6c204d769d8465351ad61a74 - - default default] Unable to schedule network 61823a43-95c3-4eee-b1dd-069333f5032c: no agents available; will retry on subsequent port and subnet creation events.
2026-07-08 11:05:16.987 7 INFO neutron.db.ovn_revision_numbers_db [None req-7af493c0-672a-4585-a3c4-82a3bb628e36 - - - - - -] Successfully bumped revision number for resource fe781705-3710-4264-a1f1-304c10f29db7 (type: ports) to 7 /var/lib/openstack/lib/python3.12/site-packages/pycadf/identifier.py:70: UserWarning: Invalid uuid: neutron. To ensure interoperability, identifiers should be a valid uuid. warnings.warn(('Invalid uuid: %s. To ensure interoperability, '
2026-07-08 11:05:17.105 8 INFO neutron.db.ovn_revision_numbers_db [req-e487ab10-7bbd-48fa-a613-a4ce1c61bf3b req-aa45847b-f6f7-40c0-86f6-efbbd4ef9b5a 2dd4a1e0da2e47d28acdf010d726f3aa bec3142e6c204d769d8465351ad61a74 - - default default] Successfully bumped revision number for resource 31f3df9f-ce21-44fd-abc7-577ea97ab248 (type: ports) to 1 [pid: 8|app: 0|req: 747/1625] 199.19.213.136 () {38 vars in 954 bytes} [Wed Jul 8 11:05:16 2026] POST /v2.0/ports => generated 954 bytes in 462 msecs (HTTP/1.1 201) 4 headers in 162 bytes (1 switches on core 0) /var/lib/openstack/lib/python3.12/site-packages/pycadf/identifier.py:70: UserWarning: Invalid uuid: neutron. To ensure interoperability, identifiers should be a valid uuid. warnings.warn(('Invalid uuid: %s. To ensure interoperability, '
2026-07-08 11:05:17.181 7 INFO neutron.plugins.ml2.drivers.ovn.mech_driver.mech_driver [None req-6f435bd1-81e6-4da1-883e-10b55bf54b10 - - - - - -] OVN reports status down for port: 31f3df9f-ce21-44fd-abc7-577ea97ab248 [pid: 7|app: 0|req: 879/1626] 10.0.0.124 () {34 vars in 989 bytes} [Wed Jul 8 11:05:17 2026] GET /v2.0/ports?device_id=69ab8714-60cd-40c3-a7dd-2f2a2f831d9c => generated 957 bytes in 160 msecs (HTTP/1.1 200) 4 headers in 157 bytes (1 switches on core 0) [pid: 7|app: 0|req: 880/1627] 10.0.0.124 () {34 vars in 1039 bytes} [Wed Jul 8 11:05:17 2026] GET /v2.0/security-groups?id=e5a1385f-b699-41f7-9a26-42b2b1f44823&fields=id&fields=name => generated 113 bytes in 69 msecs (HTTP/1.1 200) 4 headers in 157 bytes (1 switches on core 0)
2026-07-08 11:05:17.607 8 WARNING neutron.plugins.ml2.drivers.ovn.mech_driver.ovsdb.ovn_client [None req-5d9413dd-fc56-42b8-a0cd-523b749efe3a - - - - - -] No hosting information found for port 4e1feb78-c04d-4245-80af-2662cb52c200: RuntimeError: No hosting information found for port 4e1feb78-c04d-4245-80af-2662cb52c200
2026-07-08 11:05:17.677 8 INFO neutron.db.ovn_revision_numbers_db [None req-5d9413dd-fc56-42b8-a0cd-523b749efe3a - - - - - -] Successfully bumped revision number for resource 4e1feb78-c04d-4245-80af-2662cb52c200 (type: router_ports) to 2
2026-07-08 11:05:17.677 8 INFO neutron.plugins.ml2.drivers.ovn.mech_driver.mech_driver [None req-5d9413dd-fc56-42b8-a0cd-523b749efe3a - - - - - -] OVN reports status down for port: f0b92d25-4c67-4c9a-a783-095a1fd53bb2 [pid: 7|app: 0|req: 881/1628] 10.0.0.124 () {34 vars in 989 bytes} [Wed Jul 8 11:05:17 2026] GET /v2.0/ports?device_id=43fd7e37-b2ba-4d62-a91c-2d275a86cc86 => generated 12 bytes in 23 msecs (HTTP/1.1 200) 4 headers in 156 bytes (1 switches on core 0)
2026-07-08 11:05:18.157 8 INFO neutron.db.ovn_revision_numbers_db [None req-5d9413dd-fc56-42b8-a0cd-523b749efe3a - - - - - -] Successfully bumped revision number for resource f0b92d25-4c67-4c9a-a783-095a1fd53bb2 (type: ports) to 6
2026-07-08 11:05:18.305 8 WARNING neutron.plugins.ml2.drivers.ovn.mech_driver.ovsdb.ovn_client [None req-90c91a8a-2006-4b93-a0be-9f2134b7df96 - - - - - -] Logical_Switch_Port f0b92d25-4c67-4c9a-a783-095a1fd53bb2 host information not removed, the port state is up
2026-07-08 11:05:18.307 8 INFO neutron.plugins.ml2.drivers.ovn.mech_driver.mech_driver [None req-90c91a8a-2006-4b93-a0be-9f2134b7df96 - - - - - -] OVN reports status up for port: f0b92d25-4c67-4c9a-a783-095a1fd53bb2
2026-07-08 11:05:18.331 8 INFO neutron.plugins.ml2.plugin [None req-90c91a8a-2006-4b93-a0be-9f2134b7df96 - - - - - -] Attempt 1 to provision port f0b92d25-4c67-4c9a-a783-095a1fd53bb2
2026-07-08 11:05:18.415 7 INFO neutron.notifiers.nova [-] Nova event matching ['req-f0331be2-02f0-4288-b6b0-f401bb612cb1'] response: {'server_uuid': '43f9a482-b792-4050-b80d-8fbe86a06063', 'name': 'network-vif-unplugged', 'status': 'completed', 'tag': 'fe781705-3710-4264-a1f1-304c10f29db7', 'code': 200}
2026-07-08 11:05:18.415 7 INFO neutron.notifiers.nova [-] Nova event matching ['req-f0331be2-02f0-4288-b6b0-f401bb612cb1'] response: {'server_uuid': '43f9a482-b792-4050-b80d-8fbe86a06063', 'name': 'network-vif-plugged', 'status': 'completed', 'tag': 'fe781705-3710-4264-a1f1-304c10f29db7', 'code': 200}
2026-07-08 11:05:18.415 7 INFO neutron.notifiers.nova [-] Nova event matching ['req-f0331be2-02f0-4288-b6b0-f401bb612cb1'] response: {'server_uuid': '43f9a482-b792-4050-b80d-8fbe86a06063', 'name': 'network-vif-plugged', 'status': 'completed', 'tag': 'fe781705-3710-4264-a1f1-304c10f29db7', 'code': 200}
2026-07-08 11:05:18.457 8 INFO neutron.db.ovn_revision_numbers_db [req-e487ab10-7bbd-48fa-a613-a4ce1c61bf3b req-daca856a-c47a-4b9a-9c87-5600ee0946cb d4f66d8082e1426687df12e2a4354f42 96fffa78f6594b8a94c1bcaec0da28fc - - eb5411b43a5f402d9a0135d1fd8c1215 eb5411b43a5f402d9a0135d1fd8c1215] Successfully bumped revision number for resource 31f3df9f-ce21-44fd-abc7-577ea97ab248 (type: ports) to 2
2026-07-08 11:05:18.682 7 INFO neutron.db.ovn_revision_numbers_db [None req-a3ee26de-e4f0-4416-a925-50af3b9fa16b 6e7c157d553f4fd1a96ffa2785fcc702 4cfc03c4ef414127be54e6042d0c7898 - - default default] Successfully bumped revision number for resource 13ae230b-155b-4efc-b4fa-44226bf32ef8 (type: security_groups) to 1
2026-07-08 11:05:18.703 7 INFO neutron.db.ovn_revision_numbers_db [None req-a3ee26de-e4f0-4416-a925-50af3b9fa16b 6e7c157d553f4fd1a96ffa2785fcc702 4cfc03c4ef414127be54e6042d0c7898 - - default default] Successfully bumped revision number for resource 40c19930-8db9-4da8-ba8e-ee8ccf304bfa (type: security_group_rules) to 0
2026-07-08 11:05:18.719 7 INFO neutron.db.ovn_revision_numbers_db [None req-a3ee26de-e4f0-4416-a925-50af3b9fa16b 6e7c157d553f4fd1a96ffa2785fcc702 4cfc03c4ef414127be54e6042d0c7898 - - default default] Successfully bumped revision number for resource 59e2cbce-31ce-424c-a3d7-5936c0780602 (type: security_group_rules) to 0
2026-07-08 11:05:18.733 7 INFO neutron.db.ovn_revision_numbers_db [None req-a3ee26de-e4f0-4416-a925-50af3b9fa16b 6e7c157d553f4fd1a96ffa2785fcc702 4cfc03c4ef414127be54e6042d0c7898 - - default default] Successfully bumped revision number for resource 5a85a369-7c6d-4483-a9f7-7a5f3d70a988 (type: security_group_rules) to 0
2026-07-08 11:05:18.745 7 INFO neutron.db.ovn_revision_numbers_db [None req-a3ee26de-e4f0-4416-a925-50af3b9fa16b 6e7c157d553f4fd1a96ffa2785fcc702 4cfc03c4ef414127be54e6042d0c7898 - - default default] Successfully bumped revision number for resource c9953ecd-e535-4e61-8f83-1594e7acabff (type: security_group_rules) to 0
2026-07-08 11:05:18.831 7 INFO neutron.db.segments_db [None req-a3ee26de-e4f0-4416-a925-50af3b9fa16b 6e7c157d553f4fd1a96ffa2785fcc702 4cfc03c4ef414127be54e6042d0c7898 - - default default] Added segment 57f387fa-c899-40f6-8d4c-cd61cb2263fd of type geneve for network d082095e-bcd9-4b72-95ed-fd4f250bf544
2026-07-08 11:05:18.905 8 INFO neutron.db.ovn_revision_numbers_db [req-e487ab10-7bbd-48fa-a613-a4ce1c61bf3b req-daca856a-c47a-4b9a-9c87-5600ee0946cb d4f66d8082e1426687df12e2a4354f42 96fffa78f6594b8a94c1bcaec0da28fc - - eb5411b43a5f402d9a0135d1fd8c1215 eb5411b43a5f402d9a0135d1fd8c1215] Successfully bumped revision number for resource 31f3df9f-ce21-44fd-abc7-577ea97ab248 (type: ports) to 4 [pid: 8|app: 0|req: 748/1631] 199.19.213.136 () {38 vars in 1027 bytes} [Wed Jul 8 11:05:17 2026] PUT /v2.0/ports/31f3df9f-ce21-44fd-abc7-577ea97ab248 => generated 1204 bytes in 1782 msecs (HTTP/1.1 200) 4 headers in 158 bytes (1 switches on core 0)
2026-07-08 11:05:18.957 7 INFO neutron.db.ovn_revision_numbers_db [None req-a3ee26de-e4f0-4416-a925-50af3b9fa16b 6e7c157d553f4fd1a96ffa2785fcc702 4cfc03c4ef414127be54e6042d0c7898 - - default default] Successfully bumped revision number for resource d082095e-bcd9-4b72-95ed-fd4f250bf544 (type: networks) to 1 /var/lib/openstack/lib/python3.12/site-packages/pycadf/identifier.py:70: UserWarning: Invalid uuid: neutron. To ensure interoperability, identifiers should be a valid uuid. warnings.warn(('Invalid uuid: %s. To ensure interoperability, ' [pid: 8|app: 0|req: 749/1632] 10.0.0.124 () {34 vars in 989 bytes} [Wed Jul 8 11:05:18 2026] GET /v2.0/ports?device_id=69ab8714-60cd-40c3-a7dd-2f2a2f831d9c => generated 969 bytes in 82 msecs (HTTP/1.1 200) 4 headers in 157 bytes (1 switches on core 0)
2026-07-08 11:05:19.044 8 INFO neutron.db.ovn_revision_numbers_db [None req-90c91a8a-2006-4b93-a0be-9f2134b7df96 - - - - - -] Successfully bumped revision number for resource f0b92d25-4c67-4c9a-a783-095a1fd53bb2 (type: ports) to 7 [pid: 8|app: 0|req: 750/1633] 10.0.0.124 () {34 vars in 989 bytes} [Wed Jul 8 11:05:19 2026] GET /v2.0/ports?device_id=43fd7e37-b2ba-4d62-a91c-2d275a86cc86 => generated 12 bytes in 25 msecs (HTTP/1.1 200) 4 headers in 156 bytes (1 switches on core 0)
2026-07-08 11:05:19.100 8 INFO neutron.notifiers.nova [-] Nova event matching ['req-75bc28b8-ff1f-4dbf-adf0-0c801024e3ac'] response: {'name': 'network-changed', 'server_uuid': '69ab8714-60cd-40c3-a7dd-2f2a2f831d9c', 'tag': '31f3df9f-ce21-44fd-abc7-577ea97ab248', 'status': 'completed', 'code': 200}
2026-07-08 11:05:19.104 7 WARNING neutron.scheduler.dhcp_agent_scheduler [None req-a3ee26de-e4f0-4416-a925-50af3b9fa16b 6e7c157d553f4fd1a96ffa2785fcc702 4cfc03c4ef414127be54e6042d0c7898 - - default default] No more DHCP agents
2026-07-08 11:05:19.105 7 WARNING neutron.api.rpc.agentnotifiers.dhcp_rpc_agent_api [None req-a3ee26de-e4f0-4416-a925-50af3b9fa16b 6e7c157d553f4fd1a96ffa2785fcc702 4cfc03c4ef414127be54e6042d0c7898 - - default default] Unable to schedule network d082095e-bcd9-4b72-95ed-fd4f250bf544: no agents available; will retry on subsequent port and subnet creation events.
2026-07-08 11:05:19.147 7 INFO neutron.plugins.ml2.drivers.ovn.mech_driver.mech_driver [None req-6f435bd1-81e6-4da1-883e-10b55bf54b10 - - - - - -] OVN reports status down for port: 510a8865-214d-4b75-94c7-baae6a3e1549 [pid: 8|app: 0|req: 751/1634] 10.0.0.124 () {34 vars in 1039 bytes} [Wed Jul 8 11:05:19 2026] GET /v2.0/security-groups?id=e5a1385f-b699-41f7-9a26-42b2b1f44823&fields=id&fields=name => generated 113 bytes in 91 msecs (HTTP/1.1 200) 4 headers in 157 bytes (1 switches on core 0)
2026-07-08 11:05:19.192 7 INFO neutron.db.ovn_revision_numbers_db [None req-a3ee26de-e4f0-4416-a925-50af3b9fa16b 6e7c157d553f4fd1a96ffa2785fcc702 4cfc03c4ef414127be54e6042d0c7898 - - default default] Successfully bumped revision number for resource 510a8865-214d-4b75-94c7-baae6a3e1549 (type: ports) to 1
2026-07-08 11:05:19.208 8 INFO neutron.plugins.ml2.drivers.ovn.mech_driver.mech_driver [None req-63076187-5a84-4dce-8975-0ccca2c158ae - - - - - -] OVN reports status down for port: 6c7228b0-e427-4c19-81e0-4fbfff2780ee [pid: 7|app: 0|req: 884/1635] 10.0.0.161 () {34 vars in 669 bytes} [Wed Jul 8 11:05:18 2026] POST /v2.0/networks => generated 687 bytes in 929 msecs (HTTP/1.1 201) 4 headers in 162 bytes (1 switches on core 0)
2026-07-08 11:05:19.476 8 WARNING neutron.scheduler.dhcp_agent_scheduler [None req-b57881f4-1639-4d24-8a39-d2b40fc440e4 6e7c157d553f4fd1a96ffa2785fcc702 4cfc03c4ef414127be54e6042d0c7898 - - default default] No more DHCP agents
