2026-07-08 11:07:42.655 8 WARNING neutron.scheduler.dhcp_agent_scheduler [None req-868d4622-d9f7-431f-8ab0-cf854a3311c3 8e3d39e4a90a444eb51c60834f04bf43 443b9ecb22e842418447b5e3fc057547 - - default default] No more DHCP agents
2026-07-08 11:07:42.657 8 WARNING neutron.api.rpc.agentnotifiers.dhcp_rpc_agent_api [None req-868d4622-d9f7-431f-8ab0-cf854a3311c3 8e3d39e4a90a444eb51c60834f04bf43 443b9ecb22e842418447b5e3fc057547 - - default default] Unable to schedule network ec50eb0c-0148-44ab-9871-2055381f68f5: no agents available; will retry on subsequent port and subnet creation events. [pid: 7|app: 0|req: 1422/2845] 10.0.0.161 () {32 vars in 723 bytes} [Wed Jul 8 11:07:42 2026] DELETE /v2.0/routers/78633ba4-6bc4-4405-b60e-d5a03dfa8e57 => generated 0 bytes in 805 msecs (HTTP/1.1 204) 2 headers in 112 bytes (1 switches on core 0) [pid: 7|app: 0|req: 1423/2846] 10.0.0.161 () {34 vars in 752 bytes} [Wed Jul 8 11:07:42 2026] PUT /v2.0/networks/848a661f-07bf-423f-8215-72846295927d/tags => generated 17 bytes in 44 msecs (HTTP/1.1 200) 4 headers in 156 bytes (1 switches on core 0) [pid: 7|app: 0|req: 1424/2847] 10.0.0.161 () {32 vars in 720 bytes} [Wed Jul 8 11:07:42 2026] GET /v2.0/routers/cdc9fe90-d8a6-4c5e-af94-24c0b5728edb => generated 943 bytes in 58 msecs (HTTP/1.1 200) 4 headers in 157 bytes (1 switches on core 0) [pid: 7|app: 0|req: 1425/2848] 10.0.0.161 () {34 vars in 752 bytes} [Wed Jul 8 11:07:42 2026] PUT /v2.0/networks/fd4f1626-5b7e-4e41-bc33-75514c61f616/tags => generated 25 bytes in 57 msecs (HTTP/1.1 200) 4 headers in 156 bytes (1 switches on core 0)
2026-07-08 11:07:43.103 8 INFO neutron.db.ovn_revision_numbers_db [None req-dc8c1ba2-6dc9-4096-afbf-c15df13ceb40 - - - - - -] Successfully bumped revision number for resource c2f55f6b-401b-4f3c-81c1-8a2e3a3e933d (type: ports) to 2
2026-07-08 11:07:43.133 8 INFO neutron.db.ovn_revision_numbers_db [None req-dc8c1ba2-6dc9-4096-afbf-c15df13ceb40 - - - - - -] Successfully bumped revision number for resource a7ba4f21-292f-459f-81c9-6b506da52c16 (type: subnets) to 0 [pid: 8|app: 0|req: 1424/2849] 10.0.0.161 () {34 vars in 668 bytes} [Wed Jul 8 11:07:42 2026] POST /v2.0/subnets => generated 655 bytes in 681 msecs (HTTP/1.1 201) 4 headers in 162 bytes (1 switches on core 0) [pid: 8|app: 0|req: 1425/2850] 10.0.0.161 () {34 vars in 752 bytes} [Wed Jul 8 11:07:43 2026] PUT /v2.0/networks/6a525955-943c-4e20-b4a5-e7eebd3e41bb/tags => generated 34 bytes in 55 msecs (HTTP/1.1 200) 4 headers in 156 bytes (1 switches on core 0)
2026-07-08 11:07:43.433 8 WARNING neutron.scheduler.dhcp_agent_scheduler [None req-747aad6c-f2d0-45a9-a0bf-74a7fe15c4d1 8e3d39e4a90a444eb51c60834f04bf43 443b9ecb22e842418447b5e3fc057547 - - default default] No more DHCP agents
2026-07-08 11:07:43.434 8 WARNING neutron.api.rpc.agentnotifiers.dhcp_rpc_agent_api [None req-747aad6c-f2d0-45a9-a0bf-74a7fe15c4d1 8e3d39e4a90a444eb51c60834f04bf43 443b9ecb22e842418447b5e3fc057547 - - default default] Unable to schedule network ec50eb0c-0148-44ab-9871-2055381f68f5: no agents available; will retry on subsequent port and subnet creation events.
2026-07-08 11:07:43.471 8 INFO neutron.db.ovn_revision_numbers_db [None req-747aad6c-f2d0-45a9-a0bf-74a7fe15c4d1 8e3d39e4a90a444eb51c60834f04bf43 443b9ecb22e842418447b5e3fc057547 - - default default] Successfully bumped revision number for resource 70d39ac8-36b2-4ec4-a264-c7addc829598 (type: subnets) to 0 [pid: 8|app: 0|req: 1426/2851] 10.0.0.161 () {34 vars in 668 bytes} [Wed Jul 8 11:07:43 2026] POST /v2.0/subnets => generated 726 bytes in 281 msecs (HTTP/1.1 201) 4 headers in 162 bytes (1 switches on core 0) [pid: 8|app: 0|req: 1427/2852] 10.0.0.161 () {34 vars in 752 bytes} [Wed Jul 8 11:07:43 2026] PUT /v2.0/networks/22057c82-0a7d-4e55-9249-23d73ace093d/tags => generated 19 bytes in 53 msecs (HTTP/1.1 200) 4 headers in 156 bytes (1 switches on core 0)
2026-07-08 11:07:43.632 8 INFO neutron.db.segments_db [None req-dcd7c7d1-c4f6-47c4-b3d8-0044c3cf176f 8e3d39e4a90a444eb51c60834f04bf43 443b9ecb22e842418447b5e3fc057547 - - default default] Added segment 07657da3-84c0-47fc-9855-3718b5dcb06b of type geneve for network af7233f7-ef2e-4f32-88b1-0c3c1fdf3702
2026-07-08 11:07:43.688 7 INFO neutron.db.ovn_revision_numbers_db [None req-673b6912-5411-48a8-b371-9758e2cdd9f1 9b06240ee3174acb860f6f8c19539019 57f852cee73e4ce4b661e3ac3501851c - - default default] Successfully bumped revision number for resource cdc9fe90-d8a6-4c5e-af94-24c0b5728edb (type: routers) to 5 [pid: 7|app: 0|req: 1426/2853] 10.0.0.161 () {34 vars in 741 bytes} [Wed Jul 8 11:07:43 2026] PUT /v2.0/routers/cdc9fe90-d8a6-4c5e-af94-24c0b5728edb => generated 943 bytes in 660 msecs (HTTP/1.1 200) 4 headers in 157 bytes (1 switches on core 0)
2026-07-08 11:07:43.786 8 INFO neutron.db.ovn_revision_numbers_db [None req-dcd7c7d1-c4f6-47c4-b3d8-0044c3cf176f 8e3d39e4a90a444eb51c60834f04bf43 443b9ecb22e842418447b5e3fc057547 - - default default] Successfully bumped revision number for resource af7233f7-ef2e-4f32-88b1-0c3c1fdf3702 (type: networks) to 1 [pid: 7|app: 0|req: 1427/2854] 10.0.0.161 () {32 vars in 665 bytes} [Wed Jul 8 11:07:43 2026] GET /v2.0/networks?tags=red => generated 1986 bytes in 91 msecs (HTTP/1.1 200) 4 headers in 158 bytes (1 switches on core 0) [pid: 7|app: 0|req: 1428/2855] 10.0.0.161 () {32 vars in 735 bytes} [Wed Jul 8 11:07:43 2026] GET /v2.0/ports?device_id=cdc9fe90-d8a6-4c5e-af94-24c0b5728edb => generated 950 bytes in 64 msecs (HTTP/1.1 200) 4 headers in 157 bytes (1 switches on core 0) [pid: 7|app: 0|req: 1429/2856] 10.0.0.161 () {32 vars in 679 bytes} [Wed Jul 8 11:07:43 2026] GET /v2.0/networks?tags=red%2Cblue => generated 1336 bytes in 57 msecs (HTTP/1.1 200) 4 headers in 158 bytes (1 switches on core 0)
2026-07-08 11:07:43.948 8 WARNING neutron.scheduler.dhcp_agent_scheduler [None req-dcd7c7d1-c4f6-47c4-b3d8-0044c3cf176f 8e3d39e4a90a444eb51c60834f04bf43 443b9ecb22e842418447b5e3fc057547 - - default default] No more DHCP agents
2026-07-08 11:07:43.949 8 WARNING neutron.api.rpc.agentnotifiers.dhcp_rpc_agent_api [None req-dcd7c7d1-c4f6-47c4-b3d8-0044c3cf176f 8e3d39e4a90a444eb51c60834f04bf43 443b9ecb22e842418447b5e3fc057547 - - default default] Unable to schedule network af7233f7-ef2e-4f32-88b1-0c3c1fdf3702: no agents available; will retry on subsequent port and subnet creation events.
2026-07-08 11:07:44.001 8 INFO neutron.plugins.ml2.drivers.ovn.mech_driver.mech_driver [None req-59568e9d-370b-43dd-b034-0ad830eaebe0 - - - - - -] OVN reports status down for port: 3b8b79e3-55e5-438c-a0e9-e4d224e82686
2026-07-08 11:07:44.057 8 INFO neutron.db.ovn_revision_numbers_db [None req-dcd7c7d1-c4f6-47c4-b3d8-0044c3cf176f 8e3d39e4a90a444eb51c60834f04bf43 443b9ecb22e842418447b5e3fc057547 - - default default] Successfully bumped revision number for resource 3b8b79e3-55e5-438c-a0e9-e4d224e82686 (type: ports) to 1 [pid: 8|app: 0|req: 1428/2857] 10.0.0.161 () {34 vars in 669 bytes} [Wed Jul 8 11:07:43 2026] POST /v2.0/networks => generated 676 bytes in 563 msecs (HTTP/1.1 201) 4 headers in 162 bytes (1 switches on core 0) [pid: 8|app: 0|req: 1429/2858] 10.0.0.161 () {32 vars in 675 bytes} [Wed Jul 8 11:07:44 2026] GET /v2.0/networks?tags-any=blue => generated 1336 bytes in 49 msecs (HTTP/1.1 200) 4 headers in 158 bytes (1 switches on core 0)
2026-07-08 11:07:44.165 7 INFO neutron_taas.services.taas.taas_plugin [None req-2a62e13c-9fe4-4d16-bd24-b3e4bd4973b8 9b06240ee3174acb860f6f8c19539019 57f852cee73e4ce4b661e3ac3501851c - - default default] TaaS: Handle Delete Port: 9e40ef21-f028-44b6-972a-dca4dabb1202
2026-07-08 11:07:44.168 7 INFO neutron_taas.services.taas.tap_mirror_plugin [None req-2a62e13c-9fe4-4d16-bd24-b3e4bd4973b8 9b06240ee3174acb860f6f8c19539019 57f852cee73e4ce4b661e3ac3501851c - - default default] Tap Mirror: Handle Delete Port: 9e40ef21-f028-44b6-972a-dca4dabb1202
2026-07-08 11:07:44.312 8 WARNING neutron.scheduler.dhcp_agent_scheduler [None req-ddae9860-a33e-4759-9fe9-204f9049eb3c 8e3d39e4a90a444eb51c60834f04bf43 443b9ecb22e842418447b5e3fc057547 - - default default] No more DHCP agents
2026-07-08 11:07:44.313 8 WARNING neutron.api.rpc.agentnotifiers.dhcp_rpc_agent_api [None req-ddae9860-a33e-4759-9fe9-204f9049eb3c 8e3d39e4a90a444eb51c60834f04bf43 443b9ecb22e842418447b5e3fc057547 - - default default] Unable to schedule network af7233f7-ef2e-4f32-88b1-0c3c1fdf3702: no agents available; will retry on subsequent port and subnet creation events. [pid: 7|app: 0|req: 1430/2859] 10.0.0.161 () {34 vars in 788 bytes} [Wed Jul 8 11:07:43 2026] PUT /v2.0/routers/cdc9fe90-d8a6-4c5e-af94-24c0b5728edb/remove_router_interface => generated 309 bytes in 745 msecs (HTTP/1.1 200) 4 headers in 157 bytes (1 switches on core 0) /var/lib/openstack/lib/python3.12/site-packages/pycadf/identifier.py:70: UserWarning: Invalid uuid: neutron. To ensure interoperability, identifiers should be a valid uuid. warnings.warn(('Invalid uuid: %s. To ensure interoperability, ' [pid: 7|app: 0|req: 1431/2860] 10.0.0.161 () {32 vars in 687 bytes} [Wed Jul 8 11:07:44 2026] GET /v2.0/networks?tags-any=red%2Cblue => generated 1986 bytes in 61 msecs (HTTP/1.1 200) 4 headers in 158 bytes (1 switches on core 0)
2026-07-08 11:07:44.730 8 INFO neutron.db.ovn_revision_numbers_db [None req-5aa77cf8-e005-4490-9f4b-42e36f855b30 - - - - - -] Successfully bumped revision number for resource 3b8b79e3-55e5-438c-a0e9-e4d224e82686 (type: ports) to 2
2026-07-08 11:07:44.762 8 INFO neutron.db.ovn_revision_numbers_db [None req-5aa77cf8-e005-4490-9f4b-42e36f855b30 - - - - - -] Successfully bumped revision number for resource d391608b-58c0-4459-863b-ebb1e64e738f (type: subnets) to 0 [pid: 8|app: 0|req: 1430/2861] 10.0.0.161 () {34 vars in 668 bytes} [Wed Jul 8 11:07:44 2026] POST /v2.0/subnets => generated 655 bytes in 625 msecs (HTTP/1.1 201) 4 headers in 162 bytes (1 switches on core 0) [pid: 8|app: 0|req: 1431/2862] 10.0.0.161 () {32 vars in 673 bytes} [Wed Jul 8 11:07:44 2026] GET /v2.0/networks?not-tags=red => generated 1988 bytes in 61 msecs (HTTP/1.1 200) 4 headers in 158 bytes (1 switches on core 0)
2026-07-08 11:07:44.991 7 INFO neutron_taas.services.taas.taas_plugin [None req-b99fdd59-feb3-4b4c-a741-d5c3f2f6b8bd 9b06240ee3174acb860f6f8c19539019 57f852cee73e4ce4b661e3ac3501851c - - default default] TaaS: Handle Delete Port: fdc510d4-6709-446a-b397-3fc570e9f260
2026-07-08 11:07:44.997 7 INFO neutron_taas.services.taas.tap_mirror_plugin [None req-b99fdd59-feb3-4b4c-a741-d5c3f2f6b8bd 9b06240ee3174acb860f6f8c19539019 57f852cee73e4ce4b661e3ac3501851c - - default default] Tap Mirror: Handle Delete Port: fdc510d4-6709-446a-b397-3fc570e9f260
2026-07-08 11:07:45.028 8 WARNING neutron.scheduler.dhcp_agent_scheduler [None req-a2750737-4b5a-4b53-afcc-105cb24227c1 8e3d39e4a90a444eb51c60834f04bf43 443b9ecb22e842418447b5e3fc057547 - - default default] No more DHCP agents
2026-07-08 11:07:45.029 8 WARNING neutron.api.rpc.agentnotifiers.dhcp_rpc_agent_api [None req-a2750737-4b5a-4b53-afcc-105cb24227c1 8e3d39e4a90a444eb51c60834f04bf43 443b9ecb22e842418447b5e3fc057547 - - default default] Unable to schedule network af7233f7-ef2e-4f32-88b1-0c3c1fdf3702: no agents available; will retry on subsequent port and subnet creation events.
2026-07-08 11:07:45.063 8 INFO neutron.db.ovn_revision_numbers_db [None req-a2750737-4b5a-4b53-afcc-105cb24227c1 8e3d39e4a90a444eb51c60834f04bf43 443b9ecb22e842418447b5e3fc057547 - - default default] Successfully bumped revision number for resource 43a4c193-6e2d-48c9-91e2-c32e49f239ad (type: subnets) to 0 [pid: 8|app: 0|req: 1432/2863] 10.0.0.161 () {34 vars in 668 bytes} [Wed Jul 8 11:07:44 2026] POST /v2.0/subnets => generated 729 bytes in 238 msecs (HTTP/1.1 201) 4 headers in 162 bytes (1 switches on core 0) [pid: 8|app: 0|req: 1433/2864] 10.0.0.161 () {32 vars in 687 bytes} [Wed Jul 8 11:07:45 2026] GET /v2.0/networks?not-tags=red%2Cblue => generated 2638 bytes in 67 msecs (HTTP/1.1 200) 4 headers in 158 bytes (1 switches on core 0) [pid: 7|app: 0|req: 1432/2865] 10.0.0.161 () {32 vars in 723 bytes} [Wed Jul 8 11:07:44 2026] DELETE /v2.0/routers/cdc9fe90-d8a6-4c5e-af94-24c0b5728edb => generated 0 bytes in 677 msecs (HTTP/1.1 204) 2 headers in 112 bytes (1 switches on core 0) [pid: 7|app: 0|req: 1433/2866] 10.0.0.161 () {32 vars in 683 bytes} [Wed Jul 8 11:07:45 2026] GET /v2.0/networks?not-tags-any=blue => generated 2638 bytes in 68 msecs (HTTP/1.1 200) 4 headers in 158 bytes (1 switches on core 0)
2026-07-08 11:07:45.507 8 WARNING neutron.scheduler.dhcp_agent_scheduler [None req-71f9b669-2fdc-4910-889c-60c09ce45dd7 8e3d39e4a90a444eb51c60834f04bf43 443b9ecb22e842418447b5e3fc057547 - - default default] No more DHCP agents
2026-07-08 11:07:45.508 8 WARNING neutron.api.rpc.agentnotifiers.dhcp_rpc_agent_api [None req-71f9b669-2fdc-4910-889c-60c09ce45dd7 8e3d39e4a90a444eb51c60834f04bf43 443b9ecb22e842418447b5e3fc057547 - - default default] Unable to schedule network dcfc18b2-52f3-40ca-acf0-2f1f6b9b20ec: no agents available; will retry on subsequent port and subnet creation events. [pid: 7|app: 0|req: 1434/2867] 10.0.0.161 () {32 vars in 720 bytes} [Wed Jul 8 11:07:45 2026] GET /v2.0/routers/0f94fa5f-3808-4a03-866a-fb5f40281178 => generated 942 bytes in 67 msecs (HTTP/1.1 200) 4 headers in 157 bytes (1 switches on core 0) [pid: 7|app: 0|req: 1435/2868] 10.0.0.161 () {32 vars in 695 bytes} [Wed Jul 8 11:07:45 2026] GET /v2.0/networks?not-tags-any=red%2Cblue => generated 1988 bytes in 53 msecs (HTTP/1.1 200) 4 headers in 158 bytes (1 switches on core 0)
2026-07-08 11:07:45.617 8 INFO neutron.plugins.ml2.drivers.ovn.mech_driver.mech_driver [None req-59568e9d-370b-43dd-b034-0ad830eaebe0 - - - - - -] OVN reports status down for port: 50c0ce26-2d04-41fe-88be-1cd80ac84176
2026-07-08 11:07:45.669 8 INFO neutron.db.ovn_revision_numbers_db [None req-71f9b669-2fdc-4910-889c-60c09ce45dd7 8e3d39e4a90a444eb51c60834f04bf43 443b9ecb22e842418447b5e3fc057547 - - default default] Successfully bumped revision number for resource 50c0ce26-2d04-41fe-88be-1cd80ac84176 (type: ports) to 1
2026-07-08 11:07:46.192 7 INFO neutron.db.ovn_revision_numbers_db [None req-c6fb2929-002b-49b9-8872-22308c60190c 9b06240ee3174acb860f6f8c19539019 57f852cee73e4ce4b661e3ac3501851c - - default default] Successfully bumped revision number for resource 0f94fa5f-3808-4a03-866a-fb5f40281178 (type: routers) to 5 [pid: 7|app: 0|req: 1436/2869] 10.0.0.161 () {34 vars in 741 bytes} [Wed Jul 8 11:07:45 2026] PUT /v2.0/routers/0f94fa5f-3808-4a03-866a-fb5f40281178 => generated 942 bytes in 614 msecs (HTTP/1.1 200) 4 headers in 157 bytes (1 switches on core 0)
2026-07-08 11:07:46.278 8 INFO neutron.plugins.ml2.drivers.ovn.mech_driver.ovsdb.commands [None req-f44ce4e4-8482-4fb2-8785-a7453beae8c3 - - - - - -] Schedule LRP lrp-50c0ce26-2d04-41fe-88be-1cd80ac84176 on gateway 241f1c52-b4b7-40fa-b9e1-56e96ae6f316 with priority 1
2026-07-08 11:07:46.330 7 INFO neutron.plugins.ml2.drivers.ovn.mech_driver.ovsdb.ovsdb_monitor [None req-de9c2784-fd39-441b-9efa-db098c280bbd - - - - - -] Router 556df24d-9364-47a7-89ae-7228512466fb is bound to host instance
2026-07-08 11:07:46.331 8 INFO neutron.plugins.ml2.drivers.ovn.mech_driver.mech_driver [None req-59568e9d-370b-43dd-b034-0ad830eaebe0 - - - - - -] OVN reports status up for port: 50c0ce26-2d04-41fe-88be-1cd80ac84176
2026-07-08 11:07:46.362 8 INFO neutron.plugins.ml2.plugin [None req-59568e9d-370b-43dd-b034-0ad830eaebe0 - - - - - -] Attempt 1 to provision port 50c0ce26-2d04-41fe-88be-1cd80ac84176
2026-07-08 11:07:46.380 8 INFO neutron.db.ovn_revision_numbers_db [None req-71f9b669-2fdc-4910-889c-60c09ce45dd7 8e3d39e4a90a444eb51c60834f04bf43 443b9ecb22e842418447b5e3fc057547 - - default default] Successfully bumped revision number for resource 50c0ce26-2d04-41fe-88be-1cd80ac84176 (type: router_ports) to 1
2026-07-08 11:07:46.401 7 INFO neutron_taas.services.taas.taas_plugin [None req-f7dff6ce-2480-4dbf-a355-4baadd6ddcc7 d9239d0499a64c78aabc709b1450535f 35c995bbcced472b9a980954d632213d - - default default] TaaS: Handle Delete Port: 910d9a58-0ee9-42f6-8470-8dfbf8e5e54f
2026-07-08 11:07:46.405 7 INFO neutron_taas.services.taas.tap_mirror_plugin [None req-f7dff6ce-2480-4dbf-a355-4baadd6ddcc7 d9239d0499a64c78aabc709b1450535f 35c995bbcced472b9a980954d632213d - - default default] Tap Mirror: Handle Delete Port: 910d9a58-0ee9-42f6-8470-8dfbf8e5e54f
2026-07-08 11:07:46.480 8 INFO neutron.db.ovn_revision_numbers_db [None req-71f9b669-2fdc-4910-889c-60c09ce45dd7 8e3d39e4a90a444eb51c60834f04bf43 443b9ecb22e842418447b5e3fc057547 - - default default] Successfully bumped revision number for resource 556df24d-9364-47a7-89ae-7228512466fb (type: routers) to 2 [pid: 8|app: 0|req: 1434/2870] 10.0.0.161 () {34 vars in 668 bytes} [Wed Jul 8 11:07:45 2026] POST /v2.0/routers => generated 944 bytes in 1347 msecs (HTTP/1.1 201) 4 headers in 162 bytes (1 switches on core 0) [pid: 8|app: 0|req: 1435/2871] 10.0.0.161 () {32 vars in 735 bytes} [Wed Jul 8 11:07:46 2026] GET /v2.0/ports?device_id=0f94fa5f-3808-4a03-866a-fb5f40281178 => generated 950 bytes in 62 msecs (HTTP/1.1 200) 4 headers in 157 bytes (1 switches on core 0)
2026-07-08 11:07:46.736 7 INFO neutron.services.segments.plugin [-] Segment 0b385b21-b361-4f97-91ba-492b7b12b0b7 resource provider aggregate not found
2026-07-08 11:07:46.742 7 INFO neutron.services.segments.plugin [-] Segment 0b385b21-b361-4f97-91ba-492b7b12b0b7 resource provider aggregate not found
2026-07-08 11:07:46.767 7 INFO neutron.services.segments.plugin [-] Client error retrieving segment 0b385b21-b361-4f97-91ba-492b7b12b0b7 resource provider; error: Placement Client Error (4xx): {"errors": [{"status": 404, "title": "Not Found", "detail": "The resource could not be found.\n\n No resource provider with uuid 0b385b21-b361-4f97-91ba-492b7b12b0b7 found for delete ", "request_id": "req-b4bfe901-4c39-4cbd-b6c4-f134d2f5c0ea"}]}
2026-07-08 11:07:46.769 7 INFO neutron.services.segments.plugin [-] Client error retrieving segment 0b385b21-b361-4f97-91ba-492b7b12b0b7 resource provider; error: Placement Client Error (4xx): {"errors": [{"status": 404, "title": "Not Found", "detail": "The resource could not be found.\n\n No resource provider with uuid 0b385b21-b361-4f97-91ba-492b7b12b0b7 found for delete ", "request_id": "req-abb1aab7-42cd-4c26-843e-dd3e8950cf5b"}]} [pid: 7|app: 0|req: 1437/2872] 10.0.0.161 () {32 vars in 725 bytes} [Wed Jul 8 11:07:46 2026] DELETE /v2.0/networks/848a661f-07bf-423f-8215-72846295927d => generated 0 bytes in 644 msecs (HTTP/1.1 204) 3 headers in 131 bytes (1 switches on core 0)
2026-07-08 11:07:46.979 8 WARNING neutron.scheduler.dhcp_agent_scheduler [None req-fd62580a-8392-4c9f-bc0c-9798b39fe9d2 8e3d39e4a90a444eb51c60834f04bf43 443b9ecb22e842418447b5e3fc057547 - - default default] No more DHCP agents
2026-07-08 11:07:46.981 8 WARNING neutron.api.rpc.agentnotifiers.dhcp_rpc_agent_api [None req-fd62580a-8392-4c9f-bc0c-9798b39fe9d2 8e3d39e4a90a444eb51c60834f04bf43 443b9ecb22e842418447b5e3fc057547 - - default default] Unable to schedule network 65869dc6-09e2-4661-b143-65898e830b2c: no agents available; will retry on subsequent port and subnet creation events.
2026-07-08 11:07:47.125 7 INFO neutron.plugins.ml2.drivers.ovn.mech_driver.mech_driver [None req-c0593ed9-13a6-40e2-8c29-ac475bd44c3d - - - - - -] OVN reports status down for port: fa7cb9a2-eeb6-4c4f-8093-a5932d21cf79
2026-07-08 11:07:47.131 8 INFO neutron.db.ovn_revision_numbers_db [None req-fd62580a-8392-4c9f-bc0c-9798b39fe9d2 8e3d39e4a90a444eb51c60834f04bf43 443b9ecb22e842418447b5e3fc057547 - - default default] Successfully bumped revision number for resource fa7cb9a2-eeb6-4c4f-8093-a5932d21cf79 (type: ports) to 1
2026-07-08 11:07:47.430 7 INFO neutron_taas.services.taas.taas_plugin [None req-d32147c2-dbff-42d5-bf64-4e3eafb8c7de 9b06240ee3174acb860f6f8c19539019 57f852cee73e4ce4b661e3ac3501851c - - default default] TaaS: Handle Delete Port: cb3c4c8e-f3ea-46f9-a845-b5b45470efab
2026-07-08 11:07:47.438 7 INFO neutron_taas.services.taas.tap_mirror_plugin [None req-d32147c2-dbff-42d5-bf64-4e3eafb8c7de 9b06240ee3174acb860f6f8c19539019 57f852cee73e4ce4b661e3ac3501851c - - default default] Tap Mirror: Handle Delete Port: cb3c4c8e-f3ea-46f9-a845-b5b45470efab
2026-07-08 11:07:47.767 7 INFO neutron.db.ovn_revision_numbers_db [None req-15eac09e-de9e-4e12-b609-4b76ca8dc871 - - - - - -] Successfully bumped revision number for resource 50c0ce26-2d04-41fe-88be-1cd80ac84176 (type: ports) to 4
2026-07-08 11:07:47.812 7 INFO neutron.plugins.ml2.drivers.ovn.mech_driver.mech_driver [None req-c0593ed9-13a6-40e2-8c29-ac475bd44c3d - - - - - -] OVN reports status up for port: fa7cb9a2-eeb6-4c4f-8093-a5932d21cf79
2026-07-08 11:07:47.867 7 INFO neutron.plugins.ml2.plugin [None req-c0593ed9-13a6-40e2-8c29-ac475bd44c3d - - - - - -] Attempt 1 to provision port fa7cb9a2-eeb6-4c4f-8093-a5932d21cf79
2026-07-08 11:07:47.903 8 WARNING neutron.scheduler.dhcp_agent_scheduler [None req-fd62580a-8392-4c9f-bc0c-9798b39fe9d2 8e3d39e4a90a444eb51c60834f04bf43 443b9ecb22e842418447b5e3fc057547 - - default default] No more DHCP agents
2026-07-08 11:07:47.905 8 WARNING neutron.api.rpc.agentnotifiers.dhcp_rpc_agent_api [None req-fd62580a-8392-4c9f-bc0c-9798b39fe9d2 8e3d39e4a90a444eb51c60834f04bf43 443b9ecb22e842418447b5e3fc057547 - - default default] Unable to schedule network 65869dc6-09e2-4661-b143-65898e830b2c: no agents available; will retry on subsequent port and subnet creation events.
2026-07-08 11:07:48.216 8 INFO neutron.db.ovn_revision_numbers_db [None req-fd62580a-8392-4c9f-bc0c-9798b39fe9d2 8e3d39e4a90a444eb51c60834f04bf43 443b9ecb22e842418447b5e3fc057547 - - default default] Successfully bumped revision number for resource fa7cb9a2-eeb6-4c4f-8093-a5932d21cf79 (type: router_ports) to 1 [pid: 8|app: 0|req: 1436/2873] 10.0.0.161 () {34 vars in 782 bytes} [Wed Jul 8 11:07:46 2026] PUT /v2.0/routers/556df24d-9364-47a7-89ae-7228512466fb/add_router_interface => generated 309 bytes in 1664 msecs (HTTP/1.1 200) 4 headers in 157 bytes (1 switches on core 0)
2026-07-08 11:07:48.361 8 INFO neutron_taas.services.taas.taas_plugin [None req-f28ba30d-4ffc-45e9-a5fa-1abd6d135f96 d9239d0499a64c78aabc709b1450535f 35c995bbcced472b9a980954d632213d - - default default] TaaS: Handle Delete Port: bbd9bfc4-b484-47f0-853c-cd55da7a1741
2026-07-08 11:07:48.368 8 INFO neutron_taas.services.taas.tap_mirror_plugin [None req-f28ba30d-4ffc-45e9-a5fa-1abd6d135f96 d9239d0499a64c78aabc709b1450535f 35c995bbcced472b9a980954d632213d - - default default] Tap Mirror: Handle Delete Port: bbd9bfc4-b484-47f0-853c-cd55da7a1741
2026-07-08 11:07:48.558 8 INFO neutron.services.segments.plugin [-] Segment 34d0a218-48c5-44ff-8c47-ce1550f238ca resource provider aggregate not found
2026-07-08 11:07:48.563 8 INFO neutron.services.segments.plugin [-] Segment 34d0a218-48c5-44ff-8c47-ce1550f238ca resource provider aggregate not found
2026-07-08 11:07:48.578 8 INFO neutron.services.segments.plugin [-] Client error retrieving segment 34d0a218-48c5-44ff-8c47-ce1550f238ca resource provider; error: Placement Client Error (4xx): {"errors": [{"status": 404, "title": "Not Found", "detail": "The resource could not be found.\n\n No resource provider with uuid 34d0a218-48c5-44ff-8c47-ce1550f238ca found for delete ", "request_id": "req-2ee0faaa-e29d-4871-9518-9b698239a91a"}]}
2026-07-08 11:07:48.584 8 INFO neutron.services.segments.plugin [-] Client error retrieving segment 34d0a218-48c5-44ff-8c47-ce1550f238ca resource provider; error: Placement Client Error (4xx): {"errors": [{"status": 404, "title": "Not Found", "detail": "The resource could not be found.\n\n No resource provider with uuid 34d0a218-48c5-44ff-8c47-ce1550f238ca found for delete ", "request_id": "req-c82d4118-9175-4d76-b5c5-3fee250d15dd"}]} [pid: 8|app: 0|req: 1437/2874] 10.0.0.161 () {32 vars in 725 bytes} [Wed Jul 8 11:07:48 2026] DELETE /v2.0/networks/fd4f1626-5b7e-4e41-bc33-75514c61f616 => generated 0 bytes in 398 msecs (HTTP/1.1 204) 3 headers in 131 bytes (1 switches on core 0) [pid: 7|app: 0|req: 1438/2875] 10.0.0.161 () {34 vars in 788 bytes} [Wed Jul 8 11:07:46 2026] PUT /v2.0/routers/0f94fa5f-3808-4a03-866a-fb5f40281178/remove_router_interface => generated 309 bytes in 2105 msecs (HTTP/1.1 200) 4 headers in 157 bytes (1 switches on core 0)
2026-07-08 11:07:48.972 7 INFO neutron.db.ovn_revision_numbers_db [None req-c0593ed9-13a6-40e2-8c29-ac475bd44c3d - - - - - -] Successfully bumped revision number for resource fa7cb9a2-eeb6-4c4f-8093-a5932d21cf79 (type: ports) to 2 /var/lib/openstack/lib/python3.12/site-packages/pycadf/identifier.py:70: UserWarning: Invalid uuid: neutron. To ensure interoperability, identifiers should be a valid uuid. warnings.warn(('Invalid uuid: %s. To ensure interoperability, '
2026-07-08 11:07:49.007 7 INFO neutron.db.ovn_revision_numbers_db [None req-15eac09e-de9e-4e12-b609-4b76ca8dc871 - - - - - -] Successfully bumped revision number for resource 50c0ce26-2d04-41fe-88be-1cd80ac84176 (type: ports) to 5
2026-07-08 11:07:49.149 8 WARNING neutron.scheduler.dhcp_agent_scheduler [None req-a8629bee-1388-44e5-b99b-447af760c195 8e3d39e4a90a444eb51c60834f04bf43 443b9ecb22e842418447b5e3fc057547 - - default default] No more DHCP agents
2026-07-08 11:07:49.150 8 WARNING neutron.api.rpc.agentnotifiers.dhcp_rpc_agent_api [None req-a8629bee-1388-44e5-b99b-447af760c195 8e3d39e4a90a444eb51c60834f04bf43 443b9ecb22e842418447b5e3fc057547 - - default default] Unable to schedule network ec50eb0c-0148-44ab-9871-2055381f68f5: no agents available; will retry on subsequent port and subnet creation events.
2026-07-08 11:07:49.275 8 INFO neutron.plugins.ml2.drivers.ovn.mech_driver.mech_driver [None req-59568e9d-370b-43dd-b034-0ad830eaebe0 - - - - - -] OVN reports status down for port: 16007d74-d47d-459b-9ba1-6d3490281c0e
2026-07-08 11:07:49.276 7 INFO neutron_taas.services.taas.taas_plugin [None req-a8c531f1-8f88-45a2-bb7c-4944ac6a6fe8 d9239d0499a64c78aabc709b1450535f 35c995bbcced472b9a980954d632213d - - default default] TaaS: Handle Delete Port: 44e856a3-d40d-4cd6-823c-303a04c61173
2026-07-08 11:07:49.280 7 INFO neutron_taas.services.taas.tap_mirror_plugin [None req-a8c531f1-8f88-45a2-bb7c-4944ac6a6fe8 d9239d0499a64c78aabc709b1450535f 35c995bbcced472b9a980954d632213d - - default default] Tap Mirror: Handle Delete Port: 44e856a3-d40d-4cd6-823c-303a04c61173
2026-07-08 11:07:49.336 8 INFO neutron.db.ovn_revision_numbers_db [None req-a8629bee-1388-44e5-b99b-447af760c195 8e3d39e4a90a444eb51c60834f04bf43 443b9ecb22e842418447b5e3fc057547 - - default default] Successfully bumped revision number for resource 16007d74-d47d-459b-9ba1-6d3490281c0e (type: ports) to 1
2026-07-08 11:07:49.480 7 INFO neutron.services.segments.plugin [-] Segment 8cfcce95-c76a-478d-aeea-ea2b11706b91 resource provider aggregate not found
2026-07-08 11:07:49.484 7 INFO neutron.services.segments.plugin [-] Segment 8cfcce95-c76a-478d-aeea-ea2b11706b91 resource provider aggregate not found
2026-07-08 11:07:49.496 7 INFO neutron.services.segments.plugin [-] Client error retrieving segment 8cfcce95-c76a-478d-aeea-ea2b11706b91 resource provider; error: Placement Client Error (4xx): {"errors": [{"status": 404, "title": "Not Found", "detail": "The resource could not be found.\n\n No resource provider with uuid 8cfcce95-c76a-478d-aeea-ea2b11706b91 found for delete ", "request_id": "req-c3893d93-dc85-4eaa-ae6a-09f76ca5b4ff"}]}
2026-07-08 11:07:49.498 7 INFO neutron.services.segments.plugin [-] Client error retrieving segment 8cfcce95-c76a-478d-aeea-ea2b11706b91 resource provider; error: Placement Client Error (4xx): {"errors": [{"status": 404, "title": "Not Found", "detail": "The resource could not be found.\n\n No resource provider with uuid 8cfcce95-c76a-478d-aeea-ea2b11706b91 found for delete ", "request_id": "req-d981ac0e-48a1-4eec-b665-2db561975a6d"}]} [pid: 7|app: 0|req: 1441/2878] 10.0.0.161 () {32 vars in 725 bytes} [Wed Jul 8 11:07:48 2026] DELETE /v2.0/networks/6a525955-943c-4e20-b4a5-e7eebd3e41bb => generated 0 bytes in 567 msecs (HTTP/1.1 204) 3 headers in 131 bytes (1 switches on core 0)
2026-07-08 11:07:49.797 7 INFO neutron_taas.services.taas.taas_plugin [None req-3ab68440-1c77-4917-9989-5766273803ff 9b06240ee3174acb860f6f8c19539019 57f852cee73e4ce4b661e3ac3501851c - - default default] TaaS: Handle Delete Port: 97a86892-bb6a-434c-b16a-80ef39aea3b4
2026-07-08 11:07:49.801 7 INFO neutron_taas.services.taas.tap_mirror_plugin [None req-3ab68440-1c77-4917-9989-5766273803ff 9b06240ee3174acb860f6f8c19539019 57f852cee73e4ce4b661e3ac3501851c - - default default] Tap Mirror: Handle Delete Port: 97a86892-bb6a-434c-b16a-80ef39aea3b4
2026-07-08 11:07:50.023 8 INFO neutron.plugins.ml2.drivers.ovn.mech_driver.mech_driver [None req-59568e9d-370b-43dd-b034-0ad830eaebe0 - - - - - -] OVN reports status up for port: 16007d74-d47d-459b-9ba1-6d3490281c0e
2026-07-08 11:07:50.048 8 INFO neutron.plugins.ml2.plugin [None req-59568e9d-370b-43dd-b034-0ad830eaebe0 - - - - - -] Attempt 1 to provision port 16007d74-d47d-459b-9ba1-6d3490281c0e
2026-07-08 11:07:50.146 8 WARNING neutron.scheduler.dhcp_agent_scheduler [None req-a8629bee-1388-44e5-b99b-447af760c195 8e3d39e4a90a444eb51c60834f04bf43 443b9ecb22e842418447b5e3fc057547 - - default default] No more DHCP agents
2026-07-08 11:07:50.149 8 WARNING neutron.api.rpc.agentnotifiers.dhcp_rpc_agent_api [None req-a8629bee-1388-44e5-b99b-447af760c195 8e3d39e4a90a444eb51c60834f04bf43 443b9ecb22e842418447b5e3fc057547 - - default default] Unable to schedule network ec50eb0c-0148-44ab-9871-2055381f68f5: no agents available; will retry on subsequent port and subnet creation events. [pid: 7|app: 0|req: 1442/2879] 10.0.0.161 () {32 vars in 723 bytes} [Wed Jul 8 11:07:49 2026] DELETE /v2.0/routers/0f94fa5f-3808-4a03-866a-fb5f40281178 => generated 0 bytes in 646 msecs (HTTP/1.1 204) 2 headers in 112 bytes (1 switches on core 0)
2026-07-08 11:07:50.309 7 INFO neutron_taas.services.taas.taas_plugin [None req-b65e4505-8778-4f86-9a8d-3635154e728b d9239d0499a64c78aabc709b1450535f 35c995bbcced472b9a980954d632213d - - default default] TaaS: Handle Delete Port: 53d2b2fe-9367-44a5-a646-0e032caebc8e
2026-07-08 11:07:50.312 7 INFO neutron_taas.services.taas.tap_mirror_plugin [None req-b65e4505-8778-4f86-9a8d-3635154e728b d9239d0499a64c78aabc709b1450535f 35c995bbcced472b9a980954d632213d - - default default] Tap Mirror: Handle Delete Port: 53d2b2fe-9367-44a5-a646-0e032caebc8e [pid: 7|app: 0|req: 1443/2880] 10.0.0.161 () {32 vars in 725 bytes} [Wed Jul 8 11:07:50 2026] DELETE /v2.0/networks/22057c82-0a7d-4e55-9249-23d73ace093d => generated 0 bytes in 321 msecs (HTTP/1.1 204) 3 headers in 131 bytes (1 switches on core 0)
2026-07-08 11:07:50.525 7 INFO neutron.api.v2.resource [None req-2ebf6f4e-2f7b-4167-8e13-8d18a535e843 9b06240ee3174acb860f6f8c19539019 57f852cee73e4ce4b661e3ac3501851c - - default default] show failed (client error): The resource could not be found. [pid: 7|app: 0|req: 1444/2881] 10.0.0.161 () {32 vars in 720 bytes} [Wed Jul 8 11:07:50 2026] GET /v2.0/routers/12fdaf39-3050-408e-8d9a-328eef7a5dd7 => generated 135 bytes in 18 msecs (HTTP/1.1 404) 4 headers in 164 bytes (1 switches on core 0)
2026-07-08 11:07:50.634 7 INFO neutron_taas.services.taas.taas_plugin [None req-6003fd4c-e018-445f-8b68-85a8f97fce6d d9239d0499a64c78aabc709b1450535f 35c995bbcced472b9a980954d632213d - - default default] TaaS: Handle Delete Port: fdaa00ac-46bb-46be-93c3-0eedbf6e48b8
2026-07-08 11:07:50.637 7 INFO neutron_taas.services.taas.tap_mirror_plugin [None req-6003fd4c-e018-445f-8b68-85a8f97fce6d d9239d0499a64c78aabc709b1450535f 35c995bbcced472b9a980954d632213d - - default default] Tap Mirror: Handle Delete Port: fdaa00ac-46bb-46be-93c3-0eedbf6e48b8
2026-07-08 11:07:50.736 8 INFO neutron.db.ovn_revision_numbers_db [None req-59568e9d-370b-43dd-b034-0ad830eaebe0 - - - - - -] Successfully bumped revision number for resource 16007d74-d47d-459b-9ba1-6d3490281c0e (type: ports) to 2 [pid: 7|app: 0|req: 1445/2882] 10.0.0.161 () {32 vars in 725 bytes} [Wed Jul 8 11:07:50 2026] DELETE /v2.0/networks/0f24a9c3-9969-4767-8a2d-fff22c9ad717 => generated 0 bytes in 357 msecs (HTTP/1.1 204) 3 headers in 131 bytes (1 switches on core 0)
2026-07-08 11:07:50.890 8 INFO neutron.db.ovn_revision_numbers_db [None req-a8629bee-1388-44e5-b99b-447af760c195 8e3d39e4a90a444eb51c60834f04bf43 443b9ecb22e842418447b5e3fc057547 - - default default] Successfully bumped revision number for resource 16007d74-d47d-459b-9ba1-6d3490281c0e (type: router_ports) to 1 [pid: 8|app: 0|req: 1438/2883] 10.0.0.161 () {34 vars in 782 bytes} [Wed Jul 8 11:07:48 2026] PUT /v2.0/routers/556df24d-9364-47a7-89ae-7228512466fb/add_router_interface => generated 309 bytes in 2278 msecs (HTTP/1.1 200) 4 headers in 157 bytes (1 switches on core 0) [pid: 7|app: 0|req: 1446/2884] 10.0.0.161 () {32 vars in 723 bytes} [Wed Jul 8 11:07:50 2026] DELETE /v2.0/subnets/5c69c764-62f1-43fd-b7a1-081b3046cc5d => generated 0 bytes in 165 msecs (HTTP/1.1 204) 3 headers in 131 bytes (1 switches on core 0) [pid: 7|app: 0|req: 1447/2885] 10.0.0.161 () {32 vars in 723 bytes} [Wed Jul 8 11:07:51 2026] DELETE /v2.0/subnets/f007cf71-429e-409b-9518-e0acf2bd680b => generated 0 bytes in 160 msecs (HTTP/1.1 204) 3 headers in 131 bytes (1 switches on core 0) [pid: 7|app: 0|req: 1448/2886] 10.0.0.161 () {32 vars in 723 bytes} [Wed Jul 8 11:07:51 2026] DELETE /v2.0/subnets/c71df270-3e56-455c-a396-a14a42f7baaa => generated 0 bytes in 174 msecs (HTTP/1.1 204) 3 headers in 131 bytes (1 switches on core 0)
2026-07-08 11:07:51.406 7 INFO neutron.pecan_wsgi.hooks.translation [None req-aca7290b-bffd-4f09-9464-4c3812003757 9b06240ee3174acb860f6f8c19539019 57f852cee73e4ce4b661e3ac3501851c - - default default] DELETE failed (client error): The resource could not be found. [pid: 7|app: 0|req: 1449/2887] 10.0.0.161 () {32 vars in 723 bytes} [Wed Jul 8 11:07:51 2026] DELETE /v2.0/subnets/7e26f7d5-3ed7-4c48-b523-be58b85ead4a => generated 136 bytes in 12 msecs (HTTP/1.1 404) 4 headers in 164 bytes (1 switches on core 0)
2026-07-08 11:07:51.482 8 WARNING neutron.scheduler.dhcp_agent_scheduler [None req-b8046cb0-3d45-4c2e-800b-d1e4a7fce413 8e3d39e4a90a444eb51c60834f04bf43 443b9ecb22e842418447b5e3fc057547 - - default default] No more DHCP agents
2026-07-08 11:07:51.483 8 WARNING neutron.api.rpc.agentnotifiers.dhcp_rpc_agent_api [None req-b8046cb0-3d45-4c2e-800b-d1e4a7fce413 8e3d39e4a90a444eb51c60834f04bf43 443b9ecb22e842418447b5e3fc057547 - - default default] Unable to schedule network af7233f7-ef2e-4f32-88b1-0c3c1fdf3702: no agents available; will retry on subsequent port and subnet creation events.
2026-07-08 11:07:51.518 7 INFO neutron.services.segments.plugin [-] Segment 71e296aa-9791-4499-825d-384a49dbf7ee resource provider aggregate not found
2026-07-08 11:07:51.529 7 INFO neutron.services.segments.plugin [-] Segment 71e296aa-9791-4499-825d-384a49dbf7ee resource provider aggregate not found
2026-07-08 11:07:51.536 7 INFO neutron_taas.services.taas.taas_plugin [None req-cc8eb731-0a0e-4780-ac54-6b7545ba19c7 9b06240ee3174acb860f6f8c19539019 57f852cee73e4ce4b661e3ac3501851c - - default default] TaaS: Handle Delete Port: f68057ae-d846-48ba-91dc-9abefc005bc1
2026-07-08 11:07:51.539 7 INFO neutron_taas.services.taas.tap_mirror_plugin [None req-cc8eb731-0a0e-4780-ac54-6b7545ba19c7 9b06240ee3174acb860f6f8c19539019 57f852cee73e4ce4b661e3ac3501851c - - default default] Tap Mirror: Handle Delete Port: f68057ae-d846-48ba-91dc-9abefc005bc1
2026-07-08 11:07:51.540 7 INFO neutron.services.segments.plugin [-] Client error retrieving segment 71e296aa-9791-4499-825d-384a49dbf7ee resource provider; error: Placement Client Error (4xx): {"errors": [{"status": 404, "title": "Not Found", "detail": "The resource could not be found.\n\n No resource provider with uuid 71e296aa-9791-4499-825d-384a49dbf7ee found for delete ", "request_id": "req-0c1e9a28-5154-4c7e-b850-e214f7d50376"}]}
2026-07-08 11:07:51.545 7 INFO neutron.services.segments.plugin [-] Client error retrieving segment 71e296aa-9791-4499-825d-384a49dbf7ee resource provider; error: Placement Client Error (4xx): {"errors": [{"status": 404, "title": "Not Found", "detail": "The resource could not be found.\n\n No resource provider with uuid 71e296aa-9791-4499-825d-384a49dbf7ee found for delete ", "request_id": "req-5e6f92be-abf2-420f-b877-1c4ad6a58558"}]}
2026-07-08 11:07:51.554 7 INFO neutron.services.segments.plugin [-] Segment a1587d3a-21e5-4f56-8a99-25d26cb3efa9 resource provider aggregate not found
2026-07-08 11:07:51.563 7 INFO neutron.services.segments.plugin [-] Segment a1587d3a-21e5-4f56-8a99-25d26cb3efa9 resource provider aggregate not found
2026-07-08 11:07:51.570 7 INFO neutron.services.segments.plugin [-] Client error retrieving segment a1587d3a-21e5-4f56-8a99-25d26cb3efa9 resource provider; error: Placement Client Error (4xx): {"errors": [{"status": 404, "title": "Not Found", "detail": "The resource could not be found.\n\n No resource provider with uuid a1587d3a-21e5-4f56-8a99-25d26cb3efa9 found for delete ", "request_id": "req-0621c67b-13db-4568-9d3c-b0f7007ead2e"}]}
2026-07-08 11:07:51.583 7 INFO neutron.services.segments.plugin [-] Client error retrieving segment a1587d3a-21e5-4f56-8a99-25d26cb3efa9 resource provider; error: Placement Client Error (4xx): {"errors": [{"status": 404, "title": "Not Found", "detail": "The resource could not be found.\n\n No resource provider with uuid a1587d3a-21e5-4f56-8a99-25d26cb3efa9 found for delete ", "request_id": "req-798051a3-c432-47c2-8aab-8a1e7854efc0"}]}
2026-07-08 11:07:51.633 8 INFO neutron.db.ovn_revision_numbers_db [None req-b8046cb0-3d45-4c2e-800b-d1e4a7fce413 8e3d39e4a90a444eb51c60834f04bf43 443b9ecb22e842418447b5e3fc057547 - - default default] Successfully bumped revision number for resource 99482f67-ad2d-4dda-96da-d56955bdff4e (type: ports) to 1 [pid: 7|app: 0|req: 1450/2888] 10.0.0.161 () {32 vars in 725 bytes} [Wed Jul 8 11:07:51 2026] DELETE /v2.0/networks/353d34cc-da44-4663-b267-6a134c7441f6 => generated 0 bytes in 347 msecs (HTTP/1.1 204) 3 headers in 131 bytes (1 switches on core 0)
2026-07-08 11:07:52.017 7 INFO neutron.db.ovn_revision_numbers_db [None req-0f75f8be-75b3-4a13-8212-27b02662dabe 652b8bc6005440d9892947a82585e505 93c8113d526f4ac5a35f09fba83b56e3 - - default default] Successfully bumped revision number for resource 4c7b0e14-4c89-4ddf-9d53-83c6eb2bf536 (type: security_groups) to 1
2026-07-08 11:07:52.028 7 INFO neutron.db.ovn_revision_numbers_db [None req-0f75f8be-75b3-4a13-8212-27b02662dabe 652b8bc6005440d9892947a82585e505 93c8113d526f4ac5a35f09fba83b56e3 - - default default] Successfully bumped revision number for resource 33e95caa-354c-48a8-ad2b-5bb712b959d6 (type: security_group_rules) to 0
2026-07-08 11:07:52.038 7 INFO neutron.db.ovn_revision_numbers_db [None req-0f75f8be-75b3-4a13-8212-27b02662dabe 652b8bc6005440d9892947a82585e505 93c8113d526f4ac5a35f09fba83b56e3 - - default default] Successfully bumped revision number for resource 3d3e3728-ec4b-4bf7-bdde-a9d042f2fb9b (type: security_group_rules) to 0
2026-07-08 11:07:52.046 7 INFO neutron.db.ovn_revision_numbers_db [None req-0f75f8be-75b3-4a13-8212-27b02662dabe 652b8bc6005440d9892947a82585e505 93c8113d526f4ac5a35f09fba83b56e3 - - default default] Successfully bumped revision number for resource 6cd15c13-d2cb-44c1-a9f1-4fe4fba1ea45 (type: security_group_rules) to 0
2026-07-08 11:07:52.057 7 INFO neutron.db.ovn_revision_numbers_db [None req-0f75f8be-75b3-4a13-8212-27b02662dabe 652b8bc6005440d9892947a82585e505 93c8113d526f4ac5a35f09fba83b56e3 - - default default] Successfully bumped revision number for resource a0dc5ab4-fee7-4380-b85d-223f7ff40b6f (type: security_group_rules) to 0 [pid: 7|app: 0|req: 1451/2889] 10.0.0.161 () {32 vars in 773 bytes} [Wed Jul 8 11:07:51 2026] GET /v2.0/security-groups?tenant_id=0d4b85aa38444da3a18c62866d6adb92&name=default => generated 2929 bytes in 329 msecs (HTTP/1.1 200) 4 headers in 158 bytes (1 switches on core 0)
2026-07-08 11:07:52.188 7 INFO neutron_taas.services.taas.taas_plugin [None req-7b4c691b-cb2c-4c22-8298-39a076cf7719 9b06240ee3174acb860f6f8c19539019 57f852cee73e4ce4b661e3ac3501851c - - default default] TaaS: Handle Delete Port: 76bac53d-8649-4360-ad40-f02fbf1d5334
2026-07-08 11:07:52.190 7 INFO neutron_taas.services.taas.tap_mirror_plugin [None req-7b4c691b-cb2c-4c22-8298-39a076cf7719 9b06240ee3174acb860f6f8c19539019 57f852cee73e4ce4b661e3ac3501851c - - default default] Tap Mirror: Handle Delete Port: 76bac53d-8649-4360-ad40-f02fbf1d5334
2026-07-08 11:07:52.418 8 WARNING neutron.scheduler.dhcp_agent_scheduler [None req-b8046cb0-3d45-4c2e-800b-d1e4a7fce413 8e3d39e4a90a444eb51c60834f04bf43 443b9ecb22e842418447b5e3fc057547 - - default default] No more DHCP agents
2026-07-08 11:07:52.420 8 WARNING neutron.api.rpc.agentnotifiers.dhcp_rpc_agent_api [None req-b8046cb0-3d45-4c2e-800b-d1e4a7fce413 8e3d39e4a90a444eb51c60834f04bf43 443b9ecb22e842418447b5e3fc057547 - - default default] Unable to schedule network af7233f7-ef2e-4f32-88b1-0c3c1fdf3702: no agents available; will retry on subsequent port and subnet creation events. [pid: 7|app: 0|req: 1452/2890] 10.0.0.161 () {32 vars in 725 bytes} [Wed Jul 8 11:07:52 2026] DELETE /v2.0/networks/b2b215ac-85dc-492e-9d64-7587f2fc1e55 => generated 0 bytes in 334 msecs (HTTP/1.1 204) 3 headers in 131 bytes (1 switches on core 0) [pid: 7|app: 0|req: 1453/2891] 10.0.0.161 () {32 vars in 739 bytes} [Wed Jul 8 11:07:52 2026] DELETE /v2.0/security-groups/4c7b0e14-4c89-4ddf-9d53-83c6eb2bf536 => generated 0 bytes in 237 msecs (HTTP/1.1 204) 2 headers in 112 bytes (1 switches on core 0)
2026-07-08 11:07:52.741 8 INFO neutron.db.ovn_revision_numbers_db [None req-b8046cb0-3d45-4c2e-800b-d1e4a7fce413 8e3d39e4a90a444eb51c60834f04bf43 443b9ecb22e842418447b5e3fc057547 - - default default] Successfully bumped revision number for resource 99482f67-ad2d-4dda-96da-d56955bdff4e (type: router_ports) to 1 [pid: 8|app: 0|req: 1439/2892] 10.0.0.161 () {34 vars in 782 bytes} [Wed Jul 8 11:07:50 2026] PUT /v2.0/routers/556df24d-9364-47a7-89ae-7228512466fb/add_router_interface => generated 309 bytes in 1845 msecs (HTTP/1.1 200) 4 headers in 157 bytes (1 switches on core 0) [pid: 8|app: 0|req: 1440/2893] 10.0.0.161 () {32 vars in 773 bytes} [Wed Jul 8 11:07:52 2026] GET /v2.0/security-groups?tenant_id=35c995bbcced472b9a980954d632213d&name=default => generated 2929 bytes in 26 msecs (HTTP/1.1 200) 4 headers in 158 bytes (1 switches on core 0)
2026-07-08 11:07:52.854 7 INFO neutron_taas.services.taas.taas_plugin [None req-5f8f2dc1-1939-4ec9-837e-ab3ea1e5cc61 9b06240ee3174acb860f6f8c19539019 57f852cee73e4ce4b661e3ac3501851c - - default default] TaaS: Handle Delete Port: 3e1d84a0-42ee-4450-9c91-1c94de731ddb
2026-07-08 11:07:52.857 7 INFO neutron_taas.services.taas.tap_mirror_plugin [None req-5f8f2dc1-1939-4ec9-837e-ab3ea1e5cc61 9b06240ee3174acb860f6f8c19539019 57f852cee73e4ce4b661e3ac3501851c - - default default] Tap Mirror: Handle Delete Port: 3e1d84a0-42ee-4450-9c91-1c94de731ddb [pid: 8|app: 0|req: 1441/2894] 10.0.0.161 () {32 vars in 739 bytes} [Wed Jul 8 11:07:52 2026] DELETE /v2.0/security-groups/1e323b01-7c89-4cfd-8176-387b085d3548 => generated 0 bytes in 210 msecs (HTTP/1.1 204) 2 headers in 112 bytes (1 switches on core 0) [pid: 7|app: 0|req: 1454/2895] 10.0.0.161 () {32 vars in 725 bytes} [Wed Jul 8 11:07:52 2026] DELETE /v2.0/networks/facd09dd-46f3-4480-a783-031a979b43dc => generated 0 bytes in 407 msecs (HTTP/1.1 204) 3 headers in 131 bytes (1 switches on core 0)
2026-07-08 11:07:53.083 7 INFO neutron.pecan_wsgi.hooks.translation [None req-fae133a3-2b86-4011-93b3-46ddae256a25 9b06240ee3174acb860f6f8c19539019 57f852cee73e4ce4b661e3ac3501851c - - default default] DELETE failed (client error): The resource could not be found. [pid: 7|app: 0|req: 1455/2896] 10.0.0.161 () {32 vars in 725 bytes} [Wed Jul 8 11:07:53 2026] DELETE /v2.0/networks/5f2165e8-5d1e-46d0-a0a0-afeb53f7afd6 => generated 138 bytes in 12 msecs (HTTP/1.1 404) 4 headers in 164 bytes (1 switches on core 0)
2026-07-08 11:07:53.113 8 INFO neutron.db.ovn_revision_numbers_db [None req-b49ad9c1-d5d1-4ae9-8125-b161ff7282ad 8e3d39e4a90a444eb51c60834f04bf43 443b9ecb22e842418447b5e3fc057547 - - default default] Successfully bumped revision number for resource 16ddfb75-d4b0-4217-bf31-004f17f420f2 (type: security_groups) to 1
2026-07-08 11:07:53.128 8 INFO neutron.db.ovn_revision_numbers_db [None req-b49ad9c1-d5d1-4ae9-8125-b161ff7282ad 8e3d39e4a90a444eb51c60834f04bf43 443b9ecb22e842418447b5e3fc057547 - - default default] Successfully bumped revision number for resource 79e72f77-ad80-40bc-897c-c63bad52b49e (type: security_group_rules) to 0
2026-07-08 11:07:53.140 8 INFO neutron.db.ovn_revision_numbers_db [None req-b49ad9c1-d5d1-4ae9-8125-b161ff7282ad 8e3d39e4a90a444eb51c60834f04bf43 443b9ecb22e842418447b5e3fc057547 - - default default] Successfully bumped revision number for resource a6f8d8cc-5d6c-4aa8-964e-1954825b653f (type: security_group_rules) to 0 [pid: 8|app: 0|req: 1442/2897] 10.0.0.161 () {34 vars in 683 bytes} [Wed Jul 8 11:07:52 2026] POST /v2.0/security-groups => generated 1629 bytes in 178 msecs (HTTP/1.1 201) 4 headers in 163 bytes (1 switches on core 0)
2026-07-08 11:07:53.249 7 INFO neutron.db.ovn_revision_numbers_db [None req-5572b1b3-4073-450f-9ef6-11745f64036d 652b8bc6005440d9892947a82585e505 93c8113d526f4ac5a35f09fba83b56e3 - - default default] Successfully bumped revision number for resource 700ab0f2-a77d-4dc7-bdb4-617ef8b2523c (type: security_groups) to 1
2026-07-08 11:07:53.259 7 INFO neutron.db.ovn_revision_numbers_db [None req-5572b1b3-4073-450f-9ef6-11745f64036d 652b8bc6005440d9892947a82585e505 93c8113d526f4ac5a35f09fba83b56e3 - - default default] Successfully bumped revision number for resource 0aad35db-25ee-40f7-b7c1-e705bc10fb50 (type: security_group_rules) to 0
2026-07-08 11:07:53.271 7 INFO neutron.db.ovn_revision_numbers_db [None req-5572b1b3-4073-450f-9ef6-11745f64036d 652b8bc6005440d9892947a82585e505 93c8113d526f4ac5a35f09fba83b56e3 - - default default] Successfully bumped revision number for resource d19b58c9-a694-4841-a02e-eb856f68b072 (type: security_group_rules) to 0
2026-07-08 11:07:53.286 7 INFO neutron.db.ovn_revision_numbers_db [None req-5572b1b3-4073-450f-9ef6-11745f64036d 652b8bc6005440d9892947a82585e505 93c8113d526f4ac5a35f09fba83b56e3 - - default default] Successfully bumped revision number for resource d40bebe8-506c-4784-b26d-14f938ab7f53 (type: security_group_rules) to 0
2026-07-08 11:07:53.298 7 INFO neutron.db.ovn_revision_numbers_db [None req-5572b1b3-4073-450f-9ef6-11745f64036d 652b8bc6005440d9892947a82585e505 93c8113d526f4ac5a35f09fba83b56e3 - - default default] Successfully bumped revision number for resource e1ba2565-479d-4179-bbfc-38eff6df05b7 (type: security_group_rules) to 0 [pid: 7|app: 0|req: 1456/2898] 10.0.0.161 () {32 vars in 773 bytes} [Wed Jul 8 11:07:53 2026] GET /v2.0/security-groups?tenant_id=db4ef4798c974e2698305cc6d79a2f8f&name=default => generated 2929 bytes in 226 msecs (HTTP/1.1 200) 4 headers in 158 bytes (1 switches on core 0)
2026-07-08 11:07:53.367 8 INFO neutron.db.ovn_revision_numbers_db [None req-4492f0e4-21ac-4424-9683-7622af853a4a 8e3d39e4a90a444eb51c60834f04bf43 443b9ecb22e842418447b5e3fc057547 - - default default] Successfully bumped revision number for resource c94040b4-1d73-4b45-9eb7-f52e501f553a (type: security_group_rules) to 0 [pid: 8|app: 0|req: 1443/2899] 10.0.0.161 () {34 vars in 694 bytes} [Wed Jul 8 11:07:53 2026] POST /v2.0/security-group-rules => generated 597 bytes in 222 msecs (HTTP/1.1 201) 4 headers in 162 bytes (1 switches on core 0)
2026-07-08 11:07:53.553 8 INFO neutron.db.ovn_revision_numbers_db [None req-e684f4de-4d27-4b18-977b-408d4572be6b 8e3d39e4a90a444eb51c60834f04bf43 443b9ecb22e842418447b5e3fc057547 - - default default] Successfully bumped revision number for resource d5239a88-a14d-4625-b234-92c6a34e83b5 (type: security_group_rules) to 0 [pid: 8|app: 0|req: 1444/2900] 10.0.0.161 () {34 vars in 694 bytes} [Wed Jul 8 11:07:53 2026] POST /v2.0/security-group-rules => generated 597 bytes in 182 msecs (HTTP/1.1 201) 4 headers in 162 bytes (1 switches on core 0)
2026-07-08 11:07:53.591 7 INFO neutron.services.segments.plugin [-] Segment 78be8400-ce17-4cd6-b2ac-2bd6e26e7a08 resource provider aggregate not found
2026-07-08 11:07:53.603 7 INFO neutron.services.segments.plugin [-] Client error retrieving segment 78be8400-ce17-4cd6-b2ac-2bd6e26e7a08 resource provider; error: Placement Client Error (4xx): {"errors": [{"status": 404, "title": "Not Found", "detail": "The resource could not be found.\n\n No resource provider with uuid 78be8400-ce17-4cd6-b2ac-2bd6e26e7a08 found for delete ", "request_id": "req-e706c6e1-dc65-4832-9377-1a26872ba187"}]}
2026-07-08 11:07:53.607 7 INFO neutron.services.segments.plugin [-] Segment 78be8400-ce17-4cd6-b2ac-2bd6e26e7a08 resource provider aggregate not found
2026-07-08 11:07:53.620 7 INFO neutron.services.segments.plugin [-] Segment 3963bc2f-9744-4f87-8aac-d8460bb949bc resource provider aggregate not found
2026-07-08 11:07:53.627 7 INFO neutron.services.segments.plugin [-] Client error retrieving segment 78be8400-ce17-4cd6-b2ac-2bd6e26e7a08 resource provider; error: Placement Client Error (4xx): {"errors": [{"status": 404, "title": "Not Found", "detail": "The resource could not be found.\n\n No resource provider with uuid 78be8400-ce17-4cd6-b2ac-2bd6e26e7a08 found for delete ", "request_id": "req-a5131c26-7c2a-4801-bf05-a1f76cf72f71"}]}
2026-07-08 11:07:53.633 7 INFO neutron.services.segments.plugin [-] Client error retrieving segment 3963bc2f-9744-4f87-8aac-d8460bb949bc resource provider; error: Placement Client Error (4xx): {"errors": [{"status": 404, "title": "Not Found", "detail": "The resource could not be found.\n\n No resource provider with uuid 3963bc2f-9744-4f87-8aac-d8460bb949bc found for delete ", "request_id": "req-e59ee3df-c7c8-41fd-ad1d-840de9ca9598"}]}
2026-07-08 11:07:53.639 7 INFO neutron.services.segments.plugin [-] Segment 3963bc2f-9744-4f87-8aac-d8460bb949bc resource provider aggregate not found
