2026-07-08 11:04:21.793 7 INFO neutron_taas.services.taas.taas_plugin [None req-b625527a-9b0f-4745-baa7-f004548f8357 6af52a2f1a43413fb94fd8182b74c66e 0c7ecf06ecb6472b9568c957efd2ee5b - - default default] TaaS: Handle Delete Port: 0faaa529-be95-42b8-9200-40cd1559aa77
2026-07-08 11:04:21.802 7 INFO neutron_taas.services.taas.tap_mirror_plugin [None req-b625527a-9b0f-4745-baa7-f004548f8357 6af52a2f1a43413fb94fd8182b74c66e 0c7ecf06ecb6472b9568c957efd2ee5b - - default default] Tap Mirror: Handle Delete Port: 0faaa529-be95-42b8-9200-40cd1559aa77
2026-07-08 11:04:21.802 8 INFO neutron.db.ovn_revision_numbers_db [None req-5b98213d-bd7b-478b-8b8b-893bfbca02b6 7fd49d88c2964182abf58b04f3a608a0 ca1085d1f87c403f9e3d956d2a5947a3 - - default default] Successfully bumped revision number for resource 5d782d92-69dc-4d6c-8d38-605f7a9b4a3a (type: ports) to 1 [pid: 8|app: 0|req: 585/1176] 10.0.0.161 () {34 vars in 669 bytes} [Wed Jul 8 11:04:21 2026] POST /v2.0/networks => generated 670 bytes in 492 msecs (HTTP/1.1 201) 4 headers in 162 bytes (1 switches on core 0) [pid: 7|app: 0|req: 592/1177] 10.0.0.161 () {32 vars in 731 bytes} [Wed Jul 8 11:04:21 2026] DELETE /v2.0/floatingips/7274fa71-03f3-4383-9ae5-feefb2cc29a1 => generated 0 bytes in 338 msecs (HTTP/1.1 204) 2 headers in 112 bytes (1 switches on core 0)
2026-07-08 11:04:22.014 8 WARNING neutron.scheduler.dhcp_agent_scheduler [None req-66b614f6-e0b6-4307-aafb-fc85a3f2e595 7fd49d88c2964182abf58b04f3a608a0 ca1085d1f87c403f9e3d956d2a5947a3 - - default default] No more DHCP agents
2026-07-08 11:04:22.016 8 WARNING neutron.api.rpc.agentnotifiers.dhcp_rpc_agent_api [None req-66b614f6-e0b6-4307-aafb-fc85a3f2e595 7fd49d88c2964182abf58b04f3a608a0 ca1085d1f87c403f9e3d956d2a5947a3 - - default default] Unable to schedule network cf41fa1b-cf6f-43f8-a4a4-3817a731bbd1: no agents available; will retry on subsequent port and subnet creation events.
2026-07-08 11:04:22.296 7 INFO neutron_taas.services.taas.taas_plugin [None req-0ad68522-152e-41a7-8203-c357bc644820 652b8bc6005440d9892947a82585e505 93c8113d526f4ac5a35f09fba83b56e3 - - default default] TaaS: Handle Delete Port: 6e663e91-06ba-4836-b5a3-ccd74bbfce84
2026-07-08 11:04:22.301 7 INFO neutron_taas.services.taas.tap_mirror_plugin [None req-0ad68522-152e-41a7-8203-c357bc644820 652b8bc6005440d9892947a82585e505 93c8113d526f4ac5a35f09fba83b56e3 - - default default] Tap Mirror: Handle Delete Port: 6e663e91-06ba-4836-b5a3-ccd74bbfce84
2026-07-08 11:04:22.429 8 INFO neutron.db.ovn_revision_numbers_db [None req-b27b1efa-324c-40d4-8b4e-17cd8645331e - - - - - -] Successfully bumped revision number for resource 5d782d92-69dc-4d6c-8d38-605f7a9b4a3a (type: ports) to 2
2026-07-08 11:04:22.456 8 INFO neutron.db.ovn_revision_numbers_db [None req-b27b1efa-324c-40d4-8b4e-17cd8645331e - - - - - -] Successfully bumped revision number for resource bc55c13b-1fc1-4929-963a-bd2097785a00 (type: subnets) to 0 [pid: 8|app: 0|req: 586/1178] 10.0.0.161 () {34 vars in 668 bytes} [Wed Jul 8 11:04:21 2026] POST /v2.0/subnets => generated 626 bytes in 645 msecs (HTTP/1.1 201) 4 headers in 162 bytes (1 switches on core 0)
2026-07-08 11:04:22.751 8 WARNING neutron.scheduler.dhcp_agent_scheduler [None req-e5f23bd6-9f41-43b0-934c-f244b96fcc6d 7fd49d88c2964182abf58b04f3a608a0 ca1085d1f87c403f9e3d956d2a5947a3 - - default default] No more DHCP agents
2026-07-08 11:04:22.752 8 WARNING neutron.api.rpc.agentnotifiers.dhcp_rpc_agent_api [None req-e5f23bd6-9f41-43b0-934c-f244b96fcc6d 7fd49d88c2964182abf58b04f3a608a0 ca1085d1f87c403f9e3d956d2a5947a3 - - default default] Unable to schedule network cf41fa1b-cf6f-43f8-a4a4-3817a731bbd1: no agents available; will retry on subsequent port and subnet creation events.
2026-07-08 11:04:22.875 7 INFO neutron.plugins.ml2.drivers.ovn.mech_driver.mech_driver [None req-d6bd0d20-e06f-4cd6-a086-5b93081f798d - - - - - -] OVN reports status down for port: 3ec929bc-5c26-4564-b8ac-89ebba75feca
2026-07-08 11:04:22.882 8 INFO neutron.db.ovn_revision_numbers_db [None req-e5f23bd6-9f41-43b0-934c-f244b96fcc6d 7fd49d88c2964182abf58b04f3a608a0 ca1085d1f87c403f9e3d956d2a5947a3 - - default default] Successfully bumped revision number for resource 3ec929bc-5c26-4564-b8ac-89ebba75feca (type: ports) to 1 [pid: 8|app: 0|req: 587/1179] 10.0.0.161 () {34 vars in 664 bytes} [Wed Jul 8 11:04:22 2026] POST /v2.0/ports => generated 914 bytes in 432 msecs (HTTP/1.1 201) 4 headers in 162 bytes (1 switches on core 0) [pid: 7|app: 0|req: 593/1180] 10.0.0.161 () {34 vars in 788 bytes} [Wed Jul 8 11:04:21 2026] PUT /v2.0/routers/045eec2b-ccb6-462f-a551-639cce8afe04/remove_router_interface => generated 309 bytes in 977 msecs (HTTP/1.1 200) 4 headers in 157 bytes (1 switches on core 0) /var/lib/openstack/lib/python3.12/site-packages/pycadf/identifier.py:70: UserWarning: Invalid uuid: neutron. To ensure interoperability, identifiers should be a valid uuid. warnings.warn(('Invalid uuid: %s. To ensure interoperability, '
2026-07-08 11:04:23.060 8 INFO neutron_taas.services.taas.taas_plugin [None req-084bdaca-f0fc-4093-8d4d-b62451473a94 7fd49d88c2964182abf58b04f3a608a0 ca1085d1f87c403f9e3d956d2a5947a3 - - default default] TaaS: Handle Delete Port: 3ec929bc-5c26-4564-b8ac-89ebba75feca
2026-07-08 11:04:23.062 8 INFO neutron_taas.services.taas.tap_mirror_plugin [None req-084bdaca-f0fc-4093-8d4d-b62451473a94 7fd49d88c2964182abf58b04f3a608a0 ca1085d1f87c403f9e3d956d2a5947a3 - - default default] Tap Mirror: Handle Delete Port: 3ec929bc-5c26-4564-b8ac-89ebba75feca [pid: 8|app: 0|req: 588/1181] 10.0.0.161 () {32 vars in 719 bytes} [Wed Jul 8 11:04:22 2026] DELETE /v2.0/ports/3ec929bc-5c26-4564-b8ac-89ebba75feca => generated 0 bytes in 269 msecs (HTTP/1.1 204) 3 headers in 131 bytes (1 switches on core 0)
2026-07-08 11:04:23.209 8 INFO neutron.pecan_wsgi.hooks.translation [None req-efd82377-d54c-41ef-b34b-f939ec132a6a 7fd49d88c2964182abf58b04f3a608a0 ca1085d1f87c403f9e3d956d2a5947a3 - - default default] GET failed (client error): The resource could not be found. [pid: 8|app: 0|req: 589/1182] 10.0.0.161 () {32 vars in 716 bytes} [Wed Jul 8 11:04:23 2026] GET /v2.0/ports/3ec929bc-5c26-4564-b8ac-89ebba75feca => generated 132 bytes in 21 msecs (HTTP/1.1 404) 4 headers in 164 bytes (1 switches on core 0)
2026-07-08 11:04:23.369 7 INFO neutron_taas.services.taas.taas_plugin [None req-35274a6a-9109-48e7-ac0d-8af5dfe3ff3f 652b8bc6005440d9892947a82585e505 93c8113d526f4ac5a35f09fba83b56e3 - - default default] TaaS: Handle Delete Port: ff7b18a2-c5ef-4c85-b351-bbcbd601cd3f
2026-07-08 11:04:23.374 7 INFO neutron_taas.services.taas.tap_mirror_plugin [None req-35274a6a-9109-48e7-ac0d-8af5dfe3ff3f 652b8bc6005440d9892947a82585e505 93c8113d526f4ac5a35f09fba83b56e3 - - default default] Tap Mirror: Handle Delete Port: ff7b18a2-c5ef-4c85-b351-bbcbd601cd3f [pid: 8|app: 0|req: 590/1183] 10.0.0.161 () {32 vars in 723 bytes} [Wed Jul 8 11:04:23 2026] DELETE /v2.0/subnets/bc55c13b-1fc1-4929-963a-bd2097785a00 => generated 0 bytes in 181 msecs (HTTP/1.1 204) 3 headers in 131 bytes (1 switches on core 0)
2026-07-08 11:04:23.522 8 INFO neutron_taas.services.taas.taas_plugin [None req-f4efdecf-0310-4fb9-8733-705fc031d726 7fd49d88c2964182abf58b04f3a608a0 ca1085d1f87c403f9e3d956d2a5947a3 - - default default] TaaS: Handle Delete Port: 5d782d92-69dc-4d6c-8d38-605f7a9b4a3a
2026-07-08 11:04:23.528 8 INFO neutron_taas.services.taas.tap_mirror_plugin [None req-f4efdecf-0310-4fb9-8733-705fc031d726 7fd49d88c2964182abf58b04f3a608a0 ca1085d1f87c403f9e3d956d2a5947a3 - - default default] Tap Mirror: Handle Delete Port: 5d782d92-69dc-4d6c-8d38-605f7a9b4a3a
2026-07-08 11:04:23.733 8 INFO neutron.services.segments.plugin [-] Segment 96518f16-bc2b-4406-8ec5-4bfc47b8479b resource provider aggregate not found
2026-07-08 11:04:23.737 8 INFO neutron.services.segments.plugin [-] Segment 96518f16-bc2b-4406-8ec5-4bfc47b8479b resource provider aggregate not found
2026-07-08 11:04:23.754 8 INFO neutron.services.segments.plugin [-] Client error retrieving segment 96518f16-bc2b-4406-8ec5-4bfc47b8479b resource provider; error: Placement Client Error (4xx): {"errors": [{"status": 404, "title": "Not Found", "detail": "The resource could not be found.\n\n No resource provider with uuid 96518f16-bc2b-4406-8ec5-4bfc47b8479b found for delete ", "request_id": "req-07138a15-2997-4a1b-b6b9-4eeea80726e2"}]} [pid: 7|app: 0|req: 594/1184] 10.0.0.161 () {32 vars in 723 bytes} [Wed Jul 8 11:04:22 2026] DELETE /v2.0/routers/045eec2b-ccb6-462f-a551-639cce8afe04 => generated 0 bytes in 796 msecs (HTTP/1.1 204) 2 headers in 112 bytes (1 switches on core 0)
2026-07-08 11:04:23.759 8 INFO neutron.services.segments.plugin [-] Client error retrieving segment 96518f16-bc2b-4406-8ec5-4bfc47b8479b resource provider; error: Placement Client Error (4xx): {"errors": [{"status": 404, "title": "Not Found", "detail": "The resource could not be found.\n\n No resource provider with uuid 96518f16-bc2b-4406-8ec5-4bfc47b8479b found for delete ", "request_id": "req-72d96ede-f79f-436a-97be-cc60381c5396"}]} [pid: 8|app: 0|req: 591/1185] 10.0.0.161 () {32 vars in 725 bytes} [Wed Jul 8 11:04:23 2026] DELETE /v2.0/networks/cf41fa1b-cf6f-43f8-a4a4-3817a731bbd1 => generated 0 bytes in 390 msecs (HTTP/1.1 204) 3 headers in 131 bytes (1 switches on core 0) [pid: 8|app: 0|req: 592/1186] 10.0.0.161 () {32 vars in 723 bytes} [Wed Jul 8 11:04:23 2026] DELETE /v2.0/subnets/118be896-751e-44c4-9a98-98f00be8633d => generated 0 bytes in 158 msecs (HTTP/1.1 204) 3 headers in 131 bytes (1 switches on core 0)
2026-07-08 11:04:24.014 7 INFO neutron.db.ovn_revision_numbers_db [None req-7ab0ad00-e9b7-4f80-a55e-553e2b928290 652b8bc6005440d9892947a82585e505 93c8113d526f4ac5a35f09fba83b56e3 - - default default] Successfully bumped revision number for resource 5799b21b-77dc-402c-a156-2af2f9cf6858 (type: security_groups) to 1
2026-07-08 11:04:24.030 7 INFO neutron.db.ovn_revision_numbers_db [None req-7ab0ad00-e9b7-4f80-a55e-553e2b928290 652b8bc6005440d9892947a82585e505 93c8113d526f4ac5a35f09fba83b56e3 - - default default] Successfully bumped revision number for resource 800c5230-65df-4a05-9b6a-c91ebafa0f84 (type: security_group_rules) to 0
2026-07-08 11:04:24.042 7 INFO neutron.db.ovn_revision_numbers_db [None req-7ab0ad00-e9b7-4f80-a55e-553e2b928290 652b8bc6005440d9892947a82585e505 93c8113d526f4ac5a35f09fba83b56e3 - - default default] Successfully bumped revision number for resource 8fbeaad3-1358-4cff-b509-a9912657a20a (type: security_group_rules) to 0
2026-07-08 11:04:24.053 7 INFO neutron.db.ovn_revision_numbers_db [None req-7ab0ad00-e9b7-4f80-a55e-553e2b928290 652b8bc6005440d9892947a82585e505 93c8113d526f4ac5a35f09fba83b56e3 - - default default] Successfully bumped revision number for resource a47c49d2-9d25-4561-9056-70d78082e911 (type: security_group_rules) to 0
2026-07-08 11:04:24.067 7 INFO neutron.db.ovn_revision_numbers_db [None req-7ab0ad00-e9b7-4f80-a55e-553e2b928290 652b8bc6005440d9892947a82585e505 93c8113d526f4ac5a35f09fba83b56e3 - - default default] Successfully bumped revision number for resource b35014e1-78e7-49f5-bd02-719444f7cbc7 (type: security_group_rules) to 0 [pid: 7|app: 0|req: 595/1187] 10.0.0.161 () {32 vars in 773 bytes} [Wed Jul 8 11:04:23 2026] GET /v2.0/security-groups?tenant_id=01cca09be31c44b19d6a9e7f1852e6bc&name=default => generated 2925 bytes in 355 msecs (HTTP/1.1 200) 4 headers in 158 bytes (1 switches on core 0)
2026-07-08 11:04:24.190 8 WARNING neutron.scheduler.dhcp_agent_scheduler [None req-6182959e-bebe-450b-be8c-625bd25957ae 7fd49d88c2964182abf58b04f3a608a0 ca1085d1f87c403f9e3d956d2a5947a3 - - default default] No more DHCP agents
2026-07-08 11:04:24.191 8 WARNING neutron.api.rpc.agentnotifiers.dhcp_rpc_agent_api [None req-6182959e-bebe-450b-be8c-625bd25957ae 7fd49d88c2964182abf58b04f3a608a0 ca1085d1f87c403f9e3d956d2a5947a3 - - default default] Unable to schedule network 65383638-1db6-4e8d-b735-888b04f88382: no agents available; will retry on subsequent port and subnet creation events.
2026-07-08 11:04:24.257 7 INFO neutron.plugins.ml2.drivers.ovn.mech_driver.mech_driver [None req-d6bd0d20-e06f-4cd6-a086-5b93081f798d - - - - - -] OVN reports status down for port: 44b620ea-a894-4a10-986d-b9313d183ffa
2026-07-08 11:04:24.292 8 INFO neutron.db.ovn_revision_numbers_db [None req-6182959e-bebe-450b-be8c-625bd25957ae 7fd49d88c2964182abf58b04f3a608a0 ca1085d1f87c403f9e3d956d2a5947a3 - - default default] Successfully bumped revision number for resource 44b620ea-a894-4a10-986d-b9313d183ffa (type: ports) to 1
2026-07-08 11:04:24.305 7 INFO neutron_taas.services.taas.taas_plugin [None req-5b1c8f94-74d7-4477-adff-783938201bd8 652b8bc6005440d9892947a82585e505 93c8113d526f4ac5a35f09fba83b56e3 - - default default] TaaS: Handle Delete Port: 86d9a2dc-73c2-4e65-b24f-4ac4aa026866
2026-07-08 11:04:24.319 7 INFO neutron_taas.services.taas.tap_mirror_plugin [None req-5b1c8f94-74d7-4477-adff-783938201bd8 652b8bc6005440d9892947a82585e505 93c8113d526f4ac5a35f09fba83b56e3 - - default default] Tap Mirror: Handle Delete Port: 86d9a2dc-73c2-4e65-b24f-4ac4aa026866 [pid: 8|app: 0|req: 593/1188] 10.0.0.161 () {34 vars in 664 bytes} [Wed Jul 8 11:04:23 2026] POST /v2.0/ports => generated 774 bytes in 398 msecs (HTTP/1.1 201) 4 headers in 162 bytes (1 switches on core 0) /var/lib/openstack/lib/python3.12/site-packages/pycadf/identifier.py:70: UserWarning: Invalid uuid: neutron. To ensure interoperability, identifiers should be a valid uuid. warnings.warn(('Invalid uuid: %s. To ensure interoperability, '
2026-07-08 11:04:24.576 7 INFO neutron.services.segments.plugin [-] Segment 7f621917-3c74-4872-81d8-102a3cff1bda resource provider aggregate not found [pid: 8|app: 0|req: 594/1189] 10.0.0.161 () {32 vars in 739 bytes} [Wed Jul 8 11:04:24 2026] DELETE /v2.0/security-groups/5799b21b-77dc-402c-a156-2af2f9cf6858 => generated 0 bytes in 224 msecs (HTTP/1.1 204) 2 headers in 112 bytes (1 switches on core 0)
2026-07-08 11:04:24.580 7 INFO neutron.services.segments.plugin [-] Segment 7f621917-3c74-4872-81d8-102a3cff1bda resource provider aggregate not found
2026-07-08 11:04:24.594 7 INFO neutron.services.segments.plugin [-] Client error retrieving segment 7f621917-3c74-4872-81d8-102a3cff1bda resource provider; error: Placement Client Error (4xx): {"errors": [{"status": 404, "title": "Not Found", "detail": "The resource could not be found.\n\n No resource provider with uuid 7f621917-3c74-4872-81d8-102a3cff1bda found for delete ", "request_id": "req-86e30c3d-faa1-4b2f-ba56-d8792cb5e492"}]}
2026-07-08 11:04:24.597 7 INFO neutron.services.segments.plugin [-] Client error retrieving segment 7f621917-3c74-4872-81d8-102a3cff1bda resource provider; error: Placement Client Error (4xx): {"errors": [{"status": 404, "title": "Not Found", "detail": "The resource could not be found.\n\n No resource provider with uuid 7f621917-3c74-4872-81d8-102a3cff1bda found for delete ", "request_id": "req-0e3445c0-c182-4760-aafc-be416b98a168"}]} [pid: 7|app: 0|req: 596/1190] 10.0.0.161 () {32 vars in 725 bytes} [Wed Jul 8 11:04:24 2026] DELETE /v2.0/networks/d670d46f-c623-4f0a-8ed7-fd6a3f1bf54a => generated 0 bytes in 523 msecs (HTTP/1.1 204) 3 headers in 131 bytes (1 switches on core 0)
2026-07-08 11:04:24.771 7 INFO neutron.db.ovn_revision_numbers_db [None req-174c2e65-5f8d-490c-bb29-7aa50371c4b3 652b8bc6005440d9892947a82585e505 93c8113d526f4ac5a35f09fba83b56e3 - - default default] Successfully bumped revision number for resource 5a094558-78da-45c2-a860-c098210ce801 (type: security_groups) to 1
2026-07-08 11:04:24.782 7 INFO neutron.db.ovn_revision_numbers_db [None req-174c2e65-5f8d-490c-bb29-7aa50371c4b3 652b8bc6005440d9892947a82585e505 93c8113d526f4ac5a35f09fba83b56e3 - - default default] Successfully bumped revision number for resource 114ee7da-f4d6-4135-a2f5-6718193fff68 (type: security_group_rules) to 0
2026-07-08 11:04:24.797 7 INFO neutron.db.ovn_revision_numbers_db [None req-174c2e65-5f8d-490c-bb29-7aa50371c4b3 652b8bc6005440d9892947a82585e505 93c8113d526f4ac5a35f09fba83b56e3 - - default default] Successfully bumped revision number for resource 49a3402d-1029-4a57-bbd5-9415390b2589 (type: security_group_rules) to 0
2026-07-08 11:04:24.817 7 INFO neutron.db.ovn_revision_numbers_db [None req-174c2e65-5f8d-490c-bb29-7aa50371c4b3 652b8bc6005440d9892947a82585e505 93c8113d526f4ac5a35f09fba83b56e3 - - default default] Successfully bumped revision number for resource af196e26-96d9-41c0-b6f5-d7b26280122b (type: security_group_rules) to 0
2026-07-08 11:04:24.830 7 INFO neutron.plugins.ml2.drivers.ovn.mech_driver.mech_driver [None req-d6bd0d20-e06f-4cd6-a086-5b93081f798d - - - - - -] OVN reports status down for port: 44b620ea-a894-4a10-986d-b9313d183ffa
2026-07-08 11:04:24.841 8 INFO neutron.db.ovn_revision_numbers_db [None req-75f39cec-0ec0-43eb-b231-f013d5fcad45 7fd49d88c2964182abf58b04f3a608a0 ca1085d1f87c403f9e3d956d2a5947a3 - - default default] Successfully bumped revision number for resource 44b620ea-a894-4a10-986d-b9313d183ffa (type: ports) to 2
2026-07-08 11:04:24.844 7 INFO neutron.db.ovn_revision_numbers_db [None req-174c2e65-5f8d-490c-bb29-7aa50371c4b3 652b8bc6005440d9892947a82585e505 93c8113d526f4ac5a35f09fba83b56e3 - - default default] Successfully bumped revision number for resource f31a4ce2-1829-4af8-a4a1-591fbf302484 (type: security_group_rules) to 0 [pid: 8|app: 0|req: 595/1191] 10.0.0.161 () {34 vars in 736 bytes} [Wed Jul 8 11:04:24 2026] PUT /v2.0/ports/44b620ea-a894-4a10-986d-b9313d183ffa => generated 752 bytes in 277 msecs (HTTP/1.1 200) 4 headers in 157 bytes (1 switches on core 0) /var/lib/openstack/lib/python3.12/site-packages/pycadf/identifier.py:70: UserWarning: Invalid uuid: neutron. To ensure interoperability, identifiers should be a valid uuid. warnings.warn(('Invalid uuid: %s. To ensure interoperability, ' [pid: 8|app: 0|req: 596/1192] 10.0.0.161 () {32 vars in 773 bytes} [Wed Jul 8 11:04:24 2026] GET /v2.0/security-groups?tenant_id=0c7ecf06ecb6472b9568c957efd2ee5b&name=default => generated 2925 bytes in 23 msecs (HTTP/1.1 200) 4 headers in 158 bytes (1 switches on core 0) [pid: 7|app: 0|req: 597/1193] 10.0.0.161 () {32 vars in 773 bytes} [Wed Jul 8 11:04:24 2026] GET /v2.0/security-groups?tenant_id=11b20d913952446fa9f82e69ecd7437f&name=default => generated 2925 bytes in 235 msecs (HTTP/1.1 200) 4 headers in 158 bytes (1 switches on core 0)
2026-07-08 11:04:24.968 8 INFO neutron_taas.services.taas.taas_plugin [None req-3cb432fd-2ce6-44c0-828d-39ce2f4001c4 7fd49d88c2964182abf58b04f3a608a0 ca1085d1f87c403f9e3d956d2a5947a3 - - default default] TaaS: Handle Delete Port: 44b620ea-a894-4a10-986d-b9313d183ffa
2026-07-08 11:04:24.973 8 INFO neutron_taas.services.taas.tap_mirror_plugin [None req-3cb432fd-2ce6-44c0-828d-39ce2f4001c4 7fd49d88c2964182abf58b04f3a608a0 ca1085d1f87c403f9e3d956d2a5947a3 - - default default] Tap Mirror: Handle Delete Port: 44b620ea-a894-4a10-986d-b9313d183ffa [pid: 8|app: 0|req: 597/1194] 10.0.0.161 () {32 vars in 719 bytes} [Wed Jul 8 11:04:24 2026] DELETE /v2.0/ports/44b620ea-a894-4a10-986d-b9313d183ffa => generated 0 bytes in 187 msecs (HTTP/1.1 204) 3 headers in 131 bytes (1 switches on core 0) [pid: 7|app: 0|req: 598/1195] 10.0.0.161 () {32 vars in 739 bytes} [Wed Jul 8 11:04:24 2026] DELETE /v2.0/security-groups/b7b79381-d342-4ff2-88dd-e3e5c0416426 => generated 0 bytes in 266 msecs (HTTP/1.1 204) 2 headers in 112 bytes (1 switches on core 0) [pid: 7|app: 0|req: 599/1196] 10.0.0.161 () {32 vars in 642 bytes} [Wed Jul 8 11:04:25 2026] GET /v2.0/ports => generated 1533 bytes in 74 msecs (HTTP/1.1 200) 4 headers in 158 bytes (1 switches on core 0)
2026-07-08 11:04:25.266 7 INFO neutron.pecan_wsgi.hooks.translation [None req-9c65e830-c6d4-4660-9bc3-aa4faf2abcb5 7fd49d88c2964182abf58b04f3a608a0 ca1085d1f87c403f9e3d956d2a5947a3 - - default default] GET failed (client error): The resource could not be found. [pid: 7|app: 0|req: 600/1197] 10.0.0.161 () {32 vars in 716 bytes} [Wed Jul 8 11:04:25 2026] GET /v2.0/ports/44b620ea-a894-4a10-986d-b9313d183ffa => generated 132 bytes in 21 msecs (HTTP/1.1 404) 4 headers in 164 bytes (1 switches on core 0) [pid: 7|app: 0|req: 601/1198] 10.0.0.161 () {32 vars in 642 bytes} [Wed Jul 8 11:04:25 2026] GET /v2.0/ports => generated 1533 bytes in 46 msecs (HTTP/1.1 200) 4 headers in 158 bytes (1 switches on core 0) [pid: 8|app: 0|req: 598/1199] 10.0.0.161 () {32 vars in 739 bytes} [Wed Jul 8 11:04:25 2026] DELETE /v2.0/security-groups/5a094558-78da-45c2-a860-c098210ce801 => generated 0 bytes in 285 msecs (HTTP/1.1 204) 2 headers in 112 bytes (1 switches on core 0) [pid: 7|app: 0|req: 602/1200] 10.0.0.161 () {32 vars in 716 bytes} [Wed Jul 8 11:04:25 2026] GET /v2.0/ports/b8d5b442-5f9b-4757-b800-a673e47212cc => generated 774 bytes in 33 msecs (HTTP/1.1 200) 4 headers in 157 bytes (1 switches on core 0)
2026-07-08 11:04:25.386 8 INFO neutron.pecan_wsgi.hooks.translation [None req-00288b0a-881d-405f-adcf-52299689ee34 7fd49d88c2964182abf58b04f3a608a0 ca1085d1f87c403f9e3d956d2a5947a3 - - default default] DELETE failed (client error): The resource could not be found. [pid: 8|app: 0|req: 599/1201] 10.0.0.161 () {32 vars in 719 bytes} [Wed Jul 8 11:04:25 2026] DELETE /v2.0/ports/3ec929bc-5c26-4564-b8ac-89ebba75feca => generated 132 bytes in 24 msecs (HTTP/1.1 404) 4 headers in 164 bytes (1 switches on core 0)
2026-07-08 11:04:25.411 7 INFO neutron.pecan_wsgi.hooks.translation [None req-d783f193-3d9d-4191-994f-f505bc538d1a 7fd49d88c2964182abf58b04f3a608a0 ca1085d1f87c403f9e3d956d2a5947a3 - - default default] DELETE failed (client error): The resource could not be found. [pid: 7|app: 0|req: 603/1202] 10.0.0.161 () {32 vars in 723 bytes} [Wed Jul 8 11:04:25 2026] DELETE /v2.0/subnets/bc55c13b-1fc1-4929-963a-bd2097785a00 => generated 136 bytes in 19 msecs (HTTP/1.1 404) 4 headers in 164 bytes (1 switches on core 0)
2026-07-08 11:04:25.436 8 INFO neutron.pecan_wsgi.hooks.translation [None req-e2cde3c7-6651-4a0e-accb-6a1577034337 7fd49d88c2964182abf58b04f3a608a0 ca1085d1f87c403f9e3d956d2a5947a3 - - default default] DELETE failed (client error): The resource could not be found. [pid: 8|app: 0|req: 600/1203] 10.0.0.161 () {32 vars in 723 bytes} [Wed Jul 8 11:04:25 2026] DELETE /v2.0/subnets/ba9f89b5-905a-4758-bc27-4ed0227264f9 => generated 136 bytes in 20 msecs (HTTP/1.1 404) 4 headers in 164 bytes (1 switches on core 0)
2026-07-08 11:04:25.559 7 INFO neutron_taas.services.taas.taas_plugin [None req-5c65c470-4605-4782-94f8-60a6264be917 7fd49d88c2964182abf58b04f3a608a0 ca1085d1f87c403f9e3d956d2a5947a3 - - default default] TaaS: Handle Delete Port: b8d5b442-5f9b-4757-b800-a673e47212cc
2026-07-08 11:04:25.562 7 INFO neutron_taas.services.taas.tap_mirror_plugin [None req-5c65c470-4605-4782-94f8-60a6264be917 7fd49d88c2964182abf58b04f3a608a0 ca1085d1f87c403f9e3d956d2a5947a3 - - default default] Tap Mirror: Handle Delete Port: b8d5b442-5f9b-4757-b800-a673e47212cc [pid: 7|app: 0|req: 604/1204] 10.0.0.161 () {32 vars in 719 bytes} [Wed Jul 8 11:04:25 2026] DELETE /v2.0/ports/b8d5b442-5f9b-4757-b800-a673e47212cc => generated 0 bytes in 257 msecs (HTTP/1.1 204) 3 headers in 131 bytes (1 switches on core 0)
2026-07-08 11:04:25.820 8 INFO neutron_taas.services.taas.taas_plugin [None req-b552f9d8-dc99-45f1-b85f-94a1612557cb 7fd49d88c2964182abf58b04f3a608a0 ca1085d1f87c403f9e3d956d2a5947a3 - - default default] TaaS: Handle Delete Port: 722f9de1-5789-4002-b0c6-22e5e0ce8b09
2026-07-08 11:04:25.823 8 INFO neutron_taas.services.taas.tap_mirror_plugin [None req-b552f9d8-dc99-45f1-b85f-94a1612557cb 7fd49d88c2964182abf58b04f3a608a0 ca1085d1f87c403f9e3d956d2a5947a3 - - default default] Tap Mirror: Handle Delete Port: 722f9de1-5789-4002-b0c6-22e5e0ce8b09
2026-07-08 11:04:25.994 8 INFO neutron.services.segments.plugin [-] Segment c553b801-4346-4314-8bb1-052b4e03518c resource provider aggregate not found
2026-07-08 11:04:25.997 8 INFO neutron.services.segments.plugin [-] Segment c553b801-4346-4314-8bb1-052b4e03518c resource provider aggregate not found
2026-07-08 11:04:26.019 8 INFO neutron.services.segments.plugin [-] Client error retrieving segment c553b801-4346-4314-8bb1-052b4e03518c resource provider; error: Placement Client Error (4xx): {"errors": [{"status": 404, "title": "Not Found", "detail": "The resource could not be found.\n\n No resource provider with uuid c553b801-4346-4314-8bb1-052b4e03518c found for delete ", "request_id": "req-6efd17fe-7d39-40f7-85fe-a0c224245033"}]}
2026-07-08 11:04:26.020 8 INFO neutron.services.segments.plugin [-] Client error retrieving segment c553b801-4346-4314-8bb1-052b4e03518c resource provider; error: Placement Client Error (4xx): {"errors": [{"status": 404, "title": "Not Found", "detail": "The resource could not be found.\n\n No resource provider with uuid c553b801-4346-4314-8bb1-052b4e03518c found for delete ", "request_id": "req-d85365ae-d6a3-49f1-801d-c872f4e2ba4a"}]} [pid: 8|app: 0|req: 601/1205] 10.0.0.161 () {32 vars in 725 bytes} [Wed Jul 8 11:04:25 2026] DELETE /v2.0/networks/65383638-1db6-4e8d-b735-888b04f88382 => generated 0 bytes in 331 msecs (HTTP/1.1 204) 3 headers in 131 bytes (1 switches on core 0)
2026-07-08 11:04:26.179 7 INFO neutron.db.ovn_revision_numbers_db [None req-47f15eaa-6c50-4190-bed2-7a07f46214ce 652b8bc6005440d9892947a82585e505 93c8113d526f4ac5a35f09fba83b56e3 - - default default] Successfully bumped revision number for resource 5fe6446f-9a80-48f3-8dc9-5171e22bc821 (type: security_groups) to 1
2026-07-08 11:04:26.192 7 INFO neutron.db.ovn_revision_numbers_db [None req-47f15eaa-6c50-4190-bed2-7a07f46214ce 652b8bc6005440d9892947a82585e505 93c8113d526f4ac5a35f09fba83b56e3 - - default default] Successfully bumped revision number for resource 52cf3c1c-e697-42e3-b395-d61ecb63f0b0 (type: security_group_rules) to 0
2026-07-08 11:04:26.202 7 INFO neutron.db.ovn_revision_numbers_db [None req-47f15eaa-6c50-4190-bed2-7a07f46214ce 652b8bc6005440d9892947a82585e505 93c8113d526f4ac5a35f09fba83b56e3 - - default default] Successfully bumped revision number for resource 640c6bdd-0525-494f-9e5b-ec9dbe7464c1 (type: security_group_rules) to 0
2026-07-08 11:04:26.215 7 INFO neutron.db.ovn_revision_numbers_db [None req-47f15eaa-6c50-4190-bed2-7a07f46214ce 652b8bc6005440d9892947a82585e505 93c8113d526f4ac5a35f09fba83b56e3 - - default default] Successfully bumped revision number for resource f2637fb9-f49c-44ca-9a88-4c46273848a2 (type: security_group_rules) to 0
2026-07-08 11:04:26.227 7 INFO neutron.db.ovn_revision_numbers_db [None req-47f15eaa-6c50-4190-bed2-7a07f46214ce 652b8bc6005440d9892947a82585e505 93c8113d526f4ac5a35f09fba83b56e3 - - default default] Successfully bumped revision number for resource ffa98cda-b65e-4b63-98c3-dad2aa51ff7e (type: security_group_rules) to 0 [pid: 7|app: 0|req: 605/1206] 10.0.0.161 () {32 vars in 773 bytes} [Wed Jul 8 11:04:25 2026] GET /v2.0/security-groups?tenant_id=e7f83a4191234a6ca1b418ca84a3fdda&name=default => generated 2925 bytes in 311 msecs (HTTP/1.1 200) 4 headers in 158 bytes (1 switches on core 0) [pid: 8|app: 0|req: 602/1207] 10.0.0.161 () {32 vars in 739 bytes} [Wed Jul 8 11:04:26 2026] DELETE /v2.0/security-groups/5fe6446f-9a80-48f3-8dc9-5171e22bc821 => generated 0 bytes in 234 msecs (HTTP/1.1 204) 2 headers in 112 bytes (1 switches on core 0) [pid: 7|app: 0|req: 606/1208] 10.0.0.161 () {32 vars in 773 bytes} [Wed Jul 8 11:04:26 2026] GET /v2.0/security-groups?tenant_id=ca1085d1f87c403f9e3d956d2a5947a3&name=default => generated 2925 bytes in 250 msecs (HTTP/1.1 200) 4 headers in 158 bytes (1 switches on core 0) [pid: 8|app: 0|req: 603/1209] 10.0.0.161 () {32 vars in 739 bytes} [Wed Jul 8 11:04:26 2026] DELETE /v2.0/security-groups/870fae25-4082-46ae-aa53-1b14dbf4b638 => generated 0 bytes in 186 msecs (HTTP/1.1 204) 2 headers in 112 bytes (1 switches on core 0)
2026-07-08 11:04:27.216 7 INFO neutron.db.ovn_revision_numbers_db [None req-ba6c1bf6-dd64-4eb7-9c0f-911950bdda75 652b8bc6005440d9892947a82585e505 93c8113d526f4ac5a35f09fba83b56e3 - - default default] Successfully bumped revision number for resource eb7aa857-a144-468d-9376-faf2805789af (type: security_groups) to 1
2026-07-08 11:04:27.250 7 INFO neutron.db.ovn_revision_numbers_db [None req-ba6c1bf6-dd64-4eb7-9c0f-911950bdda75 652b8bc6005440d9892947a82585e505 93c8113d526f4ac5a35f09fba83b56e3 - - default default] Successfully bumped revision number for resource 3d1d46ec-6455-4672-9add-15681eb88f93 (type: security_group_rules) to 0
2026-07-08 11:04:27.272 7 INFO neutron.db.ovn_revision_numbers_db [None req-ba6c1bf6-dd64-4eb7-9c0f-911950bdda75 652b8bc6005440d9892947a82585e505 93c8113d526f4ac5a35f09fba83b56e3 - - default default] Successfully bumped revision number for resource c24e19f9-d8e4-4064-8adc-339f92650f43 (type: security_group_rules) to 0
2026-07-08 11:04:27.290 7 INFO neutron.db.ovn_revision_numbers_db [None req-ba6c1bf6-dd64-4eb7-9c0f-911950bdda75 652b8bc6005440d9892947a82585e505 93c8113d526f4ac5a35f09fba83b56e3 - - default default] Successfully bumped revision number for resource e4ff0132-8d68-49d4-9639-6b480272ad9d (type: security_group_rules) to 0
2026-07-08 11:04:27.305 7 INFO neutron.db.ovn_revision_numbers_db [None req-ba6c1bf6-dd64-4eb7-9c0f-911950bdda75 652b8bc6005440d9892947a82585e505 93c8113d526f4ac5a35f09fba83b56e3 - - default default] Successfully bumped revision number for resource f2eec6a1-20fc-44df-8e53-b9d18a6f315d (type: security_group_rules) to 0
2026-07-08 11:04:27.386 7 INFO neutron.db.segments_db [None req-ba6c1bf6-dd64-4eb7-9c0f-911950bdda75 652b8bc6005440d9892947a82585e505 93c8113d526f4ac5a35f09fba83b56e3 - - default default] Added segment 37c24e92-a8fc-46b2-bc9a-b732a0d67208 of type geneve for network 763545eb-825c-49b1-879c-fccd2df19ac6
2026-07-08 11:04:27.499 7 INFO neutron.db.ovn_revision_numbers_db [None req-ba6c1bf6-dd64-4eb7-9c0f-911950bdda75 652b8bc6005440d9892947a82585e505 93c8113d526f4ac5a35f09fba83b56e3 - - default default] Successfully bumped revision number for resource 763545eb-825c-49b1-879c-fccd2df19ac6 (type: networks) to 1
2026-07-08 11:04:27.672 7 WARNING neutron.scheduler.dhcp_agent_scheduler [None req-ba6c1bf6-dd64-4eb7-9c0f-911950bdda75 652b8bc6005440d9892947a82585e505 93c8113d526f4ac5a35f09fba83b56e3 - - default default] No more DHCP agents
2026-07-08 11:04:27.674 7 WARNING neutron.api.rpc.agentnotifiers.dhcp_rpc_agent_api [None req-ba6c1bf6-dd64-4eb7-9c0f-911950bdda75 652b8bc6005440d9892947a82585e505 93c8113d526f4ac5a35f09fba83b56e3 - - default default] Unable to schedule network 763545eb-825c-49b1-879c-fccd2df19ac6: no agents available; will retry on subsequent port and subnet creation events.
2026-07-08 11:04:27.733 7 INFO neutron.plugins.ml2.drivers.ovn.mech_driver.mech_driver [None req-d6bd0d20-e06f-4cd6-a086-5b93081f798d - - - - - -] OVN reports status down for port: 38762dbd-08ff-4a5f-817e-2dc8c2c41625
2026-07-08 11:04:27.775 7 INFO neutron.db.ovn_revision_numbers_db [None req-ba6c1bf6-dd64-4eb7-9c0f-911950bdda75 652b8bc6005440d9892947a82585e505 93c8113d526f4ac5a35f09fba83b56e3 - - default default] Successfully bumped revision number for resource 38762dbd-08ff-4a5f-817e-2dc8c2c41625 (type: ports) to 1 [pid: 7|app: 0|req: 607/1210] 10.0.0.161 () {34 vars in 670 bytes} [Wed Jul 8 11:04:26 2026] POST /v2.0/networks => generated 784 bytes in 943 msecs (HTTP/1.1 201) 4 headers in 162 bytes (1 switches on core 0)
2026-07-08 11:04:27.897 8 INFO neutron.db.ovn_revision_numbers_db [None req-86619128-e0ac-48a6-8b1d-f6b8637dddd8 652b8bc6005440d9892947a82585e505 93c8113d526f4ac5a35f09fba83b56e3 - - default default] Successfully bumped revision number for resource 285bd24d-80c2-4533-bd49-30bbd7b6edf7 (type: security_groups) to 1
2026-07-08 11:04:27.912 8 INFO neutron.db.ovn_revision_numbers_db [None req-86619128-e0ac-48a6-8b1d-f6b8637dddd8 652b8bc6005440d9892947a82585e505 93c8113d526f4ac5a35f09fba83b56e3 - - default default] Successfully bumped revision number for resource 0a42fdb7-87e5-4295-a67c-30cc94d96022 (type: security_group_rules) to 0
2026-07-08 11:04:27.922 8 INFO neutron.db.ovn_revision_numbers_db [None req-86619128-e0ac-48a6-8b1d-f6b8637dddd8 652b8bc6005440d9892947a82585e505 93c8113d526f4ac5a35f09fba83b56e3 - - default default] Successfully bumped revision number for resource 0a836f53-0d23-43b5-b307-69287bd02cae (type: security_group_rules) to 0
2026-07-08 11:04:27.933 7 WARNING neutron.scheduler.dhcp_agent_scheduler [None req-601d9e56-b84a-4b55-af6d-3b7e93e7e698 652b8bc6005440d9892947a82585e505 93c8113d526f4ac5a35f09fba83b56e3 - - default default] No more DHCP agents
2026-07-08 11:04:27.934 8 INFO neutron.db.ovn_revision_numbers_db [None req-86619128-e0ac-48a6-8b1d-f6b8637dddd8 652b8bc6005440d9892947a82585e505 93c8113d526f4ac5a35f09fba83b56e3 - - default default] Successfully bumped revision number for resource 2a8e6b5a-e334-4d27-a278-c3abcdd77a4f (type: security_group_rules) to 0
2026-07-08 11:04:27.934 7 WARNING neutron.api.rpc.agentnotifiers.dhcp_rpc_agent_api [None req-601d9e56-b84a-4b55-af6d-3b7e93e7e698 652b8bc6005440d9892947a82585e505 93c8113d526f4ac5a35f09fba83b56e3 - - default default] Unable to schedule network 763545eb-825c-49b1-879c-fccd2df19ac6: no agents available; will retry on subsequent port and subnet creation events.
2026-07-08 11:04:27.945 8 INFO neutron.db.ovn_revision_numbers_db [None req-86619128-e0ac-48a6-8b1d-f6b8637dddd8 652b8bc6005440d9892947a82585e505 93c8113d526f4ac5a35f09fba83b56e3 - - default default] Successfully bumped revision number for resource 833e64d0-2352-41d8-8382-bcff4403fc50 (type: security_group_rules) to 0 [pid: 8|app: 0|req: 604/1211] 10.0.0.161 () {32 vars in 773 bytes} [Wed Jul 8 11:04:27 2026] GET /v2.0/security-groups?tenant_id=c4621977d70547d382694a0ae7c757b9&name=default => generated 2925 bytes in 358 msecs (HTTP/1.1 200) 4 headers in 158 bytes (1 switches on core 0) [pid: 8|app: 0|req: 605/1212] 10.0.0.161 () {32 vars in 739 bytes} [Wed Jul 8 11:04:27 2026] DELETE /v2.0/security-groups/285bd24d-80c2-4533-bd49-30bbd7b6edf7 => generated 0 bytes in 236 msecs (HTTP/1.1 204) 2 headers in 112 bytes (1 switches on core 0)
2026-07-08 11:04:28.313 7 INFO neutron.db.ovn_revision_numbers_db [None req-4e0ecacb-b2c3-41e9-811f-9df96a368908 - - - - - -] Successfully bumped revision number for resource 38762dbd-08ff-4a5f-817e-2dc8c2c41625 (type: ports) to 2
2026-07-08 11:04:28.355 7 INFO neutron.db.ovn_revision_numbers_db [None req-4e0ecacb-b2c3-41e9-811f-9df96a368908 - - - - - -] Successfully bumped revision number for resource 254717d2-6a1c-4c36-9d28-763e5e12db7f (type: subnets) to 0 [pid: 7|app: 0|req: 608/1213] 10.0.0.161 () {34 vars in 668 bytes} [Wed Jul 8 11:04:27 2026] POST /v2.0/subnets => generated 690 bytes in 560 msecs (HTTP/1.1 201) 4 headers in 162 bytes (1 switches on core 0) [pid: 7|app: 0|req: 609/1214] 10.0.0.161 () {34 vars in 675 bytes} [Wed Jul 8 11:04:28 2026] POST /v2.0/subnetpools => generated 547 bytes in 122 msecs (HTTP/1.1 201) 4 headers in 162 bytes (1 switches on core 0) [pid: 7|app: 0|req: 610/1215] 10.0.0.161 () {32 vars in 728 bytes} [Wed Jul 8 11:04:28 2026] GET /v2.0/subnetpools/3094d03b-cbab-4826-b3db-5fb6ceaa924d => generated 547 bytes in 21 msecs (HTTP/1.1 200) 4 headers in 157 bytes (1 switches on core 0) [pid: 7|app: 0|req: 611/1216] 10.0.0.161 () {34 vars in 748 bytes} [Wed Jul 8 11:04:28 2026] PUT /v2.0/subnetpools/3094d03b-cbab-4826-b3db-5fb6ceaa924d => generated 500 bytes in 50 msecs (HTTP/1.1 200) 4 headers in 157 bytes (1 switches on core 0)
2026-07-08 11:04:28.757 8 WARNING neutron.scheduler.dhcp_agent_scheduler [None req-7c0752e3-da87-4a7f-8307-533152432c8d 652b8bc6005440d9892947a82585e505 93c8113d526f4ac5a35f09fba83b56e3 - - default default] No more DHCP agents
2026-07-08 11:04:28.763 8 WARNING neutron.api.rpc.agentnotifiers.dhcp_rpc_agent_api [None req-7c0752e3-da87-4a7f-8307-533152432c8d 652b8bc6005440d9892947a82585e505 93c8113d526f4ac5a35f09fba83b56e3 - - default default] Unable to schedule network dcfc18b2-52f3-40ca-acf0-2f1f6b9b20ec: no agents available; will retry on subsequent port and subnet creation events. [pid: 7|app: 0|req: 612/1217] 10.0.0.161 () {32 vars in 731 bytes} [Wed Jul 8 11:04:28 2026] DELETE /v2.0/subnetpools/3094d03b-cbab-4826-b3db-5fb6ceaa924d => generated 0 bytes in 48 msecs (HTTP/1.1 204) 2 headers in 112 bytes (1 switches on core 0)
2026-07-08 11:04:28.812 7 INFO neutron.api.v2.resource [None req-332b1c18-79ef-489b-8c12-e128e2b5a8a2 dce3ee0dfcdd4cf586c5521c3d9fe037 7d8d2dc9cfe04e46a51e272ed36b698e - - default default] show failed (client error): The resource could not be found. [pid: 7|app: 0|req: 613/1218] 10.0.0.161 () {32 vars in 728 bytes} [Wed Jul 8 11:04:28 2026] GET /v2.0/subnetpools/3094d03b-cbab-4826-b3db-5fb6ceaa924d => generated 145 bytes in 13 msecs (HTTP/1.1 404) 4 headers in 164 bytes (1 switches on core 0)
2026-07-08 11:04:28.909 8 INFO neutron.plugins.ml2.drivers.ovn.mech_driver.mech_driver [None req-872d3693-0220-4dcc-8973-5585c9198ac1 - - - - - -] OVN reports status down for port: 08b3793e-d6ce-4ffd-a8e0-f6f6d37e19ed
2026-07-08 11:04:28.968 8 INFO neutron.db.ovn_revision_numbers_db [None req-7c0752e3-da87-4a7f-8307-533152432c8d 652b8bc6005440d9892947a82585e505 93c8113d526f4ac5a35f09fba83b56e3 - - default default] Successfully bumped revision number for resource 08b3793e-d6ce-4ffd-a8e0-f6f6d37e19ed (type: ports) to 1
2026-07-08 11:04:29.013 7 INFO neutron.db.ovn_revision_numbers_db [None req-5fa8ef70-a7e4-4c02-ba84-c8df6fe95b41 652b8bc6005440d9892947a82585e505 93c8113d526f4ac5a35f09fba83b56e3 - - default default] Successfully bumped revision number for resource 4e0a4793-25f6-42b4-ae9c-64b798d7d599 (type: security_groups) to 1
2026-07-08 11:04:29.043 7 INFO neutron.db.ovn_revision_numbers_db [None req-5fa8ef70-a7e4-4c02-ba84-c8df6fe95b41 652b8bc6005440d9892947a82585e505 93c8113d526f4ac5a35f09fba83b56e3 - - default default] Successfully bumped revision number for resource 1bdeede3-e022-4559-bfd7-44e384c4adb6 (type: security_group_rules) to 0
2026-07-08 11:04:29.067 7 INFO neutron.db.ovn_revision_numbers_db [None req-5fa8ef70-a7e4-4c02-ba84-c8df6fe95b41 652b8bc6005440d9892947a82585e505 93c8113d526f4ac5a35f09fba83b56e3 - - default default] Successfully bumped revision number for resource acc0be15-d796-4e4b-b41d-ec67a0425f94 (type: security_group_rules) to 0
2026-07-08 11:04:29.083 7 INFO neutron.db.ovn_revision_numbers_db [None req-5fa8ef70-a7e4-4c02-ba84-c8df6fe95b41 652b8bc6005440d9892947a82585e505 93c8113d526f4ac5a35f09fba83b56e3 - - default default] Successfully bumped revision number for resource bdaf4e9c-edb2-4496-a2b7-ee5429639b9c (type: security_group_rules) to 0
2026-07-08 11:04:29.094 7 INFO neutron.db.ovn_revision_numbers_db [None req-5fa8ef70-a7e4-4c02-ba84-c8df6fe95b41 652b8bc6005440d9892947a82585e505 93c8113d526f4ac5a35f09fba83b56e3 - - default default] Successfully bumped revision number for resource e190052e-751a-4d6b-81ed-97ed81d57321 (type: security_group_rules) to 0 [pid: 7|app: 0|req: 614/1219] 10.0.0.161 () {32 vars in 773 bytes} [Wed Jul 8 11:04:28 2026] GET /v2.0/security-groups?tenant_id=da2ecce3496e4f058f2e4672aef17f9f&name=default => generated 2925 bytes in 316 msecs (HTTP/1.1 200) 4 headers in 158 bytes (1 switches on core 0)
2026-07-08 11:04:29.139 7 INFO neutron.api.v2.resource [None req-fbff6b86-bf03-4b84-b26d-2cd469aa9857 dce3ee0dfcdd4cf586c5521c3d9fe037 7d8d2dc9cfe04e46a51e272ed36b698e - - default default] delete failed (client error): The resource could not be found. [pid: 7|app: 0|req: 615/1220] 10.0.0.161 () {32 vars in 731 bytes} [Wed Jul 8 11:04:29 2026] DELETE /v2.0/subnetpools/3094d03b-cbab-4826-b3db-5fb6ceaa924d => generated 145 bytes in 10 msecs (HTTP/1.1 404) 4 headers in 164 bytes (1 switches on core 0) [pid: 7|app: 0|req: 616/1221] 10.0.0.161 () {32 vars in 739 bytes} [Wed Jul 8 11:04:29 2026] DELETE /v2.0/security-groups/4e0a4793-25f6-42b4-ae9c-64b798d7d599 => generated 0 bytes in 278 msecs (HTTP/1.1 204) 2 headers in 112 bytes (1 switches on core 0)
2026-07-08 11:04:29.682 8 INFO neutron.plugins.ml2.drivers.ovn.mech_driver.ovsdb.commands [None req-f44ce4e4-8482-4fb2-8785-a7453beae8c3 - - - - - -] Schedule LRP lrp-08b3793e-d6ce-4ffd-a8e0-f6f6d37e19ed on gateway 241f1c52-b4b7-40fa-b9e1-56e96ae6f316 with priority 1
2026-07-08 11:04:29.719 8 INFO neutron.plugins.ml2.drivers.ovn.mech_driver.mech_driver [None req-872d3693-0220-4dcc-8973-5585c9198ac1 - - - - - -] OVN reports status up for port: 08b3793e-d6ce-4ffd-a8e0-f6f6d37e19ed
2026-07-08 11:04:29.739 8 INFO neutron.plugins.ml2.plugin [None req-872d3693-0220-4dcc-8973-5585c9198ac1 - - - - - -] Attempt 1 to provision port 08b3793e-d6ce-4ffd-a8e0-f6f6d37e19ed
2026-07-08 11:04:29.741 7 INFO neutron.plugins.ml2.drivers.ovn.mech_driver.ovsdb.ovsdb_monitor [None req-3374d9e3-1406-4cf0-8ae5-ae6269577e7c - - - - - -] Router b8b95292-45b4-46d6-b256-28f2bc61e8ec is bound to host instance
2026-07-08 11:04:29.759 8 INFO neutron.db.ovn_revision_numbers_db [None req-7c0752e3-da87-4a7f-8307-533152432c8d 652b8bc6005440d9892947a82585e505 93c8113d526f4ac5a35f09fba83b56e3 - - default default] Successfully bumped revision number for resource 08b3793e-d6ce-4ffd-a8e0-f6f6d37e19ed (type: router_ports) to 1
2026-07-08 11:04:29.849 8 INFO neutron.db.ovn_revision_numbers_db [None req-7c0752e3-da87-4a7f-8307-533152432c8d 652b8bc6005440d9892947a82585e505 93c8113d526f4ac5a35f09fba83b56e3 - - default default] Successfully bumped revision number for resource b8b95292-45b4-46d6-b256-28f2bc61e8ec (type: routers) to 2 [pid: 8|app: 0|req: 606/1222] 10.0.0.161 () {34 vars in 668 bytes} [Wed Jul 8 11:04:28 2026] POST /v2.0/routers => generated 968 bytes in 1483 msecs (HTTP/1.1 201) 4 headers in 162 bytes (1 switches on core 0)
2026-07-08 11:04:30.120 7 INFO neutron.db.ovn_revision_numbers_db [None req-d804c92d-a3d9-4513-aea2-139ab0b28fd5 652b8bc6005440d9892947a82585e505 93c8113d526f4ac5a35f09fba83b56e3 - - default default] Successfully bumped revision number for resource 0e1d0015-8ea5-4d2e-a4c2-9f87c274a38c (type: security_groups) to 1
2026-07-08 11:04:30.146 7 INFO neutron.db.ovn_revision_numbers_db [None req-d804c92d-a3d9-4513-aea2-139ab0b28fd5 652b8bc6005440d9892947a82585e505 93c8113d526f4ac5a35f09fba83b56e3 - - default default] Successfully bumped revision number for resource 41cd4a28-af0a-42db-bc97-afba8c12b5cf (type: security_group_rules) to 0
2026-07-08 11:04:30.161 7 INFO neutron.db.ovn_revision_numbers_db [None req-d804c92d-a3d9-4513-aea2-139ab0b28fd5 652b8bc6005440d9892947a82585e505 93c8113d526f4ac5a35f09fba83b56e3 - - default default] Successfully bumped revision number for resource 62dd4518-7d4c-4625-a2f7-4aba56fe145c (type: security_group_rules) to 0
2026-07-08 11:04:30.186 7 INFO neutron.db.ovn_revision_numbers_db [None req-d804c92d-a3d9-4513-aea2-139ab0b28fd5 652b8bc6005440d9892947a82585e505 93c8113d526f4ac5a35f09fba83b56e3 - - default default] Successfully bumped revision number for resource ab6e108e-0d21-4c6b-ac70-bbb2856893ae (type: security_group_rules) to 0
2026-07-08 11:04:30.197 8 WARNING neutron.scheduler.dhcp_agent_scheduler [None req-a5472b92-ce66-40a5-bab1-17c4db8dbd5f 652b8bc6005440d9892947a82585e505 93c8113d526f4ac5a35f09fba83b56e3 - - default default] No more DHCP agents
2026-07-08 11:04:30.199 8 WARNING neutron.api.rpc.agentnotifiers.dhcp_rpc_agent_api [None req-a5472b92-ce66-40a5-bab1-17c4db8dbd5f 652b8bc6005440d9892947a82585e505 93c8113d526f4ac5a35f09fba83b56e3 - - default default] Unable to schedule network 763545eb-825c-49b1-879c-fccd2df19ac6: no agents available; will retry on subsequent port and subnet creation events.
2026-07-08 11:04:30.207 7 INFO neutron.db.ovn_revision_numbers_db [None req-d804c92d-a3d9-4513-aea2-139ab0b28fd5 652b8bc6005440d9892947a82585e505 93c8113d526f4ac5a35f09fba83b56e3 - - default default] Successfully bumped revision number for resource ad38c808-4633-435c-a3e8-c77c4c365411 (type: security_group_rules) to 0
2026-07-08 11:04:30.318 8 INFO neutron.db.ovn_revision_numbers_db [None req-a5472b92-ce66-40a5-bab1-17c4db8dbd5f 652b8bc6005440d9892947a82585e505 93c8113d526f4ac5a35f09fba83b56e3 - - default default] Successfully bumped revision number for resource 56089911-ec25-424e-bd97-a0376d2f2a0d (type: ports) to 1 [pid: 7|app: 0|req: 617/1223] 10.0.0.161 () {32 vars in 773 bytes} [Wed Jul 8 11:04:29 2026] GET /v2.0/security-groups?tenant_id=7d8d2dc9cfe04e46a51e272ed36b698e&name=default => generated 2925 bytes in 647 msecs (HTTP/1.1 200) 4 headers in 158 bytes (1 switches on core 0)
2026-07-08 11:04:30.718 7 INFO neutron.db.ovn_revision_numbers_db [None req-7ef20452-bd47-491d-8887-af22f5ac8c8b 5e4fe5513983461fabcafc05f5e95e0c 55d0583dc56a4909b9380adb9018fee7 - - default default] Successfully bumped revision number for resource 2b1bebec-ad80-47de-b5b4-3d139fb1c22a (type: security_groups) to 1
2026-07-08 11:04:30.743 7 INFO neutron.db.ovn_revision_numbers_db [None req-7ef20452-bd47-491d-8887-af22f5ac8c8b 5e4fe5513983461fabcafc05f5e95e0c 55d0583dc56a4909b9380adb9018fee7 - - default default] Successfully bumped revision number for resource 03715c30-b87b-400b-9962-749da29ed1de (type: security_group_rules) to 0
2026-07-08 11:04:30.758 7 INFO neutron.db.ovn_revision_numbers_db [None req-7ef20452-bd47-491d-8887-af22f5ac8c8b 5e4fe5513983461fabcafc05f5e95e0c 55d0583dc56a4909b9380adb9018fee7 - - default default] Successfully bumped revision number for resource 1d69dfae-732b-4427-bad8-c6613493e16d (type: security_group_rules) to 0
2026-07-08 11:04:30.791 7 INFO neutron.db.ovn_revision_numbers_db [None req-7ef20452-bd47-491d-8887-af22f5ac8c8b 5e4fe5513983461fabcafc05f5e95e0c 55d0583dc56a4909b9380adb9018fee7 - - default default] Successfully bumped revision number for resource 3875899b-b773-41e0-9bcd-cf663e2ec021 (type: security_group_rules) to 0
2026-07-08 11:04:30.810 7 INFO neutron.db.ovn_revision_numbers_db [None req-7ef20452-bd47-491d-8887-af22f5ac8c8b 5e4fe5513983461fabcafc05f5e95e0c 55d0583dc56a4909b9380adb9018fee7 - - default default] Successfully bumped revision number for resource a8ff6cdf-72fb-4f26-8239-d6dae61457c3 (type: security_group_rules) to 0
2026-07-08 11:04:30.814 7 INFO neutron.db.ovn_revision_numbers_db [None req-94a569bd-f0ee-4970-bf4d-76698b9f3733 - - - - - -] Successfully bumped revision number for resource 08b3793e-d6ce-4ffd-a8e0-f6f6d37e19ed (type: ports) to 4
2026-07-08 11:04:30.915 7 INFO neutron.db.segments_db [None req-7ef20452-bd47-491d-8887-af22f5ac8c8b 5e4fe5513983461fabcafc05f5e95e0c 55d0583dc56a4909b9380adb9018fee7 - - default default] Added segment e271ceb9-5e2d-4f22-9c8f-beeb0af7e88e of type geneve for network ed7a8160-53de-4309-8e8f-66fd451a6ec6
2026-07-08 11:04:30.992 8 WARNING neutron.scheduler.dhcp_agent_scheduler [None req-a5472b92-ce66-40a5-bab1-17c4db8dbd5f 652b8bc6005440d9892947a82585e505 93c8113d526f4ac5a35f09fba83b56e3 - - default default] No more DHCP agents
2026-07-08 11:04:30.994 8 WARNING neutron.api.rpc.agentnotifiers.dhcp_rpc_agent_api [None req-a5472b92-ce66-40a5-bab1-17c4db8dbd5f 652b8bc6005440d9892947a82585e505 93c8113d526f4ac5a35f09fba83b56e3 - - default default] Unable to schedule network 763545eb-825c-49b1-879c-fccd2df19ac6: no agents available; will retry on subsequent port and subnet creation events.
2026-07-08 11:04:31.110 7 INFO neutron.db.ovn_revision_numbers_db [None req-7ef20452-bd47-491d-8887-af22f5ac8c8b 5e4fe5513983461fabcafc05f5e95e0c 55d0583dc56a4909b9380adb9018fee7 - - default default] Successfully bumped revision number for resource ed7a8160-53de-4309-8e8f-66fd451a6ec6 (type: networks) to 1
2026-07-08 11:04:31.450 7 INFO neutron.db.ovn_revision_numbers_db [None req-94a569bd-f0ee-4970-bf4d-76698b9f3733 - - - - - -] Successfully bumped revision number for resource 08b3793e-d6ce-4ffd-a8e0-f6f6d37e19ed (type: ports) to 5
2026-07-08 11:04:31.458 7 WARNING neutron.scheduler.dhcp_agent_scheduler [None req-7ef20452-bd47-491d-8887-af22f5ac8c8b 5e4fe5513983461fabcafc05f5e95e0c 55d0583dc56a4909b9380adb9018fee7 - - default default] No more DHCP agents
2026-07-08 11:04:31.461 7 WARNING neutron.api.rpc.agentnotifiers.dhcp_rpc_agent_api [None req-7ef20452-bd47-491d-8887-af22f5ac8c8b 5e4fe5513983461fabcafc05f5e95e0c 55d0583dc56a4909b9380adb9018fee7 - - default default] Unable to schedule network ed7a8160-53de-4309-8e8f-66fd451a6ec6: no agents available; will retry on subsequent port and subnet creation events.
2026-07-08 11:04:31.490 8 INFO neutron.db.ovn_revision_numbers_db [None req-a5472b92-ce66-40a5-bab1-17c4db8dbd5f 652b8bc6005440d9892947a82585e505 93c8113d526f4ac5a35f09fba83b56e3 - - default default] Successfully bumped revision number for resource 56089911-ec25-424e-bd97-a0376d2f2a0d (type: router_ports) to 1 [pid: 8|app: 0|req: 607/1224] 10.0.0.161 () {34 vars in 782 bytes} [Wed Jul 8 11:04:29 2026] PUT /v2.0/routers/b8b95292-45b4-46d6-b256-28f2bc61e8ec/add_router_interface => generated 309 bytes in 1629 msecs (HTTP/1.1 200) 4 headers in 157 bytes (1 switches on core 0)
2026-07-08 11:04:31.558 7 INFO neutron.plugins.ml2.drivers.ovn.mech_driver.mech_driver [None req-d6bd0d20-e06f-4cd6-a086-5b93081f798d - - - - - -] OVN reports status down for port: 52e3fac0-4093-4c86-9dfe-7f8a848b6d7a
