2026-06-28 21:05:11.617 10 ERROR oslo_messaging.rpc.server res = self.dispatcher.dispatch(message)
2026-06-28 21:05:11.617 10 ERROR oslo_messaging.rpc.server ^^^^^^^^^^^^^^^^^^^^^^^^^^^^^^^^^
2026-06-28 21:05:11.617 10 ERROR oslo_messaging.rpc.server
File "/var/lib/openstack/lib/python3.12/site-packages/oslo_messaging/rpc/dispatcher.py", line 309, in dispatch
2026-06-28 21:05:11.617 10 ERROR oslo_messaging.rpc.server return self._do_dispatch(endpoint, method, ctxt, args)
2026-06-28 21:05:11.617 10 ERROR oslo_messaging.rpc.server ^^^^^^^^^^^^^^^^^^^^^^^^^^^^^^^^^^^^^^^^^^^^^^^
2026-06-28 21:05:11.617 10 ERROR oslo_messaging.rpc.server
File "/var/lib/openstack/lib/python3.12/site-packages/oslo_messaging/rpc/dispatcher.py", line 229, in _do_dispatch
2026-06-28 21:05:11.617 10 ERROR oslo_messaging.rpc.server result = func(ctxt, **new_args)
2026-06-28 21:05:11.617 10 ERROR oslo_messaging.rpc.server ^^^^^^^^^^^^^^^^^^^^^^
2026-06-28 21:05:11.617 10 ERROR oslo_messaging.rpc.server
File "/var/lib/openstack/lib/python3.12/site-packages/oslo_messaging/rpc/server.py", line 262, in inner
2026-06-28 21:05:11.617 10 ERROR oslo_messaging.rpc.server return func(*args, **kwargs)
2026-06-28 21:05:11.617 10 ERROR oslo_messaging.rpc.server ^^^^^^^^^^^^^^^^^^^^^
2026-06-28 21:05:11.617 10 ERROR oslo_messaging.rpc.server
File "/var/lib/openstack/lib/python3.12/site-packages/neutron_lib/db/api.py", line 137, in wrapped
2026-06-28 21:05:11.617 10 ERROR oslo_messaging.rpc.server with excutils.save_and_reraise_exception():
2026-06-28 21:05:11.617 10 ERROR oslo_messaging.rpc.server
File "/var/lib/openstack/lib/python3.12/site-packages/oslo_utils/excutils.py", line 227, in __exit__
2026-06-28 21:05:11.617 10 ERROR oslo_messaging.rpc.server self.force_reraise()
2026-06-28 21:05:11.617 10 ERROR oslo_messaging.rpc.server
File "/var/lib/openstack/lib/python3.12/site-packages/oslo_utils/excutils.py", line 200, in force_reraise
2026-06-28 21:05:11.617 10 ERROR oslo_messaging.rpc.server raise self.value
2026-06-28 21:05:11.617 10 ERROR oslo_messaging.rpc.server
File "/var/lib/openstack/lib/python3.12/site-packages/neutron_lib/db/api.py", line 135, in wrapped
2026-06-28 21:05:11.617 10 ERROR oslo_messaging.rpc.server return f(*args, **kwargs)
2026-06-28 21:05:11.617 10 ERROR oslo_messaging.rpc.server ^^^^^^^^^^^^^^^^^^
2026-06-28 21:05:11.617 10 ERROR oslo_messaging.rpc.server
File "/var/lib/openstack/lib/python3.12/site-packages/oslo_db/api.py", line 144, in wrapper
2026-06-28 21:05:11.617 10 ERROR oslo_messaging.rpc.server with excutils.save_and_reraise_exception() as ectxt:
2026-06-28 21:05:11.617 10 ERROR oslo_messaging.rpc.server
File "/var/lib/openstack/lib/python3.12/site-packages/oslo_utils/excutils.py", line 227, in __exit__
2026-06-28 21:05:11.617 10 ERROR oslo_messaging.rpc.server self.force_reraise()
2026-06-28 21:05:11.617 10 ERROR oslo_messaging.rpc.server
File "/var/lib/openstack/lib/python3.12/site-packages/oslo_utils/excutils.py", line 200, in force_reraise
2026-06-28 21:05:11.617 10 ERROR oslo_messaging.rpc.server raise self.value
2026-06-28 21:05:11.617 10 ERROR oslo_messaging.rpc.server
File "/var/lib/openstack/lib/python3.12/site-packages/oslo_db/api.py", line 142, in wrapper
2026-06-28 21:05:11.617 10 ERROR oslo_messaging.rpc.server return f(*args, **kwargs)
2026-06-28 21:05:11.617 10 ERROR oslo_messaging.rpc.server ^^^^^^^^^^^^^^^^^^
2026-06-28 21:05:11.617 10 ERROR oslo_messaging.rpc.server
File "/var/lib/openstack/lib/python3.12/site-packages/neutron_lib/db/api.py", line 183, in wrapped
2026-06-28 21:05:11.617 10 ERROR oslo_messaging.rpc.server with excutils.save_and_reraise_exception():
2026-06-28 21:05:11.617 10 ERROR oslo_messaging.rpc.server
File "/var/lib/openstack/lib/python3.12/site-packages/oslo_utils/excutils.py", line 227, in __exit__
2026-06-28 21:05:11.617 10 ERROR oslo_messaging.rpc.server self.force_reraise()
2026-06-28 21:05:11.617 10 ERROR oslo_messaging.rpc.server
File "/var/lib/openstack/lib/python3.12/site-packages/oslo_utils/excutils.py", line 200, in force_reraise
2026-06-28 21:05:11.617 10 ERROR oslo_messaging.rpc.server raise self.value
2026-06-28 21:05:11.617 10 ERROR oslo_messaging.rpc.server
File "/var/lib/openstack/lib/python3.12/site-packages/neutron_lib/db/api.py", line 181, in wrapped
2026-06-28 21:05:11.617 10 ERROR oslo_messaging.rpc.server return f(*dup_args, **dup_kwargs)
2026-06-28 21:05:11.617 10 ERROR oslo_messaging.rpc.server ^^^^^^^^^^^^^^^^^^^^^^^^^^
2026-06-28 21:05:11.617 10 ERROR oslo_messaging.rpc.server
File "/var/lib/openstack/lib/python3.12/site-packages/neutron/quota/resource_registry.py", line 95, in wrapper
2026-06-28 21:05:11.617 10 ERROR oslo_messaging.rpc.server ret_val = f(_self, context, *args, **kwargs)
2026-06-28 21:05:11.617 10 ERROR oslo_messaging.rpc.server ^^^^^^^^^^^^^^^^^^^^^^^^^^^^^^^^^^
2026-06-28 21:05:11.617 10 ERROR oslo_messaging.rpc.server
File "/var/lib/openstack/lib/python3.12/site-packages/neutron/api/rpc/handlers/dhcp_rpc.py", line 292, in create_dhcp_port
2026-06-28 21:05:11.617 10 ERROR oslo_messaging.rpc.server return self._port_action(plugin, context, port, 'create_port')
2026-06-28 21:05:11.617 10 ERROR oslo_messaging.rpc.server ^^^^^^^^^^^^^^^^^^^^^^^^^^^^^^^^^^^^^^^^^^^^^^^^^^^^^^^
2026-06-28 21:05:11.617 10 ERROR oslo_messaging.rpc.server
File "/var/lib/openstack/lib/python3.12/site-packages/neutron/api/rpc/handlers/dhcp_rpc.py", line 118, in _port_action
2026-06-28 21:05:11.617 10 ERROR oslo_messaging.rpc.server return p_utils.create_port(plugin, context, port)
2026-06-28 21:05:11.617 10 ERROR oslo_messaging.rpc.server ^^^^^^^^^^^^^^^^^^^^^^^^^^^^^^^^^^^^^^^^^^
2026-06-28 21:05:11.617 10 ERROR oslo_messaging.rpc.server
File "/var/lib/openstack/lib/python3.12/site-packages/neutron_lib/plugins/utils.py", line 338, in create_port
2026-06-28 21:05:11.617 10 ERROR oslo_messaging.rpc.server return core_plugin.create_port(
2026-06-28 21:05:11.617 10 ERROR oslo_messaging.rpc.server ^^^^^^^^^^^^^^^^^^^^^^^^
2026-06-28 21:05:11.617 10 ERROR oslo_messaging.rpc.server
File "/var/lib/openstack/lib/python3.12/site-packages/neutron/common/utils.py", line 724, in inner
2026-06-28 21:05:11.617 10 ERROR oslo_messaging.rpc.server return f(*args, **kwargs)
2026-06-28 21:05:11.617 10 ERROR oslo_messaging.rpc.server ^^^^^^^^^^^^^^^^^^
2026-06-28 21:05:11.617 10 ERROR oslo_messaging.rpc.server
File "/var/lib/openstack/lib/python3.12/site-packages/neutron_lib/db/api.py", line 223, in wrapped
2026-06-28 21:05:11.617 10 ERROR oslo_messaging.rpc.server return f_with_retry(*args, **kwargs,
2026-06-28 21:05:11.617 10 ERROR oslo_messaging.rpc.server ^^^^^^^^^^^^^^^^^^^^^^^^^^^^^
2026-06-28 21:05:11.617 10 ERROR oslo_messaging.rpc.server
File "/var/lib/openstack/lib/python3.12/site-packages/neutron_lib/db/api.py", line 137, in wrapped
2026-06-28 21:05:11.617 10 ERROR oslo_messaging.rpc.server with excutils.save_and_reraise_exception():
2026-06-28 21:05:11.617 10 ERROR oslo_messaging.rpc.server
File "/var/lib/openstack/lib/python3.12/site-packages/oslo_utils/excutils.py", line 227, in __exit__
2026-06-28 21:05:11.617 10 ERROR oslo_messaging.rpc.server self.force_reraise()
2026-06-28 21:05:11.617 10 ERROR oslo_messaging.rpc.server
File "/var/lib/openstack/lib/python3.12/site-packages/oslo_utils/excutils.py", line 200, in force_reraise
2026-06-28 21:05:11.617 10 ERROR oslo_messaging.rpc.server raise self.value
2026-06-28 21:05:11.617 10 ERROR oslo_messaging.rpc.server
File "/var/lib/openstack/lib/python3.12/site-packages/neutron_lib/db/api.py", line 135, in wrapped
2026-06-28 21:05:11.617 10 ERROR oslo_messaging.rpc.server return f(*args, **kwargs)
2026-06-28 21:05:11.617 10 ERROR oslo_messaging.rpc.server ^^^^^^^^^^^^^^^^^^
2026-06-28 21:05:11.617 10 ERROR oslo_messaging.rpc.server
File "/var/lib/openstack/lib/python3.12/site-packages/oslo_db/api.py", line 144, in wrapper
2026-06-28 21:05:11.617 10 ERROR oslo_messaging.rpc.server with excutils.save_and_reraise_exception() as ectxt:
2026-06-28 21:05:11.617 10 ERROR oslo_messaging.rpc.server
File "/var/lib/openstack/lib/python3.12/site-packages/oslo_utils/excutils.py", line 227, in __exit__
2026-06-28 21:05:11.617 10 ERROR oslo_messaging.rpc.server self.force_reraise()
2026-06-28 21:05:11.617 10 ERROR oslo_messaging.rpc.server
File "/var/lib/openstack/lib/python3.12/site-packages/oslo_utils/excutils.py", line 200, in force_reraise
2026-06-28 21:05:11.617 10 ERROR oslo_messaging.rpc.server raise self.value
2026-06-28 21:05:11.617 10 ERROR oslo_messaging.rpc.server
File "/var/lib/openstack/lib/python3.12/site-packages/oslo_db/api.py", line 142, in wrapper
2026-06-28 21:05:11.617 10 ERROR oslo_messaging.rpc.server return f(*args, **kwargs)
2026-06-28 21:05:11.617 10 ERROR oslo_messaging.rpc.server ^^^^^^^^^^^^^^^^^^
2026-06-28 21:05:11.617 10 ERROR oslo_messaging.rpc.server
File "/var/lib/openstack/lib/python3.12/site-packages/neutron_lib/db/api.py", line 183, in wrapped
2026-06-28 21:05:11.617 10 ERROR oslo_messaging.rpc.server with excutils.save_and_reraise_exception():
2026-06-28 21:05:11.617 10 ERROR oslo_messaging.rpc.server
File "/var/lib/openstack/lib/python3.12/site-packages/oslo_utils/excutils.py", line 227, in __exit__
2026-06-28 21:05:11.617 10 ERROR oslo_messaging.rpc.server self.force_reraise()
2026-06-28 21:05:11.617 10 ERROR oslo_messaging.rpc.server
File "/var/lib/openstack/lib/python3.12/site-packages/oslo_utils/excutils.py", line 200, in force_reraise
2026-06-28 21:05:11.617 10 ERROR oslo_messaging.rpc.server raise self.value
2026-06-28 21:05:11.617 10 ERROR oslo_messaging.rpc.server
File "/var/lib/openstack/lib/python3.12/site-packages/neutron_lib/db/api.py", line 181, in wrapped
2026-06-28 21:05:11.617 10 ERROR oslo_messaging.rpc.server return f(*dup_args, **dup_kwargs)
2026-06-28 21:05:11.617 10 ERROR oslo_messaging.rpc.server ^^^^^^^^^^^^^^^^^^^^^^^^^^
2026-06-28 21:05:11.617 10 ERROR oslo_messaging.rpc.server
File "/var/lib/openstack/lib/python3.12/site-packages/neutron/plugins/ml2/plugin.py", line 1608, in create_port
2026-06-28 21:05:11.617 10 ERROR oslo_messaging.rpc.server result, mech_context = self._create_port_db(context, port)
2026-06-28 21:05:11.617 10 ERROR oslo_messaging.rpc.server ^^^^^^^^^^^^^^^^^^^^^^^^^^^^^^^^^^^
2026-06-28 21:05:11.617 10 ERROR oslo_messaging.rpc.server
File "/var/lib/openstack/lib/python3.12/site-packages/neutron/plugins/ml2/plugin.py", line 1573, in _create_port_db
2026-06-28 21:05:11.617 10 ERROR oslo_messaging.rpc.server port_db = self.create_port_db(context, port)
2026-06-28 21:05:11.617 10 ERROR oslo_messaging.rpc.server ^^^^^^^^^^^^^^^^^^^^^^^^^^^^^^^^^^
2026-06-28 21:05:11.617 10 ERROR oslo_messaging.rpc.server
File "/var/lib/openstack/lib/python3.12/site-packages/neutron/db/db_base_plugin_v2.py", line 1573, in create_port_db
2026-06-28 21:05:11.617 10 ERROR oslo_messaging.rpc.server self.ipam.allocate_ips_for_port_and_store(
2026-06-28 21:05:11.617 10 ERROR oslo_messaging.rpc.server
File "/var/lib/openstack/lib/python3.12/site-packages/neutron/db/ipam_pluggable_backend.py", line 219, in allocate_ips_for_port_and_store
2026-06-28 21:05:11.617 10 ERROR oslo_messaging.rpc.server ips = self.allocate_ips_for_port(context, port_copy)
2026-06-28 21:05:11.617 10 ERROR oslo_messaging.rpc.server ^^^^^^^^^^^^^^^^^^^^^^^^^^^^^^^^^^^^^^^^^^^^^^
2026-06-28 21:05:11.617 10 ERROR oslo_messaging.rpc.server
File "/var/lib/openstack/lib/python3.12/site-packages/neutron_lib/db/api.py", line 221, in wrapped
2026-06-28 21:05:11.617 10 ERROR oslo_messaging.rpc.server return f(*args, **kwargs)
2026-06-28 21:05:11.617 10 ERROR oslo_messaging.rpc.server ^^^^^^^^^^^^^^^^^^
2026-06-28 21:05:11.617 10 ERROR oslo_messaging.rpc.server
File "/var/lib/openstack/lib/python3.12/site-packages/oslo_db/sqlalchemy/enginefacade.py", line 998, in wrapper
2026-06-28 21:05:11.617 10 ERROR oslo_messaging.rpc.server return fn(*args, **kwargs)
2026-06-28 21:05:11.617 10 ERROR oslo_messaging.rpc.server ^^^^^^^^^^^^^^^^^^^
2026-06-28 21:05:11.617 10 ERROR oslo_messaging.rpc.server
File "/var/lib/openstack/lib/python3.12/site-packages/neutron/db/ipam_pluggable_backend.py", line 226, in allocate_ips_for_port
2026-06-28 21:05:11.617 10 ERROR oslo_messaging.rpc.server return self._allocate_ips_for_port(context, port)
2026-06-28 21:05:11.617 10 ERROR oslo_messaging.rpc.server ^^^^^^^^^^^^^^^^^^^^^^^^^^^^^^^^^^^^^^^^^^
2026-06-28 21:05:11.617 10 ERROR oslo_messaging.rpc.server
File "/var/lib/openstack/lib/python3.12/site-packages/neutron/db/ipam_pluggable_backend.py", line 258, in _allocate_ips_for_port
2026-06-28 21:05:11.617 10 ERROR oslo_messaging.rpc.server subnets = self._ipam_get_subnets(
2026-06-28 21:05:11.617 10 ERROR oslo_messaging.rpc.server ^^^^^^^^^^^^^^^^^^^^^^^
2026-06-28 21:05:11.617 10 ERROR oslo_messaging.rpc.server
File "/var/lib/openstack/lib/python3.12/site-packages/neutron/db/ipam_backend_mixin.py", line 686, in _ipam_get_subnets
2026-06-28 21:05:11.617 10 ERROR oslo_messaging.rpc.server subnet.read_lock_register(
2026-06-28 21:05:11.617 10 ERROR oslo_messaging.rpc.server
File "/var/lib/openstack/lib/python3.12/site-packages/neutron/db/models_v2.py", line 77, in read_lock_register
2026-06-28 21:05:11.617 10 ERROR oslo_messaging.rpc.server raise exception
2026-06-28 21:05:11.617 10 ERROR oslo_messaging.rpc.server neutron_lib.exceptions.SubnetInUse: Unable to complete operation on subnet b699c9c9-8e0f-497b-8f54-04f1c1ae4fc6: This subnet is being modified by another concurrent operation.
2026-06-28 21:05:11.617 10 ERROR oslo_messaging.rpc.server
2026-06-28 21:05:15.496 9 INFO neutron.plugins.ml2.plugin [None req-1e39841e-7aa0-412d-9cb7-34e8c6512fb9 - - - - - -] Attempt 1 to provision port 10723838-614a-440b-8110-cdc4a4596a1e
2026-06-28 21:05:16.959 10 INFO neutron.plugins.ml2.plugin [None req-79a0738b-3f44-4192-aa30-c09e90168760 - - - - - -] Attempt 1 to provision port 0b9c1b10-6415-47e1-973c-301426d966fd
2026-06-28 21:05:17.009 10 INFO neutron.plugins.ml2.plugin [None req-dbbdb050-b8c5-4a4e-97ff-49d44621c585 - - - - - -] Attempt 1 to provision port 0b9c1b10-6415-47e1-973c-301426d966fd
2026-06-28 21:05:18.214 10 INFO neutron.plugins.ml2.plugin [None req-288694be-383b-40e0-8923-c3a1ac8833e9 - - - - - -] Attempt 1 to provision port 0b9c1b10-6415-47e1-973c-301426d966fd
2026-06-28 21:05:18.916 9 INFO neutron.plugins.ml2.plugin [None req-acd786f6-cb90-45fe-8e27-b14f7d602dae - - - - - -] Attempt 1 to provision port f67f061e-7b36-4e21-ac17-8a6283d1a80f
2026-06-28 21:05:19.066 10 INFO neutron.plugins.ml2.plugin [None req-79a0738b-3f44-4192-aa30-c09e90168760 - - - - - -] Attempt 1 to provision port 0b9c1b10-6415-47e1-973c-301426d966fd
2026-06-28 21:05:19.242 10 INFO neutron.plugins.ml2.plugin [None req-79a0738b-3f44-4192-aa30-c09e90168760 - - - - - -] Attempt 1 to provision port 215f26d6-8845-431f-8e99-e3983fd4c422
2026-06-28 21:05:19.621 9 INFO neutron.plugins.ml2.plugin [None req-4187cb01-a01b-4476-af5d-6eaa60a6122e - - - - - -] Attempt 1 to provision port f67f061e-7b36-4e21-ac17-8a6283d1a80f
2026-06-28 21:05:21.078 9 INFO neutron.plugins.ml2.plugin [None req-79a0738b-3f44-4192-aa30-c09e90168760 - - - - - -] Attempt 1 to provision port 215f26d6-8845-431f-8e99-e3983fd4c422
2026-06-28 21:05:27.158 10 INFO neutron.plugins.ml2.plugin [None req-79a0738b-3f44-4192-aa30-c09e90168760 - - - - - -] Attempt 1 to provision port 84510685-63ef-4a15-b334-af6f611f1e8a
2026-06-28 21:05:33.487 9 INFO neutron.plugins.ml2.plugin [None req-79a0738b-3f44-4192-aa30-c09e90168760 - - - - - -] Attempt 1 to provision port 189143ca-050a-4a8a-83a9-535bbf239d2b
2026-06-28 21:05:33.600 9 INFO neutron.notifiers.nova [-] Nova event matching ['req-3f311134-4239-4842-9db2-1c71271ad2d1'] response: {'server_uuid': '8d1431ea-9c6a-43a9-bfea-ce8b5b920c80', 'name': 'network-vif-plugged', 'status': 'completed', 'tag': '189143ca-050a-4a8a-83a9-535bbf239d2b', 'code': 200}
2026-06-28 21:05:34.957 10 INFO neutron.plugins.ml2.plugin [None req-79a0738b-3f44-4192-aa30-c09e90168760 - - - - - -] Attempt 1 to provision port 189143ca-050a-4a8a-83a9-535bbf239d2b
2026-06-28 21:05:36.994 9 INFO neutron.plugins.ml2.plugin [None req-79a0738b-3f44-4192-aa30-c09e90168760 - - - - - -] Attempt 1 to provision port f67f061e-7b36-4e21-ac17-8a6283d1a80f
2026-06-28 21:05:37.420 9 INFO neutron.plugins.ml2.plugin [None req-79a0738b-3f44-4192-aa30-c09e90168760 - - - - - -] Attempt 1 to provision port 10723838-614a-440b-8110-cdc4a4596a1e
2026-06-28 21:05:39.014 10 INFO neutron.plugins.ml2.plugin [None req-79a0738b-3f44-4192-aa30-c09e90168760 - - - - - -] Attempt 1 to provision port f67f061e-7b36-4e21-ac17-8a6283d1a80f
2026-06-28 21:05:39.216 10 INFO neutron.plugins.ml2.plugin [None req-79a0738b-3f44-4192-aa30-c09e90168760 - - - - - -] Attempt 1 to provision port 10723838-614a-440b-8110-cdc4a4596a1e
2026-06-28 21:05:44.977 9 INFO neutron.plugins.ml2.plugin [None req-79a0738b-3f44-4192-aa30-c09e90168760 - - - - - -] Attempt 1 to provision port 59d5424c-f59a-461e-b45e-6be07f53d755
2026-06-28 21:05:47.659 10 INFO neutron.plugins.ml2.plugin [None req-447edc50-219b-44ef-9a94-d7252d9f4312 - - - - - -] Attempt 1 to provision port 49b9c216-915a-4304-86b8-af9a5cd3768f
2026-06-28 21:05:48.992 9 INFO neutron.plugins.ml2.plugin [None req-79a0738b-3f44-4192-aa30-c09e90168760 - - - - - -] Attempt 1 to provision port 3720be63-b799-4e05-8f07-88803db524af
2026-06-28 21:05:50.970 9 INFO neutron.plugins.ml2.plugin [None req-5b078cbd-c269-42e4-813c-cc1aa1c9a549 - - - - - -] Attempt 1 to provision port 6f72fc06-4ca8-4e3e-8bfa-26a98fa4b72b
2026-06-28 21:05:51.022 10 INFO neutron.plugins.ml2.plugin [None req-79a0738b-3f44-4192-aa30-c09e90168760 - - - - - -] Attempt 1 to provision port 6f72fc06-4ca8-4e3e-8bfa-26a98fa4b72b
2026-06-28 21:05:51.767 10 INFO neutron.plugins.ml2.plugin [None req-79a0738b-3f44-4192-aa30-c09e90168760 - - - - - -] Attempt 1 to provision port 3720be63-b799-4e05-8f07-88803db524af
2026-06-28 21:05:52.084 9 INFO neutron.plugins.ml2.plugin [None req-4faecf11-2576-4475-92a7-2dd22e381bc3 - - - - - -] Attempt 1 to provision port 0508247f-f757-4302-abd7-1bad7a636aaa
2026-06-28 21:05:52.111 9 INFO neutron.plugins.ml2.plugin [None req-4faecf11-2576-4475-92a7-2dd22e381bc3 - - - - - -] Attempt 1 to provision port 6f72fc06-4ca8-4e3e-8bfa-26a98fa4b72b
2026-06-28 21:05:52.778 10 INFO neutron.plugins.ml2.plugin [None req-5b388e45-e642-4e40-9f02-87ba0a3a6e26 - - - - - -] Attempt 1 to provision port 0508247f-f757-4302-abd7-1bad7a636aaa
2026-06-28 21:05:52.958 10 INFO neutron.plugins.ml2.plugin [None req-79a0738b-3f44-4192-aa30-c09e90168760 - - - - - -] Attempt 1 to provision port 6f72fc06-4ca8-4e3e-8bfa-26a98fa4b72b
2026-06-28 21:05:53.485 9 INFO neutron.plugins.ml2.plugin [None req-bafb2cd8-af85-4ed2-9128-217987aa9440 - - - - - -] Attempt 1 to provision port 0508247f-f757-4302-abd7-1bad7a636aaa
2026-06-28 21:05:55.396 9 INFO neutron.plugins.ml2.plugin [None req-2bc9fc6d-4aba-43ce-91ce-34859ccf5d94 - - - - - -] Attempt 1 to provision port 50c21ec8-1468-4608-b74e-315951a89943
2026-06-28 21:05:57.006 9 INFO neutron.plugins.ml2.plugin [None req-79a0738b-3f44-4192-aa30-c09e90168760 - - - - - -] Attempt 1 to provision port a58fb975-7f29-4207-b1b1-4daa9b42934a
2026-06-28 21:05:57.110 9 INFO neutron.plugins.ml2.plugin [None req-90955618-cef6-4721-a3c6-6558b2a130ac - - - - - -] Attempt 1 to provision port a58fb975-7f29-4207-b1b1-4daa9b42934a
2026-06-28 21:05:58.211 10 INFO neutron.plugins.ml2.plugin [None req-a0370548-a26e-4947-928c-8e7c94f1bdd8 - - - - - -] Attempt 1 to provision port a58fb975-7f29-4207-b1b1-4daa9b42934a
2026-06-28 21:05:58.291 10 INFO neutron.plugins.ml2.plugin [None req-a0370548-a26e-4947-928c-8e7c94f1bdd8 - - - - - -] Attempt 1 to provision port 38a836e8-a83f-4918-a510-12cf69daad5b
2026-06-28 21:05:59.227 10 INFO neutron.plugins.ml2.plugin [None req-79a0738b-3f44-4192-aa30-c09e90168760 - - - - - -] Attempt 1 to provision port 5846b9b5-bc5a-486f-8d9e-a292cd2cc824
2026-06-28 21:05:59.630 9 INFO neutron.plugins.ml2.plugin [None req-8539eb5f-744b-45d8-b130-12ee06bfcb1b - - - - - -] Attempt 1 to provision port 38a836e8-a83f-4918-a510-12cf69daad5b
2026-06-28 21:05:59.680 10 INFO neutron.plugins.ml2.plugin [None req-79a0738b-3f44-4192-aa30-c09e90168760 - - - - - -] Attempt 1 to provision port 2b128339-c767-4a49-b17c-c52f7cf774b3
2026-06-28 21:06:00.105 10 INFO neutron.plugins.ml2.plugin [None req-79a0738b-3f44-4192-aa30-c09e90168760 - - - - - -] Attempt 1 to provision port a58fb975-7f29-4207-b1b1-4daa9b42934a
2026-06-28 21:06:00.330 10 INFO neutron.plugins.ml2.plugin [None req-aae7bd32-65d8-4964-be79-bb50d7525302 - - - - - -] Attempt 1 to provision port 2b128339-c767-4a49-b17c-c52f7cf774b3
2026-06-28 21:06:00.413 10 INFO neutron.plugins.ml2.plugin [None req-aae7bd32-65d8-4964-be79-bb50d7525302 - - - - - -] Attempt 1 to provision port 38a836e8-a83f-4918-a510-12cf69daad5b
2026-06-28 21:06:01.010 9 INFO neutron.notifiers.nova [-] Nova event matching ['req-148a8553-8c71-4340-b165-33b3c14ddcb7'] response: {'server_uuid': '8d1431ea-9c6a-43a9-bfea-ce8b5b920c80', 'name': 'network-vif-unplugged', 'status': 'completed', 'tag': '189143ca-050a-4a8a-83a9-535bbf239d2b', 'code': 200}
2026-06-28 21:06:01.032 10 INFO neutron.plugins.ml2.plugin [None req-60a5e92b-3b0c-4965-9252-5038f4f3783c - - - - - -] Attempt 1 to provision port 45d21c7f-7e19-4561-87bc-a80a6fcd70e5
2026-06-28 21:06:01.068 10 INFO neutron.plugins.ml2.plugin [None req-60a5e92b-3b0c-4965-9252-5038f4f3783c - - - - - -] Attempt 1 to provision port c1b6a484-c8e5-42d8-9fc6-d4d56deebb11
2026-06-28 21:06:01.853 10 INFO neutron.plugins.ml2.plugin [None req-bd5b30ae-997e-497a-b3b8-a679ce24af1c - - - - - -] Attempt 1 to provision port 98795b24-d3a2-446a-ad23-2da694bd8e99
2026-06-28 21:06:01.904 10 INFO neutron.plugins.ml2.plugin [None req-79a0738b-3f44-4192-aa30-c09e90168760 - - - - - -] Attempt 1 to provision port 5846b9b5-bc5a-486f-8d9e-a292cd2cc824
2026-06-28 21:06:02.288 10 INFO neutron.plugins.ml2.plugin [None req-79a0738b-3f44-4192-aa30-c09e90168760 - - - - - -] Attempt 1 to provision port 98795b24-d3a2-446a-ad23-2da694bd8e99
2026-06-28 21:06:02.453 10 INFO neutron.plugins.ml2.plugin [None req-fd6e6b3f-dfd7-418e-91b2-04c47092192b - - - - - -] Attempt 1 to provision port 2b128339-c767-4a49-b17c-c52f7cf774b3
2026-06-28 21:06:02.612 10 INFO neutron.plugins.ml2.plugin [None req-79a0738b-3f44-4192-aa30-c09e90168760 - - - - - -] Attempt 1 to provision port 189143ca-050a-4a8a-83a9-535bbf239d2b
2026-06-28 21:06:02.812 10 INFO neutron.notifiers.nova [-] Nova event matching ['req-0bc15b53-6ab1-45ed-acb6-d562c797eec9'] response: {'server_uuid': '8d1431ea-9c6a-43a9-bfea-ce8b5b920c80', 'name': 'network-vif-plugged', 'status': 'completed', 'tag': '189143ca-050a-4a8a-83a9-535bbf239d2b', 'code': 200}
2026-06-28 21:06:03.105 10 INFO neutron.plugins.ml2.plugin [None req-79a0738b-3f44-4192-aa30-c09e90168760 - - - - - -] Attempt 1 to provision port c1b6a484-c8e5-42d8-9fc6-d4d56deebb11
2026-06-28 21:06:03.362 10 INFO neutron.plugins.ml2.plugin [None req-79a0738b-3f44-4192-aa30-c09e90168760 - - - - - -] Attempt 1 to provision port 2b128339-c767-4a49-b17c-c52f7cf774b3
2026-06-28 21:06:03.571 10 INFO neutron.plugins.ml2.plugin [None req-ca01d44d-b500-48b2-ae0a-264b39c5298d - - - - - -] Attempt 1 to provision port c1b6a484-c8e5-42d8-9fc6-d4d56deebb11
2026-06-28 21:06:04.277 10 INFO neutron.plugins.ml2.plugin [None req-96dbca0d-1f24-4b2f-9d39-a8a2c83dbc3f - - - - - -] Attempt 1 to provision port 98795b24-d3a2-446a-ad23-2da694bd8e99
2026-06-28 21:06:04.673 9 INFO neutron.plugins.ml2.plugin [None req-79a0738b-3f44-4192-aa30-c09e90168760 - - - - - -] Attempt 1 to provision port c1b6a484-c8e5-42d8-9fc6-d4d56deebb11
2026-06-28 21:06:04.909 9 INFO neutron.plugins.ml2.plugin [None req-79a0738b-3f44-4192-aa30-c09e90168760 - - - - - -] Attempt 1 to provision port 0088eba4-b39e-4f23-9244-215ab4490cdc
2026-06-28 21:06:04.983 10 INFO neutron.plugins.ml2.plugin [None req-2d580ab8-e257-4a27-a7f3-43e0304d53fe - - - - - -] Attempt 1 to provision port 2b128339-c767-4a49-b17c-c52f7cf774b3
2026-06-28 21:06:05.033 9 INFO neutron.notifiers.nova [-] Nova event matching ['req-b0fb1c18-1c05-4d62-acde-c096633683f6'] response: {'server_uuid': '77483e08-a596-405e-807c-f5b95a772fea', 'name': 'network-vif-plugged', 'status': 'completed', 'tag': '0088eba4-b39e-4f23-9244-215ab4490cdc', 'code': 200}
2026-06-28 21:06:05.164 10 INFO neutron.plugins.ml2.plugin [None req-2d580ab8-e257-4a27-a7f3-43e0304d53fe - - - - - -] Attempt 1 to provision port 77032271-b0b1-4164-a31e-424373732a95
2026-06-28 21:06:05.387 9 INFO neutron.plugins.ml2.plugin [None req-79a0738b-3f44-4192-aa30-c09e90168760 - - - - - -] Attempt 1 to provision port 98795b24-d3a2-446a-ad23-2da694bd8e99
2026-06-28 21:06:05.676 9 INFO neutron.plugins.ml2.plugin [None req-79a0738b-3f44-4192-aa30-c09e90168760 - - - - - -] Attempt 1 to provision port b5af7069-32f6-41a5-bea7-40e55c5c691a
2026-06-28 21:06:05.695 10 INFO neutron.plugins.ml2.plugin [None req-24413cc7-fb00-411f-a37e-c9315308aa3b - - - - - -] Attempt 1 to provision port 77032271-b0b1-4164-a31e-424373732a95
2026-06-28 21:06:05.724 10 INFO neutron.plugins.ml2.plugin [None req-24413cc7-fb00-411f-a37e-c9315308aa3b - - - - - -] Attempt 1 to provision port d63f2486-381b-4c6c-a32a-0a75ee620468
2026-06-28 21:06:05.773 10 INFO neutron.plugins.ml2.plugin [None req-24413cc7-fb00-411f-a37e-c9315308aa3b - - - - - -] Attempt 1 to provision port c1b6a484-c8e5-42d8-9fc6-d4d56deebb11
2026-06-28 21:06:06.164 9 INFO neutron.plugins.ml2.plugin [None req-79a0738b-3f44-4192-aa30-c09e90168760 - - - - - -] Attempt 1 to provision port 189143ca-050a-4a8a-83a9-535bbf239d2b
2026-06-28 21:06:06.868 10 INFO neutron.plugins.ml2.plugin [None req-79a0738b-3f44-4192-aa30-c09e90168760 - - - - - -] Attempt 1 to provision port b5af7069-32f6-41a5-bea7-40e55c5c691a
2026-06-28 21:06:07.099 9 INFO neutron.plugins.ml2.plugin [None req-a57358fd-d07e-4dc3-87f8-0af0ba04929a - - - - - -] Attempt 1 to provision port 77032271-b0b1-4164-a31e-424373732a95
2026-06-28 21:06:07.130 9 INFO neutron.plugins.ml2.plugin [None req-a57358fd-d07e-4dc3-87f8-0af0ba04929a - - - - - -] Attempt 1 to provision port d63f2486-381b-4c6c-a32a-0a75ee620468
2026-06-28 21:06:07.144 10 INFO neutron.plugins.ml2.plugin [None req-79a0738b-3f44-4192-aa30-c09e90168760 - - - - - -] Attempt 1 to provision port 0088eba4-b39e-4f23-9244-215ab4490cdc
2026-06-28 21:06:07.158 9 INFO neutron.plugins.ml2.plugin [None req-a57358fd-d07e-4dc3-87f8-0af0ba04929a - - - - - -] Attempt 1 to provision port 98795b24-d3a2-446a-ad23-2da694bd8e99
2026-06-28 21:06:07.805 10 INFO neutron.plugins.ml2.plugin [None req-32821303-410d-4913-b1bc-b9d52a1fca1d - - - - - -] Attempt 1 to provision port d63f2486-381b-4c6c-a32a-0a75ee620468
2026-06-28 21:06:07.848 10 INFO neutron.plugins.ml2.plugin [None req-32821303-410d-4913-b1bc-b9d52a1fca1d - - - - - -] Attempt 1 to provision port 9dcec4c6-a4e0-4fcc-8105-41d28d33d679
2026-06-28 21:06:08.919 10 INFO neutron.plugins.ml2.plugin [None req-7c107478-0ad9-4d0d-8e47-48a15c989725 - - - - - -] Attempt 1 to provision port 9dcec4c6-a4e0-4fcc-8105-41d28d33d679
2026-06-28 21:06:11.819 9 INFO neutron.plugins.ml2.plugin [None req-79a0738b-3f44-4192-aa30-c09e90168760 - - - - - -] Attempt 1 to provision port eba3b1f1-bd02-48f9-8c7b-dbc40b01326a
2026-06-28 21:06:11.944 9 INFO neutron.notifiers.nova [-] Nova event matching ['req-200f441c-408a-47e8-a62c-7c766e04c478'] response: {'server_uuid': '7dc7a327-5dcd-43fc-b5ff-a29ddb250321', 'name': 'network-vif-plugged', 'status': 'completed', 'tag': 'eba3b1f1-bd02-48f9-8c7b-dbc40b01326a', 'code': 200}
2026-06-28 21:06:12.911 10 INFO neutron.plugins.ml2.plugin [None req-79a0738b-3f44-4192-aa30-c09e90168760 - - - - - -] Attempt 1 to provision port eba3b1f1-bd02-48f9-8c7b-dbc40b01326a
2026-06-28 21:06:13.126 10 INFO neutron.plugins.ml2.plugin [None req-79a0738b-3f44-4192-aa30-c09e90168760 - - - - - -] Attempt 1 to provision port 49b9c216-915a-4304-86b8-af9a5cd3768f
2026-06-28 21:06:13.400 10 INFO neutron.plugins.ml2.plugin [None req-79a0738b-3f44-4192-aa30-c09e90168760 - - - - - -] Attempt 1 to provision port 0508247f-f757-4302-abd7-1bad7a636aaa
2026-06-28 21:06:14.775 9 INFO neutron.plugins.ml2.plugin [None req-79a0738b-3f44-4192-aa30-c09e90168760 - - - - - -] Attempt 1 to provision port 49b9c216-915a-4304-86b8-af9a5cd3768f
2026-06-28 21:06:14.904 9 INFO neutron.plugins.ml2.plugin [None req-79a0738b-3f44-4192-aa30-c09e90168760 - - - - - -] Attempt 1 to provision port 0508247f-f757-4302-abd7-1bad7a636aaa
2026-06-28 21:06:19.385 10 INFO neutron.plugins.ml2.plugin [None req-79a0738b-3f44-4192-aa30-c09e90168760 - - - - - -] Attempt 1 to provision port c368f4f7-c950-4969-b795-0a26ac82451e
2026-06-28 21:06:19.497 10 INFO neutron.notifiers.nova [-] Nova event matching ['req-90b9ad2c-55dd-4738-ac70-a06fec5808c8'] response: {'server_uuid': '38db9369-776b-4d60-bcea-aad45c33c1e0', 'name': 'network-vif-plugged', 'status': 'completed', 'tag': 'c368f4f7-c950-4969-b795-0a26ac82451e', 'code': 200}
2026-06-28 21:06:20.923 9 INFO neutron.plugins.ml2.plugin [None req-79a0738b-3f44-4192-aa30-c09e90168760 - - - - - -] Attempt 1 to provision port c368f4f7-c950-4969-b795-0a26ac82451e
2026-06-28 21:06:21.174 9 INFO neutron.plugins.ml2.plugin [None req-79a0738b-3f44-4192-aa30-c09e90168760 - - - - - -] Attempt 1 to provision port 50c21ec8-1468-4608-b74e-315951a89943
2026-06-28 21:06:21.501 9 INFO neutron.plugins.ml2.plugin [None req-79a0738b-3f44-4192-aa30-c09e90168760 - - - - - -] Attempt 1 to provision port 38a836e8-a83f-4918-a510-12cf69daad5b
2026-06-28 21:06:22.809 10 INFO neutron.plugins.ml2.plugin [None req-79a0738b-3f44-4192-aa30-c09e90168760 - - - - - -] Attempt 1 to provision port 50c21ec8-1468-4608-b74e-315951a89943
2026-06-28 21:06:22.991 10 INFO neutron.plugins.ml2.plugin [None req-79a0738b-3f44-4192-aa30-c09e90168760 - - - - - -] Attempt 1 to provision port 77032271-b0b1-4164-a31e-424373732a95
2026-06-28 21:06:23.305 10 INFO neutron.plugins.ml2.plugin [None req-79a0738b-3f44-4192-aa30-c09e90168760 - - - - - -] Attempt 1 to provision port 45d21c7f-7e19-4561-87bc-a80a6fcd70e5
2026-06-28 21:06:23.685 10 INFO neutron.plugins.ml2.plugin [None req-79a0738b-3f44-4192-aa30-c09e90168760 - - - - - -] Attempt 1 to provision port d63f2486-381b-4c6c-a32a-0a75ee620468
2026-06-28 21:06:23.973 10 INFO neutron.plugins.ml2.plugin [None req-79a0738b-3f44-4192-aa30-c09e90168760 - - - - - -] Attempt 1 to provision port 9dcec4c6-a4e0-4fcc-8105-41d28d33d679
2026-06-28 21:06:25.061 9 INFO neutron.plugins.ml2.plugin [None req-79a0738b-3f44-4192-aa30-c09e90168760 - - - - - -] Attempt 1 to provision port d63f2486-381b-4c6c-a32a-0a75ee620468
2026-06-28 21:06:25.274 9 INFO neutron.plugins.ml2.plugin [None req-79a0738b-3f44-4192-aa30-c09e90168760 - - - - - -] Attempt 1 to provision port 77032271-b0b1-4164-a31e-424373732a95
2026-06-28 21:06:25.515 9 INFO neutron.plugins.ml2.plugin [None req-79a0738b-3f44-4192-aa30-c09e90168760 - - - - - -] Attempt 1 to provision port 45d21c7f-7e19-4561-87bc-a80a6fcd70e5
2026-06-28 21:06:25.718 9 INFO neutron.plugins.ml2.plugin [None req-79a0738b-3f44-4192-aa30-c09e90168760 - - - - - -] Attempt 1 to provision port 9dcec4c6-a4e0-4fcc-8105-41d28d33d679
2026-06-28 21:06:35.305 9 INFO neutron.plugins.ml2.plugin [None req-79a0738b-3f44-4192-aa30-c09e90168760 - - - - - -] Attempt 1 to provision port 8cebc432-ae7a-4d4f-b25f-6486ca92696b
2026-06-28 21:06:35.435 9 INFO neutron.notifiers.nova [-] Nova event matching ['req-2c03c9c7-3f7d-4966-acaf-a93c5f14fbe2'] response: {'server_uuid': '5459a5cb-a25a-4e24-a612-6b0eea249c90', 'name': 'network-vif-plugged', 'status': 'completed', 'tag': '8cebc432-ae7a-4d4f-b25f-6486ca92696b', 'code': 200}
2026-06-28 21:06:36.773 10 INFO neutron.plugins.ml2.plugin [None req-79a0738b-3f44-4192-aa30-c09e90168760 - - - - - -] Attempt 1 to provision port 8cebc432-ae7a-4d4f-b25f-6486ca92696b
2026-06-28 21:06:38.828 10 INFO neutron.plugins.ml2.plugin [None req-79a0738b-3f44-4192-aa30-c09e90168760 - - - - - -] Attempt 1 to provision port c3e2f4d4-f2af-457a-a8bc-0ba21e0371cf
2026-06-28 21:06:38.938 10 INFO neutron.notifiers.nova [-] Nova event matching ['req-27469d5a-c801-47ae-a75b-b7eade8d4dd6'] response: {'server_uuid': 'a30ef4d2-5d83-4fd0-a2f4-2b665c188cf5', 'name': 'network-vif-plugged', 'status': 'completed', 'tag': 'c3e2f4d4-f2af-457a-a8bc-0ba21e0371cf', 'code': 200}
2026-06-28 21:06:40.851 9 INFO neutron.plugins.ml2.plugin [None req-79a0738b-3f44-4192-aa30-c09e90168760 - - - - - -] Attempt 1 to provision port c3e2f4d4-f2af-457a-a8bc-0ba21e0371cf
2026-06-28 21:06:48.829 10 INFO neutron.plugins.ml2.plugin [None req-79a0738b-3f44-4192-aa30-c09e90168760 - - - - - -] Attempt 1 to provision port 48706a43-e336-4cb6-801f-6031d37a25ff
2026-06-28 21:06:49.208 10 INFO neutron.plugins.ml2.plugin [None req-79a0738b-3f44-4192-aa30-c09e90168760 - - - - - -] Attempt 1 to provision port 01979e1d-46fe-4c90-a5b5-dcde3a7dc010
2026-06-28 21:06:49.506 9 INFO neutron.plugins.ml2.plugin [None req-edb9ae64-420b-45bc-bbac-f3640c3bfd1e - - - - - -] Attempt 1 to provision port 01979e1d-46fe-4c90-a5b5-dcde3a7dc010
2026-06-28 21:06:50.207 9 INFO neutron.plugins.ml2.plugin [None req-42d19de1-9747-4aea-b193-57dd6c47124b - - - - - -] Attempt 1 to provision port 48706a43-e336-4cb6-801f-6031d37a25ff
2026-06-28 21:06:50.258 9 INFO neutron.plugins.ml2.plugin [None req-42d19de1-9747-4aea-b193-57dd6c47124b - - - - - -] Attempt 1 to provision port 01979e1d-46fe-4c90-a5b5-dcde3a7dc010
2026-06-28 21:06:50.915 10 INFO neutron.plugins.ml2.plugin [None req-05b7f141-d470-47f9-b6c5-48e56eddedba - - - - - -] Attempt 1 to provision port 48706a43-e336-4cb6-801f-6031d37a25ff
2026-06-28 21:06:51.118 9 INFO neutron.plugins.ml2.plugin [None req-79a0738b-3f44-4192-aa30-c09e90168760 - - - - - -] Attempt 1 to provision port 48706a43-e336-4cb6-801f-6031d37a25ff
2026-06-28 21:06:51.320 9 INFO neutron.plugins.ml2.plugin [None req-79a0738b-3f44-4192-aa30-c09e90168760 - - - - - -] Attempt 1 to provision port c6e2bf97-c23a-4027-9f23-a4fc7c13139d
2026-06-28 21:06:51.636 9 INFO neutron.plugins.ml2.plugin [None req-f4f89046-b1cf-4013-b3c4-ad816580ac86 - - - - - -] Attempt 1 to provision port 4c34bd5a-9a1b-440e-8e46-bb1907b2288c
2026-06-28 21:06:51.742 9 INFO neutron.plugins.ml2.plugin [None req-79a0738b-3f44-4192-aa30-c09e90168760 - - - - - -] Attempt 1 to provision port 01979e1d-46fe-4c90-a5b5-dcde3a7dc010
2026-06-28 21:06:52.920 10 INFO neutron.plugins.ml2.plugin [None req-79a0738b-3f44-4192-aa30-c09e90168760 - - - - - -] Attempt 1 to provision port 9874ee3e-3eb0-484d-ada8-fccd35cf5991
2026-06-28 21:06:53.031 9 INFO neutron.plugins.ml2.plugin [None req-d602dcc9-8400-4ee6-a322-18bcb44b48b5 - - - - - -] Attempt 1 to provision port c6e2bf97-c23a-4027-9f23-a4fc7c13139d
2026-06-28 21:06:53.365 10 INFO neutron.plugins.ml2.plugin [None req-79a0738b-3f44-4192-aa30-c09e90168760 - - - - - -] Attempt 1 to provision port c6e2bf97-c23a-4027-9f23-a4fc7c13139d
2026-06-28 21:06:53.734 10 INFO neutron.plugins.ml2.plugin [None req-770e9f23-4fc7-4e77-9982-bf9d38477141 - - - - - -] Attempt 1 to provision port c6e2bf97-c23a-4027-9f23-a4fc7c13139d
2026-06-28 21:06:54.439 9 INFO neutron.plugins.ml2.plugin [None req-975283b0-ee16-4528-a251-be9080fb3a4d - - - - - -] Attempt 1 to provision port 69583888-8794-4569-9561-b6174aaeb28e
2026-06-28 21:06:54.808 10 INFO neutron.plugins.ml2.plugin [None req-79a0738b-3f44-4192-aa30-c09e90168760 - - - - - -] Attempt 1 to provision port 9874ee3e-3eb0-484d-ada8-fccd35cf5991
2026-06-28 21:06:55.149 10 INFO neutron.plugins.ml2.plugin [None req-df5bd038-6b59-4b5f-a057-0215f7325dcd - - - - - -] Attempt 1 to provision port 69583888-8794-4569-9561-b6174aaeb28e
2026-06-28 21:06:55.655 9 INFO neutron.notifiers.nova [-] Nova event matching ['req-22dada12-c9d2-4591-bcea-3cb2e5f06d54'] response: {'server_uuid': '5459a5cb-a25a-4e24-a612-6b0eea249c90', 'name': 'network-vif-unplugged', 'status': 'completed', 'tag': '8cebc432-ae7a-4d4f-b25f-6486ca92696b', 'code': 200}
2026-06-28 21:06:56.847 10 INFO neutron.plugins.ml2.plugin [None req-79a0738b-3f44-4192-aa30-c09e90168760 - - - - - -] Attempt 1 to provision port 884d0007-1a76-44c5-a611-d993ac956de2
2026-06-28 21:06:56.865 9 INFO neutron.plugins.ml2.plugin [None req-c292e2cd-bdae-4e04-8b5b-742a62701f27 - - - - - -] Attempt 1 to provision port 66dcec73-9410-434e-9f4f-50e05a2140f5
2026-06-28 21:06:57.496 10 INFO neutron.plugins.ml2.plugin [None req-79a0738b-3f44-4192-aa30-c09e90168760 - - - - - -] Attempt 1 to provision port 9a3673d6-7230-4765-a8ef-54946983d114
2026-06-28 21:06:57.981 10 INFO neutron.plugins.ml2.plugin [None req-c78e1bd7-f5d4-452f-8a77-3650ff36f0d0 - - - - - -] Attempt 1 to provision port 9a3673d6-7230-4765-a8ef-54946983d114
2026-06-28 21:06:58.060 10 INFO neutron.plugins.ml2.plugin [None req-c78e1bd7-f5d4-452f-8a77-3650ff36f0d0 - - - - - -] Attempt 1 to provision port 884d0007-1a76-44c5-a611-d993ac956de2
2026-06-28 21:06:58.690 10 INFO neutron.plugins.ml2.plugin [None req-46906a25-d8ce-463e-9081-3c196edc72d9 - - - - - -] Attempt 1 to provision port 884d0007-1a76-44c5-a611-d993ac956de2
2026-06-28 21:06:59.017 9 INFO neutron.plugins.ml2.plugin [None req-79a0738b-3f44-4192-aa30-c09e90168760 - - - - - -] Attempt 1 to provision port 884d0007-1a76-44c5-a611-d993ac956de2
2026-06-28 21:06:59.284 9 INFO neutron.plugins.ml2.plugin [None req-79a0738b-3f44-4192-aa30-c09e90168760 - - - - - -] Attempt 1 to provision port 9a3673d6-7230-4765-a8ef-54946983d114
2026-06-28 21:06:59.395 9 INFO neutron.plugins.ml2.plugin [None req-6f02f65e-40ad-43f5-bc6c-3dc54fe7ea3e - - - - - -] Attempt 1 to provision port 9a3673d6-7230-4765-a8ef-54946983d114
2026-06-28 21:07:00.298 10 INFO neutron.plugins.ml2.plugin [None req-7d7bf439-8ef1-4a8d-85c7-3d9068c9370f - - - - - -] Attempt 1 to provision port e073ed2e-4f90-4232-b9c3-7f0f3a3f218f
2026-06-28 21:07:00.797 10 INFO neutron.plugins.ml2.plugin [None req-79a0738b-3f44-4192-aa30-c09e90168760 - - - - - -] Attempt 1 to provision port 6c7c77a4-feac-4e4e-82b3-2706fb899bdc
2026-06-28 21:07:01.007 10 INFO neutron.plugins.ml2.plugin [None req-472b8c70-faed-4759-82b1-f4df9f484d37 - - - - - -] Attempt 1 to provision port e073ed2e-4f90-4232-b9c3-7f0f3a3f218f
2026-06-28 21:07:02.954 10 INFO neutron.plugins.ml2.plugin [None req-79a0738b-3f44-4192-aa30-c09e90168760 - - - - - -] Attempt 1 to provision port 959e20f4-5b78-4dd3-bf20-19170072b334
2026-06-28 21:07:03.126 9 INFO neutron.plugins.ml2.plugin [None req-c79b91ad-c508-4520-8c7a-7ff3aead41f2 - - - - - -] Attempt 1 to provision port ea66e675-2b49-4469-a445-a19ffeef2f7a
2026-06-28 21:07:03.355 10 INFO neutron.plugins.ml2.plugin [None req-79a0738b-3f44-4192-aa30-c09e90168760 - - - - - -] Attempt 1 to provision port 6c7c77a4-feac-4e4e-82b3-2706fb899bdc
2026-06-28 21:07:03.832 9 INFO neutron.plugins.ml2.plugin [None req-3681bc8c-ed6d-4cd8-8989-c2105c78af94 - - - - - -] Attempt 1 to provision port 959e20f4-5b78-4dd3-bf20-19170072b334
2026-06-28 21:07:04.529 9 INFO neutron.plugins.ml2.plugin [None req-4307ea9d-c9ae-463a-8d02-ea3ca865f50e - - - - - -] Attempt 1 to provision port 959e20f4-5b78-4dd3-bf20-19170072b334
2026-06-28 21:07:06.748 9 INFO neutron.plugins.ml2.plugin [None req-b689af35-5b0b-471e-abbd-80a2e0d3b1de - - - - - -] Attempt 1 to provision port 8d7c2ef5-3926-4178-bc54-2e3f49cd3008
2026-06-28 21:07:15.958 9 INFO neutron.plugins.ml2.plugin [None req-79a0738b-3f44-4192-aa30-c09e90168760 - - - - - -] Attempt 1 to provision port 4c34bd5a-9a1b-440e-8e46-bb1907b2288c
2026-06-28 21:07:16.312 9 INFO neutron.plugins.ml2.plugin [None req-79a0738b-3f44-4192-aa30-c09e90168760 - - - - - -] Attempt 1 to provision port 439931c4-b2ec-4f3e-b8b4-02690aac97ec
2026-06-28 21:07:16.414 9 INFO neutron.notifiers.nova [-] Nova event matching ['req-05794724-aa36-4764-8e64-66d765bf74bc'] response: {'server_uuid': '1218f405-2cb6-4ad9-8d34-18f076431284', 'name': 'network-vif-plugged', 'status': 'completed', 'tag': '439931c4-b2ec-4f3e-b8b4-02690aac97ec', 'code': 200}
2026-06-28 21:07:16.711 9 INFO neutron.plugins.ml2.plugin [None req-79a0738b-3f44-4192-aa30-c09e90168760 - - - - - -] Attempt 1 to provision port 69583888-8794-4569-9561-b6174aaeb28e
2026-06-28 21:07:16.882 9 INFO neutron.plugins.ml2.plugin [None req-9c876225-1eed-4bdd-8aee-e0971b9830ba - - - - - -] Attempt 1 to provision port c8e8f041-2e2e-4a3f-92f8-b89786b562f6
2026-06-28 21:07:17.499 9 INFO neutron.plugins.ml2.plugin [None req-aea1987c-fe1c-4452-b512-29a2b78d5331 - - - - - -] Attempt 1 to provision port 3264c454-0a9d-4b3e-9f11-2256643e5995
2026-06-28 21:07:17.755 10 INFO neutron.plugins.ml2.plugin [None req-79a0738b-3f44-4192-aa30-c09e90168760 - - - - - -] Attempt 1 to provision port 69583888-8794-4569-9561-b6174aaeb28e
2026-06-28 21:07:18.027 10 INFO neutron.plugins.ml2.plugin [None req-79a0738b-3f44-4192-aa30-c09e90168760 - - - - - -] Attempt 1 to provision port 4c34bd5a-9a1b-440e-8e46-bb1907b2288c
2026-06-28 21:07:18.212 9 INFO neutron.plugins.ml2.plugin [None req-f5667868-653e-4cdc-b780-77eaea2c38f4 - - - - - -] Attempt 1 to provision port c8e8f041-2e2e-4a3f-92f8-b89786b562f6
2026-06-28 21:07:18.251 10 INFO neutron.plugins.ml2.plugin [None req-79a0738b-3f44-4192-aa30-c09e90168760 - - - - - -] Attempt 1 to provision port 439931c4-b2ec-4f3e-b8b4-02690aac97ec
2026-06-28 21:07:18.313 9 INFO neutron.plugins.ml2.plugin [None req-f5667868-653e-4cdc-b780-77eaea2c38f4 - - - - - -] Attempt 1 to provision port 7b26b000-ce44-4689-9b1f-c1355a58a947
2026-06-28 21:07:18.339 9 INFO neutron.plugins.ml2.plugin [None req-f5667868-653e-4cdc-b780-77eaea2c38f4 - - - - - -] Attempt 1 to provision port 3264c454-0a9d-4b3e-9f11-2256643e5995
2026-06-28 21:07:18.457 10 INFO neutron.plugins.ml2.plugin [None req-79a0738b-3f44-4192-aa30-c09e90168760 - - - - - -] Attempt 1 to provision port c8e8f041-2e2e-4a3f-92f8-b89786b562f6
2026-06-28 21:07:18.698 10 INFO neutron.plugins.ml2.plugin [None req-79a0738b-3f44-4192-aa30-c09e90168760 - - - - - -] Attempt 1 to provision port e073ed2e-4f90-4232-b9c3-7f0f3a3f218f
2026-06-28 21:07:18.912 9 INFO neutron.plugins.ml2.plugin [None req-ba50bdeb-31dc-4fb3-b9c4-9fadc9a0eda1 - - - - - -] Attempt 1 to provision port 7b26b000-ce44-4689-9b1f-c1355a58a947
2026-06-28 21:07:19.057 10 INFO neutron.plugins.ml2.plugin [None req-79a0738b-3f44-4192-aa30-c09e90168760 - - - - - -] Attempt 1 to provision port 3264c454-0a9d-4b3e-9f11-2256643e5995
2026-06-28 21:07:19.296 10 INFO neutron.plugins.ml2.plugin [None req-79a0738b-3f44-4192-aa30-c09e90168760 - - - - - -] Attempt 1 to provision port 66dcec73-9410-434e-9f4f-50e05a2140f5
2026-06-28 21:07:19.627 9 INFO neutron.plugins.ml2.plugin [None req-c937abf3-75ff-4251-973c-09215ec7079d - - - - - -] Attempt 1 to provision port 7b26b000-ce44-4689-9b1f-c1355a58a947
2026-06-28 21:07:19.933 9 INFO neutron.plugins.ml2.plugin [None req-79a0738b-3f44-4192-aa30-c09e90168760 - - - - - -] Attempt 1 to provision port 3264c454-0a9d-4b3e-9f11-2256643e5995
2026-06-28 21:07:20.215 9 INFO neutron.plugins.ml2.plugin [None req-79a0738b-3f44-4192-aa30-c09e90168760 - - - - - -] Attempt 1 to provision port e073ed2e-4f90-4232-b9c3-7f0f3a3f218f
2026-06-28 21:07:20.542 9 INFO neutron.plugins.ml2.plugin [None req-79a0738b-3f44-4192-aa30-c09e90168760 - - - - - -] Attempt 1 to provision port 66dcec73-9410-434e-9f4f-50e05a2140f5
2026-06-28 21:07:25.757 9 INFO neutron.plugins.ml2.plugin [None req-45f2a358-6499-4683-88b8-ff8aa61af898 - - - - - -] Attempt 1 to provision port 632d0daa-01ef-4bd7-8cee-fbc5e9a455ed
2026-06-28 21:07:26.390 10 INFO neutron.plugins.ml2.plugin [None req-79a0738b-3f44-4192-aa30-c09e90168760 - - - - - -] Attempt 1 to provision port 632d0daa-01ef-4bd7-8cee-fbc5e9a455ed
2026-06-28 21:07:26.612 10 INFO neutron.plugins.ml2.plugin [None req-79a0738b-3f44-4192-aa30-c09e90168760 - - - - - -] Attempt 1 to provision port 25281664-6b9c-4369-bd2c-fd9b56a25a35
2026-06-28 21:07:26.868 10 INFO neutron.plugins.ml2.plugin [None req-0be20916-a5ef-44cb-b495-866e4c724214 - - - - - -] Attempt 1 to provision port 632d0daa-01ef-4bd7-8cee-fbc5e9a455ed
2026-06-28 21:07:26.884 10 INFO neutron.notifiers.nova [-] Nova event matching ['req-4cfde2aa-67f0-440c-bc94-e2aa5760f3ba'] response: {'server_uuid': '8d3b71ce-0e4c-467a-9134-a4ebd1eec239', 'name': 'network-vif-plugged', 'status': 'completed', 'tag': '25281664-6b9c-4369-bd2c-fd9b56a25a35', 'code': 200}
2026-06-28 21:07:27.971 10 INFO neutron.plugins.ml2.plugin [None req-79a0738b-3f44-4192-aa30-c09e90168760 - - - - - -] Attempt 1 to provision port 25281664-6b9c-4369-bd2c-fd9b56a25a35
2026-06-28 21:07:29.908 9 INFO neutron.plugins.ml2.plugin [None req-79a0738b-3f44-4192-aa30-c09e90168760 - - - - - -] Attempt 1 to provision port 93b0d9bd-4fe4-48ff-98c4-f8316cc41568
2026-06-28 21:07:31.381 10 INFO neutron.plugins.ml2.plugin [None req-cc2310cf-8c71-4eae-83ec-de5c370f2663 - - - - - -] Attempt 1 to provision port 93b0d9bd-4fe4-48ff-98c4-f8316cc41568
2026-06-28 21:07:31.858 10 INFO neutron.plugins.ml2.plugin [None req-79a0738b-3f44-4192-aa30-c09e90168760 - - - - - -] Attempt 1 to provision port 93b0d9bd-4fe4-48ff-98c4-f8316cc41568
2026-06-28 21:07:32.504 9 INFO neutron.plugins.ml2.plugin [None req-70094479-ee90-46dd-a7cf-69217452ba06 - - - - - -] Attempt 1 to provision port 93b0d9bd-4fe4-48ff-98c4-f8316cc41568
2026-06-28 21:07:36.013 9 INFO neutron.plugins.ml2.plugin [None req-3044ce8e-2016-4258-8a58-13bb141d7956 - - - - - -] Attempt 1 to provision port 27bb3871-7c16-4f5a-85ca-049e6c0c6861
2026-06-28 21:07:52.377 10 INFO neutron.plugins.ml2.plugin [None req-79a0738b-3f44-4192-aa30-c09e90168760 - - - - - -] Attempt 1 to provision port c52c4b1d-70a4-489e-adbe-34746855cc83
2026-06-28 21:07:52.402 10 INFO neutron.plugins.ml2.plugin [None req-8b9b591f-cd50-400c-9c75-4d9a993635f4 - - - - - -] Attempt 1 to provision port 00f8ef0b-9a9d-4ea7-b3f0-d409df48dda5
2026-06-28 21:07:52.890 10 INFO neutron.plugins.ml2.plugin [None req-79a0738b-3f44-4192-aa30-c09e90168760 - - - - - -] Attempt 1 to provision port 4aeb4b18-097c-4c54-9e62-304d743357a7
2026-06-28 21:07:53.264 10 INFO neutron.plugins.ml2.plugin [None req-79a0738b-3f44-4192-aa30-c09e90168760 - - - - - -] Attempt 1 to provision port 00f8ef0b-9a9d-4ea7-b3f0-d409df48dda5
2026-06-28 21:07:53.348 10 INFO neutron.plugins.ml2.plugin [None req-79a0738b-3f44-4192-aa30-c09e90168760 - - - - - -] No ports have port_id starting with 00f8ef0b-9a9d-4ea7-b3f0-d409df48dda5
2026-06-28 21:07:53.730 9 INFO neutron.plugins.ml2.plugin [None req-2ed4dafe-9f2e-4363-b189-cc96401aba8e - - - - - -] Attempt 1 to provision port c52c4b1d-70a4-489e-adbe-34746855cc83
2026-06-28 21:07:54.042 9 INFO neutron.plugins.ml2.plugin [None req-79a0738b-3f44-4192-aa30-c09e90168760 - - - - - -] Attempt 1 to provision port c52c4b1d-70a4-489e-adbe-34746855cc83
2026-06-28 21:07:54.253 9 INFO neutron.plugins.ml2.plugin [None req-79a0738b-3f44-4192-aa30-c09e90168760 - - - - - -] Attempt 1 to provision port b46d6b05-27e1-425b-8fbe-1f7d4ce6e18e
2026-06-28 21:07:54.404 9 INFO neutron.plugins.ml2.plugin [None req-20cffbcb-87c4-422c-b7d7-0e283c55da37 - - - - - -] Attempt 1 to provision port 48254449-ee1b-40ca-9c03-fcf66d71878a
2026-06-28 21:07:54.657 9 INFO neutron.plugins.ml2.plugin [None req-20cffbcb-87c4-422c-b7d7-0e283c55da37 - - - - - -] Attempt 1 to provision port b46d6b05-27e1-425b-8fbe-1f7d4ce6e18e /var/lib/openstack/lib/python3.12/site-packages/oslo_db/sqlalchemy/enginefacade.py:664: SAWarning: DELETE statement on table 'portsecuritybindings' expected to delete 1 row(s); 0 were matched. Please set confirm_deleted_rows=False within the mapper configuration to prevent this warning. self.session.flush() /var/lib/openstack/lib/python3.12/site-packages/oslo_db/sqlalchemy/enginefacade.py:664: SAWarning: DELETE statement on table 'ml2_port_bindings' expected to delete 1 row(s); 0 were matched. Please set confirm_deleted_rows=False within the mapper configuration to prevent this warning. self.session.flush() /var/lib/openstack/lib/python3.12/site-packages/oslo_db/sqlalchemy/enginefacade.py:664: SAWarning: DELETE statement on table 'ml2_port_binding_levels' expected to delete 1 row(s); 0 were matched. Please set confirm_deleted_rows=False within the mapper configuration to prevent this warning. self.session.flush() /var/lib/openstack/lib/python3.12/site-packages/oslo_db/sqlalchemy/enginefacade.py:664: SAWarning: DELETE statement on table 'ports' expected to delete 1 row(s); 0 were matched. Please set confirm_deleted_rows=False within the mapper configuration to prevent this warning. self.session.flush()
2026-06-28 21:08:10.114 9 INFO neutron.plugins.ml2.plugin [None req-87b85c3a-ede2-4442-a74e-700b3dd0c481 - - - - - -] Attempt 1 to provision port ed5c8826-328e-40ca-9a3b-ebfb466c80d8
2026-06-28 21:08:17.539 10 INFO neutron.plugins.ml2.plugin [None req-79a0738b-3f44-4192-aa30-c09e90168760 - - - - - -] Attempt 1 to provision port ed5c8826-328e-40ca-9a3b-ebfb466c80d8
2026-06-28 21:08:18.267 10 INFO neutron.notifiers.nova [-] Nova event matching ['req-f326e8b0-e437-41e1-99e2-404915e8804b'] response: {'server_uuid': '8d3b71ce-0e4c-467a-9134-a4ebd1eec239', 'name': 'network-vif-plugged', 'status': 'completed', 'tag': 'ed5c8826-328e-40ca-9a3b-ebfb466c80d8', 'code': 200}
2026-06-28 21:08:19.765 10 INFO neutron.plugins.ml2.plugin [None req-79a0738b-3f44-4192-aa30-c09e90168760 - - - - - -] Attempt 1 to provision port ed5c8826-328e-40ca-9a3b-ebfb466c80d8
2026-06-28 21:08:45.459 10 INFO neutron.plugins.ml2.plugin [None req-79a0738b-3f44-4192-aa30-c09e90168760 - - - - - -] Attempt 1 to provision port 8ec237c8-8872-46f9-a19e-98af4dcfe1a9
2026-06-28 21:08:45.568 10 INFO neutron.notifiers.nova [-] Nova event matching ['req-aa4faaa9-f3b8-4419-8517-db2aca223e76'] response: {'server_uuid': '8d3b71ce-0e4c-467a-9134-a4ebd1eec239', 'name': 'network-vif-plugged', 'status': 'completed', 'tag': '8ec237c8-8872-46f9-a19e-98af4dcfe1a9', 'code': 200}
2026-06-28 21:08:47.272 9 INFO neutron.plugins.ml2.plugin [None req-ffab5717-7e72-451a-9624-7b138bb13a73 - - - - - -] Attempt 1 to provision port 8ec237c8-8872-46f9-a19e-98af4dcfe1a9
