Jun 29 04:28:10.448041 np0000183329 devstack@neutron-api.service[103435]: DEBUG neutron_lib.callbacks.manager [None req-4a3be388-a819-4bc6-94c6-032510648d94 None None] Subscribe: > router precommit_update 55550100, False {{(pid=103435) subscribe /opt/stack/data/venv/lib/python3.12/site-packages/neutron_lib/callbacks/manager.py:52}}
Jun 29 04:28:10.448243 np0000183329 devstack@neutron-api.service[103434]: DEBUG neutron.api.v2.resource_helper [None req-863e952c-2137-449d-8386-281b22926604 None None] Service L3_ROUTER_NAT assigned prefix: {{(pid=103434) build_resource_info /opt/stack/neutron/neutron/api/v2/resource_helper.py:77}}
Jun 29 04:28:10.448327 np0000183329 devstack@neutron-api.service[103433]: DEBUG neutron.api.extensions [None req-d4e1dd48-477c-4e26-a2e3-53bbe9e87f5c None None] Ext name="Router Availability Zone" alias="router_availability_zone" description="Availability zone support for router." updated="2015-01-01T10:00:00-00:00" {{(pid=103433) _check_extension /opt/stack/neutron/neutron/api/extensions.py:415}}
Jun 29 04:28:10.448415 np0000183329 devstack@neutron-api.service[103434]: INFO neutron.quota.resource_registry [None req-863e952c-2137-449d-8386-281b22926604 None None] Creating instance of TrackedResource for resource:router
Jun 29 04:28:10.448590 np0000183329 devstack@neutron-api.service[103433]: INFO neutron.api.extensions [None req-d4e1dd48-477c-4e26-a2e3-53bbe9e87f5c None None] Loaded extension: router_availability_zone
Jun 29 04:28:10.448695 np0000183329 devstack@neutron-api.service[103433]: DEBUG neutron.api.extensions [None req-d4e1dd48-477c-4e26-a2e3-53bbe9e87f5c None None] Loading extension file: router_enable_snat.py {{(pid=103433) _load_all_extensions_from_path /opt/stack/neutron/neutron/api/extensions.py:449}}
Jun 29 04:28:10.449046 np0000183329 devstack@neutron-api.service[103434]: INFO neutron.quota.resource_registry [None req-863e952c-2137-449d-8386-281b22926604 None None] Creating instance of TrackedResource for resource:floatingip
Jun 29 04:28:10.449120 np0000183329 devstack@neutron-api.service[103433]: DEBUG neutron.api.extensions [None req-d4e1dd48-477c-4e26-a2e3-53bbe9e87f5c None None] Ext name="Exposes the router "enable_snat" read-only configuration flag" alias="router-enable-snat" description="Exposes the router "enable_snat" read-only configuration flag" updated="2025-09-18T18:00:00-00:00" {{(pid=103433) _check_extension /opt/stack/neutron/neutron/api/extensions.py:415}}
Jun 29 04:28:10.449329 np0000183329 devstack@neutron-api.service[103433]: INFO neutron.api.extensions [None req-d4e1dd48-477c-4e26-a2e3-53bbe9e87f5c None None] Loaded extension: router-enable-snat
Jun 29 04:28:10.449487 np0000183329 devstack@neutron-api.service[103433]: DEBUG neutron.api.extensions [None req-d4e1dd48-477c-4e26-a2e3-53bbe9e87f5c None None] Loading extension file: routerservicetype.py {{(pid=103433) _load_all_extensions_from_path /opt/stack/neutron/neutron/api/extensions.py:449}}
Jun 29 04:28:10.449799 np0000183329 devstack@neutron-api.service[103433]: DEBUG neutron.api.extensions [None req-d4e1dd48-477c-4e26-a2e3-53bbe9e87f5c None None] Ext name="Router Service Type" alias="router-service-type" description="Provides router service type" updated="2013-01-29T00:00:00-00:00" {{(pid=103433) _check_extension /opt/stack/neutron/neutron/api/extensions.py:415}}
Jun 29 04:28:10.450113 np0000183329 devstack@neutron-api.service[103433]: INFO neutron.api.extensions [None req-d4e1dd48-477c-4e26-a2e3-53bbe9e87f5c None None] Extension router-service-type not supported by any of loaded plugins
Jun 29 04:28:10.450283 np0000183329 devstack@neutron-api.service[103433]: DEBUG neutron.api.extensions [None req-d4e1dd48-477c-4e26-a2e3-53bbe9e87f5c None None] Loading extension file: security_groups_default_rules.py {{(pid=103433) _load_all_extensions_from_path /opt/stack/neutron/neutron/api/extensions.py:449}}
Jun 29 04:28:10.450798 np0000183329 devstack@neutron-api.service[103434]: INFO neutron.quota.resource_registry [None req-863e952c-2137-449d-8386-281b22926604 None None] Creating instance of CountableResource for resource:rbac_policy
Jun 29 04:28:10.450971 np0000183329 devstack@neutron-api.service[103433]: DEBUG neutron.api.extensions [None req-d4e1dd48-477c-4e26-a2e3-53bbe9e87f5c None None] Ext name="Default rules for security groups" alias="security-groups-default-rules" description="Configure set of security group rules used as default rules for every new security group" updated="2022-12-19T10:00:00-00:00" {{(pid=103433) _check_extension /opt/stack/neutron/neutron/api/extensions.py:415}}
Jun 29 04:28:10.451213 np0000183329 devstack@neutron-api.service[103433]: INFO neutron.api.extensions [None req-d4e1dd48-477c-4e26-a2e3-53bbe9e87f5c None None] Loaded extension: security-groups-default-rules
Jun 29 04:28:10.451364 np0000183329 devstack@neutron-api.service[103433]: DEBUG neutron.api.extensions [None req-d4e1dd48-477c-4e26-a2e3-53bbe9e87f5c None None] Loading extension file: security_groups_default_statefulness.py {{(pid=103433) _load_all_extensions_from_path /opt/stack/neutron/neutron/api/extensions.py:449}}
Jun 29 04:28:10.451774 np0000183329 devstack@neutron-api.service[103433]: DEBUG neutron.api.extensions [None req-d4e1dd48-477c-4e26-a2e3-53bbe9e87f5c None None] Ext name="Security Groups Default Statefulness" alias="security-groups-default-statefulness" description="Allows configuring the default value of the 'stateful' attribute for new security groups, on a per-project or system-wide basis" updated="2026-04-13T00:00:00-00:00" {{(pid=103433) _check_extension /opt/stack/neutron/neutron/api/extensions.py:415}}
Jun 29 04:28:10.451886 np0000183329 devstack@neutron-api.service[103434]: INFO neutron.quota.resource_registry [None req-863e952c-2137-449d-8386-281b22926604 None None] Creating instance of TrackedResource for resource:security_group
Jun 29 04:28:10.452038 np0000183329 devstack@neutron-api.service[103433]: INFO neutron.api.extensions [None req-d4e1dd48-477c-4e26-a2e3-53bbe9e87f5c None None] Loaded extension: security-groups-default-statefulness
Jun 29 04:28:10.452217 np0000183329 devstack@neutron-api.service[103433]: DEBUG neutron.api.extensions [None req-d4e1dd48-477c-4e26-a2e3-53bbe9e87f5c None None] Loading extension file: security_groups_normalized_cidr.py {{(pid=103433) _load_all_extensions_from_path /opt/stack/neutron/neutron/api/extensions.py:449}}
Jun 29 04:28:10.452285 np0000183329 devstack@neutron-api.service[103435]: DEBUG neutron.services.provider_configuration [None req-4a3be388-a819-4bc6-94c6-032510648d94 None None] Service providers = [] {{(pid=103435) parse_service_provider_opt /opt/stack/neutron/neutron/services/provider_configuration.py:170}}
Jun 29 04:28:10.452363 np0000183329 devstack@neutron-api.service[103434]: INFO neutron.quota.resource_registry [None req-863e952c-2137-449d-8386-281b22926604 None None] Creating instance of TrackedResource for resource:security_group_rule
Jun 29 04:28:10.452416 np0000183329 devstack@neutron-api.service[103435]: DEBUG neutron.db.servicetype_db [None req-4a3be388-a819-4bc6-94c6-032510648d94 None None] Adding provider configuration for service L3_ROUTER_NAT {{(pid=103435) add_provider_configuration /opt/stack/neutron/neutron/db/servicetype_db.py:45}}
Jun 29 04:28:10.452663 np0000183329 devstack@neutron-api.service[103433]: DEBUG neutron.api.extensions [None req-d4e1dd48-477c-4e26-a2e3-53bbe9e87f5c None None] Ext name="Normalized CIDR field for security group rules" alias="security-groups-normalized-cidr" description="Add new field with normalized remote_ip_prefix cidr in SG rule" updated="2020-07-28T10:00:00-00:00" {{(pid=103433) _check_extension /opt/stack/neutron/neutron/api/extensions.py:415}}
Jun 29 04:28:10.452924 np0000183329 devstack@neutron-api.service[103433]: INFO neutron.api.extensions [None req-d4e1dd48-477c-4e26-a2e3-53bbe9e87f5c None None] Loaded extension: security-groups-normalized-cidr
Jun 29 04:28:10.453056 np0000183329 devstack@neutron-api.service[103433]: DEBUG neutron.api.extensions [None req-d4e1dd48-477c-4e26-a2e3-53bbe9e87f5c None None] Loading extension file: security_groups_port_filtering.py {{(pid=103433) _load_all_extensions_from_path /opt/stack/neutron/neutron/api/extensions.py:449}}
Jun 29 04:28:10.453275 np0000183329 devstack@neutron-api.service[103434]: DEBUG neutron.api.v2.resource_helper [None req-863e952c-2137-449d-8386-281b22926604 None None] Service CORE assigned prefix: {{(pid=103434) build_resource_info /opt/stack/neutron/neutron/api/v2/resource_helper.py:77}}
Jun 29 04:28:10.453397 np0000183329 devstack@neutron-api.service[103433]: DEBUG neutron.api.extensions [None req-d4e1dd48-477c-4e26-a2e3-53bbe9e87f5c None None] Ext name="Port filtering on security groups" alias="port-security-groups-filtering" description="Provides security groups filtering when listing ports" updated="2018-01-09T09:00:00-00:00" {{(pid=103433) _check_extension /opt/stack/neutron/neutron/api/extensions.py:415}}
Jun 29 04:28:10.453480 np0000183329 devstack@neutron-api.service[103434]: INFO neutron.quota.resource_registry [None req-863e952c-2137-449d-8386-281b22926604 None None] Creating instance of TrackedResource for resource:subnetpool
Jun 29 04:28:10.453762 np0000183329 devstack@neutron-api.service[103434]: WARNING neutron.quota.resource_registry [None req-863e952c-2137-449d-8386-281b22926604 None None] subnetpool is already registered
Jun 29 04:28:10.453837 np0000183329 devstack@neutron-api.service[103433]: INFO neutron.api.extensions [None req-d4e1dd48-477c-4e26-a2e3-53bbe9e87f5c None None] Extension port-security-groups-filtering not supported by any of loaded plugins
Jun 29 04:28:10.453837 np0000183329 devstack@neutron-api.service[103433]: DEBUG neutron.api.extensions [None req-d4e1dd48-477c-4e26-a2e3-53bbe9e87f5c None None] Loading extension file: security_groups_remote_address_group.py {{(pid=103433) _load_all_extensions_from_path /opt/stack/neutron/neutron/api/extensions.py:449}}
Jun 29 04:28:10.454407 np0000183329 devstack@neutron-api.service[103435]: DEBUG neutron_lib.callbacks.manager [None req-4a3be388-a819-4bc6-94c6-032510648d94 None None] Subscribe: > router precommit_create 55549900, False {{(pid=103435) subscribe /opt/stack/data/venv/lib/python3.12/site-packages/neutron_lib/callbacks/manager.py:52}}
Jun 29 04:28:10.454529 np0000183329 devstack@neutron-api.service[103433]: DEBUG neutron.api.extensions [None req-d4e1dd48-477c-4e26-a2e3-53bbe9e87f5c None None] Ext name="Remote address group id field for security group rules" alias="security-groups-remote-address-group" description="Add new field of remote address group id in SG rules" updated="2020-08-25T10:00:00-00:00" {{(pid=103433) _check_extension /opt/stack/neutron/neutron/api/extensions.py:415}}
Jun 29 04:28:10.454559 np0000183329 devstack@neutron-api.service[103434]: DEBUG neutron.api.v2.resource_helper [None req-863e952c-2137-449d-8386-281b22926604 None None] Service CORE assigned prefix: {{(pid=103434) build_resource_info /opt/stack/neutron/neutron/api/v2/resource_helper.py:77}}
Jun 29 04:28:10.454584 np0000183329 devstack@neutron-api.service[103435]: DEBUG neutron_lib.callbacks.manager [None req-4a3be388-a819-4bc6-94c6-032510648d94 None None] Subscribe: > router_interface after_create 55550000, False {{(pid=103435) subscribe /opt/stack/data/venv/lib/python3.12/site-packages/neutron_lib/callbacks/manager.py:52}}
Jun 29 04:28:10.454584 np0000183329 devstack@neutron-api.service[103435]: DEBUG neutron_lib.callbacks.manager [None req-4a3be388-a819-4bc6-94c6-032510648d94 None None] Subscribe: > floatingip after_create 55550000, False {{(pid=103435) subscribe /opt/stack/data/venv/lib/python3.12/site-packages/neutron_lib/callbacks/manager.py:52}}
Jun 29 04:28:10.454662 np0000183329 devstack@neutron-api.service[103434]: INFO neutron.quota.resource_registry [None req-863e952c-2137-449d-8386-281b22926604 None None] Creating instance of TrackedResource for resource:subnetpool
Jun 29 04:28:10.454687 np0000183329 devstack@neutron-api.service[103433]: INFO neutron.api.extensions [None req-d4e1dd48-477c-4e26-a2e3-53bbe9e87f5c None None] Loaded extension: security-groups-remote-address-group
Jun 29 04:28:10.454711 np0000183329 devstack@neutron-api.service[103435]: DEBUG neutron_lib.callbacks.manager [None req-4a3be388-a819-4bc6-94c6-032510648d94 None None] Subscribe: > floatingip precommit_create 55550000, False {{(pid=103435) subscribe /opt/stack/data/venv/lib/python3.12/site-packages/neutron_lib/callbacks/manager.py:52}}
Jun 29 04:28:10.454711 np0000183329 devstack@neutron-api.service[103435]: DEBUG neutron_lib.callbacks.manager [None req-4a3be388-a819-4bc6-94c6-032510648d94 None None] Subscribe: > floatingip precommit_update 55550000, False {{(pid=103435) subscribe /opt/stack/data/venv/lib/python3.12/site-packages/neutron_lib/callbacks/manager.py:52}}
Jun 29 04:28:10.454959 np0000183329 devstack@neutron-api.service[103433]: DEBUG neutron.api.extensions [None req-d4e1dd48-477c-4e26-a2e3-53bbe9e87f5c None None] Loading extension file: security_groups_rules_belongs_to_default_sg.py {{(pid=103433) _load_all_extensions_from_path /opt/stack/neutron/neutron/api/extensions.py:449}}
Jun 29 04:28:10.455053 np0000183329 devstack@neutron-api.service[103434]: WARNING neutron.quota.resource_registry [None req-863e952c-2137-449d-8386-281b22926604 None None] subnetpool is already registered
Jun 29 04:28:10.455140 np0000183329 devstack@neutron-api.service[103435]: DEBUG neutron_lib.callbacks.manager [None req-4a3be388-a819-4bc6-94c6-032510648d94 None None] Subscribe: > floatingip after_delete 55550000, False {{(pid=103435) subscribe /opt/stack/data/venv/lib/python3.12/site-packages/neutron_lib/callbacks/manager.py:52}}
Jun 29 04:28:10.455140 np0000183329 devstack@neutron-api.service[103435]: DEBUG neutron_lib.callbacks.manager [None req-4a3be388-a819-4bc6-94c6-032510648d94 None None] Subscribe: > floatingip after_status_update 55550000, False {{(pid=103435) subscribe /opt/stack/data/venv/lib/python3.12/site-packages/neutron_lib/callbacks/manager.py:52}}
Jun 29 04:28:10.455140 np0000183329 devstack@neutron-api.service[103435]: DEBUG neutron_lib.callbacks.manager [None req-4a3be388-a819-4bc6-94c6-032510648d94 None None] Subscribe: > floatingip after_update 55550000, False {{(pid=103435) subscribe /opt/stack/data/venv/lib/python3.12/site-packages/neutron_lib/callbacks/manager.py:52}}
Jun 29 04:28:10.455140 np0000183329 devstack@neutron-api.service[103435]: DEBUG neutron_lib.callbacks.manager [None req-4a3be388-a819-4bc6-94c6-032510648d94 None None] Subscribe: > port_forwarding after_create 55550000, False {{(pid=103435) subscribe /opt/stack/data/venv/lib/python3.12/site-packages/neutron_lib/callbacks/manager.py:52}}
Jun 29 04:28:10.455419 np0000183329 devstack@neutron-api.service[103435]: DEBUG neutron_lib.callbacks.manager [None req-4a3be388-a819-4bc6-94c6-032510648d94 None None] Subscribe: > router_interface after_delete 55550000, False {{(pid=103435) subscribe /opt/stack/data/venv/lib/python3.12/site-packages/neutron_lib/callbacks/manager.py:52}}
Jun 29 04:28:10.455419 np0000183329 devstack@neutron-api.service[103435]: DEBUG neutron_lib.callbacks.manager [None req-4a3be388-a819-4bc6-94c6-032510648d94 None None] Subscribe: > router after_create 55550000, False {{(pid=103435) subscribe /opt/stack/data/venv/lib/python3.12/site-packages/neutron_lib/callbacks/manager.py:52}}
Jun 29 04:28:10.455507 np0000183329 devstack@neutron-api.service[103433]: DEBUG neutron.api.extensions [None req-d4e1dd48-477c-4e26-a2e3-53bbe9e87f5c None None] Ext name="Security group rule belongs to the project's default security group" alias="security-groups-rules-belongs-to-default-sg" description="Flag to determine if the security group rule belongs to the project's default security group" updated="2023-05-23T10:00:00-00:00" {{(pid=103433) _check_extension /opt/stack/neutron/neutron/api/extensions.py:415}}
Jun 29 04:28:10.455576 np0000183329 devstack@neutron-api.service[103435]: DEBUG neutron_lib.callbacks.manager [None req-4a3be388-a819-4bc6-94c6-032510648d94 None None] Subscribe: > router precommit_create 55550000, False {{(pid=103435) subscribe /opt/stack/data/venv/lib/python3.12/site-packages/neutron_lib/callbacks/manager.py:52}}
Jun 29 04:28:10.455676 np0000183329 devstack@neutron-api.service[103435]: DEBUG neutron_lib.callbacks.manager [None req-4a3be388-a819-4bc6-94c6-032510648d94 None None] Subscribe: > router after_delete 55550000, False {{(pid=103435) subscribe /opt/stack/data/venv/lib/python3.12/site-packages/neutron_lib/callbacks/manager.py:52}}
Jun 29 04:28:10.456195 np0000183329 devstack@neutron-api.service[103433]: INFO neutron.api.extensions [None req-d4e1dd48-477c-4e26-a2e3-53bbe9e87f5c None None] Loaded extension: security-groups-rules-belongs-to-default-sg
Jun 29 04:28:10.456306 np0000183329 devstack@neutron-api.service[103435]: DEBUG neutron_lib.callbacks.manager [None req-4a3be388-a819-4bc6-94c6-032510648d94 None None] Subscribe: > router after_update 55550000, False {{(pid=103435) subscribe /opt/stack/data/venv/lib/python3.12/site-packages/neutron_lib/callbacks/manager.py:52}}
Jun 29 04:28:10.456366 np0000183329 devstack@neutron-api.service[103433]: DEBUG neutron.api.extensions [None req-d4e1dd48-477c-4e26-a2e3-53bbe9e87f5c None None] Loading extension file: security_groups_shared_filtering.py {{(pid=103433) _load_all_extensions_from_path /opt/stack/neutron/neutron/api/extensions.py:449}}
Jun 29 04:28:10.456721 np0000183329 devstack@neutron-api.service[103435]: DEBUG neutron.services.service_base [None req-4a3be388-a819-4bc6-94c6-032510648d94 None None] Loaded 'neutron.services.ovn_l3.service_providers.ovn.OvnDriver' provider for service L3_ROUTER_NAT {{(pid=103435) load_drivers /opt/stack/neutron/neutron/services/service_base.py:49}}
Jun 29 04:28:10.456721 np0000183329 devstack@neutron-api.service[103435]: DEBUG neutron_lib.callbacks.manager [None req-4a3be388-a819-4bc6-94c6-032510648d94 None None] Subscribe: > process after_init 55550001, True {{(pid=103435) subscribe /opt/stack/data/venv/lib/python3.12/site-packages/neutron_lib/callbacks/manager.py:52}}
Jun 29 04:28:10.456721 np0000183329 devstack@neutron-api.service[103435]: DEBUG neutron.manager [None req-4a3be388-a819-4bc6-94c6-032510648d94 None None] Successfully loaded L3_ROUTER_NAT plugin. Description: L3 Router Service Plugin for basic L3 forwarding using OVN {{(pid=103435) _create_and_add_service_plugin /opt/stack/neutron/neutron/manager.py:236}}
Jun 29 04:28:10.456870 np0000183329 devstack@neutron-api.service[103433]: DEBUG neutron.api.extensions [None req-d4e1dd48-477c-4e26-a2e3-53bbe9e87f5c None None] Ext name="Security group filtering on the shared field" alias="security-groups-shared-filtering" description="Support filtering security groups on the shared field" updated="2021-10-05T09:00:00-00:00" {{(pid=103433) _check_extension /opt/stack/neutron/neutron/api/extensions.py:415}}
Jun 29 04:28:10.456933 np0000183329 devstack@neutron-api.service[103435]: INFO neutron.manager [None req-4a3be388-a819-4bc6-94c6-032510648d94 None None] Loading Plugin: auto_allocate
Jun 29 04:28:10.456995 np0000183329 devstack@neutron-api.service[103433]: INFO neutron.api.extensions [None req-d4e1dd48-477c-4e26-a2e3-53bbe9e87f5c None None] Loaded extension: security-groups-shared-filtering
Jun 29 04:28:10.457250 np0000183329 devstack@neutron-api.service[103433]: DEBUG neutron.api.extensions [None req-d4e1dd48-477c-4e26-a2e3-53bbe9e87f5c None None] Loading extension file: securitygroup.py {{(pid=103433) _load_all_extensions_from_path /opt/stack/neutron/neutron/api/extensions.py:449}}
Jun 29 04:28:10.457864 np0000183329 devstack@neutron-api.service[103435]: DEBUG neutron_lib.callbacks.manager [None req-4a3be388-a819-4bc6-94c6-032510648d94 None None] Subscribe: network precommit_update 55550000, False {{(pid=103435) subscribe /opt/stack/data/venv/lib/python3.12/site-packages/neutron_lib/callbacks/manager.py:52}}
Jun 29 04:28:10.457930 np0000183329 devstack@neutron-api.service[103434]: INFO neutron.quota.resource_registry [None req-863e952c-2137-449d-8386-281b22926604 None None] Creating instance of CountableResource for resource:router_route
Jun 29 04:28:10.457995 np0000183329 devstack@neutron-api.service[103435]: DEBUG neutron_lib.callbacks.manager [None req-4a3be388-a819-4bc6-94c6-032510648d94 None None] Subscribe: network precommit_create 55550000, False {{(pid=103435) subscribe /opt/stack/data/venv/lib/python3.12/site-packages/neutron_lib/callbacks/manager.py:52}}
Jun 29 04:28:10.458057 np0000183329 devstack@neutron-api.service[103434]: WARNING neutron.quota.resource_registry [None req-863e952c-2137-449d-8386-281b22926604 None None] router_route is already registered
Jun 29 04:28:10.458223 np0000183329 devstack@neutron-api.service[103435]: DEBUG neutron.manager [None req-4a3be388-a819-4bc6-94c6-032510648d94 None None] Successfully loaded auto-allocated-topology plugin. Description: Auto Allocated Topology - aka get me a network. {{(pid=103435) _create_and_add_service_plugin /opt/stack/neutron/neutron/manager.py:236}}
Jun 29 04:28:10.458263 np0000183329 devstack@neutron-api.service[103434]: DEBUG neutron.api.v2.resource_helper [None req-863e952c-2137-449d-8386-281b22926604 None None] Service L3_ROUTER_NAT assigned prefix: {{(pid=103434) build_resource_info /opt/stack/neutron/neutron/api/v2/resource_helper.py:77}}
Jun 29 04:28:10.458322 np0000183329 devstack@neutron-api.service[103435]: INFO neutron.manager [None req-4a3be388-a819-4bc6-94c6-032510648d94 None None] Loading Plugin: tag
Jun 29 04:28:10.458794 np0000183329 devstack@neutron-api.service[103434]: DEBUG neutron.api.v2.resource_helper [None req-863e952c-2137-449d-8386-281b22926604 None None] Service FLAVORS assigned prefix: {{(pid=103434) build_resource_info /opt/stack/neutron/neutron/api/v2/resource_helper.py:77}}
Jun 29 04:28:10.459847 np0000183329 devstack@neutron-api.service[103433]: DEBUG neutron.api.extensions [None req-d4e1dd48-477c-4e26-a2e3-53bbe9e87f5c None None] Ext name="security-group" alias="security-group" description="The security groups extension." updated="2012-10-05T10:00:00-00:00" {{(pid=103433) _check_extension /opt/stack/neutron/neutron/api/extensions.py:415}}
Jun 29 04:28:10.460105 np0000183329 devstack@neutron-api.service[103434]: DEBUG neutron.api.v2.resource_helper [None req-863e952c-2137-449d-8386-281b22926604 None None] Service L3_ROUTER_NAT assigned prefix: {{(pid=103434) build_resource_info /opt/stack/neutron/neutron/api/v2/resource_helper.py:77}}
Jun 29 04:28:10.460156 np0000183329 devstack@neutron-api.service[103433]: INFO neutron.api.extensions [None req-d4e1dd48-477c-4e26-a2e3-53bbe9e87f5c None None] Loaded extension: security-group
Jun 29 04:28:10.460255 np0000183329 devstack@neutron-api.service[103433]: DEBUG neutron.api.extensions [None req-d4e1dd48-477c-4e26-a2e3-53bbe9e87f5c None None] Loading extension file: segment.py {{(pid=103433) _load_all_extensions_from_path /opt/stack/neutron/neutron/api/extensions.py:449}}
Jun 29 04:28:10.460656 np0000183329 devstack@neutron-api.service[103434]: DEBUG neutron.api.v2.resource_helper [None req-863e952c-2137-449d-8386-281b22926604 None None] Service L3_ROUTER_NAT assigned prefix: {{(pid=103434) build_resource_info /opt/stack/neutron/neutron/api/v2/resource_helper.py:77}}
Jun 29 04:28:10.460736 np0000183329 devstack@neutron-api.service[103433]: DEBUG neutron.api.extensions [None req-d4e1dd48-477c-4e26-a2e3-53bbe9e87f5c None None] Ext name="Segment" alias="segment" description="Segments extension." updated="2016-02-24T17:00:00-00:00" {{(pid=103433) _check_extension /opt/stack/neutron/neutron/api/extensions.py:415}}
Jun 29 04:28:10.460835 np0000183329 devstack@neutron-api.service[103434]: INFO neutron.quota.resource_registry [None req-863e952c-2137-449d-8386-281b22926604 None None] Creating instance of TrackedResource for resource:router
Jun 29 04:28:10.461046 np0000183329 devstack@neutron-api.service[103433]: INFO neutron.api.extensions [None req-d4e1dd48-477c-4e26-a2e3-53bbe9e87f5c None None] Extension segment not supported by any of loaded plugins
Jun 29 04:28:10.461087 np0000183329 devstack@neutron-api.service[103434]: WARNING neutron.quota.resource_registry [None req-863e952c-2137-449d-8386-281b22926604 None None] router is already registered
Jun 29 04:28:10.461140 np0000183329 devstack@neutron-api.service[103433]: DEBUG neutron.api.extensions [None req-d4e1dd48-477c-4e26-a2e3-53bbe9e87f5c None None] Loading extension file: segments_peer_subnet_host_routes.py {{(pid=103433) _load_all_extensions_from_path /opt/stack/neutron/neutron/api/extensions.py:449}}
Jun 29 04:28:10.461487 np0000183329 devstack@neutron-api.service[103433]: DEBUG neutron.api.extensions [None req-d4e1dd48-477c-4e26-a2e3-53bbe9e87f5c None None] Ext name="Segments peer-subnet host routes" alias="segments-peer-subnet-host-routes" description="Add host routes to subnets on a routed network (segments)" updated="2018-06-12T10:00:00-00:00" {{(pid=103433) _check_extension /opt/stack/neutron/neutron/api/extensions.py:415}}
Jun 29 04:28:10.462085 np0000183329 devstack@neutron-api.service[103433]: INFO neutron.api.extensions [None req-d4e1dd48-477c-4e26-a2e3-53bbe9e87f5c None None] Extension segments-peer-subnet-host-routes not supported by any of loaded plugins
Jun 29 04:28:10.462135 np0000183329 devstack@neutron-api.service[103434]: INFO neutron.quota.resource_registry [None req-863e952c-2137-449d-8386-281b22926604 None None] Creating instance of TrackedResource for resource:floatingip
Jun 29 04:28:10.462190 np0000183329 devstack@neutron-api.service[103433]: DEBUG neutron.api.extensions [None req-d4e1dd48-477c-4e26-a2e3-53bbe9e87f5c None None] Loading extension file: servicetype.py {{(pid=103433) _load_all_extensions_from_path /opt/stack/neutron/neutron/api/extensions.py:449}}
Jun 29 04:28:10.462264 np0000183329 devstack@neutron-api.service[103434]: WARNING neutron.quota.resource_registry [None req-863e952c-2137-449d-8386-281b22926604 None None] floatingip is already registered
Jun 29 04:28:10.462344 np0000183329 devstack@neutron-api.service[103433]: DEBUG neutron.api.extensions [None req-d4e1dd48-477c-4e26-a2e3-53bbe9e87f5c None None] Ext name="Neutron Service Type Management" alias="service-type" description="API for retrieving service providers for Neutron advanced services" updated="2013-01-20T00:00:00-00:00" {{(pid=103433) _check_extension /opt/stack/neutron/neutron/api/extensions.py:415}}
Jun 29 04:28:10.462493 np0000183329 devstack@neutron-api.service[103433]: INFO neutron.api.extensions [None req-d4e1dd48-477c-4e26-a2e3-53bbe9e87f5c None None] Loaded extension: service-type
Jun 29 04:28:10.462632 np0000183329 devstack@neutron-api.service[103433]: DEBUG neutron.api.extensions [None req-d4e1dd48-477c-4e26-a2e3-53bbe9e87f5c None None] Loading extension file: sorting.py {{(pid=103433) _load_all_extensions_from_path /opt/stack/neutron/neutron/api/extensions.py:449}}
Jun 29 04:28:10.463203 np0000183329 devstack@neutron-api.service[103433]: DEBUG neutron.api.extensions [None req-d4e1dd48-477c-4e26-a2e3-53bbe9e87f5c None None] Ext name="Sorting support" alias="sorting" description="Extension that indicates that sorting is enabled." updated="2016-06-12T00:00:00-00:00" {{(pid=103433) _check_extension /opt/stack/neutron/neutron/api/extensions.py:415}}
Jun 29 04:28:10.463203 np0000183329 devstack@neutron-api.service[103433]: INFO neutron.api.extensions [None req-d4e1dd48-477c-4e26-a2e3-53bbe9e87f5c None None] Loaded extension: sorting
Jun 29 04:28:10.463306 np0000183329 devstack@neutron-api.service[103435]: DEBUG neutron.manager [None req-4a3be388-a819-4bc6-94c6-032510648d94 None None] Successfully loaded TAG plugin. Description: Tag support {{(pid=103435) _create_and_add_service_plugin /opt/stack/neutron/neutron/manager.py:236}}
Jun 29 04:28:10.463370 np0000183329 devstack@neutron-api.service[103433]: DEBUG neutron.api.extensions [None req-d4e1dd48-477c-4e26-a2e3-53bbe9e87f5c None None] Loading extension file: standard_attr_segment.py {{(pid=103433) _load_all_extensions_from_path /opt/stack/neutron/neutron/api/extensions.py:449}}
Jun 29 04:28:10.463435 np0000183329 devstack@neutron-api.service[103435]: INFO neutron.manager [None req-4a3be388-a819-4bc6-94c6-032510648d94 None None] Loading Plugin: timestamp
Jun 29 04:28:10.464069 np0000183329 devstack@neutron-api.service[103433]: DEBUG neutron.api.extensions [None req-d4e1dd48-477c-4e26-a2e3-53bbe9e87f5c None None] Ext name="Standard Attribute Segment Extension" alias="standard-attr-segment" description="Add standard attributes to Segment resource" updated="2018-04-09T10:00:00-00:00" {{(pid=103433) _check_extension /opt/stack/neutron/neutron/api/extensions.py:415}}
Jun 29 04:28:10.464125 np0000183329 devstack@neutron-api.service[103434]: INFO neutron.quota.resource_registry [None req-863e952c-2137-449d-8386-281b22926604 None None] Creating instance of CountableResource for resource:rbac_policy
Jun 29 04:28:10.464125 np0000183329 devstack@neutron-api.service[103434]: WARNING neutron.quota.resource_registry [None req-863e952c-2137-449d-8386-281b22926604 None None] rbac_policy is already registered
Jun 29 04:28:10.464194 np0000183329 devstack@neutron-api.service[103433]: INFO neutron.api.extensions [None req-d4e1dd48-477c-4e26-a2e3-53bbe9e87f5c None None] Extension standard-attr-segment not supported by any of loaded plugins
Jun 29 04:28:10.464194 np0000183329 devstack@neutron-api.service[103433]: DEBUG neutron.api.extensions [None req-d4e1dd48-477c-4e26-a2e3-53bbe9e87f5c None None] Loading extension file: standardattrdescription.py {{(pid=103433) _load_all_extensions_from_path /opt/stack/neutron/neutron/api/extensions.py:449}}
Jun 29 04:28:10.464332 np0000183329 devstack@neutron-api.service[103433]: DEBUG neutron.api.extensions [None req-d4e1dd48-477c-4e26-a2e3-53bbe9e87f5c None None] Ext name="standard-attr-description" alias="standard-attr-description" description="Extension to add descriptions to standard attributes" updated="2016-02-10T10:00:00-00:00" {{(pid=103433) _check_extension /opt/stack/neutron/neutron/api/extensions.py:415}}
Jun 29 04:28:10.464659 np0000183329 devstack@neutron-api.service[103433]: INFO neutron.api.extensions [None req-d4e1dd48-477c-4e26-a2e3-53bbe9e87f5c None None] Loaded extension: standard-attr-description
Jun 29 04:28:10.464708 np0000183329 devstack@neutron-api.service[103434]: INFO neutron.quota.resource_registry [None req-863e952c-2137-449d-8386-281b22926604 None None] Creating instance of TrackedResource for resource:security_group
Jun 29 04:28:10.464804 np0000183329 devstack@neutron-api.service[103433]: DEBUG neutron.api.extensions [None req-d4e1dd48-477c-4e26-a2e3-53bbe9e87f5c None None] Loading extension file: stateful_security_group.py {{(pid=103433) _load_all_extensions_from_path /opt/stack/neutron/neutron/api/extensions.py:449}}
Jun 29 04:28:10.464890 np0000183329 devstack@neutron-api.service[103434]: WARNING neutron.quota.resource_registry [None req-863e952c-2137-449d-8386-281b22926604 None None] security_group is already registered
Jun 29 04:28:10.465149 np0000183329 devstack@neutron-api.service[103433]: DEBUG neutron.api.extensions [None req-d4e1dd48-477c-4e26-a2e3-53bbe9e87f5c None None] Ext name="Stateful security group" alias="stateful-security-group" description="Indicates if the security group is stateful or not" updated="2019-11-26T09:00:00-00:00" {{(pid=103433) _check_extension /opt/stack/neutron/neutron/api/extensions.py:415}}
Jun 29 04:28:10.465417 np0000183329 devstack@neutron-api.service[103434]: INFO neutron.quota.resource_registry [None req-863e952c-2137-449d-8386-281b22926604 None None] Creating instance of TrackedResource for resource:security_group_rule
Jun 29 04:28:10.465480 np0000183329 devstack@neutron-api.service[103433]: INFO neutron.api.extensions [None req-d4e1dd48-477c-4e26-a2e3-53bbe9e87f5c None None] Loaded extension: stateful-security-group
Jun 29 04:28:10.465576 np0000183329 devstack@neutron-api.service[103433]: DEBUG neutron.api.extensions [None req-d4e1dd48-477c-4e26-a2e3-53bbe9e87f5c None None] Loading extension file: stdattrs_common.py {{(pid=103433) _load_all_extensions_from_path /opt/stack/neutron/neutron/api/extensions.py:449}}
Jun 29 04:28:10.465680 np0000183329 devstack@neutron-api.service[103434]: WARNING neutron.quota.resource_registry [None req-863e952c-2137-449d-8386-281b22926604 None None] security_group_rule is already registered
Jun 29 04:28:10.465721 np0000183329 devstack@neutron-api.service[103435]: DEBUG neutron.manager [None req-4a3be388-a819-4bc6-94c6-032510648d94 None None] Successfully loaded timestamp plugin. Description: Adds timestamps to Neutron resources with standard attributes {{(pid=103435) _create_and_add_service_plugin /opt/stack/neutron/neutron/manager.py:236}}
Jun 29 04:28:10.465845 np0000183329 devstack@neutron-api.service[103435]: INFO neutron.manager [None req-4a3be388-a819-4bc6-94c6-032510648d94 None None] Loading Plugin: network_ip_availability
Jun 29 04:28:10.465979 np0000183329 devstack@neutron-api.service[103433]: WARNING neutron.api.extensions [None req-d4e1dd48-477c-4e26-a2e3-53bbe9e87f5c None None] Did not find expected name "Stdattrs_common" in /opt/stack/neutron/neutron/extensions/stdattrs_common.py
Jun 29 04:28:10.466187 np0000183329 devstack@neutron-api.service[103433]: DEBUG neutron.api.extensions [None req-d4e1dd48-477c-4e26-a2e3-53bbe9e87f5c None None] Loading extension file: subnet_dns_publish_fixed_ip.py {{(pid=103433) _load_all_extensions_from_path /opt/stack/neutron/neutron/api/extensions.py:449}}
Jun 29 04:28:10.466408 np0000183329 devstack@neutron-api.service[103434]: DEBUG neutron.api.v2.resource_helper [None req-863e952c-2137-449d-8386-281b22926604 None None] Service CORE assigned prefix: {{(pid=103434) build_resource_info /opt/stack/neutron/neutron/api/v2/resource_helper.py:77}}
Jun 29 04:28:10.466448 np0000183329 devstack@neutron-api.service[103433]: DEBUG neutron.api.extensions [None req-d4e1dd48-477c-4e26-a2e3-53bbe9e87f5c None None] Ext name="Subnet DNS publish fixed IP" alias="subnet-dns-publish-fixed-ip" description="Support choosing to publish DNS records for IPs from a subnet" updated="2019-05-24T10:00:00-00:00" {{(pid=103433) _check_extension /opt/stack/neutron/neutron/api/extensions.py:415}}
Jun 29 04:28:10.466596 np0000183329 devstack@neutron-api.service[103434]: INFO neutron.quota.resource_registry [None req-863e952c-2137-449d-8386-281b22926604 None None] Creating instance of TrackedResource for resource:subnetpool
Jun 29 04:28:10.466676 np0000183329 devstack@neutron-api.service[103433]: INFO neutron.api.extensions [None req-d4e1dd48-477c-4e26-a2e3-53bbe9e87f5c None None] Loaded extension: subnet-dns-publish-fixed-ip
Jun 29 04:28:10.466755 np0000183329 devstack@neutron-api.service[103434]: WARNING neutron.quota.resource_registry [None req-863e952c-2137-449d-8386-281b22926604 None None] subnetpool is already registered
Jun 29 04:28:10.466813 np0000183329 devstack@neutron-api.service[103433]: DEBUG neutron.api.extensions [None req-d4e1dd48-477c-4e26-a2e3-53bbe9e87f5c None None] Loading extension file: subnet_external_network.py {{(pid=103433) _load_all_extensions_from_path /opt/stack/neutron/neutron/api/extensions.py:449}}
Jun 29 04:28:10.467209 np0000183329 devstack@neutron-api.service[103434]: DEBUG neutron.api.v2.resource_helper [None req-863e952c-2137-449d-8386-281b22926604 None None] Service CORE assigned prefix: {{(pid=103434) build_resource_info /opt/stack/neutron/neutron/api/v2/resource_helper.py:77}}
Jun 29 04:28:10.467318 np0000183329 devstack@neutron-api.service[103433]: DEBUG neutron.api.extensions [None req-d4e1dd48-477c-4e26-a2e3-53bbe9e87f5c None None] Ext name="Subnet belongs to an external network" alias="subnet-external-network" description="Informs if the subnet belongs to an external network" updated="2024-02-05T18:00:00-00:00" {{(pid=103433) _check_extension /opt/stack/neutron/neutron/api/extensions.py:415}}
Jun 29 04:28:10.467362 np0000183329 devstack@neutron-api.service[103434]: INFO neutron.quota.resource_registry [None req-863e952c-2137-449d-8386-281b22926604 None None] Creating instance of TrackedResource for resource:subnetpool
Jun 29 04:28:10.467553 np0000183329 devstack@neutron-api.service[103434]: WARNING neutron.quota.resource_registry [None req-863e952c-2137-449d-8386-281b22926604 None None] subnetpool is already registered
Jun 29 04:28:10.467692 np0000183329 devstack@neutron-api.service[103433]: INFO neutron.api.extensions [None req-d4e1dd48-477c-4e26-a2e3-53bbe9e87f5c None None] Loaded extension: subnet-external-network
Jun 29 04:28:10.467807 np0000183329 devstack@neutron-api.service[103433]: DEBUG neutron.api.extensions [None req-d4e1dd48-477c-4e26-a2e3-53bbe9e87f5c None None] Loading extension file: subnet_onboard.py {{(pid=103433) _load_all_extensions_from_path /opt/stack/neutron/neutron/api/extensions.py:449}}
Jun 29 04:28:10.468109 np0000183329 devstack@neutron-api.service[103433]: DEBUG neutron.api.extensions [None req-d4e1dd48-477c-4e26-a2e3-53bbe9e87f5c None None] Ext name="Subnet Onboard" alias="subnet_onboard" description="Provides support for onboarding subnets into subnet pools" updated="2018-12-18T09:00:00-00:00" {{(pid=103433) _check_extension /opt/stack/neutron/neutron/api/extensions.py:415}}
Jun 29 04:28:10.468214 np0000183329 devstack@neutron-api.service[103434]: DEBUG neutron.api.extensions [None req-863e952c-2137-449d-8386-281b22926604 None None] Extended resource: extensions {{(pid=103434) __init__ /opt/stack/neutron/neutron/api/extensions.py:156}}
Jun 29 04:28:10.468285 np0000183329 devstack@neutron-api.service[103433]: INFO neutron.api.extensions [None req-d4e1dd48-477c-4e26-a2e3-53bbe9e87f5c None None] Loaded extension: subnet_onboard
Jun 29 04:28:10.468424 np0000183329 devstack@neutron-api.service[103433]: DEBUG neutron.api.extensions [None req-d4e1dd48-477c-4e26-a2e3-53bbe9e87f5c None None] Loading extension file: subnet_segmentid_writable.py {{(pid=103433) _load_all_extensions_from_path /opt/stack/neutron/neutron/api/extensions.py:449}}
Jun 29 04:28:10.468694 np0000183329 devstack@neutron-api.service[103433]: DEBUG neutron.api.extensions [None req-d4e1dd48-477c-4e26-a2e3-53bbe9e87f5c None None] Ext name="Subnet SegmentID (writable)" alias="subnet-segmentid-writable" description="Provides a writable segment_id attribute for a subnet resource." updated="2018-03-12T00:00:00-00:00" {{(pid=103433) _check_extension /opt/stack/neutron/neutron/api/extensions.py:415}}
Jun 29 04:28:10.468871 np0000183329 devstack@neutron-api.service[103433]: INFO neutron.api.extensions [None req-d4e1dd48-477c-4e26-a2e3-53bbe9e87f5c None None] Extension subnet-segmentid-writable not supported by any of loaded plugins
Jun 29 04:28:10.468953 np0000183329 devstack@neutron-api.service[103433]: DEBUG neutron.api.extensions [None req-d4e1dd48-477c-4e26-a2e3-53bbe9e87f5c None None] Loading extension file: subnet_service_types.py {{(pid=103433) _load_all_extensions_from_path /opt/stack/neutron/neutron/api/extensions.py:449}}
Jun 29 04:28:10.468996 np0000183329 devstack@neutron-api.service[103435]: DEBUG neutron.manager [None req-4a3be388-a819-4bc6-94c6-032510648d94 None None] Successfully loaded network-ip-availability plugin. Description: Provides IP availability data for each network and subnet. {{(pid=103435) _create_and_add_service_plugin /opt/stack/neutron/neutron/manager.py:236}}
Jun 29 04:28:10.469085 np0000183329 devstack@neutron-api.service[103434]: DEBUG neutron.api.extensions [None req-863e952c-2137-449d-8386-281b22926604 None None] Extended resource: address-groups {{(pid=103434) __init__ /opt/stack/neutron/neutron/api/extensions.py:156}}
Jun 29 04:28:10.469138 np0000183329 devstack@neutron-api.service[103435]: INFO neutron.manager [None req-4a3be388-a819-4bc6-94c6-032510648d94 None None] Loading Plugin: flavors
Jun 29 04:28:10.469179 np0000183329 devstack@neutron-api.service[103433]: DEBUG neutron.api.extensions [None req-d4e1dd48-477c-4e26-a2e3-53bbe9e87f5c None None] Ext name="Subnet service types" alias="subnet-service-types" description="Provides ability to set the subnet service_types field" updated="2016-03-15T18:00:00-00:00" {{(pid=103433) _check_extension /opt/stack/neutron/neutron/api/extensions.py:415}}
Jun 29 04:28:10.469366 np0000183329 devstack@neutron-api.service[103433]: INFO neutron.api.extensions [None req-d4e1dd48-477c-4e26-a2e3-53bbe9e87f5c None None] Loaded extension: subnet-service-types
Jun 29 04:28:10.469466 np0000183329 devstack@neutron-api.service[103433]: DEBUG neutron.api.extensions [None req-d4e1dd48-477c-4e26-a2e3-53bbe9e87f5c None None] Loading extension file: subnetallocation.py {{(pid=103433) _load_all_extensions_from_path /opt/stack/neutron/neutron/api/extensions.py:449}}
Jun 29 04:28:10.469756 np0000183329 devstack@neutron-api.service[103433]: DEBUG neutron.api.extensions [None req-d4e1dd48-477c-4e26-a2e3-53bbe9e87f5c None None] Ext name="Subnet Allocation" alias="subnet_allocation" description="Enables allocation of subnets from a subnet pool" updated="2015-03-30T10:00:00-00:00" {{(pid=103433) _check_extension /opt/stack/neutron/neutron/api/extensions.py:415}}
Jun 29 04:28:10.469912 np0000183329 devstack@neutron-api.service[103434]: DEBUG neutron.api.extensions [None req-863e952c-2137-449d-8386-281b22926604 None None] Extended resource: address-scopes {{(pid=103434) __init__ /opt/stack/neutron/neutron/api/extensions.py:156}}
Jun 29 04:28:10.469956 np0000183329 devstack@neutron-api.service[103433]: INFO neutron.api.extensions [None req-d4e1dd48-477c-4e26-a2e3-53bbe9e87f5c None None] Loaded extension: subnet_allocation
Jun 29 04:28:10.470085 np0000183329 devstack@neutron-api.service[103433]: DEBUG neutron.api.extensions [None req-d4e1dd48-477c-4e26-a2e3-53bbe9e87f5c None None] Loading extension file: subnetpool_prefix_ops.py {{(pid=103433) _load_all_extensions_from_path /opt/stack/neutron/neutron/api/extensions.py:449}}
Jun 29 04:28:10.470313 np0000183329 devstack@neutron-api.service[103435]: DEBUG neutron.manager [None req-4a3be388-a819-4bc6-94c6-032510648d94 None None] Successfully loaded FLAVORS plugin. Description: Neutron Flavors and Service Profiles manager plugin {{(pid=103435) _create_and_add_service_plugin /opt/stack/neutron/neutron/manager.py:236}}
Jun 29 04:28:10.470428 np0000183329 devstack@neutron-api.service[103435]: INFO neutron.manager [None req-4a3be388-a819-4bc6-94c6-032510648d94 None None] Loading Plugin: revisions
Jun 29 04:28:10.470537 np0000183329 devstack@neutron-api.service[103433]: DEBUG neutron.api.extensions [None req-d4e1dd48-477c-4e26-a2e3-53bbe9e87f5c None None] Ext name="Subnet Pool Prefix Operations" alias="subnetpool-prefix-ops" description="Provides support for adjusting the prefix list of subnet pools" updated="2019-02-08T10:00:00-00:00" {{(pid=103433) _check_extension /opt/stack/neutron/neutron/api/extensions.py:415}}
Jun 29 04:28:10.470607 np0000183329 devstack@neutron-api.service[103434]: DEBUG neutron.api.extensions [None req-863e952c-2137-449d-8386-281b22926604 None None] Extended resource: agents {{(pid=103434) __init__ /opt/stack/neutron/neutron/api/extensions.py:156}}
Jun 29 04:28:10.471605 np0000183329 devstack@neutron-api.service[103433]: INFO neutron.api.extensions [None req-d4e1dd48-477c-4e26-a2e3-53bbe9e87f5c None None] Loaded extension: subnetpool-prefix-ops
Jun 29 04:28:10.471605 np0000183329 devstack@neutron-api.service[103433]: DEBUG neutron.api.extensions [None req-d4e1dd48-477c-4e26-a2e3-53bbe9e87f5c None None] Loading extension file: tag_creation.py {{(pid=103433) _load_all_extensions_from_path /opt/stack/neutron/neutron/api/extensions.py:449}}
Jun 29 04:28:10.471605 np0000183329 devstack@neutron-api.service[103433]: DEBUG neutron.api.extensions [None req-d4e1dd48-477c-4e26-a2e3-53bbe9e87f5c None None] Ext name="Tag creation extension" alias="tag-creation" description="Allow to create multiple tags for a resource" updated="2024-23-07T10:00:00-00:00" {{(pid=103433) _check_extension /opt/stack/neutron/neutron/api/extensions.py:415}}
Jun 29 04:28:10.471742 np0000183329 devstack@neutron-api.service[103434]: DEBUG neutron.api.extensions [None req-863e952c-2137-449d-8386-281b22926604 None None] Extended resource: auto-allocated-topology {{(pid=103434) __init__ /opt/stack/neutron/neutron/api/extensions.py:156}}
Jun 29 04:28:10.471785 np0000183329 devstack@neutron-api.service[103433]: INFO neutron.api.extensions [None req-d4e1dd48-477c-4e26-a2e3-53bbe9e87f5c None None] Loaded extension: tag-creation
Jun 29 04:28:10.471785 np0000183329 devstack@neutron-api.service[103433]: DEBUG neutron.api.extensions [None req-d4e1dd48-477c-4e26-a2e3-53bbe9e87f5c None None] Loading extension file: tag_ports_during_bulk_creation.py {{(pid=103433) _load_all_extensions_from_path /opt/stack/neutron/neutron/api/extensions.py:449}}
Jun 29 04:28:10.471785 np0000183329 devstack@neutron-api.service[103433]: DEBUG neutron.api.extensions [None req-d4e1dd48-477c-4e26-a2e3-53bbe9e87f5c None None] Ext name="Tag Ports During Bulk Creation" alias="tag-ports-during-bulk-creation" description="Allow to tag ports during bulk creation" updated="2019-12-29T19:00:00-00:00" {{(pid=103433) _check_extension /opt/stack/neutron/neutron/api/extensions.py:415}}
Jun 29 04:28:10.471785 np0000183329 devstack@neutron-api.service[103433]: INFO neutron.api.extensions [None req-d4e1dd48-477c-4e26-a2e3-53bbe9e87f5c None None] Extension tag-ports-during-bulk-creation not supported by any of loaded plugins
Jun 29 04:28:10.471934 np0000183329 devstack@neutron-api.service[103433]: DEBUG neutron.api.extensions [None req-d4e1dd48-477c-4e26-a2e3-53bbe9e87f5c None None] Loading extension file: tagging.py {{(pid=103433) _load_all_extensions_from_path /opt/stack/neutron/neutron/api/extensions.py:449}}
Jun 29 04:28:10.471970 np0000183329 devstack@neutron-api.service[103435]: DEBUG neutron.manager [None req-4a3be388-a819-4bc6-94c6-032510648d94 None None] Successfully loaded revision_plugin plugin. Description: Adds revision numbers to resources. {{(pid=103435) _create_and_add_service_plugin /opt/stack/neutron/neutron/manager.py:236}}
Jun 29 04:28:10.472012 np0000183329 devstack@neutron-api.service[103434]: DEBUG neutron.api.extensions [None req-863e952c-2137-449d-8386-281b22926604 None None] Extended resource: availability_zones {{(pid=103434) __init__ /opt/stack/neutron/neutron/api/extensions.py:156}}
Jun 29 04:28:10.472047 np0000183329 devstack@neutron-api.service[103435]: DEBUG oslo_concurrency.lockutils [None req-4a3be388-a819-4bc6-94c6-032510648d94 None None] Lock "manager" "released" by "neutron.manager.NeutronManager._create_instance" :: held 5.519s {{(pid=103435) inner /opt/stack/data/venv/lib/python3.12/site-packages/oslo_concurrency/lockutils.py:543}}
Jun 29 04:28:10.472343 np0000183329 devstack@neutron-api.service[103435]: DEBUG neutron.api.extensions [None req-4a3be388-a819-4bc6-94c6-032510648d94 None None] get_extension_paths = OrderedDict({'/opt/stack/neutron/neutron/extensions': 1}) {{(pid=103435) get_extensions_path /opt/stack/neutron/neutron/api/extensions.py:640}}
Jun 29 04:28:10.472467 np0000183329 devstack@neutron-api.service[103435]: INFO neutron.api.extensions [None req-4a3be388-a819-4bc6-94c6-032510648d94 None None] Initializing extension manager.
Jun 29 04:28:10.472630 np0000183329 devstack@neutron-api.service[103434]: DEBUG neutron.api.extensions [None req-863e952c-2137-449d-8386-281b22926604 None None] Extended resource: dhcp-networks {{(pid=103434) __init__ /opt/stack/neutron/neutron/api/extensions.py:156}}
Jun 29 04:28:10.472779 np0000183329 devstack@neutron-api.service[103435]: DEBUG neutron.api.extensions [None req-4a3be388-a819-4bc6-94c6-032510648d94 None None] Loading extension file: __init__.py {{(pid=103435) _load_all_extensions_from_path /opt/stack/neutron/neutron/api/extensions.py:449}}
Jun 29 04:28:10.472828 np0000183329 devstack@neutron-api.service[103433]: DEBUG neutron.api.extensions [None req-d4e1dd48-477c-4e26-a2e3-53bbe9e87f5c None None] Ext name="Tag support for resources with standard attribute: port, subnet, subnetpool, network, security_group, router, floatingip, policy, trunk, network_segment_range" alias="standard-attr-tag" description="Enables to set tag on resources with standard attribute." updated="2017-01-01T00:00:00-00:00" {{(pid=103433) _check_extension /opt/stack/neutron/neutron/api/extensions.py:415}}
Jun 29 04:28:10.472907 np0000183329 devstack@neutron-api.service[103435]: DEBUG neutron.api.extensions [None req-4a3be388-a819-4bc6-94c6-032510648d94 None None] Loading extension file: __pycache__ {{(pid=103435) _load_all_extensions_from_path /opt/stack/neutron/neutron/api/extensions.py:449}}
Jun 29 04:28:10.473245 np0000183329 devstack@neutron-api.service[103433]: INFO neutron.api.extensions [None req-d4e1dd48-477c-4e26-a2e3-53bbe9e87f5c None None] Loaded extension: standard-attr-tag
Jun 29 04:28:10.473297 np0000183329 devstack@neutron-api.service[103435]: DEBUG neutron.api.extensions [None req-4a3be388-a819-4bc6-94c6-032510648d94 None None] Loading extension file: aap_reject_multicast.py {{(pid=103435) _load_all_extensions_from_path /opt/stack/neutron/neutron/api/extensions.py:449}}
Jun 29 04:28:10.473334 np0000183329 devstack@neutron-api.service[103433]: DEBUG neutron.api.extensions [None req-d4e1dd48-477c-4e26-a2e3-53bbe9e87f5c None None] Loading extension file: timestamp.py {{(pid=103433) _load_all_extensions_from_path /opt/stack/neutron/neutron/api/extensions.py:449}}
Jun 29 04:28:10.473381 np0000183329 devstack@neutron-api.service[103435]: DEBUG neutron.api.extensions [None req-4a3be388-a819-4bc6-94c6-032510648d94 None None] Ext name="Allowed address pairs reject multicast extension" alias="aap-reject-multicast" description="Reject multicast addresses in Allowed Address Pairs" updated="2026-04-01T00:00:00-00:00" {{(pid=103435) _check_extension /opt/stack/neutron/neutron/api/extensions.py:415}}
