2026-05-06 15:46:38.224 7 INFO placement.requestlog [req-8c26ca83-0b4c-432a-995f-9efd91ff637e req-7f8b56fc-63bc-4ff5-9106-6002e9a04ad8 4c50675d870440fab744966b3b1f8517 9eefbb65fa354af48e0df7be15861c1f - - 30a9d1da40d84ddf858de61f5578ef45 30a9d1da40d84ddf858de61f5578ef45] 199.19.213.150 "GET /resource_providers/14e6f7a9-d070-42b2-af1a-4dccdb14731d/allocations" status: 200 len: 54 microversion: 1.0 [pid: 7|app: 0|req: 292/580] 199.19.213.150 () {32 vars in 857 bytes} [Wed May 6 15:46:37 2026] GET /resource_providers/14e6f7a9-d070-42b2-af1a-4dccdb14731d/allocations => generated 54 bytes in 362 msecs (HTTP/1.1 200) 6 headers in 223 bytes (1 switches on core 0)
2026-05-06 15:46:38.250 8 INFO placement.requestlog [req-8c26ca83-0b4c-432a-995f-9efd91ff637e req-7f2d3f26-8be2-4599-9ce9-72d5d48dfd44 4c50675d870440fab744966b3b1f8517 9eefbb65fa354af48e0df7be15861c1f - - 30a9d1da40d84ddf858de61f5578ef45 30a9d1da40d84ddf858de61f5578ef45] 199.19.213.150 "GET /resource_providers?in_tree=14e6f7a9-d070-42b2-af1a-4dccdb14731d" status: 200 len: 797 microversion: 1.14 [pid: 8|app: 0|req: 289/581] 199.19.213.150 () {34 vars in 892 bytes} [Wed May 6 15:46:38 2026] GET /resource_providers?in_tree=14e6f7a9-d070-42b2-af1a-4dccdb14731d => generated 797 bytes in 22 msecs (HTTP/1.1 200) 6 headers in 225 bytes (1 switches on core 0)
2026-05-06 15:46:38.269 7 INFO placement.requestlog [req-8c26ca83-0b4c-432a-995f-9efd91ff637e req-d4acb175-3225-41f8-8e7e-4ace292ca2cb 4c50675d870440fab744966b3b1f8517 9eefbb65fa354af48e0df7be15861c1f - - 30a9d1da40d84ddf858de61f5578ef45 30a9d1da40d84ddf858de61f5578ef45] 199.19.213.150 "GET /resource_providers/14e6f7a9-d070-42b2-af1a-4dccdb14731d/inventories" status: 200 len: 400 microversion: 1.0 [pid: 7|app: 0|req: 293/582] 199.19.213.150 () {32 vars in 857 bytes} [Wed May 6 15:46:38 2026] GET /resource_providers/14e6f7a9-d070-42b2-af1a-4dccdb14731d/inventories => generated 400 bytes in 11 msecs (HTTP/1.1 200) 6 headers in 224 bytes (1 switches on core 0)
2026-05-06 15:46:38.286 8 INFO placement.requestlog [req-8c26ca83-0b4c-432a-995f-9efd91ff637e req-4a8cf66a-2369-4fd0-9235-50cf687555ac 4c50675d870440fab744966b3b1f8517 9eefbb65fa354af48e0df7be15861c1f - - 30a9d1da40d84ddf858de61f5578ef45 30a9d1da40d84ddf858de61f5578ef45] 199.19.213.150 "GET /resource_providers/14e6f7a9-d070-42b2-af1a-4dccdb14731d/aggregates" status: 200 len: 53 microversion: 1.19 [pid: 8|app: 0|req: 290/583] 199.19.213.150 () {34 vars in 899 bytes} [Wed May 6 15:46:38 2026] GET /resource_providers/14e6f7a9-d070-42b2-af1a-4dccdb14731d/aggregates => generated 53 bytes in 13 msecs (HTTP/1.1 200) 8 headers in 295 bytes (1 switches on core 0)
2026-05-06 15:46:38.334 7 INFO placement.requestlog [req-8c26ca83-0b4c-432a-995f-9efd91ff637e req-8c75405a-fc9c-4368-a061-aeb110963264 4c50675d870440fab744966b3b1f8517 9eefbb65fa354af48e0df7be15861c1f - - 30a9d1da40d84ddf858de61f5578ef45 30a9d1da40d84ddf858de61f5578ef45] 199.19.213.150 "GET /resource_providers/14e6f7a9-d070-42b2-af1a-4dccdb14731d/traits" status: 200 len: 2316 microversion: 1.6 [pid: 7|app: 0|req: 294/584] 199.19.213.150 () {34 vars in 890 bytes} [Wed May 6 15:46:38 2026] GET /resource_providers/14e6f7a9-d070-42b2-af1a-4dccdb14731d/traits => generated 2316 bytes in 42 msecs (HTTP/1.1 200) 6 headers in 225 bytes (1 switches on core 0)
2026-05-06 15:46:38.353 8 INFO placement.requestlog [req-8c26ca83-0b4c-432a-995f-9efd91ff637e req-aa10d733-c915-47ab-9919-0311bfbb9ff9 4c50675d870440fab744966b3b1f8517 9eefbb65fa354af48e0df7be15861c1f - - 30a9d1da40d84ddf858de61f5578ef45 30a9d1da40d84ddf858de61f5578ef45] 199.19.213.150 "GET /resource_providers/14e6f7a9-d070-42b2-af1a-4dccdb14731d/allocations" status: 200 len: 54 microversion: 1.0 [pid: 8|app: 0|req: 291/585] 199.19.213.150 () {32 vars in 857 bytes} [Wed May 6 15:46:38 2026] GET /resource_providers/14e6f7a9-d070-42b2-af1a-4dccdb14731d/allocations => generated 54 bytes in 15 msecs (HTTP/1.1 200) 6 headers in 223 bytes (1 switches on core 0)
2026-05-06 15:46:47.114 7 INFO placement.requestlog [None req-0bec6d81-bb8a-4f26-95e5-01ac993fe239 - - - - - -] 10.0.0.175 "GET /" status: 200 len: 136 microversion: 1.0
2026-05-06 15:46:47.114 8 INFO placement.requestlog [None req-dc47c615-c1bb-49c9-befd-8819f45599da - - - - - -] 10.0.0.175 "GET /" status: 200 len: 136 microversion: 1.0
2026-05-06 15:46:57.115 7 INFO placement.requestlog [None req-10ff9ebc-72df-437d-ab17-c673292d25b6 - - - - - -] 10.0.0.175 "GET /" status: 200 len: 136 microversion: 1.0
2026-05-06 15:46:57.115 8 INFO placement.requestlog [None req-8e5b5435-421f-405b-b2bc-fd9b467dd868 - - - - - -] 10.0.0.175 "GET /" status: 200 len: 136 microversion: 1.0
2026-05-06 15:47:07.113 8 INFO placement.requestlog [None req-371d2967-e97a-4ee5-bbfc-c39cc934738c - - - - - -] 10.0.0.175 "GET /" status: 200 len: 136 microversion: 1.0
2026-05-06 15:47:07.114 7 INFO placement.requestlog [None req-93a58203-d14b-4879-bcdd-c2fd815edf63 - - - - - -] 10.0.0.175 "GET /" status: 200 len: 136 microversion: 1.0
2026-05-06 15:47:12.033 8 INFO placement.requestlog [req-a9d024bf-cca9-4723-a886-dd0ef11a16be req-2ebda972-4638-4d50-a2c2-d4c3196c46aa 4c50675d870440fab744966b3b1f8517 9eefbb65fa354af48e0df7be15861c1f - - 30a9d1da40d84ddf858de61f5578ef45 30a9d1da40d84ddf858de61f5578ef45] 10.0.0.252 "GET /allocation_candidates?limit=1000&resources=DISK_GB%3A1%2CMEMORY_MB%3A512%2CVCPU%3A1&root_required=%21COMPUTE_STATUS_DISABLED" status: 200 len: 2781 microversion: 1.36 [pid: 8|app: 0|req: 295/592] 10.0.0.252 () {34 vars in 1012 bytes} [Wed May 6 15:47:11 2026] GET /allocation_candidates?limit=1000&resources=DISK_GB%3A1%2CMEMORY_MB%3A512%2CVCPU%3A1&root_required=%21COMPUTE_STATUS_DISABLED => generated 2781 bytes in 175 msecs (HTTP/1.1 200) 8 headers in 297 bytes (1 switches on core 0)
2026-05-06 15:47:12.038 7 INFO placement.requestlog [req-5c321692-0ef6-4cf6-b83f-9b6b8e99a140 req-366f50e7-9d17-4cf3-884c-5ea4fc7a4512 4c50675d870440fab744966b3b1f8517 9eefbb65fa354af48e0df7be15861c1f - - 30a9d1da40d84ddf858de61f5578ef45 30a9d1da40d84ddf858de61f5578ef45] 10.0.0.252 "GET /allocation_candidates?limit=1000&resources=DISK_GB%3A1%2CMEMORY_MB%3A512%2CVCPU%3A1&root_required=%21COMPUTE_STATUS_DISABLED" status: 200 len: 2781 microversion: 1.36 [pid: 7|app: 0|req: 298/593] 10.0.0.252 () {34 vars in 1012 bytes} [Wed May 6 15:47:11 2026] GET /allocation_candidates?limit=1000&resources=DISK_GB%3A1%2CMEMORY_MB%3A512%2CVCPU%3A1&root_required=%21COMPUTE_STATUS_DISABLED => generated 2781 bytes in 85 msecs (HTTP/1.1 200) 8 headers in 297 bytes (1 switches on core 0)
2026-05-06 15:47:12.073 8 INFO placement.requestlog [req-a9d024bf-cca9-4723-a886-dd0ef11a16be req-c65fb04e-6845-41bc-acd3-8be7fb0d9f0b 4c50675d870440fab744966b3b1f8517 9eefbb65fa354af48e0df7be15861c1f - - 30a9d1da40d84ddf858de61f5578ef45 30a9d1da40d84ddf858de61f5578ef45] 10.0.0.252 "GET /allocations/4e1fdad7-53ee-4d3c-91af-30bc83f3838e" status: 200 len: 19 microversion: 1.28 [pid: 8|app: 0|req: 296/594] 10.0.0.252 () {34 vars in 861 bytes} [Wed May 6 15:47:12 2026] GET /allocations/4e1fdad7-53ee-4d3c-91af-30bc83f3838e => generated 19 bytes in 12 msecs (HTTP/1.1 200) 8 headers in 295 bytes (1 switches on core 0)
2026-05-06 15:47:12.084 7 INFO placement.requestlog [req-5c321692-0ef6-4cf6-b83f-9b6b8e99a140 req-0ac3d337-b95d-4c95-88d0-d836266d05ff 4c50675d870440fab744966b3b1f8517 9eefbb65fa354af48e0df7be15861c1f - - 30a9d1da40d84ddf858de61f5578ef45 30a9d1da40d84ddf858de61f5578ef45] 10.0.0.252 "GET /allocations/7cbdc583-f34f-48d9-a33e-40069f25f994" status: 200 len: 19 microversion: 1.28 [pid: 7|app: 0|req: 299/595] 10.0.0.252 () {34 vars in 861 bytes} [Wed May 6 15:47:12 2026] GET /allocations/7cbdc583-f34f-48d9-a33e-40069f25f994 => generated 19 bytes in 8 msecs (HTTP/1.1 200) 8 headers in 295 bytes (1 switches on core 0)
2026-05-06 15:47:12.153 7 INFO placement.requestlog [req-5c321692-0ef6-4cf6-b83f-9b6b8e99a140 req-6130a5af-8a75-4205-9a7d-84cc8e105957 4c50675d870440fab744966b3b1f8517 9eefbb65fa354af48e0df7be15861c1f - - 30a9d1da40d84ddf858de61f5578ef45 30a9d1da40d84ddf858de61f5578ef45] 10.0.0.252 "PUT /allocations/7cbdc583-f34f-48d9-a33e-40069f25f994" status: 204 len: 0 microversion: 1.36 [pid: 7|app: 0|req: 300/596] 10.0.0.252 () {38 vars in 914 bytes} [Wed May 6 15:47:12 2026] PUT /allocations/7cbdc583-f34f-48d9-a33e-40069f25f994 => generated 0 bytes in 65 msecs (HTTP/1.1 204) 5 headers in 199 bytes (1 switches on core 0)
2026-05-06 15:47:12.219 8 INFO placement.requestlog [req-a9d024bf-cca9-4723-a886-dd0ef11a16be req-03e2ab7c-8a5a-43e6-8d9d-d0889bd4ba70 4c50675d870440fab744966b3b1f8517 9eefbb65fa354af48e0df7be15861c1f - - 30a9d1da40d84ddf858de61f5578ef45 30a9d1da40d84ddf858de61f5578ef45] 10.0.0.252 "PUT /allocations/4e1fdad7-53ee-4d3c-91af-30bc83f3838e" status: 204 len: 0 microversion: 1.36 [pid: 8|app: 0|req: 297/597] 10.0.0.252 () {38 vars in 914 bytes} [Wed May 6 15:47:12 2026] PUT /allocations/4e1fdad7-53ee-4d3c-91af-30bc83f3838e => generated 0 bytes in 141 msecs (HTTP/1.1 204) 5 headers in 199 bytes (1 switches on core 0)
2026-05-06 15:47:13.677 7 INFO placement.requestlog [req-a9d024bf-cca9-4723-a886-dd0ef11a16be req-5bce6518-e0cf-4b8c-9613-e3ee7b46ad5c 4c50675d870440fab744966b3b1f8517 9eefbb65fa354af48e0df7be15861c1f - - 30a9d1da40d84ddf858de61f5578ef45 30a9d1da40d84ddf858de61f5578ef45] 199.19.213.150 "GET /allocations/4e1fdad7-53ee-4d3c-91af-30bc83f3838e" status: 200 len: 257 microversion: 1.28 [pid: 7|app: 0|req: 301/598] 199.19.213.150 () {34 vars in 863 bytes} [Wed May 6 15:47:13 2026] GET /allocations/4e1fdad7-53ee-4d3c-91af-30bc83f3838e => generated 257 bytes in 9 msecs (HTTP/1.1 200) 8 headers in 296 bytes (1 switches on core 0)
2026-05-06 15:47:13.727 8 INFO placement.requestlog [req-5c321692-0ef6-4cf6-b83f-9b6b8e99a140 req-ed2028a3-2104-4cec-9861-0f1799936733 4c50675d870440fab744966b3b1f8517 9eefbb65fa354af48e0df7be15861c1f - - 30a9d1da40d84ddf858de61f5578ef45 30a9d1da40d84ddf858de61f5578ef45] 199.19.213.150 "GET /allocations/7cbdc583-f34f-48d9-a33e-40069f25f994" status: 200 len: 257 microversion: 1.28 [pid: 8|app: 0|req: 298/599] 199.19.213.150 () {34 vars in 863 bytes} [Wed May 6 15:47:13 2026] GET /allocations/7cbdc583-f34f-48d9-a33e-40069f25f994 => generated 257 bytes in 22 msecs (HTTP/1.1 200) 8 headers in 296 bytes (1 switches on core 0)
2026-05-06 15:47:14.875 7 INFO placement.requestlog [None req-7ac0e11b-3cb7-4f2e-b261-f0a1024aeee3 7fbe32061d01416da3f94638f286b8c0 9eefbb65fa354af48e0df7be15861c1f - - 30a9d1da40d84ddf858de61f5578ef45 30a9d1da40d84ddf858de61f5578ef45] 10.0.0.100 "GET /resource_providers/8959aeff-c323-416b-baf5-b0b72030cd5f/aggregates" status: 404 len: 235 microversion: 1.1 [pid: 7|app: 0|req: 302/600] 10.0.0.100 () {32 vars in 816 bytes} [Wed May 6 15:47:14 2026] GET /resource_providers/8959aeff-c323-416b-baf5-b0b72030cd5f/aggregates => generated 235 bytes in 251 msecs (HTTP/1.1 404) 5 headers in 202 bytes (1 switches on core 0)
2026-05-06 15:47:14.877 8 INFO placement.requestlog [None req-d92aa4ef-fa36-416b-8407-79ef806ec9df 7fbe32061d01416da3f94638f286b8c0 9eefbb65fa354af48e0df7be15861c1f - - 30a9d1da40d84ddf858de61f5578ef45 30a9d1da40d84ddf858de61f5578ef45] 10.0.0.100 "GET /resource_providers/8959aeff-c323-416b-baf5-b0b72030cd5f/aggregates" status: 404 len: 235 microversion: 1.1 [pid: 8|app: 0|req: 299/601] 10.0.0.100 () {32 vars in 816 bytes} [Wed May 6 15:47:14 2026] GET /resource_providers/8959aeff-c323-416b-baf5-b0b72030cd5f/aggregates => generated 235 bytes in 241 msecs (HTTP/1.1 404) 5 headers in 202 bytes (1 switches on core 0)
2026-05-06 15:47:14.897 7 INFO placement.requestlog [req-a9d024bf-cca9-4723-a886-dd0ef11a16be req-dd665102-aced-4e61-8c5c-08cd78ec6279 4c50675d870440fab744966b3b1f8517 9eefbb65fa354af48e0df7be15861c1f - - 30a9d1da40d84ddf858de61f5578ef45 30a9d1da40d84ddf858de61f5578ef45] 199.19.213.150 "GET /resource_providers/14e6f7a9-d070-42b2-af1a-4dccdb14731d/allocations" status: 200 len: 252 microversion: 1.0 [pid: 7|app: 0|req: 303/602] 199.19.213.150 () {32 vars in 857 bytes} [Wed May 6 15:47:14 2026] GET /resource_providers/14e6f7a9-d070-42b2-af1a-4dccdb14731d/allocations => generated 252 bytes in 21 msecs (HTTP/1.1 200) 6 headers in 224 bytes (1 switches on core 0)
2026-05-06 15:47:14.899 8 INFO placement.requestlog [None req-47a9aa16-2a67-4aa2-b279-114c2a685c11 7fbe32061d01416da3f94638f286b8c0 9eefbb65fa354af48e0df7be15861c1f - - 30a9d1da40d84ddf858de61f5578ef45 30a9d1da40d84ddf858de61f5578ef45] 10.0.0.100 "DELETE /resource_providers/8959aeff-c323-416b-baf5-b0b72030cd5f" status: 404 len: 246 microversion: 1.1 [pid: 8|app: 0|req: 300/603] 10.0.0.100 () {34 vars in 816 bytes} [Wed May 6 15:47:14 2026] DELETE /resource_providers/8959aeff-c323-416b-baf5-b0b72030cd5f => generated 246 bytes in 8 msecs (HTTP/1.1 404) 6 headers in 231 bytes (1 switches on core 0)
2026-05-06 15:47:14.908 7 INFO placement.requestlog [None req-632b4af2-f932-4299-ade5-422ef29b7ce6 7fbe32061d01416da3f94638f286b8c0 9eefbb65fa354af48e0df7be15861c1f - - 30a9d1da40d84ddf858de61f5578ef45 30a9d1da40d84ddf858de61f5578ef45] 10.0.0.100 "DELETE /resource_providers/8959aeff-c323-416b-baf5-b0b72030cd5f" status: 404 len: 246 microversion: 1.1 [pid: 7|app: 0|req: 304/604] 10.0.0.100 () {34 vars in 816 bytes} [Wed May 6 15:47:14 2026] DELETE /resource_providers/8959aeff-c323-416b-baf5-b0b72030cd5f => generated 246 bytes in 10 msecs (HTTP/1.1 404) 6 headers in 231 bytes (1 switches on core 0)
2026-05-06 15:47:14.911 8 INFO placement.requestlog [req-a9d024bf-cca9-4723-a886-dd0ef11a16be req-86243ed7-dc14-4c2f-90b2-00dc9966e8b0 4c50675d870440fab744966b3b1f8517 9eefbb65fa354af48e0df7be15861c1f - - 30a9d1da40d84ddf858de61f5578ef45 30a9d1da40d84ddf858de61f5578ef45] 199.19.213.150 "GET /allocations/4e1fdad7-53ee-4d3c-91af-30bc83f3838e" status: 200 len: 257 microversion: 1.28 [pid: 8|app: 0|req: 301/605] 199.19.213.150 () {34 vars in 863 bytes} [Wed May 6 15:47:14 2026] GET /allocations/4e1fdad7-53ee-4d3c-91af-30bc83f3838e => generated 257 bytes in 9 msecs (HTTP/1.1 200) 8 headers in 296 bytes (1 switches on core 0)
2026-05-06 15:47:14.927 7 INFO placement.requestlog [req-a9d024bf-cca9-4723-a886-dd0ef11a16be req-fcecff76-74a4-49b4-a0c2-c5dca5f9e038 4c50675d870440fab744966b3b1f8517 9eefbb65fa354af48e0df7be15861c1f - - 30a9d1da40d84ddf858de61f5578ef45 30a9d1da40d84ddf858de61f5578ef45] 199.19.213.150 "GET /allocations/7cbdc583-f34f-48d9-a33e-40069f25f994" status: 200 len: 257 microversion: 1.28 [pid: 7|app: 0|req: 305/606] 199.19.213.150 () {34 vars in 863 bytes} [Wed May 6 15:47:14 2026] GET /allocations/7cbdc583-f34f-48d9-a33e-40069f25f994 => generated 257 bytes in 11 msecs (HTTP/1.1 200) 8 headers in 296 bytes (1 switches on core 0)
2026-05-06 15:47:16.923 8 INFO placement.requestlog [None req-0032fe29-931e-4d1f-8c56-a15f34c3b57a 7fbe32061d01416da3f94638f286b8c0 9eefbb65fa354af48e0df7be15861c1f - - 30a9d1da40d84ddf858de61f5578ef45 30a9d1da40d84ddf858de61f5578ef45] 10.0.0.100 "GET /resource_providers/2a7c7ceb-2fcf-4d36-8ace-0b48173027c7/aggregates" status: 404 len: 235 microversion: 1.1 [pid: 8|app: 0|req: 302/607] 10.0.0.100 () {32 vars in 816 bytes} [Wed May 6 15:47:16 2026] GET /resource_providers/2a7c7ceb-2fcf-4d36-8ace-0b48173027c7/aggregates => generated 235 bytes in 14 msecs (HTTP/1.1 404) 5 headers in 202 bytes (1 switches on core 0)
2026-05-06 15:47:16.928 7 INFO placement.requestlog [None req-2e49b57b-ca9e-4438-a5c2-3586b96668e7 7fbe32061d01416da3f94638f286b8c0 9eefbb65fa354af48e0df7be15861c1f - - 30a9d1da40d84ddf858de61f5578ef45 30a9d1da40d84ddf858de61f5578ef45] 10.0.0.100 "GET /resource_providers/2a7c7ceb-2fcf-4d36-8ace-0b48173027c7/aggregates" status: 404 len: 235 microversion: 1.1 [pid: 7|app: 0|req: 306/608] 10.0.0.100 () {32 vars in 816 bytes} [Wed May 6 15:47:16 2026] GET /resource_providers/2a7c7ceb-2fcf-4d36-8ace-0b48173027c7/aggregates => generated 235 bytes in 11 msecs (HTTP/1.1 404) 5 headers in 202 bytes (1 switches on core 0)
2026-05-06 15:47:16.946 8 INFO placement.requestlog [None req-2445f027-22e1-431d-a209-5b91f7ea0200 7fbe32061d01416da3f94638f286b8c0 9eefbb65fa354af48e0df7be15861c1f - - 30a9d1da40d84ddf858de61f5578ef45 30a9d1da40d84ddf858de61f5578ef45] 10.0.0.100 "DELETE /resource_providers/2a7c7ceb-2fcf-4d36-8ace-0b48173027c7" status: 404 len: 246 microversion: 1.1 [pid: 8|app: 0|req: 303/609] 10.0.0.100 () {34 vars in 816 bytes} [Wed May 6 15:47:16 2026] DELETE /resource_providers/2a7c7ceb-2fcf-4d36-8ace-0b48173027c7 => generated 246 bytes in 8 msecs (HTTP/1.1 404) 6 headers in 231 bytes (1 switches on core 0)
2026-05-06 15:47:16.962 7 INFO placement.requestlog [None req-ca15b880-06cd-4b8b-8bc9-d989e78d2e0e 7fbe32061d01416da3f94638f286b8c0 9eefbb65fa354af48e0df7be15861c1f - - 30a9d1da40d84ddf858de61f5578ef45 30a9d1da40d84ddf858de61f5578ef45] 10.0.0.100 "DELETE /resource_providers/2a7c7ceb-2fcf-4d36-8ace-0b48173027c7" status: 404 len: 246 microversion: 1.1 [pid: 7|app: 0|req: 307/610] 10.0.0.100 () {34 vars in 816 bytes} [Wed May 6 15:47:16 2026] DELETE /resource_providers/2a7c7ceb-2fcf-4d36-8ace-0b48173027c7 => generated 246 bytes in 17 msecs (HTTP/1.1 404) 6 headers in 231 bytes (1 switches on core 0)
2026-05-06 15:47:16.980 8 INFO placement.requestlog [None req-fca308d3-57ff-441c-8698-911d600d6960 7fbe32061d01416da3f94638f286b8c0 9eefbb65fa354af48e0df7be15861c1f - - 30a9d1da40d84ddf858de61f5578ef45 30a9d1da40d84ddf858de61f5578ef45] 10.0.0.100 "GET /resource_providers/44c4a947-4c6c-4101-a8ec-b9fbc5d22f32/aggregates" status: 404 len: 235 microversion: 1.1 [pid: 8|app: 0|req: 304/611] 10.0.0.100 () {32 vars in 816 bytes} [Wed May 6 15:47:16 2026] GET /resource_providers/44c4a947-4c6c-4101-a8ec-b9fbc5d22f32/aggregates => generated 235 bytes in 13 msecs (HTTP/1.1 404) 5 headers in 202 bytes (1 switches on core 0)
2026-05-06 15:47:16.995 7 INFO placement.requestlog [None req-5023f445-28ff-413a-9dcc-d35db57b38de 7fbe32061d01416da3f94638f286b8c0 9eefbb65fa354af48e0df7be15861c1f - - 30a9d1da40d84ddf858de61f5578ef45 30a9d1da40d84ddf858de61f5578ef45] 10.0.0.100 "GET /resource_providers/44c4a947-4c6c-4101-a8ec-b9fbc5d22f32/aggregates" status: 404 len: 235 microversion: 1.1 [pid: 7|app: 0|req: 308/612] 10.0.0.100 () {32 vars in 816 bytes} [Wed May 6 15:47:16 2026] GET /resource_providers/44c4a947-4c6c-4101-a8ec-b9fbc5d22f32/aggregates => generated 235 bytes in 18 msecs (HTTP/1.1 404) 5 headers in 202 bytes (1 switches on core 0)
2026-05-06 15:47:17.004 7 INFO placement.requestlog [None req-2744eef5-3e15-410b-a16f-e87874b94ad1 7fbe32061d01416da3f94638f286b8c0 9eefbb65fa354af48e0df7be15861c1f - - 30a9d1da40d84ddf858de61f5578ef45 30a9d1da40d84ddf858de61f5578ef45] 10.0.0.100 "DELETE /resource_providers/44c4a947-4c6c-4101-a8ec-b9fbc5d22f32" status: 404 len: 246 microversion: 1.1 [pid: 7|app: 0|req: 309/613] 10.0.0.100 () {34 vars in 816 bytes} [Wed May 6 15:47:16 2026] DELETE /resource_providers/44c4a947-4c6c-4101-a8ec-b9fbc5d22f32 => generated 246 bytes in 8 msecs (HTTP/1.1 404) 6 headers in 231 bytes (1 switches on core 0)
2026-05-06 15:47:17.015 8 INFO placement.requestlog [req-5c321692-0ef6-4cf6-b83f-9b6b8e99a140 req-fb33723d-7be1-42aa-9acc-740f53a9d785 4c50675d870440fab744966b3b1f8517 9eefbb65fa354af48e0df7be15861c1f - - 30a9d1da40d84ddf858de61f5578ef45 30a9d1da40d84ddf858de61f5578ef45] 199.19.213.150 "GET /resource_providers/14e6f7a9-d070-42b2-af1a-4dccdb14731d/allocations" status: 200 len: 252 microversion: 1.0 [pid: 8|app: 0|req: 305/614] 199.19.213.150 () {32 vars in 857 bytes} [Wed May 6 15:47:16 2026] GET /resource_providers/14e6f7a9-d070-42b2-af1a-4dccdb14731d/allocations => generated 252 bytes in 27 msecs (HTTP/1.1 200) 6 headers in 224 bytes (1 switches on core 0)
2026-05-06 15:47:17.018 7 INFO placement.requestlog [None req-b9a4e607-678a-4869-99b1-1163a397249e 7fbe32061d01416da3f94638f286b8c0 9eefbb65fa354af48e0df7be15861c1f - - 30a9d1da40d84ddf858de61f5578ef45 30a9d1da40d84ddf858de61f5578ef45] 10.0.0.100 "DELETE /resource_providers/44c4a947-4c6c-4101-a8ec-b9fbc5d22f32" status: 404 len: 246 microversion: 1.1 [pid: 7|app: 0|req: 310/615] 10.0.0.100 () {34 vars in 816 bytes} [Wed May 6 15:47:17 2026] DELETE /resource_providers/44c4a947-4c6c-4101-a8ec-b9fbc5d22f32 => generated 246 bytes in 13 msecs (HTTP/1.1 404) 6 headers in 231 bytes (1 switches on core 0)
2026-05-06 15:47:17.031 8 INFO placement.requestlog [None req-4c2af7c6-2f2d-492f-9372-1ffcf77a772b 7fbe32061d01416da3f94638f286b8c0 9eefbb65fa354af48e0df7be15861c1f - - 30a9d1da40d84ddf858de61f5578ef45 30a9d1da40d84ddf858de61f5578ef45] 10.0.0.100 "GET /resource_providers/86139b35-18cf-4ab9-991f-66e7f0c6d699/aggregates" status: 404 len: 235 microversion: 1.1 [pid: 8|app: 0|req: 306/616] 10.0.0.100 () {32 vars in 816 bytes} [Wed May 6 15:47:17 2026] GET /resource_providers/86139b35-18cf-4ab9-991f-66e7f0c6d699/aggregates => generated 235 bytes in 15 msecs (HTTP/1.1 404) 5 headers in 202 bytes (1 switches on core 0)
2026-05-06 15:47:17.033 7 INFO placement.requestlog [None req-e945502e-f767-4c6e-8d93-0547c0a0fe26 7fbe32061d01416da3f94638f286b8c0 9eefbb65fa354af48e0df7be15861c1f - - 30a9d1da40d84ddf858de61f5578ef45 30a9d1da40d84ddf858de61f5578ef45] 10.0.0.100 "GET /resource_providers/86139b35-18cf-4ab9-991f-66e7f0c6d699/aggregates" status: 404 len: 235 microversion: 1.1 [pid: 7|app: 0|req: 311/617] 10.0.0.100 () {32 vars in 816 bytes} [Wed May 6 15:47:17 2026] GET /resource_providers/86139b35-18cf-4ab9-991f-66e7f0c6d699/aggregates => generated 235 bytes in 13 msecs (HTTP/1.1 404) 5 headers in 202 bytes (1 switches on core 0)
2026-05-06 15:47:17.046 8 INFO placement.requestlog [req-5c321692-0ef6-4cf6-b83f-9b6b8e99a140 req-e65591a9-753b-4c32-8b60-af33c2a1d9b6 4c50675d870440fab744966b3b1f8517 9eefbb65fa354af48e0df7be15861c1f - - 30a9d1da40d84ddf858de61f5578ef45 30a9d1da40d84ddf858de61f5578ef45] 199.19.213.150 "GET /allocations/4e1fdad7-53ee-4d3c-91af-30bc83f3838e" status: 200 len: 257 microversion: 1.28 [pid: 8|app: 0|req: 307/618] 199.19.213.150 () {34 vars in 863 bytes} [Wed May 6 15:47:17 2026] GET /allocations/4e1fdad7-53ee-4d3c-91af-30bc83f3838e => generated 257 bytes in 9 msecs (HTTP/1.1 200) 8 headers in 296 bytes (1 switches on core 0)
2026-05-06 15:47:17.050 7 INFO placement.requestlog [None req-440157c7-587e-4fca-8fad-072003f9ea09 7fbe32061d01416da3f94638f286b8c0 9eefbb65fa354af48e0df7be15861c1f - - 30a9d1da40d84ddf858de61f5578ef45 30a9d1da40d84ddf858de61f5578ef45] 10.0.0.100 "DELETE /resource_providers/86139b35-18cf-4ab9-991f-66e7f0c6d699" status: 404 len: 246 microversion: 1.1 [pid: 7|app: 0|req: 312/619] 10.0.0.100 () {34 vars in 816 bytes} [Wed May 6 15:47:17 2026] DELETE /resource_providers/86139b35-18cf-4ab9-991f-66e7f0c6d699 => generated 246 bytes in 9 msecs (HTTP/1.1 404) 6 headers in 231 bytes (1 switches on core 0)
2026-05-06 15:47:17.059 8 INFO placement.requestlog [None req-7c1f0398-2ad7-4332-ad35-0f5eff9f7e6a 7fbe32061d01416da3f94638f286b8c0 9eefbb65fa354af48e0df7be15861c1f - - 30a9d1da40d84ddf858de61f5578ef45 30a9d1da40d84ddf858de61f5578ef45] 10.0.0.100 "DELETE /resource_providers/86139b35-18cf-4ab9-991f-66e7f0c6d699" status: 404 len: 246 microversion: 1.1 [pid: 8|app: 0|req: 308/620] 10.0.0.100 () {34 vars in 816 bytes} [Wed May 6 15:47:17 2026] DELETE /resource_providers/86139b35-18cf-4ab9-991f-66e7f0c6d699 => generated 246 bytes in 6 msecs (HTTP/1.1 404) 6 headers in 231 bytes (1 switches on core 0)
2026-05-06 15:47:17.067 7 INFO placement.requestlog [req-5c321692-0ef6-4cf6-b83f-9b6b8e99a140 req-d4cb8f1e-4826-41d3-8a7c-1f6d35f0ab23 4c50675d870440fab744966b3b1f8517 9eefbb65fa354af48e0df7be15861c1f - - 30a9d1da40d84ddf858de61f5578ef45 30a9d1da40d84ddf858de61f5578ef45] 199.19.213.150 "GET /allocations/7cbdc583-f34f-48d9-a33e-40069f25f994" status: 200 len: 257 microversion: 1.28 [pid: 7|app: 0|req: 313/621] 199.19.213.150 () {34 vars in 863 bytes} [Wed May 6 15:47:17 2026] GET /allocations/7cbdc583-f34f-48d9-a33e-40069f25f994 => generated 257 bytes in 13 msecs (HTTP/1.1 200) 8 headers in 296 bytes (1 switches on core 0)
2026-05-06 15:47:17.115 8 INFO placement.requestlog [None req-890c00ba-5884-4e9c-9a7f-4b5a1090c4d1 - - - - - -] 10.0.0.175 "GET /" status: 200 len: 136 microversion: 1.0
2026-05-06 15:47:17.115 7 INFO placement.requestlog [None req-b174e661-2ce7-432d-a45f-158c27b2a3ca - - - - - -] 10.0.0.175 "GET /" status: 200 len: 136 microversion: 1.0
2026-05-06 15:47:27.114 8 INFO placement.requestlog [None req-11d5d417-393c-441e-b850-ed0d52f58e7b - - - - - -] 10.0.0.175 "GET /" status: 200 len: 136 microversion: 1.0
2026-05-06 15:47:27.115 7 INFO placement.requestlog [None req-9b5593d3-6c9e-477a-93a9-7252be050f34 - - - - - -] 10.0.0.175 "GET /" status: 200 len: 136 microversion: 1.0
2026-05-06 15:47:27.579 8 INFO placement.requestlog [req-7cab41f7-35cb-4485-ac77-6dec5f8a303c req-cc675bb4-b57b-43ce-9951-48ce4dd99685 4c50675d870440fab744966b3b1f8517 9eefbb65fa354af48e0df7be15861c1f - - 30a9d1da40d84ddf858de61f5578ef45 30a9d1da40d84ddf858de61f5578ef45] 10.0.0.252 "GET /allocation_candidates?limit=1000&resources=MEMORY_MB%3A512%2CVCPU%3A1&root_required=%21COMPUTE_STATUS_DISABLED" status: 200 len: 2770 microversion: 1.36 [pid: 8|app: 0|req: 311/626] 10.0.0.252 () {34 vars in 984 bytes} [Wed May 6 15:47:27 2026] GET /allocation_candidates?limit=1000&resources=MEMORY_MB%3A512%2CVCPU%3A1&root_required=%21COMPUTE_STATUS_DISABLED => generated 2770 bytes in 33 msecs (HTTP/1.1 200) 8 headers in 297 bytes (1 switches on core 0)
2026-05-06 15:47:27.617 7 INFO placement.requestlog [req-7cab41f7-35cb-4485-ac77-6dec5f8a303c req-a5643bd4-dcbd-4921-a2bb-e541a0352497 4c50675d870440fab744966b3b1f8517 9eefbb65fa354af48e0df7be15861c1f - - 30a9d1da40d84ddf858de61f5578ef45 30a9d1da40d84ddf858de61f5578ef45] 10.0.0.252 "GET /allocations/92af402e-3ce3-406d-9e27-767304f88290" status: 200 len: 19 microversion: 1.28 [pid: 7|app: 0|req: 316/627] 10.0.0.252 () {34 vars in 861 bytes} [Wed May 6 15:47:27 2026] GET /allocations/92af402e-3ce3-406d-9e27-767304f88290 => generated 19 bytes in 13 msecs (HTTP/1.1 200) 8 headers in 295 bytes (1 switches on core 0)
2026-05-06 15:47:27.697 8 INFO placement.requestlog [req-7cab41f7-35cb-4485-ac77-6dec5f8a303c req-1f14826b-e6fd-4dc7-aa54-cd541397a5b8 4c50675d870440fab744966b3b1f8517 9eefbb65fa354af48e0df7be15861c1f - - 30a9d1da40d84ddf858de61f5578ef45 30a9d1da40d84ddf858de61f5578ef45] 10.0.0.252 "PUT /allocations/92af402e-3ce3-406d-9e27-767304f88290" status: 204 len: 0 microversion: 1.36 [pid: 8|app: 0|req: 312/628] 10.0.0.252 () {38 vars in 914 bytes} [Wed May 6 15:47:27 2026] PUT /allocations/92af402e-3ce3-406d-9e27-767304f88290 => generated 0 bytes in 74 msecs (HTTP/1.1 204) 5 headers in 199 bytes (1 switches on core 0)
2026-05-06 15:47:29.220 7 INFO placement.requestlog [req-7cab41f7-35cb-4485-ac77-6dec5f8a303c req-14e97517-4598-4511-ad40-b27bb9513d2d 4c50675d870440fab744966b3b1f8517 9eefbb65fa354af48e0df7be15861c1f - - 30a9d1da40d84ddf858de61f5578ef45 30a9d1da40d84ddf858de61f5578ef45] 199.19.213.150 "GET /allocations/92af402e-3ce3-406d-9e27-767304f88290" status: 200 len: 243 microversion: 1.28 [pid: 7|app: 0|req: 317/629] 199.19.213.150 () {34 vars in 863 bytes} [Wed May 6 15:47:29 2026] GET /allocations/92af402e-3ce3-406d-9e27-767304f88290 => generated 243 bytes in 16 msecs (HTTP/1.1 200) 8 headers in 296 bytes (1 switches on core 0)
2026-05-06 15:47:30.277 8 INFO placement.requestlog [req-7cab41f7-35cb-4485-ac77-6dec5f8a303c req-ddee22aa-8d5e-48f9-bdd9-df6e4e07ad24 4c50675d870440fab744966b3b1f8517 9eefbb65fa354af48e0df7be15861c1f - - 30a9d1da40d84ddf858de61f5578ef45 30a9d1da40d84ddf858de61f5578ef45] 199.19.213.150 "GET /resource_providers/14e6f7a9-d070-42b2-af1a-4dccdb14731d/allocations" status: 200 len: 338 microversion: 1.0 [pid: 8|app: 0|req: 313/630] 199.19.213.150 () {32 vars in 857 bytes} [Wed May 6 15:47:30 2026] GET /resource_providers/14e6f7a9-d070-42b2-af1a-4dccdb14731d/allocations => generated 338 bytes in 27 msecs (HTTP/1.1 200) 6 headers in 224 bytes (1 switches on core 0)
2026-05-06 15:47:30.298 7 INFO placement.requestlog [req-7cab41f7-35cb-4485-ac77-6dec5f8a303c req-0bb954f6-e836-4d2b-b29f-ee14e6371601 4c50675d870440fab744966b3b1f8517 9eefbb65fa354af48e0df7be15861c1f - - 30a9d1da40d84ddf858de61f5578ef45 30a9d1da40d84ddf858de61f5578ef45] 199.19.213.150 "GET /allocations/4e1fdad7-53ee-4d3c-91af-30bc83f3838e" status: 200 len: 257 microversion: 1.28 [pid: 7|app: 0|req: 318/631] 199.19.213.150 () {34 vars in 863 bytes} [Wed May 6 15:47:30 2026] GET /allocations/4e1fdad7-53ee-4d3c-91af-30bc83f3838e => generated 257 bytes in 15 msecs (HTTP/1.1 200) 8 headers in 296 bytes (1 switches on core 0)
2026-05-06 15:47:30.315 8 INFO placement.requestlog [req-7cab41f7-35cb-4485-ac77-6dec5f8a303c req-512d3791-27a2-4823-944a-fab6cc31bb5d 4c50675d870440fab744966b3b1f8517 9eefbb65fa354af48e0df7be15861c1f - - 30a9d1da40d84ddf858de61f5578ef45 30a9d1da40d84ddf858de61f5578ef45] 199.19.213.150 "GET /allocations/7cbdc583-f34f-48d9-a33e-40069f25f994" status: 200 len: 257 microversion: 1.28 [pid: 8|app: 0|req: 314/632] 199.19.213.150 () {34 vars in 863 bytes} [Wed May 6 15:47:30 2026] GET /allocations/7cbdc583-f34f-48d9-a33e-40069f25f994 => generated 257 bytes in 11 msecs (HTTP/1.1 200) 8 headers in 296 bytes (1 switches on core 0)
2026-05-06 15:47:30.333 7 INFO placement.requestlog [req-7cab41f7-35cb-4485-ac77-6dec5f8a303c req-8ec787b0-297c-49e7-88e8-b6d20a71cdcc 4c50675d870440fab744966b3b1f8517 9eefbb65fa354af48e0df7be15861c1f - - 30a9d1da40d84ddf858de61f5578ef45 30a9d1da40d84ddf858de61f5578ef45] 199.19.213.150 "GET /allocations/92af402e-3ce3-406d-9e27-767304f88290" status: 200 len: 243 microversion: 1.28 [pid: 7|app: 0|req: 319/633] 199.19.213.150 () {34 vars in 863 bytes} [Wed May 6 15:47:30 2026] GET /allocations/92af402e-3ce3-406d-9e27-767304f88290 => generated 243 bytes in 13 msecs (HTTP/1.1 200) 8 headers in 296 bytes (1 switches on core 0)
2026-05-06 15:47:36.862 8 INFO placement.requestlog [req-060e39fe-d8de-4d0e-9e00-2fe434ec8127 req-e52bb6a0-8cf4-4fea-b0b9-a684cd3df374 4c50675d870440fab744966b3b1f8517 9eefbb65fa354af48e0df7be15861c1f - - 30a9d1da40d84ddf858de61f5578ef45 30a9d1da40d84ddf858de61f5578ef45] 199.19.213.150 "GET /resource_providers/14e6f7a9-d070-42b2-af1a-4dccdb14731d/allocations" status: 200 len: 338 microversion: 1.0 [pid: 8|app: 0|req: 315/634] 199.19.213.150 () {32 vars in 857 bytes} [Wed May 6 15:47:36 2026] GET /resource_providers/14e6f7a9-d070-42b2-af1a-4dccdb14731d/allocations => generated 338 bytes in 24 msecs (HTTP/1.1 200) 6 headers in 224 bytes (1 switches on core 0)
2026-05-06 15:47:36.886 7 INFO placement.requestlog [req-060e39fe-d8de-4d0e-9e00-2fe434ec8127 req-af0ac274-fd6b-42f9-abcc-3de647babe70 4c50675d870440fab744966b3b1f8517 9eefbb65fa354af48e0df7be15861c1f - - 30a9d1da40d84ddf858de61f5578ef45 30a9d1da40d84ddf858de61f5578ef45] 199.19.213.150 "GET /allocations/4e1fdad7-53ee-4d3c-91af-30bc83f3838e" status: 200 len: 257 microversion: 1.28 [pid: 7|app: 0|req: 320/635] 199.19.213.150 () {34 vars in 863 bytes} [Wed May 6 15:47:36 2026] GET /allocations/4e1fdad7-53ee-4d3c-91af-30bc83f3838e => generated 257 bytes in 17 msecs (HTTP/1.1 200) 8 headers in 296 bytes (1 switches on core 0)
2026-05-06 15:47:36.906 8 INFO placement.requestlog [req-060e39fe-d8de-4d0e-9e00-2fe434ec8127 req-f1a19132-0778-45cf-8029-238aad22e5b8 4c50675d870440fab744966b3b1f8517 9eefbb65fa354af48e0df7be15861c1f - - 30a9d1da40d84ddf858de61f5578ef45 30a9d1da40d84ddf858de61f5578ef45] 199.19.213.150 "GET /allocations/7cbdc583-f34f-48d9-a33e-40069f25f994" status: 200 len: 257 microversion: 1.28 [pid: 8|app: 0|req: 316/636] 199.19.213.150 () {34 vars in 863 bytes} [Wed May 6 15:47:36 2026] GET /allocations/7cbdc583-f34f-48d9-a33e-40069f25f994 => generated 257 bytes in 13 msecs (HTTP/1.1 200) 8 headers in 296 bytes (1 switches on core 0)
2026-05-06 15:47:36.924 7 INFO placement.requestlog [req-060e39fe-d8de-4d0e-9e00-2fe434ec8127 req-1c4c652a-48b5-41dd-af7b-ab69530dc175 4c50675d870440fab744966b3b1f8517 9eefbb65fa354af48e0df7be15861c1f - - 30a9d1da40d84ddf858de61f5578ef45 30a9d1da40d84ddf858de61f5578ef45] 199.19.213.150 "GET /allocations/92af402e-3ce3-406d-9e27-767304f88290" status: 200 len: 243 microversion: 1.28 [pid: 7|app: 0|req: 321/637] 199.19.213.150 () {34 vars in 863 bytes} [Wed May 6 15:47:36 2026] GET /allocations/92af402e-3ce3-406d-9e27-767304f88290 => generated 243 bytes in 11 msecs (HTTP/1.1 200) 8 headers in 296 bytes (1 switches on core 0)
2026-05-06 15:47:37.114 7 INFO placement.requestlog [None req-a0ab21bc-8201-45c1-b90c-1aaef3685e45 - - - - - -] 10.0.0.175 "GET /" status: 200 len: 136 microversion: 1.0
2026-05-06 15:47:37.114 8 INFO placement.requestlog [None req-658ac2ec-1de8-4a6e-a085-e0f58ee70825 - - - - - -] 10.0.0.175 "GET /" status: 200 len: 136 microversion: 1.0
2026-05-06 15:47:37.983 7 INFO placement.requestlog [req-060e39fe-d8de-4d0e-9e00-2fe434ec8127 req-90855286-f3c9-42c7-b55d-e2f67041848e 4c50675d870440fab744966b3b1f8517 9eefbb65fa354af48e0df7be15861c1f - - 30a9d1da40d84ddf858de61f5578ef45 30a9d1da40d84ddf858de61f5578ef45] 199.19.213.150 "DELETE /allocations/7cbdc583-f34f-48d9-a33e-40069f25f994" status: 204 len: 0 microversion: 1.0 [pid: 7|app: 0|req: 323/640] 199.19.213.150 () {34 vars in 841 bytes} [Wed May 6 15:47:37 2026] DELETE /allocations/7cbdc583-f34f-48d9-a33e-40069f25f994 => generated 0 bytes in 31 msecs (HTTP/1.1 204) 5 headers in 198 bytes (1 switches on core 0)
2026-05-06 15:47:41.091 8 INFO placement.requestlog [req-9cf57d20-af88-4ada-9c91-e1a12b9b75f5 req-3c95b6fa-a5c3-4671-ae92-1ce4cb203e3e 4c50675d870440fab744966b3b1f8517 9eefbb65fa354af48e0df7be15861c1f - - 30a9d1da40d84ddf858de61f5578ef45 30a9d1da40d84ddf858de61f5578ef45] 199.19.213.150 "GET /resource_providers/14e6f7a9-d070-42b2-af1a-4dccdb14731d/allocations" status: 200 len: 238 microversion: 1.0 [pid: 8|app: 0|req: 318/641] 199.19.213.150 () {32 vars in 857 bytes} [Wed May 6 15:47:41 2026] GET /resource_providers/14e6f7a9-d070-42b2-af1a-4dccdb14731d/allocations => generated 238 bytes in 25 msecs (HTTP/1.1 200) 6 headers in 224 bytes (1 switches on core 0)
2026-05-06 15:47:41.117 7 INFO placement.requestlog [req-9cf57d20-af88-4ada-9c91-e1a12b9b75f5 req-3df5a474-821f-43a1-a94b-5ae80ff79ffc 4c50675d870440fab744966b3b1f8517 9eefbb65fa354af48e0df7be15861c1f - - 30a9d1da40d84ddf858de61f5578ef45 30a9d1da40d84ddf858de61f5578ef45] 199.19.213.150 "GET /resource_providers/14e6f7a9-d070-42b2-af1a-4dccdb14731d/allocations" status: 200 len: 238 microversion: 1.0 [pid: 7|app: 0|req: 324/642] 199.19.213.150 () {32 vars in 857 bytes} [Wed May 6 15:47:41 2026] GET /resource_providers/14e6f7a9-d070-42b2-af1a-4dccdb14731d/allocations => generated 238 bytes in 20 msecs (HTTP/1.1 200) 6 headers in 224 bytes (1 switches on core 0)
2026-05-06 15:47:41.138 8 INFO placement.requestlog [req-9cf57d20-af88-4ada-9c91-e1a12b9b75f5 req-6fbc78ea-aa2c-4f45-8525-68bbdbce95fa 4c50675d870440fab744966b3b1f8517 9eefbb65fa354af48e0df7be15861c1f - - 30a9d1da40d84ddf858de61f5578ef45 30a9d1da40d84ddf858de61f5578ef45] 199.19.213.150 "GET /allocations/4e1fdad7-53ee-4d3c-91af-30bc83f3838e" status: 200 len: 257 microversion: 1.28 [pid: 8|app: 0|req: 319/643] 199.19.213.150 () {34 vars in 863 bytes} [Wed May 6 15:47:41 2026] GET /allocations/4e1fdad7-53ee-4d3c-91af-30bc83f3838e => generated 257 bytes in 16 msecs (HTTP/1.1 200) 8 headers in 296 bytes (1 switches on core 0)
2026-05-06 15:47:41.161 7 INFO placement.requestlog [req-9cf57d20-af88-4ada-9c91-e1a12b9b75f5 req-76d835ee-a893-4c55-aade-2f954b0067fc 4c50675d870440fab744966b3b1f8517 9eefbb65fa354af48e0df7be15861c1f - - 30a9d1da40d84ddf858de61f5578ef45 30a9d1da40d84ddf858de61f5578ef45] 199.19.213.150 "GET /allocations/92af402e-3ce3-406d-9e27-767304f88290" status: 200 len: 243 microversion: 1.28 [pid: 7|app: 0|req: 325/644] 199.19.213.150 () {34 vars in 863 bytes} [Wed May 6 15:47:41 2026] GET /allocations/92af402e-3ce3-406d-9e27-767304f88290 => generated 243 bytes in 18 msecs (HTTP/1.1 200) 8 headers in 296 bytes (1 switches on core 0)
2026-05-06 15:47:41.263 7 INFO placement.requestlog [None req-63c86cd3-7026-4c45-92b9-af2adeca7d31 7fbe32061d01416da3f94638f286b8c0 9eefbb65fa354af48e0df7be15861c1f - - 30a9d1da40d84ddf858de61f5578ef45 30a9d1da40d84ddf858de61f5578ef45] 10.0.0.100 "GET /resource_providers/abd88b62-6360-4fc4-8be7-1cfab1781572/aggregates" status: 404 len: 235 microversion: 1.1 [pid: 7|app: 0|req: 326/645] 10.0.0.100 () {32 vars in 816 bytes} [Wed May 6 15:47:41 2026] GET /resource_providers/abd88b62-6360-4fc4-8be7-1cfab1781572/aggregates => generated 235 bytes in 19 msecs (HTTP/1.1 404) 5 headers in 202 bytes (1 switches on core 0)
2026-05-06 15:47:41.270 8 INFO placement.requestlog [None req-0c496954-926a-4369-a29d-4010be88a423 7fbe32061d01416da3f94638f286b8c0 9eefbb65fa354af48e0df7be15861c1f - - 30a9d1da40d84ddf858de61f5578ef45 30a9d1da40d84ddf858de61f5578ef45] 10.0.0.100 "GET /resource_providers/abd88b62-6360-4fc4-8be7-1cfab1781572/aggregates" status: 404 len: 235 microversion: 1.1 [pid: 8|app: 0|req: 320/646] 10.0.0.100 () {32 vars in 816 bytes} [Wed May 6 15:47:41 2026] GET /resource_providers/abd88b62-6360-4fc4-8be7-1cfab1781572/aggregates => generated 235 bytes in 28 msecs (HTTP/1.1 404) 5 headers in 202 bytes (1 switches on core 0)
2026-05-06 15:47:41.288 7 INFO placement.requestlog [None req-2e3545e5-3fee-42b4-8bdc-267213f6c76b 7fbe32061d01416da3f94638f286b8c0 9eefbb65fa354af48e0df7be15861c1f - - 30a9d1da40d84ddf858de61f5578ef45 30a9d1da40d84ddf858de61f5578ef45] 10.0.0.100 "DELETE /resource_providers/abd88b62-6360-4fc4-8be7-1cfab1781572" status: 404 len: 246 microversion: 1.1 [pid: 7|app: 0|req: 327/647] 10.0.0.100 () {34 vars in 816 bytes} [Wed May 6 15:47:41 2026] DELETE /resource_providers/abd88b62-6360-4fc4-8be7-1cfab1781572 => generated 246 bytes in 16 msecs (HTTP/1.1 404) 6 headers in 231 bytes (1 switches on core 0)
2026-05-06 15:47:41.304 8 INFO placement.requestlog [None req-defe5632-2961-45a6-875f-674af8b82342 7fbe32061d01416da3f94638f286b8c0 9eefbb65fa354af48e0df7be15861c1f - - 30a9d1da40d84ddf858de61f5578ef45 30a9d1da40d84ddf858de61f5578ef45] 10.0.0.100 "DELETE /resource_providers/abd88b62-6360-4fc4-8be7-1cfab1781572" status: 404 len: 246 microversion: 1.1 [pid: 8|app: 0|req: 321/648] 10.0.0.100 () {34 vars in 816 bytes} [Wed May 6 15:47:41 2026] DELETE /resource_providers/abd88b62-6360-4fc4-8be7-1cfab1781572 => generated 246 bytes in 23 msecs (HTTP/1.1 404) 6 headers in 231 bytes (1 switches on core 0)
2026-05-06 15:47:43.312 7 INFO placement.requestlog [None req-dd3ef096-1d75-4326-9224-49bd541b1279 7fbe32061d01416da3f94638f286b8c0 9eefbb65fa354af48e0df7be15861c1f - - 30a9d1da40d84ddf858de61f5578ef45 30a9d1da40d84ddf858de61f5578ef45] 10.0.0.100 "GET /resource_providers/6386b3ac-c672-4ebe-843b-fb064776a03e/aggregates" status: 404 len: 235 microversion: 1.1 [pid: 7|app: 0|req: 328/649] 10.0.0.100 () {32 vars in 816 bytes} [Wed May 6 15:47:43 2026] GET /resource_providers/6386b3ac-c672-4ebe-843b-fb064776a03e/aggregates => generated 235 bytes in 9 msecs (HTTP/1.1 404) 5 headers in 202 bytes (1 switches on core 0)
2026-05-06 15:47:43.335 8 INFO placement.requestlog [None req-adbc4a30-6826-4c0e-a04b-af8712a0f369 7fbe32061d01416da3f94638f286b8c0 9eefbb65fa354af48e0df7be15861c1f - - 30a9d1da40d84ddf858de61f5578ef45 30a9d1da40d84ddf858de61f5578ef45] 10.0.0.100 "GET /resource_providers/6386b3ac-c672-4ebe-843b-fb064776a03e/aggregates" status: 404 len: 235 microversion: 1.1 [pid: 8|app: 0|req: 322/650] 10.0.0.100 () {32 vars in 816 bytes} [Wed May 6 15:47:43 2026] GET /resource_providers/6386b3ac-c672-4ebe-843b-fb064776a03e/aggregates => generated 235 bytes in 14 msecs (HTTP/1.1 404) 5 headers in 202 bytes (1 switches on core 0)
2026-05-06 15:47:43.357 8 INFO placement.requestlog [None req-082b3970-aaed-4660-b1ae-6a2cf9d3720a 7fbe32061d01416da3f94638f286b8c0 9eefbb65fa354af48e0df7be15861c1f - - 30a9d1da40d84ddf858de61f5578ef45 30a9d1da40d84ddf858de61f5578ef45] 10.0.0.100 "DELETE /resource_providers/6386b3ac-c672-4ebe-843b-fb064776a03e" status: 404 len: 246 microversion: 1.1 [pid: 8|app: 0|req: 323/651] 10.0.0.100 () {34 vars in 816 bytes} [Wed May 6 15:47:43 2026] DELETE /resource_providers/6386b3ac-c672-4ebe-843b-fb064776a03e => generated 246 bytes in 7 msecs (HTTP/1.1 404) 6 headers in 231 bytes (1 switches on core 0)
2026-05-06 15:47:43.367 7 INFO placement.requestlog [None req-51933d21-0a35-4ba7-9b98-6fb03a62e69f 7fbe32061d01416da3f94638f286b8c0 9eefbb65fa354af48e0df7be15861c1f - - 30a9d1da40d84ddf858de61f5578ef45 30a9d1da40d84ddf858de61f5578ef45] 10.0.0.100 "DELETE /resource_providers/6386b3ac-c672-4ebe-843b-fb064776a03e" status: 404 len: 246 microversion: 1.1 [pid: 7|app: 0|req: 329/652] 10.0.0.100 () {34 vars in 816 bytes} [Wed May 6 15:47:43 2026] DELETE /resource_providers/6386b3ac-c672-4ebe-843b-fb064776a03e => generated 246 bytes in 18 msecs (HTTP/1.1 404) 6 headers in 231 bytes (1 switches on core 0)
2026-05-06 15:47:47.114 8 INFO placement.requestlog [None req-4b855a64-126a-429a-a35c-2b7f9fab6d1c - - - - - -] 10.0.0.175 "GET /" status: 200 len: 136 microversion: 1.0
2026-05-06 15:47:47.115 7 INFO placement.requestlog [None req-6d7c282c-0f3f-4f3f-beb7-7910b20e2acb - - - - - -] 10.0.0.175 "GET /" status: 200 len: 136 microversion: 1.0
2026-05-06 15:47:49.609 8 INFO placement.requestlog [req-ae3d964d-c7c5-4e4d-b20f-894f34eff0d0 req-3335d9f8-0471-4da1-bee6-d24a839548ae 4c50675d870440fab744966b3b1f8517 9eefbb65fa354af48e0df7be15861c1f - - 30a9d1da40d84ddf858de61f5578ef45 30a9d1da40d84ddf858de61f5578ef45] 10.0.0.252 "GET /allocation_candidates?limit=1000&resources=DISK_GB%3A1%2CMEMORY_MB%3A512%2CVCPU%3A1&root_required=%21COMPUTE_STATUS_DISABLED" status: 200 len: 2784 microversion: 1.36 [pid: 8|app: 0|req: 325/655] 10.0.0.252 () {34 vars in 1012 bytes} [Wed May 6 15:47:49 2026] GET /allocation_candidates?limit=1000&resources=DISK_GB%3A1%2CMEMORY_MB%3A512%2CVCPU%3A1&root_required=%21COMPUTE_STATUS_DISABLED => generated 2784 bytes in 71 msecs (HTTP/1.1 200) 8 headers in 297 bytes (1 switches on core 0)
2026-05-06 15:47:49.635 7 INFO placement.requestlog [req-ae3d964d-c7c5-4e4d-b20f-894f34eff0d0 req-9554d522-3fa7-4e94-87c5-983470fa5e09 4c50675d870440fab744966b3b1f8517 9eefbb65fa354af48e0df7be15861c1f - - 30a9d1da40d84ddf858de61f5578ef45 30a9d1da40d84ddf858de61f5578ef45] 10.0.0.252 "GET /allocations/6b2e9623-cbcc-46f5-b4f1-962846fbd46d" status: 200 len: 19 microversion: 1.28 [pid: 7|app: 0|req: 331/656] 10.0.0.252 () {34 vars in 861 bytes} [Wed May 6 15:47:49 2026] GET /allocations/6b2e9623-cbcc-46f5-b4f1-962846fbd46d => generated 19 bytes in 9 msecs (HTTP/1.1 200) 8 headers in 295 bytes (1 switches on core 0)
2026-05-06 15:47:49.698 8 INFO placement.requestlog [req-ae3d964d-c7c5-4e4d-b20f-894f34eff0d0 req-cba57b9e-7735-4ab3-8d59-423bcde85822 4c50675d870440fab744966b3b1f8517 9eefbb65fa354af48e0df7be15861c1f - - 30a9d1da40d84ddf858de61f5578ef45 30a9d1da40d84ddf858de61f5578ef45] 10.0.0.252 "PUT /allocations/6b2e9623-cbcc-46f5-b4f1-962846fbd46d" status: 204 len: 0 microversion: 1.36 [pid: 8|app: 0|req: 326/657] 10.0.0.252 () {38 vars in 914 bytes} [Wed May 6 15:47:49 2026] PUT /allocations/6b2e9623-cbcc-46f5-b4f1-962846fbd46d => generated 0 bytes in 58 msecs (HTTP/1.1 204) 5 headers in 199 bytes (1 switches on core 0)
2026-05-06 15:47:50.864 7 INFO placement.requestlog [None req-67ae2343-df6f-4139-93e6-b0bb5b19ab9d 7fbe32061d01416da3f94638f286b8c0 9eefbb65fa354af48e0df7be15861c1f - - 30a9d1da40d84ddf858de61f5578ef45 30a9d1da40d84ddf858de61f5578ef45] 10.0.0.100 "GET /resource_providers/7bfb159a-4c00-4e66-ae65-d564afde2996/aggregates" status: 404 len: 235 microversion: 1.1 [pid: 7|app: 0|req: 332/658] 10.0.0.100 () {32 vars in 816 bytes} [Wed May 6 15:47:50 2026] GET /resource_providers/7bfb159a-4c00-4e66-ae65-d564afde2996/aggregates => generated 235 bytes in 278 msecs (HTTP/1.1 404) 5 headers in 202 bytes (1 switches on core 0)
2026-05-06 15:47:50.884 7 INFO placement.requestlog [req-c698da01-4084-4f10-907b-bdd9bda2ad27 req-b8dc939c-c08c-4e1b-800d-305aec14f93f 4c50675d870440fab744966b3b1f8517 9eefbb65fa354af48e0df7be15861c1f - - 30a9d1da40d84ddf858de61f5578ef45 30a9d1da40d84ddf858de61f5578ef45] 199.19.213.150 "GET /resource_providers/14e6f7a9-d070-42b2-af1a-4dccdb14731d/allocations" status: 200 len: 338 microversion: 1.0
2026-05-06 15:47:50.884 8 INFO placement.requestlog [None req-6d078128-f00b-4d9a-8788-da96b9a3eb24 7fbe32061d01416da3f94638f286b8c0 9eefbb65fa354af48e0df7be15861c1f - - 30a9d1da40d84ddf858de61f5578ef45 30a9d1da40d84ddf858de61f5578ef45] 10.0.0.100 "GET /resource_providers/7bfb159a-4c00-4e66-ae65-d564afde2996/aggregates" status: 404 len: 235 microversion: 1.1 [pid: 7|app: 0|req: 333/659] 199.19.213.150 () {32 vars in 857 bytes} [Wed May 6 15:47:50 2026] GET /resource_providers/14e6f7a9-d070-42b2-af1a-4dccdb14731d/allocations => generated 338 bytes in 20 msecs (HTTP/1.1 200) 6 headers in 224 bytes (1 switches on core 0) [pid: 8|app: 0|req: 327/660] 10.0.0.100 () {32 vars in 816 bytes} [Wed May 6 15:47:50 2026] GET /resource_providers/7bfb159a-4c00-4e66-ae65-d564afde2996/aggregates => generated 235 bytes in 299 msecs (HTTP/1.1 404) 5 headers in 202 bytes (1 switches on core 0)
2026-05-06 15:47:50.892 7 INFO placement.requestlog [None req-6b26e22a-bc32-4991-bbef-05bcd92e57aa 7fbe32061d01416da3f94638f286b8c0 9eefbb65fa354af48e0df7be15861c1f - - 30a9d1da40d84ddf858de61f5578ef45 30a9d1da40d84ddf858de61f5578ef45] 10.0.0.100 "DELETE /resource_providers/7bfb159a-4c00-4e66-ae65-d564afde2996" status: 404 len: 246 microversion: 1.1 [pid: 7|app: 0|req: 334/661] 10.0.0.100 () {34 vars in 816 bytes} [Wed May 6 15:47:50 2026] DELETE /resource_providers/7bfb159a-4c00-4e66-ae65-d564afde2996 => generated 246 bytes in 7 msecs (HTTP/1.1 404) 6 headers in 231 bytes (1 switches on core 0)
2026-05-06 15:47:50.898 7 INFO placement.requestlog [None req-d0fc6918-2816-4c24-aba5-772892f66cd0 7fbe32061d01416da3f94638f286b8c0 9eefbb65fa354af48e0df7be15861c1f - - 30a9d1da40d84ddf858de61f5578ef45 30a9d1da40d84ddf858de61f5578ef45] 10.0.0.100 "DELETE /resource_providers/7bfb159a-4c00-4e66-ae65-d564afde2996" status: 404 len: 246 microversion: 1.1 [pid: 7|app: 0|req: 335/662] 10.0.0.100 () {34 vars in 816 bytes} [Wed May 6 15:47:50 2026] DELETE /resource_providers/7bfb159a-4c00-4e66-ae65-d564afde2996 => generated 246 bytes in 4 msecs (HTTP/1.1 404) 6 headers in 231 bytes (1 switches on core 0)
2026-05-06 15:47:50.901 8 INFO placement.requestlog [req-c698da01-4084-4f10-907b-bdd9bda2ad27 req-96a2cbed-2175-4c76-a44f-bf8a2988dddb 4c50675d870440fab744966b3b1f8517 9eefbb65fa354af48e0df7be15861c1f - - 30a9d1da40d84ddf858de61f5578ef45 30a9d1da40d84ddf858de61f5578ef45] 199.19.213.150 "GET /allocations/6b2e9623-cbcc-46f5-b4f1-962846fbd46d" status: 200 len: 257 microversion: 1.28 [pid: 8|app: 0|req: 328/663] 199.19.213.150 () {34 vars in 863 bytes} [Wed May 6 15:47:50 2026] GET /allocations/6b2e9623-cbcc-46f5-b4f1-962846fbd46d => generated 257 bytes in 12 msecs (HTTP/1.1 200) 8 headers in 296 bytes (1 switches on core 0)
2026-05-06 15:47:50.916 7 INFO placement.requestlog [req-c698da01-4084-4f10-907b-bdd9bda2ad27 req-5612fdca-102d-4800-9d09-7e743efe9480 4c50675d870440fab744966b3b1f8517 9eefbb65fa354af48e0df7be15861c1f - - 30a9d1da40d84ddf858de61f5578ef45 30a9d1da40d84ddf858de61f5578ef45] 199.19.213.150 "GET /allocations/4e1fdad7-53ee-4d3c-91af-30bc83f3838e" status: 200 len: 257 microversion: 1.28 [pid: 7|app: 0|req: 336/664] 199.19.213.150 () {34 vars in 863 bytes} [Wed May 6 15:47:50 2026] GET /allocations/4e1fdad7-53ee-4d3c-91af-30bc83f3838e => generated 257 bytes in 9 msecs (HTTP/1.1 200) 8 headers in 296 bytes (1 switches on core 0)
2026-05-06 15:47:50.935 8 INFO placement.requestlog [req-c698da01-4084-4f10-907b-bdd9bda2ad27 req-42dc8808-6509-48d1-bd2b-136a469c1969 4c50675d870440fab744966b3b1f8517 9eefbb65fa354af48e0df7be15861c1f - - 30a9d1da40d84ddf858de61f5578ef45 30a9d1da40d84ddf858de61f5578ef45] 199.19.213.150 "GET /allocations/92af402e-3ce3-406d-9e27-767304f88290" status: 200 len: 243 microversion: 1.28 [pid: 8|app: 0|req: 329/665] 199.19.213.150 () {34 vars in 863 bytes} [Wed May 6 15:47:50 2026] GET /allocations/92af402e-3ce3-406d-9e27-767304f88290 => generated 243 bytes in 14 msecs (HTTP/1.1 200) 8 headers in 296 bytes (1 switches on core 0)
2026-05-06 15:47:51.206 7 INFO placement.requestlog [req-ae3d964d-c7c5-4e4d-b20f-894f34eff0d0 req-f4cc4d7d-3f24-4251-a136-d503dcedd632 4c50675d870440fab744966b3b1f8517 9eefbb65fa354af48e0df7be15861c1f - - 30a9d1da40d84ddf858de61f5578ef45 30a9d1da40d84ddf858de61f5578ef45] 199.19.213.150 "GET /allocations/6b2e9623-cbcc-46f5-b4f1-962846fbd46d" status: 200 len: 257 microversion: 1.28 [pid: 7|app: 0|req: 337/666] 199.19.213.150 () {34 vars in 863 bytes} [Wed May 6 15:47:51 2026] GET /allocations/6b2e9623-cbcc-46f5-b4f1-962846fbd46d => generated 257 bytes in 16 msecs (HTTP/1.1 200) 8 headers in 296 bytes (1 switches on core 0)
2026-05-06 15:47:51.986 8 INFO placement.requestlog [req-c698da01-4084-4f10-907b-bdd9bda2ad27 req-c9209568-47c1-46f5-8908-a135e8fb6110 4c50675d870440fab744966b3b1f8517 9eefbb65fa354af48e0df7be15861c1f - - 30a9d1da40d84ddf858de61f5578ef45 30a9d1da40d84ddf858de61f5578ef45] 199.19.213.150 "DELETE /allocations/92af402e-3ce3-406d-9e27-767304f88290" status: 204 len: 0 microversion: 1.0 [pid: 8|app: 0|req: 330/667] 199.19.213.150 () {34 vars in 841 bytes} [Wed May 6 15:47:51 2026] DELETE /allocations/92af402e-3ce3-406d-9e27-767304f88290 => generated 0 bytes in 27 msecs (HTTP/1.1 204) 5 headers in 198 bytes (1 switches on core 0)
2026-05-06 15:47:52.909 7 INFO placement.requestlog [None req-167de97d-f449-49a7-8e48-747adc534a90 7fbe32061d01416da3f94638f286b8c0 9eefbb65fa354af48e0df7be15861c1f - - 30a9d1da40d84ddf858de61f5578ef45 30a9d1da40d84ddf858de61f5578ef45] 10.0.0.100 "GET /resource_providers/48ccee27-887d-4eff-865e-c8f844696001/aggregates" status: 404 len: 235 microversion: 1.1 [pid: 7|app: 0|req: 338/668] 10.0.0.100 () {32 vars in 816 bytes} [Wed May 6 15:47:52 2026] GET /resource_providers/48ccee27-887d-4eff-865e-c8f844696001/aggregates => generated 235 bytes in 12 msecs (HTTP/1.1 404) 5 headers in 202 bytes (1 switches on core 0)
