Apr 27 12:05:21.598217 np0000170471 devstack@neutron-api.service[104679]: INFO ovsdbapp.backend.ovs_idl.vlog [None req-56a5e30d-a663-4164-a7b7-e63c16f44b1f None None] ssl:199.204.45.74:6641: connecting...
Apr 27 12:05:21.603463 np0000170471 devstack@neutron-api.service[104677]: DEBUG neutron.common.ovn.hash_ring_manager [None req-34753aa6-94a3-48e5-a12b-4ce26670dd9e None None] Hash Ring loaded. 4 active nodes. 0 offline nodes {{(pid=104677) _load_hash_ring /opt/stack/neutron/neutron/common/ovn/hash_ring_manager.py:102}}
Apr 27 12:05:21.603799 np0000170471 devstack@neutron-api.service[104677]: DEBUG neutron.plugins.ml2.drivers.ovn.mech_driver.ovsdb.ovsdb_monitor [None req-34753aa6-94a3-48e5-a12b-4ce26670dd9e None None] Hash Ring: Node b68bf5ce0b865887aa5dcb87192e040b (host: np0000170471) handling event "create" for row df7df1ed-cece-43a1-b354-e8474458d5ee (table: Connection) {{(pid=104677) notify /opt/stack/neutron/neutron/plugins/ml2/drivers/ovn/mech_driver/ovsdb/ovsdb_monitor.py:914}}
Apr 27 12:05:21.605501 np0000170471 devstack@neutron-api.service[104677]: INFO neutron.plugins.ml2.drivers.ovn.mech_driver.ovsdb.impl_idl_ovn [None req-34753aa6-94a3-48e5-a12b-4ce26670dd9e None None] Getting OvsdbSbOvnIdl for WorkerService with retry
Apr 27 12:05:21.606505 np0000170471 devstack@neutron-api.service[104679]: INFO ovsdbapp.backend.ovs_idl.vlog [None req-56a5e30d-a663-4164-a7b7-e63c16f44b1f None None] ssl:199.204.45.74:6641: connected
Apr 27 12:05:21.607390 np0000170471 devstack@neutron-api.service[104678]: DEBUG neutron.common.ovn.hash_ring_manager [None req-fa539e03-d758-4b03-a73d-d2f8dcb7b155 None None] Allow caching, nodes 4>=4 {{(pid=104678) _wait_startup_before_caching /opt/stack/neutron/neutron/common/ovn/hash_ring_manager.py:65}}
Apr 27 12:05:21.610541 np0000170471 devstack@neutron-api.service[104678]: DEBUG neutron.common.ovn.hash_ring_manager [None req-fa539e03-d758-4b03-a73d-d2f8dcb7b155 None None] Hash Ring loaded. 4 active nodes. 0 offline nodes {{(pid=104678) _load_hash_ring /opt/stack/neutron/neutron/common/ovn/hash_ring_manager.py:102}}
Apr 27 12:05:21.610719 np0000170471 devstack@neutron-api.service[104678]: DEBUG neutron.plugins.ml2.drivers.ovn.mech_driver.ovsdb.ovsdb_monitor [None req-fa539e03-d758-4b03-a73d-d2f8dcb7b155 None None] Hash Ring: Node 80693aee493a58379b7c62836a2c3e93 (host: np0000170471) handling event "create" for row dcba6455-b130-4592-8d20-59cccc3d9151 (table: Chassis) {{(pid=104678) notify /opt/stack/neutron/neutron/plugins/ml2/drivers/ovn/mech_driver/ovsdb/ovsdb_monitor.py:914}}
Apr 27 12:05:21.611435 np0000170471 devstack@neutron-api.service[104678]: DEBUG ovsdbapp.backend.ovs_idl.event [None req-fa539e03-d758-4b03-a73d-d2f8dcb7b155 None None] Matched CREATE: ChassisBandwidthConfigEvent(events=('create', 'update'), table='Chassis', conditions=None, old_conditions=None), priority=20 to row=Chassis(uuid=dcba6455-b130-4592-8d20-59cccc3d9151, encaps=[39bf82a2-7181-4a72-acbf-8d36e50fde47], external_ids={}, hostname='np0000170471', name='334b59e9-18ff-45ac-bf50-6ee46e4a2079', nb_cfg=0, other_config={'ct-commit-nat-v2': 'true', 'ct-commit-to-zone': 'true', 'ct-next-zone': 'true', 'ct-no-masked-label': 'true', 'ct-state-save': 'true', 'datapath-type': 'system', 'fdb-timestamp': 'true', 'iface-types': 'afxdp,afxdp-nonpmd,bareudp,erspan,geneve,gre,gtpu,internal,ip6erspan,ip6gre,lisp,patch,srv6,stt,system,tap,vxlan', 'is-interconn': 'false', 'ls-dpg-column': 'true', 'mac-binding-timestamp': 'true', 'ovn-bridge-mappings': 'public:br-ex', 'ovn-chassis-mac-mappings': '', 'ovn-cms-options': 'enable-chassis-as-gw', 'ovn-ct-lb-related': 'true', 'ovn-enable-lflow-cache': 'true', 'ovn-limit-lflow-cache': '', 'ovn-memlimit-lflow-cache-kb': '', 'ovn-monitor-all': 'false', 'ovn-trim-limit-lflow-cache': '', 'ovn-trim-timeout-ms': '', 'ovn-trim-wmark-perc-lflow-cache': '', 'port-up-notif': 'true'}, transport_zones=[], vtep_logical_switches=[]) old= {{(pid=104678) matches /opt/stack/data/venv/lib/python3.12/site-packages/ovsdbapp/backend/ovs_idl/event.py:55}}
Apr 27 12:05:21.611852 np0000170471 devstack@neutron-api.service[104678]: DEBUG neutron.plugins.ml2.drivers.ovn.mech_driver.ovsdb.ovsdb_monitor [None req-fa539e03-d758-4b03-a73d-d2f8dcb7b155 None None] ChassisAgentWriteEvent : Matched Chassis_Private, create, None None {{(pid=104678) matches /opt/stack/neutron/neutron/plugins/ml2/drivers/ovn/mech_driver/ovsdb/ovsdb_monitor.py:64}}
Apr 27 12:05:21.612004 np0000170471 devstack@neutron-api.service[104678]: DEBUG neutron.plugins.ml2.drivers.ovn.mech_driver.ovsdb.ovsdb_monitor [None req-fa539e03-d758-4b03-a73d-d2f8dcb7b155 None None] ChassisOVNAgentWriteEvent : Matched Chassis_Private, create, None None {{(pid=104678) matches /opt/stack/neutron/neutron/plugins/ml2/drivers/ovn/mech_driver/ovsdb/ovsdb_monitor.py:64}}
Apr 27 12:05:21.613354 np0000170471 devstack@neutron-api.service[104678]: INFO neutron.plugins.ml2.drivers.ovn.mech_driver.mech_driver [None req-fa539e03-d758-4b03-a73d-d2f8dcb7b155 None None] WorkerService process has finished the post initialization
Apr 27 12:05:21.614631 np0000170471 devstack@neutron-api.service[104678]: INFO neutron.plugins.ml2.drivers.ovn.mech_driver.ovsdb.extensions.qos [-] Starting OVNClientQosExtension
Apr 27 12:05:21.615374 np0000170471 devstack@neutron-api.service[104678]: WSGI app 0 (mountpoint='') ready in 8 seconds on interpreter 0x77f1e30a3668 pid: 104678 (default app)
Apr 27 12:05:21.615520 np0000170471 devstack@neutron-api.service[104678]: INFO neutron.plugins.ml2.drivers.ovn.mech_driver.ovsdb.extensions.placement [-] Starting OVNClientPlacementExtension
Apr 27 12:05:21.640632 np0000170471 devstack@neutron-api.service[104679]: DEBUG neutron.common.ovn.hash_ring_manager [None req-56a5e30d-a663-4164-a7b7-e63c16f44b1f None None] Allow caching, nodes 4>=4 {{(pid=104679) _wait_startup_before_caching /opt/stack/neutron/neutron/common/ovn/hash_ring_manager.py:65}}
Apr 27 12:05:21.644142 np0000170471 devstack@neutron-api.service[104677]: DEBUG ovsdbapp.backend.ovs_idl [None req-34753aa6-94a3-48e5-a12b-4ce26670dd9e None None] Created lookup_table index Chassis.name {{(pid=104677) autocreate_indices /opt/stack/data/venv/lib/python3.12/site-packages/ovsdbapp/backend/ovs_idl/__init__.py:87}}
Apr 27 12:05:21.644142 np0000170471 devstack@neutron-api.service[104677]: DEBUG ovsdbapp.backend.ovs_idl [None req-34753aa6-94a3-48e5-a12b-4ce26670dd9e None None] Created lookup_table index Port_Binding.logical_port {{(pid=104677) autocreate_indices /opt/stack/data/venv/lib/python3.12/site-packages/ovsdbapp/backend/ovs_idl/__init__.py:87}}
Apr 27 12:05:21.644142 np0000170471 devstack@neutron-api.service[104677]: DEBUG ovsdbapp.backend.ovs_idl [None req-34753aa6-94a3-48e5-a12b-4ce26670dd9e None None] Created schema index Chassis_Private.name {{(pid=104677) autocreate_indices /opt/stack/data/venv/lib/python3.12/site-packages/ovsdbapp/backend/ovs_idl/__init__.py:106}}
Apr 27 12:05:21.644142 np0000170471 devstack@neutron-api.service[104677]: DEBUG ovsdbapp.backend.ovs_idl [None req-34753aa6-94a3-48e5-a12b-4ce26670dd9e None None] Created schema index Datapath_Binding.tunnel_key {{(pid=104677) autocreate_indices /opt/stack/data/venv/lib/python3.12/site-packages/ovsdbapp/backend/ovs_idl/__init__.py:106}}
Apr 27 12:05:21.645755 np0000170471 devstack@neutron-api.service[104677]: INFO ovsdbapp.backend.ovs_idl.vlog [None req-34753aa6-94a3-48e5-a12b-4ce26670dd9e None None] ssl:199.204.45.74:6642: connecting...
Apr 27 12:05:21.646955 np0000170471 devstack@neutron-api.service[104679]: DEBUG neutron.common.ovn.hash_ring_manager [None req-56a5e30d-a663-4164-a7b7-e63c16f44b1f None None] Hash Ring loaded. 4 active nodes. 0 offline nodes {{(pid=104679) _load_hash_ring /opt/stack/neutron/neutron/common/ovn/hash_ring_manager.py:102}}
Apr 27 12:05:21.647262 np0000170471 devstack@neutron-api.service[104679]: DEBUG neutron.plugins.ml2.drivers.ovn.mech_driver.ovsdb.ovsdb_monitor [None req-56a5e30d-a663-4164-a7b7-e63c16f44b1f None None] Hash Ring: Node bfd4df1865a956fb9f4d57635944d13b (host: np0000170471) handling event "create" for row 806343d0-de97-49db-94dd-d9514ff36548 (table: ACL) {{(pid=104679) notify /opt/stack/neutron/neutron/plugins/ml2/drivers/ovn/mech_driver/ovsdb/ovsdb_monitor.py:914}}
Apr 27 12:05:21.648571 np0000170471 devstack@neutron-api.service[104679]: INFO neutron.plugins.ml2.drivers.ovn.mech_driver.ovsdb.impl_idl_ovn [None req-56a5e30d-a663-4164-a7b7-e63c16f44b1f None None] Getting OvsdbSbOvnIdl for WorkerService with retry
Apr 27 12:05:21.650156 np0000170471 devstack@neutron-api.service[104677]: INFO ovsdbapp.backend.ovs_idl.vlog [None req-34753aa6-94a3-48e5-a12b-4ce26670dd9e None None] ssl:199.204.45.74:6642: connected
Apr 27 12:05:21.674794 np0000170471 devstack@neutron-api.service[104679]: DEBUG ovsdbapp.backend.ovs_idl [None req-56a5e30d-a663-4164-a7b7-e63c16f44b1f None None] Created lookup_table index Chassis.name {{(pid=104679) autocreate_indices /opt/stack/data/venv/lib/python3.12/site-packages/ovsdbapp/backend/ovs_idl/__init__.py:87}}
Apr 27 12:05:21.674911 np0000170471 devstack@neutron-api.service[104679]: DEBUG ovsdbapp.backend.ovs_idl [None req-56a5e30d-a663-4164-a7b7-e63c16f44b1f None None] Created lookup_table index Port_Binding.logical_port {{(pid=104679) autocreate_indices /opt/stack/data/venv/lib/python3.12/site-packages/ovsdbapp/backend/ovs_idl/__init__.py:87}}
Apr 27 12:05:21.675011 np0000170471 devstack@neutron-api.service[104679]: DEBUG ovsdbapp.backend.ovs_idl [None req-56a5e30d-a663-4164-a7b7-e63c16f44b1f None None] Created schema index Chassis_Private.name {{(pid=104679) autocreate_indices /opt/stack/data/venv/lib/python3.12/site-packages/ovsdbapp/backend/ovs_idl/__init__.py:106}}
Apr 27 12:05:21.675106 np0000170471 devstack@neutron-api.service[104679]: DEBUG ovsdbapp.backend.ovs_idl [None req-56a5e30d-a663-4164-a7b7-e63c16f44b1f None None] Created schema index Datapath_Binding.tunnel_key {{(pid=104679) autocreate_indices /opt/stack/data/venv/lib/python3.12/site-packages/ovsdbapp/backend/ovs_idl/__init__.py:106}}
Apr 27 12:05:21.675781 np0000170471 devstack@neutron-api.service[104677]: DEBUG neutron.common.ovn.hash_ring_manager [None req-34753aa6-94a3-48e5-a12b-4ce26670dd9e None None] Allow caching, nodes 4>=4 {{(pid=104677) _wait_startup_before_caching /opt/stack/neutron/neutron/common/ovn/hash_ring_manager.py:65}}
Apr 27 12:05:21.676889 np0000170471 devstack@neutron-api.service[104679]: INFO ovsdbapp.backend.ovs_idl.vlog [None req-56a5e30d-a663-4164-a7b7-e63c16f44b1f None None] ssl:199.204.45.74:6642: connecting...
Apr 27 12:05:21.679253 np0000170471 devstack@neutron-api.service[104677]: DEBUG neutron.common.ovn.hash_ring_manager [None req-34753aa6-94a3-48e5-a12b-4ce26670dd9e None None] Hash Ring loaded. 4 active nodes. 0 offline nodes {{(pid=104677) _load_hash_ring /opt/stack/neutron/neutron/common/ovn/hash_ring_manager.py:102}}
Apr 27 12:05:21.679517 np0000170471 devstack@neutron-api.service[104677]: DEBUG neutron.plugins.ml2.drivers.ovn.mech_driver.ovsdb.ovsdb_monitor [None req-34753aa6-94a3-48e5-a12b-4ce26670dd9e None None] ChassisOVNAgentWriteEvent : Matched Chassis_Private, create, None None {{(pid=104677) matches /opt/stack/neutron/neutron/plugins/ml2/drivers/ovn/mech_driver/ovsdb/ovsdb_monitor.py:64}}
Apr 27 12:05:21.679652 np0000170471 devstack@neutron-api.service[104677]: DEBUG neutron.plugins.ml2.drivers.ovn.mech_driver.ovsdb.ovsdb_monitor [None req-34753aa6-94a3-48e5-a12b-4ce26670dd9e None None] ChassisAgentWriteEvent : Matched Chassis_Private, create, None None {{(pid=104677) matches /opt/stack/neutron/neutron/plugins/ml2/drivers/ovn/mech_driver/ovsdb/ovsdb_monitor.py:64}}
Apr 27 12:05:21.681439 np0000170471 devstack@neutron-api.service[104677]: INFO neutron.plugins.ml2.drivers.ovn.mech_driver.mech_driver [None req-34753aa6-94a3-48e5-a12b-4ce26670dd9e None None] WorkerService process has finished the post initialization
Apr 27 12:05:21.681575 np0000170471 devstack@neutron-api.service[104679]: INFO ovsdbapp.backend.ovs_idl.vlog [None req-56a5e30d-a663-4164-a7b7-e63c16f44b1f None None] ssl:199.204.45.74:6642: connected
Apr 27 12:05:21.683663 np0000170471 devstack@neutron-api.service[104677]: WSGI app 0 (mountpoint='') ready in 8 seconds on interpreter 0x77f1e30a3668 pid: 104677 (default app)
Apr 27 12:05:21.707731 np0000170471 devstack@neutron-api.service[104679]: DEBUG neutron.common.ovn.hash_ring_manager [None req-56a5e30d-a663-4164-a7b7-e63c16f44b1f None None] Allow caching, nodes 4>=4 {{(pid=104679) _wait_startup_before_caching /opt/stack/neutron/neutron/common/ovn/hash_ring_manager.py:65}}
Apr 27 12:05:21.710986 np0000170471 devstack@neutron-api.service[104679]: DEBUG neutron.common.ovn.hash_ring_manager [None req-56a5e30d-a663-4164-a7b7-e63c16f44b1f None None] Hash Ring loaded. 4 active nodes. 0 offline nodes {{(pid=104679) _load_hash_ring /opt/stack/neutron/neutron/common/ovn/hash_ring_manager.py:102}}
Apr 27 12:05:21.711138 np0000170471 devstack@neutron-api.service[104679]: DEBUG neutron.plugins.ml2.drivers.ovn.mech_driver.ovsdb.ovsdb_monitor [None req-56a5e30d-a663-4164-a7b7-e63c16f44b1f None None] ChassisAgentWriteEvent : Matched Chassis_Private, create, None None {{(pid=104679) matches /opt/stack/neutron/neutron/plugins/ml2/drivers/ovn/mech_driver/ovsdb/ovsdb_monitor.py:64}}
Apr 27 12:05:21.711300 np0000170471 devstack@neutron-api.service[104679]: DEBUG neutron.plugins.ml2.drivers.ovn.mech_driver.ovsdb.ovsdb_monitor [None req-56a5e30d-a663-4164-a7b7-e63c16f44b1f None None] ChassisOVNAgentWriteEvent : Matched Chassis_Private, create, None None {{(pid=104679) matches /opt/stack/neutron/neutron/plugins/ml2/drivers/ovn/mech_driver/ovsdb/ovsdb_monitor.py:64}}
Apr 27 12:05:21.711726 np0000170471 devstack@neutron-api.service[104679]: DEBUG neutron.plugins.ml2.drivers.ovn.mech_driver.ovsdb.ovsdb_monitor [None req-56a5e30d-a663-4164-a7b7-e63c16f44b1f None None] Hash Ring: Node bfd4df1865a956fb9f4d57635944d13b (host: np0000170471) handling event "create" for row 56ec59f9-a691-47ad-ae13-b3277b3a8c87 (table: Chassis_Private) {{(pid=104679) notify /opt/stack/neutron/neutron/plugins/ml2/drivers/ovn/mech_driver/ovsdb/ovsdb_monitor.py:914}}
Apr 27 12:05:21.711988 np0000170471 devstack@neutron-api.service[104679]: DEBUG neutron.plugins.ml2.drivers.ovn.mech_driver.ovsdb.ovsdb_monitor [None req-56a5e30d-a663-4164-a7b7-e63c16f44b1f None None] Hash Ring: Node bfd4df1865a956fb9f4d57635944d13b (host: np0000170471) handling event "create" for row 39bf82a2-7181-4a72-acbf-8d36e50fde47 (table: Encap) {{(pid=104679) notify /opt/stack/neutron/neutron/plugins/ml2/drivers/ovn/mech_driver/ovsdb/ovsdb_monitor.py:914}}
Apr 27 12:05:21.714384 np0000170471 devstack@neutron-api.service[104679]: INFO neutron.plugins.ml2.drivers.ovn.mech_driver.mech_driver [None req-56a5e30d-a663-4164-a7b7-e63c16f44b1f None None] WorkerService process has finished the post initialization
Apr 27 12:05:21.715988 np0000170471 devstack@neutron-api.service[104679]: WSGI app 0 (mountpoint='') ready in 8 seconds on interpreter 0x77f1e30a3668 pid: 104679 (default app)
Apr 27 12:05:22.505070 np0000170471 devstack@neutron-api.service[104677]: DEBUG neutron.plugins.ml2.drivers.ovn.mech_driver.ovsdb.ovsdb_monitor [-] Hash Ring: Node b68bf5ce0b865887aa5dcb87192e040b (host: np0000170471) handling event "update" for row df7df1ed-cece-43a1-b354-e8474458d5ee (table: Connection) {{(pid=104677) notify /opt/stack/neutron/neutron/plugins/ml2/drivers/ovn/mech_driver/ovsdb/ovsdb_monitor.py:914}}
Apr 27 12:05:22.509407 np0000170471 devstack@neutron-api.service[104678]: DEBUG neutron.common.ovn.hash_ring_manager [-] Allow caching, nodes 4>=4 {{(pid=104678) _wait_startup_before_caching /opt/stack/neutron/neutron/common/ovn/hash_ring_manager.py:65}}
Apr 27 12:05:22.510455 np0000170471 devstack@neutron-api.service[104680]: DEBUG neutron.common.ovn.hash_ring_manager [-] Allow caching, nodes 4>=4 {{(pid=104680) _wait_startup_before_caching /opt/stack/neutron/neutron/common/ovn/hash_ring_manager.py:65}}
Apr 27 12:05:22.510723 np0000170471 devstack@neutron-api.service[104680]: DEBUG neutron.plugins.ml2.drivers.ovn.mech_driver.ovsdb.ovsdb_monitor [-] Hash Ring: Node 096352579b835e0fab7c360e7c2a03f5 (host: np0000170471) handling event "update" for row df7df1ed-cece-43a1-b354-e8474458d5ee (table: Connection) {{(pid=104680) notify /opt/stack/neutron/neutron/plugins/ml2/drivers/ovn/mech_driver/ovsdb/ovsdb_monitor.py:914}}
Apr 27 12:05:25.006161 np0000170471 devstack@neutron-api.service[104680]: DEBUG neutron.plugins.ml2.drivers.ovn.mech_driver.ovsdb.ovsdb_monitor [-] Hash Ring: Node 096352579b835e0fab7c360e7c2a03f5 (host: np0000170471) handling event "update" for row df7df1ed-cece-43a1-b354-e8474458d5ee (table: Connection) {{(pid=104680) notify /opt/stack/neutron/neutron/plugins/ml2/drivers/ovn/mech_driver/ovsdb/ovsdb_monitor.py:914}}
Apr 27 12:05:25.008993 np0000170471 devstack@neutron-api.service[104677]: DEBUG neutron.plugins.ml2.drivers.ovn.mech_driver.ovsdb.ovsdb_monitor [-] Hash Ring: Node b68bf5ce0b865887aa5dcb87192e040b (host: np0000170471) handling event "update" for row df7df1ed-cece-43a1-b354-e8474458d5ee (table: Connection) {{(pid=104677) notify /opt/stack/neutron/neutron/plugins/ml2/drivers/ovn/mech_driver/ovsdb/ovsdb_monitor.py:914}}
Apr 27 12:05:27.820075 np0000170471 devstack@neutron-api.service[104680]: DEBUG neutron.api.wsgi [None req-4505a33b-345c-461b-a1cf-c20d2db11933 admin admin] Missing Content-Type {{(pid=104680) get_content_type /opt/stack/neutron/neutron/api/wsgi.py:80}}
Apr 27 12:05:27.820075 np0000170471 devstack@neutron-api.service[104680]: DEBUG neutron.api.wsgi [None req-4505a33b-345c-461b-a1cf-c20d2db11933 admin admin] https://199.204.45.74/networking/v2.0/extensions returned with HTTP 200 {{(pid=104680) __call__ /opt/stack/neutron/neutron/api/wsgi.py:540}}
Apr 27 12:05:27.820075 np0000170471 devstack@neutron-api.service[104680]: [pid: 104680|app: 0|req: 2/2] 199.204.45.74 () {64 vars in 1316 bytes} [Mon Apr 27 12:05:27 2026] GET /networking/v2.0/extensions => generated 15209 bytes in 486 msecs (HTTP/1.1 200) 4 headers in 159 bytes (1 switches on core 0)
Apr 27 12:05:28.245450 np0000170471 devstack@neutron-api.service[104678]: DEBUG neutron.api.v2.base [None req-f27c0200-91f1-4f24-ad11-6ef7c3d54032 admin admin] Request body: {'subnetpool': {'name': 'shared-default-subnetpool-v4', 'shared': True, 'default_prefixlen': 26, 'prefixes': ['10.1.0.0/20'], 'is_default': True}} {{(pid=104678) prepare_request_body /opt/stack/neutron/neutron/api/v2/base.py:727}}
Apr 27 12:05:28.448197 np0000170471 devstack@neutron-api.service[104678]: DEBUG neutron.policy [None req-f27c0200-91f1-4f24-ad11-6ef7c3d54032 admin admin] Loaded default policies from ['neutron'] under neutron.policies entry points {{(pid=104678) register_rules /opt/stack/neutron/neutron/policy.py:65}}
Apr 27 12:05:28.598847 np0000170471 devstack@neutron-api.service[104678]: DEBUG neutron_lib.callbacks.manager [None req-f27c0200-91f1-4f24-ad11-6ef7c3d54032 admin admin] Publish callbacks ['neutron.objects.securitygroup.RbacNeutronDbObjectMixin.validate_rbac_policy_change-2313467290468', 'neutron.objects.address_group.RbacNeutronDbObjectMixin.validate_rbac_policy_change-2313467267958', 'neutron.objects.network.RbacNeutronDbObjectMixin.validate_rbac_policy_change-2313467723386', 'neutron.objects.qos.policy.RbacNeutronDbObjectMixin.validate_rbac_policy_change-2313467719000', 'neutron.objects.subnetpool.RbacNeutronDbObjectMixin.validate_rbac_policy_change-2313467698423', 'neutron.objects.address_scope.RbacNeutronDbObjectMixin.validate_rbac_policy_change-2313467720617', 'neutron.plugins.ml2.plugin.External_net_db_mixin._process_ext_policy_create-28997', 'neutron.plugins.ml2.plugin.NeutronDbPluginV2.validate_network_rbac_policy_change-19793'] for rbac-policy (None), before_create {{(pid=104678) _notify_loop /opt/stack/data/venv/lib/python3.12/site-packages/neutron_lib/callbacks/manager.py:184}}
Apr 27 12:05:28.654415 np0000170471 devstack@neutron-api.service[104678]: DEBUG neutron_lib.callbacks.manager [None req-f27c0200-91f1-4f24-ad11-6ef7c3d54032 admin admin] Publish callbacks [] for subnetpool (None), before_response {{(pid=104678) _notify_loop /opt/stack/data/venv/lib/python3.12/site-packages/neutron_lib/callbacks/manager.py:184}}
Apr 27 12:05:28.655011 np0000170471 devstack@neutron-api.service[104678]: [pid: 104678|app: 0|req: 1/3] 199.204.45.74 () {68 vars in 1360 bytes} [Mon Apr 27 12:05:28 2026] POST /networking/v2.0/subnetpools => generated 533 bytes in 517 msecs (HTTP/1.1 201) 4 headers in 162 bytes (1 switches on core 0)
Apr 27 12:05:29.017026 np0000170471 devstack@neutron-api.service[104677]: DEBUG neutron.api.v2.base [None req-270a47cd-043d-49bf-888c-9c227a6ef18c admin admin] Request body: {'subnetpool': {'name': 'shared-default-subnetpool-v6', 'shared': True, 'default_prefixlen': 64, 'prefixes': ['fd6d:b53d:58ae::/56'], 'is_default': True}} {{(pid=104677) prepare_request_body /opt/stack/neutron/neutron/api/v2/base.py:727}}
Apr 27 12:05:29.227480 np0000170471 devstack@neutron-api.service[104677]: DEBUG neutron.policy [None req-270a47cd-043d-49bf-888c-9c227a6ef18c admin admin] Loaded default policies from ['neutron'] under neutron.policies entry points {{(pid=104677) register_rules /opt/stack/neutron/neutron/policy.py:65}}
Apr 27 12:05:29.398525 np0000170471 devstack@neutron-api.service[104677]: DEBUG neutron_lib.callbacks.manager [None req-270a47cd-043d-49bf-888c-9c227a6ef18c admin admin] Publish callbacks ['neutron.objects.securitygroup.RbacNeutronDbObjectMixin.validate_rbac_policy_change-2313467623066', 'neutron.objects.address_group.RbacNeutronDbObjectMixin.validate_rbac_policy_change-2313467698887', 'neutron.objects.network.RbacNeutronDbObjectMixin.validate_rbac_policy_change-2313467708846', 'neutron.objects.qos.policy.RbacNeutronDbObjectMixin.validate_rbac_policy_change-2313467713752', 'neutron.objects.subnetpool.RbacNeutronDbObjectMixin.validate_rbac_policy_change-2313467684371', 'neutron.objects.address_scope.RbacNeutronDbObjectMixin.validate_rbac_policy_change-2313467713833', 'neutron.plugins.ml2.plugin.External_net_db_mixin._process_ext_policy_create-2004074', 'neutron.plugins.ml2.plugin.NeutronDbPluginV2.validate_network_rbac_policy_change-2002894'] for rbac-policy (None), before_create {{(pid=104677) _notify_loop /opt/stack/data/venv/lib/python3.12/site-packages/neutron_lib/callbacks/manager.py:184}}
Apr 27 12:05:29.446981 np0000170471 devstack@neutron-api.service[104677]: DEBUG neutron_lib.callbacks.manager [None req-270a47cd-043d-49bf-888c-9c227a6ef18c admin admin] Publish callbacks [] for subnetpool (None), before_response {{(pid=104677) _notify_loop /opt/stack/data/venv/lib/python3.12/site-packages/neutron_lib/callbacks/manager.py:184}}
Apr 27 12:05:29.447827 np0000170471 devstack@neutron-api.service[104677]: [pid: 104677|app: 0|req: 1/4] 199.204.45.74 () {68 vars in 1360 bytes} [Mon Apr 27 12:05:28 2026] POST /networking/v2.0/subnetpools => generated 543 bytes in 564 msecs (HTTP/1.1 201) 4 headers in 162 bytes (1 switches on core 0)
Apr 27 12:05:29.930266 np0000170471 devstack@neutron-api.service[104679]: DEBUG neutron.api.v2.base [None req-faf1858f-dcbc-4f89-9eaf-80c397bee7fb admin admin] Request body: {'network': {'name': 'private', 'admin_state_up': True}} {{(pid=104679) prepare_request_body /opt/stack/neutron/neutron/api/v2/base.py:727}}
Apr 27 12:05:29.964365 np0000170471 devstack@neutron-api.service[104679]: DEBUG neutron.pecan_wsgi.hooks.quota_enforcement [None req-faf1858f-dcbc-4f89-9eaf-80c397bee7fb admin admin] Made reservation on behalf of ba39bdd9c96f4fc4b6624456ee5dc4e6 for: {'network': 1} {{(pid=104679) before /opt/stack/neutron/neutron/pecan_wsgi/hooks/quota_enforcement.py:66}}
Apr 27 12:05:30.165018 np0000170471 devstack@neutron-api.service[104679]: DEBUG neutron.policy [None req-faf1858f-dcbc-4f89-9eaf-80c397bee7fb admin admin] Loaded default policies from ['neutron'] under neutron.policies entry points {{(pid=104679) register_rules /opt/stack/neutron/neutron/policy.py:65}}
Apr 27 12:05:30.290096 np0000170471 devstack@neutron-api.service[104679]: DEBUG neutron_lib.callbacks.manager [None req-faf1858f-dcbc-4f89-9eaf-80c397bee7fb admin admin] Publish callbacks ['neutron.plugins.ml2.plugin.SecurityGroupDbMixin._ensure_default_security_group_handler-494767'] for network (None), before_create {{(pid=104679) _notify_loop /opt/stack/data/venv/lib/python3.12/site-packages/neutron_lib/callbacks/manager.py:184}}
Apr 27 12:05:30.312671 np0000170471 devstack@neutron-api.service[104679]: DEBUG neutron_lib.callbacks.manager [None req-faf1858f-dcbc-4f89-9eaf-80c397bee7fb admin admin] Publish callbacks [] for security_group (None), before_create {{(pid=104679) _notify_loop /opt/stack/data/venv/lib/python3.12/site-packages/neutron_lib/callbacks/manager.py:184}}
Apr 27 12:05:30.416320 np0000170471 devstack@neutron-api.service[104679]: DEBUG neutron_lib.callbacks.manager [None req-faf1858f-dcbc-4f89-9eaf-80c397bee7fb admin admin] Publish callbacks ['neutron.plugins.ml2.drivers.ovn.mech_driver.mech_driver.OVNMechanismDriver._create_security_group_precommit-8387005'] for security_group (90868f37-a449-4193-a0fd-755e12df9d0d), precommit_create {{(pid=104679) _notify_loop /opt/stack/data/venv/lib/python3.12/site-packages/neutron_lib/callbacks/manager.py:184}}
Apr 27 12:05:30.416544 np0000170471 devstack@neutron-api.service[104679]: DEBUG neutron.db.ovn_revision_numbers_db [None req-faf1858f-dcbc-4f89-9eaf-80c397bee7fb admin admin] create_initial_revision uuid=90868f37-a449-4193-a0fd-755e12df9d0d, type=security_groups, rev=-1 {{(pid=104679) create_initial_revision /opt/stack/neutron/neutron/db/ovn_revision_numbers_db.py:98}}
Apr 27 12:05:30.420487 np0000170471 devstack@neutron-api.service[104679]: DEBUG neutron.db.ovn_revision_numbers_db [None req-faf1858f-dcbc-4f89-9eaf-80c397bee7fb admin admin] create_initial_revision uuid=0ee332c9-3d03-4dd5-aa9e-767e0c698ba9, type=security_group_rules, rev=-1 {{(pid=104679) create_initial_revision /opt/stack/neutron/neutron/db/ovn_revision_numbers_db.py:98}}
Apr 27 12:05:30.422989 np0000170471 devstack@neutron-api.service[104679]: DEBUG neutron.db.ovn_revision_numbers_db [None req-faf1858f-dcbc-4f89-9eaf-80c397bee7fb admin admin] create_initial_revision uuid=1097e30b-cd4b-4f0b-ae95-8a6fe66ab6ca, type=security_group_rules, rev=-1 {{(pid=104679) create_initial_revision /opt/stack/neutron/neutron/db/ovn_revision_numbers_db.py:98}}
Apr 27 12:05:30.425086 np0000170471 devstack@neutron-api.service[104679]: DEBUG neutron.db.ovn_revision_numbers_db [None req-faf1858f-dcbc-4f89-9eaf-80c397bee7fb admin admin] create_initial_revision uuid=c3554f0d-5eaf-4080-b399-1b58027524e8, type=security_group_rules, rev=-1 {{(pid=104679) create_initial_revision /opt/stack/neutron/neutron/db/ovn_revision_numbers_db.py:98}}
Apr 27 12:05:30.427728 np0000170471 devstack@neutron-api.service[104679]: DEBUG neutron.db.ovn_revision_numbers_db [None req-faf1858f-dcbc-4f89-9eaf-80c397bee7fb admin admin] create_initial_revision uuid=e42cd027-be44-4cc2-8c10-81d9395ca631, type=security_group_rules, rev=-1 {{(pid=104679) create_initial_revision /opt/stack/neutron/neutron/db/ovn_revision_numbers_db.py:98}}
Apr 27 12:05:30.436955 np0000170471 devstack@neutron-api.service[104679]: DEBUG neutron_lib.callbacks.manager [None req-faf1858f-dcbc-4f89-9eaf-80c397bee7fb admin admin] Publish callbacks ['neutron.plugins.ml2.drivers.ovn.mech_driver.mech_driver.OVNMechanismDriver._create_security_group-8386951', 'neutron.plugins.ml2.ovo_rpc._ObjectChangeHandler.handle_event-6843498'] for security_group (90868f37-a449-4193-a0fd-755e12df9d0d), after_create {{(pid=104679) _notify_loop /opt/stack/data/venv/lib/python3.12/site-packages/neutron_lib/callbacks/manager.py:184}}
Apr 27 12:05:30.437412 np0000170471 devstack@neutron-api.service[104679]: INFO neutron.plugins.ml2.drivers.ovn.mech_driver.ovsdb.extensions.qos [None req-faf1858f-dcbc-4f89-9eaf-80c397bee7fb admin admin] Starting OVNClientQosExtension
Apr 27 12:05:30.437691 np0000170471 devstack@neutron-api.service[104679]: INFO neutron.plugins.ml2.drivers.ovn.mech_driver.ovsdb.extensions.placement [None req-faf1858f-dcbc-4f89-9eaf-80c397bee7fb admin admin] Starting OVNClientPlacementExtension
Apr 27 12:05:30.439226 np0000170471 devstack@neutron-api.service[104679]: DEBUG ovsdbapp.backend.ovs_idl.transaction [-] Running txn n=1 command(idx=0): PgAddCommand(_result=None, name=pg_90868f37_a449_4193_a0fd_755e12df9d0d, may_exist=False, columns={'acls': [], 'external_ids': {'neutron:security_group_id': '90868f37-a449-4193-a0fd-755e12df9d0d'}}) {{(pid=104679) do_commit /opt/stack/data/venv/lib/python3.12/site-packages/ovsdbapp/backend/ovs_idl/transaction.py:89}}
Apr 27 12:05:30.441743 np0000170471 devstack@neutron-api.service[104679]: DEBUG ovsdbapp.backend.ovs_idl.transaction [-] Running txn n=1 command(idx=1): PgAclAddCommand(_result=None, entity=pg_90868f37_a449_4193_a0fd_755e12df9d0d, direction=to-lport, priority=1002, match=outport == @pg_90868f37_a449_4193_a0fd_755e12df9d0d && ip4 && ip4.src == $pg_90868f37_a449_4193_a0fd_755e12df9d0d_ip4, action=allow-related, log=False, may_exist=True, severity=[], name=[], meter=[], external_ids={'neutron:security_group_rule_id': '0ee332c9-3d03-4dd5-aa9e-767e0c698ba9'}) {{(pid=104679) do_commit /opt/stack/data/venv/lib/python3.12/site-packages/ovsdbapp/backend/ovs_idl/transaction.py:89}}
Apr 27 12:05:30.442364 np0000170471 devstack@neutron-api.service[104679]: DEBUG ovsdbapp.backend.ovs_idl.transaction [-] Running txn n=1 command(idx=2): PgAclAddCommand(_result=None, entity=pg_90868f37_a449_4193_a0fd_755e12df9d0d, direction=to-lport, priority=1002, match=outport == @pg_90868f37_a449_4193_a0fd_755e12df9d0d && ip6 && ip6.src == $pg_90868f37_a449_4193_a0fd_755e12df9d0d_ip6, action=allow-related, log=False, may_exist=True, severity=[], name=[], meter=[], external_ids={'neutron:security_group_rule_id': '1097e30b-cd4b-4f0b-ae95-8a6fe66ab6ca'}) {{(pid=104679) do_commit /opt/stack/data/venv/lib/python3.12/site-packages/ovsdbapp/backend/ovs_idl/transaction.py:89}}
Apr 27 12:05:30.442869 np0000170471 devstack@neutron-api.service[104679]: DEBUG ovsdbapp.backend.ovs_idl.transaction [-] Running txn n=1 command(idx=3): PgAclAddCommand(_result=None, entity=pg_90868f37_a449_4193_a0fd_755e12df9d0d, direction=from-lport, priority=1002, match=inport == @pg_90868f37_a449_4193_a0fd_755e12df9d0d && ip4, action=allow-related, log=False, may_exist=True, severity=[], name=[], meter=[], external_ids={'neutron:security_group_rule_id': 'c3554f0d-5eaf-4080-b399-1b58027524e8'}) {{(pid=104679) do_commit /opt/stack/data/venv/lib/python3.12/site-packages/ovsdbapp/backend/ovs_idl/transaction.py:89}}
Apr 27 12:05:30.443362 np0000170471 devstack@neutron-api.service[104679]: DEBUG ovsdbapp.backend.ovs_idl.transaction [-] Running txn n=1 command(idx=4): PgAclAddCommand(_result=None, entity=pg_90868f37_a449_4193_a0fd_755e12df9d0d, direction=from-lport, priority=1002, match=inport == @pg_90868f37_a449_4193_a0fd_755e12df9d0d && ip6, action=allow-related, log=False, may_exist=True, severity=[], name=[], meter=[], external_ids={'neutron:security_group_rule_id': 'e42cd027-be44-4cc2-8c10-81d9395ca631'}) {{(pid=104679) do_commit /opt/stack/data/venv/lib/python3.12/site-packages/ovsdbapp/backend/ovs_idl/transaction.py:89}}
Apr 27 12:05:30.452303 np0000170471 devstack@neutron-api.service[104680]: DEBUG neutron.plugins.ml2.drivers.ovn.mech_driver.ovsdb.ovsdb_monitor [-] Hash Ring: Node 096352579b835e0fab7c360e7c2a03f5 (host: np0000170471) handling event "create" for row 3875ba6d-b521-4ff4-9093-d730a28e1c9d (table: ACL) {{(pid=104680) notify /opt/stack/neutron/neutron/plugins/ml2/drivers/ovn/mech_driver/ovsdb/ovsdb_monitor.py:914}}
Apr 27 12:05:30.452713 np0000170471 devstack@neutron-api.service[104677]: DEBUG neutron.plugins.ml2.drivers.ovn.mech_driver.ovsdb.ovsdb_monitor [-] Hash Ring: Node b68bf5ce0b865887aa5dcb87192e040b (host: np0000170471) handling event "create" for row 3875ba6d-b521-4ff4-9093-d730a28e1c9d (table: ACL) {{(pid=104677) notify /opt/stack/neutron/neutron/plugins/ml2/drivers/ovn/mech_driver/ovsdb/ovsdb_monitor.py:914}}
Apr 27 12:05:30.452713 np0000170471 devstack@neutron-api.service[104677]: DEBUG neutron.plugins.ml2.drivers.ovn.mech_driver.ovsdb.ovsdb_monitor [-] Hash Ring: Node b68bf5ce0b865887aa5dcb87192e040b (host: np0000170471) handling event "create" for row 38b36700-6093-4ff4-963c-2f632588328b (table: ACL) {{(pid=104677) notify /opt/stack/neutron/neutron/plugins/ml2/drivers/ovn/mech_driver/ovsdb/ovsdb_monitor.py:914}}
Apr 27 12:05:30.453077 np0000170471 devstack@neutron-api.service[104680]: DEBUG neutron.plugins.ml2.drivers.ovn.mech_driver.ovsdb.ovsdb_monitor [-] Hash Ring: Node 096352579b835e0fab7c360e7c2a03f5 (host: np0000170471) handling event "create" for row 38b36700-6093-4ff4-963c-2f632588328b (table: ACL) {{(pid=104680) notify /opt/stack/neutron/neutron/plugins/ml2/drivers/ovn/mech_driver/ovsdb/ovsdb_monitor.py:914}}
Apr 27 12:05:30.453127 np0000170471 devstack@neutron-api.service[104677]: DEBUG neutron.plugins.ml2.drivers.ovn.mech_driver.ovsdb.ovsdb_monitor [-] Hash Ring: Node b68bf5ce0b865887aa5dcb87192e040b (host: np0000170471) handling event "create" for row 9f6492e0-f44c-4ffa-b3d1-885c14b31257 (table: ACL) {{(pid=104677) notify /opt/stack/neutron/neutron/plugins/ml2/drivers/ovn/mech_driver/ovsdb/ovsdb_monitor.py:914}}
Apr 27 12:05:30.453173 np0000170471 devstack@neutron-api.service[104680]: DEBUG neutron.plugins.ml2.drivers.ovn.mech_driver.ovsdb.ovsdb_monitor [-] Hash Ring: Node 096352579b835e0fab7c360e7c2a03f5 (host: np0000170471) handling event "create" for row 9f6492e0-f44c-4ffa-b3d1-885c14b31257 (table: ACL) {{(pid=104680) notify /opt/stack/neutron/neutron/plugins/ml2/drivers/ovn/mech_driver/ovsdb/ovsdb_monitor.py:914}}
Apr 27 12:05:30.453445 np0000170471 devstack@neutron-api.service[104680]: DEBUG neutron.plugins.ml2.drivers.ovn.mech_driver.ovsdb.ovsdb_monitor [-] Hash Ring: Node 096352579b835e0fab7c360e7c2a03f5 (host: np0000170471) handling event "create" for row c43550ef-05b5-40a2-ad69-d69ea2642b9d (table: ACL) {{(pid=104680) notify /opt/stack/neutron/neutron/plugins/ml2/drivers/ovn/mech_driver/ovsdb/ovsdb_monitor.py:914}}
Apr 27 12:05:30.453501 np0000170471 devstack@neutron-api.service[104677]: DEBUG neutron.plugins.ml2.drivers.ovn.mech_driver.ovsdb.ovsdb_monitor [-] Hash Ring: Node b68bf5ce0b865887aa5dcb87192e040b (host: np0000170471) handling event "create" for row fd4da347-400c-47d9-a3ce-81e57f0e1bc1 (table: Port_Group) {{(pid=104677) notify /opt/stack/neutron/neutron/plugins/ml2/drivers/ovn/mech_driver/ovsdb/ovsdb_monitor.py:914}}
Apr 27 12:05:30.453720 np0000170471 devstack@neutron-api.service[104680]: DEBUG neutron.plugins.ml2.drivers.ovn.mech_driver.ovsdb.ovsdb_monitor [-] Hash Ring: Node 096352579b835e0fab7c360e7c2a03f5 (host: np0000170471) handling event "create" for row fd4da347-400c-47d9-a3ce-81e57f0e1bc1 (table: Port_Group) {{(pid=104680) notify /opt/stack/neutron/neutron/plugins/ml2/drivers/ovn/mech_driver/ovsdb/ovsdb_monitor.py:914}}
Apr 27 12:05:30.479687 np0000170471 devstack@neutron-api.service[104679]: INFO neutron.db.ovn_revision_numbers_db [None req-faf1858f-dcbc-4f89-9eaf-80c397bee7fb admin admin] Successfully bumped revision number for resource 90868f37-a449-4193-a0fd-755e12df9d0d (type: security_groups) to 1
Apr 27 12:05:30.499598 np0000170471 devstack@neutron-api.service[104679]: INFO neutron.db.ovn_revision_numbers_db [None req-faf1858f-dcbc-4f89-9eaf-80c397bee7fb admin admin] Successfully bumped revision number for resource 0ee332c9-3d03-4dd5-aa9e-767e0c698ba9 (type: security_group_rules) to 0
Apr 27 12:05:30.513701 np0000170471 devstack@neutron-api.service[104679]: INFO neutron.db.ovn_revision_numbers_db [None req-faf1858f-dcbc-4f89-9eaf-80c397bee7fb admin admin] Successfully bumped revision number for resource 1097e30b-cd4b-4f0b-ae95-8a6fe66ab6ca (type: security_group_rules) to 0
Apr 27 12:05:30.527343 np0000170471 devstack@neutron-api.service[104679]: INFO neutron.db.ovn_revision_numbers_db [None req-faf1858f-dcbc-4f89-9eaf-80c397bee7fb admin admin] Successfully bumped revision number for resource c3554f0d-5eaf-4080-b399-1b58027524e8 (type: security_group_rules) to 0
Apr 27 12:05:30.543574 np0000170471 devstack@neutron-api.service[104679]: INFO neutron.db.ovn_revision_numbers_db [None req-faf1858f-dcbc-4f89-9eaf-80c397bee7fb admin admin] Successfully bumped revision number for resource e42cd027-be44-4cc2-8c10-81d9395ca631 (type: security_group_rules) to 0
Apr 27 12:05:30.575208 np0000170471 devstack@neutron-api.service[104679]: DEBUG neutron.api.rpc.handlers.resources_rpc [None req-faf1858f-dcbc-4f89-9eaf-80c397bee7fb admin admin] Pushing event updated for resources: {'SecurityGroup': ['ID=90868f37-a449-4193-a0fd-755e12df9d0d,revision_number=1']} {{(pid=104679) push /opt/stack/neutron/neutron/api/rpc/handlers/resources_rpc.py:237}}
Apr 27 12:05:30.584101 np0000170471 devstack@neutron-api.service[104679]: DEBUG ovsdbapp.backend.ovs_idl.transaction [-] Running txn n=1 command(idx=0): CheckLivenessCommand(_result=None) {{(pid=104679) do_commit /opt/stack/data/venv/lib/python3.12/site-packages/ovsdbapp/backend/ovs_idl/transaction.py:89}}
Apr 27 12:05:30.588331 np0000170471 devstack@neutron-api.service[104680]: DEBUG neutron.plugins.ml2.drivers.ovn.mech_driver.ovsdb.ovsdb_monitor [-] Hash Ring: Node 096352579b835e0fab7c360e7c2a03f5 (host: np0000170471) handling event "update" for row 21e9b0a0-3463-495d-bf1b-1f9acb3ae07f (table: NB_Global) {{(pid=104680) notify /opt/stack/neutron/neutron/plugins/ml2/drivers/ovn/mech_driver/ovsdb/ovsdb_monitor.py:914}}
Apr 27 12:05:30.589431 np0000170471 devstack@neutron-api.service[104680]: DEBUG neutron.plugins.ml2.drivers.ovn.mech_driver.ovsdb.ovsdb_monitor [-] Hash Ring: Node 096352579b835e0fab7c360e7c2a03f5 (host: np0000170471) handling event "update" for row 21e9b0a0-3463-495d-bf1b-1f9acb3ae07f (table: NB_Global) {{(pid=104680) notify /opt/stack/neutron/neutron/plugins/ml2/drivers/ovn/mech_driver/ovsdb/ovsdb_monitor.py:914}}
Apr 27 12:05:30.590223 np0000170471 devstack@neutron-api.service[104678]: DEBUG neutron.plugins.ml2.drivers.ovn.mech_driver.ovsdb.ovsdb_monitor [-] Hash Ring: Node 80693aee493a58379b7c62836a2c3e93 (host: np0000170471) handling event "update" for row 21e9b0a0-3463-495d-bf1b-1f9acb3ae07f (table: NB_Global) {{(pid=104678) notify /opt/stack/neutron/neutron/plugins/ml2/drivers/ovn/mech_driver/ovsdb/ovsdb_monitor.py:914}}
Apr 27 12:05:30.592033 np0000170471 devstack@neutron-api.service[104679]: DEBUG neutron.api.rpc.callbacks.version_manager [None req-faf1858f-dcbc-4f89-9eaf-80c397bee7fb admin admin] Tracked resource versions report:
Apr 27 12:05:30.592033 np0000170471 devstack@neutron-api.service[104679]: pushed versions:
Apr 27 12:05:30.592033 np0000170471 devstack@neutron-api.service[104679]: { 'AddressGroup': {'1.2'},
Apr 27 12:05:30.592033 np0000170471 devstack@neutron-api.service[104679]: 'Agent': {'1.1'},
Apr 27 12:05:30.592033 np0000170471 devstack@neutron-api.service[104679]: 'ConntrackHelper': {'1.0'},
Apr 27 12:05:30.592033 np0000170471 devstack@neutron-api.service[104679]: 'LocalIPAssociation': {'1.0'},
Apr 27 12:05:30.592033 np0000170471 devstack@neutron-api.service[104679]: 'Log': {'1.0'},
Apr 27 12:05:30.592033 np0000170471 devstack@neutron-api.service[104679]: 'NDPProxy': {'1.0'},
Apr 27 12:05:30.592033 np0000170471 devstack@neutron-api.service[104679]: 'Network': {'1.2'},
Apr 27 12:05:30.592033 np0000170471 devstack@neutron-api.service[104679]: 'Port': {'1.10'},
Apr 27 12:05:30.592033 np0000170471 devstack@neutron-api.service[104679]: 'PortForwarding': {'1.3'},
Apr 27 12:05:30.592033 np0000170471 devstack@neutron-api.service[104679]: 'QosPolicy': {'1.10'},
Apr 27 12:05:30.592033 np0000170471 devstack@neutron-api.service[104679]: 'SecurityGroup': {'1.6'},
Apr 27 12:05:30.592033 np0000170471 devstack@neutron-api.service[104679]: 'SecurityGroupRule': {'1.3'},
Apr 27 12:05:30.592033 np0000170471 devstack@neutron-api.service[104679]: 'SubPort': {'1.0'},
Apr 27 12:05:30.592033 np0000170471 devstack@neutron-api.service[104679]: 'Subnet': {'1.2'},
Apr 27 12:05:30.592033 np0000170471 devstack@neutron-api.service[104679]: 'Trunk': {'1.1'}}
Apr 27 12:05:30.592033 np0000170471 devstack@neutron-api.service[104679]: consumer versions:
Apr 27 12:05:30.592033 np0000170471 devstack@neutron-api.service[104679]: {}
Apr 27 12:05:30.592033 np0000170471 devstack@neutron-api.service[104679]: {{(pid=104679) report /opt/stack/neutron/neutron/api/rpc/callbacks/version_manager.py:183}}
Apr 27 12:05:30.594254 np0000170471 devstack@neutron-api.service[104678]: DEBUG neutron.plugins.ml2.drivers.ovn.mech_driver.ovsdb.ovsdb_monitor [-] ChassisAgentWriteEvent : Matched Chassis_Private, update, None None {{(pid=104678) matches /opt/stack/neutron/neutron/plugins/ml2/drivers/ovn/mech_driver/ovsdb/ovsdb_monitor.py:64}}
Apr 27 12:05:30.595095 np0000170471 devstack@neutron-api.service[104680]: DEBUG neutron.plugins.ml2.drivers.ovn.mech_driver.ovsdb.ovsdb_monitor [-] ChassisAgentWriteEvent : Matched Chassis_Private, update, None None {{(pid=104680) matches /opt/stack/neutron/neutron/plugins/ml2/drivers/ovn/mech_driver/ovsdb/ovsdb_monitor.py:64}}
Apr 27 12:05:30.595454 np0000170471 devstack@neutron-api.service[104678]: DEBUG neutron.plugins.ml2.drivers.ovn.mech_driver.ovsdb.ovsdb_monitor [-] Hash Ring: Node 80693aee493a58379b7c62836a2c3e93 (host: np0000170471) handling event "update" for row 21e9b0a0-3463-495d-bf1b-1f9acb3ae07f (table: NB_Global) {{(pid=104678) notify /opt/stack/neutron/neutron/plugins/ml2/drivers/ovn/mech_driver/ovsdb/ovsdb_monitor.py:914}}
Apr 27 12:05:30.595670 np0000170471 devstack@neutron-api.service[104677]: DEBUG neutron.plugins.ml2.drivers.ovn.mech_driver.ovsdb.ovsdb_monitor [-] ChassisAgentWriteEvent : Matched Chassis_Private, update, None None {{(pid=104677) matches /opt/stack/neutron/neutron/plugins/ml2/drivers/ovn/mech_driver/ovsdb/ovsdb_monitor.py:64}}
Apr 27 12:05:30.595913 np0000170471 devstack@neutron-api.service[104678]: DEBUG neutron.plugins.ml2.drivers.ovn.mech_driver.ovsdb.ovsdb_monitor [-] Hash Ring: Node 80693aee493a58379b7c62836a2c3e93 (host: np0000170471) handling event "update" for row 21e9b0a0-3463-495d-bf1b-1f9acb3ae07f (table: NB_Global) {{(pid=104678) notify /opt/stack/neutron/neutron/plugins/ml2/drivers/ovn/mech_driver/ovsdb/ovsdb_monitor.py:914}}
Apr 27 12:05:30.595913 np0000170471 devstack@neutron-api.service[104678]: DEBUG neutron.plugins.ml2.drivers.ovn.mech_driver.ovsdb.ovsdb_monitor [-] Hash Ring: Node 80693aee493a58379b7c62836a2c3e93 (host: np0000170471) handling event "update" for row 21e9b0a0-3463-495d-bf1b-1f9acb3ae07f (table: NB_Global) {{(pid=104678) notify /opt/stack/neutron/neutron/plugins/ml2/drivers/ovn/mech_driver/ovsdb/ovsdb_monitor.py:914}}
Apr 27 12:05:30.597667 np0000170471 devstack@neutron-api.service[104678]: DEBUG neutron.plugins.ml2.drivers.ovn.mech_driver.ovsdb.ovsdb_monitor [-] ChassisOVNAgentWriteEvent : Matched Chassis_Private, update, None None {{(pid=104678) matches /opt/stack/neutron/neutron/plugins/ml2/drivers/ovn/mech_driver/ovsdb/ovsdb_monitor.py:64}}
Apr 27 12:05:30.598163 np0000170471 devstack@neutron-api.service[104680]: DEBUG neutron.plugins.ml2.drivers.ovn.mech_driver.ovsdb.ovsdb_monitor [-] Hash Ring: Node 096352579b835e0fab7c360e7c2a03f5 (host: np0000170471) handling event "update" for row 21e9b0a0-3463-495d-bf1b-1f9acb3ae07f (table: NB_Global) {{(pid=104680) notify /opt/stack/neutron/neutron/plugins/ml2/drivers/ovn/mech_driver/ovsdb/ovsdb_monitor.py:914}}
Apr 27 12:05:30.598423 np0000170471 devstack@neutron-api.service[104677]: DEBUG neutron.plugins.ml2.drivers.ovn.mech_driver.ovsdb.ovsdb_monitor [-] ChassisOVNAgentWriteEvent : Matched Chassis_Private, update, None None {{(pid=104677) matches /opt/stack/neutron/neutron/plugins/ml2/drivers/ovn/mech_driver/ovsdb/ovsdb_monitor.py:64}}
Apr 27 12:05:30.600675 np0000170471 devstack@neutron-api.service[104680]: DEBUG neutron.plugins.ml2.drivers.ovn.mech_driver.ovsdb.ovsdb_monitor [-] Hash Ring: Node 096352579b835e0fab7c360e7c2a03f5 (host: np0000170471) handling event "update" for row 21e9b0a0-3463-495d-bf1b-1f9acb3ae07f (table: NB_Global) {{(pid=104680) notify /opt/stack/neutron/neutron/plugins/ml2/drivers/ovn/mech_driver/ovsdb/ovsdb_monitor.py:914}}
Apr 27 12:05:30.600833 np0000170471 devstack@neutron-api.service[104679]: DEBUG neutron.plugins.ml2.drivers.ovn.mech_driver.ovsdb.ovsdb_monitor [-] ChassisAgentWriteEvent : Matched Chassis_Private, update, None None {{(pid=104679) matches /opt/stack/neutron/neutron/plugins/ml2/drivers/ovn/mech_driver/ovsdb/ovsdb_monitor.py:64}}
Apr 27 12:05:30.601547 np0000170471 devstack@neutron-api.service[104680]: DEBUG neutron.common.ovn.hash_ring_manager [-] Allow caching, nodes 4>=4 {{(pid=104680) _wait_startup_before_caching /opt/stack/neutron/neutron/common/ovn/hash_ring_manager.py:65}}
Apr 27 12:05:30.601672 np0000170471 devstack@neutron-api.service[104680]: DEBUG neutron.plugins.ml2.drivers.ovn.mech_driver.ovsdb.ovsdb_monitor [-] Hash Ring: Node 096352579b835e0fab7c360e7c2a03f5 (host: np0000170471) handling event "update" for row 56ec59f9-a691-47ad-ae13-b3277b3a8c87 (table: Chassis_Private) {{(pid=104680) notify /opt/stack/neutron/neutron/plugins/ml2/drivers/ovn/mech_driver/ovsdb/ovsdb_monitor.py:914}}
Apr 27 12:05:30.601775 np0000170471 devstack@neutron-api.service[104679]: DEBUG neutron.plugins.ml2.drivers.ovn.mech_driver.ovsdb.ovsdb_monitor [-] Hash Ring: Node bfd4df1865a956fb9f4d57635944d13b (host: np0000170471) handling event "update" for row 56ec59f9-a691-47ad-ae13-b3277b3a8c87 (table: Chassis_Private) {{(pid=104679) notify /opt/stack/neutron/neutron/plugins/ml2/drivers/ovn/mech_driver/ovsdb/ovsdb_monitor.py:914}}
Apr 27 12:05:30.603173 np0000170471 devstack@neutron-api.service[104680]: DEBUG neutron.plugins.ml2.drivers.ovn.mech_driver.ovsdb.ovsdb_monitor [-] ChassisOVNAgentWriteEvent : Matched Chassis_Private, update, None None {{(pid=104680) matches /opt/stack/neutron/neutron/plugins/ml2/drivers/ovn/mech_driver/ovsdb/ovsdb_monitor.py:64}}
Apr 27 12:05:30.603795 np0000170471 devstack@neutron-api.service[104680]: DEBUG neutron.plugins.ml2.drivers.ovn.mech_driver.ovsdb.ovsdb_monitor [-] Hash Ring: Node 096352579b835e0fab7c360e7c2a03f5 (host: np0000170471) handling event "update" for row 56ec59f9-a691-47ad-ae13-b3277b3a8c87 (table: Chassis_Private) {{(pid=104680) notify /opt/stack/neutron/neutron/plugins/ml2/drivers/ovn/mech_driver/ovsdb/ovsdb_monitor.py:914}}
Apr 27 12:05:30.604788 np0000170471 devstack@neutron-api.service[104679]: DEBUG neutron.plugins.ml2.drivers.ovn.mech_driver.ovsdb.ovsdb_monitor [-] ChassisOVNAgentWriteEvent : Matched Chassis_Private, update, None None {{(pid=104679) matches /opt/stack/neutron/neutron/plugins/ml2/drivers/ovn/mech_driver/ovsdb/ovsdb_monitor.py:64}}
Apr 27 12:05:30.605166 np0000170471 devstack@neutron-api.service[104679]: DEBUG neutron.plugins.ml2.drivers.ovn.mech_driver.ovsdb.ovsdb_monitor [-] Hash Ring: Node bfd4df1865a956fb9f4d57635944d13b (host: np0000170471) handling event "update" for row 56ec59f9-a691-47ad-ae13-b3277b3a8c87 (table: Chassis_Private) {{(pid=104679) notify /opt/stack/neutron/neutron/plugins/ml2/drivers/ovn/mech_driver/ovsdb/ovsdb_monitor.py:914}}
Apr 27 12:05:30.665953 np0000170471 devstack@neutron-api.service[104679]: DEBUG neutron.plugins.ml2.drivers.helpers [None req-faf1858f-dcbc-4f89-9eaf-80c397bee7fb admin admin] geneve segment allocate from pool success with {'geneve_vni': 13518} {{(pid=104679) allocate_partially_specified_segment /opt/stack/neutron/neutron/plugins/ml2/drivers/helpers.py:142}}
Apr 27 12:05:30.678843 np0000170471 devstack@neutron-api.service[104679]: DEBUG neutron_lib.callbacks.manager [None req-faf1858f-dcbc-4f89-9eaf-80c397bee7fb admin admin] Publish callbacks ['neutron.services.segments.db._add_segment_host_mapping_for_segment-8242541642492', 'neutron.plugins.ml2.plugin.Ml2Plugin._handle_segment_change-197107'] for segment (3194c7dd-658f-4051-8a37-753bac70814f), precommit_create {{(pid=104679) _notify_loop /opt/stack/data/venv/lib/python3.12/site-packages/neutron_lib/callbacks/manager.py:184}}
Apr 27 12:05:30.679005 np0000170471 devstack@neutron-api.service[104679]: INFO neutron.db.segments_db [None req-faf1858f-dcbc-4f89-9eaf-80c397bee7fb admin admin] Added segment 3194c7dd-658f-4051-8a37-753bac70814f of type geneve for network 0b27b52e-4c11-46a4-b5c1-f731b24dc408
Apr 27 12:05:30.726118 np0000170471 devstack@neutron-api.service[104679]: DEBUG neutron_lib.callbacks.manager [None req-faf1858f-dcbc-4f89-9eaf-80c397bee7fb admin admin] Publish callbacks ['neutron.services.auto_allocate.db._ensure_external_network_default_value_callback-8242540011804'] for network (0b27b52e-4c11-46a4-b5c1-f731b24dc408), precommit_create {{(pid=104679) _notify_loop /opt/stack/data/venv/lib/python3.12/site-packages/neutron_lib/callbacks/manager.py:184}}
Apr 27 12:05:30.743276 np0000170471 devstack@neutron-api.service[104679]: DEBUG neutron.plugins.ml2.drivers.ovn.mech_driver.mech_driver [None req-faf1858f-dcbc-4f89-9eaf-80c397bee7fb admin admin] Validating network segment with type geneve, segmentation ID 13518, physical network None {{(pid=104679) _validate_network_segments /opt/stack/neutron/neutron/plugins/ml2/drivers/ovn/mech_driver/mech_driver.py:641}}
Apr 27 12:05:30.743373 np0000170471 devstack@neutron-api.service[104679]: DEBUG neutron.db.ovn_revision_numbers_db [None req-faf1858f-dcbc-4f89-9eaf-80c397bee7fb admin admin] create_initial_revision uuid=0b27b52e-4c11-46a4-b5c1-f731b24dc408, type=networks, rev=-1 {{(pid=104679) create_initial_revision /opt/stack/neutron/neutron/db/ovn_revision_numbers_db.py:98}}
