Apr 27 12:05:21.057655 np0000170471 devstack@neutron-api.service[104678]: INFO neutron.api.extensions [None req-fa539e03-d758-4b03-a73d-d2f8dcb7b155 None None] Loaded extension: flavors
Apr 27 12:05:21.057717 np0000170471 devstack@neutron-api.service[104677]: DEBUG neutron_lib.callbacks.manager [None req-34753aa6-94a3-48e5-a12b-4ce26670dd9e None None] Subscribe: > security_group precommit_delete 55550000, False {{(pid=104677) subscribe /opt/stack/data/venv/lib/python3.12/site-packages/neutron_lib/callbacks/manager.py:52}}
Apr 27 12:05:21.057753 np0000170471 devstack@neutron-api.service[104678]: DEBUG neutron.api.extensions [None req-fa539e03-d758-4b03-a73d-d2f8dcb7b155 None None] Loading extension file: floating_ip_port_forwarding.py {{(pid=104678) _load_all_extensions_from_path /opt/stack/neutron/neutron/api/extensions.py:449}}
Apr 27 12:05:21.057833 np0000170471 devstack@neutron-api.service[104677]: DEBUG neutron_lib.callbacks.manager [None req-34753aa6-94a3-48e5-a12b-4ce26670dd9e None None] Subscribe: > security_group after_delete 55550000, False {{(pid=104677) subscribe /opt/stack/data/venv/lib/python3.12/site-packages/neutron_lib/callbacks/manager.py:52}}
Apr 27 12:05:21.057833 np0000170471 devstack@neutron-api.service[104677]: DEBUG neutron_lib.callbacks.manager [None req-34753aa6-94a3-48e5-a12b-4ce26670dd9e None None] Subscribe: > security_group_rule precommit_create 55550000, False {{(pid=104677) subscribe /opt/stack/data/venv/lib/python3.12/site-packages/neutron_lib/callbacks/manager.py:52}}
Apr 27 12:05:21.057833 np0000170471 devstack@neutron-api.service[104677]: DEBUG neutron_lib.callbacks.manager [None req-34753aa6-94a3-48e5-a12b-4ce26670dd9e None None] Subscribe: > security_group_rule after_create 55550000, False {{(pid=104677) subscribe /opt/stack/data/venv/lib/python3.12/site-packages/neutron_lib/callbacks/manager.py:52}}
Apr 27 12:05:21.058008 np0000170471 devstack@neutron-api.service[104678]: DEBUG neutron.api.extensions [None req-fa539e03-d758-4b03-a73d-d2f8dcb7b155 None None] Ext name="Floating IP Port Forwarding" alias="floating-ip-port-forwarding" description="Allow port forwarding from floating IP port to an internal port" updated="2018-01-19T10:00:00-00:00" {{(pid=104678) _check_extension /opt/stack/neutron/neutron/api/extensions.py:415}}
Apr 27 12:05:21.058041 np0000170471 devstack@neutron-api.service[104677]: DEBUG neutron_lib.callbacks.manager [None req-34753aa6-94a3-48e5-a12b-4ce26670dd9e None None] Subscribe: > security_group_rule before_delete 55550000, False {{(pid=104677) subscribe /opt/stack/data/venv/lib/python3.12/site-packages/neutron_lib/callbacks/manager.py:52}}
Apr 27 12:05:21.058041 np0000170471 devstack@neutron-api.service[104677]: DEBUG neutron_lib.callbacks.manager [None req-34753aa6-94a3-48e5-a12b-4ce26670dd9e None None] Subscribe: > address_group after_create 55550000, False {{(pid=104677) subscribe /opt/stack/data/venv/lib/python3.12/site-packages/neutron_lib/callbacks/manager.py:52}}
Apr 27 12:05:21.058132 np0000170471 devstack@neutron-api.service[104678]: INFO neutron.api.extensions [None req-fa539e03-d758-4b03-a73d-d2f8dcb7b155 None None] Extension floating-ip-port-forwarding not supported by any of loaded plugins
Apr 27 12:05:21.058192 np0000170471 devstack@neutron-api.service[104677]: DEBUG neutron_lib.callbacks.manager [None req-34753aa6-94a3-48e5-a12b-4ce26670dd9e None None] Subscribe: > address_group after_update 55550000, False {{(pid=104677) subscribe /opt/stack/data/venv/lib/python3.12/site-packages/neutron_lib/callbacks/manager.py:52}}
Apr 27 12:05:21.058233 np0000170471 devstack@neutron-api.service[104678]: DEBUG neutron.api.extensions [None req-fa539e03-d758-4b03-a73d-d2f8dcb7b155 None None] Loading extension file: floatingip_pools.py {{(pid=104678) _load_all_extensions_from_path /opt/stack/neutron/neutron/api/extensions.py:449}}
Apr 27 12:05:21.058296 np0000170471 devstack@neutron-api.service[104677]: DEBUG neutron_lib.callbacks.manager [None req-34753aa6-94a3-48e5-a12b-4ce26670dd9e None None] Subscribe: > address_group after_delete 55550000, False {{(pid=104677) subscribe /opt/stack/data/venv/lib/python3.12/site-packages/neutron_lib/callbacks/manager.py:52}}
Apr 27 12:05:21.058330 np0000170471 devstack@neutron-api.service[104678]: DEBUG neutron.api.extensions [None req-fa539e03-d758-4b03-a73d-d2f8dcb7b155 None None] Ext name="Floating IP Pools Extension" alias="floatingip-pools" description="Provides a floating IP pools API." updated="2018-03-21T10:00:00-00:00" {{(pid=104678) _check_extension /opt/stack/neutron/neutron/api/extensions.py:415}}
Apr 27 12:05:21.058362 np0000170471 devstack@neutron-api.service[104677]: DEBUG neutron_lib.callbacks.manager [None req-34753aa6-94a3-48e5-a12b-4ce26670dd9e None None] Subscribe: > qos_plugin after_init 55550000, False {{(pid=104677) subscribe /opt/stack/data/venv/lib/python3.12/site-packages/neutron_lib/callbacks/manager.py:52}}
Apr 27 12:05:21.058460 np0000170471 devstack@neutron-api.service[104678]: INFO neutron.api.extensions [None req-fa539e03-d758-4b03-a73d-d2f8dcb7b155 None None] Loaded extension: floatingip-pools
Apr 27 12:05:21.058486 np0000170471 devstack@neutron-api.service[104677]: DEBUG neutron_lib.callbacks.manager [None req-34753aa6-94a3-48e5-a12b-4ce26670dd9e None None] Subscribe: > trunk_plugin after_init 55550000, False {{(pid=104677) subscribe /opt/stack/data/venv/lib/python3.12/site-packages/neutron_lib/callbacks/manager.py:52}}
Apr 27 12:05:21.058518 np0000170471 devstack@neutron-api.service[104678]: DEBUG neutron.api.extensions [None req-fa539e03-d758-4b03-a73d-d2f8dcb7b155 None None] Loading extension file: ip_allocation.py {{(pid=104678) _load_all_extensions_from_path /opt/stack/neutron/neutron/api/extensions.py:449}}
Apr 27 12:05:21.058668 np0000170471 devstack@neutron-api.service[104677]: DEBUG neutron_lib.callbacks.manager [None req-34753aa6-94a3-48e5-a12b-4ce26670dd9e None None] Subscribe: > logging-plugin after_init 55550000, False {{(pid=104677) subscribe /opt/stack/data/venv/lib/python3.12/site-packages/neutron_lib/callbacks/manager.py:52}}
Apr 27 12:05:21.058730 np0000170471 devstack@neutron-api.service[104678]: DEBUG neutron.api.extensions [None req-fa539e03-d758-4b03-a73d-d2f8dcb7b155 None None] Ext name="IP Allocation" alias="ip_allocation" description="IP allocation extension." updated="2016-06-10T23:00:00-00:00" {{(pid=104678) _check_extension /opt/stack/neutron/neutron/api/extensions.py:415}}
Apr 27 12:05:21.058930 np0000170471 devstack@neutron-api.service[104678]: INFO neutron.api.extensions [None req-fa539e03-d758-4b03-a73d-d2f8dcb7b155 None None] Extension ip_allocation not supported by any of loaded plugins
Apr 27 12:05:21.059011 np0000170471 devstack@neutron-api.service[104678]: DEBUG neutron.api.extensions [None req-fa539e03-d758-4b03-a73d-d2f8dcb7b155 None None] Loading extension file: ip_substring_port_filtering.py {{(pid=104678) _load_all_extensions_from_path /opt/stack/neutron/neutron/api/extensions.py:449}}
Apr 27 12:05:21.059177 np0000170471 devstack@neutron-api.service[104677]: INFO neutron.services.logapi.drivers.ovn.driver [None req-34753aa6-94a3-48e5-a12b-4ce26670dd9e None None] OVN logging driver registered
Apr 27 12:05:21.059213 np0000170471 devstack@neutron-api.service[104678]: DEBUG neutron.api.extensions [None req-fa539e03-d758-4b03-a73d-d2f8dcb7b155 None None] Ext name="IP address substring filtering" alias="ip-substring-filtering" description="Provides IP address substring filtering when listing ports" updated="2017-11-28T09:00:00-00:00" {{(pid=104678) _check_extension /opt/stack/neutron/neutron/api/extensions.py:415}}
Apr 27 12:05:21.059387 np0000170471 devstack@neutron-api.service[104678]: INFO neutron.api.extensions [None req-fa539e03-d758-4b03-a73d-d2f8dcb7b155 None None] Extension ip-substring-filtering not supported by any of loaded plugins
Apr 27 12:05:21.059496 np0000170471 devstack@neutron-api.service[104678]: DEBUG neutron.api.extensions [None req-fa539e03-d758-4b03-a73d-d2f8dcb7b155 None None] Loading extension file: l2_adjacency.py {{(pid=104678) _load_all_extensions_from_path /opt/stack/neutron/neutron/api/extensions.py:449}}
Apr 27 12:05:21.059702 np0000170471 devstack@neutron-api.service[104678]: DEBUG neutron.api.extensions [None req-fa539e03-d758-4b03-a73d-d2f8dcb7b155 None None] Ext name="L2 Adjacency" alias="l2_adjacency" description="Display L2 Adjacency for Neutron Networks." updated="2016-04-12T16:00:00-00:00" {{(pid=104678) _check_extension /opt/stack/neutron/neutron/api/extensions.py:415}}
Apr 27 12:05:21.059886 np0000170471 devstack@neutron-api.service[104678]: INFO neutron.api.extensions [None req-fa539e03-d758-4b03-a73d-d2f8dcb7b155 None None] Extension l2_adjacency not supported by any of loaded plugins
Apr 27 12:05:21.059981 np0000170471 devstack@neutron-api.service[104678]: DEBUG neutron.api.extensions [None req-fa539e03-d758-4b03-a73d-d2f8dcb7b155 None None] Loading extension file: l3.py {{(pid=104678) _load_all_extensions_from_path /opt/stack/neutron/neutron/api/extensions.py:449}}
Apr 27 12:05:21.060411 np0000170471 devstack@neutron-api.service[104678]: DEBUG neutron.api.extensions [None req-fa539e03-d758-4b03-a73d-d2f8dcb7b155 None None] Ext name="Neutron L3 Router" alias="router" description="Router abstraction for basic L3 forwarding between L2 Neutron networks and access to external networks via a NAT gateway." updated="2012-07-20T10:00:00-00:00" {{(pid=104678) _check_extension /opt/stack/neutron/neutron/api/extensions.py:415}}
Apr 27 12:05:21.060611 np0000170471 devstack@neutron-api.service[104678]: INFO neutron.api.extensions [None req-fa539e03-d758-4b03-a73d-d2f8dcb7b155 None None] Loaded extension: router
Apr 27 12:05:21.060695 np0000170471 devstack@neutron-api.service[104678]: DEBUG neutron.api.extensions [None req-fa539e03-d758-4b03-a73d-d2f8dcb7b155 None None] Loading extension file: l3_conntrack_helper.py {{(pid=104678) _load_all_extensions_from_path /opt/stack/neutron/neutron/api/extensions.py:449}}
Apr 27 12:05:21.060741 np0000170471 devstack@neutron-api.service[104677]: DEBUG neutron.plugins.ml2.plugin [None req-34753aa6-94a3-48e5-a12b-4ce26670dd9e None None] neutron.plugins.ml2.plugin.Ml2Plugin method _start_rpc_notifiers called with arguments () {} {{(pid=104677) wrapper /opt/stack/data/venv/lib/python3.12/site-packages/oslo_log/helpers.py:77}}
Apr 27 12:05:21.061055 np0000170471 devstack@neutron-api.service[104677]: DEBUG neutron_lib.callbacks.manager [None req-34753aa6-94a3-48e5-a12b-4ce26670dd9e None None] Subscribe: > port after_create 55550000, False {{(pid=104677) subscribe /opt/stack/data/venv/lib/python3.12/site-packages/neutron_lib/callbacks/manager.py:52}}
Apr 27 12:05:21.061157 np0000170471 devstack@neutron-api.service[104677]: DEBUG neutron_lib.callbacks.manager [None req-34753aa6-94a3-48e5-a12b-4ce26670dd9e None None] Subscribe: > port after_update 55550000, False {{(pid=104677) subscribe /opt/stack/data/venv/lib/python3.12/site-packages/neutron_lib/callbacks/manager.py:52}}
Apr 27 12:05:21.061267 np0000170471 devstack@neutron-api.service[104677]: DEBUG neutron_lib.callbacks.manager [None req-34753aa6-94a3-48e5-a12b-4ce26670dd9e None None] Subscribe: > port after_delete 55550000, False {{(pid=104677) subscribe /opt/stack/data/venv/lib/python3.12/site-packages/neutron_lib/callbacks/manager.py:52}}
Apr 27 12:05:21.061301 np0000170471 devstack@neutron-api.service[104678]: DEBUG neutron.api.extensions [None req-fa539e03-d758-4b03-a73d-d2f8dcb7b155 None None] Ext name="L3 Conntrack helper" alias="l3-conntrack-helper" description="Allow adding CT target rules for conntrack helper" updated="2019-04-04T10:00:00-00:00" {{(pid=104678) _check_extension /opt/stack/neutron/neutron/api/extensions.py:415}}
Apr 27 12:05:21.061375 np0000170471 devstack@neutron-api.service[104677]: DEBUG neutron_lib.callbacks.manager [None req-34753aa6-94a3-48e5-a12b-4ce26670dd9e None None] Subscribe: > subnet after_create 55550000, False {{(pid=104677) subscribe /opt/stack/data/venv/lib/python3.12/site-packages/neutron_lib/callbacks/manager.py:52}}
Apr 27 12:05:21.061500 np0000170471 devstack@neutron-api.service[104677]: DEBUG neutron_lib.callbacks.manager [None req-34753aa6-94a3-48e5-a12b-4ce26670dd9e None None] Subscribe: > subnet after_update 55550000, False {{(pid=104677) subscribe /opt/stack/data/venv/lib/python3.12/site-packages/neutron_lib/callbacks/manager.py:52}}
Apr 27 12:05:21.061642 np0000170471 devstack@neutron-api.service[104678]: INFO neutron.api.extensions [None req-fa539e03-d758-4b03-a73d-d2f8dcb7b155 None None] Extension l3-conntrack-helper not supported by any of loaded plugins
Apr 27 12:05:21.061642 np0000170471 devstack@neutron-api.service[104678]: DEBUG neutron.api.extensions [None req-fa539e03-d758-4b03-a73d-d2f8dcb7b155 None None] Loading extension file: l3_enable_default_route_bfd.py {{(pid=104678) _load_all_extensions_from_path /opt/stack/neutron/neutron/api/extensions.py:449}}
Apr 27 12:05:21.061751 np0000170471 devstack@neutron-api.service[104677]: DEBUG neutron_lib.callbacks.manager [None req-34753aa6-94a3-48e5-a12b-4ce26670dd9e None None] Subscribe: > subnet after_delete 55550000, False {{(pid=104677) subscribe /opt/stack/data/venv/lib/python3.12/site-packages/neutron_lib/callbacks/manager.py:52}}
Apr 27 12:05:21.061751 np0000170471 devstack@neutron-api.service[104677]: DEBUG neutron_lib.callbacks.manager [None req-34753aa6-94a3-48e5-a12b-4ce26670dd9e None None] Subscribe: > network after_create 55550000, False {{(pid=104677) subscribe /opt/stack/data/venv/lib/python3.12/site-packages/neutron_lib/callbacks/manager.py:52}}
Apr 27 12:05:21.061837 np0000170471 devstack@neutron-api.service[104677]: DEBUG neutron_lib.callbacks.manager [None req-34753aa6-94a3-48e5-a12b-4ce26670dd9e None None] Subscribe: > network after_update 55550000, False {{(pid=104677) subscribe /opt/stack/data/venv/lib/python3.12/site-packages/neutron_lib/callbacks/manager.py:52}}
Apr 27 12:05:21.061932 np0000170471 devstack@neutron-api.service[104678]: DEBUG neutron.api.extensions [None req-fa539e03-d758-4b03-a73d-d2f8dcb7b155 None None] Ext name="Enable Default Route BFD" alias="enable-default-route-bfd" description="Enables configurable BFD behavior for default routes" updated="2023-02-27T00:00:00-00:00" {{(pid=104678) _check_extension /opt/stack/neutron/neutron/api/extensions.py:415}}
Apr 27 12:05:21.062005 np0000170471 devstack@neutron-api.service[104677]: DEBUG neutron_lib.callbacks.manager [None req-34753aa6-94a3-48e5-a12b-4ce26670dd9e None None] Subscribe: > network after_delete 55550000, False {{(pid=104677) subscribe /opt/stack/data/venv/lib/python3.12/site-packages/neutron_lib/callbacks/manager.py:52}}
Apr 27 12:05:21.062005 np0000170471 devstack@neutron-api.service[104677]: DEBUG neutron_lib.callbacks.manager [None req-34753aa6-94a3-48e5-a12b-4ce26670dd9e None None] Subscribe: > security_group after_create 55550000, False {{(pid=104677) subscribe /opt/stack/data/venv/lib/python3.12/site-packages/neutron_lib/callbacks/manager.py:52}}
Apr 27 12:05:21.062063 np0000170471 devstack@neutron-api.service[104678]: INFO neutron.api.extensions [None req-fa539e03-d758-4b03-a73d-d2f8dcb7b155 None None] Loaded extension: enable-default-route-bfd
Apr 27 12:05:21.062155 np0000170471 devstack@neutron-api.service[104677]: DEBUG neutron_lib.callbacks.manager [None req-34753aa6-94a3-48e5-a12b-4ce26670dd9e None None] Subscribe: > security_group after_update 55550000, False {{(pid=104677) subscribe /opt/stack/data/venv/lib/python3.12/site-packages/neutron_lib/callbacks/manager.py:52}}
Apr 27 12:05:21.062188 np0000170471 devstack@neutron-api.service[104678]: DEBUG neutron.api.extensions [None req-fa539e03-d758-4b03-a73d-d2f8dcb7b155 None None] Loading extension file: l3_enable_default_route_ecmp.py {{(pid=104678) _load_all_extensions_from_path /opt/stack/neutron/neutron/api/extensions.py:449}}
Apr 27 12:05:21.062248 np0000170471 devstack@neutron-api.service[104677]: DEBUG neutron_lib.callbacks.manager [None req-34753aa6-94a3-48e5-a12b-4ce26670dd9e None None] Subscribe: > security_group after_delete 55550000, False {{(pid=104677) subscribe /opt/stack/data/venv/lib/python3.12/site-packages/neutron_lib/callbacks/manager.py:52}}
Apr 27 12:05:21.062321 np0000170471 devstack@neutron-api.service[104677]: DEBUG neutron_lib.callbacks.manager [None req-34753aa6-94a3-48e5-a12b-4ce26670dd9e None None] Subscribe: > security_group_rule after_create 55550000, False {{(pid=104677) subscribe /opt/stack/data/venv/lib/python3.12/site-packages/neutron_lib/callbacks/manager.py:52}}
Apr 27 12:05:21.062359 np0000170471 devstack@neutron-api.service[104678]: DEBUG neutron.api.extensions [None req-fa539e03-d758-4b03-a73d-d2f8dcb7b155 None None] Ext name="Enable Default Route ECMP" alias="enable-default-route-ecmp" description="Enables configurable ECMP behavior for default routes" updated="2023-02-27T00:00:00-00:00" {{(pid=104678) _check_extension /opt/stack/neutron/neutron/api/extensions.py:415}}
Apr 27 12:05:21.062392 np0000170471 devstack@neutron-api.service[104677]: DEBUG neutron_lib.callbacks.manager [None req-34753aa6-94a3-48e5-a12b-4ce26670dd9e None None] Subscribe: > security_group_rule after_update 55550000, False {{(pid=104677) subscribe /opt/stack/data/venv/lib/python3.12/site-packages/neutron_lib/callbacks/manager.py:52}}
Apr 27 12:05:21.062516 np0000170471 devstack@neutron-api.service[104677]: DEBUG neutron_lib.callbacks.manager [None req-34753aa6-94a3-48e5-a12b-4ce26670dd9e None None] Subscribe: > security_group_rule after_delete 55550000, False {{(pid=104677) subscribe /opt/stack/data/venv/lib/python3.12/site-packages/neutron_lib/callbacks/manager.py:52}}
Apr 27 12:05:21.062549 np0000170471 devstack@neutron-api.service[104678]: INFO neutron.api.extensions [None req-fa539e03-d758-4b03-a73d-d2f8dcb7b155 None None] Loaded extension: enable-default-route-ecmp
Apr 27 12:05:21.062612 np0000170471 devstack@neutron-api.service[104677]: DEBUG neutron_lib.callbacks.manager [None req-34753aa6-94a3-48e5-a12b-4ce26670dd9e None None] Subscribe: > address_group after_create 55550000, False {{(pid=104677) subscribe /opt/stack/data/venv/lib/python3.12/site-packages/neutron_lib/callbacks/manager.py:52}}
Apr 27 12:05:21.062649 np0000170471 devstack@neutron-api.service[104678]: DEBUG neutron.api.extensions [None req-fa539e03-d758-4b03-a73d-d2f8dcb7b155 None None] Loading extension file: l3_ext_gw_mode.py {{(pid=104678) _load_all_extensions_from_path /opt/stack/neutron/neutron/api/extensions.py:449}}
Apr 27 12:05:21.062683 np0000170471 devstack@neutron-api.service[104677]: DEBUG neutron_lib.callbacks.manager [None req-34753aa6-94a3-48e5-a12b-4ce26670dd9e None None] Subscribe: > address_group after_update 55550000, False {{(pid=104677) subscribe /opt/stack/data/venv/lib/python3.12/site-packages/neutron_lib/callbacks/manager.py:52}}
Apr 27 12:05:21.062835 np0000170471 devstack@neutron-api.service[104678]: DEBUG neutron.api.extensions [None req-fa539e03-d758-4b03-a73d-d2f8dcb7b155 None None] Ext name="Neutron L3 Configurable external gateway mode" alias="ext-gw-mode" description="Extension of the router abstraction for specifying whether SNAT should occur on the external gateway" updated="2013-03-28T10:00:00-00:00" {{(pid=104678) _check_extension /opt/stack/neutron/neutron/api/extensions.py:415}}
Apr 27 12:05:21.063025 np0000170471 devstack@neutron-api.service[104678]: INFO neutron.api.extensions [None req-fa539e03-d758-4b03-a73d-d2f8dcb7b155 None None] Loaded extension: ext-gw-mode
Apr 27 12:05:21.063118 np0000170471 devstack@neutron-api.service[104678]: DEBUG neutron.api.extensions [None req-fa539e03-d758-4b03-a73d-d2f8dcb7b155 None None] Loading extension file: l3_ext_ha_mode.py {{(pid=104678) _load_all_extensions_from_path /opt/stack/neutron/neutron/api/extensions.py:449}}
Apr 27 12:05:21.063348 np0000170471 devstack@neutron-api.service[104678]: DEBUG neutron.api.extensions [None req-fa539e03-d758-4b03-a73d-d2f8dcb7b155 None None] Ext name="HA Router extension" alias="l3-ha" description="Adds HA capability to routers." updated="2014-04-26T00:00:00-00:00" {{(pid=104678) _check_extension /opt/stack/neutron/neutron/api/extensions.py:415}}
Apr 27 12:05:21.063518 np0000170471 devstack@neutron-api.service[104678]: INFO neutron.api.extensions [None req-fa539e03-d758-4b03-a73d-d2f8dcb7b155 None None] Loaded extension: l3-ha
Apr 27 12:05:21.063600 np0000170471 devstack@neutron-api.service[104678]: DEBUG neutron.api.extensions [None req-fa539e03-d758-4b03-a73d-d2f8dcb7b155 None None] Loading extension file: l3_ext_ndp_proxy.py {{(pid=104678) _load_all_extensions_from_path /opt/stack/neutron/neutron/api/extensions.py:449}}
Apr 27 12:05:21.063832 np0000170471 devstack@neutron-api.service[104678]: DEBUG neutron.api.extensions [None req-fa539e03-d758-4b03-a73d-d2f8dcb7b155 None None] Ext name="Router support to enable NDP proxy" alias="l3-ext-ndp-proxy" description="Router extension to enable ndp proxy" updated="2020-08-25T00:00:00-00:00" {{(pid=104678) _check_extension /opt/stack/neutron/neutron/api/extensions.py:415}}
Apr 27 12:05:21.064020 np0000170471 devstack@neutron-api.service[104678]: INFO neutron.api.extensions [None req-fa539e03-d758-4b03-a73d-d2f8dcb7b155 None None] Extension l3-ext-ndp-proxy not supported by any of loaded plugins
Apr 27 12:05:21.064104 np0000170471 devstack@neutron-api.service[104678]: DEBUG neutron.api.extensions [None req-fa539e03-d758-4b03-a73d-d2f8dcb7b155 None None] Loading extension file: l3_extra_gws.py {{(pid=104678) _load_all_extensions_from_path /opt/stack/neutron/neutron/api/extensions.py:449}}
Apr 27 12:05:21.064180 np0000170471 devstack@neutron-api.service[104677]: DEBUG neutron_lib.callbacks.manager [None req-34753aa6-94a3-48e5-a12b-4ce26670dd9e None None] Subscribe: > address_group after_delete 55550000, False {{(pid=104677) subscribe /opt/stack/data/venv/lib/python3.12/site-packages/neutron_lib/callbacks/manager.py:52}}
Apr 27 12:05:21.064303 np0000170471 devstack@neutron-api.service[104677]: DEBUG neutron.plugins.ml2.ovo_rpc [None req-34753aa6-94a3-48e5-a12b-4ce26670dd9e None None] ML2 OVO RPC backend initialized. {{(pid=104677) __init__ /opt/stack/neutron/neutron/plugins/ml2/ovo_rpc.py:117}}
Apr 27 12:05:21.064366 np0000170471 devstack@neutron-api.service[104678]: DEBUG neutron.api.extensions [None req-fa539e03-d758-4b03-a73d-d2f8dcb7b155 None None] Ext name="Neutron L3 External Gateway Multihoming" alias="external-gateway-multihoming" description="Allow multiple external gateway ports per router" updated="2023-01-18T00:00:00-00:00" {{(pid=104678) _check_extension /opt/stack/neutron/neutron/api/extensions.py:415}}
Apr 27 12:05:21.064502 np0000170471 devstack@neutron-api.service[104678]: INFO neutron.api.extensions [None req-fa539e03-d758-4b03-a73d-d2f8dcb7b155 None None] Loaded extension: external-gateway-multihoming
Apr 27 12:05:21.064580 np0000170471 devstack@neutron-api.service[104678]: DEBUG neutron.api.extensions [None req-fa539e03-d758-4b03-a73d-d2f8dcb7b155 None None] Loading extension file: l3_flavors.py {{(pid=104678) _load_all_extensions_from_path /opt/stack/neutron/neutron/api/extensions.py:449}}
Apr 27 12:05:21.064809 np0000170471 devstack@neutron-api.service[104678]: DEBUG neutron.api.extensions [None req-fa539e03-d758-4b03-a73d-d2f8dcb7b155 None None] Ext name="Router Flavor Extension" alias="l3-flavors" description="Flavor support for routers." updated="2016-05-17T00:00:00-00:00" {{(pid=104678) _check_extension /opt/stack/neutron/neutron/api/extensions.py:415}}
Apr 27 12:05:21.064999 np0000170471 devstack@neutron-api.service[104678]: INFO neutron.api.extensions [None req-fa539e03-d758-4b03-a73d-d2f8dcb7b155 None None] Loaded extension: l3-flavors
Apr 27 12:05:21.065093 np0000170471 devstack@neutron-api.service[104678]: DEBUG neutron.api.extensions [None req-fa539e03-d758-4b03-a73d-d2f8dcb7b155 None None] Loading extension file: l3_ndp_proxy.py {{(pid=104678) _load_all_extensions_from_path /opt/stack/neutron/neutron/api/extensions.py:449}}
Apr 27 12:05:21.065270 np0000170471 devstack@neutron-api.service[104677]: INFO neutron.quota [None req-34753aa6-94a3-48e5-a12b-4ce26670dd9e None None] Loaded quota_driver: .
Apr 27 12:05:21.065590 np0000170471 devstack@neutron-api.service[104678]: DEBUG neutron.api.extensions [None req-fa539e03-d758-4b03-a73d-d2f8dcb7b155 None None] Ext name="name" alias="l3-ndp-proxy" description="description" updated="2021-06-29T10:00:00-00:00" {{(pid=104678) _check_extension /opt/stack/neutron/neutron/api/extensions.py:415}}
Apr 27 12:05:21.065626 np0000170471 devstack@neutron-api.service[104677]: INFO neutron.plugins.ml2.plugin [None req-34753aa6-94a3-48e5-a12b-4ce26670dd9e None None] Modular L2 Plugin initialization complete
Apr 27 12:05:21.065749 np0000170471 devstack@neutron-api.service[104677]: DEBUG neutron.manager [None req-34753aa6-94a3-48e5-a12b-4ce26670dd9e None None] Loading services supported by the core plugin {{(pid=104677) _load_services_from_core_plugin /opt/stack/neutron/neutron/manager.py:170}}
Apr 27 12:05:21.065785 np0000170471 devstack@neutron-api.service[104678]: INFO neutron.api.extensions [None req-fa539e03-d758-4b03-a73d-d2f8dcb7b155 None None] Extension l3-ndp-proxy not supported by any of loaded plugins
Apr 27 12:05:21.065847 np0000170471 devstack@neutron-api.service[104678]: DEBUG neutron.api.extensions [None req-fa539e03-d758-4b03-a73d-d2f8dcb7b155 None None] Loading extension file: l3_port_ip_change_not_allowed.py {{(pid=104678) _load_all_extensions_from_path /opt/stack/neutron/neutron/api/extensions.py:449}}
Apr 27 12:05:21.065892 np0000170471 devstack@neutron-api.service[104677]: INFO neutron.plugins.ml2.managers [None req-34753aa6-94a3-48e5-a12b-4ce26670dd9e None None] Got port-security extension from driver 'port_security'
Apr 27 12:05:21.066095 np0000170471 devstack@neutron-api.service[104678]: DEBUG neutron.api.extensions [None req-fa539e03-d758-4b03-a73d-d2f8dcb7b155 None None] Ext name="Prevent L3 router ports IP address change extension" alias="l3-port-ip-change-not-allowed" description="Prevent change of IP address for some L3 router ports" updated="2018-10-09T10:00:00-00:00" {{(pid=104678) _check_extension /opt/stack/neutron/neutron/api/extensions.py:415}}
Apr 27 12:05:21.066171 np0000170471 devstack@neutron-api.service[104677]: DEBUG neutron.manager [None req-34753aa6-94a3-48e5-a12b-4ce26670dd9e None None] Loading service plugins: ['ovn-router', 'auto_allocate', 'tag', 'timestamp', 'network_ip_availability', 'flavors', 'revisions'] {{(pid=104677) _load_service_plugins /opt/stack/neutron/neutron/manager.py:195}}
Apr 27 12:05:21.066265 np0000170471 devstack@neutron-api.service[104678]: INFO neutron.api.extensions [None req-fa539e03-d758-4b03-a73d-d2f8dcb7b155 None None] Extension l3-port-ip-change-not-allowed not supported by any of loaded plugins
Apr 27 12:05:21.066310 np0000170471 devstack@neutron-api.service[104677]: INFO neutron.manager [None req-34753aa6-94a3-48e5-a12b-4ce26670dd9e None None] Loading Plugin: ovn-router
Apr 27 12:05:21.066353 np0000170471 devstack@neutron-api.service[104678]: DEBUG neutron.api.extensions [None req-fa539e03-d758-4b03-a73d-d2f8dcb7b155 None None] Loading extension file: l3agentscheduler.py {{(pid=104678) _load_all_extensions_from_path /opt/stack/neutron/neutron/api/extensions.py:449}}
Apr 27 12:05:21.066964 np0000170471 devstack@neutron-api.service[104678]: DEBUG neutron.api.extensions [None req-fa539e03-d758-4b03-a73d-d2f8dcb7b155 None None] Ext name="L3 Agent Scheduler" alias="l3_agent_scheduler" description="Schedule routers among l3 agents" updated="2013-02-07T10:00:00-00:00" {{(pid=104678) _check_extension /opt/stack/neutron/neutron/api/extensions.py:415}}
Apr 27 12:05:21.067139 np0000170471 devstack@neutron-api.service[104678]: INFO neutron.api.extensions [None req-fa539e03-d758-4b03-a73d-d2f8dcb7b155 None None] Extension l3_agent_scheduler not supported by any of loaded plugins
Apr 27 12:05:21.067235 np0000170471 devstack@neutron-api.service[104678]: DEBUG neutron.api.extensions [None req-fa539e03-d758-4b03-a73d-d2f8dcb7b155 None None] Loading extension file: local_ip.py {{(pid=104678) _load_all_extensions_from_path /opt/stack/neutron/neutron/api/extensions.py:449}}
Apr 27 12:05:21.067561 np0000170471 devstack@neutron-api.service[104678]: DEBUG neutron.api.extensions [None req-fa539e03-d758-4b03-a73d-d2f8dcb7b155 None None] Ext name="Local IP" alias="local_ip" description="Support Node Local Virtual IP" updated="2021-07-26T10:00:00-00:00" {{(pid=104678) _check_extension /opt/stack/neutron/neutron/api/extensions.py:415}}
Apr 27 12:05:21.067736 np0000170471 devstack@neutron-api.service[104678]: INFO neutron.api.extensions [None req-fa539e03-d758-4b03-a73d-d2f8dcb7b155 None None] Extension local_ip not supported by any of loaded plugins
Apr 27 12:05:21.067829 np0000170471 devstack@neutron-api.service[104678]: DEBUG neutron.api.extensions [None req-fa539e03-d758-4b03-a73d-d2f8dcb7b155 None None] Loading extension file: logging.py {{(pid=104678) _load_all_extensions_from_path /opt/stack/neutron/neutron/api/extensions.py:449}}
Apr 27 12:05:21.068161 np0000170471 devstack@neutron-api.service[104678]: DEBUG neutron.api.extensions [None req-fa539e03-d758-4b03-a73d-d2f8dcb7b155 None None] Ext name="Logging API Extension" alias="logging" description="Provides a logging API for resources such as security group and firewall." updated="2017-01-01T10:00:00-00:00" {{(pid=104678) _check_extension /opt/stack/neutron/neutron/api/extensions.py:415}}
Apr 27 12:05:21.068349 np0000170471 devstack@neutron-api.service[104678]: INFO neutron.api.extensions [None req-fa539e03-d758-4b03-a73d-d2f8dcb7b155 None None] Extension logging not supported by any of loaded plugins
Apr 27 12:05:21.068441 np0000170471 devstack@neutron-api.service[104678]: DEBUG neutron.api.extensions [None req-fa539e03-d758-4b03-a73d-d2f8dcb7b155 None None] Loading extension file: metering.py {{(pid=104678) _load_all_extensions_from_path /opt/stack/neutron/neutron/api/extensions.py:449}}
Apr 27 12:05:21.068899 np0000170471 devstack@neutron-api.service[104678]: DEBUG neutron.api.extensions [None req-fa539e03-d758-4b03-a73d-d2f8dcb7b155 None None] Ext name="Neutron Metering" alias="metering" description="Neutron Metering extension." updated="2013-06-12T10:00:00-00:00" {{(pid=104678) _check_extension /opt/stack/neutron/neutron/api/extensions.py:415}}
Apr 27 12:05:21.069093 np0000170471 devstack@neutron-api.service[104678]: INFO neutron.api.extensions [None req-fa539e03-d758-4b03-a73d-d2f8dcb7b155 None None] Extension metering not supported by any of loaded plugins
Apr 27 12:05:21.069188 np0000170471 devstack@neutron-api.service[104678]: DEBUG neutron.api.extensions [None req-fa539e03-d758-4b03-a73d-d2f8dcb7b155 None None] Loading extension file: metering_source_and_destination_fields.py {{(pid=104678) _load_all_extensions_from_path /opt/stack/neutron/neutron/api/extensions.py:449}}
Apr 27 12:05:21.069458 np0000170471 devstack@neutron-api.service[104678]: DEBUG neutron.api.extensions [None req-fa539e03-d758-4b03-a73d-d2f8dcb7b155 None None] Ext name="Neutron Metering with source and destination filtering" alias="metering_source_and_destination_fields" description="Neutron Metering extension that enables the use of source and destination IP prefixes to create metering label rules." updated="2020-08-21T08:12:00-00:00" {{(pid=104678) _check_extension /opt/stack/neutron/neutron/api/extensions.py:415}}
Apr 27 12:05:21.069631 np0000170471 devstack@neutron-api.service[104678]: INFO neutron.api.extensions [None req-fa539e03-d758-4b03-a73d-d2f8dcb7b155 None None] Extension metering_source_and_destination_fields not supported by any of loaded plugins
Apr 27 12:05:21.069725 np0000170471 devstack@neutron-api.service[104678]: DEBUG neutron.api.extensions [None req-fa539e03-d758-4b03-a73d-d2f8dcb7b155 None None] Loading extension file: multiprovidernet.py {{(pid=104678) _load_all_extensions_from_path /opt/stack/neutron/neutron/api/extensions.py:449}}
Apr 27 12:05:21.069988 np0000170471 devstack@neutron-api.service[104678]: DEBUG neutron.api.extensions [None req-fa539e03-d758-4b03-a73d-d2f8dcb7b155 None None] Ext name="Multi Provider Network" alias="multi-provider" description="Expose mapping of virtual networks to multiple physical networks" updated="2013-06-27T10:00:00-00:00" {{(pid=104678) _check_extension /opt/stack/neutron/neutron/api/extensions.py:415}}
Apr 27 12:05:21.070150 np0000170471 devstack@neutron-api.service[104678]: INFO neutron.api.extensions [None req-fa539e03-d758-4b03-a73d-d2f8dcb7b155 None None] Loaded extension: multi-provider
Apr 27 12:05:21.070242 np0000170471 devstack@neutron-api.service[104678]: DEBUG neutron.api.extensions [None req-fa539e03-d758-4b03-a73d-d2f8dcb7b155 None None] Loading extension file: netmtu.py {{(pid=104678) _load_all_extensions_from_path /opt/stack/neutron/neutron/api/extensions.py:449}}
Apr 27 12:05:21.070478 np0000170471 devstack@neutron-api.service[104678]: DEBUG neutron.api.extensions [None req-fa539e03-d758-4b03-a73d-d2f8dcb7b155 None None] Ext name="Network MTU" alias="net-mtu" description="Provides MTU attribute for a network resource." updated="2015-03-25T10:00:00-00:00" {{(pid=104678) _check_extension /opt/stack/neutron/neutron/api/extensions.py:415}}
Apr 27 12:05:21.070641 np0000170471 devstack@neutron-api.service[104678]: INFO neutron.api.extensions [None req-fa539e03-d758-4b03-a73d-d2f8dcb7b155 None None] Loaded extension: net-mtu
Apr 27 12:05:21.070734 np0000170471 devstack@neutron-api.service[104678]: DEBUG neutron.api.extensions [None req-fa539e03-d758-4b03-a73d-d2f8dcb7b155 None None] Loading extension file: netmtu_writable.py {{(pid=104678) _load_all_extensions_from_path /opt/stack/neutron/neutron/api/extensions.py:449}}
Apr 27 12:05:21.070788 np0000170471 devstack@neutron-api.service[104679]: DEBUG neutron_lib.callbacks.manager [None req-56a5e30d-a663-4164-a7b7-e63c16f44b1f None None] Subscribe: > router before_delete 55550000, False {{(pid=104679) subscribe /opt/stack/data/venv/lib/python3.12/site-packages/neutron_lib/callbacks/manager.py:52}}
Apr 27 12:05:21.070980 np0000170471 devstack@neutron-api.service[104678]: DEBUG neutron.api.extensions [None req-fa539e03-d758-4b03-a73d-d2f8dcb7b155 None None] Ext name="Network MTU (writable)" alias="net-mtu-writable" description="Provides a writable MTU attribute for a network resource." updated="2017-07-12T00:00:00-00:00" {{(pid=104678) _check_extension /opt/stack/neutron/neutron/api/extensions.py:415}}
Apr 27 12:05:21.071041 np0000170471 devstack@neutron-api.service[104679]: DEBUG neutron_lib.callbacks.manager [None req-56a5e30d-a663-4164-a7b7-e63c16f44b1f None None] Subscribe: port after_update 55550000, False {{(pid=104679) subscribe /opt/stack/data/venv/lib/python3.12/site-packages/neutron_lib/callbacks/manager.py:52}}
Apr 27 12:05:21.071108 np0000170471 devstack@neutron-api.service[104679]: DEBUG neutron_lib.callbacks.manager [None req-56a5e30d-a663-4164-a7b7-e63c16f44b1f None None] Subscribe: port after_delete 55550000, False {{(pid=104679) subscribe /opt/stack/data/venv/lib/python3.12/site-packages/neutron_lib/callbacks/manager.py:52}}
Apr 27 12:05:21.071153 np0000170471 devstack@neutron-api.service[104678]: INFO neutron.api.extensions [None req-fa539e03-d758-4b03-a73d-d2f8dcb7b155 None None] Loaded extension: net-mtu-writable
Apr 27 12:05:21.071223 np0000170471 devstack@neutron-api.service[104679]: DEBUG neutron_lib.callbacks.manager [None req-56a5e30d-a663-4164-a7b7-e63c16f44b1f None None] Subscribe: subnet after_update 55550000, False {{(pid=104679) subscribe /opt/stack/data/venv/lib/python3.12/site-packages/neutron_lib/callbacks/manager.py:52}}
Apr 27 12:05:21.071269 np0000170471 devstack@neutron-api.service[104678]: DEBUG neutron.api.extensions [None req-fa539e03-d758-4b03-a73d-d2f8dcb7b155 None None] Loading extension file: network_availability_zone.py {{(pid=104678) _load_all_extensions_from_path /opt/stack/neutron/neutron/api/extensions.py:449}}
Apr 27 12:05:21.071312 np0000170471 devstack@neutron-api.service[104679]: DEBUG neutron_lib.callbacks.manager [None req-56a5e30d-a663-4164-a7b7-e63c16f44b1f None None] Subscribe: subnetpool_address_scope after_update 55550000, False {{(pid=104679) subscribe /opt/stack/data/venv/lib/python3.12/site-packages/neutron_lib/callbacks/manager.py:52}}
Apr 27 12:05:21.071434 np0000170471 devstack@neutron-api.service[104679]: DEBUG neutron_lib.callbacks.manager [None req-56a5e30d-a663-4164-a7b7-e63c16f44b1f None None] Subscribe: port before_update 55550000, False {{(pid=104679) subscribe /opt/stack/data/venv/lib/python3.12/site-packages/neutron_lib/callbacks/manager.py:52}}
Apr 27 12:05:21.071481 np0000170471 devstack@neutron-api.service[104678]: DEBUG neutron.api.extensions [None req-fa539e03-d758-4b03-a73d-d2f8dcb7b155 None None] Ext name="Network Availability Zone" alias="network_availability_zone" description="Availability zone support for network." updated="2015-01-01T10:00:00-00:00" {{(pid=104678) _check_extension /opt/stack/neutron/neutron/api/extensions.py:415}}
Apr 27 12:05:21.071530 np0000170471 devstack@neutron-api.service[104679]: DEBUG neutron_lib.callbacks.manager [None req-56a5e30d-a663-4164-a7b7-e63c16f44b1f None None] Subscribe: port after_update 55550000, False {{(pid=104679) subscribe /opt/stack/data/venv/lib/python3.12/site-packages/neutron_lib/callbacks/manager.py:52}}
Apr 27 12:05:21.071639 np0000170471 devstack@neutron-api.service[104679]: DEBUG neutron_lib.callbacks.manager [None req-56a5e30d-a663-4164-a7b7-e63c16f44b1f None None] Subscribe: > port precommit_delete 55550000, False {{(pid=104679) subscribe /opt/stack/data/venv/lib/python3.12/site-packages/neutron_lib/callbacks/manager.py:52}}
Apr 27 12:05:21.071686 np0000170471 devstack@neutron-api.service[104678]: INFO neutron.api.extensions [None req-fa539e03-d758-4b03-a73d-d2f8dcb7b155 None None] Loaded extension: network_availability_zone
Apr 27 12:05:21.071758 np0000170471 devstack@neutron-api.service[104678]: DEBUG neutron.api.extensions [None req-fa539e03-d758-4b03-a73d-d2f8dcb7b155 None None] Loading extension file: network_ha.py {{(pid=104678) _load_all_extensions_from_path /opt/stack/neutron/neutron/api/extensions.py:449}}
Apr 27 12:05:21.071802 np0000170471 devstack@neutron-api.service[104679]: DEBUG neutron_lib.callbacks.manager [None req-56a5e30d-a663-4164-a7b7-e63c16f44b1f None None] Subscribe: port before_update 55550000, False {{(pid=104679) subscribe /opt/stack/data/venv/lib/python3.12/site-packages/neutron_lib/callbacks/manager.py:52}}
Apr 27 12:05:21.071853 np0000170471 devstack@neutron-api.service[104679]: DEBUG neutron_lib.callbacks.manager [None req-56a5e30d-a663-4164-a7b7-e63c16f44b1f None None] Subscribe: port before_delete 55550000, False {{(pid=104679) subscribe /opt/stack/data/venv/lib/python3.12/site-packages/neutron_lib/callbacks/manager.py:52}}
Apr 27 12:05:21.071990 np0000170471 devstack@neutron-api.service[104679]: DEBUG neutron_lib.callbacks.manager [None req-56a5e30d-a663-4164-a7b7-e63c16f44b1f None None] Subscribe: > router precommit_create 55550000, False {{(pid=104679) subscribe /opt/stack/data/venv/lib/python3.12/site-packages/neutron_lib/callbacks/manager.py:52}}
Apr 27 12:05:21.072052 np0000170471 devstack@neutron-api.service[104678]: DEBUG neutron.api.extensions [None req-fa539e03-d758-4b03-a73d-d2f8dcb7b155 None None] Ext name="Network HA creation flag" alias="network_ha" description="Network high availability creation flag." updated="2023-04-27T10:00:00-00:00" {{(pid=104678) _check_extension /opt/stack/neutron/neutron/api/extensions.py:415}}
Apr 27 12:05:21.072096 np0000170471 devstack@neutron-api.service[104679]: DEBUG neutron_lib.callbacks.manager [None req-56a5e30d-a663-4164-a7b7-e63c16f44b1f None None] Subscribe: > router precommit_create 55550000, False {{(pid=104679) subscribe /opt/stack/data/venv/lib/python3.12/site-packages/neutron_lib/callbacks/manager.py:52}}
Apr 27 12:05:21.072171 np0000170471 devstack@neutron-api.service[104678]: INFO neutron.api.extensions [None req-fa539e03-d758-4b03-a73d-d2f8dcb7b155 None None] Extension network_ha not supported by any of loaded plugins
Apr 27 12:05:21.072223 np0000170471 devstack@neutron-api.service[104679]: DEBUG neutron_lib.callbacks.manager [None req-56a5e30d-a663-4164-a7b7-e63c16f44b1f None None] Subscribe: > router precommit_update 55550000, False {{(pid=104679) subscribe /opt/stack/data/venv/lib/python3.12/site-packages/neutron_lib/callbacks/manager.py:52}}
Apr 27 12:05:21.072266 np0000170471 devstack@neutron-api.service[104678]: DEBUG neutron.api.extensions [None req-fa539e03-d758-4b03-a73d-d2f8dcb7b155 None None] Loading extension file: network_ip_availability.py {{(pid=104678) _load_all_extensions_from_path /opt/stack/neutron/neutron/api/extensions.py:449}}
Apr 27 12:05:21.072312 np0000170471 devstack@neutron-api.service[104679]: DEBUG neutron_lib.callbacks.manager [None req-56a5e30d-a663-4164-a7b7-e63c16f44b1f None None] Subscribe: subnet after_update 55550000, False {{(pid=104679) subscribe /opt/stack/data/venv/lib/python3.12/site-packages/neutron_lib/callbacks/manager.py:52}}
Apr 27 12:05:21.072470 np0000170471 devstack@neutron-api.service[104680]: [pid: 104680|app: 0|req: 1/1] 199.204.45.74 () {62 vars in 981 bytes} [Mon Apr 27 12:05:21 2026] GET /networking => generated 129 bytes in 4 msecs (HTTP/1.1 200) 3 headers in 91 bytes (1 switches on core 0)
Apr 27 12:05:21.072910 np0000170471 devstack@neutron-api.service[104678]: DEBUG neutron.api.extensions [None req-fa539e03-d758-4b03-a73d-d2f8dcb7b155 None None] Ext name="Network IP Availability" alias="network-ip-availability" description="Provides IP availability data for each network and subnet." updated="2015-09-24T00:00:00-00:00" {{(pid=104678) _check_extension /opt/stack/neutron/neutron/api/extensions.py:415}}
Apr 27 12:05:21.072910 np0000170471 devstack@neutron-api.service[104678]: INFO neutron.api.extensions [None req-fa539e03-d758-4b03-a73d-d2f8dcb7b155 None None] Loaded extension: network-ip-availability
Apr 27 12:05:21.072910 np0000170471 devstack@neutron-api.service[104678]: DEBUG neutron.api.extensions [None req-fa539e03-d758-4b03-a73d-d2f8dcb7b155 None None] Loading extension file: network_ip_availability_details.py {{(pid=104678) _load_all_extensions_from_path /opt/stack/neutron/neutron/api/extensions.py:449}}
Apr 27 12:05:21.073040 np0000170471 devstack@neutron-api.service[104678]: DEBUG neutron.api.extensions [None req-fa539e03-d758-4b03-a73d-d2f8dcb7b155 None None] Ext name="Network IP Availability Details Extension" alias="network-ip-availability-details" description="Add ip_availability_details attribute to network-ip-availabilities resource." updated="2025-10-31T00:00:00-00:00" {{(pid=104678) _check_extension /opt/stack/neutron/neutron/api/extensions.py:415}}
Apr 27 12:05:21.073127 np0000170471 devstack@neutron-api.service[104679]: DEBUG neutron.quota.resource_registry [None req-56a5e30d-a663-4164-a7b7-e63c16f44b1f None None] Tracking information for resource: router configured {{(pid=104679) set_tracked_resource /opt/stack/neutron/neutron/quota/resource_registry.py:203}}
Apr 27 12:05:21.073175 np0000170471 devstack@neutron-api.service[104678]: INFO neutron.api.extensions [None req-fa539e03-d758-4b03-a73d-d2f8dcb7b155 None None] Loaded extension: network-ip-availability-details
Apr 27 12:05:21.073235 np0000170471 devstack@neutron-api.service[104679]: DEBUG neutron.quota.resource_registry [None req-56a5e30d-a663-4164-a7b7-e63c16f44b1f None None] Tracking information for resource: floatingip configured {{(pid=104679) set_tracked_resource /opt/stack/neutron/neutron/quota/resource_registry.py:203}}
Apr 27 12:05:21.073280 np0000170471 devstack@neutron-api.service[104678]: DEBUG neutron.api.extensions [None req-fa539e03-d758-4b03-a73d-d2f8dcb7b155 None None] Loading extension file: network_segment_range.py {{(pid=104678) _load_all_extensions_from_path /opt/stack/neutron/neutron/api/extensions.py:449}}
Apr 27 12:05:21.073329 np0000170471 devstack@neutron-api.service[104679]: INFO neutron.services.ovn_l3.plugin [None req-56a5e30d-a663-4164-a7b7-e63c16f44b1f None None] Starting OVNL3RouterPlugin
Apr 27 12:05:21.073618 np0000170471 devstack@neutron-api.service[104679]: DEBUG neutron_lib.callbacks.manager [None req-56a5e30d-a663-4164-a7b7-e63c16f44b1f None None] Subscribe: > port_forwarding_plugin after_init 55550000, False {{(pid=104679) subscribe /opt/stack/data/venv/lib/python3.12/site-packages/neutron_lib/callbacks/manager.py:52}}
Apr 27 12:05:21.073668 np0000170471 devstack@neutron-api.service[104678]: DEBUG neutron.api.extensions [None req-fa539e03-d758-4b03-a73d-d2f8dcb7b155 None None] Ext name="Neutron Network Segment Range" alias="network-segment-range" description="Provides support for the network segment range management" updated="2018-11-29T00:00:00-00:00" {{(pid=104678) _check_extension /opt/stack/neutron/neutron/api/extensions.py:415}}
Apr 27 12:05:21.073794 np0000170471 devstack@neutron-api.service[104678]: INFO neutron.api.extensions [None req-fa539e03-d758-4b03-a73d-d2f8dcb7b155 None None] Extension network-segment-range not supported by any of loaded plugins
Apr 27 12:05:21.073840 np0000170471 devstack@neutron-api.service[104679]: DEBUG neutron_lib.callbacks.manager [None req-56a5e30d-a663-4164-a7b7-e63c16f44b1f None None] Subscribe: > router before_create 55550100, False {{(pid=104679) subscribe /opt/stack/data/venv/lib/python3.12/site-packages/neutron_lib/callbacks/manager.py:52}}
Apr 27 12:05:21.073907 np0000170471 devstack@neutron-api.service[104678]: DEBUG neutron.api.extensions [None req-fa539e03-d758-4b03-a73d-d2f8dcb7b155 None None] Loading extension file: pagination.py {{(pid=104678) _load_all_extensions_from_path /opt/stack/neutron/neutron/api/extensions.py:449}}
Apr 27 12:05:21.073951 np0000170471 devstack@neutron-api.service[104679]: DEBUG neutron_lib.callbacks.manager [None req-56a5e30d-a663-4164-a7b7-e63c16f44b1f None None] Subscribe: > router precommit_delete 55550100, False {{(pid=104679) subscribe /opt/stack/data/venv/lib/python3.12/site-packages/neutron_lib/callbacks/manager.py:52}}
Apr 27 12:05:21.074075 np0000170471 devstack@neutron-api.service[104679]: DEBUG neutron_lib.callbacks.manager [None req-56a5e30d-a663-4164-a7b7-e63c16f44b1f None None] Subscribe: > router precommit_create 55550100, False {{(pid=104679) subscribe /opt/stack/data/venv/lib/python3.12/site-packages/neutron_lib/callbacks/manager.py:52}}
Apr 27 12:05:21.074133 np0000170471 devstack@neutron-api.service[104678]: DEBUG neutron.api.extensions [None req-fa539e03-d758-4b03-a73d-d2f8dcb7b155 None None] Ext name="Pagination support" alias="pagination" description="Extension that indicates that pagination is enabled." updated="2016-06-12T00:00:00-00:00" {{(pid=104678) _check_extension /opt/stack/neutron/neutron/api/extensions.py:415}}
Apr 27 12:05:21.074176 np0000170471 devstack@neutron-api.service[104679]: DEBUG neutron_lib.callbacks.manager [None req-56a5e30d-a663-4164-a7b7-e63c16f44b1f None None] Subscribe: > router precommit_update 55550100, False {{(pid=104679) subscribe /opt/stack/data/venv/lib/python3.12/site-packages/neutron_lib/callbacks/manager.py:52}}
Apr 27 12:05:21.074221 np0000170471 devstack@neutron-api.service[104678]: INFO neutron.api.extensions [None req-fa539e03-d758-4b03-a73d-d2f8dcb7b155 None None] Loaded extension: pagination
Apr 27 12:05:21.074325 np0000170471 devstack@neutron-api.service[104678]: DEBUG neutron.api.extensions [None req-fa539e03-d758-4b03-a73d-d2f8dcb7b155 None None] Loading extension file: port_device_profile.py {{(pid=104678) _load_all_extensions_from_path /opt/stack/neutron/neutron/api/extensions.py:449}}
Apr 27 12:05:21.074550 np0000170471 devstack@neutron-api.service[104678]: DEBUG neutron.api.extensions [None req-fa539e03-d758-4b03-a73d-d2f8dcb7b155 None None] Ext name="Port device profile" alias="port-device-profile" description="Expose the port device profile (Cyborg)" updated="2020-12-17T10:00:00-00:00" {{(pid=104678) _check_extension /opt/stack/neutron/neutron/api/extensions.py:415}}
Apr 27 12:05:21.074724 np0000170471 devstack@neutron-api.service[104678]: INFO neutron.api.extensions [None req-fa539e03-d758-4b03-a73d-d2f8dcb7b155 None None] Loaded extension: port-device-profile
Apr 27 12:05:21.074811 np0000170471 devstack@neutron-api.service[104678]: DEBUG neutron.api.extensions [None req-fa539e03-d758-4b03-a73d-d2f8dcb7b155 None None] Loading extension file: port_hardware_offload_type.py {{(pid=104678) _load_all_extensions_from_path /opt/stack/neutron/neutron/api/extensions.py:449}}
Apr 27 12:05:21.075063 np0000170471 devstack@neutron-api.service[104678]: DEBUG neutron.api.extensions [None req-fa539e03-d758-4b03-a73d-d2f8dcb7b155 None None] Ext name="Port hardware offload" alias="port-hardware-offload-type" description="Expose port hardware offload extension" updated="2023-05-09T10:00:00-00:00" {{(pid=104678) _check_extension /opt/stack/neutron/neutron/api/extensions.py:415}}
Apr 27 12:05:21.075225 np0000170471 devstack@neutron-api.service[104678]: INFO neutron.api.extensions [None req-fa539e03-d758-4b03-a73d-d2f8dcb7b155 None None] Extension port-hardware-offload-type not supported by any of loaded plugins
Apr 27 12:05:21.075317 np0000170471 devstack@neutron-api.service[104678]: DEBUG neutron.api.extensions [None req-fa539e03-d758-4b03-a73d-d2f8dcb7b155 None None] Loading extension file: port_hint_ovs_tx_steering.py {{(pid=104678) _load_all_extensions_from_path /opt/stack/neutron/neutron/api/extensions.py:449}}
Apr 27 12:05:21.075516 np0000170471 devstack@neutron-api.service[104677]: DEBUG neutron_lib.callbacks.manager [None req-34753aa6-94a3-48e5-a12b-4ce26670dd9e None None] Subscribe: > router before_delete 55550000, False {{(pid=104677) subscribe /opt/stack/data/venv/lib/python3.12/site-packages/neutron_lib/callbacks/manager.py:52}}
