2026-04-16 23:36:06.007 8 INFO neutron_taas.services.taas.taas_plugin [None req-9d5ac9d7-f530-4a92-a28c-c9785da967dc f282aabbfbe6415daac884da0637a4c0 9b20289ef2f44b11aefc27fb773faed4 - - default default] TaaS: Handle Delete Port: 6372add9-b9ee-40be-bd53-4eb55b7fac18
2026-04-16 23:36:06.010 8 INFO neutron_taas.services.taas.tap_mirror_plugin [None req-9d5ac9d7-f530-4a92-a28c-c9785da967dc f282aabbfbe6415daac884da0637a4c0 9b20289ef2f44b11aefc27fb773faed4 - - default default] Tap Mirror: Handle Delete Port: 6372add9-b9ee-40be-bd53-4eb55b7fac18 [pid: 8|app: 0|req: 1153/2244] 10.0.0.115 () {32 vars in 719 bytes} [Thu Apr 16 23:36:05 2026] DELETE /v2.0/ports/6372add9-b9ee-40be-bd53-4eb55b7fac18 => generated 0 bytes in 221 msecs (HTTP/1.1 204) 3 headers in 131 bytes (1 switches on core 0)
2026-04-16 23:36:06.247 7 INFO neutron_taas.services.taas.taas_plugin [None req-c68a2370-3005-43eb-968d-8d9325733832 f282aabbfbe6415daac884da0637a4c0 9b20289ef2f44b11aefc27fb773faed4 - - default default] TaaS: Handle Delete Port: 05b673cd-c2d1-4f1c-b3f0-046a7b912db2
2026-04-16 23:36:06.251 7 INFO neutron_taas.services.taas.tap_mirror_plugin [None req-c68a2370-3005-43eb-968d-8d9325733832 f282aabbfbe6415daac884da0637a4c0 9b20289ef2f44b11aefc27fb773faed4 - - default default] Tap Mirror: Handle Delete Port: 05b673cd-c2d1-4f1c-b3f0-046a7b912db2 [pid: 7|app: 0|req: 1092/2245] 10.0.0.115 () {32 vars in 719 bytes} [Thu Apr 16 23:36:06 2026] DELETE /v2.0/ports/05b673cd-c2d1-4f1c-b3f0-046a7b912db2 => generated 0 bytes in 240 msecs (HTTP/1.1 204) 3 headers in 131 bytes (1 switches on core 0)
2026-04-16 23:36:06.484 8 INFO neutron_taas.services.taas.taas_plugin [None req-bf0d08b1-01be-414f-97c3-dad334a47ad7 f282aabbfbe6415daac884da0637a4c0 9b20289ef2f44b11aefc27fb773faed4 - - default default] TaaS: Handle Delete Port: 78a7790c-d3d1-4d8d-9ee1-3f828ea7db14
2026-04-16 23:36:06.497 8 INFO neutron_taas.services.taas.tap_mirror_plugin [None req-bf0d08b1-01be-414f-97c3-dad334a47ad7 f282aabbfbe6415daac884da0637a4c0 9b20289ef2f44b11aefc27fb773faed4 - - default default] Tap Mirror: Handle Delete Port: 78a7790c-d3d1-4d8d-9ee1-3f828ea7db14 [pid: 8|app: 0|req: 1154/2246] 10.0.0.115 () {32 vars in 719 bytes} [Thu Apr 16 23:36:06 2026] DELETE /v2.0/ports/78a7790c-d3d1-4d8d-9ee1-3f828ea7db14 => generated 0 bytes in 251 msecs (HTTP/1.1 204) 3 headers in 131 bytes (1 switches on core 0)
2026-04-16 23:36:06.753 7 INFO neutron_taas.services.taas.taas_plugin [None req-c5f0d5d9-d48f-4978-b5c0-1ab79544530c f282aabbfbe6415daac884da0637a4c0 9b20289ef2f44b11aefc27fb773faed4 - - default default] TaaS: Handle Delete Port: dc432f49-1617-456e-ade8-d1bf360251f7
2026-04-16 23:36:06.757 7 INFO neutron_taas.services.taas.tap_mirror_plugin [None req-c5f0d5d9-d48f-4978-b5c0-1ab79544530c f282aabbfbe6415daac884da0637a4c0 9b20289ef2f44b11aefc27fb773faed4 - - default default] Tap Mirror: Handle Delete Port: dc432f49-1617-456e-ade8-d1bf360251f7 [pid: 7|app: 0|req: 1093/2247] 10.0.0.115 () {32 vars in 719 bytes} [Thu Apr 16 23:36:06 2026] DELETE /v2.0/ports/dc432f49-1617-456e-ade8-d1bf360251f7 => generated 0 bytes in 250 msecs (HTTP/1.1 204) 3 headers in 131 bytes (1 switches on core 0)
2026-04-16 23:36:06.987 8 INFO neutron_taas.services.taas.taas_plugin [None req-10ee2d76-95e9-45b4-81f0-40dc29964975 f282aabbfbe6415daac884da0637a4c0 9b20289ef2f44b11aefc27fb773faed4 - - default default] TaaS: Handle Delete Port: 54c9e289-6198-43b0-807a-8acc866f4046
2026-04-16 23:36:06.990 8 INFO neutron_taas.services.taas.tap_mirror_plugin [None req-10ee2d76-95e9-45b4-81f0-40dc29964975 f282aabbfbe6415daac884da0637a4c0 9b20289ef2f44b11aefc27fb773faed4 - - default default] Tap Mirror: Handle Delete Port: 54c9e289-6198-43b0-807a-8acc866f4046 [pid: 8|app: 0|req: 1155/2248] 10.0.0.115 () {32 vars in 719 bytes} [Thu Apr 16 23:36:06 2026] DELETE /v2.0/ports/54c9e289-6198-43b0-807a-8acc866f4046 => generated 0 bytes in 237 msecs (HTTP/1.1 204) 3 headers in 131 bytes (1 switches on core 0)
2026-04-16 23:36:07.225 7 INFO neutron_taas.services.taas.taas_plugin [None req-8a2082af-cb89-4937-95cc-ea1c268c0230 f282aabbfbe6415daac884da0637a4c0 9b20289ef2f44b11aefc27fb773faed4 - - default default] TaaS: Handle Delete Port: fec1a02d-0c02-4b93-a3e0-91525a0efa46
2026-04-16 23:36:07.227 7 INFO neutron_taas.services.taas.tap_mirror_plugin [None req-8a2082af-cb89-4937-95cc-ea1c268c0230 f282aabbfbe6415daac884da0637a4c0 9b20289ef2f44b11aefc27fb773faed4 - - default default] Tap Mirror: Handle Delete Port: fec1a02d-0c02-4b93-a3e0-91525a0efa46
2026-04-16 23:36:07.400 7 INFO neutron.services.segments.plugin [-] Segment 9a2c55ba-3685-4353-a28d-92e0a084beff resource provider aggregate not found
2026-04-16 23:36:07.405 7 INFO neutron.services.segments.plugin [-] Segment 9a2c55ba-3685-4353-a28d-92e0a084beff resource provider aggregate not found
2026-04-16 23:36:07.419 7 INFO neutron.services.segments.plugin [-] Segment 9a2c55ba-3685-4353-a28d-92e0a084beff resource provider not found; error: Placement Client Error (4xx): {"errors": [{"status": 404, "title": "Not Found", "detail": "The resource could not be found.\n\n No resource provider with uuid 9a2c55ba-3685-4353-a28d-92e0a084beff found for delete ", "request_id": "req-4f513192-5fe9-4dab-b581-9e9f9f083357"}]}
2026-04-16 23:36:07.421 7 INFO neutron.services.segments.plugin [-] Segment 9a2c55ba-3685-4353-a28d-92e0a084beff resource provider not found; error: Placement Client Error (4xx): {"errors": [{"status": 404, "title": "Not Found", "detail": "The resource could not be found.\n\n No resource provider with uuid 9a2c55ba-3685-4353-a28d-92e0a084beff found for delete ", "request_id": "req-94375b08-d6f7-462b-9e75-776fa2ec9254"}]} [pid: 7|app: 0|req: 1094/2249] 10.0.0.115 () {32 vars in 725 bytes} [Thu Apr 16 23:36:07 2026] DELETE /v2.0/networks/7cc31ba2-beaf-4208-97f2-a62121e3d239 => generated 0 bytes in 332 msecs (HTTP/1.1 204) 3 headers in 131 bytes (1 switches on core 0)
2026-04-16 23:36:07.573 8 INFO neutron_taas.services.taas.taas_plugin [None req-97ab2b2d-0531-4f03-aa4a-c0d6a1046ee2 f282aabbfbe6415daac884da0637a4c0 9b20289ef2f44b11aefc27fb773faed4 - - default default] TaaS: Handle Delete Port: 8610ec23-a189-4e36-ba29-a2d86043c1b5
2026-04-16 23:36:07.575 8 INFO neutron_taas.services.taas.tap_mirror_plugin [None req-97ab2b2d-0531-4f03-aa4a-c0d6a1046ee2 f282aabbfbe6415daac884da0637a4c0 9b20289ef2f44b11aefc27fb773faed4 - - default default] Tap Mirror: Handle Delete Port: 8610ec23-a189-4e36-ba29-a2d86043c1b5
2026-04-16 23:36:07.756 8 INFO neutron.services.segments.plugin [-] Segment 4860567e-4704-4ba0-9383-a83c2890a2e1 resource provider aggregate not found
2026-04-16 23:36:07.762 8 INFO neutron.services.segments.plugin [-] Segment 4860567e-4704-4ba0-9383-a83c2890a2e1 resource provider aggregate not found
2026-04-16 23:36:07.777 8 INFO neutron.services.segments.plugin [-] Segment 4860567e-4704-4ba0-9383-a83c2890a2e1 resource provider not found; error: Placement Client Error (4xx): {"errors": [{"status": 404, "title": "Not Found", "detail": "The resource could not be found.\n\n No resource provider with uuid 4860567e-4704-4ba0-9383-a83c2890a2e1 found for delete ", "request_id": "req-55b19fe1-e841-4839-b4a6-d0e06f2b9f47"}]}
2026-04-16 23:36:07.779 8 INFO neutron.services.segments.plugin [-] Segment 4860567e-4704-4ba0-9383-a83c2890a2e1 resource provider not found; error: Placement Client Error (4xx): {"errors": [{"status": 404, "title": "Not Found", "detail": "The resource could not be found.\n\n No resource provider with uuid 4860567e-4704-4ba0-9383-a83c2890a2e1 found for delete ", "request_id": "req-9ba360ea-73b9-483f-b463-46c4963ee936"}]} [pid: 8|app: 0|req: 1156/2250] 10.0.0.115 () {32 vars in 725 bytes} [Thu Apr 16 23:36:07 2026] DELETE /v2.0/networks/b1d71e01-0634-429f-8a7e-9787bb427dbb => generated 0 bytes in 349 msecs (HTTP/1.1 204) 3 headers in 131 bytes (1 switches on core 0)
2026-04-16 23:36:07.917 7 INFO neutron_taas.services.taas.taas_plugin [None req-c147e78d-ea0a-4bbf-8b12-8597011daf7e f282aabbfbe6415daac884da0637a4c0 9b20289ef2f44b11aefc27fb773faed4 - - default default] TaaS: Handle Delete Port: c767c75f-7c61-44a7-a883-5ecab9a571ee
2026-04-16 23:36:07.920 7 INFO neutron_taas.services.taas.tap_mirror_plugin [None req-c147e78d-ea0a-4bbf-8b12-8597011daf7e f282aabbfbe6415daac884da0637a4c0 9b20289ef2f44b11aefc27fb773faed4 - - default default] Tap Mirror: Handle Delete Port: c767c75f-7c61-44a7-a883-5ecab9a571ee [pid: 7|app: 0|req: 1095/2251] 10.0.0.115 () {32 vars in 725 bytes} [Thu Apr 16 23:36:07 2026] DELETE /v2.0/networks/efabe56c-16ce-48bb-92a8-288842da9143 => generated 0 bytes in 317 msecs (HTTP/1.1 204) 3 headers in 131 bytes (1 switches on core 0)
2026-04-16 23:36:08.244 8 INFO neutron_taas.services.taas.taas_plugin [None req-93770ba9-f504-45ff-a73c-b0fa44f9baae f282aabbfbe6415daac884da0637a4c0 9b20289ef2f44b11aefc27fb773faed4 - - default default] TaaS: Handle Delete Port: cdfb520b-eb36-4e09-8545-16ce1f357f60
2026-04-16 23:36:08.246 8 INFO neutron_taas.services.taas.tap_mirror_plugin [None req-93770ba9-f504-45ff-a73c-b0fa44f9baae f282aabbfbe6415daac884da0637a4c0 9b20289ef2f44b11aefc27fb773faed4 - - default default] Tap Mirror: Handle Delete Port: cdfb520b-eb36-4e09-8545-16ce1f357f60 [pid: 8|app: 0|req: 1157/2252] 10.0.0.115 () {32 vars in 725 bytes} [Thu Apr 16 23:36:08 2026] DELETE /v2.0/networks/9f301902-392b-477c-bc33-70a1ee918510 => generated 0 bytes in 304 msecs (HTTP/1.1 204) 3 headers in 131 bytes (1 switches on core 0)
2026-04-16 23:36:08.536 7 INFO neutron_taas.services.taas.taas_plugin [None req-bb2e4e93-d02d-47d3-b115-71a26f538994 f282aabbfbe6415daac884da0637a4c0 9b20289ef2f44b11aefc27fb773faed4 - - default default] TaaS: Handle Delete Port: 1a3542de-3b6f-40cf-a489-362a52cb5e77
2026-04-16 23:36:08.538 7 INFO neutron_taas.services.taas.tap_mirror_plugin [None req-bb2e4e93-d02d-47d3-b115-71a26f538994 f282aabbfbe6415daac884da0637a4c0 9b20289ef2f44b11aefc27fb773faed4 - - default default] Tap Mirror: Handle Delete Port: 1a3542de-3b6f-40cf-a489-362a52cb5e77 [pid: 7|app: 0|req: 1096/2253] 10.0.0.115 () {32 vars in 725 bytes} [Thu Apr 16 23:36:08 2026] DELETE /v2.0/networks/2a54d355-2eb5-4004-8ed1-c23dc7b96783 => generated 0 bytes in 298 msecs (HTTP/1.1 204) 3 headers in 131 bytes (1 switches on core 0)
2026-04-16 23:36:08.890 8 INFO neutron.db.ovn_revision_numbers_db [None req-e02c0a45-99ec-4f69-9759-cdb52c2e7b88 280e6ce0b4084a6c8d096dfe90d34741 c99c6bf5c71e4bfda3ff2d1710e81769 - - default default] Successfully bumped revision number for resource 0888f263-eaa7-42f2-99bf-dbda1df8f7b3 (type: security_groups) to 1
2026-04-16 23:36:08.906 8 INFO neutron.db.ovn_revision_numbers_db [None req-e02c0a45-99ec-4f69-9759-cdb52c2e7b88 280e6ce0b4084a6c8d096dfe90d34741 c99c6bf5c71e4bfda3ff2d1710e81769 - - default default] Successfully bumped revision number for resource 0bd15cef-bfeb-4ad4-8770-4b7bcaa3be94 (type: security_group_rules) to 0
2026-04-16 23:36:08.915 8 INFO neutron.db.ovn_revision_numbers_db [None req-e02c0a45-99ec-4f69-9759-cdb52c2e7b88 280e6ce0b4084a6c8d096dfe90d34741 c99c6bf5c71e4bfda3ff2d1710e81769 - - default default] Successfully bumped revision number for resource 11668e59-5894-4159-8c8c-a1898db2b13d (type: security_group_rules) to 0
2026-04-16 23:36:08.926 8 INFO neutron.db.ovn_revision_numbers_db [None req-e02c0a45-99ec-4f69-9759-cdb52c2e7b88 280e6ce0b4084a6c8d096dfe90d34741 c99c6bf5c71e4bfda3ff2d1710e81769 - - default default] Successfully bumped revision number for resource bab04fad-159d-476e-af94-78ca989c3e0d (type: security_group_rules) to 0
2026-04-16 23:36:08.938 8 INFO neutron.db.ovn_revision_numbers_db [None req-e02c0a45-99ec-4f69-9759-cdb52c2e7b88 280e6ce0b4084a6c8d096dfe90d34741 c99c6bf5c71e4bfda3ff2d1710e81769 - - default default] Successfully bumped revision number for resource ea3fdcad-52d6-4d32-94a9-92fafab873ac (type: security_group_rules) to 0 [pid: 8|app: 0|req: 1158/2254] 10.0.0.115 () {32 vars in 773 bytes} [Thu Apr 16 23:36:08 2026] GET /v2.0/security-groups?tenant_id=26c5ebe8692b4a58b8008e2a8be5d43c&name=default => generated 2925 bytes in 358 msecs (HTTP/1.1 200) 4 headers in 158 bytes (1 switches on core 0) [pid: 7|app: 0|req: 1097/2255] 10.0.0.115 () {32 vars in 739 bytes} [Thu Apr 16 23:36:08 2026] DELETE /v2.0/security-groups/0888f263-eaa7-42f2-99bf-dbda1df8f7b3 => generated 0 bytes in 250 msecs (HTTP/1.1 204) 2 headers in 112 bytes (1 switches on core 0)
2026-04-16 23:36:09.439 7 INFO neutron.services.segments.plugin [-] Segment b2898838-4034-4efa-9918-5a7ba10e401c resource provider aggregate not found
2026-04-16 23:36:09.442 7 INFO neutron.services.segments.plugin [-] Segment b2898838-4034-4efa-9918-5a7ba10e401c resource provider aggregate not found
2026-04-16 23:36:09.462 7 INFO neutron.services.segments.plugin [-] Segment b2898838-4034-4efa-9918-5a7ba10e401c resource provider not found; error: Placement Client Error (4xx): {"errors": [{"status": 404, "title": "Not Found", "detail": "The resource could not be found.\n\n No resource provider with uuid b2898838-4034-4efa-9918-5a7ba10e401c found for delete ", "request_id": "req-f2c91f23-1c77-4131-9ac1-9dd0cf61a9a5"}]}
2026-04-16 23:36:09.465 7 INFO neutron.services.segments.plugin [-] Segment b2898838-4034-4efa-9918-5a7ba10e401c resource provider not found; error: Placement Client Error (4xx): {"errors": [{"status": 404, "title": "Not Found", "detail": "The resource could not be found.\n\n No resource provider with uuid b2898838-4034-4efa-9918-5a7ba10e401c found for delete ", "request_id": "req-6c8ab67a-98de-44b2-8701-d5e83918fc3d"}]}
2026-04-16 23:36:09.480 7 INFO neutron.services.segments.plugin [-] Segment 239b1c32-1559-4db8-b62a-1e9e7743676e resource provider aggregate not found
2026-04-16 23:36:09.483 7 INFO neutron.services.segments.plugin [-] Segment 239b1c32-1559-4db8-b62a-1e9e7743676e resource provider aggregate not found
2026-04-16 23:36:09.503 7 INFO neutron.services.segments.plugin [-] Segment 239b1c32-1559-4db8-b62a-1e9e7743676e resource provider not found; error: Placement Client Error (4xx): {"errors": [{"status": 404, "title": "Not Found", "detail": "The resource could not be found.\n\n No resource provider with uuid 239b1c32-1559-4db8-b62a-1e9e7743676e found for delete ", "request_id": "req-60ee9fc9-74b4-46ac-ad62-b865175002e6"}]}
2026-04-16 23:36:09.506 7 INFO neutron.services.segments.plugin [-] Segment 239b1c32-1559-4db8-b62a-1e9e7743676e resource provider not found; error: Placement Client Error (4xx): {"errors": [{"status": 404, "title": "Not Found", "detail": "The resource could not be found.\n\n No resource provider with uuid 239b1c32-1559-4db8-b62a-1e9e7743676e found for delete ", "request_id": "req-423259f5-3cb4-4ac8-9dc7-63f210d87185"}]} [pid: 8|app: 0|req: 1159/2256] 10.0.0.115 () {32 vars in 773 bytes} [Thu Apr 16 23:36:09 2026] GET /v2.0/security-groups?tenant_id=9b20289ef2f44b11aefc27fb773faed4&name=default => generated 2925 bytes in 203 msecs (HTTP/1.1 200) 4 headers in 158 bytes (1 switches on core 0)
2026-04-16 23:36:09.805 8 INFO neutron.services.segments.plugin [-] Segment a3e436c6-8cad-40f7-808e-5fbde7e7d38e resource provider aggregate not found
2026-04-16 23:36:09.809 8 INFO neutron.services.segments.plugin [-] Segment a3e436c6-8cad-40f7-808e-5fbde7e7d38e resource provider aggregate not found
2026-04-16 23:36:09.831 8 INFO neutron.services.segments.plugin [-] Segment a3e436c6-8cad-40f7-808e-5fbde7e7d38e resource provider not found; error: Placement Client Error (4xx): {"errors": [{"status": 404, "title": "Not Found", "detail": "The resource could not be found.\n\n No resource provider with uuid a3e436c6-8cad-40f7-808e-5fbde7e7d38e found for delete ", "request_id": "req-64d44c4c-ce96-466d-b802-d56e8337777a"}]}
2026-04-16 23:36:09.832 8 INFO neutron.services.segments.plugin [-] Segment a3e436c6-8cad-40f7-808e-5fbde7e7d38e resource provider not found; error: Placement Client Error (4xx): {"errors": [{"status": 404, "title": "Not Found", "detail": "The resource could not be found.\n\n No resource provider with uuid a3e436c6-8cad-40f7-808e-5fbde7e7d38e found for delete ", "request_id": "req-f5b74106-a43a-4460-94af-168464ef1c8c"}]} [pid: 7|app: 0|req: 1098/2257] 10.0.0.115 () {32 vars in 739 bytes} [Thu Apr 16 23:36:09 2026] DELETE /v2.0/security-groups/c50165b1-34ce-49e3-893e-059374340eb7 => generated 0 bytes in 265 msecs (HTTP/1.1 204) 2 headers in 112 bytes (1 switches on core 0)
2026-04-16 23:36:10.690 8 INFO neutron.db.ovn_revision_numbers_db [None req-5c896504-c700-49ef-9745-0672cb2fc810 280e6ce0b4084a6c8d096dfe90d34741 c99c6bf5c71e4bfda3ff2d1710e81769 - - default default] Successfully bumped revision number for resource bd3b2904-bdd8-402d-baf4-5f6a25acd130 (type: security_groups) to 1
2026-04-16 23:36:10.699 8 INFO neutron.db.ovn_revision_numbers_db [None req-5c896504-c700-49ef-9745-0672cb2fc810 280e6ce0b4084a6c8d096dfe90d34741 c99c6bf5c71e4bfda3ff2d1710e81769 - - default default] Successfully bumped revision number for resource 3d51ffd1-d98c-413a-8e37-51433c7661b2 (type: security_group_rules) to 0
2026-04-16 23:36:10.710 8 INFO neutron.db.ovn_revision_numbers_db [None req-5c896504-c700-49ef-9745-0672cb2fc810 280e6ce0b4084a6c8d096dfe90d34741 c99c6bf5c71e4bfda3ff2d1710e81769 - - default default] Successfully bumped revision number for resource 5b0429aa-9944-494b-b615-79d2dad114bf (type: security_group_rules) to 0
2026-04-16 23:36:10.724 8 INFO neutron.db.ovn_revision_numbers_db [None req-5c896504-c700-49ef-9745-0672cb2fc810 280e6ce0b4084a6c8d096dfe90d34741 c99c6bf5c71e4bfda3ff2d1710e81769 - - default default] Successfully bumped revision number for resource 8a1c7ce5-ae3b-4cfd-a723-30dfff6f3ef5 (type: security_group_rules) to 0
2026-04-16 23:36:10.739 8 INFO neutron.db.ovn_revision_numbers_db [None req-5c896504-c700-49ef-9745-0672cb2fc810 280e6ce0b4084a6c8d096dfe90d34741 c99c6bf5c71e4bfda3ff2d1710e81769 - - default default] Successfully bumped revision number for resource 8f041acd-78c9-4768-b6f3-7afc98f03bb1 (type: security_group_rules) to 0 [pid: 8|app: 0|req: 1160/2258] 10.0.0.115 () {32 vars in 773 bytes} [Thu Apr 16 23:36:10 2026] GET /v2.0/security-groups?tenant_id=2971b19389ff400c8d7a72c723e117f8&name=default => generated 2925 bytes in 723 msecs (HTTP/1.1 200) 4 headers in 158 bytes (1 switches on core 0) [pid: 7|app: 0|req: 1099/2259] 10.0.0.115 () {32 vars in 739 bytes} [Thu Apr 16 23:36:10 2026] DELETE /v2.0/security-groups/bd3b2904-bdd8-402d-baf4-5f6a25acd130 => generated 0 bytes in 212 msecs (HTTP/1.1 204) 2 headers in 112 bytes (1 switches on core 0)
2026-04-16 23:36:11.261 8 INFO neutron.db.ovn_revision_numbers_db [None req-3184cd7a-d759-4a9f-9087-0d0fc2fbf613 280e6ce0b4084a6c8d096dfe90d34741 c99c6bf5c71e4bfda3ff2d1710e81769 - - default default] Successfully bumped revision number for resource 123b37c0-3f6a-404c-8f75-0bbc48a9baf4 (type: security_groups) to 1
2026-04-16 23:36:11.275 8 INFO neutron.db.ovn_revision_numbers_db [None req-3184cd7a-d759-4a9f-9087-0d0fc2fbf613 280e6ce0b4084a6c8d096dfe90d34741 c99c6bf5c71e4bfda3ff2d1710e81769 - - default default] Successfully bumped revision number for resource 303c5473-2998-4b53-9f8e-e2ff619390e2 (type: security_group_rules) to 0
2026-04-16 23:36:11.287 8 INFO neutron.db.ovn_revision_numbers_db [None req-3184cd7a-d759-4a9f-9087-0d0fc2fbf613 280e6ce0b4084a6c8d096dfe90d34741 c99c6bf5c71e4bfda3ff2d1710e81769 - - default default] Successfully bumped revision number for resource 45f33d74-e408-46f9-8379-997339cfd830 (type: security_group_rules) to 0
2026-04-16 23:36:11.298 8 INFO neutron.db.ovn_revision_numbers_db [None req-3184cd7a-d759-4a9f-9087-0d0fc2fbf613 280e6ce0b4084a6c8d096dfe90d34741 c99c6bf5c71e4bfda3ff2d1710e81769 - - default default] Successfully bumped revision number for resource 6d3baa07-14a9-4dd9-9c2c-9c26737f31a3 (type: security_group_rules) to 0
2026-04-16 23:36:11.309 8 INFO neutron.db.ovn_revision_numbers_db [None req-3184cd7a-d759-4a9f-9087-0d0fc2fbf613 280e6ce0b4084a6c8d096dfe90d34741 c99c6bf5c71e4bfda3ff2d1710e81769 - - default default] Successfully bumped revision number for resource fc8b221c-0792-4557-99a4-559087b936b1 (type: security_group_rules) to 0 [pid: 8|app: 0|req: 1161/2260] 10.0.0.115 () {32 vars in 773 bytes} [Thu Apr 16 23:36:11 2026] GET /v2.0/security-groups?tenant_id=bca019e3fd274dba829482a090c59ac0&name=default => generated 2925 bytes in 209 msecs (HTTP/1.1 200) 4 headers in 158 bytes (1 switches on core 0) [pid: 7|app: 0|req: 1100/2263] 10.0.0.115 () {32 vars in 739 bytes} [Thu Apr 16 23:36:11 2026] DELETE /v2.0/security-groups/123b37c0-3f6a-404c-8f75-0bbc48a9baf4 => generated 0 bytes in 260 msecs (HTTP/1.1 204) 2 headers in 112 bytes (1 switches on core 0)
2026-04-16 23:36:13.594 8 INFO neutron.db.ovn_revision_numbers_db [None req-b64aa822-098e-41ce-abcf-04477c5daa8e 13187ef096614670be35ea5d1f5d2812 2b8824e7f7b0484eab830218993be5e2 - - default default] Successfully bumped revision number for resource dd83493e-ca4f-49dc-830a-5e947258a9a1 (type: security_groups) to 1
2026-04-16 23:36:13.605 8 INFO neutron.db.ovn_revision_numbers_db [None req-b64aa822-098e-41ce-abcf-04477c5daa8e 13187ef096614670be35ea5d1f5d2812 2b8824e7f7b0484eab830218993be5e2 - - default default] Successfully bumped revision number for resource 015f56df-3ae2-4764-b11d-029a8b3f7b84 (type: security_group_rules) to 0
2026-04-16 23:36:13.618 8 INFO neutron.db.ovn_revision_numbers_db [None req-b64aa822-098e-41ce-abcf-04477c5daa8e 13187ef096614670be35ea5d1f5d2812 2b8824e7f7b0484eab830218993be5e2 - - default default] Successfully bumped revision number for resource 16b2417b-5c97-4cd6-873b-c83248170bb4 (type: security_group_rules) to 0
2026-04-16 23:36:13.628 8 INFO neutron.db.ovn_revision_numbers_db [None req-b64aa822-098e-41ce-abcf-04477c5daa8e 13187ef096614670be35ea5d1f5d2812 2b8824e7f7b0484eab830218993be5e2 - - default default] Successfully bumped revision number for resource 2b71e5d1-77d9-4979-a796-3bc2379ce672 (type: security_group_rules) to 0
2026-04-16 23:36:13.645 8 INFO neutron.db.ovn_revision_numbers_db [None req-b64aa822-098e-41ce-abcf-04477c5daa8e 13187ef096614670be35ea5d1f5d2812 2b8824e7f7b0484eab830218993be5e2 - - default default] Successfully bumped revision number for resource f3cb91f2-eec0-4cf0-9809-73f72e7e1875 (type: security_group_rules) to 0 [pid: 7|app: 0|req: 1101/2264] 10.0.0.141 () {34 vars in 989 bytes} [Thu Apr 16 23:36:13 2026] GET /v2.0/ports?device_id=d03cc0ce-8e06-4c9d-be25-9635beb94c06 => generated 1014 bytes in 70 msecs (HTTP/1.1 200) 4 headers in 158 bytes (1 switches on core 0) [pid: 7|app: 0|req: 1102/2265] 10.0.0.141 () {34 vars in 1119 bytes} [Thu Apr 16 23:36:13 2026] GET /v2.0/security-groups?id=a4f63e89-22f0-433a-ad60-b775c8cd503e&id=d5025482-3c2c-4328-9228-290769139a0e&fields=id&fields=name => generated 205 bytes in 39 msecs (HTTP/1.1 200) 4 headers in 157 bytes (1 switches on core 0)
2026-04-16 23:36:13.724 8 INFO neutron.db.segments_db [None req-b64aa822-098e-41ce-abcf-04477c5daa8e 13187ef096614670be35ea5d1f5d2812 2b8824e7f7b0484eab830218993be5e2 - - default default] Added segment 4457e690-a345-4631-9680-75777da2cf03 of type geneve for network 83910ebc-f3b5-4fa3-9423-b42e0360728c
2026-04-16 23:36:13.838 8 INFO neutron.db.ovn_revision_numbers_db [None req-b64aa822-098e-41ce-abcf-04477c5daa8e 13187ef096614670be35ea5d1f5d2812 2b8824e7f7b0484eab830218993be5e2 - - default default] Successfully bumped revision number for resource 83910ebc-f3b5-4fa3-9423-b42e0360728c (type: networks) to 1 [pid: 7|app: 0|req: 1103/2266] 10.0.0.115 () {32 vars in 735 bytes} [Thu Apr 16 23:36:13 2026] GET /v2.0/ports?device_id=d03cc0ce-8e06-4c9d-be25-9635beb94c06 => generated 1252 bytes in 206 msecs (HTTP/1.1 200) 4 headers in 158 bytes (1 switches on core 0)
2026-04-16 23:36:13.976 8 WARNING neutron.scheduler.dhcp_agent_scheduler [None req-b64aa822-098e-41ce-abcf-04477c5daa8e 13187ef096614670be35ea5d1f5d2812 2b8824e7f7b0484eab830218993be5e2 - - default default] No more DHCP agents
2026-04-16 23:36:13.978 8 WARNING neutron.api.rpc.agentnotifiers.dhcp_rpc_agent_api [None req-b64aa822-098e-41ce-abcf-04477c5daa8e 13187ef096614670be35ea5d1f5d2812 2b8824e7f7b0484eab830218993be5e2 - - default default] Unable to schedule network 83910ebc-f3b5-4fa3-9423-b42e0360728c: no agents available; will retry on subsequent port and subnet creation events. [pid: 7|app: 0|req: 1104/2267] 10.0.0.115 () {32 vars in 857 bytes} [Thu Apr 16 23:36:13 2026] GET /v2.0/floatingips?floating_network_id=22db0b5c-fc87-4fc0-b22c-2895190add43&port_id=3a69ac5d-c69a-41a8-9478-5a90fca78916 => generated 861 bytes in 61 msecs (HTTP/1.1 200) 4 headers in 157 bytes (1 switches on core 0)
2026-04-16 23:36:14.025 7 INFO neutron.plugins.ml2.drivers.ovn.mech_driver.mech_driver [None req-7c8fffdc-58a6-4e9c-a169-a7505ccfe63a - - - - - -] OVN reports status down for port: 0f2f1aa2-2b39-405f-bb9c-812e46e784fd
2026-04-16 23:36:14.049 8 INFO neutron.db.ovn_revision_numbers_db [None req-b64aa822-098e-41ce-abcf-04477c5daa8e 13187ef096614670be35ea5d1f5d2812 2b8824e7f7b0484eab830218993be5e2 - - default default] Successfully bumped revision number for resource 0f2f1aa2-2b39-405f-bb9c-812e46e784fd (type: ports) to 1 [pid: 8|app: 0|req: 1164/2268] 10.0.0.115 () {34 vars in 669 bytes} [Thu Apr 16 23:36:13 2026] POST /v2.0/networks => generated 749 bytes in 718 msecs (HTTP/1.1 201) 4 headers in 162 bytes (1 switches on core 0)
2026-04-16 23:36:14.255 7 WARNING neutron.scheduler.dhcp_agent_scheduler [None req-ae06c3b3-482f-4cd5-ae92-7ca3da40404f 13187ef096614670be35ea5d1f5d2812 2b8824e7f7b0484eab830218993be5e2 - - default default] No more DHCP agents
2026-04-16 23:36:14.257 7 WARNING neutron.api.rpc.agentnotifiers.dhcp_rpc_agent_api [None req-ae06c3b3-482f-4cd5-ae92-7ca3da40404f 13187ef096614670be35ea5d1f5d2812 2b8824e7f7b0484eab830218993be5e2 - - default default] Unable to schedule network 83910ebc-f3b5-4fa3-9423-b42e0360728c: no agents available; will retry on subsequent port and subnet creation events. [pid: 8|app: 0|req: 1165/2269] 10.0.0.105 () {34 vars in 989 bytes} [Thu Apr 16 23:36:14 2026] GET /v2.0/ports?device_id=d03cc0ce-8e06-4c9d-be25-9635beb94c06 => generated 1252 bytes in 41 msecs (HTTP/1.1 200) 4 headers in 158 bytes (1 switches on core 0) [pid: 8|app: 0|req: 1166/2270] 10.0.0.105 () {34 vars in 1119 bytes} [Thu Apr 16 23:36:14 2026] GET /v2.0/security-groups?id=d5025482-3c2c-4328-9228-290769139a0e&id=a4f63e89-22f0-433a-ad60-b775c8cd503e&fields=id&fields=name => generated 205 bytes in 33 msecs (HTTP/1.1 200) 4 headers in 157 bytes (1 switches on core 0)
2026-04-16 23:36:14.721 7 INFO neutron.db.ovn_revision_numbers_db [None req-cbdbe54e-8884-418f-847d-271a504f81a9 - - - - - -] Successfully bumped revision number for resource 0f2f1aa2-2b39-405f-bb9c-812e46e784fd (type: ports) to 2
2026-04-16 23:36:14.756 7 INFO neutron.db.ovn_revision_numbers_db [None req-cbdbe54e-8884-418f-847d-271a504f81a9 - - - - - -] Successfully bumped revision number for resource 263eab4d-fd26-4133-a070-f649807c7071 (type: subnets) to 0 [pid: 7|app: 0|req: 1105/2271] 10.0.0.115 () {34 vars in 668 bytes} [Thu Apr 16 23:36:14 2026] POST /v2.0/subnets => generated 644 bytes in 688 msecs (HTTP/1.1 201) 4 headers in 162 bytes (1 switches on core 0)
2026-04-16 23:36:14.782 7 WARNING neutron.api.v2.base [None req-dddbba98-783e-4bee-a673-44325b7a0bdf 13187ef096614670be35ea5d1f5d2812 2b8824e7f7b0484eab830218993be5e2 - - default default] An exception happened while processing the request body. The exception message is [Invalid input for target_tenant. Reason: 'None' is not a valid string.].: webob.exc.HTTPBadRequest: Invalid input for target_tenant. Reason: 'None' is not a valid string.
2026-04-16 23:36:14.783 7 INFO neutron.api.v2.resource [None req-dddbba98-783e-4bee-a673-44325b7a0bdf 13187ef096614670be35ea5d1f5d2812 2b8824e7f7b0484eab830218993be5e2 - - default default] create failed (client error): Invalid input for target_tenant. Reason: 'None' is not a valid string. [pid: 7|app: 0|req: 1106/2272] 10.0.0.115 () {34 vars in 680 bytes} [Thu Apr 16 23:36:14 2026] POST /v2.0/rbac-policies => generated 143 bytes in 6 msecs (HTTP/1.1 400) 4 headers in 166 bytes (1 switches on core 0) [pid: 8|app: 0|req: 1167/2273] 10.0.0.115 () {34 vars in 677 bytes} [Thu Apr 16 23:36:14 2026] POST /v2.0/qos/policies => generated 359 bytes in 200 msecs (HTTP/1.1 201) 4 headers in 162 bytes (1 switches on core 0)
2026-04-16 23:36:14.915 7 INFO neutron_taas.services.taas.taas_plugin [None req-7a8d84f7-85c1-4b24-8077-1a5015e2ab21 13187ef096614670be35ea5d1f5d2812 2b8824e7f7b0484eab830218993be5e2 - - default default] TaaS: Handle Delete Port: 0f2f1aa2-2b39-405f-bb9c-812e46e784fd
2026-04-16 23:36:14.919 7 INFO neutron_taas.services.taas.tap_mirror_plugin [None req-7a8d84f7-85c1-4b24-8077-1a5015e2ab21 13187ef096614670be35ea5d1f5d2812 2b8824e7f7b0484eab830218993be5e2 - - default default] Tap Mirror: Handle Delete Port: 0f2f1aa2-2b39-405f-bb9c-812e46e784fd [pid: 8|app: 0|req: 1168/2274] 10.0.0.115 () {34 vars in 752 bytes} [Thu Apr 16 23:36:14 2026] PUT /v2.0/policies/a7d68b1c-aa76-4e8d-a942-e07031132327/tags => generated 25 bytes in 53 msecs (HTTP/1.1 200) 4 headers in 156 bytes (1 switches on core 0) [pid: 8|app: 0|req: 1169/2275] 10.0.0.115 () {32 vars in 732 bytes} [Thu Apr 16 23:36:14 2026] GET /v2.0/policies/a7d68b1c-aa76-4e8d-a942-e07031132327/tags => generated 25 bytes in 33 msecs (HTTP/1.1 200) 4 headers in 156 bytes (1 switches on core 0) [pid: 8|app: 0|req: 1170/2276] 10.0.0.115 () {34 vars in 763 bytes} [Thu Apr 16 23:36:15 2026] PUT /v2.0/policies/a7d68b1c-aa76-4e8d-a942-e07031132327/tags/green => generated 4 bytes in 65 msecs (HTTP/1.1 201) 4 headers in 160 bytes (1 switches on core 0) [pid: 8|app: 0|req: 1171/2277] 10.0.0.115 () {32 vars in 732 bytes} [Thu Apr 16 23:36:15 2026] GET /v2.0/policies/a7d68b1c-aa76-4e8d-a942-e07031132327/tags => generated 34 bytes in 34 msecs (HTTP/1.1 200) 4 headers in 156 bytes (1 switches on core 0) [pid: 8|app: 0|req: 1172/2278] 10.0.0.115 () {34 vars in 759 bytes} [Thu Apr 16 23:36:15 2026] PUT /v2.0/policies/a7d68b1c-aa76-4e8d-a942-e07031132327/tags/red => generated 4 bytes in 36 msecs (HTTP/1.1 201) 4 headers in 160 bytes (1 switches on core 0) [pid: 8|app: 0|req: 1173/2279] 10.0.0.115 () {32 vars in 732 bytes} [Thu Apr 16 23:36:15 2026] GET /v2.0/policies/a7d68b1c-aa76-4e8d-a942-e07031132327/tags => generated 34 bytes in 32 msecs (HTTP/1.1 200) 4 headers in 156 bytes (1 switches on core 0)
2026-04-16 23:36:15.235 7 INFO neutron.services.segments.plugin [-] Segment 4457e690-a345-4631-9680-75777da2cf03 resource provider aggregate not found
2026-04-16 23:36:15.235 7 INFO neutron.services.segments.plugin [-] Segment 4457e690-a345-4631-9680-75777da2cf03 resource provider aggregate not found
2026-04-16 23:36:15.259 7 INFO neutron.services.segments.plugin [-] Segment 4457e690-a345-4631-9680-75777da2cf03 resource provider not found; error: Placement Client Error (4xx): {"errors": [{"status": 404, "title": "Not Found", "detail": "The resource could not be found.\n\n No resource provider with uuid 4457e690-a345-4631-9680-75777da2cf03 found for delete ", "request_id": "req-a59b81fb-2cb1-447e-91a4-2abdb4987b02"}]}
2026-04-16 23:36:15.260 7 INFO neutron.services.segments.plugin [-] Segment 4457e690-a345-4631-9680-75777da2cf03 resource provider not found; error: Placement Client Error (4xx): {"errors": [{"status": 404, "title": "Not Found", "detail": "The resource could not be found.\n\n No resource provider with uuid 4457e690-a345-4631-9680-75777da2cf03 found for delete ", "request_id": "req-e0f9d668-e2a9-481a-b423-c678ecfc7440"}]} [pid: 8|app: 0|req: 1174/2280] 10.0.0.115 () {34 vars in 781 bytes} [Thu Apr 16 23:36:15 2026] PUT /v2.0/policies/a7d68b1c-aa76-4e8d-a942-e07031132327/tags/black.or.white => generated 4 bytes in 60 msecs (HTTP/1.1 201) 4 headers in 160 bytes (1 switches on core 0) [pid: 7|app: 0|req: 1107/2281] 10.0.0.115 () {32 vars in 725 bytes} [Thu Apr 16 23:36:14 2026] DELETE /v2.0/networks/83910ebc-f3b5-4fa3-9423-b42e0360728c => generated 0 bytes in 512 msecs (HTTP/1.1 204) 3 headers in 131 bytes (1 switches on core 0) [pid: 8|app: 0|req: 1175/2282] 10.0.0.115 () {32 vars in 732 bytes} [Thu Apr 16 23:36:15 2026] GET /v2.0/policies/a7d68b1c-aa76-4e8d-a942-e07031132327/tags => generated 52 bytes in 39 msecs (HTTP/1.1 200) 4 headers in 156 bytes (1 switches on core 0) [pid: 8|app: 0|req: 1176/2283] 10.0.0.115 () {34 vars in 752 bytes} [Thu Apr 16 23:36:15 2026] PUT /v2.0/policies/a7d68b1c-aa76-4e8d-a942-e07031132327/tags => generated 37 bytes in 45 msecs (HTTP/1.1 200) 4 headers in 156 bytes (1 switches on core 0)
2026-04-16 23:36:15.394 7 INFO neutron.db.segments_db [None req-8d977f46-24d8-42a0-ace6-b77765094d59 13187ef096614670be35ea5d1f5d2812 2b8824e7f7b0484eab830218993be5e2 - - default default] Added segment ae16e425-89dd-4720-9dd2-ac441d823636 of type geneve for network 0bfe2af5-a952-40af-ba81-b2964bfe0c4a [pid: 8|app: 0|req: 1177/2284] 10.0.0.115 () {32 vars in 732 bytes} [Thu Apr 16 23:36:15 2026] GET /v2.0/policies/a7d68b1c-aa76-4e8d-a942-e07031132327/tags => generated 37 bytes in 35 msecs (HTTP/1.1 200) 4 headers in 156 bytes (1 switches on core 0) [pid: 8|app: 0|req: 1178/2285] 10.0.0.115 () {32 vars in 740 bytes} [Thu Apr 16 23:36:15 2026] GET /v2.0/policies/a7d68b1c-aa76-4e8d-a942-e07031132327/tags/red => generated 0 bytes in 30 msecs (HTTP/1.1 204) 2 headers in 112 bytes (1 switches on core 0)
2026-04-16 23:36:15.485 8 INFO neutron.api.v2.resource [None req-86079c51-b799-44d0-a1e9-d198fba9805a 92489eb4125c4ca6859b36dd2cf948a4 c829737630d74b0abdf948afc669d94b - - default default] show failed (client error): The resource could not be found. [pid: 8|app: 0|req: 1179/2286] 10.0.0.115 () {32 vars in 744 bytes} [Thu Apr 16 23:36:15 2026] GET /v2.0/policies/a7d68b1c-aa76-4e8d-a942-e07031132327/tags/green => generated 99 bytes in 40 msecs (HTTP/1.1 404) 4 headers in 163 bytes (1 switches on core 0)
2026-04-16 23:36:15.500 7 INFO neutron.db.ovn_revision_numbers_db [None req-8d977f46-24d8-42a0-ace6-b77765094d59 13187ef096614670be35ea5d1f5d2812 2b8824e7f7b0484eab830218993be5e2 - - default default] Successfully bumped revision number for resource 0bfe2af5-a952-40af-ba81-b2964bfe0c4a (type: networks) to 1 [pid: 8|app: 0|req: 1180/2287] 10.0.0.115 () {32 vars in 743 bytes} [Thu Apr 16 23:36:15 2026] DELETE /v2.0/policies/a7d68b1c-aa76-4e8d-a942-e07031132327/tags/red => generated 0 bytes in 45 msecs (HTTP/1.1 204) 2 headers in 112 bytes (1 switches on core 0) [pid: 8|app: 0|req: 1181/2288] 10.0.0.115 () {32 vars in 732 bytes} [Thu Apr 16 23:36:15 2026] GET /v2.0/policies/a7d68b1c-aa76-4e8d-a942-e07031132327/tags => generated 30 bytes in 35 msecs (HTTP/1.1 200) 4 headers in 156 bytes (1 switches on core 0)
2026-04-16 23:36:15.614 8 INFO neutron.api.v2.resource [None req-2d046153-e9ab-4ae4-9fe5-e46bd124581e 92489eb4125c4ca6859b36dd2cf948a4 c829737630d74b0abdf948afc669d94b - - default default] delete failed (client error): The resource could not be found. [pid: 8|app: 0|req: 1182/2289] 10.0.0.115 () {32 vars in 747 bytes} [Thu Apr 16 23:36:15 2026] DELETE /v2.0/policies/a7d68b1c-aa76-4e8d-a942-e07031132327/tags/green => generated 99 bytes in 32 msecs (HTTP/1.1 404) 4 headers in 163 bytes (1 switches on core 0)
2026-04-16 23:36:15.657 7 WARNING neutron.scheduler.dhcp_agent_scheduler [None req-8d977f46-24d8-42a0-ace6-b77765094d59 13187ef096614670be35ea5d1f5d2812 2b8824e7f7b0484eab830218993be5e2 - - default default] No more DHCP agents
2026-04-16 23:36:15.658 7 WARNING neutron.api.rpc.agentnotifiers.dhcp_rpc_agent_api [None req-8d977f46-24d8-42a0-ace6-b77765094d59 13187ef096614670be35ea5d1f5d2812 2b8824e7f7b0484eab830218993be5e2 - - default default] Unable to schedule network 0bfe2af5-a952-40af-ba81-b2964bfe0c4a: no agents available; will retry on subsequent port and subnet creation events. [pid: 8|app: 0|req: 1183/2290] 10.0.0.115 () {32 vars in 735 bytes} [Thu Apr 16 23:36:15 2026] DELETE /v2.0/policies/a7d68b1c-aa76-4e8d-a942-e07031132327/tags => generated 0 bytes in 47 msecs (HTTP/1.1 204) 2 headers in 112 bytes (1 switches on core 0)
2026-04-16 23:36:15.723 7 INFO neutron.plugins.ml2.drivers.ovn.mech_driver.mech_driver [None req-7c8fffdc-58a6-4e9c-a169-a7505ccfe63a - - - - - -] OVN reports status down for port: 7a7b7bbe-4446-4c96-9045-f8b66467ec16 [pid: 8|app: 0|req: 1184/2291] 10.0.0.115 () {32 vars in 732 bytes} [Thu Apr 16 23:36:15 2026] GET /v2.0/policies/a7d68b1c-aa76-4e8d-a942-e07031132327/tags => generated 12 bytes in 54 msecs (HTTP/1.1 200) 4 headers in 156 bytes (1 switches on core 0) [pid: 8|app: 0|req: 1185/2292] 10.0.0.115 () {32 vars in 733 bytes} [Thu Apr 16 23:36:15 2026] DELETE /v2.0/qos/policies/a7d68b1c-aa76-4e8d-a942-e07031132327 => generated 0 bytes in 48 msecs (HTTP/1.1 204) 2 headers in 112 bytes (1 switches on core 0)
2026-04-16 23:36:15.784 7 INFO neutron.db.ovn_revision_numbers_db [None req-8d977f46-24d8-42a0-ace6-b77765094d59 13187ef096614670be35ea5d1f5d2812 2b8824e7f7b0484eab830218993be5e2 - - default default] Successfully bumped revision number for resource 7a7b7bbe-4446-4c96-9045-f8b66467ec16 (type: ports) to 1 [pid: 7|app: 0|req: 1108/2293] 10.0.0.115 () {34 vars in 669 bytes} [Thu Apr 16 23:36:15 2026] POST /v2.0/networks => generated 748 bytes in 516 msecs (HTTP/1.1 201) 4 headers in 162 bytes (1 switches on core 0)
2026-04-16 23:36:15.964 8 WARNING neutron.scheduler.dhcp_agent_scheduler [None req-e8a917eb-be9f-4995-90f4-6da5446d414b 13187ef096614670be35ea5d1f5d2812 2b8824e7f7b0484eab830218993be5e2 - - default default] No more DHCP agents
2026-04-16 23:36:15.966 8 WARNING neutron.api.rpc.agentnotifiers.dhcp_rpc_agent_api [None req-e8a917eb-be9f-4995-90f4-6da5446d414b 13187ef096614670be35ea5d1f5d2812 2b8824e7f7b0484eab830218993be5e2 - - default default] Unable to schedule network 0bfe2af5-a952-40af-ba81-b2964bfe0c4a: no agents available; will retry on subsequent port and subnet creation events. [pid: 7|app: 0|req: 1109/2294] 10.0.0.141 () {34 vars in 989 bytes} [Thu Apr 16 23:36:16 2026] GET /v2.0/ports?device_id=d03cc0ce-8e06-4c9d-be25-9635beb94c06 => generated 1014 bytes in 54 msecs (HTTP/1.1 200) 4 headers in 158 bytes (1 switches on core 0) [pid: 7|app: 0|req: 1110/2295] 10.0.0.141 () {34 vars in 1119 bytes} [Thu Apr 16 23:36:16 2026] GET /v2.0/security-groups?id=a4f63e89-22f0-433a-ad60-b775c8cd503e&id=d5025482-3c2c-4328-9228-290769139a0e&fields=id&fields=name => generated 205 bytes in 42 msecs (HTTP/1.1 200) 4 headers in 157 bytes (1 switches on core 0)
2026-04-16 23:36:16.417 8 INFO neutron.db.ovn_revision_numbers_db [None req-149998f7-b92d-40b9-a6f3-a09e18b66dad - - - - - -] Successfully bumped revision number for resource 7a7b7bbe-4446-4c96-9045-f8b66467ec16 (type: ports) to 2
2026-04-16 23:36:16.450 8 INFO neutron.db.ovn_revision_numbers_db [None req-149998f7-b92d-40b9-a6f3-a09e18b66dad - - - - - -] Successfully bumped revision number for resource 73b0d471-6ee1-442f-b9fe-31e28c6586b1 (type: subnets) to 0 [pid: 8|app: 0|req: 1186/2296] 10.0.0.115 () {34 vars in 668 bytes} [Thu Apr 16 23:36:15 2026] POST /v2.0/subnets => generated 647 bytes in 636 msecs (HTTP/1.1 201) 4 headers in 162 bytes (1 switches on core 0)
2026-04-16 23:36:16.477 8 WARNING neutron.api.v2.base [None req-5b3c201b-ba8d-401d-91e8-18a143c90dc5 13187ef096614670be35ea5d1f5d2812 2b8824e7f7b0484eab830218993be5e2 - - default default] An exception happened while processing the request body. The exception message is [Invalid input for target_tenant. Reason: '1234123412341234123412341234123412341234123412341234123412341234123412341234123412341234123412341234123412341234123412341234123412341234123412341234123412341234123412341234123412341234123412341234123412341234123412341234123412341234123412341234123412341234123412341234123412341234123412341234123412341234123412341234123412341234123412341234123412341234123412341234123412341234123412341234123412341234' exceeds maximum length of 255.].: webob.exc.HTTPBadRequest: Invalid input for target_tenant. Reason: '1234123412341234123412341234123412341234123412341234123412341234123412341234123412341234123412341234123412341234123412341234123412341234123412341234123412341234123412341234123412341234123412341234123412341234123412341234123412341234123412341234123412341234123412341234123412341234123412341234123412341234123412341234123412341234123412341234123412341234123412341234123412341234123412341234123412341234' exceeds maximum length of 255.
2026-04-16 23:36:16.478 8 INFO neutron.api.v2.resource [None req-5b3c201b-ba8d-401d-91e8-18a143c90dc5 13187ef096614670be35ea5d1f5d2812 2b8824e7f7b0484eab830218993be5e2 - - default default] create failed (client error): Invalid input for target_tenant. Reason: '1234123412341234123412341234123412341234123412341234123412341234123412341234123412341234123412341234123412341234123412341234123412341234123412341234123412341234123412341234123412341234123412341234123412341234123412341234123412341234123412341234123412341234123412341234123412341234123412341234123412341234123412341234123412341234123412341234123412341234123412341234123412341234123412341234123412341234' exceeds maximum length of 255. [pid: 8|app: 0|req: 1187/2297] 10.0.0.115 () {34 vars in 680 bytes} [Thu Apr 16 23:36:16 2026] POST /v2.0/rbac-policies => generated 547 bytes in 11 msecs (HTTP/1.1 400) 4 headers in 166 bytes (1 switches on core 0)
2026-04-16 23:36:16.611 8 INFO neutron_taas.services.taas.taas_plugin [None req-295a4c4f-b2b3-4b41-bc0d-d92c5b23fedd 13187ef096614670be35ea5d1f5d2812 2b8824e7f7b0484eab830218993be5e2 - - default default] TaaS: Handle Delete Port: 7a7b7bbe-4446-4c96-9045-f8b66467ec16
2026-04-16 23:36:16.617 8 INFO neutron_taas.services.taas.tap_mirror_plugin [None req-295a4c4f-b2b3-4b41-bc0d-d92c5b23fedd 13187ef096614670be35ea5d1f5d2812 2b8824e7f7b0484eab830218993be5e2 - - default default] Tap Mirror: Handle Delete Port: 7a7b7bbe-4446-4c96-9045-f8b66467ec16
2026-04-16 23:36:16.680 7 INFO neutron.db.ovn_revision_numbers_db [None req-31e7cec4-4563-4563-838b-25eea3a558de 280e6ce0b4084a6c8d096dfe90d34741 c99c6bf5c71e4bfda3ff2d1710e81769 - - default default] Successfully bumped revision number for resource 4272171f-0923-4765-9f3c-ca8cd9747e0a (type: security_groups) to 1
2026-04-16 23:36:16.701 7 INFO neutron.db.ovn_revision_numbers_db [None req-31e7cec4-4563-4563-838b-25eea3a558de 280e6ce0b4084a6c8d096dfe90d34741 c99c6bf5c71e4bfda3ff2d1710e81769 - - default default] Successfully bumped revision number for resource 3383ba67-2fad-453b-ad66-bc94d0a1885a (type: security_group_rules) to 0
2026-04-16 23:36:16.718 7 INFO neutron.db.ovn_revision_numbers_db [None req-31e7cec4-4563-4563-838b-25eea3a558de 280e6ce0b4084a6c8d096dfe90d34741 c99c6bf5c71e4bfda3ff2d1710e81769 - - default default] Successfully bumped revision number for resource 3e4eab99-e77b-4690-8edb-1be5cccab345 (type: security_group_rules) to 0
2026-04-16 23:36:16.731 7 INFO neutron.db.ovn_revision_numbers_db [None req-31e7cec4-4563-4563-838b-25eea3a558de 280e6ce0b4084a6c8d096dfe90d34741 c99c6bf5c71e4bfda3ff2d1710e81769 - - default default] Successfully bumped revision number for resource 5a02ff18-b465-4691-80c1-f16dacaca4a2 (type: security_group_rules) to 0
2026-04-16 23:36:16.743 7 INFO neutron.db.ovn_revision_numbers_db [None req-31e7cec4-4563-4563-838b-25eea3a558de 280e6ce0b4084a6c8d096dfe90d34741 c99c6bf5c71e4bfda3ff2d1710e81769 - - default default] Successfully bumped revision number for resource 72c0da82-8ed6-4174-9a31-e1cff7d1fc10 (type: security_group_rules) to 0 [pid: 7|app: 0|req: 1111/2298] 10.0.0.115 () {32 vars in 773 bytes} [Thu Apr 16 23:36:16 2026] GET /v2.0/security-groups?tenant_id=c829737630d74b0abdf948afc669d94b&name=default => generated 2925 bytes in 330 msecs (HTTP/1.1 200) 4 headers in 158 bytes (1 switches on core 0)
2026-04-16 23:36:16.926 8 INFO neutron.services.segments.plugin [-] Segment ae16e425-89dd-4720-9dd2-ac441d823636 resource provider aggregate not found
2026-04-16 23:36:16.933 8 INFO neutron.services.segments.plugin [-] Segment ae16e425-89dd-4720-9dd2-ac441d823636 resource provider aggregate not found
2026-04-16 23:36:16.947 8 INFO neutron.services.segments.plugin [-] Segment ae16e425-89dd-4720-9dd2-ac441d823636 resource provider not found; error: Placement Client Error (4xx): {"errors": [{"status": 404, "title": "Not Found", "detail": "The resource could not be found.\n\n No resource provider with uuid ae16e425-89dd-4720-9dd2-ac441d823636 found for delete ", "request_id": "req-c1e067b0-5043-4864-b7d2-91021d7db56a"}]}
2026-04-16 23:36:16.949 8 INFO neutron.services.segments.plugin [-] Segment ae16e425-89dd-4720-9dd2-ac441d823636 resource provider not found; error: Placement Client Error (4xx): {"errors": [{"status": 404, "title": "Not Found", "detail": "The resource could not be found.\n\n No resource provider with uuid ae16e425-89dd-4720-9dd2-ac441d823636 found for delete ", "request_id": "req-27f1e399-c1fa-4cc4-8c6e-27775e940eb5"}]} [pid: 8|app: 0|req: 1188/2299] 10.0.0.115 () {32 vars in 725 bytes} [Thu Apr 16 23:36:16 2026] DELETE /v2.0/networks/0bfe2af5-a952-40af-ba81-b2964bfe0c4a => generated 0 bytes in 510 msecs (HTTP/1.1 204) 3 headers in 131 bytes (1 switches on core 0) [pid: 7|app: 0|req: 1112/2300] 10.0.0.115 () {32 vars in 739 bytes} [Thu Apr 16 23:36:16 2026] DELETE /v2.0/security-groups/4272171f-0923-4765-9f3c-ca8cd9747e0a => generated 0 bytes in 264 msecs (HTTP/1.1 204) 2 headers in 112 bytes (1 switches on core 0)
2026-04-16 23:36:17.089 8 INFO neutron.db.segments_db [None req-80b606a5-63af-41ef-91b9-c2fa1c64e565 13187ef096614670be35ea5d1f5d2812 2b8824e7f7b0484eab830218993be5e2 - - default default] Added segment 8fe08c8d-f152-4d89-9700-612d6582ae9e of type geneve for network 54a43f97-ae1f-44c1-9365-8ba21fd93970
2026-04-16 23:36:17.193 8 INFO neutron.db.ovn_revision_numbers_db [None req-80b606a5-63af-41ef-91b9-c2fa1c64e565 13187ef096614670be35ea5d1f5d2812 2b8824e7f7b0484eab830218993be5e2 - - default default] Successfully bumped revision number for resource 54a43f97-ae1f-44c1-9365-8ba21fd93970 (type: networks) to 1
2026-04-16 23:36:17.296 7 INFO neutron.db.ovn_revision_numbers_db [None req-48ac7719-a726-4b24-9114-df54d7876e1c 280e6ce0b4084a6c8d096dfe90d34741 c99c6bf5c71e4bfda3ff2d1710e81769 - - default default] Successfully bumped revision number for resource cc0c109e-dfcb-43dc-bc5c-4525c53c1f2e (type: security_groups) to 1
2026-04-16 23:36:17.315 7 INFO neutron.db.ovn_revision_numbers_db [None req-48ac7719-a726-4b24-9114-df54d7876e1c 280e6ce0b4084a6c8d096dfe90d34741 c99c6bf5c71e4bfda3ff2d1710e81769 - - default default] Successfully bumped revision number for resource 18ad6ebb-2b6c-490e-a85f-e018ece8924d (type: security_group_rules) to 0
2026-04-16 23:36:17.328 8 INFO neutron.plugins.ml2.drivers.ovn.mech_driver.mech_driver [None req-0ae77167-b328-4ce8-bcd6-f9097de1858b - - - - - -] OVN reports status down for port: 3a69ac5d-c69a-41a8-9478-5a90fca78916
2026-04-16 23:36:17.331 7 INFO neutron.db.ovn_revision_numbers_db [None req-48ac7719-a726-4b24-9114-df54d7876e1c 280e6ce0b4084a6c8d096dfe90d34741 c99c6bf5c71e4bfda3ff2d1710e81769 - - default default] Successfully bumped revision number for resource 582e8768-6446-4149-95b8-fe3f20877f75 (type: security_group_rules) to 0
2026-04-16 23:36:17.344 7 INFO neutron.db.ovn_revision_numbers_db [None req-48ac7719-a726-4b24-9114-df54d7876e1c 280e6ce0b4084a6c8d096dfe90d34741 c99c6bf5c71e4bfda3ff2d1710e81769 - - default default] Successfully bumped revision number for resource 80a0f91e-6591-4c35-842f-f3eafa853715 (type: security_group_rules) to 0
2026-04-16 23:36:17.359 7 INFO neutron.db.ovn_revision_numbers_db [None req-48ac7719-a726-4b24-9114-df54d7876e1c 280e6ce0b4084a6c8d096dfe90d34741 c99c6bf5c71e4bfda3ff2d1710e81769 - - default default] Successfully bumped revision number for resource c7df79f7-b79d-47ba-a28d-0cc22f44b8a9 (type: security_group_rules) to 0 [pid: 7|app: 0|req: 1113/2301] 10.0.0.115 () {32 vars in 773 bytes} [Thu Apr 16 23:36:17 2026] GET /v2.0/security-groups?tenant_id=1d108bea408f40e19b9924fa3977e78f&name=default => generated 2925 bytes in 242 msecs (HTTP/1.1 200) 4 headers in 158 bytes (1 switches on core 0)
2026-04-16 23:36:17.416 8 WARNING neutron.scheduler.dhcp_agent_scheduler [None req-80b606a5-63af-41ef-91b9-c2fa1c64e565 13187ef096614670be35ea5d1f5d2812 2b8824e7f7b0484eab830218993be5e2 - - default default] No more DHCP agents
2026-04-16 23:36:17.418 8 WARNING neutron.api.rpc.agentnotifiers.dhcp_rpc_agent_api [None req-80b606a5-63af-41ef-91b9-c2fa1c64e565 13187ef096614670be35ea5d1f5d2812 2b8824e7f7b0484eab830218993be5e2 - - default default] Unable to schedule network 54a43f97-ae1f-44c1-9365-8ba21fd93970: no agents available; will retry on subsequent port and subnet creation events.
2026-04-16 23:36:17.496 7 INFO neutron.plugins.ml2.drivers.ovn.mech_driver.mech_driver [None req-7c8fffdc-58a6-4e9c-a169-a7505ccfe63a - - - - - -] OVN reports status down for port: d82a33f9-312b-4d77-8eea-4557e6758ff3
2026-04-16 23:36:17.555 8 INFO neutron.db.ovn_revision_numbers_db [None req-80b606a5-63af-41ef-91b9-c2fa1c64e565 13187ef096614670be35ea5d1f5d2812 2b8824e7f7b0484eab830218993be5e2 - - default default] Successfully bumped revision number for resource d82a33f9-312b-4d77-8eea-4557e6758ff3 (type: ports) to 1
