2026-04-16 23:35:27.860 8 INFO neutron.api.v2.resource [None req-e21980b1-6b01-4d33-b862-a09a7b62a989 bc14a286c76a46aba600ef4eef22678f 9359acf37d0944ca82ee863fee0f2d0e - - default default] delete failed (client error): The resource could not be found. [pid: 8|app: 0|req: 1019/1941] 10.0.0.115 () {32 vars in 747 bytes} [Thu Apr 16 23:35:27 2026] DELETE /v2.0/networks/958c6a59-94a9-4016-997f-84d6c4627a5a/tags/green => generated 99 bytes in 47 msecs (HTTP/1.1 404) 4 headers in 163 bytes (1 switches on core 0) [pid: 8|app: 0|req: 1020/1942] 10.0.0.115 () {32 vars in 735 bytes} [Thu Apr 16 23:35:27 2026] DELETE /v2.0/networks/958c6a59-94a9-4016-997f-84d6c4627a5a/tags => generated 0 bytes in 60 msecs (HTTP/1.1 204) 2 headers in 112 bytes (1 switches on core 0) [pid: 8|app: 0|req: 1021/1943] 10.0.0.115 () {32 vars in 732 bytes} [Thu Apr 16 23:35:27 2026] GET /v2.0/networks/958c6a59-94a9-4016-997f-84d6c4627a5a/tags => generated 12 bytes in 42 msecs (HTTP/1.1 200) 4 headers in 156 bytes (1 switches on core 0)
2026-04-16 23:35:28.109 8 INFO neutron_taas.services.taas.taas_plugin [None req-54bd0d33-3ebe-46ef-9096-8d6b62f90d7e bc14a286c76a46aba600ef4eef22678f 9359acf37d0944ca82ee863fee0f2d0e - - default default] TaaS: Handle Delete Port: 470bdc35-4a56-48e9-8099-f37588694bc2
2026-04-16 23:35:28.113 8 INFO neutron_taas.services.taas.tap_mirror_plugin [None req-54bd0d33-3ebe-46ef-9096-8d6b62f90d7e bc14a286c76a46aba600ef4eef22678f 9359acf37d0944ca82ee863fee0f2d0e - - default default] Tap Mirror: Handle Delete Port: 470bdc35-4a56-48e9-8099-f37588694bc2
2026-04-16 23:35:28.285 8 INFO neutron.services.segments.plugin [-] Segment 1f9ccbb7-6a1d-422b-a66e-0013a5fa17d0 resource provider aggregate not found
2026-04-16 23:35:28.289 8 INFO neutron.services.segments.plugin [-] Segment 1f9ccbb7-6a1d-422b-a66e-0013a5fa17d0 resource provider aggregate not found
2026-04-16 23:35:28.308 8 INFO neutron.services.segments.plugin [-] Segment 1f9ccbb7-6a1d-422b-a66e-0013a5fa17d0 resource provider not found; error: Placement Client Error (4xx): {"errors": [{"status": 404, "title": "Not Found", "detail": "The resource could not be found.\n\n No resource provider with uuid 1f9ccbb7-6a1d-422b-a66e-0013a5fa17d0 found for delete ", "request_id": "req-c784c8ea-8325-476d-9c86-65e1536a52fe"}]}
2026-04-16 23:35:28.310 8 INFO neutron.services.segments.plugin [-] Segment 1f9ccbb7-6a1d-422b-a66e-0013a5fa17d0 resource provider not found; error: Placement Client Error (4xx): {"errors": [{"status": 404, "title": "Not Found", "detail": "The resource could not be found.\n\n No resource provider with uuid 1f9ccbb7-6a1d-422b-a66e-0013a5fa17d0 found for delete ", "request_id": "req-b9f3ce55-acba-4b92-a10f-7b89f4f38418"}]} [pid: 8|app: 0|req: 1022/1944] 10.0.0.115 () {32 vars in 725 bytes} [Thu Apr 16 23:35:27 2026] DELETE /v2.0/networks/958c6a59-94a9-4016-997f-84d6c4627a5a => generated 0 bytes in 353 msecs (HTTP/1.1 204) 3 headers in 131 bytes (1 switches on core 0)
2026-04-16 23:35:28.391 7 INFO neutron.plugins.ml2.drivers.ovn.mech_driver.ovsdb.commands [None req-0aead5de-7ec3-4fd3-a942-3f4650d4a544 - - - - - -] Schedule LRP lrp-b2ed81bb-69a8-4251-9771-1924ec9dc2e5 on gateway fce0dc7a-246f-4df6-8366-a12a5df28860 with priority 1
2026-04-16 23:35:28.432 8 INFO neutron.plugins.ml2.drivers.ovn.mech_driver.ovsdb.ovsdb_monitor [None req-c4e7e5b3-9f90-45b8-9963-068fdf9b3fef - - - - - -] Router 8135a205-2463-4ea9-9c96-85512db975e8 is bound to host instance
2026-04-16 23:35:28.434 7 INFO neutron.plugins.ml2.drivers.ovn.mech_driver.mech_driver [None req-7c8fffdc-58a6-4e9c-a169-a7505ccfe63a - - - - - -] OVN reports status up for port: b2ed81bb-69a8-4251-9771-1924ec9dc2e5
2026-04-16 23:35:28.466 7 INFO neutron.plugins.ml2.plugin [None req-7c8fffdc-58a6-4e9c-a169-a7505ccfe63a - - - - - -] Attempt 1 to provision port b2ed81bb-69a8-4251-9771-1924ec9dc2e5
2026-04-16 23:35:28.497 7 INFO neutron.db.ovn_revision_numbers_db [None req-2906c007-7506-482a-be8b-1995eeb40c2c 280e6ce0b4084a6c8d096dfe90d34741 c99c6bf5c71e4bfda3ff2d1710e81769 - - default default] Successfully bumped revision number for resource b2ed81bb-69a8-4251-9771-1924ec9dc2e5 (type: router_ports) to 1
2026-04-16 23:35:28.601 7 INFO neutron.db.ovn_revision_numbers_db [None req-2906c007-7506-482a-be8b-1995eeb40c2c 280e6ce0b4084a6c8d096dfe90d34741 c99c6bf5c71e4bfda3ff2d1710e81769 - - default default] Successfully bumped revision number for resource 8135a205-2463-4ea9-9c96-85512db975e8 (type: routers) to 2 [pid: 7|app: 0|req: 923/1945] 10.0.0.115 () {34 vars in 668 bytes} [Thu Apr 16 23:35:27 2026] POST /v2.0/routers => generated 965 bytes in 1425 msecs (HTTP/1.1 201) 4 headers in 162 bytes (1 switches on core 0) [pid: 7|app: 0|req: 924/1946] 10.0.0.141 () {34 vars in 989 bytes} [Thu Apr 16 23:35:28 2026] GET /v2.0/ports?device_id=0360eb6c-5a42-4b90-b706-9151749ca2b5 => generated 12 bytes in 25 msecs (HTTP/1.1 200) 4 headers in 156 bytes (1 switches on core 0)
2026-04-16 23:35:29.310 7 INFO neutron.db.ovn_revision_numbers_db [None req-d527aee6-00fb-4cf7-978d-466331301c1c 280e6ce0b4084a6c8d096dfe90d34741 c99c6bf5c71e4bfda3ff2d1710e81769 - - default default] Successfully bumped revision number for resource fd140e07-8080-4f00-85eb-46ba99a4f3a9 (type: security_groups) to 1
2026-04-16 23:35:29.324 7 INFO neutron.db.ovn_revision_numbers_db [None req-d527aee6-00fb-4cf7-978d-466331301c1c 280e6ce0b4084a6c8d096dfe90d34741 c99c6bf5c71e4bfda3ff2d1710e81769 - - default default] Successfully bumped revision number for resource 84f22df0-4365-49b8-8cfc-57f13b23a0b4 (type: security_group_rules) to 0
2026-04-16 23:35:29.335 7 INFO neutron.db.ovn_revision_numbers_db [None req-d527aee6-00fb-4cf7-978d-466331301c1c 280e6ce0b4084a6c8d096dfe90d34741 c99c6bf5c71e4bfda3ff2d1710e81769 - - default default] Successfully bumped revision number for resource 96e1733e-3c33-4c0b-aed0-14bcfb9d5af4 (type: security_group_rules) to 0
2026-04-16 23:35:29.347 7 INFO neutron.db.ovn_revision_numbers_db [None req-d527aee6-00fb-4cf7-978d-466331301c1c 280e6ce0b4084a6c8d096dfe90d34741 c99c6bf5c71e4bfda3ff2d1710e81769 - - default default] Successfully bumped revision number for resource 9afb1f18-95ac-4824-9b13-6dbccaa3ca9d (type: security_group_rules) to 0
2026-04-16 23:35:29.359 7 INFO neutron.db.ovn_revision_numbers_db [None req-d527aee6-00fb-4cf7-978d-466331301c1c 280e6ce0b4084a6c8d096dfe90d34741 c99c6bf5c71e4bfda3ff2d1710e81769 - - default default] Successfully bumped revision number for resource c489282e-091f-4c78-a399-0c851cee7b9e (type: security_group_rules) to 0 [pid: 7|app: 0|req: 925/1947] 10.0.0.115 () {32 vars in 773 bytes} [Thu Apr 16 23:35:28 2026] GET /v2.0/security-groups?tenant_id=4a62b46bd51941c9a7a066db7c66e8b1&name=default => generated 2925 bytes in 470 msecs (HTTP/1.1 200) 4 headers in 158 bytes (1 switches on core 0)
2026-04-16 23:35:29.707 7 INFO neutron.db.ovn_revision_numbers_db [None req-ceb24322-fba1-4cf0-990c-9f5517bb9c14 280e6ce0b4084a6c8d096dfe90d34741 c99c6bf5c71e4bfda3ff2d1710e81769 - - default default] Successfully bumped revision number for resource 339ad475-7294-4556-adcf-317c74ffd3a7 (type: security_groups) to 1
2026-04-16 23:35:29.724 7 INFO neutron.db.ovn_revision_numbers_db [None req-ceb24322-fba1-4cf0-990c-9f5517bb9c14 280e6ce0b4084a6c8d096dfe90d34741 c99c6bf5c71e4bfda3ff2d1710e81769 - - default default] Successfully bumped revision number for resource 09dabba8-58a8-4ae7-abab-3bdede2e5bb8 (type: security_group_rules) to 0
2026-04-16 23:35:29.739 7 INFO neutron.db.ovn_revision_numbers_db [None req-ceb24322-fba1-4cf0-990c-9f5517bb9c14 280e6ce0b4084a6c8d096dfe90d34741 c99c6bf5c71e4bfda3ff2d1710e81769 - - default default] Successfully bumped revision number for resource 101f85ad-611e-4d07-9a83-46eee9c29b71 (type: security_group_rules) to 0
2026-04-16 23:35:29.754 7 INFO neutron.db.ovn_revision_numbers_db [None req-ceb24322-fba1-4cf0-990c-9f5517bb9c14 280e6ce0b4084a6c8d096dfe90d34741 c99c6bf5c71e4bfda3ff2d1710e81769 - - default default] Successfully bumped revision number for resource 954cf800-a741-4b0c-8520-42cb84eab970 (type: security_group_rules) to 0
2026-04-16 23:35:29.764 7 INFO neutron.db.ovn_revision_numbers_db [None req-ceb24322-fba1-4cf0-990c-9f5517bb9c14 280e6ce0b4084a6c8d096dfe90d34741 c99c6bf5c71e4bfda3ff2d1710e81769 - - default default] Successfully bumped revision number for resource a9699a15-c03d-47a9-92ec-694e2e55a5ac (type: security_group_rules) to 0 [pid: 7|app: 0|req: 926/1948] 10.0.0.115 () {32 vars in 773 bytes} [Thu Apr 16 23:35:29 2026] GET /v2.0/security-groups?tenant_id=08e923b184334891a9d608f7b1cbe059&name=default => generated 2925 bytes in 398 msecs (HTTP/1.1 200) 4 headers in 158 bytes (1 switches on core 0)
2026-04-16 23:35:29.912 8 WARNING neutron.scheduler.dhcp_agent_scheduler [None req-734cd1b7-1b68-4c51-80f0-843a4c88e723 280e6ce0b4084a6c8d096dfe90d34741 c99c6bf5c71e4bfda3ff2d1710e81769 - - default default] No more DHCP agents
2026-04-16 23:35:29.918 8 WARNING neutron.api.rpc.agentnotifiers.dhcp_rpc_agent_api [None req-734cd1b7-1b68-4c51-80f0-843a4c88e723 280e6ce0b4084a6c8d096dfe90d34741 c99c6bf5c71e4bfda3ff2d1710e81769 - - default default] Unable to schedule network 2b0ed37a-52a5-4044-9f64-9974c0b2f34e: no agents available; will retry on subsequent port and subnet creation events. [pid: 7|app: 0|req: 927/1949] 10.0.0.115 () {32 vars in 739 bytes} [Thu Apr 16 23:35:29 2026] DELETE /v2.0/security-groups/fd140e07-8080-4f00-85eb-46ba99a4f3a9 => generated 0 bytes in 225 msecs (HTTP/1.1 204) 2 headers in 112 bytes (1 switches on core 0)
2026-04-16 23:35:30.151 8 INFO neutron.plugins.ml2.drivers.ovn.mech_driver.mech_driver [None req-202c3b0c-e70b-43e4-b0d3-7768a1e1da02 - - - - - -] OVN reports status down for port: 1a5c1591-6393-4f74-82f8-5714068a9258 [pid: 7|app: 0|req: 928/1950] 10.0.0.115 () {32 vars in 739 bytes} [Thu Apr 16 23:35:30 2026] DELETE /v2.0/security-groups/339ad475-7294-4556-adcf-317c74ffd3a7 => generated 0 bytes in 255 msecs (HTTP/1.1 204) 2 headers in 112 bytes (1 switches on core 0)
2026-04-16 23:35:30.293 8 INFO neutron.db.ovn_revision_numbers_db [None req-aa0c0fdc-394a-4248-8df6-7e192a4359ae - - - - - -] Successfully bumped revision number for resource b2ed81bb-69a8-4251-9771-1924ec9dc2e5 (type: ports) to 4 [pid: 7|app: 0|req: 929/1951] 10.0.0.115 () {32 vars in 773 bytes} [Thu Apr 16 23:35:30 2026] GET /v2.0/security-groups?tenant_id=9359acf37d0944ca82ee863fee0f2d0e&name=default => generated 2925 bytes in 23 msecs (HTTP/1.1 200) 4 headers in 158 bytes (1 switches on core 0)
2026-04-16 23:35:30.304 8 INFO neutron.db.ovn_revision_numbers_db [None req-734cd1b7-1b68-4c51-80f0-843a4c88e723 280e6ce0b4084a6c8d096dfe90d34741 c99c6bf5c71e4bfda3ff2d1710e81769 - - default default] Successfully bumped revision number for resource 1a5c1591-6393-4f74-82f8-5714068a9258 (type: ports) to 1 [pid: 7|app: 0|req: 930/1952] 10.0.0.115 () {32 vars in 739 bytes} [Thu Apr 16 23:35:30 2026] DELETE /v2.0/security-groups/bb82f4b8-49ba-4cb8-a499-e896bc90815c => generated 0 bytes in 235 msecs (HTTP/1.1 204) 2 headers in 112 bytes (1 switches on core 0)
2026-04-16 23:35:31.001 8 INFO neutron.db.ovn_revision_numbers_db [None req-aa0c0fdc-394a-4248-8df6-7e192a4359ae - - - - - -] Successfully bumped revision number for resource b2ed81bb-69a8-4251-9771-1924ec9dc2e5 (type: ports) to 5
2026-04-16 23:35:31.224 7 INFO neutron_taas.services.taas.taas_plugin [None req-81e5172c-3e0f-4df7-a764-a591ff4365d1 280e6ce0b4084a6c8d096dfe90d34741 c99c6bf5c71e4bfda3ff2d1710e81769 - - default default] TaaS: Handle Delete Port: a7cb349a-7326-4930-ac3e-71393a776b5f
2026-04-16 23:35:31.231 7 INFO neutron_taas.services.taas.tap_mirror_plugin [None req-81e5172c-3e0f-4df7-a764-a591ff4365d1 280e6ce0b4084a6c8d096dfe90d34741 c99c6bf5c71e4bfda3ff2d1710e81769 - - default default] Tap Mirror: Handle Delete Port: a7cb349a-7326-4930-ac3e-71393a776b5f
2026-04-16 23:35:31.317 8 INFO neutron.plugins.ml2.drivers.ovn.mech_driver.mech_driver [None req-202c3b0c-e70b-43e4-b0d3-7768a1e1da02 - - - - - -] OVN reports status up for port: 1a5c1591-6393-4f74-82f8-5714068a9258
2026-04-16 23:35:31.354 8 INFO neutron.plugins.ml2.plugin [None req-202c3b0c-e70b-43e4-b0d3-7768a1e1da02 - - - - - -] Attempt 1 to provision port 1a5c1591-6393-4f74-82f8-5714068a9258
2026-04-16 23:35:31.466 8 WARNING neutron.scheduler.dhcp_agent_scheduler [None req-734cd1b7-1b68-4c51-80f0-843a4c88e723 280e6ce0b4084a6c8d096dfe90d34741 c99c6bf5c71e4bfda3ff2d1710e81769 - - default default] No more DHCP agents
2026-04-16 23:35:31.471 8 WARNING neutron.api.rpc.agentnotifiers.dhcp_rpc_agent_api [None req-734cd1b7-1b68-4c51-80f0-843a4c88e723 280e6ce0b4084a6c8d096dfe90d34741 c99c6bf5c71e4bfda3ff2d1710e81769 - - default default] Unable to schedule network 2b0ed37a-52a5-4044-9f64-9974c0b2f34e: no agents available; will retry on subsequent port and subnet creation events. [pid: 7|app: 0|req: 931/1953] 10.0.0.115 () {34 vars in 788 bytes} [Thu Apr 16 23:35:30 2026] PUT /v2.0/routers/e63b89f6-9e93-46b8-ba43-402bce28b514/remove_router_interface => generated 309 bytes in 961 msecs (HTTP/1.1 200) 4 headers in 157 bytes (1 switches on core 0) /var/lib/openstack/lib/python3.12/site-packages/pycadf/identifier.py:70: UserWarning: Invalid uuid: neutron. To ensure interoperability, identifiers should be a valid uuid. warnings.warn(('Invalid uuid: %s. To ensure interoperability, '
2026-04-16 23:35:31.985 8 INFO neutron.db.ovn_revision_numbers_db [None req-202c3b0c-e70b-43e4-b0d3-7768a1e1da02 - - - - - -] Successfully bumped revision number for resource 1a5c1591-6393-4f74-82f8-5714068a9258 (type: ports) to 2
2026-04-16 23:35:32.227 8 INFO neutron.db.ovn_revision_numbers_db [None req-734cd1b7-1b68-4c51-80f0-843a4c88e723 280e6ce0b4084a6c8d096dfe90d34741 c99c6bf5c71e4bfda3ff2d1710e81769 - - default default] Successfully bumped revision number for resource 1a5c1591-6393-4f74-82f8-5714068a9258 (type: router_ports) to 1 [pid: 8|app: 0|req: 1023/1954] 10.0.0.115 () {34 vars in 782 bytes} [Thu Apr 16 23:35:28 2026] PUT /v2.0/routers/8135a205-2463-4ea9-9c96-85512db975e8/add_router_interface => generated 309 bytes in 3606 msecs (HTTP/1.1 200) 4 headers in 157 bytes (1 switches on core 0)
2026-04-16 23:35:32.233 7 INFO neutron_taas.services.taas.taas_plugin [None req-9d4b8ea5-5d3c-42f8-a37e-8a7f98d1e9fd 280e6ce0b4084a6c8d096dfe90d34741 c99c6bf5c71e4bfda3ff2d1710e81769 - - default default] TaaS: Handle Delete Port: 6ddce987-526c-4175-bf2c-c046f02210a3
2026-04-16 23:35:32.238 7 INFO neutron_taas.services.taas.tap_mirror_plugin [None req-9d4b8ea5-5d3c-42f8-a37e-8a7f98d1e9fd 280e6ce0b4084a6c8d096dfe90d34741 c99c6bf5c71e4bfda3ff2d1710e81769 - - default default] Tap Mirror: Handle Delete Port: 6ddce987-526c-4175-bf2c-c046f02210a3
2026-04-16 23:35:32.616 8 INFO neutron.db.ovn_revision_numbers_db [None req-c8736085-2b68-44f1-8df6-fcec4e9a1f33 8e5fe004259642979e92097799738313 cb6481a5cec548a5a799cd04fb3e5688 - - default default] Successfully bumped revision number for resource 49aa5fe2-317a-4cbe-a042-fe518aab0bcd (type: security_groups) to 1
2026-04-16 23:35:32.655 8 INFO neutron.db.ovn_revision_numbers_db [None req-c8736085-2b68-44f1-8df6-fcec4e9a1f33 8e5fe004259642979e92097799738313 cb6481a5cec548a5a799cd04fb3e5688 - - default default] Successfully bumped revision number for resource 10422835-9b71-4d6a-a763-ca15112545c8 (type: security_group_rules) to 0
2026-04-16 23:35:32.686 8 INFO neutron.db.ovn_revision_numbers_db [None req-c8736085-2b68-44f1-8df6-fcec4e9a1f33 8e5fe004259642979e92097799738313 cb6481a5cec548a5a799cd04fb3e5688 - - default default] Successfully bumped revision number for resource 157b4a05-1a3d-4d09-bf4c-53e2d7933ab4 (type: security_group_rules) to 0 [pid: 7|app: 0|req: 932/1955] 10.0.0.115 () {32 vars in 723 bytes} [Thu Apr 16 23:35:31 2026] DELETE /v2.0/routers/e63b89f6-9e93-46b8-ba43-402bce28b514 => generated 0 bytes in 819 msecs (HTTP/1.1 204) 2 headers in 112 bytes (1 switches on core 0)
2026-04-16 23:35:32.700 8 INFO neutron.db.ovn_revision_numbers_db [None req-c8736085-2b68-44f1-8df6-fcec4e9a1f33 8e5fe004259642979e92097799738313 cb6481a5cec548a5a799cd04fb3e5688 - - default default] Successfully bumped revision number for resource cc844dde-9371-4ed2-8157-d29fcaf7dab5 (type: security_group_rules) to 0
2026-04-16 23:35:32.715 8 INFO neutron.db.ovn_revision_numbers_db [None req-c8736085-2b68-44f1-8df6-fcec4e9a1f33 8e5fe004259642979e92097799738313 cb6481a5cec548a5a799cd04fb3e5688 - - default default] Successfully bumped revision number for resource f38b5dac-7877-4258-b20f-4b94834560a6 (type: security_group_rules) to 0
2026-04-16 23:35:32.782 8 INFO neutron.db.segments_db [None req-c8736085-2b68-44f1-8df6-fcec4e9a1f33 8e5fe004259642979e92097799738313 cb6481a5cec548a5a799cd04fb3e5688 - - default default] Added segment 3710dc6b-57a1-44e7-bdec-21542f46019f of type geneve for network 563d9113-d015-4d29-b6ad-866128effd0b [pid: 7|app: 0|req: 933/1956] 10.0.0.115 () {32 vars in 723 bytes} [Thu Apr 16 23:35:32 2026] DELETE /v2.0/subnets/2549f75a-bb5d-4eb9-83fa-75657f625c38 => generated 0 bytes in 168 msecs (HTTP/1.1 204) 3 headers in 131 bytes (1 switches on core 0)
2026-04-16 23:35:32.897 8 INFO neutron.db.ovn_revision_numbers_db [None req-c8736085-2b68-44f1-8df6-fcec4e9a1f33 8e5fe004259642979e92097799738313 cb6481a5cec548a5a799cd04fb3e5688 - - default default] Successfully bumped revision number for resource 563d9113-d015-4d29-b6ad-866128effd0b (type: networks) to 1
2026-04-16 23:35:32.992 7 INFO neutron_taas.services.taas.taas_plugin [None req-30454f3c-bce6-411f-a33a-529000a8191c 280e6ce0b4084a6c8d096dfe90d34741 c99c6bf5c71e4bfda3ff2d1710e81769 - - default default] TaaS: Handle Delete Port: 57c069ce-e4b6-4d96-9caf-ad2ed308dc45
2026-04-16 23:35:32.995 7 INFO neutron_taas.services.taas.tap_mirror_plugin [None req-30454f3c-bce6-411f-a33a-529000a8191c 280e6ce0b4084a6c8d096dfe90d34741 c99c6bf5c71e4bfda3ff2d1710e81769 - - default default] Tap Mirror: Handle Delete Port: 57c069ce-e4b6-4d96-9caf-ad2ed308dc45
2026-04-16 23:35:33.057 8 WARNING neutron.scheduler.dhcp_agent_scheduler [None req-c8736085-2b68-44f1-8df6-fcec4e9a1f33 8e5fe004259642979e92097799738313 cb6481a5cec548a5a799cd04fb3e5688 - - default default] No more DHCP agents
2026-04-16 23:35:33.059 8 WARNING neutron.api.rpc.agentnotifiers.dhcp_rpc_agent_api [None req-c8736085-2b68-44f1-8df6-fcec4e9a1f33 8e5fe004259642979e92097799738313 cb6481a5cec548a5a799cd04fb3e5688 - - default default] Unable to schedule network 563d9113-d015-4d29-b6ad-866128effd0b: no agents available; will retry on subsequent port and subnet creation events.
2026-04-16 23:35:33.143 7 INFO neutron.plugins.ml2.drivers.ovn.mech_driver.mech_driver [None req-7c8fffdc-58a6-4e9c-a169-a7505ccfe63a - - - - - -] OVN reports status down for port: a6b3d29d-6025-4868-8613-cccdfa13db7f
2026-04-16 23:35:33.160 8 INFO neutron.db.ovn_revision_numbers_db [None req-c8736085-2b68-44f1-8df6-fcec4e9a1f33 8e5fe004259642979e92097799738313 cb6481a5cec548a5a799cd04fb3e5688 - - default default] Successfully bumped revision number for resource a6b3d29d-6025-4868-8613-cccdfa13db7f (type: ports) to 1 [pid: 8|app: 0|req: 1024/1957] 10.0.0.115 () {34 vars in 669 bytes} [Thu Apr 16 23:35:32 2026] POST /v2.0/networks => generated 666 bytes in 961 msecs (HTTP/1.1 201) 4 headers in 162 bytes (1 switches on core 0)
2026-04-16 23:35:33.293 7 INFO neutron.services.segments.plugin [-] Segment 954124dd-ebc1-49f2-8323-96f434451430 resource provider aggregate not found
2026-04-16 23:35:33.296 7 INFO neutron.services.segments.plugin [-] Segment 954124dd-ebc1-49f2-8323-96f434451430 resource provider aggregate not found
2026-04-16 23:35:33.323 7 INFO neutron.services.segments.plugin [-] Segment 954124dd-ebc1-49f2-8323-96f434451430 resource provider not found; error: Placement Client Error (4xx): {"errors": [{"status": 404, "title": "Not Found", "detail": "The resource could not be found.\n\n No resource provider with uuid 954124dd-ebc1-49f2-8323-96f434451430 found for delete ", "request_id": "req-48fb24e5-4e80-49ae-b7d0-9dddbabe841d"}]}
2026-04-16 23:35:33.329 7 INFO neutron.services.segments.plugin [-] Segment 954124dd-ebc1-49f2-8323-96f434451430 resource provider not found; error: Placement Client Error (4xx): {"errors": [{"status": 404, "title": "Not Found", "detail": "The resource could not be found.\n\n No resource provider with uuid 954124dd-ebc1-49f2-8323-96f434451430 found for delete ", "request_id": "req-f09080df-2364-4005-a88a-8f9e5ea88a59"}]} [pid: 7|app: 0|req: 934/1958] 10.0.0.115 () {32 vars in 725 bytes} [Thu Apr 16 23:35:32 2026] DELETE /v2.0/networks/521d2d44-0409-441a-a021-58c052a48351 => generated 0 bytes in 471 msecs (HTTP/1.1 204) 3 headers in 131 bytes (1 switches on core 0)
2026-04-16 23:35:33.514 8 INFO neutron.db.ovn_revision_numbers_db [None req-235414fd-7854-4e6c-a80d-4126ec84a041 280e6ce0b4084a6c8d096dfe90d34741 c99c6bf5c71e4bfda3ff2d1710e81769 - - default default] Successfully bumped revision number for resource 2591eb56-f4fd-4606-a312-27c033f444ac (type: security_groups) to 1 [pid: 7|app: 0|req: 935/1959] 10.0.0.115 () {32 vars in 773 bytes} [Thu Apr 16 23:35:33 2026] GET /v2.0/security-groups?tenant_id=6598a24d303f464da1c6217a27b93a92&name=default => generated 2925 bytes in 41 msecs (HTTP/1.1 200) 4 headers in 158 bytes (1 switches on core 0)
2026-04-16 23:35:33.527 8 INFO neutron.db.ovn_revision_numbers_db [None req-235414fd-7854-4e6c-a80d-4126ec84a041 280e6ce0b4084a6c8d096dfe90d34741 c99c6bf5c71e4bfda3ff2d1710e81769 - - default default] Successfully bumped revision number for resource 00f02556-8ad3-4f56-b93f-a1b096559cc5 (type: security_group_rules) to 0
2026-04-16 23:35:33.540 8 INFO neutron.db.ovn_revision_numbers_db [None req-235414fd-7854-4e6c-a80d-4126ec84a041 280e6ce0b4084a6c8d096dfe90d34741 c99c6bf5c71e4bfda3ff2d1710e81769 - - default default] Successfully bumped revision number for resource 2864f248-fd1f-4a6c-9f17-6bf3f1b19b00 (type: security_group_rules) to 0
2026-04-16 23:35:33.553 8 INFO neutron.db.ovn_revision_numbers_db [None req-235414fd-7854-4e6c-a80d-4126ec84a041 280e6ce0b4084a6c8d096dfe90d34741 c99c6bf5c71e4bfda3ff2d1710e81769 - - default default] Successfully bumped revision number for resource a66e0059-3b7b-42f4-b2dd-f2c9b5ae7636 (type: security_group_rules) to 0
2026-04-16 23:35:33.564 8 INFO neutron.db.ovn_revision_numbers_db [None req-235414fd-7854-4e6c-a80d-4126ec84a041 280e6ce0b4084a6c8d096dfe90d34741 c99c6bf5c71e4bfda3ff2d1710e81769 - - default default] Successfully bumped revision number for resource cdbb9562-1cfa-4455-a46a-53876841aa03 (type: security_group_rules) to 0
2026-04-16 23:35:33.642 8 INFO neutron.db.segments_db [None req-235414fd-7854-4e6c-a80d-4126ec84a041 280e6ce0b4084a6c8d096dfe90d34741 c99c6bf5c71e4bfda3ff2d1710e81769 - - default default] Added segment e638123c-1694-44d3-9476-7ac29e4c1252 of type geneve for network c5fd1354-a3e6-4fbb-8d40-b86d76e5541f [pid: 7|app: 0|req: 936/1960] 10.0.0.115 () {32 vars in 739 bytes} [Thu Apr 16 23:35:33 2026] DELETE /v2.0/security-groups/f9e882a7-ecfa-4c60-85d9-c35d00f47656 => generated 0 bytes in 208 msecs (HTTP/1.1 204) 2 headers in 112 bytes (1 switches on core 0)
2026-04-16 23:35:33.771 8 INFO neutron.db.ovn_revision_numbers_db [None req-235414fd-7854-4e6c-a80d-4126ec84a041 280e6ce0b4084a6c8d096dfe90d34741 c99c6bf5c71e4bfda3ff2d1710e81769 - - default default] Successfully bumped revision number for resource c5fd1354-a3e6-4fbb-8d40-b86d76e5541f (type: networks) to 1
2026-04-16 23:35:33.897 7 WARNING neutron.scheduler.dhcp_agent_scheduler [None req-1f0d2302-3005-4a89-8eb1-6d10d136f255 8e5fe004259642979e92097799738313 cb6481a5cec548a5a799cd04fb3e5688 - - default default] No more DHCP agents
2026-04-16 23:35:33.898 7 WARNING neutron.api.rpc.agentnotifiers.dhcp_rpc_agent_api [None req-1f0d2302-3005-4a89-8eb1-6d10d136f255 8e5fe004259642979e92097799738313 cb6481a5cec548a5a799cd04fb3e5688 - - default default] Unable to schedule network 563d9113-d015-4d29-b6ad-866128effd0b: no agents available; will retry on subsequent port and subnet creation events.
2026-04-16 23:35:33.922 7 INFO neutron.db.ovn_revision_numbers_db [None req-1f0d2302-3005-4a89-8eb1-6d10d136f255 8e5fe004259642979e92097799738313 cb6481a5cec548a5a799cd04fb3e5688 - - default default] Successfully bumped revision number for resource 9da2d587-0771-4c04-a9d3-b02bf820fbd2 (type: subnets) to 0 [pid: 7|app: 0|req: 937/1961] 10.0.0.115 () {34 vars in 668 bytes} [Thu Apr 16 23:35:33 2026] POST /v2.0/subnets => generated 673 bytes in 210 msecs (HTTP/1.1 201) 4 headers in 162 bytes (1 switches on core 0)
2026-04-16 23:35:33.943 8 WARNING neutron.scheduler.dhcp_agent_scheduler [None req-235414fd-7854-4e6c-a80d-4126ec84a041 280e6ce0b4084a6c8d096dfe90d34741 c99c6bf5c71e4bfda3ff2d1710e81769 - - default default] No more DHCP agents
2026-04-16 23:35:33.946 8 WARNING neutron.api.rpc.agentnotifiers.dhcp_rpc_agent_api [None req-235414fd-7854-4e6c-a80d-4126ec84a041 280e6ce0b4084a6c8d096dfe90d34741 c99c6bf5c71e4bfda3ff2d1710e81769 - - default default] Unable to schedule network c5fd1354-a3e6-4fbb-8d40-b86d76e5541f: no agents available; will retry on subsequent port and subnet creation events.
2026-04-16 23:35:34.033 8 INFO neutron.db.ovn_revision_numbers_db [None req-235414fd-7854-4e6c-a80d-4126ec84a041 280e6ce0b4084a6c8d096dfe90d34741 c99c6bf5c71e4bfda3ff2d1710e81769 - - default default] Successfully bumped revision number for resource 97090d75-e408-4cf1-91ab-0e97a4a3485c (type: ports) to 1 [pid: 8|app: 0|req: 1025/1962] 10.0.0.115 () {34 vars in 670 bytes} [Thu Apr 16 23:35:33 2026] POST /v2.0/networks => generated 763 bytes in 697 msecs (HTTP/1.1 201) 4 headers in 162 bytes (1 switches on core 0)
2026-04-16 23:35:34.146 8 INFO neutron.db.segments_db [None req-fd0454bd-8c38-42a7-a0f1-0d4864969a55 8e5fe004259642979e92097799738313 cb6481a5cec548a5a799cd04fb3e5688 - - default default] Added segment f2301881-91cb-4940-850e-3677508ad9aa of type geneve for network 91e66597-8922-459c-a06c-ea3198e364c0
2026-04-16 23:35:34.266 8 INFO neutron.db.ovn_revision_numbers_db [None req-fd0454bd-8c38-42a7-a0f1-0d4864969a55 8e5fe004259642979e92097799738313 cb6481a5cec548a5a799cd04fb3e5688 - - default default] Successfully bumped revision number for resource 91e66597-8922-459c-a06c-ea3198e364c0 (type: networks) to 1
2026-04-16 23:35:34.287 7 INFO neutron.db.ovn_revision_numbers_db [None req-00368d70-ba78-4c50-96b8-61f48671a750 e1905687f5c2467d9210bb60bb976368 9e84907b6efc42a1857df75841cda1db - - default default] Successfully bumped revision number for resource 8952895e-c5eb-485d-82fc-51c3f3624295 (type: security_groups) to 1
2026-04-16 23:35:34.298 7 INFO neutron.db.ovn_revision_numbers_db [None req-00368d70-ba78-4c50-96b8-61f48671a750 e1905687f5c2467d9210bb60bb976368 9e84907b6efc42a1857df75841cda1db - - default default] Successfully bumped revision number for resource 62a3b182-60aa-4439-b0a7-7e3a991d713a (type: security_group_rules) to 0
2026-04-16 23:35:34.309 7 INFO neutron.db.ovn_revision_numbers_db [None req-00368d70-ba78-4c50-96b8-61f48671a750 e1905687f5c2467d9210bb60bb976368 9e84907b6efc42a1857df75841cda1db - - default default] Successfully bumped revision number for resource 89d9a6c5-e2e6-444c-aae3-f26308dd35b5 (type: security_group_rules) to 0
2026-04-16 23:35:34.322 7 INFO neutron.db.ovn_revision_numbers_db [None req-00368d70-ba78-4c50-96b8-61f48671a750 e1905687f5c2467d9210bb60bb976368 9e84907b6efc42a1857df75841cda1db - - default default] Successfully bumped revision number for resource 9e2577e5-d0b6-4dc1-8923-28277e2ee7ef (type: security_group_rules) to 0
2026-04-16 23:35:34.333 7 INFO neutron.db.ovn_revision_numbers_db [None req-00368d70-ba78-4c50-96b8-61f48671a750 e1905687f5c2467d9210bb60bb976368 9e84907b6efc42a1857df75841cda1db - - default default] Successfully bumped revision number for resource b8904ded-2ec5-4785-bb6e-d3edb4c90332 (type: security_group_rules) to 0
2026-04-16 23:35:34.413 7 INFO neutron.db.segments_db [None req-00368d70-ba78-4c50-96b8-61f48671a750 e1905687f5c2467d9210bb60bb976368 9e84907b6efc42a1857df75841cda1db - - default default] Added segment b93752bd-b94e-4d7d-9500-5d534a8c1d0e of type geneve for network 46945e51-31d9-41e4-b7b0-512ce5742526
2026-04-16 23:35:34.441 8 WARNING neutron.scheduler.dhcp_agent_scheduler [None req-fd0454bd-8c38-42a7-a0f1-0d4864969a55 8e5fe004259642979e92097799738313 cb6481a5cec548a5a799cd04fb3e5688 - - default default] No more DHCP agents
2026-04-16 23:35:34.445 8 WARNING neutron.api.rpc.agentnotifiers.dhcp_rpc_agent_api [None req-fd0454bd-8c38-42a7-a0f1-0d4864969a55 8e5fe004259642979e92097799738313 cb6481a5cec548a5a799cd04fb3e5688 - - default default] Unable to schedule network 91e66597-8922-459c-a06c-ea3198e364c0: no agents available; will retry on subsequent port and subnet creation events.
2026-04-16 23:35:34.523 7 INFO neutron.plugins.ml2.drivers.ovn.mech_driver.mech_driver [None req-7c8fffdc-58a6-4e9c-a169-a7505ccfe63a - - - - - -] OVN reports status down for port: 8ec8bc0f-3c59-4ef6-a9e1-f582b8ad5fb5
2026-04-16 23:35:34.548 8 INFO neutron.db.ovn_revision_numbers_db [None req-fd0454bd-8c38-42a7-a0f1-0d4864969a55 8e5fe004259642979e92097799738313 cb6481a5cec548a5a799cd04fb3e5688 - - default default] Successfully bumped revision number for resource 8ec8bc0f-3c59-4ef6-a9e1-f582b8ad5fb5 (type: ports) to 1
2026-04-16 23:35:34.574 7 INFO neutron.db.ovn_revision_numbers_db [None req-00368d70-ba78-4c50-96b8-61f48671a750 e1905687f5c2467d9210bb60bb976368 9e84907b6efc42a1857df75841cda1db - - default default] Successfully bumped revision number for resource 46945e51-31d9-41e4-b7b0-512ce5742526 (type: networks) to 1 [pid: 8|app: 0|req: 1026/1963] 10.0.0.115 () {34 vars in 669 bytes} [Thu Apr 16 23:35:34 2026] POST /v2.0/networks => generated 665 bytes in 516 msecs (HTTP/1.1 201) 4 headers in 162 bytes (1 switches on core 0)
2026-04-16 23:35:34.685 8 WARNING neutron.scheduler.dhcp_agent_scheduler [None req-deb75575-6523-4abb-bda1-d6fbb9955a88 280e6ce0b4084a6c8d096dfe90d34741 c99c6bf5c71e4bfda3ff2d1710e81769 - - default default] No more DHCP agents
2026-04-16 23:35:34.686 8 WARNING neutron.api.rpc.agentnotifiers.dhcp_rpc_agent_api [None req-deb75575-6523-4abb-bda1-d6fbb9955a88 280e6ce0b4084a6c8d096dfe90d34741 c99c6bf5c71e4bfda3ff2d1710e81769 - - default default] Unable to schedule network c5fd1354-a3e6-4fbb-8d40-b86d76e5541f: no agents available; will retry on subsequent port and subnet creation events.
2026-04-16 23:35:34.771 7 WARNING neutron.scheduler.dhcp_agent_scheduler [None req-00368d70-ba78-4c50-96b8-61f48671a750 e1905687f5c2467d9210bb60bb976368 9e84907b6efc42a1857df75841cda1db - - default default] No more DHCP agents
2026-04-16 23:35:34.773 7 WARNING neutron.api.rpc.agentnotifiers.dhcp_rpc_agent_api [None req-00368d70-ba78-4c50-96b8-61f48671a750 e1905687f5c2467d9210bb60bb976368 9e84907b6efc42a1857df75841cda1db - - default default] Unable to schedule network 46945e51-31d9-41e4-b7b0-512ce5742526: no agents available; will retry on subsequent port and subnet creation events.
2026-04-16 23:35:34.858 7 INFO neutron.db.ovn_revision_numbers_db [None req-00368d70-ba78-4c50-96b8-61f48671a750 e1905687f5c2467d9210bb60bb976368 9e84907b6efc42a1857df75841cda1db - - default default] Successfully bumped revision number for resource eda916af-180d-4b51-85f0-7551e6ec9691 (type: ports) to 1 [pid: 7|app: 0|req: 938/1964] 10.0.0.115 () {34 vars in 669 bytes} [Thu Apr 16 23:35:33 2026] POST /v2.0/networks => generated 651 bytes in 943 msecs (HTTP/1.1 201) 4 headers in 162 bytes (1 switches on core 0)
2026-04-16 23:35:35.019 7 INFO neutron.db.ovn_revision_numbers_db [None req-70bc57a7-57dc-4a00-a3da-c14073a49a64 8e5fe004259642979e92097799738313 cb6481a5cec548a5a799cd04fb3e5688 - - default default] Successfully bumped revision number for resource 91e66597-8922-459c-a06c-ea3198e364c0 (type: networks) to 2 [pid: 7|app: 0|req: 939/1965] 10.0.0.115 () {34 vars in 742 bytes} [Thu Apr 16 23:35:34 2026] PUT /v2.0/networks/91e66597-8922-459c-a06c-ea3198e364c0 => generated 636 bytes in 141 msecs (HTTP/1.1 200) 4 headers in 157 bytes (1 switches on core 0)
2026-04-16 23:35:35.139 8 INFO neutron.db.ovn_revision_numbers_db [None req-6737c735-6956-4bfd-8f52-685151cd7a4c - - - - - -] Successfully bumped revision number for resource 97090d75-e408-4cf1-91ab-0e97a4a3485c (type: ports) to 2
2026-04-16 23:35:35.163 8 INFO neutron.db.ovn_revision_numbers_db [None req-6737c735-6956-4bfd-8f52-685151cd7a4c - - - - - -] Successfully bumped revision number for resource ae876fac-ab95-4706-9b03-275f6518185e (type: subnets) to 0 [pid: 8|app: 0|req: 1027/1966] 10.0.0.115 () {34 vars in 668 bytes} [Thu Apr 16 23:35:34 2026] POST /v2.0/subnets => generated 688 bytes in 602 msecs (HTTP/1.1 201) 4 headers in 162 bytes (1 switches on core 0)
2026-04-16 23:35:35.216 7 WARNING neutron.scheduler.dhcp_agent_scheduler [None req-184d05e1-3871-4c0e-807c-2fdd51ddfd9f e1905687f5c2467d9210bb60bb976368 9e84907b6efc42a1857df75841cda1db - - default default] No more DHCP agents
2026-04-16 23:35:35.217 7 WARNING neutron.api.rpc.agentnotifiers.dhcp_rpc_agent_api [None req-184d05e1-3871-4c0e-807c-2fdd51ddfd9f e1905687f5c2467d9210bb60bb976368 9e84907b6efc42a1857df75841cda1db - - default default] Unable to schedule network 46945e51-31d9-41e4-b7b0-512ce5742526: no agents available; will retry on subsequent port and subnet creation events.
2026-04-16 23:35:35.278 7 INFO neutron.plugins.ml2.drivers.ovn.mech_driver.mech_driver [None req-7c8fffdc-58a6-4e9c-a169-a7505ccfe63a - - - - - -] OVN reports status down for port: 830f2220-1c29-4ea4-a94c-4f3d58250e44
2026-04-16 23:35:35.337 7 INFO neutron.db.ovn_revision_numbers_db [None req-184d05e1-3871-4c0e-807c-2fdd51ddfd9f e1905687f5c2467d9210bb60bb976368 9e84907b6efc42a1857df75841cda1db - - default default] Successfully bumped revision number for resource 830f2220-1c29-4ea4-a94c-4f3d58250e44 (type: ports) to 1
2026-04-16 23:35:35.359 8 WARNING neutron.scheduler.dhcp_agent_scheduler [None req-2f087986-7f17-4d95-a133-b3e128190a74 8e5fe004259642979e92097799738313 cb6481a5cec548a5a799cd04fb3e5688 - - default default] No more DHCP agents
2026-04-16 23:35:35.360 8 WARNING neutron.api.rpc.agentnotifiers.dhcp_rpc_agent_api [None req-2f087986-7f17-4d95-a133-b3e128190a74 8e5fe004259642979e92097799738313 cb6481a5cec548a5a799cd04fb3e5688 - - default default] Unable to schedule network 91e66597-8922-459c-a06c-ea3198e364c0: no agents available; will retry on subsequent port and subnet creation events.
2026-04-16 23:35:35.389 8 INFO neutron.db.ovn_revision_numbers_db [None req-2f087986-7f17-4d95-a133-b3e128190a74 8e5fe004259642979e92097799738313 cb6481a5cec548a5a799cd04fb3e5688 - - default default] Successfully bumped revision number for resource 9d51b703-68e6-4a17-9a0f-658194627cc5 (type: subnets) to 0 [pid: 8|app: 0|req: 1028/1967] 10.0.0.115 () {34 vars in 668 bytes} [Thu Apr 16 23:35:35 2026] POST /v2.0/subnets => generated 646 bytes in 227 msecs (HTTP/1.1 201) 4 headers in 162 bytes (1 switches on core 0) [pid: 7|app: 0|req: 940/1968] 10.0.0.115 () {34 vars in 663 bytes} [Thu Apr 16 23:35:35 2026] POST /v2.0/ports => generated 743 bytes in 391 msecs (HTTP/1.1 201) 4 headers in 162 bytes (1 switches on core 0) /var/lib/openstack/lib/python3.12/site-packages/pycadf/identifier.py:70: UserWarning: Invalid uuid: neutron. To ensure interoperability, identifiers should be a valid uuid. warnings.warn(('Invalid uuid: %s. To ensure interoperability, '
2026-04-16 23:35:35.811 8 WARNING neutron.scheduler.dhcp_agent_scheduler [None req-b3713685-ecaf-4c93-b11d-69d4c3e8db68 280e6ce0b4084a6c8d096dfe90d34741 c99c6bf5c71e4bfda3ff2d1710e81769 - - default default] No more DHCP agents
2026-04-16 23:35:35.812 8 WARNING neutron.api.rpc.agentnotifiers.dhcp_rpc_agent_api [None req-b3713685-ecaf-4c93-b11d-69d4c3e8db68 280e6ce0b4084a6c8d096dfe90d34741 c99c6bf5c71e4bfda3ff2d1710e81769 - - default default] Unable to schedule network 22db0b5c-fc87-4fc0-b22c-2895190add43: no agents available; will retry on subsequent port and subnet creation events.
2026-04-16 23:35:35.972 8 INFO neutron.db.ovn_revision_numbers_db [None req-b3713685-ecaf-4c93-b11d-69d4c3e8db68 280e6ce0b4084a6c8d096dfe90d34741 c99c6bf5c71e4bfda3ff2d1710e81769 - - default default] Successfully bumped revision number for resource 778cf45f-ee08-4dc9-b2cb-f32426e4d14e (type: ports) to 1
2026-04-16 23:35:35.982 7 INFO neutron.db.ovn_revision_numbers_db [None req-cfaa53fe-4984-4bba-80a5-856362f9aee6 - - - - - -] Successfully bumped revision number for resource 8ec8bc0f-3c59-4ef6-a9e1-f582b8ad5fb5 (type: ports) to 2
2026-04-16 23:35:36.021 7 INFO neutron.db.ovn_revision_numbers_db [None req-cfaa53fe-4984-4bba-80a5-856362f9aee6 - - - - - -] Successfully bumped revision number for resource 9d51b703-68e6-4a17-9a0f-658194627cc5 (type: subnets) to 1 [pid: 7|app: 0|req: 941/1969] 10.0.0.115 () {34 vars in 740 bytes} [Thu Apr 16 23:35:35 2026] PUT /v2.0/subnets/9d51b703-68e6-4a17-9a0f-658194627cc5 => generated 656 bytes in 609 msecs (HTTP/1.1 200) 4 headers in 157 bytes (1 switches on core 0) [pid: 7|app: 0|req: 942/1970] 10.0.0.115 () {34 vars in 746 bytes} [Thu Apr 16 23:35:36 2026] PUT /v2.0/ports/830f2220-1c29-4ea4-a94c-4f3d58250e44/tags => generated 25 bytes in 63 msecs (HTTP/1.1 200) 4 headers in 156 bytes (1 switches on core 0) /var/lib/openstack/lib/python3.12/site-packages/pycadf/identifier.py:70: UserWarning: Invalid uuid: neutron. To ensure interoperability, identifiers should be a valid uuid. warnings.warn(('Invalid uuid: %s. To ensure interoperability, '
2026-04-16 23:35:36.231 7 INFO neutron_taas.services.taas.taas_plugin [None req-43a0c8a9-aca8-4b7d-b7cf-8bba9d2035c1 8e5fe004259642979e92097799738313 cb6481a5cec548a5a799cd04fb3e5688 - - default default] TaaS: Handle Delete Port: 8ec8bc0f-3c59-4ef6-a9e1-f582b8ad5fb5
2026-04-16 23:35:36.234 7 INFO neutron_taas.services.taas.tap_mirror_plugin [None req-43a0c8a9-aca8-4b7d-b7cf-8bba9d2035c1 8e5fe004259642979e92097799738313 cb6481a5cec548a5a799cd04fb3e5688 - - default default] Tap Mirror: Handle Delete Port: 8ec8bc0f-3c59-4ef6-a9e1-f582b8ad5fb5
2026-04-16 23:35:36.524 7 INFO neutron.services.segments.plugin [-] Segment f2301881-91cb-4940-850e-3677508ad9aa resource provider aggregate not found
2026-04-16 23:35:36.530 7 INFO neutron.services.segments.plugin [-] Segment f2301881-91cb-4940-850e-3677508ad9aa resource provider aggregate not found
2026-04-16 23:35:36.538 8 INFO neutron.plugins.ml2.drivers.ovn.mech_driver.ovsdb.commands [None req-6144fc0e-1301-4a84-ab75-8ef4654e5fdf - - - - - -] Schedule LRP lrp-778cf45f-ee08-4dc9-b2cb-f32426e4d14e on gateway fce0dc7a-246f-4df6-8366-a12a5df28860 with priority 1
2026-04-16 23:35:36.558 7 INFO neutron.services.segments.plugin [-] Segment f2301881-91cb-4940-850e-3677508ad9aa resource provider not found; error: Placement Client Error (4xx): {"errors": [{"status": 404, "title": "Not Found", "detail": "The resource could not be found.\n\n No resource provider with uuid f2301881-91cb-4940-850e-3677508ad9aa found for delete ", "request_id": "req-09082bdd-2ee7-4391-acc8-4d1236e686aa"}]}
2026-04-16 23:35:36.568 7 INFO neutron.services.segments.plugin [-] Segment f2301881-91cb-4940-850e-3677508ad9aa resource provider not found; error: Placement Client Error (4xx): {"errors": [{"status": 404, "title": "Not Found", "detail": "The resource could not be found.\n\n No resource provider with uuid f2301881-91cb-4940-850e-3677508ad9aa found for delete ", "request_id": "req-589720af-4d68-4b11-80d6-b79a0db01cdd"}]}
2026-04-16 23:35:36.594 8 INFO neutron.plugins.ml2.drivers.ovn.mech_driver.ovsdb.ovsdb_monitor [None req-aa0c0fdc-394a-4248-8df6-7e192a4359ae - - - - - -] Router b935cacd-995e-419e-8dbf-a6e6f2059dad is bound to host instance [pid: 7|app: 0|req: 943/1971] 10.0.0.115 () {32 vars in 725 bytes} [Thu Apr 16 23:35:36 2026] DELETE /v2.0/networks/91e66597-8922-459c-a06c-ea3198e364c0 => generated 0 bytes in 527 msecs (HTTP/1.1 204) 3 headers in 131 bytes (1 switches on core 0) [pid: 7|app: 0|req: 944/1972] 10.0.0.115 () {32 vars in 726 bytes} [Thu Apr 16 23:35:36 2026] GET /v2.0/ports/830f2220-1c29-4ea4-a94c-4f3d58250e44/tags => generated 25 bytes in 42 msecs (HTTP/1.1 200) 4 headers in 156 bytes (1 switches on core 0) /var/lib/openstack/lib/python3.12/site-packages/pycadf/identifier.py:70: UserWarning: Invalid uuid: neutron. To ensure interoperability, identifiers should be a valid uuid. warnings.warn(('Invalid uuid: %s. To ensure interoperability, '
2026-04-16 23:35:36.665 8 INFO neutron.db.ovn_revision_numbers_db [None req-b3713685-ecaf-4c93-b11d-69d4c3e8db68 280e6ce0b4084a6c8d096dfe90d34741 c99c6bf5c71e4bfda3ff2d1710e81769 - - default default] Successfully bumped revision number for resource 778cf45f-ee08-4dc9-b2cb-f32426e4d14e (type: router_ports) to 1
2026-04-16 23:35:36.670 7 INFO neutron.pecan_wsgi.hooks.translation [None req-57d17895-7a91-44b8-90fa-2a0e2011bcff 8e5fe004259642979e92097799738313 cb6481a5cec548a5a799cd04fb3e5688 - - default default] DELETE failed (client error): The resource could not be found. [pid: 7|app: 0|req: 945/1973] 10.0.0.115 () {32 vars in 725 bytes} [Thu Apr 16 23:35:36 2026] DELETE /v2.0/networks/91e66597-8922-459c-a06c-ea3198e364c0 => generated 138 bytes in 12 msecs (HTTP/1.1 404) 4 headers in 164 bytes (1 switches on core 0) [pid: 7|app: 0|req: 946/1974] 10.0.0.115 () {34 vars in 757 bytes} [Thu Apr 16 23:35:36 2026] PUT /v2.0/ports/830f2220-1c29-4ea4-a94c-4f3d58250e44/tags/green => generated 4 bytes in 70 msecs (HTTP/1.1 201) 4 headers in 160 bytes (1 switches on core 0) /var/lib/openstack/lib/python3.12/site-packages/pycadf/identifier.py:70: UserWarning: Invalid uuid: neutron. To ensure interoperability, identifiers should be a valid uuid. warnings.warn(('Invalid uuid: %s. To ensure interoperability, '
2026-04-16 23:35:36.787 8 INFO neutron.db.ovn_revision_numbers_db [None req-b3713685-ecaf-4c93-b11d-69d4c3e8db68 280e6ce0b4084a6c8d096dfe90d34741 c99c6bf5c71e4bfda3ff2d1710e81769 - - default default] Successfully bumped revision number for resource b935cacd-995e-419e-8dbf-a6e6f2059dad (type: routers) to 2 [pid: 7|app: 0|req: 947/1975] 10.0.0.115 () {32 vars in 693 bytes} [Thu Apr 16 23:35:36 2026] GET /v2.0/networks?router%3Aexternal=True => generated 689 bytes in 49 msecs (HTTP/1.1 200) 4 headers in 157 bytes (1 switches on core 0) [pid: 8|app: 0|req: 1029/1976] 10.0.0.115 () {34 vars in 668 bytes} [Thu Apr 16 23:35:35 2026] POST /v2.0/routers => generated 966 bytes in 1412 msecs (HTTP/1.1 201) 4 headers in 162 bytes (1 switches on core 0) [pid: 7|app: 0|req: 948/1977] 10.0.0.115 () {32 vars in 726 bytes} [Thu Apr 16 23:35:36 2026] GET /v2.0/ports/830f2220-1c29-4ea4-a94c-4f3d58250e44/tags => generated 34 bytes in 47 msecs (HTTP/1.1 200) 4 headers in 156 bytes (1 switches on core 0) /var/lib/openstack/lib/python3.12/site-packages/pycadf/identifier.py:70: UserWarning: Invalid uuid: neutron. To ensure interoperability, identifiers should be a valid uuid. warnings.warn(('Invalid uuid: %s. To ensure interoperability, ' [pid: 8|app: 0|req: 1030/1978] 10.0.0.115 () {32 vars in 741 bytes} [Thu Apr 16 23:35:36 2026] GET /v2.0/subnets?network_id=22db0b5c-fc87-4fc0-b22c-2895190add43 => generated 649 bytes in 54 msecs (HTTP/1.1 200) 4 headers in 157 bytes (1 switches on core 0) [pid: 8|app: 0|req: 1031/1979] 10.0.0.115 () {34 vars in 753 bytes} [Thu Apr 16 23:35:36 2026] PUT /v2.0/ports/830f2220-1c29-4ea4-a94c-4f3d58250e44/tags/red => generated 4 bytes in 135 msecs (HTTP/1.1 201) 4 headers in 160 bytes (1 switches on core 0) /var/lib/openstack/lib/python3.12/site-packages/pycadf/identifier.py:70: UserWarning: Invalid uuid: neutron. To ensure interoperability, identifiers should be a valid uuid. warnings.warn(('Invalid uuid: %s. To ensure interoperability, ' [pid: 8|app: 0|req: 1032/1980] 10.0.0.115 () {32 vars in 652 bytes} [Thu Apr 16 23:35:37 2026] GET /v2.0/extensions => generated 20541 bytes in 18 msecs (HTTP/1.1 200) 4 headers in 159 bytes (1 switches on core 0) [pid: 8|app: 0|req: 1033/1981] 10.0.0.124 () {32 vars in 801 bytes} [Thu Apr 16 23:35:37 2026] GET /v2.0/extensions => generated 20541 bytes in 108 msecs (HTTP/1.1 200) 4 headers in 159 bytes (1 switches on core 0)
2026-04-16 23:35:37.155 8 WARNING neutron.plugins.ml2.drivers.ovn.mech_driver.ovsdb.ovn_client [None req-a29390ec-de59-4361-9d7b-cd5d99f0faf9 - - - - - -] No hosting information found for port 1a5c1591-6393-4f74-82f8-5714068a9258: RuntimeError: No hosting information found for port 1a5c1591-6393-4f74-82f8-5714068a9258
2026-04-16 23:35:37.225 7 WARNING neutron.scheduler.dhcp_agent_scheduler [None req-7d8ee2d1-6d92-4f69-85dc-de60498aa20a 280e6ce0b4084a6c8d096dfe90d34741 c99c6bf5c71e4bfda3ff2d1710e81769 - - default default] No more DHCP agents
2026-04-16 23:35:37.226 7 WARNING neutron.api.rpc.agentnotifiers.dhcp_rpc_agent_api [None req-7d8ee2d1-6d92-4f69-85dc-de60498aa20a 280e6ce0b4084a6c8d096dfe90d34741 c99c6bf5c71e4bfda3ff2d1710e81769 - - default default] Unable to schedule network c5fd1354-a3e6-4fbb-8d40-b86d76e5541f: no agents available; will retry on subsequent port and subnet creation events. [pid: 8|app: 0|req: 1034/1982] 10.0.0.115 () {32 vars in 726 bytes} [Thu Apr 16 23:35:37 2026] GET /v2.0/ports/830f2220-1c29-4ea4-a94c-4f3d58250e44/tags => generated 34 bytes in 199 msecs (HTTP/1.1 200) 4 headers in 156 bytes (1 switches on core 0) /var/lib/openstack/lib/python3.12/site-packages/pycadf/identifier.py:70: UserWarning: Invalid uuid: neutron. To ensure interoperability, identifiers should be a valid uuid. warnings.warn(('Invalid uuid: %s. To ensure interoperability, '
2026-04-16 23:35:37.357 7 INFO neutron.db.ovn_revision_numbers_db [None req-7d8ee2d1-6d92-4f69-85dc-de60498aa20a 280e6ce0b4084a6c8d096dfe90d34741 c99c6bf5c71e4bfda3ff2d1710e81769 - - default default] Successfully bumped revision number for resource 5eb8b7a7-e002-4259-887c-5ac498c0417f (type: ports) to 1
2026-04-16 23:35:37.395 8 INFO neutron.db.ovn_revision_numbers_db [None req-a29390ec-de59-4361-9d7b-cd5d99f0faf9 - - - - - -] Successfully bumped revision number for resource 1a5c1591-6393-4f74-82f8-5714068a9258 (type: router_ports) to 2
2026-04-16 23:35:37.396 8 INFO neutron.plugins.ml2.drivers.ovn.mech_driver.mech_driver [None req-a29390ec-de59-4361-9d7b-cd5d99f0faf9 - - - - - -] OVN reports status down for port: 97090d75-e408-4cf1-91ab-0e97a4a3485c [pid: 8|app: 0|req: 1035/1983] 10.0.0.115 () {32 vars in 648 bytes} [Thu Apr 16 23:35:37 2026] GET /v2.0/networks => generated 1388 bytes in 152 msecs (HTTP/1.1 200) 4 headers in 158 bytes (1 switches on core 0)
2026-04-16 23:35:37.579 8 INFO neutron.plugins.ml2.drivers.ovn.mech_driver.mech_driver [None req-a29390ec-de59-4361-9d7b-cd5d99f0faf9 - - - - - -] OVN reports status down for port: eda916af-180d-4b51-85f0-7551e6ec9691
2026-04-16 23:35:37.749 8 INFO neutron.plugins.ml2.drivers.ovn.mech_driver.mech_driver [None req-a29390ec-de59-4361-9d7b-cd5d99f0faf9 - - - - - -] OVN reports status down for port: 778cf45f-ee08-4dc9-b2cb-f32426e4d14e [pid: 8|app: 0|req: 1036/1984] 10.0.0.124 () {30 vars in 723 bytes} [Thu Apr 16 23:35:37 2026] GET /v2.0/quotas/5274f46fa81d455e8e034d538b937089/details => generated 847 bytes in 346 msecs (HTTP/1.1 200) 4 headers in 157 bytes (1 switches on core 0)
2026-04-16 23:35:37.960 7 WARNING neutron.scheduler.dhcp_agent_scheduler [None req-7d8ee2d1-6d92-4f69-85dc-de60498aa20a 280e6ce0b4084a6c8d096dfe90d34741 c99c6bf5c71e4bfda3ff2d1710e81769 - - default default] No more DHCP agents
2026-04-16 23:35:37.960 8 WARNING neutron.plugins.ml2.drivers.ovn.mech_driver.ovsdb.ovn_client [None req-a29390ec-de59-4361-9d7b-cd5d99f0faf9 - - - - - -] Logical_Switch_Port %s host information not removed, the port state is up
2026-04-16 23:35:37.961 7 WARNING neutron.api.rpc.agentnotifiers.dhcp_rpc_agent_api [None req-7d8ee2d1-6d92-4f69-85dc-de60498aa20a 280e6ce0b4084a6c8d096dfe90d34741 c99c6bf5c71e4bfda3ff2d1710e81769 - - default default] Unable to schedule network c5fd1354-a3e6-4fbb-8d40-b86d76e5541f: no agents available; will retry on subsequent port and subnet creation events.
2026-04-16 23:35:37.963 8 INFO neutron.plugins.ml2.drivers.ovn.mech_driver.mech_driver [None req-a29390ec-de59-4361-9d7b-cd5d99f0faf9 - - - - - -] OVN reports status up for port: 778cf45f-ee08-4dc9-b2cb-f32426e4d14e
2026-04-16 23:35:37.999 8 INFO neutron.plugins.ml2.plugin [None req-a29390ec-de59-4361-9d7b-cd5d99f0faf9 - - - - - -] Attempt 1 to provision port 778cf45f-ee08-4dc9-b2cb-f32426e4d14e [pid: 8|app: 0|req: 1037/1985] 10.0.0.115 () {34 vars in 775 bytes} [Thu Apr 16 23:35:37 2026] PUT /v2.0/ports/830f2220-1c29-4ea4-a94c-4f3d58250e44/tags/black.or.white => generated 4 bytes in 252 msecs (HTTP/1.1 201) 4 headers in 160 bytes (1 switches on core 0) /var/lib/openstack/lib/python3.12/site-packages/pycadf/identifier.py:70: UserWarning: Invalid uuid: neutron. To ensure interoperability, identifiers should be a valid uuid. warnings.warn(('Invalid uuid: %s. To ensure interoperability, ' [pid: 8|app: 0|req: 1038/1986] 10.0.0.115 () {32 vars in 646 bytes} [Thu Apr 16 23:35:38 2026] GET /v2.0/subnets => generated 1312 bytes in 75 msecs (HTTP/1.1 200) 4 headers in 158 bytes (1 switches on core 0)
