2026-04-16 23:34:29.087 7 INFO neutron.db.ovn_revision_numbers_db [None req-a0466371-3968-4b2e-82b5-37463aa9e491 69bfec67fb1e450da3f2dc616ba762f0 e39b6cbec51541e6a8bda44033930b8e - - default default] Successfully bumped revision number for resource 7fce466d-2fe1-4763-89b9-f90d8667f329 (type: ports) to 1 [pid: 7|app: 0|req: 731/1519] 10.0.0.115 () {34 vars in 669 bytes} [Thu Apr 16 23:34:28 2026] POST /v2.0/networks => generated 651 bytes in 722 msecs (HTTP/1.1 201) 4 headers in 162 bytes (1 switches on core 0) [pid: 7|app: 0|req: 732/1520] 199.204.45.240 () {34 vars in 985 bytes} [Thu Apr 16 23:34:29 2026] GET /v2.0/networks?id=030151ab-4ff6-4e43-a059-f98aafe7a6b9 => generated 797 bytes in 42 msecs (HTTP/1.1 200) 4 headers in 157 bytes (1 switches on core 0) [pid: 8|app: 0|req: 789/1521] 10.0.0.115 () {32 vars in 723 bytes} [Thu Apr 16 23:34:28 2026] DELETE /v2.0/subnets/b1e4fb05-0cd1-4497-ae8f-35684eb25fcc => generated 0 bytes in 271 msecs (HTTP/1.1 204) 3 headers in 131 bytes (1 switches on core 0) [pid: 8|app: 0|req: 790/1522] 199.204.45.240 () {34 vars in 1057 bytes} [Thu Apr 16 23:34:29 2026] GET /v2.0/floatingips?fixed_ip_address=10.100.0.6&port_id=20e0de0f-1faa-4a9a-9e58-f29ebee60e40 => generated 19 bytes in 17 msecs (HTTP/1.1 200) 4 headers in 156 bytes (1 switches on core 0)
2026-04-16 23:34:29.326 7 INFO neutron.db.segments_db [None req-58a137ad-d4dd-472d-9ebe-9df7ddc46e80 69bfec67fb1e450da3f2dc616ba762f0 e39b6cbec51541e6a8bda44033930b8e - - default default] Added segment 8bf6cd4c-c773-4172-b21a-43ced84e5314 of type geneve for network 12583a85-47f4-40e5-b94d-9921dc4655ad
2026-04-16 23:34:29.413 8 INFO neutron_taas.services.taas.taas_plugin [None req-9b1f8023-ac8f-476e-895c-355e99a39dba 3c84d5ef1e7540fbb5b67eaf76ec1c22 464cddc1b2a74e49bb16dfd8ce696725 - - default default] TaaS: Handle Delete Port: 68741f7c-d6b1-41ca-8049-e5f7a4e3fb79
2026-04-16 23:34:29.418 8 INFO neutron_taas.services.taas.tap_mirror_plugin [None req-9b1f8023-ac8f-476e-895c-355e99a39dba 3c84d5ef1e7540fbb5b67eaf76ec1c22 464cddc1b2a74e49bb16dfd8ce696725 - - default default] Tap Mirror: Handle Delete Port: 68741f7c-d6b1-41ca-8049-e5f7a4e3fb79
2026-04-16 23:34:29.526 7 INFO neutron.db.ovn_revision_numbers_db [None req-58a137ad-d4dd-472d-9ebe-9df7ddc46e80 69bfec67fb1e450da3f2dc616ba762f0 e39b6cbec51541e6a8bda44033930b8e - - default default] Successfully bumped revision number for resource 12583a85-47f4-40e5-b94d-9921dc4655ad (type: networks) to 1
2026-04-16 23:34:29.689 8 INFO neutron.services.segments.plugin [-] Segment 01ded2c2-89fb-4c08-acc8-fd2d432b679f resource provider aggregate not found
2026-04-16 23:34:29.699 8 INFO neutron.services.segments.plugin [-] Segment 01ded2c2-89fb-4c08-acc8-fd2d432b679f resource provider aggregate not found
2026-04-16 23:34:29.702 8 INFO neutron.services.segments.plugin [-] Segment 01ded2c2-89fb-4c08-acc8-fd2d432b679f resource provider not found; error: Placement Client Error (4xx): {"errors": [{"status": 404, "title": "Not Found", "detail": "The resource could not be found.\n\n No resource provider with uuid 01ded2c2-89fb-4c08-acc8-fd2d432b679f found for delete ", "request_id": "req-4ead52c5-f4b9-45ca-8bd7-f4e8c58fc826"}]}
2026-04-16 23:34:29.713 8 INFO neutron.services.segments.plugin [-] Segment 01ded2c2-89fb-4c08-acc8-fd2d432b679f resource provider not found; error: Placement Client Error (4xx): {"errors": [{"status": 404, "title": "Not Found", "detail": "The resource could not be found.\n\n No resource provider with uuid 01ded2c2-89fb-4c08-acc8-fd2d432b679f found for delete ", "request_id": "req-726959d5-cc01-472f-9fc5-7b9f459de9b4"}]}
2026-04-16 23:34:29.760 7 WARNING neutron.scheduler.dhcp_agent_scheduler [None req-58a137ad-d4dd-472d-9ebe-9df7ddc46e80 69bfec67fb1e450da3f2dc616ba762f0 e39b6cbec51541e6a8bda44033930b8e - - default default] No more DHCP agents
2026-04-16 23:34:29.761 7 WARNING neutron.api.rpc.agentnotifiers.dhcp_rpc_agent_api [None req-58a137ad-d4dd-472d-9ebe-9df7ddc46e80 69bfec67fb1e450da3f2dc616ba762f0 e39b6cbec51541e6a8bda44033930b8e - - default default] Unable to schedule network 12583a85-47f4-40e5-b94d-9921dc4655ad: no agents available; will retry on subsequent port and subnet creation events.
2026-04-16 23:34:29.818 7 INFO neutron.plugins.ml2.drivers.ovn.mech_driver.mech_driver [None req-f60cf66e-7586-4958-a8c3-e4aa9b0091d2 - - - - - -] OVN reports status down for port: 918b8f28-1ff4-451a-9528-e1590fd46fd6
2026-04-16 23:34:29.928 7 INFO neutron.db.ovn_revision_numbers_db [None req-58a137ad-d4dd-472d-9ebe-9df7ddc46e80 69bfec67fb1e450da3f2dc616ba762f0 e39b6cbec51541e6a8bda44033930b8e - - default default] Successfully bumped revision number for resource 918b8f28-1ff4-451a-9528-e1590fd46fd6 (type: ports) to 1 [pid: 8|app: 0|req: 791/1523] 10.0.0.115 () {32 vars in 725 bytes} [Thu Apr 16 23:34:29 2026] DELETE /v2.0/networks/9d1810ff-348c-49ea-857c-dbd4ab8303e4 => generated 0 bytes in 691 msecs (HTTP/1.1 204) 3 headers in 131 bytes (1 switches on core 0) [pid: 8|app: 0|req: 792/1524] 199.204.45.240 () {34 vars in 983 bytes} [Thu Apr 16 23:34:29 2026] GET /v2.0/subnets?id=df86ef8e-ad94-475a-98f4-ac099c1daef5 => generated 678 bytes in 23 msecs (HTTP/1.1 200) 4 headers in 157 bytes (1 switches on core 0) [pid: 7|app: 0|req: 733/1525] 10.0.0.115 () {34 vars in 669 bytes} [Thu Apr 16 23:34:29 2026] POST /v2.0/networks => generated 651 bytes in 777 msecs (HTTP/1.1 201) 4 headers in 162 bytes (1 switches on core 0)
2026-04-16 23:34:30.143 8 INFO neutron.db.ovn_revision_numbers_db [None req-4e957b8b-7c9d-4256-99ca-f100ae0a9882 6c2e1ecc180944bca26f688197dd6731 924e246fb976487c8f97ddfbb3d942db - - default default] Successfully bumped revision number for resource ee57b374-8801-497c-adf2-66bdca871f07 (type: security_groups) to 1
2026-04-16 23:34:30.163 8 INFO neutron.db.ovn_revision_numbers_db [None req-4e957b8b-7c9d-4256-99ca-f100ae0a9882 6c2e1ecc180944bca26f688197dd6731 924e246fb976487c8f97ddfbb3d942db - - default default] Successfully bumped revision number for resource 777698b9-ea65-43de-88ef-a0d115cde789 (type: security_group_rules) to 0
2026-04-16 23:34:30.188 8 INFO neutron.db.ovn_revision_numbers_db [None req-4e957b8b-7c9d-4256-99ca-f100ae0a9882 6c2e1ecc180944bca26f688197dd6731 924e246fb976487c8f97ddfbb3d942db - - default default] Successfully bumped revision number for resource af5e9982-f138-41d8-bf59-746c5d07a419 (type: security_group_rules) to 0
2026-04-16 23:34:30.199 7 WARNING neutron.scheduler.dhcp_agent_scheduler [None req-1c716e6d-cc42-4551-a5bc-89e706f10ef9 3c84d5ef1e7540fbb5b67eaf76ec1c22 464cddc1b2a74e49bb16dfd8ce696725 - - default default] No more DHCP agents
2026-04-16 23:34:30.200 7 WARNING neutron.api.rpc.agentnotifiers.dhcp_rpc_agent_api [None req-1c716e6d-cc42-4551-a5bc-89e706f10ef9 3c84d5ef1e7540fbb5b67eaf76ec1c22 464cddc1b2a74e49bb16dfd8ce696725 - - default default] Unable to schedule network 09b1414c-7a61-458d-bda8-bed15e0f65d8: no agents available; will retry on subsequent port and subnet creation events. [pid: 8|app: 0|req: 793/1526] 10.0.0.115 () {34 vars in 684 bytes} [Thu Apr 16 23:34:29 2026] POST /v2.0/security-groups => generated 1673 bytes in 279 msecs (HTTP/1.1 201) 4 headers in 163 bytes (1 switches on core 0)
2026-04-16 23:34:30.254 7 INFO neutron.plugins.ml2.drivers.ovn.mech_driver.mech_driver [None req-f60cf66e-7586-4958-a8c3-e4aa9b0091d2 - - - - - -] OVN reports status down for port: 9e3afcc5-05e6-4bdf-917b-98003ed20d71 [pid: 8|app: 0|req: 794/1527] 199.204.45.240 () {34 vars in 1051 bytes} [Thu Apr 16 23:34:30 2026] GET /v2.0/ports?network_id=030151ab-4ff6-4e43-a059-f98aafe7a6b9&device_owner=network%3Adhcp => generated 12 bytes in 19 msecs (HTTP/1.1 200) 4 headers in 156 bytes (1 switches on core 0) [pid: 8|app: 0|req: 795/1528] 10.0.0.115 () {34 vars in 752 bytes} [Thu Apr 16 23:34:30 2026] PUT /v2.0/networks/40549d24-0949-494c-8fb7-5078ccd4a0f4/tags => generated 17 bytes in 59 msecs (HTTP/1.1 200) 4 headers in 156 bytes (1 switches on core 0)
2026-04-16 23:34:30.366 7 INFO neutron.db.ovn_revision_numbers_db [None req-1c716e6d-cc42-4551-a5bc-89e706f10ef9 3c84d5ef1e7540fbb5b67eaf76ec1c22 464cddc1b2a74e49bb16dfd8ce696725 - - default default] Successfully bumped revision number for resource 9e3afcc5-05e6-4bdf-917b-98003ed20d71 (type: ports) to 1 [pid: 7|app: 0|req: 734/1529] 10.0.0.115 () {34 vars in 664 bytes} [Thu Apr 16 23:34:29 2026] POST /v2.0/ports => generated 775 bytes in 452 msecs (HTTP/1.1 201) 4 headers in 162 bytes (1 switches on core 0) /var/lib/openstack/lib/python3.12/site-packages/pycadf/identifier.py:70: UserWarning: Invalid uuid: neutron. To ensure interoperability, identifiers should be a valid uuid. warnings.warn(('Invalid uuid: %s. To ensure interoperability, '
2026-04-16 23:34:30.488 8 INFO neutron.db.ovn_revision_numbers_db [None req-ee8eea23-f9a1-4e2e-906c-c5830e4801c2 6c2e1ecc180944bca26f688197dd6731 924e246fb976487c8f97ddfbb3d942db - - default default] Successfully bumped revision number for resource 5937dc1f-a649-473e-8ac2-84347e8bdcdd (type: security_group_rules) to 0 [pid: 7|app: 0|req: 735/1530] 199.204.45.240 () {34 vars in 1011 bytes} [Thu Apr 16 23:34:30 2026] GET /v2.0/networks/030151ab-4ff6-4e43-a059-f98aafe7a6b9?fields=segments => generated 14 bytes in 45 msecs (HTTP/1.1 200) 4 headers in 156 bytes (1 switches on core 0) [pid: 8|app: 0|req: 796/1531] 10.0.0.115 () {34 vars in 694 bytes} [Thu Apr 16 23:34:30 2026] POST /v2.0/security-group-rules => generated 597 bytes in 201 msecs (HTTP/1.1 201) 4 headers in 162 bytes (1 switches on core 0) [pid: 7|app: 0|req: 736/1532] 10.0.0.115 () {34 vars in 752 bytes} [Thu Apr 16 23:34:30 2026] PUT /v2.0/networks/66dda487-9902-4f46-b394-74ea1dd1a042/tags => generated 25 bytes in 76 msecs (HTTP/1.1 200) 4 headers in 156 bytes (1 switches on core 0) [pid: 7|app: 0|req: 737/1533] 199.204.45.240 () {34 vars in 1111 bytes} [Thu Apr 16 23:34:30 2026] GET /v2.0/networks/030151ab-4ff6-4e43-a059-f98aafe7a6b9?fields=provider%3Aphysical_network&fields=provider%3Anetwork_type => generated 79 bytes in 42 msecs (HTTP/1.1 200) 4 headers in 156 bytes (1 switches on core 0)
2026-04-16 23:34:30.792 7 INFO neutron.db.ovn_revision_numbers_db [None req-0211bc50-757f-46f8-9962-d710f04bfce1 6c2e1ecc180944bca26f688197dd6731 924e246fb976487c8f97ddfbb3d942db - - default default] Successfully bumped revision number for resource a7cd4911-ad0c-4f74-b6cd-ecf6bd7e3f92 (type: security_group_rules) to 0 [pid: 7|app: 0|req: 738/1534] 10.0.0.115 () {34 vars in 694 bytes} [Thu Apr 16 23:34:30 2026] POST /v2.0/security-group-rules => generated 596 bytes in 222 msecs (HTTP/1.1 201) 4 headers in 162 bytes (1 switches on core 0) [pid: 7|app: 0|req: 739/1535] 10.0.0.115 () {34 vars in 752 bytes} [Thu Apr 16 23:34:30 2026] PUT /v2.0/networks/b39ab4f5-5556-4b3f-a7bc-924796fe2db2/tags => generated 34 bytes in 71 msecs (HTTP/1.1 200) 4 headers in 156 bytes (1 switches on core 0)
2026-04-16 23:34:31.244 7 INFO neutron.plugins.ml2.drivers.ovn.mech_driver.mech_driver [None req-f60cf66e-7586-4958-a8c3-e4aa9b0091d2 - - - - - -] OVN reports status down for port: 9e3afcc5-05e6-4bdf-917b-98003ed20d71
2026-04-16 23:34:31.292 8 INFO neutron.db.ovn_revision_numbers_db [None req-70077fdf-f928-4fdb-aeca-bf120031d5de 3c84d5ef1e7540fbb5b67eaf76ec1c22 464cddc1b2a74e49bb16dfd8ce696725 - - default default] Successfully bumped revision number for resource 9e3afcc5-05e6-4bdf-917b-98003ed20d71 (type: ports) to 2 [pid: 8|app: 0|req: 797/1536] 10.0.0.115 () {34 vars in 736 bytes} [Thu Apr 16 23:34:30 2026] PUT /v2.0/ports/9e3afcc5-05e6-4bdf-917b-98003ed20d71 => generated 752 bytes in 824 msecs (HTTP/1.1 200) 4 headers in 157 bytes (1 switches on core 0)
2026-04-16 23:34:31.356 7 INFO neutron.db.ovn_revision_numbers_db [None req-7a4df950-f7d1-4a23-8074-3dd7c9c71d94 280e6ce0b4084a6c8d096dfe90d34741 c99c6bf5c71e4bfda3ff2d1710e81769 - - default default] Successfully bumped revision number for resource a17f7bf6-f5e0-4133-b636-fe22ff080dbe (type: security_groups) to 1 /var/lib/openstack/lib/python3.12/site-packages/pycadf/identifier.py:70: UserWarning: Invalid uuid: neutron. To ensure interoperability, identifiers should be a valid uuid. warnings.warn(('Invalid uuid: %s. To ensure interoperability, '
2026-04-16 23:34:31.377 7 INFO neutron.db.ovn_revision_numbers_db [None req-7a4df950-f7d1-4a23-8074-3dd7c9c71d94 280e6ce0b4084a6c8d096dfe90d34741 c99c6bf5c71e4bfda3ff2d1710e81769 - - default default] Successfully bumped revision number for resource 278a3d1b-edbd-4f3f-bde3-e6c7351792ea (type: security_group_rules) to 0
2026-04-16 23:34:31.434 7 INFO neutron.db.ovn_revision_numbers_db [None req-7a4df950-f7d1-4a23-8074-3dd7c9c71d94 280e6ce0b4084a6c8d096dfe90d34741 c99c6bf5c71e4bfda3ff2d1710e81769 - - default default] Successfully bumped revision number for resource 8f0ec391-95ee-4a3c-9de4-4669a2830ddc (type: security_group_rules) to 0
2026-04-16 23:34:31.463 7 INFO neutron.db.ovn_revision_numbers_db [None req-7a4df950-f7d1-4a23-8074-3dd7c9c71d94 280e6ce0b4084a6c8d096dfe90d34741 c99c6bf5c71e4bfda3ff2d1710e81769 - - default default] Successfully bumped revision number for resource d1d0aa93-085e-449f-9048-6687d157af07 (type: security_group_rules) to 0
2026-04-16 23:34:31.506 7 INFO neutron.db.ovn_revision_numbers_db [None req-7a4df950-f7d1-4a23-8074-3dd7c9c71d94 280e6ce0b4084a6c8d096dfe90d34741 c99c6bf5c71e4bfda3ff2d1710e81769 - - default default] Successfully bumped revision number for resource ef80c1c6-2816-4470-bd6b-7978902b0f6a (type: security_group_rules) to 0
2026-04-16 23:34:31.586 7 INFO neutron.db.segments_db [None req-7a4df950-f7d1-4a23-8074-3dd7c9c71d94 280e6ce0b4084a6c8d096dfe90d34741 c99c6bf5c71e4bfda3ff2d1710e81769 - - default default] Added segment e4cda6db-9e96-49ce-8b02-b7e57a032812 of type geneve for network 46a0f9a9-d307-4d58-98db-87aff866569a
2026-04-16 23:34:31.811 7 INFO neutron.db.ovn_revision_numbers_db [None req-7a4df950-f7d1-4a23-8074-3dd7c9c71d94 280e6ce0b4084a6c8d096dfe90d34741 c99c6bf5c71e4bfda3ff2d1710e81769 - - default default] Successfully bumped revision number for resource 46a0f9a9-d307-4d58-98db-87aff866569a (type: networks) to 1
2026-04-16 23:34:31.866 8 INFO neutron.db.ovn_revision_numbers_db [None req-3efe8b5a-24f2-4533-a772-9c80580d2311 6c2e1ecc180944bca26f688197dd6731 924e246fb976487c8f97ddfbb3d942db - - default default] Successfully bumped revision number for resource 60a4f5d9-a73e-42a6-bf38-37e6920e3bad (type: security_group_rules) to 0 [pid: 8|app: 0|req: 798/1537] 10.0.0.115 () {34 vars in 694 bytes} [Thu Apr 16 23:34:31 2026] POST /v2.0/security-group-rules => generated 602 bytes in 591 msecs (HTTP/1.1 201) 4 headers in 162 bytes (1 switches on core 0)
2026-04-16 23:34:32.012 7 WARNING neutron.scheduler.dhcp_agent_scheduler [None req-7a4df950-f7d1-4a23-8074-3dd7c9c71d94 280e6ce0b4084a6c8d096dfe90d34741 c99c6bf5c71e4bfda3ff2d1710e81769 - - default default] No more DHCP agents
2026-04-16 23:34:32.014 7 WARNING neutron.api.rpc.agentnotifiers.dhcp_rpc_agent_api [None req-7a4df950-f7d1-4a23-8074-3dd7c9c71d94 280e6ce0b4084a6c8d096dfe90d34741 c99c6bf5c71e4bfda3ff2d1710e81769 - - default default] Unable to schedule network 46a0f9a9-d307-4d58-98db-87aff866569a: no agents available; will retry on subsequent port and subnet creation events. [pid: 8|app: 0|req: 799/1538] 10.0.0.115 () {34 vars in 752 bytes} [Thu Apr 16 23:34:31 2026] PUT /v2.0/networks/65ab9949-7fd5-49cc-a9d2-8668e5e48c7d/tags => generated 19 bytes in 93 msecs (HTTP/1.1 200) 4 headers in 156 bytes (1 switches on core 0)
2026-04-16 23:34:32.076 8 INFO neutron.plugins.ml2.drivers.ovn.mech_driver.mech_driver [None req-d26dfdcd-6942-482c-9224-b8362271fc12 - - - - - -] OVN reports status down for port: 4c7fc083-e8bb-4d2b-82a1-f9a1ea75a2e5
2026-04-16 23:34:32.094 7 INFO neutron.db.ovn_revision_numbers_db [None req-7a4df950-f7d1-4a23-8074-3dd7c9c71d94 280e6ce0b4084a6c8d096dfe90d34741 c99c6bf5c71e4bfda3ff2d1710e81769 - - default default] Successfully bumped revision number for resource 4c7fc083-e8bb-4d2b-82a1-f9a1ea75a2e5 (type: ports) to 1 [pid: 7|app: 0|req: 740/1539] 10.0.0.115 () {34 vars in 670 bytes} [Thu Apr 16 23:34:30 2026] POST /v2.0/networks => generated 767 bytes in 1230 msecs (HTTP/1.1 201) 4 headers in 162 bytes (1 switches on core 0)
2026-04-16 23:34:32.213 8 INFO neutron_taas.services.taas.taas_plugin [None req-aad08d21-8a5c-49f0-8050-e65ed20c2ac4 3c84d5ef1e7540fbb5b67eaf76ec1c22 464cddc1b2a74e49bb16dfd8ce696725 - - default default] TaaS: Handle Delete Port: 9e3afcc5-05e6-4bdf-917b-98003ed20d71
2026-04-16 23:34:32.224 8 INFO neutron_taas.services.taas.tap_mirror_plugin [None req-aad08d21-8a5c-49f0-8050-e65ed20c2ac4 3c84d5ef1e7540fbb5b67eaf76ec1c22 464cddc1b2a74e49bb16dfd8ce696725 - - default default] Tap Mirror: Handle Delete Port: 9e3afcc5-05e6-4bdf-917b-98003ed20d71 [pid: 8|app: 0|req: 800/1540] 10.0.0.115 () {32 vars in 719 bytes} [Thu Apr 16 23:34:32 2026] DELETE /v2.0/ports/9e3afcc5-05e6-4bdf-917b-98003ed20d71 => generated 0 bytes in 365 msecs (HTTP/1.1 204) 3 headers in 131 bytes (1 switches on core 0) [pid: 8|app: 0|req: 801/1541] 10.0.0.115 () {32 vars in 665 bytes} [Thu Apr 16 23:34:32 2026] GET /v2.0/networks?tags=red => generated 1988 bytes in 54 msecs (HTTP/1.1 200) 4 headers in 158 bytes (1 switches on core 0)
2026-04-16 23:34:32.490 7 INFO neutron.db.ovn_revision_numbers_db [None req-63ee4dee-cd15-4a97-addf-52798fcf8935 6c2e1ecc180944bca26f688197dd6731 924e246fb976487c8f97ddfbb3d942db - - default default] Successfully bumped revision number for resource 24fff108-748a-4cf1-ae6f-1abf32b261a9 (type: security_group_rules) to 0 [pid: 7|app: 0|req: 741/1542] 10.0.0.115 () {34 vars in 694 bytes} [Thu Apr 16 23:34:32 2026] POST /v2.0/security-group-rules => generated 601 bytes in 411 msecs (HTTP/1.1 201) 4 headers in 162 bytes (1 switches on core 0) [pid: 7|app: 0|req: 742/1543] 10.0.0.115 () {32 vars in 642 bytes} [Thu Apr 16 23:34:32 2026] GET /v2.0/ports => generated 1534 bytes in 35 msecs (HTTP/1.1 200) 4 headers in 158 bytes (1 switches on core 0)
2026-04-16 23:34:32.632 8 WARNING neutron.scheduler.dhcp_agent_scheduler [None req-00765a84-5298-4f81-bea9-ba8929473502 280e6ce0b4084a6c8d096dfe90d34741 c99c6bf5c71e4bfda3ff2d1710e81769 - - default default] No more DHCP agents [pid: 7|app: 0|req: 743/1544] 10.0.0.115 () {32 vars in 679 bytes} [Thu Apr 16 23:34:32 2026] GET /v2.0/networks?tags=red%2Cblue => generated 1337 bytes in 46 msecs (HTTP/1.1 200) 4 headers in 158 bytes (1 switches on core 0)
2026-04-16 23:34:32.634 8 WARNING neutron.api.rpc.agentnotifiers.dhcp_rpc_agent_api [None req-00765a84-5298-4f81-bea9-ba8929473502 280e6ce0b4084a6c8d096dfe90d34741 c99c6bf5c71e4bfda3ff2d1710e81769 - - default default] Unable to schedule network 46a0f9a9-d307-4d58-98db-87aff866569a: no agents available; will retry on subsequent port and subnet creation events.
2026-04-16 23:34:32.736 7 INFO neutron.db.securitygroups_db [None req-e95eca70-2c1a-4093-883d-e010300035b3 6c2e1ecc180944bca26f688197dd6731 924e246fb976487c8f97ddfbb3d942db - - default default] Project 924e246fb976487c8f97ddfbb3d942db added a security group rule with legacy IPv6 ICMP protocol name icmp, ipv6-icmp should be used instead. It was automatically converted.
2026-04-16 23:34:32.871 7 INFO neutron.db.ovn_revision_numbers_db [None req-e95eca70-2c1a-4093-883d-e010300035b3 6c2e1ecc180944bca26f688197dd6731 924e246fb976487c8f97ddfbb3d942db - - default default] Successfully bumped revision number for resource f01996fe-016e-4b37-9a72-10555f1cc86a (type: security_group_rules) to 0 [pid: 7|app: 0|req: 744/1545] 10.0.0.115 () {34 vars in 694 bytes} [Thu Apr 16 23:34:32 2026] POST /v2.0/security-group-rules => generated 607 bytes in 270 msecs (HTTP/1.1 201) 4 headers in 162 bytes (1 switches on core 0)
2026-04-16 23:34:32.921 7 INFO neutron.pecan_wsgi.hooks.translation [None req-149ca52c-14f4-4908-8ca9-b03d81d50bd9 3c84d5ef1e7540fbb5b67eaf76ec1c22 464cddc1b2a74e49bb16dfd8ce696725 - - default default] GET failed (client error): The resource could not be found. [pid: 7|app: 0|req: 745/1546] 10.0.0.115 () {32 vars in 716 bytes} [Thu Apr 16 23:34:32 2026] GET /v2.0/ports/9e3afcc5-05e6-4bdf-917b-98003ed20d71 => generated 132 bytes in 19 msecs (HTTP/1.1 404) 4 headers in 164 bytes (1 switches on core 0) [pid: 7|app: 0|req: 746/1547] 10.0.0.115 () {32 vars in 675 bytes} [Thu Apr 16 23:34:32 2026] GET /v2.0/networks?tags-any=blue => generated 1337 bytes in 59 msecs (HTTP/1.1 200) 4 headers in 158 bytes (1 switches on core 0)
2026-04-16 23:34:33.054 7 INFO neutron.db.securitygroups_db [None req-11a5e581-6bf5-4783-9762-fa0655c28989 6c2e1ecc180944bca26f688197dd6731 924e246fb976487c8f97ddfbb3d942db - - default default] Project 924e246fb976487c8f97ddfbb3d942db added a security group rule with legacy IPv6 ICMP protocol name icmp, ipv6-icmp should be used instead. It was automatically converted.
2026-04-16 23:34:33.094 8 INFO neutron.db.ovn_revision_numbers_db [None req-e4f337ee-1817-4689-a163-3cf8d15a3098 - - - - - -] Successfully bumped revision number for resource 4c7fc083-e8bb-4d2b-82a1-f9a1ea75a2e5 (type: ports) to 2
2026-04-16 23:34:33.142 8 INFO neutron.db.ovn_revision_numbers_db [None req-e4f337ee-1817-4689-a163-3cf8d15a3098 - - - - - -] Successfully bumped revision number for resource 614a4e2d-23f4-459a-afbb-51a826903909 (type: subnets) to 0 [pid: 8|app: 0|req: 802/1548] 10.0.0.115 () {34 vars in 668 bytes} [Thu Apr 16 23:34:32 2026] POST /v2.0/subnets => generated 692 bytes in 726 msecs (HTTP/1.1 201) 4 headers in 162 bytes (1 switches on core 0)
2026-04-16 23:34:33.206 7 INFO neutron.db.ovn_revision_numbers_db [None req-11a5e581-6bf5-4783-9762-fa0655c28989 6c2e1ecc180944bca26f688197dd6731 924e246fb976487c8f97ddfbb3d942db - - default default] Successfully bumped revision number for resource 9003ff9e-b948-49a2-b731-7f55b3df7b92 (type: security_group_rules) to 0 [pid: 8|app: 0|req: 803/1549] 10.0.0.115 () {32 vars in 642 bytes} [Thu Apr 16 23:34:33 2026] GET /v2.0/ports => generated 1534 bytes in 41 msecs (HTTP/1.1 200) 4 headers in 158 bytes (1 switches on core 0) [pid: 7|app: 0|req: 747/1550] 10.0.0.115 () {34 vars in 694 bytes} [Thu Apr 16 23:34:32 2026] POST /v2.0/security-group-rules => generated 606 bytes in 255 msecs (HTTP/1.1 201) 4 headers in 162 bytes (1 switches on core 0) [pid: 8|app: 0|req: 804/1551] 10.0.0.115 () {32 vars in 687 bytes} [Thu Apr 16 23:34:33 2026] GET /v2.0/networks?tags-any=red%2Cblue => generated 1988 bytes in 53 msecs (HTTP/1.1 200) 4 headers in 158 bytes (1 switches on core 0) [pid: 8|app: 0|req: 805/1552] 10.0.0.115 () {32 vars in 716 bytes} [Thu Apr 16 23:34:33 2026] GET /v2.0/ports/00104bd8-27c5-4bc8-98b8-82dd73a97e3a => generated 775 bytes in 31 msecs (HTTP/1.1 200) 4 headers in 157 bytes (1 switches on core 0) [pid: 8|app: 0|req: 806/1553] 10.0.0.115 () {32 vars in 673 bytes} [Thu Apr 16 23:34:33 2026] GET /v2.0/networks?not-tags=red => generated 1988 bytes in 60 msecs (HTTP/1.1 200) 4 headers in 158 bytes (1 switches on core 0)
2026-04-16 23:34:33.385 8 INFO neutron.pecan_wsgi.hooks.translation [None req-e6718aef-fd54-4577-ac97-dc1f1d2674b9 3c84d5ef1e7540fbb5b67eaf76ec1c22 464cddc1b2a74e49bb16dfd8ce696725 - - default default] DELETE failed (client error): The resource could not be found. [pid: 8|app: 0|req: 807/1554] 10.0.0.115 () {32 vars in 719 bytes} [Thu Apr 16 23:34:33 2026] DELETE /v2.0/ports/f51558b0-0178-488d-8fc8-6c1fc1bc3cd7 => generated 132 bytes in 14 msecs (HTTP/1.1 404) 4 headers in 164 bytes (1 switches on core 0) [pid: 8|app: 0|req: 808/1555] 10.0.0.115 () {32 vars in 687 bytes} [Thu Apr 16 23:34:33 2026] GET /v2.0/networks?not-tags=red%2Cblue => generated 2639 bytes in 62 msecs (HTTP/1.1 200) 4 headers in 158 bytes (1 switches on core 0)
2026-04-16 23:34:33.461 8 INFO neutron.pecan_wsgi.hooks.translation [None req-f037c286-9bd4-4c7e-987e-fbde351d5f12 3c84d5ef1e7540fbb5b67eaf76ec1c22 464cddc1b2a74e49bb16dfd8ce696725 - - default default] DELETE failed (client error): The resource could not be found. [pid: 8|app: 0|req: 809/1556] 10.0.0.115 () {32 vars in 723 bytes} [Thu Apr 16 23:34:33 2026] DELETE /v2.0/subnets/b1e4fb05-0cd1-4497-ae8f-35684eb25fcc => generated 136 bytes in 12 msecs (HTTP/1.1 404) 4 headers in 164 bytes (1 switches on core 0) [pid: 8|app: 0|req: 810/1557] 10.0.0.115 () {32 vars in 683 bytes} [Thu Apr 16 23:34:33 2026] GET /v2.0/networks?not-tags-any=blue => generated 2639 bytes in 63 msecs (HTTP/1.1 200) 4 headers in 158 bytes (1 switches on core 0)
2026-04-16 23:34:33.541 8 INFO neutron.pecan_wsgi.hooks.translation [None req-4cbeb804-62dd-4f7b-8b77-cbad5e150f3f 3c84d5ef1e7540fbb5b67eaf76ec1c22 464cddc1b2a74e49bb16dfd8ce696725 - - default default] DELETE failed (client error): The resource could not be found. [pid: 8|app: 0|req: 811/1558] 10.0.0.115 () {32 vars in 723 bytes} [Thu Apr 16 23:34:33 2026] DELETE /v2.0/subnets/ad24141b-0db9-4822-820e-8e73f85aa942 => generated 136 bytes in 16 msecs (HTTP/1.1 404) 4 headers in 164 bytes (1 switches on core 0) [pid: 8|app: 0|req: 812/1559] 10.0.0.115 () {32 vars in 695 bytes} [Thu Apr 16 23:34:33 2026] GET /v2.0/networks?not-tags-any=red%2Cblue => generated 1988 bytes in 47 msecs (HTTP/1.1 200) 4 headers in 158 bytes (1 switches on core 0)
2026-04-16 23:34:33.704 8 INFO neutron_taas.services.taas.taas_plugin [None req-ee1ae9f1-36e6-4525-aa03-b56eed0c2033 3c84d5ef1e7540fbb5b67eaf76ec1c22 464cddc1b2a74e49bb16dfd8ce696725 - - default default] TaaS: Handle Delete Port: 00104bd8-27c5-4bc8-98b8-82dd73a97e3a
2026-04-16 23:34:33.707 8 INFO neutron_taas.services.taas.tap_mirror_plugin [None req-ee1ae9f1-36e6-4525-aa03-b56eed0c2033 3c84d5ef1e7540fbb5b67eaf76ec1c22 464cddc1b2a74e49bb16dfd8ce696725 - - default default] Tap Mirror: Handle Delete Port: 00104bd8-27c5-4bc8-98b8-82dd73a97e3a
2026-04-16 23:34:33.716 7 WARNING neutron.scheduler.dhcp_agent_scheduler [None req-48751f20-fd92-4d4a-866e-a7590262b777 280e6ce0b4084a6c8d096dfe90d34741 c99c6bf5c71e4bfda3ff2d1710e81769 - - default default] No more DHCP agents
2026-04-16 23:34:33.718 7 WARNING neutron.api.rpc.agentnotifiers.dhcp_rpc_agent_api [None req-48751f20-fd92-4d4a-866e-a7590262b777 280e6ce0b4084a6c8d096dfe90d34741 c99c6bf5c71e4bfda3ff2d1710e81769 - - default default] Unable to schedule network 22db0b5c-fc87-4fc0-b22c-2895190add43: no agents available; will retry on subsequent port and subnet creation events.
2026-04-16 23:34:33.831 7 INFO neutron.plugins.ml2.drivers.ovn.mech_driver.mech_driver [None req-f60cf66e-7586-4958-a8c3-e4aa9b0091d2 - - - - - -] OVN reports status down for port: ea7f953f-e885-4eea-a9de-bdf6cb7bb31f [pid: 8|app: 0|req: 813/1560] 10.0.0.115 () {32 vars in 719 bytes} [Thu Apr 16 23:34:33 2026] DELETE /v2.0/ports/00104bd8-27c5-4bc8-98b8-82dd73a97e3a => generated 0 bytes in 304 msecs (HTTP/1.1 204) 3 headers in 131 bytes (1 switches on core 0)
2026-04-16 23:34:33.923 7 INFO neutron.db.ovn_revision_numbers_db [None req-48751f20-fd92-4d4a-866e-a7590262b777 280e6ce0b4084a6c8d096dfe90d34741 c99c6bf5c71e4bfda3ff2d1710e81769 - - default default] Successfully bumped revision number for resource ea7f953f-e885-4eea-a9de-bdf6cb7bb31f (type: ports) to 1
2026-04-16 23:34:34.024 8 INFO neutron_taas.services.taas.taas_plugin [None req-e4907b18-7d4f-46d7-a64f-c2c0aba6b08d 69bfec67fb1e450da3f2dc616ba762f0 e39b6cbec51541e6a8bda44033930b8e - - default default] TaaS: Handle Delete Port: 7ed0b1c9-d913-421f-ac8d-0195f893c687
2026-04-16 23:34:34.027 8 INFO neutron_taas.services.taas.tap_mirror_plugin [None req-e4907b18-7d4f-46d7-a64f-c2c0aba6b08d 69bfec67fb1e450da3f2dc616ba762f0 e39b6cbec51541e6a8bda44033930b8e - - default default] Tap Mirror: Handle Delete Port: 7ed0b1c9-d913-421f-ac8d-0195f893c687
2026-04-16 23:34:34.219 8 INFO neutron.services.segments.plugin [-] Segment 43560afb-8c7d-47c5-901f-daa6b556109f resource provider aggregate not found
2026-04-16 23:34:34.225 8 INFO neutron.services.segments.plugin [-] Segment 43560afb-8c7d-47c5-901f-daa6b556109f resource provider aggregate not found
2026-04-16 23:34:34.231 8 INFO neutron.services.segments.plugin [-] Segment 43560afb-8c7d-47c5-901f-daa6b556109f resource provider not found; error: Placement Client Error (4xx): {"errors": [{"status": 404, "title": "Not Found", "detail": "The resource could not be found.\n\n No resource provider with uuid 43560afb-8c7d-47c5-901f-daa6b556109f found for delete ", "request_id": "req-cffe0e7e-41e9-4a7d-9b76-005d28262446"}]}
2026-04-16 23:34:34.239 8 INFO neutron.services.segments.plugin [-] Segment 43560afb-8c7d-47c5-901f-daa6b556109f resource provider not found; error: Placement Client Error (4xx): {"errors": [{"status": 404, "title": "Not Found", "detail": "The resource could not be found.\n\n No resource provider with uuid 43560afb-8c7d-47c5-901f-daa6b556109f found for delete ", "request_id": "req-8c934e3c-189b-4fc9-8dac-c8c418b48469"}]} [pid: 8|app: 0|req: 814/1561] 10.0.0.115 () {32 vars in 725 bytes} [Thu Apr 16 23:34:33 2026] DELETE /v2.0/networks/40549d24-0949-494c-8fb7-5078ccd4a0f4 => generated 0 bytes in 372 msecs (HTTP/1.1 204) 3 headers in 131 bytes (1 switches on core 0) [pid: 8|app: 0|req: 815/1562] 10.0.0.115 () {32 vars in 648 bytes} [Thu Apr 16 23:34:34 2026] GET /v2.0/networks => generated 1373 bytes in 91 msecs (HTTP/1.1 200) 4 headers in 158 bytes (1 switches on core 0)
2026-04-16 23:34:34.486 8 INFO neutron_taas.services.taas.taas_plugin [None req-f012513f-fd54-40cd-88da-b1c3f48017dd 3c84d5ef1e7540fbb5b67eaf76ec1c22 464cddc1b2a74e49bb16dfd8ce696725 - - default default] TaaS: Handle Delete Port: e61781bb-950b-4853-a745-84d784904323
2026-04-16 23:34:34.488 8 INFO neutron_taas.services.taas.tap_mirror_plugin [None req-f012513f-fd54-40cd-88da-b1c3f48017dd 3c84d5ef1e7540fbb5b67eaf76ec1c22 464cddc1b2a74e49bb16dfd8ce696725 - - default default] Tap Mirror: Handle Delete Port: e61781bb-950b-4853-a745-84d784904323
2026-04-16 23:34:34.658 7 INFO neutron.plugins.ml2.drivers.ovn.mech_driver.ovsdb.commands [None req-0aead5de-7ec3-4fd3-a942-3f4650d4a544 - - - - - -] Schedule LRP lrp-ea7f953f-e885-4eea-a9de-bdf6cb7bb31f on gateway fce0dc7a-246f-4df6-8366-a12a5df28860 with priority 1
2026-04-16 23:34:34.696 7 INFO neutron.plugins.ml2.drivers.ovn.mech_driver.mech_driver [None req-f60cf66e-7586-4958-a8c3-e4aa9b0091d2 - - - - - -] OVN reports status up for port: ea7f953f-e885-4eea-a9de-bdf6cb7bb31f
2026-04-16 23:34:34.722 8 INFO neutron.plugins.ml2.drivers.ovn.mech_driver.ovsdb.ovsdb_monitor [None req-90504808-d339-4700-99d6-8e9dfa5034ed - - - - - -] Router e438303d-e108-4d99-a559-b80798890b3c is bound to host instance
2026-04-16 23:34:34.762 7 INFO neutron.plugins.ml2.plugin [None req-f60cf66e-7586-4958-a8c3-e4aa9b0091d2 - - - - - -] Attempt 1 to provision port ea7f953f-e885-4eea-a9de-bdf6cb7bb31f
2026-04-16 23:34:34.763 7 INFO neutron.db.ovn_revision_numbers_db [None req-48751f20-fd92-4d4a-866e-a7590262b777 280e6ce0b4084a6c8d096dfe90d34741 c99c6bf5c71e4bfda3ff2d1710e81769 - - default default] Successfully bumped revision number for resource ea7f953f-e885-4eea-a9de-bdf6cb7bb31f (type: router_ports) to 1 [pid: 8|app: 0|req: 816/1563] 10.0.0.115 () {32 vars in 725 bytes} [Thu Apr 16 23:34:34 2026] DELETE /v2.0/networks/09b1414c-7a61-458d-bda8-bed15e0f65d8 => generated 0 bytes in 424 msecs (HTTP/1.1 204) 3 headers in 131 bytes (1 switches on core 0)
2026-04-16 23:34:34.885 7 INFO neutron.db.ovn_revision_numbers_db [None req-48751f20-fd92-4d4a-866e-a7590262b777 280e6ce0b4084a6c8d096dfe90d34741 c99c6bf5c71e4bfda3ff2d1710e81769 - - default default] Successfully bumped revision number for resource e438303d-e108-4d99-a559-b80798890b3c (type: routers) to 2 [pid: 7|app: 0|req: 748/1564] 10.0.0.115 () {34 vars in 668 bytes} [Thu Apr 16 23:34:33 2026] POST /v2.0/routers => generated 970 bytes in 1671 msecs (HTTP/1.1 201) 4 headers in 162 bytes (1 switches on core 0) [pid: 7|app: 0|req: 749/1565] 10.0.0.141 () {34 vars in 1097 bytes} [Thu Apr 16 23:34:34 2026] GET /v2.0/security-groups?name=tempest-secgroup-smoke-527009049&fields=id&tenant_id=924e246fb976487c8f97ddfbb3d942db => generated 69 bytes in 34 msecs (HTTP/1.1 200) 4 headers in 156 bytes (1 switches on core 0)
2026-04-16 23:34:34.990 8 INFO neutron_taas.services.taas.taas_plugin [None req-0da4a515-7cb1-42a4-a664-dd0f83067a37 69bfec67fb1e450da3f2dc616ba762f0 e39b6cbec51541e6a8bda44033930b8e - - default default] TaaS: Handle Delete Port: 575dbc9d-3cb4-4310-a078-801d0bf09cb1
2026-04-16 23:34:34.994 8 INFO neutron_taas.services.taas.tap_mirror_plugin [None req-0da4a515-7cb1-42a4-a664-dd0f83067a37 69bfec67fb1e450da3f2dc616ba762f0 e39b6cbec51541e6a8bda44033930b8e - - default default] Tap Mirror: Handle Delete Port: 575dbc9d-3cb4-4310-a078-801d0bf09cb1 [pid: 8|app: 0|req: 817/1566] 10.0.0.115 () {32 vars in 725 bytes} [Thu Apr 16 23:34:34 2026] DELETE /v2.0/networks/66dda487-9902-4f46-b394-74ea1dd1a042 => generated 0 bytes in 620 msecs (HTTP/1.1 204) 3 headers in 131 bytes (1 switches on core 0)
2026-04-16 23:34:35.427 7 WARNING neutron.scheduler.dhcp_agent_scheduler [None req-77df68a5-0a7c-4ab5-a68b-b6e277c25146 280e6ce0b4084a6c8d096dfe90d34741 c99c6bf5c71e4bfda3ff2d1710e81769 - - default default] No more DHCP agents
2026-04-16 23:34:35.428 7 WARNING neutron.api.rpc.agentnotifiers.dhcp_rpc_agent_api [None req-77df68a5-0a7c-4ab5-a68b-b6e277c25146 280e6ce0b4084a6c8d096dfe90d34741 c99c6bf5c71e4bfda3ff2d1710e81769 - - default default] Unable to schedule network 46a0f9a9-d307-4d58-98db-87aff866569a: no agents available; will retry on subsequent port and subnet creation events. [pid: 8|app: 0|req: 818/1567] 10.0.0.141 () {34 vars in 981 bytes} [Thu Apr 16 23:34:35 2026] GET /v2.0/networks?id=030151ab-4ff6-4e43-a059-f98aafe7a6b9 => generated 698 bytes in 91 msecs (HTTP/1.1 200) 4 headers in 157 bytes (1 switches on core 0)
2026-04-16 23:34:35.581 7 INFO neutron.db.ovn_revision_numbers_db [None req-77df68a5-0a7c-4ab5-a68b-b6e277c25146 280e6ce0b4084a6c8d096dfe90d34741 c99c6bf5c71e4bfda3ff2d1710e81769 - - default default] Successfully bumped revision number for resource 6e22664a-febf-41e0-8a1a-23d881dded93 (type: ports) to 1 [pid: 8|app: 0|req: 819/1568] 10.0.0.115 () {32 vars in 773 bytes} [Thu Apr 16 23:34:35 2026] GET /v2.0/security-groups?tenant_id=464cddc1b2a74e49bb16dfd8ce696725&name=default => generated 2925 bytes in 141 msecs (HTTP/1.1 200) 4 headers in 158 bytes (1 switches on core 0)
2026-04-16 23:34:35.862 8 INFO neutron_taas.services.taas.taas_plugin [None req-812dc758-f1e9-48ff-8112-248df481125b 69bfec67fb1e450da3f2dc616ba762f0 e39b6cbec51541e6a8bda44033930b8e - - default default] TaaS: Handle Delete Port: 8abf6599-2fb1-4c56-b7d0-2cdac94ee63a
2026-04-16 23:34:35.867 8 INFO neutron_taas.services.taas.tap_mirror_plugin [None req-812dc758-f1e9-48ff-8112-248df481125b 69bfec67fb1e450da3f2dc616ba762f0 e39b6cbec51541e6a8bda44033930b8e - - default default] Tap Mirror: Handle Delete Port: 8abf6599-2fb1-4c56-b7d0-2cdac94ee63a
2026-04-16 23:34:35.976 8 INFO neutron.db.ovn_revision_numbers_db [None req-c4e7e5b3-9f90-45b8-9963-068fdf9b3fef - - - - - -] Successfully bumped revision number for resource ea7f953f-e885-4eea-a9de-bdf6cb7bb31f (type: ports) to 4
2026-04-16 23:34:36.252 8 INFO neutron.services.segments.plugin [-] Segment d54396da-6e2d-495b-ab2c-f3006a33db87 resource provider aggregate not found
2026-04-16 23:34:36.260 8 INFO neutron.services.segments.plugin [-] Segment d54396da-6e2d-495b-ab2c-f3006a33db87 resource provider aggregate not found
2026-04-16 23:34:36.277 7 WARNING neutron.scheduler.dhcp_agent_scheduler [None req-77df68a5-0a7c-4ab5-a68b-b6e277c25146 280e6ce0b4084a6c8d096dfe90d34741 c99c6bf5c71e4bfda3ff2d1710e81769 - - default default] No more DHCP agents
2026-04-16 23:34:36.278 7 WARNING neutron.api.rpc.agentnotifiers.dhcp_rpc_agent_api [None req-77df68a5-0a7c-4ab5-a68b-b6e277c25146 280e6ce0b4084a6c8d096dfe90d34741 c99c6bf5c71e4bfda3ff2d1710e81769 - - default default] Unable to schedule network 46a0f9a9-d307-4d58-98db-87aff866569a: no agents available; will retry on subsequent port and subnet creation events.
2026-04-16 23:34:36.279 8 INFO neutron.services.segments.plugin [-] Segment d54396da-6e2d-495b-ab2c-f3006a33db87 resource provider not found; error: Placement Client Error (4xx): {"errors": [{"status": 404, "title": "Not Found", "detail": "The resource could not be found.\n\n No resource provider with uuid d54396da-6e2d-495b-ab2c-f3006a33db87 found for delete ", "request_id": "req-2ab70741-7c4e-4e8c-bc8b-d95139edb3ba"}]}
2026-04-16 23:34:36.283 8 INFO neutron.services.segments.plugin [-] Segment d54396da-6e2d-495b-ab2c-f3006a33db87 resource provider not found; error: Placement Client Error (4xx): {"errors": [{"status": 404, "title": "Not Found", "detail": "The resource could not be found.\n\n No resource provider with uuid d54396da-6e2d-495b-ab2c-f3006a33db87 found for delete ", "request_id": "req-11b54e95-2b76-4df9-9264-5947a4939c28"}]} [pid: 8|app: 0|req: 820/1569] 10.0.0.115 () {32 vars in 725 bytes} [Thu Apr 16 23:34:35 2026] DELETE /v2.0/networks/b39ab4f5-5556-4b3f-a7bc-924796fe2db2 => generated 0 bytes in 664 msecs (HTTP/1.1 204) 3 headers in 131 bytes (1 switches on core 0)
2026-04-16 23:34:36.308 8 INFO neutron.services.segments.plugin [-] Segment a73a7167-48cb-40a2-be58-ffbb09dbb3b7 resource provider aggregate not found
2026-04-16 23:34:36.311 8 INFO neutron.services.segments.plugin [-] Segment a73a7167-48cb-40a2-be58-ffbb09dbb3b7 resource provider aggregate not found
2026-04-16 23:34:36.328 8 INFO neutron.services.segments.plugin [-] Segment a73a7167-48cb-40a2-be58-ffbb09dbb3b7 resource provider not found; error: Placement Client Error (4xx): {"errors": [{"status": 404, "title": "Not Found", "detail": "The resource could not be found.\n\n No resource provider with uuid a73a7167-48cb-40a2-be58-ffbb09dbb3b7 found for delete ", "request_id": "req-0da5ae42-809f-4267-ad6e-1956688b751a"}]}
2026-04-16 23:34:36.338 8 INFO neutron.services.segments.plugin [-] Segment a73a7167-48cb-40a2-be58-ffbb09dbb3b7 resource provider not found; error: Placement Client Error (4xx): {"errors": [{"status": 404, "title": "Not Found", "detail": "The resource could not be found.\n\n No resource provider with uuid a73a7167-48cb-40a2-be58-ffbb09dbb3b7 found for delete ", "request_id": "req-69e08ba8-e509-4925-8dc7-2f93be38c88e"}]} [pid: 8|app: 0|req: 821/1570] 10.0.0.141 () {34 vars in 964 bytes} [Thu Apr 16 23:34:36 2026] GET /v2.0/quotas/924e246fb976487c8f97ddfbb3d942db => generated 292 bytes in 47 msecs (HTTP/1.1 200) 4 headers in 157 bytes (1 switches on core 0)
2026-04-16 23:34:36.359 8 INFO neutron.services.segments.plugin [-] Segment dba6ca65-71aa-45f6-ad18-ef3617f496ed resource provider aggregate not found
2026-04-16 23:34:36.363 8 INFO neutron.services.segments.plugin [-] Segment dba6ca65-71aa-45f6-ad18-ef3617f496ed resource provider aggregate not found
2026-04-16 23:34:36.383 8 INFO neutron.services.segments.plugin [-] Segment dba6ca65-71aa-45f6-ad18-ef3617f496ed resource provider not found; error: Placement Client Error (4xx): {"errors": [{"status": 404, "title": "Not Found", "detail": "The resource could not be found.\n\n No resource provider with uuid dba6ca65-71aa-45f6-ad18-ef3617f496ed found for delete ", "request_id": "req-8d9f437d-c286-4c24-9169-fd689a73751b"}]}
2026-04-16 23:34:36.385 8 INFO neutron.services.segments.plugin [-] Segment dba6ca65-71aa-45f6-ad18-ef3617f496ed resource provider not found; error: Placement Client Error (4xx): {"errors": [{"status": 404, "title": "Not Found", "detail": "The resource could not be found.\n\n No resource provider with uuid dba6ca65-71aa-45f6-ad18-ef3617f496ed found for delete ", "request_id": "req-91813ff7-31a6-4004-b2a1-3891179d1620"}]}
2026-04-16 23:34:36.605 8 INFO neutron.db.ovn_revision_numbers_db [None req-c4e7e5b3-9f90-45b8-9963-068fdf9b3fef - - - - - -] Successfully bumped revision number for resource ea7f953f-e885-4eea-a9de-bdf6cb7bb31f (type: ports) to 5
2026-04-16 23:34:36.821 7 INFO neutron.db.ovn_revision_numbers_db [None req-77df68a5-0a7c-4ab5-a68b-b6e277c25146 280e6ce0b4084a6c8d096dfe90d34741 c99c6bf5c71e4bfda3ff2d1710e81769 - - default default] Successfully bumped revision number for resource 6e22664a-febf-41e0-8a1a-23d881dded93 (type: router_ports) to 1 [pid: 7|app: 0|req: 750/1571] 10.0.0.115 () {34 vars in 782 bytes} [Thu Apr 16 23:34:34 2026] PUT /v2.0/routers/e438303d-e108-4d99-a559-b80798890b3c/add_router_interface => generated 309 bytes in 1882 msecs (HTTP/1.1 200) 4 headers in 157 bytes (1 switches on core 0) [pid: 8|app: 0|req: 822/1572] 10.0.0.115 () {32 vars in 739 bytes} [Thu Apr 16 23:34:36 2026] DELETE /v2.0/security-groups/8a53328d-0ab2-4ae7-a149-35cb097bd17e => generated 0 bytes in 489 msecs (HTTP/1.1 204) 2 headers in 112 bytes (1 switches on core 0) [pid: 8|app: 0|req: 823/1573] 10.0.0.141 () {34 vars in 1001 bytes} [Thu Apr 16 23:34:36 2026] GET /v2.0/ports?tenant_id=924e246fb976487c8f97ddfbb3d942db&fields=id => generated 149 bytes in 74 msecs (HTTP/1.1 200) 4 headers in 157 bytes (1 switches on core 0)
2026-04-16 23:34:36.965 7 INFO neutron_taas.services.taas.taas_plugin [None req-accaa0ba-b6a6-4d85-b792-a164ab0a622d 69bfec67fb1e450da3f2dc616ba762f0 e39b6cbec51541e6a8bda44033930b8e - - default default] TaaS: Handle Delete Port: 7fce466d-2fe1-4763-89b9-f90d8667f329
2026-04-16 23:34:36.968 7 INFO neutron_taas.services.taas.tap_mirror_plugin [None req-accaa0ba-b6a6-4d85-b792-a164ab0a622d 69bfec67fb1e450da3f2dc616ba762f0 e39b6cbec51541e6a8bda44033930b8e - - default default] Tap Mirror: Handle Delete Port: 7fce466d-2fe1-4763-89b9-f90d8667f329 [pid: 8|app: 0|req: 824/1574] 10.0.0.141 () {34 vars in 1007 bytes} [Thu Apr 16 23:34:36 2026] GET /v2.0/networks/030151ab-4ff6-4e43-a059-f98aafe7a6b9?fields=segments => generated 14 bytes in 53 msecs (HTTP/1.1 200) 4 headers in 156 bytes (1 switches on core 0) [pid: 8|app: 0|req: 825/1575] 10.0.0.141 () {34 vars in 1107 bytes} [Thu Apr 16 23:34:36 2026] GET /v2.0/networks/030151ab-4ff6-4e43-a059-f98aafe7a6b9?fields=provider%3Aphysical_network&fields=provider%3Anetwork_type => generated 79 bytes in 43 msecs (HTTP/1.1 200) 4 headers in 156 bytes (1 switches on core 0)
2026-04-16 23:34:37.159 7 INFO neutron.services.segments.plugin [-] Segment 64e2a133-cf13-485f-9a8c-2723129b67d4 resource provider aggregate not found
2026-04-16 23:34:37.164 7 INFO neutron.services.segments.plugin [-] Segment 64e2a133-cf13-485f-9a8c-2723129b67d4 resource provider aggregate not found
2026-04-16 23:34:37.178 7 INFO neutron.services.segments.plugin [-] Segment 64e2a133-cf13-485f-9a8c-2723129b67d4 resource provider not found; error: Placement Client Error (4xx): {"errors": [{"status": 404, "title": "Not Found", "detail": "The resource could not be found.\n\n No resource provider with uuid 64e2a133-cf13-485f-9a8c-2723129b67d4 found for delete ", "request_id": "req-a5fdba8f-8af7-4493-a30a-4d291093d0a6"}]}
2026-04-16 23:34:37.182 7 INFO neutron.services.segments.plugin [-] Segment 64e2a133-cf13-485f-9a8c-2723129b67d4 resource provider not found; error: Placement Client Error (4xx): {"errors": [{"status": 404, "title": "Not Found", "detail": "The resource could not be found.\n\n No resource provider with uuid 64e2a133-cf13-485f-9a8c-2723129b67d4 found for delete ", "request_id": "req-c71c419e-ddac-4891-ab64-bba907c32c3d"}]} [pid: 8|app: 0|req: 826/1576] 10.0.0.141 () {34 vars in 989 bytes} [Thu Apr 16 23:34:37 2026] GET /v2.0/ports?device_id=d0651cac-c18b-4d18-a175-5df4238bcbc8 => generated 12 bytes in 21 msecs (HTTP/1.1 200) 4 headers in 156 bytes (1 switches on core 0) [pid: 7|app: 0|req: 751/1577] 10.0.0.115 () {32 vars in 725 bytes} [Thu Apr 16 23:34:36 2026] DELETE /v2.0/networks/65ab9949-7fd5-49cc-a9d2-8668e5e48c7d => generated 0 bytes in 450 msecs (HTTP/1.1 204) 3 headers in 131 bytes (1 switches on core 0)
2026-04-16 23:34:37.400 8 INFO neutron_taas.services.taas.taas_plugin [None req-50045b00-5932-4686-97fa-3e7719a62437 69bfec67fb1e450da3f2dc616ba762f0 e39b6cbec51541e6a8bda44033930b8e - - default default] TaaS: Handle Delete Port: 918b8f28-1ff4-451a-9528-e1590fd46fd6
2026-04-16 23:34:37.403 8 INFO neutron_taas.services.taas.tap_mirror_plugin [None req-50045b00-5932-4686-97fa-3e7719a62437 69bfec67fb1e450da3f2dc616ba762f0 e39b6cbec51541e6a8bda44033930b8e - - default default] Tap Mirror: Handle Delete Port: 918b8f28-1ff4-451a-9528-e1590fd46fd6 [pid: 8|app: 0|req: 827/1578] 10.0.0.115 () {32 vars in 725 bytes} [Thu Apr 16 23:34:37 2026] DELETE /v2.0/networks/12583a85-47f4-40e5-b94d-9921dc4655ad => generated 0 bytes in 484 msecs (HTTP/1.1 204) 3 headers in 131 bytes (1 switches on core 0)
2026-04-16 23:34:37.774 7 INFO neutron.plugins.ml2.drivers.ovn.mech_driver.mech_driver [None req-f60cf66e-7586-4958-a8c3-e4aa9b0091d2 - - - - - -] OVN reports status down for port: 6e22664a-febf-41e0-8a1a-23d881dded93
2026-04-16 23:34:37.848 7 WARNING neutron.plugins.ml2.drivers.ovn.mech_driver.ovsdb.ovn_client [None req-f60cf66e-7586-4958-a8c3-e4aa9b0091d2 - - - - - -] Logical_Switch_Port %s host information not removed, the port state is up
2026-04-16 23:34:37.848 7 INFO neutron.plugins.ml2.drivers.ovn.mech_driver.mech_driver [None req-f60cf66e-7586-4958-a8c3-e4aa9b0091d2 - - - - - -] OVN reports status up for port: 6e22664a-febf-41e0-8a1a-23d881dded93
2026-04-16 23:34:37.884 7 INFO neutron.plugins.ml2.plugin [None req-f60cf66e-7586-4958-a8c3-e4aa9b0091d2 - - - - - -] Attempt 1 to provision port 6e22664a-febf-41e0-8a1a-23d881dded93 [pid: 7|app: 0|req: 752/1579] 10.0.0.141 () {34 vars in 981 bytes} [Thu Apr 16 23:34:37 2026] GET /v2.0/networks?id=46a0f9a9-d307-4d58-98db-87aff866569a => generated 715 bytes in 71 msecs (HTTP/1.1 200) 4 headers in 157 bytes (1 switches on core 0) [pid: 8|app: 0|req: 828/1580] 10.0.0.141 () {34 vars in 964 bytes} [Thu Apr 16 23:34:37 2026] GET /v2.0/quotas/976797bb4d5742aaa09ea2ffbd3e0bb8 => generated 292 bytes in 13 msecs (HTTP/1.1 200) 4 headers in 157 bytes (1 switches on core 0) [pid: 7|app: 0|req: 753/1581] 10.0.0.141 () {34 vars in 1001 bytes} [Thu Apr 16 23:34:37 2026] GET /v2.0/ports?tenant_id=976797bb4d5742aaa09ea2ffbd3e0bb8&fields=id => generated 103 bytes in 124 msecs (HTTP/1.1 200) 4 headers in 157 bytes (1 switches on core 0) [pid: 8|app: 0|req: 829/1582] 10.0.0.141 () {34 vars in 1007 bytes} [Thu Apr 16 23:34:38 2026] GET /v2.0/networks/46a0f9a9-d307-4d58-98db-87aff866569a?fields=segments => generated 14 bytes in 46 msecs (HTTP/1.1 200) 4 headers in 156 bytes (1 switches on core 0) [pid: 7|app: 0|req: 754/1583] 10.0.0.141 () {34 vars in 1107 bytes} [Thu Apr 16 23:34:38 2026] GET /v2.0/networks/46a0f9a9-d307-4d58-98db-87aff866569a?fields=provider%3Aphysical_network&fields=provider%3Anetwork_type => generated 79 bytes in 65 msecs (HTTP/1.1 200) 4 headers in 156 bytes (1 switches on core 0) [pid: 8|app: 0|req: 830/1584] 10.0.0.141 () {34 vars in 989 bytes} [Thu Apr 16 23:34:38 2026] GET /v2.0/ports?device_id=d0651cac-c18b-4d18-a175-5df4238bcbc8 => generated 12 bytes in 23 msecs (HTTP/1.1 200) 4 headers in 156 bytes (1 switches on core 0) [pid: 7|app: 0|req: 755/1585] 10.0.0.141 () {34 vars in 989 bytes} [Thu Apr 16 23:34:38 2026] GET /v2.0/ports?device_id=a95b6eaa-b9cd-463c-9fec-c3c05cd52e4d => generated 12 bytes in 38 msecs (HTTP/1.1 200) 4 headers in 156 bytes (1 switches on core 0)
2026-04-16 23:34:38.398 8 INFO neutron.services.segments.plugin [-] Segment 8bf6cd4c-c773-4172-b21a-43ced84e5314 resource provider aggregate not found
2026-04-16 23:34:38.403 8 INFO neutron.services.segments.plugin [-] Segment 8bf6cd4c-c773-4172-b21a-43ced84e5314 resource provider aggregate not found
2026-04-16 23:34:38.414 8 INFO neutron.services.segments.plugin [-] Segment 8bf6cd4c-c773-4172-b21a-43ced84e5314 resource provider not found; error: Placement Client Error (4xx): {"errors": [{"status": 404, "title": "Not Found", "detail": "The resource could not be found.\n\n No resource provider with uuid 8bf6cd4c-c773-4172-b21a-43ced84e5314 found for delete ", "request_id": "req-8a6718ee-d586-4ac9-bd5c-4588596ade08"}]}
2026-04-16 23:34:38.419 8 INFO neutron.services.segments.plugin [-] Segment 8bf6cd4c-c773-4172-b21a-43ced84e5314 resource provider not found; error: Placement Client Error (4xx): {"errors": [{"status": 404, "title": "Not Found", "detail": "The resource could not be found.\n\n No resource provider with uuid 8bf6cd4c-c773-4172-b21a-43ced84e5314 found for delete ", "request_id": "req-ac1ad5cf-1bb8-4ed5-915a-63d1eca7cce3"}]}
2026-04-16 23:34:38.432 7 INFO neutron.db.ovn_revision_numbers_db [None req-f60cf66e-7586-4958-a8c3-e4aa9b0091d2 - - - - - -] Successfully bumped revision number for resource 6e22664a-febf-41e0-8a1a-23d881dded93 (type: ports) to 2 [pid: 7|app: 0|req: 756/1586] 10.0.0.115 () {32 vars in 773 bytes} [Thu Apr 16 23:34:38 2026] GET /v2.0/security-groups?tenant_id=e39b6cbec51541e6a8bda44033930b8e&name=default => generated 2925 bytes in 81 msecs (HTTP/1.1 200) 4 headers in 158 bytes (1 switches on core 0)
2026-04-16 23:34:39.067 8 INFO neutron.db.ovn_revision_numbers_db [None req-8a1d6d27-d6e0-45cb-b928-9040b2dda90b df3e0366bbd14d8abf7de685ad8e17fd 945fb4ec8b434da4ae2090a84063e350 - - default default] Successfully bumped revision number for resource 1673cfe3-2545-43f3-be40-7d882c57acb2 (type: security_groups) to 1
2026-04-16 23:34:39.085 8 INFO neutron.db.ovn_revision_numbers_db [None req-8a1d6d27-d6e0-45cb-b928-9040b2dda90b df3e0366bbd14d8abf7de685ad8e17fd 945fb4ec8b434da4ae2090a84063e350 - - default default] Successfully bumped revision number for resource 7f65c539-0940-4312-a7ab-f93751da0cda (type: security_group_rules) to 0
2026-04-16 23:34:39.135 8 INFO neutron.db.ovn_revision_numbers_db [None req-8a1d6d27-d6e0-45cb-b928-9040b2dda90b df3e0366bbd14d8abf7de685ad8e17fd 945fb4ec8b434da4ae2090a84063e350 - - default default] Successfully bumped revision number for resource 9ff65e61-c981-4e79-b1aa-7240506a7c37 (type: security_group_rules) to 0
