2026-04-16 23:41:52.792 7 INFO neutron.notifiers.nova [-] Nova event matching ['req-0c13bb90-952c-4971-9836-8fb9a024ce12'] response: {'name': 'network-changed', 'server_uuid': '8e950b48-e467-4698-8939-6202f24b3b09', 'tag': 'ad09c4a9-4255-41f8-ac92-0ecc50105aff', 'status': 'completed', 'code': 200} [pid: 8|app: 0|req: 1687/3409] 10.0.0.18 () {28 vars in 577 bytes} [Thu Apr 16 23:41:52 2026] GET /v2.0/ports => generated 16404 bytes in 155 msecs (HTTP/1.1 200) 4 headers in 159 bytes (1 switches on core 0) [pid: 7|app: 0|req: 1723/3410] 10.0.0.18 () {28 vars in 581 bytes} [Thu Apr 16 23:41:52 2026] GET /v2.0/routers => generated 966 bytes in 65 msecs (HTTP/1.1 200) 4 headers in 157 bytes (1 switches on core 0) [pid: 7|app: 0|req: 1724/3411] 10.0.0.18 () {28 vars in 622 bytes} [Thu Apr 16 23:41:52 2026] GET /v2.0/agents?binary=ovn-controller => generated 416 bytes in 24 msecs (HTTP/1.1 200) 4 headers in 157 bytes (1 switches on core 0) [pid: 7|app: 0|req: 1725/3412] 10.0.0.18 () {28 vars in 617 bytes} [Thu Apr 16 23:41:52 2026] GET /v2.0/network-ip-availabilities => generated 3187 bytes in 15 msecs (HTTP/1.1 200) 4 headers in 158 bytes (1 switches on core 0) [pid: 8|app: 0|req: 1688/3413] 10.0.0.141 () {34 vars in 989 bytes} [Thu Apr 16 23:41:52 2026] GET /v2.0/ports?device_id=8e950b48-e467-4698-8939-6202f24b3b09 => generated 1200 bytes in 119 msecs (HTTP/1.1 200) 4 headers in 158 bytes (1 switches on core 0) [pid: 7|app: 0|req: 1726/3414] 10.0.0.18 () {28 vars in 597 bytes} [Thu Apr 16 23:41:53 2026] GET /v2.0/security-groups => generated 28652 bytes in 40 msecs (HTTP/1.1 200) 4 headers in 159 bytes (1 switches on core 0) [pid: 8|app: 0|req: 1689/3415] 10.0.0.141 () {34 vars in 1039 bytes} [Thu Apr 16 23:41:53 2026] GET /v2.0/security-groups?id=b5fe9faa-513f-43c5-bcad-529d1bbb1ced&fields=id&fields=name => generated 111 bytes in 32 msecs (HTTP/1.1 200) 4 headers in 157 bytes (1 switches on core 0) [pid: 7|app: 0|req: 1727/3416] 10.0.0.18 () {28 vars in 581 bytes} [Thu Apr 16 23:41:53 2026] GET /v2.0/subnets => generated 5511 bytes in 46 msecs (HTTP/1.1 200) 4 headers in 158 bytes (1 switches on core 0) [pid: 8|app: 0|req: 1690/3417] 10.0.0.18 () {28 vars in 579 bytes} [Thu Apr 16 23:41:53 2026] GET /v2.0/agents => generated 1214 bytes in 29 msecs (HTTP/1.1 200) 4 headers in 158 bytes (1 switches on core 0)
2026-04-16 23:41:53.181 8 INFO neutron.notifiers.nova [-] Nova event matching ['req-0d2c2296-689d-4c06-861d-b14096240a9f'] response: {'server_uuid': '11cb3001-74f7-4047-8b94-e9d692034f13', 'name': 'network-vif-unplugged', 'status': 'completed', 'tag': '36794f0c-b8cc-473d-a75b-2d3246b37cce', 'code': 200}
2026-04-16 23:41:53.181 8 INFO neutron.notifiers.nova [-] Nova event matching ['req-0d2c2296-689d-4c06-861d-b14096240a9f'] response: {'server_uuid': '11cb3001-74f7-4047-8b94-e9d692034f13', 'name': 'network-vif-deleted', 'tag': '36794f0c-b8cc-473d-a75b-2d3246b37cce', 'status': 'completed', 'code': 200} [pid: 7|app: 0|req: 1728/3418] 10.0.0.18 () {28 vars in 589 bytes} [Thu Apr 16 23:41:53 2026] GET /v2.0/floatingips => generated 860 bytes in 42 msecs (HTTP/1.1 200) 4 headers in 157 bytes (1 switches on core 0) [pid: 8|app: 0|req: 1691/3419] 10.0.0.18 () {28 vars in 583 bytes} [Thu Apr 16 23:41:53 2026] GET /v2.0/networks => generated 4773 bytes in 64 msecs (HTTP/1.1 200) 4 headers in 158 bytes (1 switches on core 0) [pid: 7|app: 0|req: 1729/3420] 10.0.0.18 () {28 vars in 581 bytes} [Thu Apr 16 23:41:53 2026] GET /v2.0/subnets => generated 5511 bytes in 48 msecs (HTTP/1.1 200) 4 headers in 158 bytes (1 switches on core 0) [pid: 8|app: 0|req: 1692/3421] 199.204.45.240 () {34 vars in 1079 bytes} [Thu Apr 16 23:41:53 2026] GET /v2.0/ports?tenant_id=011d19622c6943eb9e77da154ec07602&device_id=8e950b48-e467-4698-8939-6202f24b3b09 => generated 1438 bytes in 38 msecs (HTTP/1.1 200) 4 headers in 158 bytes (1 switches on core 0) [pid: 7|app: 0|req: 1730/3422] 10.0.0.18 () {28 vars in 589 bytes} [Thu Apr 16 23:41:53 2026] GET /v2.0/subnetpools => generated 19 bytes in 13 msecs (HTTP/1.1 200) 4 headers in 156 bytes (1 switches on core 0) [pid: 8|app: 0|req: 1693/3423] 199.204.45.240 () {34 vars in 985 bytes} [Thu Apr 16 23:41:53 2026] GET /v2.0/networks?id=d531a89c-6f15-48f8-b2be-79854c1c5281 => generated 842 bytes in 48 msecs (HTTP/1.1 200) 4 headers in 157 bytes (1 switches on core 0) [pid: 7|app: 0|req: 1731/3424] 199.204.45.240 () {34 vars in 1055 bytes} [Thu Apr 16 23:41:53 2026] GET /v2.0/floatingips?fixed_ip_address=10.2.2.19&port_id=ad09c4a9-4255-41f8-ac92-0ecc50105aff => generated 19 bytes in 22 msecs (HTTP/1.1 200) 4 headers in 156 bytes (1 switches on core 0) [pid: 8|app: 0|req: 1694/3425] 199.204.45.240 () {34 vars in 1105 bytes} [Thu Apr 16 23:41:53 2026] GET /v2.0/floatingips?fixed_ip_address=fd77%3A1457%3A4cf0%3A26a8%3A%3A1a3&port_id=ad09c4a9-4255-41f8-ac92-0ecc50105aff => generated 19 bytes in 21 msecs (HTTP/1.1 200) 4 headers in 156 bytes (1 switches on core 0) [pid: 7|app: 0|req: 1732/3426] 199.204.45.240 () {34 vars in 1063 bytes} [Thu Apr 16 23:41:53 2026] GET /v2.0/subnets?id=60bd6bda-9a54-4bf8-a80b-fb66eab27bed&id=01d88b34-abf8-4044-b351-3d19df7b205c => generated 1413 bytes in 40 msecs (HTTP/1.1 200) 4 headers in 158 bytes (1 switches on core 0) [pid: 8|app: 0|req: 1695/3427] 199.204.45.240 () {34 vars in 1051 bytes} [Thu Apr 16 23:41:53 2026] GET /v2.0/ports?network_id=d531a89c-6f15-48f8-b2be-79854c1c5281&device_owner=network%3Adhcp => generated 12 bytes in 20 msecs (HTTP/1.1 200) 4 headers in 156 bytes (1 switches on core 0) [pid: 7|app: 0|req: 1733/3428] 199.204.45.240 () {34 vars in 1051 bytes} [Thu Apr 16 23:41:53 2026] GET /v2.0/ports?network_id=d531a89c-6f15-48f8-b2be-79854c1c5281&device_owner=network%3Adhcp => generated 12 bytes in 24 msecs (HTTP/1.1 200) 4 headers in 156 bytes (1 switches on core 0) [pid: 8|app: 0|req: 1696/3429] 199.204.45.240 () {34 vars in 1011 bytes} [Thu Apr 16 23:41:53 2026] GET /v2.0/networks/d531a89c-6f15-48f8-b2be-79854c1c5281?fields=segments => generated 14 bytes in 44 msecs (HTTP/1.1 200) 4 headers in 156 bytes (1 switches on core 0) [pid: 7|app: 0|req: 1734/3430] 199.204.45.240 () {34 vars in 1111 bytes} [Thu Apr 16 23:41:53 2026] GET /v2.0/networks/d531a89c-6f15-48f8-b2be-79854c1c5281?fields=provider%3Aphysical_network&fields=provider%3Anetwork_type => generated 79 bytes in 49 msecs (HTTP/1.1 200) 4 headers in 156 bytes (1 switches on core 0)
2026-04-16 23:41:53.994 8 INFO neutron.plugins.ml2.drivers.ovn.mech_driver.mech_driver [None req-a7e2c43d-17d1-4059-88d9-ff33e0c7a586 - - - - - -] OVN reports status down for port: ad09c4a9-4255-41f8-ac92-0ecc50105aff
2026-04-16 23:41:54.252 8 INFO neutron.db.ovn_revision_numbers_db [None req-a7e2c43d-17d1-4059-88d9-ff33e0c7a586 - - - - - -] Successfully bumped revision number for resource ad09c4a9-4255-41f8-ac92-0ecc50105aff (type: ports) to 6 /var/lib/openstack/lib/python3.12/site-packages/pycadf/identifier.py:70: UserWarning: Invalid uuid: neutron. To ensure interoperability, identifiers should be a valid uuid. warnings.warn(('Invalid uuid: %s. To ensure interoperability, ' [pid: 8|app: 0|req: 1697/3431] 199.204.45.240 () {34 vars in 993 bytes} [Thu Apr 16 23:41:55 2026] GET /v2.0/ports?device_id=8e950b48-e467-4698-8939-6202f24b3b09 => generated 1198 bytes in 47 msecs (HTTP/1.1 200) 4 headers in 158 bytes (1 switches on core 0)
2026-04-16 23:41:55.228 8 INFO neutron.notifiers.nova [-] Nova event matching ['req-5fb33870-1d3c-4f24-b1a9-c9591e1b71b8'] response: {'server_uuid': '8e950b48-e467-4698-8939-6202f24b3b09', 'name': 'network-vif-unplugged', 'status': 'completed', 'tag': 'ad09c4a9-4255-41f8-ac92-0ecc50105aff', 'code': 200}
2026-04-16 23:41:55.229 8 INFO neutron.notifiers.nova [-] Nova event matching ['req-5fb33870-1d3c-4f24-b1a9-c9591e1b71b8'] response: {'server_uuid': '8e950b48-e467-4698-8939-6202f24b3b09', 'name': 'network-vif-unplugged', 'status': 'completed', 'tag': 'ad09c4a9-4255-41f8-ac92-0ecc50105aff', 'code': 200}
2026-04-16 23:41:55.411 7 INFO neutron_taas.services.taas.taas_plugin [req-fa4fc6ee-1108-419e-9c57-9c96b099eed5 req-5d5a3ceb-a5ec-40c7-8f65-6f299fddbee8 dfdf5c2b77f7493e9fea7f2aeaa3e7cc 011d19622c6943eb9e77da154ec07602 - - default default] TaaS: Handle Delete Port: ad09c4a9-4255-41f8-ac92-0ecc50105aff
2026-04-16 23:41:55.414 7 INFO neutron_taas.services.taas.tap_mirror_plugin [req-fa4fc6ee-1108-419e-9c57-9c96b099eed5 req-5d5a3ceb-a5ec-40c7-8f65-6f299fddbee8 dfdf5c2b77f7493e9fea7f2aeaa3e7cc 011d19622c6943eb9e77da154ec07602 - - default default] Tap Mirror: Handle Delete Port: ad09c4a9-4255-41f8-ac92-0ecc50105aff [pid: 7|app: 0|req: 1735/3432] 199.204.45.240 () {36 vars in 996 bytes} [Thu Apr 16 23:41:55 2026] DELETE /v2.0/ports/ad09c4a9-4255-41f8-ac92-0ecc50105aff => generated 0 bytes in 394 msecs (HTTP/1.1 204) 3 headers in 131 bytes (1 switches on core 0)
2026-04-16 23:41:55.656 7 INFO neutron.notifiers.nova [-] Nova event matching ['req-d4dde245-8197-4c7d-b031-ff5a5147cdb8'] response: {'server_uuid': '8e950b48-e467-4698-8939-6202f24b3b09', 'name': 'network-vif-deleted', 'tag': 'ad09c4a9-4255-41f8-ac92-0ecc50105aff', 'status': 'completed', 'code': 200} [pid: 7|app: 0|req: 1737/3435] 10.0.0.141 () {34 vars in 989 bytes} [Thu Apr 16 23:41:58 2026] GET /v2.0/ports?device_id=8e950b48-e467-4698-8939-6202f24b3b09 => generated 12 bytes in 492 msecs (HTTP/1.1 200) 4 headers in 156 bytes (1 switches on core 0)
2026-04-16 23:42:03.855 8 INFO neutron_taas.services.taas.taas_plugin [None req-633c3cfb-d31b-47ac-bf14-85b9d7ff4a53 dfdf5c2b77f7493e9fea7f2aeaa3e7cc 011d19622c6943eb9e77da154ec07602 - - default default] TaaS: Handle Delete Port: cdd74b74-f67d-4bdf-b6e5-ac464056c525
2026-04-16 23:42:03.859 8 INFO neutron_taas.services.taas.tap_mirror_plugin [None req-633c3cfb-d31b-47ac-bf14-85b9d7ff4a53 dfdf5c2b77f7493e9fea7f2aeaa3e7cc 011d19622c6943eb9e77da154ec07602 - - default default] Tap Mirror: Handle Delete Port: cdd74b74-f67d-4bdf-b6e5-ac464056c525
2026-04-16 23:42:04.142 8 INFO neutron.db.l3_db [None req-633c3cfb-d31b-47ac-bf14-85b9d7ff4a53 dfdf5c2b77f7493e9fea7f2aeaa3e7cc 011d19622c6943eb9e77da154ec07602 - - default default] Floating IP feead04e-403b-426b-8966-97629b5b8993 disassociated (deleted). External IP: 10.96.250.204, port: 299b8aa2-91ed-4421-aeb1-f7d323038b83. [pid: 8|app: 0|req: 1699/3436] 10.0.0.115 () {32 vars in 731 bytes} [Thu Apr 16 23:42:03 2026] DELETE /v2.0/floatingips/feead04e-403b-426b-8966-97629b5b8993 => generated 0 bytes in 485 msecs (HTTP/1.1 204) 2 headers in 112 bytes (1 switches on core 0)
2026-04-16 23:42:04.205 7 INFO neutron.api.v2.resource [None req-a3e1a636-b11c-4947-ba20-b36f0fe7b3b5 dfdf5c2b77f7493e9fea7f2aeaa3e7cc 011d19622c6943eb9e77da154ec07602 - - default default] show failed (client error): The resource could not be found. [pid: 7|app: 0|req: 1738/3437] 10.0.0.115 () {32 vars in 728 bytes} [Thu Apr 16 23:42:04 2026] GET /v2.0/floatingips/feead04e-403b-426b-8966-97629b5b8993 => generated 144 bytes in 19 msecs (HTTP/1.1 404) 4 headers in 164 bytes (1 switches on core 0)
2026-04-16 23:42:04.221 8 INFO neutron.notifiers.nova [-] Nova event matching ['req-a9577de3-b27e-4588-8185-1333fbf183b6'] response: {'name': 'network-changed', 'server_uuid': '10fb4139-e0cd-46bf-9580-dc24cbafb25c', 'tag': '299b8aa2-91ed-4421-aeb1-f7d323038b83', 'status': 'completed', 'code': 200} /var/lib/openstack/lib/python3.12/site-packages/pycadf/identifier.py:70: UserWarning: Invalid uuid: neutron. To ensure interoperability, identifiers should be a valid uuid. warnings.warn(('Invalid uuid: %s. To ensure interoperability, ' [pid: 8|app: 0|req: 1700/3438] 10.0.0.141 () {34 vars in 989 bytes} [Thu Apr 16 23:42:04 2026] GET /v2.0/ports?device_id=10fb4139-e0cd-46bf-9580-dc24cbafb25c => generated 1196 bytes in 89 msecs (HTTP/1.1 200) 4 headers in 158 bytes (1 switches on core 0) [pid: 7|app: 0|req: 1739/3439] 10.0.0.141 () {34 vars in 1039 bytes} [Thu Apr 16 23:42:04 2026] GET /v2.0/security-groups?id=b5fe9faa-513f-43c5-bcad-529d1bbb1ced&fields=id&fields=name => generated 111 bytes in 33 msecs (HTTP/1.1 200) 4 headers in 157 bytes (1 switches on core 0) [pid: 8|app: 0|req: 1701/3440] 199.204.45.240 () {34 vars in 1079 bytes} [Thu Apr 16 23:42:04 2026] GET /v2.0/ports?tenant_id=011d19622c6943eb9e77da154ec07602&device_id=10fb4139-e0cd-46bf-9580-dc24cbafb25c => generated 1434 bytes in 41 msecs (HTTP/1.1 200) 4 headers in 158 bytes (1 switches on core 0) [pid: 7|app: 0|req: 1740/3441] 199.204.45.240 () {34 vars in 985 bytes} [Thu Apr 16 23:42:04 2026] GET /v2.0/networks?id=6849dc69-2328-430d-8215-82a439a5654c => generated 842 bytes in 49 msecs (HTTP/1.1 200) 4 headers in 157 bytes (1 switches on core 0) [pid: 8|app: 0|req: 1702/3442] 199.204.45.240 () {34 vars in 1057 bytes} [Thu Apr 16 23:42:04 2026] GET /v2.0/floatingips?fixed_ip_address=10.2.1.150&port_id=299b8aa2-91ed-4421-aeb1-f7d323038b83 => generated 19 bytes in 19 msecs (HTTP/1.1 200) 4 headers in 156 bytes (1 switches on core 0) [pid: 7|app: 0|req: 1741/3443] 199.204.45.240 () {34 vars in 1101 bytes} [Thu Apr 16 23:42:04 2026] GET /v2.0/floatingips?fixed_ip_address=fd7b%3Af9f7%3Afff%3A4eca%3A%3Ab6&port_id=299b8aa2-91ed-4421-aeb1-f7d323038b83 => generated 19 bytes in 22 msecs (HTTP/1.1 200) 4 headers in 156 bytes (1 switches on core 0) [pid: 8|app: 0|req: 1703/3444] 199.204.45.240 () {34 vars in 1063 bytes} [Thu Apr 16 23:42:04 2026] GET /v2.0/subnets?id=425dc1de-bdea-4ab3-9185-259e88fc56c0&id=fde1974e-342d-4508-b06a-92240fc200b7 => generated 1410 bytes in 30 msecs (HTTP/1.1 200) 4 headers in 158 bytes (1 switches on core 0) [pid: 7|app: 0|req: 1742/3445] 199.204.45.240 () {34 vars in 1051 bytes} [Thu Apr 16 23:42:04 2026] GET /v2.0/ports?network_id=6849dc69-2328-430d-8215-82a439a5654c&device_owner=network%3Adhcp => generated 12 bytes in 19 msecs (HTTP/1.1 200) 4 headers in 156 bytes (1 switches on core 0) [pid: 8|app: 0|req: 1704/3446] 199.204.45.240 () {34 vars in 1051 bytes} [Thu Apr 16 23:42:04 2026] GET /v2.0/ports?network_id=6849dc69-2328-430d-8215-82a439a5654c&device_owner=network%3Adhcp => generated 12 bytes in 19 msecs (HTTP/1.1 200) 4 headers in 156 bytes (1 switches on core 0) [pid: 7|app: 0|req: 1743/3447] 199.204.45.240 () {34 vars in 1011 bytes} [Thu Apr 16 23:42:04 2026] GET /v2.0/networks/6849dc69-2328-430d-8215-82a439a5654c?fields=segments => generated 14 bytes in 40 msecs (HTTP/1.1 200) 4 headers in 156 bytes (1 switches on core 0) [pid: 8|app: 0|req: 1705/3448] 199.204.45.240 () {34 vars in 1111 bytes} [Thu Apr 16 23:42:05 2026] GET /v2.0/networks/6849dc69-2328-430d-8215-82a439a5654c?fields=provider%3Aphysical_network&fields=provider%3Anetwork_type => generated 79 bytes in 46 msecs (HTTP/1.1 200) 4 headers in 156 bytes (1 switches on core 0)
2026-04-16 23:42:05.405 7 INFO neutron.plugins.ml2.drivers.ovn.mech_driver.mech_driver [None req-eac0279c-4396-49c2-9f7c-74310a8e2124 - - - - - -] OVN reports status down for port: 299b8aa2-91ed-4421-aeb1-f7d323038b83
2026-04-16 23:42:05.547 7 INFO neutron.notifiers.nova [-] Nova event matching ['req-9499e9c7-4755-422a-b79b-9cead1973b5b'] response: {'server_uuid': '10fb4139-e0cd-46bf-9580-dc24cbafb25c', 'name': 'network-vif-unplugged', 'status': 'completed', 'tag': '299b8aa2-91ed-4421-aeb1-f7d323038b83', 'code': 200}
2026-04-16 23:42:05.675 7 INFO neutron.db.ovn_revision_numbers_db [None req-eac0279c-4396-49c2-9f7c-74310a8e2124 - - - - - -] Successfully bumped revision number for resource 299b8aa2-91ed-4421-aeb1-f7d323038b83 (type: ports) to 6 /var/lib/openstack/lib/python3.12/site-packages/pycadf/identifier.py:70: UserWarning: Invalid uuid: neutron. To ensure interoperability, identifiers should be a valid uuid. warnings.warn(('Invalid uuid: %s. To ensure interoperability, ' [pid: 7|app: 0|req: 1744/3449] 199.204.45.240 () {34 vars in 993 bytes} [Thu Apr 16 23:42:06 2026] GET /v2.0/ports?device_id=10fb4139-e0cd-46bf-9580-dc24cbafb25c => generated 1194 bytes in 81 msecs (HTTP/1.1 200) 4 headers in 158 bytes (1 switches on core 0)
2026-04-16 23:42:06.819 8 INFO neutron_taas.services.taas.taas_plugin [req-5fbf7446-caa7-4aca-9c4d-f16f4e1630fa req-782cd3f1-34fe-495a-818c-14cf3be43785 dfdf5c2b77f7493e9fea7f2aeaa3e7cc 011d19622c6943eb9e77da154ec07602 - - default default] TaaS: Handle Delete Port: 299b8aa2-91ed-4421-aeb1-f7d323038b83
2026-04-16 23:42:06.822 8 INFO neutron_taas.services.taas.tap_mirror_plugin [req-5fbf7446-caa7-4aca-9c4d-f16f4e1630fa req-782cd3f1-34fe-495a-818c-14cf3be43785 dfdf5c2b77f7493e9fea7f2aeaa3e7cc 011d19622c6943eb9e77da154ec07602 - - default default] Tap Mirror: Handle Delete Port: 299b8aa2-91ed-4421-aeb1-f7d323038b83 [pid: 8|app: 0|req: 1706/3450] 199.204.45.240 () {36 vars in 996 bytes} [Thu Apr 16 23:42:06 2026] DELETE /v2.0/ports/299b8aa2-91ed-4421-aeb1-f7d323038b83 => generated 0 bytes in 334 msecs (HTTP/1.1 204) 3 headers in 131 bytes (1 switches on core 0)
2026-04-16 23:42:07.058 8 INFO neutron.notifiers.nova [-] Nova event matching ['req-f3d1f690-b61c-4e5d-a87d-e8d8adbcf0a4'] response: {'server_uuid': '10fb4139-e0cd-46bf-9580-dc24cbafb25c', 'name': 'network-vif-deleted', 'tag': '299b8aa2-91ed-4421-aeb1-f7d323038b83', 'status': 'completed', 'code': 200}
2026-04-16 23:42:07.587 7 INFO neutron.notifiers.nova [-] Nova event matching ['req-867030f0-b4f6-4779-9ce7-41aaedf091eb'] response: {'server_uuid': '10fb4139-e0cd-46bf-9580-dc24cbafb25c', 'name': 'network-vif-unplugged', 'status': 'completed', 'tag': '299b8aa2-91ed-4421-aeb1-f7d323038b83', 'code': 200} [pid: 7|app: 0|req: 1745/3451] 10.0.0.141 () {34 vars in 989 bytes} [Thu Apr 16 23:42:09 2026] GET /v2.0/ports?device_id=10fb4139-e0cd-46bf-9580-dc24cbafb25c => generated 12 bytes in 21 msecs (HTTP/1.1 200) 4 headers in 156 bytes (1 switches on core 0) [pid: 7|app: 0|req: 1747/3454] 10.0.0.115 () {32 vars in 749 bytes} [Thu Apr 16 23:42:14 2026] DELETE /v2.0/security-group-rules/4299d0f8-4d39-4c98-8292-609edcc3f2a5 => generated 0 bytes in 203 msecs (HTTP/1.1 204) 2 headers in 112 bytes (1 switches on core 0)
2026-04-16 23:42:14.866 8 INFO neutron.api.v2.resource [None req-07fa906a-84a3-4112-acbd-8879f6dff1f7 dfdf5c2b77f7493e9fea7f2aeaa3e7cc 011d19622c6943eb9e77da154ec07602 - - default default] show failed (client error): The resource could not be found. [pid: 8|app: 0|req: 1708/3455] 10.0.0.115 () {32 vars in 746 bytes} [Thu Apr 16 23:42:14 2026] GET /v2.0/security-group-rules/4299d0f8-4d39-4c98-8292-609edcc3f2a5 => generated 155 bytes in 13 msecs (HTTP/1.1 404) 4 headers in 164 bytes (1 switches on core 0) [pid: 7|app: 0|req: 1748/3456] 10.0.0.115 () {32 vars in 749 bytes} [Thu Apr 16 23:42:14 2026] DELETE /v2.0/security-group-rules/ec7429f3-fb66-474d-ad0a-9d7c56bc80a7 => generated 0 bytes in 164 msecs (HTTP/1.1 204) 2 headers in 112 bytes (1 switches on core 0)
2026-04-16 23:42:15.053 8 INFO neutron.api.v2.resource [None req-764ef78c-0d45-4c9b-b31c-fdb7858f58c8 dfdf5c2b77f7493e9fea7f2aeaa3e7cc 011d19622c6943eb9e77da154ec07602 - - default default] show failed (client error): The resource could not be found. [pid: 8|app: 0|req: 1709/3457] 10.0.0.115 () {32 vars in 746 bytes} [Thu Apr 16 23:42:15 2026] GET /v2.0/security-group-rules/ec7429f3-fb66-474d-ad0a-9d7c56bc80a7 => generated 155 bytes in 13 msecs (HTTP/1.1 404) 4 headers in 164 bytes (1 switches on core 0) [pid: 7|app: 0|req: 1749/3458] 10.0.0.115 () {32 vars in 749 bytes} [Thu Apr 16 23:42:15 2026] DELETE /v2.0/security-group-rules/b20a1f61-9915-4e63-9683-b4765eab6cdb => generated 0 bytes in 157 msecs (HTTP/1.1 204) 2 headers in 112 bytes (1 switches on core 0)
2026-04-16 23:42:15.234 8 INFO neutron.api.v2.resource [None req-586fb25c-748e-4c1c-967a-c875851cdbda dfdf5c2b77f7493e9fea7f2aeaa3e7cc 011d19622c6943eb9e77da154ec07602 - - default default] show failed (client error): The resource could not be found. [pid: 8|app: 0|req: 1710/3459] 10.0.0.115 () {32 vars in 746 bytes} [Thu Apr 16 23:42:15 2026] GET /v2.0/security-group-rules/b20a1f61-9915-4e63-9683-b4765eab6cdb => generated 155 bytes in 15 msecs (HTTP/1.1 404) 4 headers in 164 bytes (1 switches on core 0) [pid: 7|app: 0|req: 1750/3460] 10.0.0.115 () {32 vars in 749 bytes} [Thu Apr 16 23:42:15 2026] DELETE /v2.0/security-group-rules/ec77b678-752d-4b12-b200-7b9d7ccabf54 => generated 0 bytes in 163 msecs (HTTP/1.1 204) 2 headers in 112 bytes (1 switches on core 0)
2026-04-16 23:42:15.419 8 INFO neutron.api.v2.resource [None req-4b0f43b7-9265-4c4e-b8d0-d39c7617a1a5 dfdf5c2b77f7493e9fea7f2aeaa3e7cc 011d19622c6943eb9e77da154ec07602 - - default default] show failed (client error): The resource could not be found. [pid: 8|app: 0|req: 1711/3461] 10.0.0.115 () {32 vars in 746 bytes} [Thu Apr 16 23:42:15 2026] GET /v2.0/security-group-rules/ec77b678-752d-4b12-b200-7b9d7ccabf54 => generated 155 bytes in 12 msecs (HTTP/1.1 404) 4 headers in 164 bytes (1 switches on core 0) [pid: 7|app: 0|req: 1751/3462] 10.0.0.115 () {32 vars in 749 bytes} [Thu Apr 16 23:42:15 2026] DELETE /v2.0/security-group-rules/7a7632af-64f1-4fd9-95e1-3b30b7451cf7 => generated 0 bytes in 142 msecs (HTTP/1.1 204) 2 headers in 112 bytes (1 switches on core 0)
2026-04-16 23:42:15.584 8 INFO neutron.api.v2.resource [None req-471cc729-ee9f-47a8-8d83-66797a64dc55 dfdf5c2b77f7493e9fea7f2aeaa3e7cc 011d19622c6943eb9e77da154ec07602 - - default default] show failed (client error): The resource could not be found. [pid: 8|app: 0|req: 1712/3463] 10.0.0.115 () {32 vars in 746 bytes} [Thu Apr 16 23:42:15 2026] GET /v2.0/security-group-rules/7a7632af-64f1-4fd9-95e1-3b30b7451cf7 => generated 155 bytes in 13 msecs (HTTP/1.1 404) 4 headers in 164 bytes (1 switches on core 0) [pid: 7|app: 0|req: 1752/3464] 10.0.0.115 () {32 vars in 749 bytes} [Thu Apr 16 23:42:15 2026] DELETE /v2.0/security-group-rules/1b33cd90-37a1-42ae-8279-ef9bca7322b8 => generated 0 bytes in 156 msecs (HTTP/1.1 204) 2 headers in 112 bytes (1 switches on core 0)
2026-04-16 23:42:15.761 8 INFO neutron.api.v2.resource [None req-0e212362-3ba0-42f0-9c5c-c34da2b9b433 dfdf5c2b77f7493e9fea7f2aeaa3e7cc 011d19622c6943eb9e77da154ec07602 - - default default] show failed (client error): The resource could not be found. [pid: 8|app: 0|req: 1713/3465] 10.0.0.115 () {32 vars in 746 bytes} [Thu Apr 16 23:42:15 2026] GET /v2.0/security-group-rules/1b33cd90-37a1-42ae-8279-ef9bca7322b8 => generated 155 bytes in 11 msecs (HTTP/1.1 404) 4 headers in 164 bytes (1 switches on core 0) [pid: 7|app: 0|req: 1753/3466] 10.0.0.115 () {32 vars in 749 bytes} [Thu Apr 16 23:42:15 2026] DELETE /v2.0/security-group-rules/a8e8fadb-6d93-400f-b7fd-2ea268862a23 => generated 0 bytes in 186 msecs (HTTP/1.1 204) 2 headers in 112 bytes (1 switches on core 0)
2026-04-16 23:42:15.968 8 INFO neutron.api.v2.resource [None req-a80f3e2f-9fe0-4af6-90d0-ccfa5ca54dbe dfdf5c2b77f7493e9fea7f2aeaa3e7cc 011d19622c6943eb9e77da154ec07602 - - default default] show failed (client error): The resource could not be found. [pid: 8|app: 0|req: 1714/3467] 10.0.0.115 () {32 vars in 746 bytes} [Thu Apr 16 23:42:15 2026] GET /v2.0/security-group-rules/a8e8fadb-6d93-400f-b7fd-2ea268862a23 => generated 155 bytes in 12 msecs (HTTP/1.1 404) 4 headers in 164 bytes (1 switches on core 0) [pid: 7|app: 0|req: 1754/3468] 10.0.0.115 () {32 vars in 749 bytes} [Thu Apr 16 23:42:15 2026] DELETE /v2.0/security-group-rules/ecd2f6a2-4b3a-4b07-abfd-ea19648a4f0a => generated 0 bytes in 143 msecs (HTTP/1.1 204) 2 headers in 112 bytes (1 switches on core 0)
2026-04-16 23:42:16.137 8 INFO neutron.api.v2.resource [None req-cbb22f11-683a-41ad-971a-60ceec6969df dfdf5c2b77f7493e9fea7f2aeaa3e7cc 011d19622c6943eb9e77da154ec07602 - - default default] show failed (client error): The resource could not be found. [pid: 8|app: 0|req: 1715/3469] 10.0.0.115 () {32 vars in 746 bytes} [Thu Apr 16 23:42:16 2026] GET /v2.0/security-group-rules/ecd2f6a2-4b3a-4b07-abfd-ea19648a4f0a => generated 155 bytes in 16 msecs (HTTP/1.1 404) 4 headers in 164 bytes (1 switches on core 0) [pid: 7|app: 0|req: 1755/3470] 10.0.0.115 () {32 vars in 749 bytes} [Thu Apr 16 23:42:16 2026] DELETE /v2.0/security-group-rules/79bcf0e6-d418-49a3-a5af-156a61edaeff => generated 0 bytes in 111 msecs (HTTP/1.1 204) 2 headers in 112 bytes (1 switches on core 0)
2026-04-16 23:42:16.268 8 INFO neutron.api.v2.resource [None req-22b0132c-146e-4e56-8125-153faa54e8e7 dfdf5c2b77f7493e9fea7f2aeaa3e7cc 011d19622c6943eb9e77da154ec07602 - - default default] show failed (client error): The resource could not be found. [pid: 8|app: 0|req: 1716/3471] 10.0.0.115 () {32 vars in 746 bytes} [Thu Apr 16 23:42:16 2026] GET /v2.0/security-group-rules/79bcf0e6-d418-49a3-a5af-156a61edaeff => generated 155 bytes in 10 msecs (HTTP/1.1 404) 4 headers in 164 bytes (1 switches on core 0) [pid: 7|app: 0|req: 1756/3472] 10.0.0.115 () {32 vars in 749 bytes} [Thu Apr 16 23:42:16 2026] DELETE /v2.0/security-group-rules/54be410e-c11b-43d1-a96a-c56048fbb428 => generated 0 bytes in 152 msecs (HTTP/1.1 204) 2 headers in 112 bytes (1 switches on core 0)
2026-04-16 23:42:16.444 8 INFO neutron.api.v2.resource [None req-8e8e7466-0ff7-4bcd-8f00-9ec832214c78 dfdf5c2b77f7493e9fea7f2aeaa3e7cc 011d19622c6943eb9e77da154ec07602 - - default default] show failed (client error): The resource could not be found. [pid: 8|app: 0|req: 1717/3473] 10.0.0.115 () {32 vars in 746 bytes} [Thu Apr 16 23:42:16 2026] GET /v2.0/security-group-rules/54be410e-c11b-43d1-a96a-c56048fbb428 => generated 155 bytes in 14 msecs (HTTP/1.1 404) 4 headers in 164 bytes (1 switches on core 0) [pid: 7|app: 0|req: 1757/3474] 10.0.0.115 () {32 vars in 749 bytes} [Thu Apr 16 23:42:16 2026] DELETE /v2.0/security-group-rules/e4e1ab86-1bfc-4596-bcf1-252e9b6158ac => generated 0 bytes in 138 msecs (HTTP/1.1 204) 2 headers in 112 bytes (1 switches on core 0)
2026-04-16 23:42:16.608 8 INFO neutron.api.v2.resource [None req-df4185cd-8f6a-4724-befe-ca6296ebcb45 dfdf5c2b77f7493e9fea7f2aeaa3e7cc 011d19622c6943eb9e77da154ec07602 - - default default] show failed (client error): The resource could not be found. [pid: 8|app: 0|req: 1718/3475] 10.0.0.115 () {32 vars in 746 bytes} [Thu Apr 16 23:42:16 2026] GET /v2.0/security-group-rules/e4e1ab86-1bfc-4596-bcf1-252e9b6158ac => generated 155 bytes in 14 msecs (HTTP/1.1 404) 4 headers in 164 bytes (1 switches on core 0) [pid: 7|app: 0|req: 1758/3476] 10.0.0.115 () {32 vars in 739 bytes} [Thu Apr 16 23:42:16 2026] DELETE /v2.0/security-groups/b5fe9faa-513f-43c5-bcad-529d1bbb1ced => generated 0 bytes in 123 msecs (HTTP/1.1 204) 2 headers in 112 bytes (1 switches on core 0)
2026-04-16 23:42:16.754 8 INFO neutron.api.v2.resource [None req-5b15cb1f-21e5-4d49-8843-b863b4562b33 dfdf5c2b77f7493e9fea7f2aeaa3e7cc 011d19622c6943eb9e77da154ec07602 - - default default] show failed (client error): The resource could not be found. [pid: 8|app: 0|req: 1719/3477] 10.0.0.115 () {32 vars in 736 bytes} [Thu Apr 16 23:42:16 2026] GET /v2.0/security-groups/b5fe9faa-513f-43c5-bcad-529d1bbb1ced => generated 146 bytes in 16 msecs (HTTP/1.1 404) 4 headers in 164 bytes (1 switches on core 0)
2026-04-16 23:42:17.086 7 INFO neutron_taas.services.taas.taas_plugin [None req-c22b7746-e504-47a3-b554-24feb6b02396 dfdf5c2b77f7493e9fea7f2aeaa3e7cc 011d19622c6943eb9e77da154ec07602 - - default default] TaaS: Handle Delete Port: cd4cb7d6-582e-4437-a780-bb328cb9958c
2026-04-16 23:42:17.089 7 INFO neutron_taas.services.taas.tap_mirror_plugin [None req-c22b7746-e504-47a3-b554-24feb6b02396 dfdf5c2b77f7493e9fea7f2aeaa3e7cc 011d19622c6943eb9e77da154ec07602 - - default default] Tap Mirror: Handle Delete Port: cd4cb7d6-582e-4437-a780-bb328cb9958c [pid: 7|app: 0|req: 1759/3478] 10.0.0.115 () {34 vars in 788 bytes} [Thu Apr 16 23:42:16 2026] PUT /v2.0/routers/62adf23b-5611-4635-a193-0eb53cc8db26/remove_router_interface => generated 309 bytes in 848 msecs (HTTP/1.1 200) 4 headers in 157 bytes (1 switches on core 0)
2026-04-16 23:42:17.772 8 INFO neutron.api.v2.resource [None req-99f3e76e-3e60-497d-8156-6e504bade4f3 dfdf5c2b77f7493e9fea7f2aeaa3e7cc 011d19622c6943eb9e77da154ec07602 - - default default] remove_router_interface failed (client error): The resource could not be found. [pid: 8|app: 0|req: 1720/3479] 10.0.0.115 () {34 vars in 788 bytes} [Thu Apr 16 23:42:17 2026] PUT /v2.0/routers/62adf23b-5611-4635-a193-0eb53cc8db26/remove_router_interface => generated 198 bytes in 113 msecs (HTTP/1.1 404) 4 headers in 164 bytes (1 switches on core 0) /var/lib/openstack/lib/python3.12/site-packages/pycadf/identifier.py:70: UserWarning: Invalid uuid: neutron. To ensure interoperability, identifiers should be a valid uuid. warnings.warn(('Invalid uuid: %s. To ensure interoperability, '
2026-04-16 23:42:18.081 7 INFO neutron_taas.services.taas.taas_plugin [None req-3529c108-e62d-4895-b2f8-b8ee18bbe55b dfdf5c2b77f7493e9fea7f2aeaa3e7cc 011d19622c6943eb9e77da154ec07602 - - default default] TaaS: Handle Delete Port: f9fbb417-6dda-4d2d-b4c8-fca9e807268c
2026-04-16 23:42:18.087 7 INFO neutron_taas.services.taas.tap_mirror_plugin [None req-3529c108-e62d-4895-b2f8-b8ee18bbe55b dfdf5c2b77f7493e9fea7f2aeaa3e7cc 011d19622c6943eb9e77da154ec07602 - - default default] Tap Mirror: Handle Delete Port: f9fbb417-6dda-4d2d-b4c8-fca9e807268c [pid: 7|app: 0|req: 1760/3480] 10.0.0.115 () {34 vars in 788 bytes} [Thu Apr 16 23:42:17 2026] PUT /v2.0/routers/62adf23b-5611-4635-a193-0eb53cc8db26/remove_router_interface => generated 309 bytes in 890 msecs (HTTP/1.1 200) 4 headers in 157 bytes (1 switches on core 0)
2026-04-16 23:42:18.765 8 INFO neutron.api.v2.resource [None req-901ffd4d-a55f-464f-aeef-0a7abe709fb0 dfdf5c2b77f7493e9fea7f2aeaa3e7cc 011d19622c6943eb9e77da154ec07602 - - default default] remove_router_interface failed (client error): The resource could not be found. [pid: 8|app: 0|req: 1721/3481] 10.0.0.115 () {34 vars in 788 bytes} [Thu Apr 16 23:42:18 2026] PUT /v2.0/routers/62adf23b-5611-4635-a193-0eb53cc8db26/remove_router_interface => generated 198 bytes in 93 msecs (HTTP/1.1 404) 4 headers in 164 bytes (1 switches on core 0) /var/lib/openstack/lib/python3.12/site-packages/pycadf/identifier.py:70: UserWarning: Invalid uuid: neutron. To ensure interoperability, identifiers should be a valid uuid. warnings.warn(('Invalid uuid: %s. To ensure interoperability, '
2026-04-16 23:42:19.066 7 INFO neutron_taas.services.taas.taas_plugin [None req-4115ce1d-4907-460f-94ff-ac67aaa8562d dfdf5c2b77f7493e9fea7f2aeaa3e7cc 011d19622c6943eb9e77da154ec07602 - - default default] TaaS: Handle Delete Port: 15d8f343-9ce8-471a-9dd6-45d75d7fb7eb
2026-04-16 23:42:19.070 7 INFO neutron_taas.services.taas.tap_mirror_plugin [None req-4115ce1d-4907-460f-94ff-ac67aaa8562d dfdf5c2b77f7493e9fea7f2aeaa3e7cc 011d19622c6943eb9e77da154ec07602 - - default default] Tap Mirror: Handle Delete Port: 15d8f343-9ce8-471a-9dd6-45d75d7fb7eb [pid: 7|app: 0|req: 1761/3482] 10.0.0.115 () {34 vars in 788 bytes} [Thu Apr 16 23:42:18 2026] PUT /v2.0/routers/62adf23b-5611-4635-a193-0eb53cc8db26/remove_router_interface => generated 309 bytes in 881 msecs (HTTP/1.1 200) 4 headers in 157 bytes (1 switches on core 0)
2026-04-16 23:42:19.758 8 INFO neutron.api.v2.resource [None req-c9b05fab-48de-4819-880e-e27d64045005 dfdf5c2b77f7493e9fea7f2aeaa3e7cc 011d19622c6943eb9e77da154ec07602 - - default default] remove_router_interface failed (client error): The resource could not be found. [pid: 8|app: 0|req: 1722/3483] 10.0.0.115 () {34 vars in 788 bytes} [Thu Apr 16 23:42:19 2026] PUT /v2.0/routers/62adf23b-5611-4635-a193-0eb53cc8db26/remove_router_interface => generated 198 bytes in 105 msecs (HTTP/1.1 404) 4 headers in 164 bytes (1 switches on core 0) /var/lib/openstack/lib/python3.12/site-packages/pycadf/identifier.py:70: UserWarning: Invalid uuid: neutron. To ensure interoperability, identifiers should be a valid uuid. warnings.warn(('Invalid uuid: %s. To ensure interoperability, '
2026-04-16 23:42:20.119 7 INFO neutron_taas.services.taas.taas_plugin [None req-682a57b8-fdab-44f5-8e23-bcc0ac6803fc dfdf5c2b77f7493e9fea7f2aeaa3e7cc 011d19622c6943eb9e77da154ec07602 - - default default] TaaS: Handle Delete Port: b31954fb-db46-4bd6-8f7c-006fcdc9a2f4
2026-04-16 23:42:20.123 7 INFO neutron_taas.services.taas.tap_mirror_plugin [None req-682a57b8-fdab-44f5-8e23-bcc0ac6803fc dfdf5c2b77f7493e9fea7f2aeaa3e7cc 011d19622c6943eb9e77da154ec07602 - - default default] Tap Mirror: Handle Delete Port: b31954fb-db46-4bd6-8f7c-006fcdc9a2f4 [pid: 7|app: 0|req: 1762/3484] 10.0.0.115 () {32 vars in 723 bytes} [Thu Apr 16 23:42:19 2026] DELETE /v2.0/routers/62adf23b-5611-4635-a193-0eb53cc8db26 => generated 0 bytes in 789 msecs (HTTP/1.1 204) 2 headers in 112 bytes (1 switches on core 0)
2026-04-16 23:42:20.576 8 INFO neutron.api.v2.resource [None req-82a675c6-d388-4c3a-b3c9-8c8c33b29a71 dfdf5c2b77f7493e9fea7f2aeaa3e7cc 011d19622c6943eb9e77da154ec07602 - - default default] show failed (client error): The resource could not be found. [pid: 8|app: 0|req: 1723/3485] 10.0.0.115 () {32 vars in 720 bytes} [Thu Apr 16 23:42:20 2026] GET /v2.0/routers/62adf23b-5611-4635-a193-0eb53cc8db26 => generated 135 bytes in 19 msecs (HTTP/1.1 404) 4 headers in 164 bytes (1 switches on core 0) [pid: 7|app: 0|req: 1763/3486] 10.0.0.115 () {32 vars in 723 bytes} [Thu Apr 16 23:42:20 2026] DELETE /v2.0/subnets/60bd6bda-9a54-4bf8-a80b-fb66eab27bed => generated 0 bytes in 145 msecs (HTTP/1.1 204) 3 headers in 131 bytes (1 switches on core 0)
2026-04-16 23:42:20.748 8 INFO neutron.pecan_wsgi.hooks.translation [None req-bc8d6e43-f9d6-4459-ab1e-36ca3e54b16a dfdf5c2b77f7493e9fea7f2aeaa3e7cc 011d19622c6943eb9e77da154ec07602 - - default default] GET failed (client error): The resource could not be found. [pid: 8|app: 0|req: 1724/3487] 10.0.0.115 () {32 vars in 720 bytes} [Thu Apr 16 23:42:20 2026] GET /v2.0/subnets/60bd6bda-9a54-4bf8-a80b-fb66eab27bed => generated 136 bytes in 16 msecs (HTTP/1.1 404) 4 headers in 164 bytes (1 switches on core 0) [pid: 7|app: 0|req: 1764/3488] 10.0.0.115 () {32 vars in 723 bytes} [Thu Apr 16 23:42:20 2026] DELETE /v2.0/subnets/01d88b34-abf8-4044-b351-3d19df7b205c => generated 0 bytes in 140 msecs (HTTP/1.1 204) 3 headers in 131 bytes (1 switches on core 0)
2026-04-16 23:42:20.916 8 INFO neutron.pecan_wsgi.hooks.translation [None req-659d42de-c6fa-40b1-aac4-877c79504459 dfdf5c2b77f7493e9fea7f2aeaa3e7cc 011d19622c6943eb9e77da154ec07602 - - default default] GET failed (client error): The resource could not be found. [pid: 8|app: 0|req: 1725/3489] 10.0.0.115 () {32 vars in 720 bytes} [Thu Apr 16 23:42:20 2026] GET /v2.0/subnets/01d88b34-abf8-4044-b351-3d19df7b205c => generated 136 bytes in 17 msecs (HTTP/1.1 404) 4 headers in 164 bytes (1 switches on core 0)
2026-04-16 23:42:21.014 7 INFO neutron_taas.services.taas.taas_plugin [None req-ab303589-dc30-4463-be09-8392b03a7e7e dfdf5c2b77f7493e9fea7f2aeaa3e7cc 011d19622c6943eb9e77da154ec07602 - - default default] TaaS: Handle Delete Port: d661caab-f6f5-4241-8b38-1a1962de14a1
2026-04-16 23:42:21.016 7 INFO neutron_taas.services.taas.tap_mirror_plugin [None req-ab303589-dc30-4463-be09-8392b03a7e7e dfdf5c2b77f7493e9fea7f2aeaa3e7cc 011d19622c6943eb9e77da154ec07602 - - default default] Tap Mirror: Handle Delete Port: d661caab-f6f5-4241-8b38-1a1962de14a1
2026-04-16 23:42:21.166 7 INFO neutron.services.segments.plugin [-] Segment 20edb8a4-f314-42aa-937d-77a80efea536 resource provider aggregate not found
2026-04-16 23:42:21.172 7 INFO neutron.services.segments.plugin [-] Segment 20edb8a4-f314-42aa-937d-77a80efea536 resource provider aggregate not found
2026-04-16 23:42:21.187 7 INFO neutron.services.segments.plugin [-] Segment 20edb8a4-f314-42aa-937d-77a80efea536 resource provider not found; error: Placement Client Error (4xx): {"errors": [{"status": 404, "title": "Not Found", "detail": "The resource could not be found.\n\n No resource provider with uuid 20edb8a4-f314-42aa-937d-77a80efea536 found for delete ", "request_id": "req-778a8e75-1b9b-410a-a41a-6b17be84fa34"}]}
2026-04-16 23:42:21.195 7 INFO neutron.services.segments.plugin [-] Segment 20edb8a4-f314-42aa-937d-77a80efea536 resource provider not found; error: Placement Client Error (4xx): {"errors": [{"status": 404, "title": "Not Found", "detail": "The resource could not be found.\n\n No resource provider with uuid 20edb8a4-f314-42aa-937d-77a80efea536 found for delete ", "request_id": "req-05d4dd50-2c8a-48e0-b001-0b9c4ac07c17"}]} [pid: 7|app: 0|req: 1765/3490] 10.0.0.115 () {32 vars in 725 bytes} [Thu Apr 16 23:42:20 2026] DELETE /v2.0/networks/d531a89c-6f15-48f8-b2be-79854c1c5281 => generated 0 bytes in 313 msecs (HTTP/1.1 204) 3 headers in 131 bytes (1 switches on core 0)
2026-04-16 23:42:21.254 8 INFO neutron.pecan_wsgi.hooks.translation [None req-814bbe91-64dc-4507-a007-e3fa0f9e6835 dfdf5c2b77f7493e9fea7f2aeaa3e7cc 011d19622c6943eb9e77da154ec07602 - - default default] GET failed (client error): The resource could not be found. [pid: 8|app: 0|req: 1726/3491] 10.0.0.115 () {32 vars in 722 bytes} [Thu Apr 16 23:42:21 2026] GET /v2.0/networks/d531a89c-6f15-48f8-b2be-79854c1c5281 => generated 138 bytes in 16 msecs (HTTP/1.1 404) 4 headers in 164 bytes (1 switches on core 0) [pid: 7|app: 0|req: 1766/3492] 10.0.0.115 () {32 vars in 723 bytes} [Thu Apr 16 23:42:21 2026] DELETE /v2.0/subnets/fde1974e-342d-4508-b06a-92240fc200b7 => generated 0 bytes in 137 msecs (HTTP/1.1 204) 3 headers in 131 bytes (1 switches on core 0)
2026-04-16 23:42:21.419 8 INFO neutron.pecan_wsgi.hooks.translation [None req-c8b65d8d-a7b9-4e5d-b0a0-594e089beffb dfdf5c2b77f7493e9fea7f2aeaa3e7cc 011d19622c6943eb9e77da154ec07602 - - default default] GET failed (client error): The resource could not be found. [pid: 8|app: 0|req: 1727/3493] 10.0.0.115 () {32 vars in 720 bytes} [Thu Apr 16 23:42:21 2026] GET /v2.0/subnets/fde1974e-342d-4508-b06a-92240fc200b7 => generated 136 bytes in 19 msecs (HTTP/1.1 404) 4 headers in 164 bytes (1 switches on core 0) [pid: 7|app: 0|req: 1767/3494] 10.0.0.115 () {32 vars in 723 bytes} [Thu Apr 16 23:42:21 2026] DELETE /v2.0/subnets/425dc1de-bdea-4ab3-9185-259e88fc56c0 => generated 0 bytes in 157 msecs (HTTP/1.1 204) 3 headers in 131 bytes (1 switches on core 0)
2026-04-16 23:42:21.603 8 INFO neutron.pecan_wsgi.hooks.translation [None req-d90d3ed5-ba19-4e5b-89e4-e46f49e2ea27 dfdf5c2b77f7493e9fea7f2aeaa3e7cc 011d19622c6943eb9e77da154ec07602 - - default default] GET failed (client error): The resource could not be found. [pid: 8|app: 0|req: 1728/3495] 10.0.0.115 () {32 vars in 720 bytes} [Thu Apr 16 23:42:21 2026] GET /v2.0/subnets/425dc1de-bdea-4ab3-9185-259e88fc56c0 => generated 136 bytes in 18 msecs (HTTP/1.1 404) 4 headers in 164 bytes (1 switches on core 0)
2026-04-16 23:42:21.718 7 INFO neutron_taas.services.taas.taas_plugin [None req-bfe36b03-702d-4145-a84d-1adb66bc35ce dfdf5c2b77f7493e9fea7f2aeaa3e7cc 011d19622c6943eb9e77da154ec07602 - - default default] TaaS: Handle Delete Port: 8d29bda6-fb13-4df7-bb6d-5c15ff6da4bc
2026-04-16 23:42:21.720 7 INFO neutron_taas.services.taas.tap_mirror_plugin [None req-bfe36b03-702d-4145-a84d-1adb66bc35ce dfdf5c2b77f7493e9fea7f2aeaa3e7cc 011d19622c6943eb9e77da154ec07602 - - default default] Tap Mirror: Handle Delete Port: 8d29bda6-fb13-4df7-bb6d-5c15ff6da4bc [pid: 7|app: 0|req: 1768/3496] 10.0.0.115 () {32 vars in 725 bytes} [Thu Apr 16 23:42:21 2026] DELETE /v2.0/networks/6849dc69-2328-430d-8215-82a439a5654c => generated 0 bytes in 333 msecs (HTTP/1.1 204) 3 headers in 131 bytes (1 switches on core 0)
2026-04-16 23:42:21.962 8 INFO neutron.pecan_wsgi.hooks.translation [None req-386f0315-6846-4881-bacd-1cd5d80596c7 dfdf5c2b77f7493e9fea7f2aeaa3e7cc 011d19622c6943eb9e77da154ec07602 - - default default] GET failed (client error): The resource could not be found. [pid: 8|app: 0|req: 1729/3497] 10.0.0.115 () {32 vars in 722 bytes} [Thu Apr 16 23:42:21 2026] GET /v2.0/networks/6849dc69-2328-430d-8215-82a439a5654c => generated 138 bytes in 16 msecs (HTTP/1.1 404) 4 headers in 164 bytes (1 switches on core 0) [pid: 7|app: 0|req: 1769/3498] 10.0.0.115 () {32 vars in 723 bytes} [Thu Apr 16 23:42:21 2026] DELETE /v2.0/subnets/fe366ec8-a7bd-4920-9650-52662a1c5a93 => generated 0 bytes in 133 msecs (HTTP/1.1 204) 3 headers in 131 bytes (1 switches on core 0)
2026-04-16 23:42:22.123 8 INFO neutron.pecan_wsgi.hooks.translation [None req-2cbd8660-09f9-4fe3-9d4a-9227d25b332b dfdf5c2b77f7493e9fea7f2aeaa3e7cc 011d19622c6943eb9e77da154ec07602 - - default default] GET failed (client error): The resource could not be found. [pid: 8|app: 0|req: 1730/3499] 10.0.0.115 () {32 vars in 720 bytes} [Thu Apr 16 23:42:22 2026] GET /v2.0/subnets/fe366ec8-a7bd-4920-9650-52662a1c5a93 => generated 136 bytes in 20 msecs (HTTP/1.1 404) 4 headers in 164 bytes (1 switches on core 0) [pid: 7|app: 0|req: 1770/3500] 10.0.0.115 () {32 vars in 723 bytes} [Thu Apr 16 23:42:22 2026] DELETE /v2.0/subnets/b1b921bd-5cd3-4f79-9442-3215704f828d => generated 0 bytes in 137 msecs (HTTP/1.1 204) 3 headers in 131 bytes (1 switches on core 0)
2026-04-16 23:42:22.286 8 INFO neutron.pecan_wsgi.hooks.translation [None req-823248e0-c3f9-48e5-888d-105b3b54b2e4 dfdf5c2b77f7493e9fea7f2aeaa3e7cc 011d19622c6943eb9e77da154ec07602 - - default default] GET failed (client error): The resource could not be found. [pid: 8|app: 0|req: 1731/3501] 10.0.0.115 () {32 vars in 720 bytes} [Thu Apr 16 23:42:22 2026] GET /v2.0/subnets/b1b921bd-5cd3-4f79-9442-3215704f828d => generated 136 bytes in 16 msecs (HTTP/1.1 404) 4 headers in 164 bytes (1 switches on core 0)
2026-04-16 23:42:22.397 7 INFO neutron_taas.services.taas.taas_plugin [None req-8b7d2e44-fa6d-4a07-9a6e-e3f7ae3feed6 dfdf5c2b77f7493e9fea7f2aeaa3e7cc 011d19622c6943eb9e77da154ec07602 - - default default] TaaS: Handle Delete Port: 1b11da07-d993-4768-a61b-30e65a25e561
2026-04-16 23:42:22.399 7 INFO neutron_taas.services.taas.tap_mirror_plugin [None req-8b7d2e44-fa6d-4a07-9a6e-e3f7ae3feed6 dfdf5c2b77f7493e9fea7f2aeaa3e7cc 011d19622c6943eb9e77da154ec07602 - - default default] Tap Mirror: Handle Delete Port: 1b11da07-d993-4768-a61b-30e65a25e561 [pid: 7|app: 0|req: 1771/3502] 10.0.0.115 () {32 vars in 725 bytes} [Thu Apr 16 23:42:22 2026] DELETE /v2.0/networks/3d3ce96c-498c-48aa-8132-88fbe81e3629 => generated 0 bytes in 311 msecs (HTTP/1.1 204) 3 headers in 131 bytes (1 switches on core 0)
2026-04-16 23:42:22.626 8 INFO neutron.pecan_wsgi.hooks.translation [None req-bc590915-4ee0-43e4-a203-a05dfa4f39b3 dfdf5c2b77f7493e9fea7f2aeaa3e7cc 011d19622c6943eb9e77da154ec07602 - - default default] GET failed (client error): The resource could not be found. [pid: 8|app: 0|req: 1732/3503] 10.0.0.115 () {32 vars in 722 bytes} [Thu Apr 16 23:42:22 2026] GET /v2.0/networks/3d3ce96c-498c-48aa-8132-88fbe81e3629 => generated 138 bytes in 16 msecs (HTTP/1.1 404) 4 headers in 164 bytes (1 switches on core 0)
2026-04-16 23:42:23.207 7 INFO neutron.services.segments.plugin [-] Segment 72e7f490-f2eb-4d4d-ab72-059f718e0bea resource provider aggregate not found
2026-04-16 23:42:23.212 7 INFO neutron.services.segments.plugin [-] Segment 72e7f490-f2eb-4d4d-ab72-059f718e0bea resource provider aggregate not found
2026-04-16 23:42:23.221 7 INFO neutron.services.segments.plugin [-] Segment 72e7f490-f2eb-4d4d-ab72-059f718e0bea resource provider not found; error: Placement Client Error (4xx): {"errors": [{"status": 404, "title": "Not Found", "detail": "The resource could not be found.\n\n No resource provider with uuid 72e7f490-f2eb-4d4d-ab72-059f718e0bea found for delete ", "request_id": "req-a263c5da-0e54-4b69-9d53-3497f3da078f"}]}
2026-04-16 23:42:23.230 7 INFO neutron.services.segments.plugin [-] Segment 72e7f490-f2eb-4d4d-ab72-059f718e0bea resource provider not found; error: Placement Client Error (4xx): {"errors": [{"status": 404, "title": "Not Found", "detail": "The resource could not be found.\n\n No resource provider with uuid 72e7f490-f2eb-4d4d-ab72-059f718e0bea found for delete ", "request_id": "req-5b508b84-2bfa-4c56-9df2-752dccb87d85"}]}
2026-04-16 23:42:23.248 7 INFO neutron.services.segments.plugin [-] Segment 87011066-eb2d-4778-aa7c-6bff9dd8fc6b resource provider aggregate not found
2026-04-16 23:42:23.253 7 INFO neutron.services.segments.plugin [-] Segment 87011066-eb2d-4778-aa7c-6bff9dd8fc6b resource provider aggregate not found
2026-04-16 23:42:23.266 7 INFO neutron.services.segments.plugin [-] Segment 87011066-eb2d-4778-aa7c-6bff9dd8fc6b resource provider not found; error: Placement Client Error (4xx): {"errors": [{"status": 404, "title": "Not Found", "detail": "The resource could not be found.\n\n No resource provider with uuid 87011066-eb2d-4778-aa7c-6bff9dd8fc6b found for delete ", "request_id": "req-ced3ca9b-a7ed-48a3-b5e3-6d9fc7d26b0c"}]}
2026-04-16 23:42:23.268 7 INFO neutron.services.segments.plugin [-] Segment 87011066-eb2d-4778-aa7c-6bff9dd8fc6b resource provider not found; error: Placement Client Error (4xx): {"errors": [{"status": 404, "title": "Not Found", "detail": "The resource could not be found.\n\n No resource provider with uuid 87011066-eb2d-4778-aa7c-6bff9dd8fc6b found for delete ", "request_id": "req-06bf8635-c9ba-4598-b0c9-9f3e96c6ccb7"}]}
2026-04-16 23:42:24.705 7 INFO neutron.db.ovn_revision_numbers_db [None req-f51c1c0e-7855-40df-91f8-0cf42ed63567 280e6ce0b4084a6c8d096dfe90d34741 c99c6bf5c71e4bfda3ff2d1710e81769 - - default default] Successfully bumped revision number for resource 7ffb1b86-048d-4322-b56a-656c9aeab696 (type: security_groups) to 1
2026-04-16 23:42:24.717 7 INFO neutron.db.ovn_revision_numbers_db [None req-f51c1c0e-7855-40df-91f8-0cf42ed63567 280e6ce0b4084a6c8d096dfe90d34741 c99c6bf5c71e4bfda3ff2d1710e81769 - - default default] Successfully bumped revision number for resource 24e16df6-b54c-42bb-818b-b99ae4bf3b61 (type: security_group_rules) to 0
2026-04-16 23:42:24.728 7 INFO neutron.db.ovn_revision_numbers_db [None req-f51c1c0e-7855-40df-91f8-0cf42ed63567 280e6ce0b4084a6c8d096dfe90d34741 c99c6bf5c71e4bfda3ff2d1710e81769 - - default default] Successfully bumped revision number for resource 2cdd677c-6193-431a-9162-d82738b83edf (type: security_group_rules) to 0
2026-04-16 23:42:24.739 7 INFO neutron.db.ovn_revision_numbers_db [None req-f51c1c0e-7855-40df-91f8-0cf42ed63567 280e6ce0b4084a6c8d096dfe90d34741 c99c6bf5c71e4bfda3ff2d1710e81769 - - default default] Successfully bumped revision number for resource 6e100d82-935c-4716-ae74-e690720e1774 (type: security_group_rules) to 0
2026-04-16 23:42:24.753 7 INFO neutron.db.ovn_revision_numbers_db [None req-f51c1c0e-7855-40df-91f8-0cf42ed63567 280e6ce0b4084a6c8d096dfe90d34741 c99c6bf5c71e4bfda3ff2d1710e81769 - - default default] Successfully bumped revision number for resource 92eb1b57-6b34-4183-b214-ac821e28d484 (type: security_group_rules) to 0 [pid: 7|app: 0|req: 1772/3504] 10.0.0.115 () {32 vars in 773 bytes} [Thu Apr 16 23:42:24 2026] GET /v2.0/security-groups?tenant_id=99ef7f45dcc2402e8769c9285ecd2d06&name=default => generated 2929 bytes in 427 msecs (HTTP/1.1 200) 4 headers in 158 bytes (1 switches on core 0) [pid: 8|app: 0|req: 1733/3505] 10.0.0.115 () {32 vars in 739 bytes} [Thu Apr 16 23:42:24 2026] DELETE /v2.0/security-groups/7ffb1b86-048d-4322-b56a-656c9aeab696 => generated 0 bytes in 225 msecs (HTTP/1.1 204) 2 headers in 112 bytes (1 switches on core 0)
2026-04-16 23:42:25.252 7 INFO neutron.db.ovn_revision_numbers_db [None req-f393cb3c-3311-4605-9cc4-d59e85e7e111 280e6ce0b4084a6c8d096dfe90d34741 c99c6bf5c71e4bfda3ff2d1710e81769 - - default default] Successfully bumped revision number for resource ac6dfab0-0011-40b3-a516-a78df75b6227 (type: security_groups) to 1
2026-04-16 23:42:25.264 7 INFO neutron.db.ovn_revision_numbers_db [None req-f393cb3c-3311-4605-9cc4-d59e85e7e111 280e6ce0b4084a6c8d096dfe90d34741 c99c6bf5c71e4bfda3ff2d1710e81769 - - default default] Successfully bumped revision number for resource 50c8e3f9-fcc6-44fb-b792-7b5965e4e940 (type: security_group_rules) to 0
2026-04-16 23:42:25.276 7 INFO neutron.db.ovn_revision_numbers_db [None req-f393cb3c-3311-4605-9cc4-d59e85e7e111 280e6ce0b4084a6c8d096dfe90d34741 c99c6bf5c71e4bfda3ff2d1710e81769 - - default default] Successfully bumped revision number for resource 67e90a7f-a585-4aac-b8c7-092f5a8ceb59 (type: security_group_rules) to 0
2026-04-16 23:42:25.286 7 INFO neutron.db.ovn_revision_numbers_db [None req-f393cb3c-3311-4605-9cc4-d59e85e7e111 280e6ce0b4084a6c8d096dfe90d34741 c99c6bf5c71e4bfda3ff2d1710e81769 - - default default] Successfully bumped revision number for resource 81cf2903-61f6-4c92-9a76-2ca715e165a2 (type: security_group_rules) to 0
2026-04-16 23:42:25.299 7 INFO neutron.db.ovn_revision_numbers_db [None req-f393cb3c-3311-4605-9cc4-d59e85e7e111 280e6ce0b4084a6c8d096dfe90d34741 c99c6bf5c71e4bfda3ff2d1710e81769 - - default default] Successfully bumped revision number for resource c1b753b8-5595-48ea-888f-c339dc667974 (type: security_group_rules) to 0 [pid: 7|app: 0|req: 1773/3506] 10.0.0.115 () {32 vars in 773 bytes} [Thu Apr 16 23:42:25 2026] GET /v2.0/security-groups?tenant_id=6cde11777ae44ae59054dcd09b9f3fa7&name=default => generated 2929 bytes in 225 msecs (HTTP/1.1 200) 4 headers in 158 bytes (1 switches on core 0) [pid: 8|app: 0|req: 1734/3507] 10.0.0.115 () {32 vars in 739 bytes} [Thu Apr 16 23:42:25 2026] DELETE /v2.0/security-groups/ac6dfab0-0011-40b3-a516-a78df75b6227 => generated 0 bytes in 248 msecs (HTTP/1.1 204) 2 headers in 112 bytes (1 switches on core 0)
2026-04-16 23:42:25.857 7 INFO neutron.db.ovn_revision_numbers_db [None req-9175282b-5b5f-434d-acee-b4865aa47bff 280e6ce0b4084a6c8d096dfe90d34741 c99c6bf5c71e4bfda3ff2d1710e81769 - - default default] Successfully bumped revision number for resource c4f3a344-c586-4433-9d8e-eac6e905e5c1 (type: security_groups) to 1
2026-04-16 23:42:25.869 7 INFO neutron.db.ovn_revision_numbers_db [None req-9175282b-5b5f-434d-acee-b4865aa47bff 280e6ce0b4084a6c8d096dfe90d34741 c99c6bf5c71e4bfda3ff2d1710e81769 - - default default] Successfully bumped revision number for resource 15197f5f-7981-4499-bb2b-b51fd80c2576 (type: security_group_rules) to 0
