2026-04-16 23:36:33.762 8 INFO neutron.db.ovn_revision_numbers_db [None req-b943e2c1-942b-4234-b6bb-9f7d8632647c 280e6ce0b4084a6c8d096dfe90d34741 c99c6bf5c71e4bfda3ff2d1710e81769 - - default default] Successfully bumped revision number for resource ce5e690e-d839-47c1-99b1-732622f47e51 (type: security_group_rules) to 0 [pid: 8|app: 0|req: 1233/2392] 10.0.0.115 () {32 vars in 773 bytes} [Thu Apr 16 23:36:33 2026] GET /v2.0/security-groups?tenant_id=74227965927045c3a68ba20eef613438&name=default => generated 2925 bytes in 365 msecs (HTTP/1.1 200) 4 headers in 158 bytes (1 switches on core 0) [pid: 7|app: 0|req: 1160/2393] 10.0.0.115 () {32 vars in 739 bytes} [Thu Apr 16 23:36:33 2026] DELETE /v2.0/security-groups/10b50b5e-d851-479d-8178-c71dbe202ee1 => generated 0 bytes in 219 msecs (HTTP/1.1 204) 2 headers in 112 bytes (1 switches on core 0)
2026-04-16 23:36:34.225 7 INFO neutron.db.ovn_revision_numbers_db [None req-fe33f826-0086-4669-9eb9-8defc109434b 280e6ce0b4084a6c8d096dfe90d34741 c99c6bf5c71e4bfda3ff2d1710e81769 - - default default] Successfully bumped revision number for resource 099828cb-c69a-4efb-b63c-c83c052b6899 (type: security_groups) to 1
2026-04-16 23:36:34.243 7 INFO neutron.db.ovn_revision_numbers_db [None req-fe33f826-0086-4669-9eb9-8defc109434b 280e6ce0b4084a6c8d096dfe90d34741 c99c6bf5c71e4bfda3ff2d1710e81769 - - default default] Successfully bumped revision number for resource 3c38fbec-c36c-4d1c-b2c3-4d9f85958aa3 (type: security_group_rules) to 0
2026-04-16 23:36:34.256 7 INFO neutron.db.ovn_revision_numbers_db [None req-fe33f826-0086-4669-9eb9-8defc109434b 280e6ce0b4084a6c8d096dfe90d34741 c99c6bf5c71e4bfda3ff2d1710e81769 - - default default] Successfully bumped revision number for resource 52929c67-0efa-4fe9-959c-298f73b19ed7 (type: security_group_rules) to 0
2026-04-16 23:36:34.268 7 INFO neutron.db.ovn_revision_numbers_db [None req-fe33f826-0086-4669-9eb9-8defc109434b 280e6ce0b4084a6c8d096dfe90d34741 c99c6bf5c71e4bfda3ff2d1710e81769 - - default default] Successfully bumped revision number for resource b1acb387-548e-4541-8ccb-70cba82f94d1 (type: security_group_rules) to 0
2026-04-16 23:36:34.279 7 INFO neutron.db.ovn_revision_numbers_db [None req-fe33f826-0086-4669-9eb9-8defc109434b 280e6ce0b4084a6c8d096dfe90d34741 c99c6bf5c71e4bfda3ff2d1710e81769 - - default default] Successfully bumped revision number for resource f5cfb6c3-6036-4db0-b042-6fb03c0eb6ca (type: security_group_rules) to 0 [pid: 7|app: 0|req: 1161/2394] 10.0.0.115 () {32 vars in 773 bytes} [Thu Apr 16 23:36:34 2026] GET /v2.0/security-groups?tenant_id=f3c7aa31417a4a50b987b1b7f109a7ad&name=default => generated 2929 bytes in 210 msecs (HTTP/1.1 200) 4 headers in 158 bytes (1 switches on core 0)
2026-04-16 23:36:34.355 8 INFO neutron.db.ovn_revision_numbers_db [None req-e23f3dda-2640-4f54-a73d-cd480af9209d f944a800fde44cc2ae078ff1bfe7aa87 b3130453c588433a8d936e7b6ca7405f - - default default] Successfully bumped revision number for resource fe88a5cd-c59d-49dd-831f-85e9b3bb441a (type: security_groups) to 1
2026-04-16 23:36:34.366 8 INFO neutron.db.ovn_revision_numbers_db [None req-e23f3dda-2640-4f54-a73d-cd480af9209d f944a800fde44cc2ae078ff1bfe7aa87 b3130453c588433a8d936e7b6ca7405f - - default default] Successfully bumped revision number for resource 1ffc8518-6168-4640-bc2b-5d76461b20a2 (type: security_group_rules) to 0
2026-04-16 23:36:34.376 8 INFO neutron.db.ovn_revision_numbers_db [None req-e23f3dda-2640-4f54-a73d-cd480af9209d f944a800fde44cc2ae078ff1bfe7aa87 b3130453c588433a8d936e7b6ca7405f - - default default] Successfully bumped revision number for resource 37f913c3-f5f0-47ec-aadd-9fd5f7b49659 (type: security_group_rules) to 0
2026-04-16 23:36:34.388 8 INFO neutron.db.ovn_revision_numbers_db [None req-e23f3dda-2640-4f54-a73d-cd480af9209d f944a800fde44cc2ae078ff1bfe7aa87 b3130453c588433a8d936e7b6ca7405f - - default default] Successfully bumped revision number for resource 5bf1e89d-4fc5-4806-8442-b2b9e8bf0f56 (type: security_group_rules) to 0
2026-04-16 23:36:34.405 8 INFO neutron.db.ovn_revision_numbers_db [None req-e23f3dda-2640-4f54-a73d-cd480af9209d f944a800fde44cc2ae078ff1bfe7aa87 b3130453c588433a8d936e7b6ca7405f - - default default] Successfully bumped revision number for resource f610cfa7-f012-466f-981a-08901d982c2a (type: security_group_rules) to 0
2026-04-16 23:36:34.496 8 INFO neutron.db.segments_db [None req-e23f3dda-2640-4f54-a73d-cd480af9209d f944a800fde44cc2ae078ff1bfe7aa87 b3130453c588433a8d936e7b6ca7405f - - default default] Added segment 1b2876c3-1d92-4578-b356-103661a06ae8 of type geneve for network d9dc2de2-702d-45b5-9314-8d5ea8de0d3a [pid: 7|app: 0|req: 1162/2395] 10.0.0.115 () {32 vars in 739 bytes} [Thu Apr 16 23:36:34 2026] DELETE /v2.0/security-groups/099828cb-c69a-4efb-b63c-c83c052b6899 => generated 0 bytes in 227 msecs (HTTP/1.1 204) 2 headers in 112 bytes (1 switches on core 0)
2026-04-16 23:36:34.639 8 INFO neutron.db.ovn_revision_numbers_db [None req-e23f3dda-2640-4f54-a73d-cd480af9209d f944a800fde44cc2ae078ff1bfe7aa87 b3130453c588433a8d936e7b6ca7405f - - default default] Successfully bumped revision number for resource d9dc2de2-702d-45b5-9314-8d5ea8de0d3a (type: networks) to 1
2026-04-16 23:36:34.817 8 WARNING neutron.scheduler.dhcp_agent_scheduler [None req-e23f3dda-2640-4f54-a73d-cd480af9209d f944a800fde44cc2ae078ff1bfe7aa87 b3130453c588433a8d936e7b6ca7405f - - default default] No more DHCP agents
2026-04-16 23:36:34.819 8 WARNING neutron.api.rpc.agentnotifiers.dhcp_rpc_agent_api [None req-e23f3dda-2640-4f54-a73d-cd480af9209d f944a800fde44cc2ae078ff1bfe7aa87 b3130453c588433a8d936e7b6ca7405f - - default default] Unable to schedule network d9dc2de2-702d-45b5-9314-8d5ea8de0d3a: no agents available; will retry on subsequent port and subnet creation events.
2026-04-16 23:36:34.830 7 INFO neutron.db.ovn_revision_numbers_db [None req-b1927f8b-1264-4ed2-988e-6db2efdfc45a 280e6ce0b4084a6c8d096dfe90d34741 c99c6bf5c71e4bfda3ff2d1710e81769 - - default default] Successfully bumped revision number for resource 2a5f7ae9-71ea-41a4-ad66-c457a409624b (type: security_groups) to 1
2026-04-16 23:36:34.844 7 INFO neutron.db.ovn_revision_numbers_db [None req-b1927f8b-1264-4ed2-988e-6db2efdfc45a 280e6ce0b4084a6c8d096dfe90d34741 c99c6bf5c71e4bfda3ff2d1710e81769 - - default default] Successfully bumped revision number for resource 6b281af9-2dad-4ad9-9dfd-44e3b0d08f49 (type: security_group_rules) to 0
2026-04-16 23:36:34.869 8 INFO neutron.plugins.ml2.drivers.ovn.mech_driver.mech_driver [None req-6c68ba6b-1309-44d6-9586-eae8d44c8fd1 - - - - - -] OVN reports status down for port: 21c3de2e-8d3a-4352-984b-c34ca0302890
2026-04-16 23:36:34.882 7 INFO neutron.db.ovn_revision_numbers_db [None req-b1927f8b-1264-4ed2-988e-6db2efdfc45a 280e6ce0b4084a6c8d096dfe90d34741 c99c6bf5c71e4bfda3ff2d1710e81769 - - default default] Successfully bumped revision number for resource c5d3433b-9866-4669-93d5-dbe704520eee (type: security_group_rules) to 0
2026-04-16 23:36:34.894 7 INFO neutron.db.ovn_revision_numbers_db [None req-b1927f8b-1264-4ed2-988e-6db2efdfc45a 280e6ce0b4084a6c8d096dfe90d34741 c99c6bf5c71e4bfda3ff2d1710e81769 - - default default] Successfully bumped revision number for resource e31094f6-1138-4d12-95e9-deedee5f970b (type: security_group_rules) to 0
2026-04-16 23:36:34.906 7 INFO neutron.db.ovn_revision_numbers_db [None req-b1927f8b-1264-4ed2-988e-6db2efdfc45a 280e6ce0b4084a6c8d096dfe90d34741 c99c6bf5c71e4bfda3ff2d1710e81769 - - default default] Successfully bumped revision number for resource e40ec990-c986-49d6-9c2b-18f386796f6a (type: security_group_rules) to 0
2026-04-16 23:36:34.937 8 INFO neutron.db.ovn_revision_numbers_db [None req-e23f3dda-2640-4f54-a73d-cd480af9209d f944a800fde44cc2ae078ff1bfe7aa87 b3130453c588433a8d936e7b6ca7405f - - default default] Successfully bumped revision number for resource 21c3de2e-8d3a-4352-984b-c34ca0302890 (type: ports) to 1 [pid: 7|app: 0|req: 1163/2396] 10.0.0.115 () {32 vars in 773 bytes} [Thu Apr 16 23:36:34 2026] GET /v2.0/security-groups?tenant_id=84c9576a0c334d8481688c0eec05e804&name=default => generated 2929 bytes in 251 msecs (HTTP/1.1 200) 4 headers in 158 bytes (1 switches on core 0) [pid: 8|app: 0|req: 1234/2397] 10.0.0.115 () {34 vars in 669 bytes} [Thu Apr 16 23:36:34 2026] POST /v2.0/networks => generated 651 bytes in 907 msecs (HTTP/1.1 201) 4 headers in 162 bytes (1 switches on core 0) [pid: 7|app: 0|req: 1164/2398] 10.0.0.115 () {32 vars in 739 bytes} [Thu Apr 16 23:36:34 2026] DELETE /v2.0/security-groups/2a5f7ae9-71ea-41a4-ad66-c457a409624b => generated 0 bytes in 202 msecs (HTTP/1.1 204) 2 headers in 112 bytes (1 switches on core 0)
2026-04-16 23:36:35.218 8 WARNING neutron.scheduler.dhcp_agent_scheduler [None req-a6ebd757-4c8a-4315-9d3e-a55df847f4b3 f944a800fde44cc2ae078ff1bfe7aa87 b3130453c588433a8d936e7b6ca7405f - - default default] No more DHCP agents
2026-04-16 23:36:35.218 8 WARNING neutron.api.rpc.agentnotifiers.dhcp_rpc_agent_api [None req-a6ebd757-4c8a-4315-9d3e-a55df847f4b3 f944a800fde44cc2ae078ff1bfe7aa87 b3130453c588433a8d936e7b6ca7405f - - default default] Unable to schedule network d9dc2de2-702d-45b5-9314-8d5ea8de0d3a: no agents available; will retry on subsequent port and subnet creation events.
2026-04-16 23:36:35.266 7 INFO neutron.plugins.ml2.drivers.ovn.mech_driver.mech_driver [None req-7c8fffdc-58a6-4e9c-a169-a7505ccfe63a - - - - - -] OVN reports status down for port: 5986f36d-65d2-4ace-a128-614043499dee
2026-04-16 23:36:35.299 8 INFO neutron.db.ovn_revision_numbers_db [None req-a6ebd757-4c8a-4315-9d3e-a55df847f4b3 f944a800fde44cc2ae078ff1bfe7aa87 b3130453c588433a8d936e7b6ca7405f - - default default] Successfully bumped revision number for resource 5986f36d-65d2-4ace-a128-614043499dee (type: ports) to 1 [pid: 8|app: 0|req: 1235/2399] 10.0.0.115 () {34 vars in 663 bytes} [Thu Apr 16 23:36:34 2026] POST /v2.0/ports => generated 743 bytes in 376 msecs (HTTP/1.1 201) 4 headers in 162 bytes (1 switches on core 0)
2026-04-16 23:36:35.464 7 INFO neutron.db.segments_db [None req-c59a0b63-95cf-4abb-9607-c5adf6f51a7f f944a800fde44cc2ae078ff1bfe7aa87 b3130453c588433a8d936e7b6ca7405f - - default default] Added segment b97538eb-f481-4c9e-87b5-13da5c3ad53c of type geneve for network 1599dab3-8723-4223-b9d4-82f732a805db
2026-04-16 23:36:35.598 7 INFO neutron.db.ovn_revision_numbers_db [None req-c59a0b63-95cf-4abb-9607-c5adf6f51a7f f944a800fde44cc2ae078ff1bfe7aa87 b3130453c588433a8d936e7b6ca7405f - - default default] Successfully bumped revision number for resource 1599dab3-8723-4223-b9d4-82f732a805db (type: networks) to 1
2026-04-16 23:36:35.777 7 WARNING neutron.scheduler.dhcp_agent_scheduler [None req-c59a0b63-95cf-4abb-9607-c5adf6f51a7f f944a800fde44cc2ae078ff1bfe7aa87 b3130453c588433a8d936e7b6ca7405f - - default default] No more DHCP agents
2026-04-16 23:36:35.778 7 WARNING neutron.api.rpc.agentnotifiers.dhcp_rpc_agent_api [None req-c59a0b63-95cf-4abb-9607-c5adf6f51a7f f944a800fde44cc2ae078ff1bfe7aa87 b3130453c588433a8d936e7b6ca7405f - - default default] Unable to schedule network 1599dab3-8723-4223-b9d4-82f732a805db: no agents available; will retry on subsequent port and subnet creation events.
2026-04-16 23:36:35.832 8 INFO neutron.plugins.ml2.drivers.ovn.mech_driver.mech_driver [None req-6c68ba6b-1309-44d6-9586-eae8d44c8fd1 - - - - - -] OVN reports status down for port: 89b02415-b4b4-498b-8e1e-8c25d65fa728
2026-04-16 23:36:35.861 7 INFO neutron.db.ovn_revision_numbers_db [None req-c59a0b63-95cf-4abb-9607-c5adf6f51a7f f944a800fde44cc2ae078ff1bfe7aa87 b3130453c588433a8d936e7b6ca7405f - - default default] Successfully bumped revision number for resource 89b02415-b4b4-498b-8e1e-8c25d65fa728 (type: ports) to 1 [pid: 7|app: 0|req: 1165/2400] 10.0.0.115 () {34 vars in 669 bytes} [Thu Apr 16 23:36:35 2026] POST /v2.0/networks => generated 650 bytes in 506 msecs (HTTP/1.1 201) 4 headers in 162 bytes (1 switches on core 0) /var/lib/openstack/lib/python3.12/site-packages/pycadf/identifier.py:70: UserWarning: Invalid uuid: neutron. To ensure interoperability, identifiers should be a valid uuid. warnings.warn(('Invalid uuid: %s. To ensure interoperability, '
2026-04-16 23:36:36.094 8 WARNING neutron.scheduler.dhcp_agent_scheduler [None req-7b7fcb94-cbe5-45f2-a84c-c73bd3a3b15a f944a800fde44cc2ae078ff1bfe7aa87 b3130453c588433a8d936e7b6ca7405f - - default default] No more DHCP agents
2026-04-16 23:36:36.095 8 WARNING neutron.api.rpc.agentnotifiers.dhcp_rpc_agent_api [None req-7b7fcb94-cbe5-45f2-a84c-c73bd3a3b15a f944a800fde44cc2ae078ff1bfe7aa87 b3130453c588433a8d936e7b6ca7405f - - default default] Unable to schedule network 1599dab3-8723-4223-b9d4-82f732a805db: no agents available; will retry on subsequent port and subnet creation events.
2026-04-16 23:36:36.145 8 INFO neutron.plugins.ml2.drivers.ovn.mech_driver.mech_driver [None req-6c68ba6b-1309-44d6-9586-eae8d44c8fd1 - - - - - -] OVN reports status down for port: e25e443e-670a-4a8a-be63-3b6cc9c3cc6f
2026-04-16 23:36:36.217 8 INFO neutron.db.ovn_revision_numbers_db [None req-7b7fcb94-cbe5-45f2-a84c-c73bd3a3b15a f944a800fde44cc2ae078ff1bfe7aa87 b3130453c588433a8d936e7b6ca7405f - - default default] Successfully bumped revision number for resource e25e443e-670a-4a8a-be63-3b6cc9c3cc6f (type: ports) to 1 [pid: 8|app: 0|req: 1236/2401] 10.0.0.115 () {34 vars in 663 bytes} [Thu Apr 16 23:36:35 2026] POST /v2.0/ports => generated 743 bytes in 404 msecs (HTTP/1.1 201) 4 headers in 162 bytes (1 switches on core 0)
2026-04-16 23:36:36.387 7 INFO neutron.db.segments_db [None req-1f6d9d94-f4b9-4a6f-87c2-bc81c623f3e5 f944a800fde44cc2ae078ff1bfe7aa87 b3130453c588433a8d936e7b6ca7405f - - default default] Added segment 19557b9a-9463-4abe-b565-953d6ba4be57 of type geneve for network f44c0c0c-e522-4f6e-a33e-c3412ad32749
2026-04-16 23:36:36.497 7 INFO neutron.db.ovn_revision_numbers_db [None req-1f6d9d94-f4b9-4a6f-87c2-bc81c623f3e5 f944a800fde44cc2ae078ff1bfe7aa87 b3130453c588433a8d936e7b6ca7405f - - default default] Successfully bumped revision number for resource f44c0c0c-e522-4f6e-a33e-c3412ad32749 (type: networks) to 1
2026-04-16 23:36:36.670 7 WARNING neutron.scheduler.dhcp_agent_scheduler [None req-1f6d9d94-f4b9-4a6f-87c2-bc81c623f3e5 f944a800fde44cc2ae078ff1bfe7aa87 b3130453c588433a8d936e7b6ca7405f - - default default] No more DHCP agents
2026-04-16 23:36:36.671 7 WARNING neutron.api.rpc.agentnotifiers.dhcp_rpc_agent_api [None req-1f6d9d94-f4b9-4a6f-87c2-bc81c623f3e5 f944a800fde44cc2ae078ff1bfe7aa87 b3130453c588433a8d936e7b6ca7405f - - default default] Unable to schedule network f44c0c0c-e522-4f6e-a33e-c3412ad32749: no agents available; will retry on subsequent port and subnet creation events.
2026-04-16 23:36:36.730 8 INFO neutron.plugins.ml2.drivers.ovn.mech_driver.mech_driver [None req-6c68ba6b-1309-44d6-9586-eae8d44c8fd1 - - - - - -] OVN reports status down for port: 79fcd2de-4f3e-402c-ad20-7e46c35d8b0c
2026-04-16 23:36:36.768 7 INFO neutron.db.ovn_revision_numbers_db [None req-1f6d9d94-f4b9-4a6f-87c2-bc81c623f3e5 f944a800fde44cc2ae078ff1bfe7aa87 b3130453c588433a8d936e7b6ca7405f - - default default] Successfully bumped revision number for resource 79fcd2de-4f3e-402c-ad20-7e46c35d8b0c (type: ports) to 1 [pid: 7|app: 0|req: 1166/2402] 10.0.0.115 () {34 vars in 669 bytes} [Thu Apr 16 23:36:36 2026] POST /v2.0/networks => generated 651 bytes in 497 msecs (HTTP/1.1 201) 4 headers in 162 bytes (1 switches on core 0) /var/lib/openstack/lib/python3.12/site-packages/pycadf/identifier.py:70: UserWarning: Invalid uuid: neutron. To ensure interoperability, identifiers should be a valid uuid. warnings.warn(('Invalid uuid: %s. To ensure interoperability, '
2026-04-16 23:36:37.007 8 WARNING neutron.scheduler.dhcp_agent_scheduler [None req-f4c53072-0302-4bfc-88f0-0aea808ebc9d f944a800fde44cc2ae078ff1bfe7aa87 b3130453c588433a8d936e7b6ca7405f - - default default] No more DHCP agents
2026-04-16 23:36:37.009 8 WARNING neutron.api.rpc.agentnotifiers.dhcp_rpc_agent_api [None req-f4c53072-0302-4bfc-88f0-0aea808ebc9d f944a800fde44cc2ae078ff1bfe7aa87 b3130453c588433a8d936e7b6ca7405f - - default default] Unable to schedule network f44c0c0c-e522-4f6e-a33e-c3412ad32749: no agents available; will retry on subsequent port and subnet creation events.
2026-04-16 23:36:37.068 7 INFO neutron.plugins.ml2.drivers.ovn.mech_driver.mech_driver [None req-7c8fffdc-58a6-4e9c-a169-a7505ccfe63a - - - - - -] OVN reports status down for port: 3f1656f0-6733-4be0-8bc5-bab3aee9fac4
2026-04-16 23:36:37.095 8 INFO neutron.db.ovn_revision_numbers_db [None req-f4c53072-0302-4bfc-88f0-0aea808ebc9d f944a800fde44cc2ae078ff1bfe7aa87 b3130453c588433a8d936e7b6ca7405f - - default default] Successfully bumped revision number for resource 3f1656f0-6733-4be0-8bc5-bab3aee9fac4 (type: ports) to 1 [pid: 8|app: 0|req: 1237/2403] 10.0.0.115 () {34 vars in 663 bytes} [Thu Apr 16 23:36:36 2026] POST /v2.0/ports => generated 743 bytes in 338 msecs (HTTP/1.1 201) 4 headers in 162 bytes (1 switches on core 0)
2026-04-16 23:36:37.234 7 INFO neutron.db.segments_db [None req-38eb833d-5b13-46e5-9f1d-269101ee91b1 f944a800fde44cc2ae078ff1bfe7aa87 b3130453c588433a8d936e7b6ca7405f - - default default] Added segment 88f0eb0b-4fb7-46b2-a269-865b86c00efd of type geneve for network e44782d8-6438-4fd2-9359-ff8e6a1497c3
2026-04-16 23:36:37.339 7 INFO neutron.db.ovn_revision_numbers_db [None req-38eb833d-5b13-46e5-9f1d-269101ee91b1 f944a800fde44cc2ae078ff1bfe7aa87 b3130453c588433a8d936e7b6ca7405f - - default default] Successfully bumped revision number for resource e44782d8-6438-4fd2-9359-ff8e6a1497c3 (type: networks) to 1
2026-04-16 23:36:37.521 7 WARNING neutron.scheduler.dhcp_agent_scheduler [None req-38eb833d-5b13-46e5-9f1d-269101ee91b1 f944a800fde44cc2ae078ff1bfe7aa87 b3130453c588433a8d936e7b6ca7405f - - default default] No more DHCP agents
2026-04-16 23:36:37.522 7 WARNING neutron.api.rpc.agentnotifiers.dhcp_rpc_agent_api [None req-38eb833d-5b13-46e5-9f1d-269101ee91b1 f944a800fde44cc2ae078ff1bfe7aa87 b3130453c588433a8d936e7b6ca7405f - - default default] Unable to schedule network e44782d8-6438-4fd2-9359-ff8e6a1497c3: no agents available; will retry on subsequent port and subnet creation events.
2026-04-16 23:36:37.583 7 INFO neutron.plugins.ml2.drivers.ovn.mech_driver.mech_driver [None req-7c8fffdc-58a6-4e9c-a169-a7505ccfe63a - - - - - -] OVN reports status down for port: 8b574c05-b1b1-4147-aa06-b63ad7c6afc2
2026-04-16 23:36:37.636 7 INFO neutron.db.ovn_revision_numbers_db [None req-38eb833d-5b13-46e5-9f1d-269101ee91b1 f944a800fde44cc2ae078ff1bfe7aa87 b3130453c588433a8d936e7b6ca7405f - - default default] Successfully bumped revision number for resource 8b574c05-b1b1-4147-aa06-b63ad7c6afc2 (type: ports) to 1 [pid: 7|app: 0|req: 1167/2404] 10.0.0.115 () {34 vars in 669 bytes} [Thu Apr 16 23:36:37 2026] POST /v2.0/networks => generated 651 bytes in 529 msecs (HTTP/1.1 201) 4 headers in 162 bytes (1 switches on core 0) /var/lib/openstack/lib/python3.12/site-packages/pycadf/identifier.py:70: UserWarning: Invalid uuid: neutron. To ensure interoperability, identifiers should be a valid uuid. warnings.warn(('Invalid uuid: %s. To ensure interoperability, '
2026-04-16 23:36:37.875 8 WARNING neutron.scheduler.dhcp_agent_scheduler [None req-06ac72ff-dc6e-477b-9506-e1b8861a7e0c f944a800fde44cc2ae078ff1bfe7aa87 b3130453c588433a8d936e7b6ca7405f - - default default] No more DHCP agents
2026-04-16 23:36:37.876 8 WARNING neutron.api.rpc.agentnotifiers.dhcp_rpc_agent_api [None req-06ac72ff-dc6e-477b-9506-e1b8861a7e0c f944a800fde44cc2ae078ff1bfe7aa87 b3130453c588433a8d936e7b6ca7405f - - default default] Unable to schedule network e44782d8-6438-4fd2-9359-ff8e6a1497c3: no agents available; will retry on subsequent port and subnet creation events.
2026-04-16 23:36:37.933 7 INFO neutron.plugins.ml2.drivers.ovn.mech_driver.mech_driver [None req-7c8fffdc-58a6-4e9c-a169-a7505ccfe63a - - - - - -] OVN reports status down for port: 915a8544-bf53-4f31-8b7c-cb328258a2a3
2026-04-16 23:36:37.952 8 INFO neutron.db.ovn_revision_numbers_db [None req-06ac72ff-dc6e-477b-9506-e1b8861a7e0c f944a800fde44cc2ae078ff1bfe7aa87 b3130453c588433a8d936e7b6ca7405f - - default default] Successfully bumped revision number for resource 915a8544-bf53-4f31-8b7c-cb328258a2a3 (type: ports) to 1 [pid: 8|app: 0|req: 1238/2405] 10.0.0.115 () {34 vars in 663 bytes} [Thu Apr 16 23:36:37 2026] POST /v2.0/ports => generated 743 bytes in 320 msecs (HTTP/1.1 201) 4 headers in 162 bytes (1 switches on core 0)
2026-04-16 23:36:38.088 7 INFO neutron.db.segments_db [None req-692cf8b6-cf4e-43eb-917a-74dae24a1f07 f944a800fde44cc2ae078ff1bfe7aa87 b3130453c588433a8d936e7b6ca7405f - - default default] Added segment 731483fd-4901-4754-9afa-878c07bc8fb0 of type geneve for network 24dd0cca-66ff-4488-91db-0dfe8e901779
2026-04-16 23:36:38.189 7 INFO neutron.db.ovn_revision_numbers_db [None req-692cf8b6-cf4e-43eb-917a-74dae24a1f07 f944a800fde44cc2ae078ff1bfe7aa87 b3130453c588433a8d936e7b6ca7405f - - default default] Successfully bumped revision number for resource 24dd0cca-66ff-4488-91db-0dfe8e901779 (type: networks) to 1
2026-04-16 23:36:38.359 7 WARNING neutron.scheduler.dhcp_agent_scheduler [None req-692cf8b6-cf4e-43eb-917a-74dae24a1f07 f944a800fde44cc2ae078ff1bfe7aa87 b3130453c588433a8d936e7b6ca7405f - - default default] No more DHCP agents
2026-04-16 23:36:38.360 7 WARNING neutron.api.rpc.agentnotifiers.dhcp_rpc_agent_api [None req-692cf8b6-cf4e-43eb-917a-74dae24a1f07 f944a800fde44cc2ae078ff1bfe7aa87 b3130453c588433a8d936e7b6ca7405f - - default default] Unable to schedule network 24dd0cca-66ff-4488-91db-0dfe8e901779: no agents available; will retry on subsequent port and subnet creation events. /var/lib/openstack/lib/python3.12/site-packages/pycadf/identifier.py:70: UserWarning: Invalid uuid: neutron. To ensure interoperability, identifiers should be a valid uuid. warnings.warn(('Invalid uuid: %s. To ensure interoperability, '
2026-04-16 23:36:38.423 8 INFO neutron.plugins.ml2.drivers.ovn.mech_driver.mech_driver [None req-6c68ba6b-1309-44d6-9586-eae8d44c8fd1 - - - - - -] OVN reports status down for port: 36e0669e-ef69-4999-9b15-79de8eafa90a
2026-04-16 23:36:38.434 7 INFO neutron.db.ovn_revision_numbers_db [None req-692cf8b6-cf4e-43eb-917a-74dae24a1f07 f944a800fde44cc2ae078ff1bfe7aa87 b3130453c588433a8d936e7b6ca7405f - - default default] Successfully bumped revision number for resource 36e0669e-ef69-4999-9b15-79de8eafa90a (type: ports) to 1 [pid: 7|app: 0|req: 1168/2406] 10.0.0.115 () {34 vars in 669 bytes} [Thu Apr 16 23:36:38 2026] POST /v2.0/networks => generated 650 bytes in 455 msecs (HTTP/1.1 201) 4 headers in 162 bytes (1 switches on core 0)
2026-04-16 23:36:38.572 8 INFO neutron.db.ovn_revision_numbers_db [None req-cb2d3f52-ad7c-4872-8140-d7f5ce4c096f ebf4cc93d1c5480f9ea73066e4a2d02b d513a67e257a42fe8bcbd7748398bdd1 - - default default] Successfully bumped revision number for resource 52bf739c-7a86-4d3d-a8ee-f4ec6f4c30e3 (type: security_groups) to 1
2026-04-16 23:36:38.586 8 INFO neutron.db.ovn_revision_numbers_db [None req-cb2d3f52-ad7c-4872-8140-d7f5ce4c096f ebf4cc93d1c5480f9ea73066e4a2d02b d513a67e257a42fe8bcbd7748398bdd1 - - default default] Successfully bumped revision number for resource 4a53882a-3445-4638-a487-186c0f969f62 (type: security_group_rules) to 0
2026-04-16 23:36:38.628 8 INFO neutron.db.ovn_revision_numbers_db [None req-cb2d3f52-ad7c-4872-8140-d7f5ce4c096f ebf4cc93d1c5480f9ea73066e4a2d02b d513a67e257a42fe8bcbd7748398bdd1 - - default default] Successfully bumped revision number for resource 93662ed4-7d60-4b7d-aba6-f8ea9226d36a (type: security_group_rules) to 0
2026-04-16 23:36:38.653 8 INFO neutron.db.ovn_revision_numbers_db [None req-cb2d3f52-ad7c-4872-8140-d7f5ce4c096f ebf4cc93d1c5480f9ea73066e4a2d02b d513a67e257a42fe8bcbd7748398bdd1 - - default default] Successfully bumped revision number for resource 9bcc360d-8428-46f2-99b6-e7220c4404ff (type: security_group_rules) to 0
2026-04-16 23:36:38.666 8 INFO neutron.db.ovn_revision_numbers_db [None req-cb2d3f52-ad7c-4872-8140-d7f5ce4c096f ebf4cc93d1c5480f9ea73066e4a2d02b d513a67e257a42fe8bcbd7748398bdd1 - - default default] Successfully bumped revision number for resource db97b1f2-645e-4565-8c6b-5c0e84c9de25 (type: security_group_rules) to 0
2026-04-16 23:36:38.695 7 WARNING neutron.scheduler.dhcp_agent_scheduler [None req-83fcff0d-4d50-45ab-8353-cfdd4f5453e4 f944a800fde44cc2ae078ff1bfe7aa87 b3130453c588433a8d936e7b6ca7405f - - default default] No more DHCP agents
2026-04-16 23:36:38.696 7 WARNING neutron.api.rpc.agentnotifiers.dhcp_rpc_agent_api [None req-83fcff0d-4d50-45ab-8353-cfdd4f5453e4 f944a800fde44cc2ae078ff1bfe7aa87 b3130453c588433a8d936e7b6ca7405f - - default default] Unable to schedule network 24dd0cca-66ff-4488-91db-0dfe8e901779: no agents available; will retry on subsequent port and subnet creation events.
2026-04-16 23:36:38.747 7 INFO neutron.plugins.ml2.drivers.ovn.mech_driver.mech_driver [None req-7c8fffdc-58a6-4e9c-a169-a7505ccfe63a - - - - - -] OVN reports status down for port: 470e7d78-c889-46c2-879b-75feee5a6f1e
2026-04-16 23:36:38.749 8 INFO neutron.db.segments_db [None req-cb2d3f52-ad7c-4872-8140-d7f5ce4c096f ebf4cc93d1c5480f9ea73066e4a2d02b d513a67e257a42fe8bcbd7748398bdd1 - - default default] Added segment 4e3e5d6a-ad96-4048-b13a-1a157be1d51d of type geneve for network 994b1827-fcb7-46a9-bfc4-75a21ce1cc31
2026-04-16 23:36:38.806 7 INFO neutron.db.ovn_revision_numbers_db [None req-83fcff0d-4d50-45ab-8353-cfdd4f5453e4 f944a800fde44cc2ae078ff1bfe7aa87 b3130453c588433a8d936e7b6ca7405f - - default default] Successfully bumped revision number for resource 470e7d78-c889-46c2-879b-75feee5a6f1e (type: ports) to 1
2026-04-16 23:36:38.875 8 INFO neutron.db.ovn_revision_numbers_db [None req-cb2d3f52-ad7c-4872-8140-d7f5ce4c096f ebf4cc93d1c5480f9ea73066e4a2d02b d513a67e257a42fe8bcbd7748398bdd1 - - default default] Successfully bumped revision number for resource 994b1827-fcb7-46a9-bfc4-75a21ce1cc31 (type: networks) to 1 [pid: 7|app: 0|req: 1169/2407] 10.0.0.115 () {34 vars in 663 bytes} [Thu Apr 16 23:36:38 2026] POST /v2.0/ports => generated 743 bytes in 441 msecs (HTTP/1.1 201) 4 headers in 162 bytes (1 switches on core 0) /var/lib/openstack/lib/python3.12/site-packages/pycadf/identifier.py:70: UserWarning: Invalid uuid: neutron. To ensure interoperability, identifiers should be a valid uuid. warnings.warn(('Invalid uuid: %s. To ensure interoperability, ' [pid: 7|app: 0|req: 1170/2408] 10.0.0.115 () {34 vars in 746 bytes} [Thu Apr 16 23:36:38 2026] PUT /v2.0/ports/5986f36d-65d2-4ace-a128-614043499dee/tags => generated 17 bytes in 65 msecs (HTTP/1.1 200) 4 headers in 156 bytes (1 switches on core 0) /var/lib/openstack/lib/python3.12/site-packages/pycadf/identifier.py:70: UserWarning: Invalid uuid: neutron. To ensure interoperability, identifiers should be a valid uuid. warnings.warn(('Invalid uuid: %s. To ensure interoperability, ' [pid: 7|app: 0|req: 1171/2409] 10.0.0.115 () {34 vars in 746 bytes} [Thu Apr 16 23:36:38 2026] PUT /v2.0/ports/e25e443e-670a-4a8a-be63-3b6cc9c3cc6f/tags => generated 25 bytes in 71 msecs (HTTP/1.1 200) 4 headers in 156 bytes (1 switches on core 0)
2026-04-16 23:36:39.053 8 WARNING neutron.scheduler.dhcp_agent_scheduler [None req-cb2d3f52-ad7c-4872-8140-d7f5ce4c096f ebf4cc93d1c5480f9ea73066e4a2d02b d513a67e257a42fe8bcbd7748398bdd1 - - default default] No more DHCP agents
2026-04-16 23:36:39.055 8 WARNING neutron.api.rpc.agentnotifiers.dhcp_rpc_agent_api [None req-cb2d3f52-ad7c-4872-8140-d7f5ce4c096f ebf4cc93d1c5480f9ea73066e4a2d02b d513a67e257a42fe8bcbd7748398bdd1 - - default default] Unable to schedule network 994b1827-fcb7-46a9-bfc4-75a21ce1cc31: no agents available; will retry on subsequent port and subnet creation events. /var/lib/openstack/lib/python3.12/site-packages/pycadf/identifier.py:70: UserWarning: Invalid uuid: neutron. To ensure interoperability, identifiers should be a valid uuid. warnings.warn(('Invalid uuid: %s. To ensure interoperability, '
2026-04-16 23:36:39.108 8 INFO neutron.plugins.ml2.drivers.ovn.mech_driver.mech_driver [None req-6c68ba6b-1309-44d6-9586-eae8d44c8fd1 - - - - - -] OVN reports status down for port: 94f2ba1a-1d91-4a05-bf5f-6c58308d2be0 [pid: 7|app: 0|req: 1172/2410] 10.0.0.115 () {34 vars in 746 bytes} [Thu Apr 16 23:36:39 2026] PUT /v2.0/ports/3f1656f0-6733-4be0-8bc5-bab3aee9fac4/tags => generated 34 bytes in 79 msecs (HTTP/1.1 200) 4 headers in 156 bytes (1 switches on core 0) /var/lib/openstack/lib/python3.12/site-packages/pycadf/identifier.py:70: UserWarning: Invalid uuid: neutron. To ensure interoperability, identifiers should be a valid uuid. warnings.warn(('Invalid uuid: %s. To ensure interoperability, '
2026-04-16 23:36:39.167 8 INFO neutron.db.ovn_revision_numbers_db [None req-cb2d3f52-ad7c-4872-8140-d7f5ce4c096f ebf4cc93d1c5480f9ea73066e4a2d02b d513a67e257a42fe8bcbd7748398bdd1 - - default default] Successfully bumped revision number for resource 94f2ba1a-1d91-4a05-bf5f-6c58308d2be0 (type: ports) to 1 [pid: 7|app: 0|req: 1173/2411] 10.0.0.115 () {34 vars in 746 bytes} [Thu Apr 16 23:36:39 2026] PUT /v2.0/ports/915a8544-bf53-4f31-8b7c-cb328258a2a3/tags => generated 19 bytes in 73 msecs (HTTP/1.1 200) 4 headers in 156 bytes (1 switches on core 0) /var/lib/openstack/lib/python3.12/site-packages/pycadf/identifier.py:70: UserWarning: Invalid uuid: neutron. To ensure interoperability, identifiers should be a valid uuid. warnings.warn(('Invalid uuid: %s. To ensure interoperability, ' [pid: 8|app: 0|req: 1239/2412] 10.0.0.115 () {34 vars in 669 bytes} [Thu Apr 16 23:36:38 2026] POST /v2.0/networks => generated 646 bytes in 999 msecs (HTTP/1.1 201) 4 headers in 162 bytes (1 switches on core 0) [pid: 7|app: 0|req: 1174/2413] 10.0.0.115 () {32 vars in 659 bytes} [Thu Apr 16 23:36:39 2026] GET /v2.0/ports?tags=red => generated 2253 bytes in 163 msecs (HTTP/1.1 200) 4 headers in 158 bytes (1 switches on core 0)
2026-04-16 23:36:39.408 8 WARNING neutron.scheduler.dhcp_agent_scheduler [None req-c71c0819-dfd0-48d1-b906-1eef201e9405 ebf4cc93d1c5480f9ea73066e4a2d02b d513a67e257a42fe8bcbd7748398bdd1 - - default default] No more DHCP agents
2026-04-16 23:36:39.409 8 WARNING neutron.api.rpc.agentnotifiers.dhcp_rpc_agent_api [None req-c71c0819-dfd0-48d1-b906-1eef201e9405 ebf4cc93d1c5480f9ea73066e4a2d02b d513a67e257a42fe8bcbd7748398bdd1 - - default default] Unable to schedule network 994b1827-fcb7-46a9-bfc4-75a21ce1cc31: no agents available; will retry on subsequent port and subnet creation events. [pid: 7|app: 0|req: 1175/2414] 10.0.0.115 () {32 vars in 673 bytes} [Thu Apr 16 23:36:39 2026] GET /v2.0/ports?tags=red%2Cblue => generated 1513 bytes in 69 msecs (HTTP/1.1 200) 4 headers in 158 bytes (1 switches on core 0) [pid: 7|app: 0|req: 1176/2415] 10.0.0.115 () {32 vars in 669 bytes} [Thu Apr 16 23:36:39 2026] GET /v2.0/ports?tags-any=blue => generated 1513 bytes in 62 msecs (HTTP/1.1 200) 4 headers in 158 bytes (1 switches on core 0) [pid: 7|app: 0|req: 1177/2416] 10.0.0.115 () {32 vars in 681 bytes} [Thu Apr 16 23:36:39 2026] GET /v2.0/ports?tags-any=red%2Cblue => generated 2253 bytes in 41 msecs (HTTP/1.1 200) 4 headers in 158 bytes (1 switches on core 0) [pid: 7|app: 0|req: 1178/2417] 10.0.0.115 () {32 vars in 667 bytes} [Thu Apr 16 23:36:39 2026] GET /v2.0/ports?not-tags=red => generated 5268 bytes in 118 msecs (HTTP/1.1 200) 4 headers in 158 bytes (1 switches on core 0) [pid: 7|app: 0|req: 1179/2418] 10.0.0.115 () {32 vars in 681 bytes} [Thu Apr 16 23:36:39 2026] GET /v2.0/ports?not-tags=red%2Cblue => generated 6008 bytes in 81 msecs (HTTP/1.1 200) 4 headers in 158 bytes (1 switches on core 0)
2026-04-16 23:36:39.875 8 INFO neutron.db.ovn_revision_numbers_db [None req-b7642c1c-78c9-4b2e-a013-37ff62dbb570 - - - - - -] Successfully bumped revision number for resource 94f2ba1a-1d91-4a05-bf5f-6c58308d2be0 (type: ports) to 2 [pid: 7|app: 0|req: 1180/2419] 10.0.0.115 () {32 vars in 677 bytes} [Thu Apr 16 23:36:39 2026] GET /v2.0/ports?not-tags-any=blue => generated 6008 bytes in 131 msecs (HTTP/1.1 200) 4 headers in 158 bytes (1 switches on core 0)
2026-04-16 23:36:39.918 8 INFO neutron.db.ovn_revision_numbers_db [None req-b7642c1c-78c9-4b2e-a013-37ff62dbb570 - - - - - -] Successfully bumped revision number for resource 34301da9-7dcc-4b2f-8f5f-97518df77c3e (type: subnets) to 0 [pid: 8|app: 0|req: 1240/2420] 10.0.0.115 () {34 vars in 668 bytes} [Thu Apr 16 23:36:39 2026] POST /v2.0/subnets => generated 626 bytes in 715 msecs (HTTP/1.1 201) 4 headers in 162 bytes (1 switches on core 0) [pid: 7|app: 0|req: 1181/2421] 10.0.0.115 () {32 vars in 689 bytes} [Thu Apr 16 23:36:39 2026] GET /v2.0/ports?not-tags-any=red%2Cblue => generated 5268 bytes in 54 msecs (HTTP/1.1 200) 4 headers in 158 bytes (1 switches on core 0)
2026-04-16 23:36:40.087 7 INFO neutron_taas.services.taas.taas_plugin [None req-ff474d53-6f39-4468-8c15-298616464227 f944a800fde44cc2ae078ff1bfe7aa87 b3130453c588433a8d936e7b6ca7405f - - default default] TaaS: Handle Delete Port: 5986f36d-65d2-4ace-a128-614043499dee
2026-04-16 23:36:40.089 7 INFO neutron_taas.services.taas.tap_mirror_plugin [None req-ff474d53-6f39-4468-8c15-298616464227 f944a800fde44cc2ae078ff1bfe7aa87 b3130453c588433a8d936e7b6ca7405f - - default default] Tap Mirror: Handle Delete Port: 5986f36d-65d2-4ace-a128-614043499dee [pid: 7|app: 0|req: 1182/2422] 10.0.0.115 () {32 vars in 719 bytes} [Thu Apr 16 23:36:39 2026] DELETE /v2.0/ports/5986f36d-65d2-4ace-a128-614043499dee => generated 0 bytes in 228 msecs (HTTP/1.1 204) 3 headers in 131 bytes (1 switches on core 0)
2026-04-16 23:36:40.317 7 INFO neutron_taas.services.taas.taas_plugin [None req-53a44553-a5bf-4188-b6c3-a616e6bfeb92 f944a800fde44cc2ae078ff1bfe7aa87 b3130453c588433a8d936e7b6ca7405f - - default default] TaaS: Handle Delete Port: e25e443e-670a-4a8a-be63-3b6cc9c3cc6f
2026-04-16 23:36:40.320 7 INFO neutron_taas.services.taas.tap_mirror_plugin [None req-53a44553-a5bf-4188-b6c3-a616e6bfeb92 f944a800fde44cc2ae078ff1bfe7aa87 b3130453c588433a8d936e7b6ca7405f - - default default] Tap Mirror: Handle Delete Port: e25e443e-670a-4a8a-be63-3b6cc9c3cc6f
2026-04-16 23:36:40.350 8 WARNING neutron.scheduler.dhcp_agent_scheduler [None req-e6d0f9ec-138c-4625-b39c-fcb3249daaaf ebf4cc93d1c5480f9ea73066e4a2d02b d513a67e257a42fe8bcbd7748398bdd1 - - default default] No more DHCP agents
2026-04-16 23:36:40.351 8 WARNING neutron.api.rpc.agentnotifiers.dhcp_rpc_agent_api [None req-e6d0f9ec-138c-4625-b39c-fcb3249daaaf ebf4cc93d1c5480f9ea73066e4a2d02b d513a67e257a42fe8bcbd7748398bdd1 - - default default] Unable to schedule network 22db0b5c-fc87-4fc0-b22c-2895190add43: no agents available; will retry on subsequent port and subnet creation events. [pid: 7|app: 0|req: 1183/2423] 10.0.0.115 () {32 vars in 719 bytes} [Thu Apr 16 23:36:40 2026] DELETE /v2.0/ports/e25e443e-670a-4a8a-be63-3b6cc9c3cc6f => generated 0 bytes in 219 msecs (HTTP/1.1 204) 3 headers in 131 bytes (1 switches on core 0)
2026-04-16 23:36:40.485 7 INFO neutron.plugins.ml2.drivers.ovn.mech_driver.mech_driver [None req-7c8fffdc-58a6-4e9c-a169-a7505ccfe63a - - - - - -] OVN reports status down for port: 9d60560a-5fc2-457b-a1ea-c785f943855b
2026-04-16 23:36:40.516 8 INFO neutron.db.ovn_revision_numbers_db [None req-e6d0f9ec-138c-4625-b39c-fcb3249daaaf ebf4cc93d1c5480f9ea73066e4a2d02b d513a67e257a42fe8bcbd7748398bdd1 - - default default] Successfully bumped revision number for resource 9d60560a-5fc2-457b-a1ea-c785f943855b (type: ports) to 1
2026-04-16 23:36:40.647 7 INFO neutron_taas.services.taas.taas_plugin [None req-8110ba91-be1e-4080-a17b-48cc4bf4093a f944a800fde44cc2ae078ff1bfe7aa87 b3130453c588433a8d936e7b6ca7405f - - default default] TaaS: Handle Delete Port: 3f1656f0-6733-4be0-8bc5-bab3aee9fac4
2026-04-16 23:36:40.650 7 INFO neutron_taas.services.taas.tap_mirror_plugin [None req-8110ba91-be1e-4080-a17b-48cc4bf4093a f944a800fde44cc2ae078ff1bfe7aa87 b3130453c588433a8d936e7b6ca7405f - - default default] Tap Mirror: Handle Delete Port: 3f1656f0-6733-4be0-8bc5-bab3aee9fac4 [pid: 7|app: 0|req: 1184/2424] 10.0.0.115 () {32 vars in 719 bytes} [Thu Apr 16 23:36:40 2026] DELETE /v2.0/ports/3f1656f0-6733-4be0-8bc5-bab3aee9fac4 => generated 0 bytes in 334 msecs (HTTP/1.1 204) 3 headers in 131 bytes (1 switches on core 0)
2026-04-16 23:36:40.895 7 INFO neutron_taas.services.taas.taas_plugin [None req-22cfdd68-e949-4053-9eb6-2cc2e052d6f5 f944a800fde44cc2ae078ff1bfe7aa87 b3130453c588433a8d936e7b6ca7405f - - default default] TaaS: Handle Delete Port: 915a8544-bf53-4f31-8b7c-cb328258a2a3
2026-04-16 23:36:40.898 7 INFO neutron_taas.services.taas.tap_mirror_plugin [None req-22cfdd68-e949-4053-9eb6-2cc2e052d6f5 f944a800fde44cc2ae078ff1bfe7aa87 b3130453c588433a8d936e7b6ca7405f - - default default] Tap Mirror: Handle Delete Port: 915a8544-bf53-4f31-8b7c-cb328258a2a3 [pid: 7|app: 0|req: 1185/2425] 10.0.0.115 () {32 vars in 719 bytes} [Thu Apr 16 23:36:40 2026] DELETE /v2.0/ports/915a8544-bf53-4f31-8b7c-cb328258a2a3 => generated 0 bytes in 244 msecs (HTTP/1.1 204) 3 headers in 131 bytes (1 switches on core 0)
2026-04-16 23:36:41.116 8 INFO neutron.plugins.ml2.drivers.ovn.mech_driver.ovsdb.commands [None req-6144fc0e-1301-4a84-ab75-8ef4654e5fdf - - - - - -] Schedule LRP lrp-9d60560a-5fc2-457b-a1ea-c785f943855b on gateway fce0dc7a-246f-4df6-8366-a12a5df28860 with priority 1
2026-04-16 23:36:41.161 7 INFO neutron.plugins.ml2.drivers.ovn.mech_driver.mech_driver [None req-7c8fffdc-58a6-4e9c-a169-a7505ccfe63a - - - - - -] OVN reports status up for port: 9d60560a-5fc2-457b-a1ea-c785f943855b
2026-04-16 23:36:41.163 8 INFO neutron.db.ovn_revision_numbers_db [None req-e6d0f9ec-138c-4625-b39c-fcb3249daaaf ebf4cc93d1c5480f9ea73066e4a2d02b d513a67e257a42fe8bcbd7748398bdd1 - - default default] Successfully bumped revision number for resource 9d60560a-5fc2-457b-a1ea-c785f943855b (type: router_ports) to 1
2026-04-16 23:36:41.174 7 INFO neutron_taas.services.taas.taas_plugin [None req-7beec332-04db-4afa-bfda-17acaf26348c f944a800fde44cc2ae078ff1bfe7aa87 b3130453c588433a8d936e7b6ca7405f - - default default] TaaS: Handle Delete Port: 470e7d78-c889-46c2-879b-75feee5a6f1e
2026-04-16 23:36:41.179 7 INFO neutron_taas.services.taas.tap_mirror_plugin [None req-7beec332-04db-4afa-bfda-17acaf26348c f944a800fde44cc2ae078ff1bfe7aa87 b3130453c588433a8d936e7b6ca7405f - - default default] Tap Mirror: Handle Delete Port: 470e7d78-c889-46c2-879b-75feee5a6f1e
2026-04-16 23:36:41.183 7 INFO neutron.plugins.ml2.plugin [None req-7c8fffdc-58a6-4e9c-a169-a7505ccfe63a - - - - - -] Attempt 1 to provision port 9d60560a-5fc2-457b-a1ea-c785f943855b
2026-04-16 23:36:41.234 8 INFO neutron.db.ovn_revision_numbers_db [None req-e6d0f9ec-138c-4625-b39c-fcb3249daaaf ebf4cc93d1c5480f9ea73066e4a2d02b d513a67e257a42fe8bcbd7748398bdd1 - - default default] Successfully bumped revision number for resource 77a67abb-bc61-4053-8077-2a83ba829cf0 (type: routers) to 2 [pid: 8|app: 0|req: 1241/2426] 10.0.0.115 () {34 vars in 668 bytes} [Thu Apr 16 23:36:39 2026] POST /v2.0/routers => generated 936 bytes in 1308 msecs (HTTP/1.1 201) 4 headers in 162 bytes (1 switches on core 0) [pid: 7|app: 0|req: 1186/2427] 10.0.0.115 () {32 vars in 719 bytes} [Thu Apr 16 23:36:41 2026] DELETE /v2.0/ports/470e7d78-c889-46c2-879b-75feee5a6f1e => generated 0 bytes in 298 msecs (HTTP/1.1 204) 3 headers in 131 bytes (1 switches on core 0)
2026-04-16 23:36:41.440 7 INFO neutron_taas.services.taas.taas_plugin [None req-f4f48588-ce88-4ce3-af12-4784eb62935b f944a800fde44cc2ae078ff1bfe7aa87 b3130453c588433a8d936e7b6ca7405f - - default default] TaaS: Handle Delete Port: 21c3de2e-8d3a-4352-984b-c34ca0302890
2026-04-16 23:36:41.443 7 INFO neutron_taas.services.taas.tap_mirror_plugin [None req-f4f48588-ce88-4ce3-af12-4784eb62935b f944a800fde44cc2ae078ff1bfe7aa87 b3130453c588433a8d936e7b6ca7405f - - default default] Tap Mirror: Handle Delete Port: 21c3de2e-8d3a-4352-984b-c34ca0302890
2026-04-16 23:36:41.609 7 INFO neutron.services.segments.plugin [-] Segment 1b2876c3-1d92-4578-b356-103661a06ae8 resource provider aggregate not found
2026-04-16 23:36:41.622 7 INFO neutron.services.segments.plugin [-] Segment 1b2876c3-1d92-4578-b356-103661a06ae8 resource provider aggregate not found
2026-04-16 23:36:41.637 7 INFO neutron.services.segments.plugin [-] Segment 1b2876c3-1d92-4578-b356-103661a06ae8 resource provider not found; error: Placement Client Error (4xx): {"errors": [{"status": 404, "title": "Not Found", "detail": "The resource could not be found.\n\n No resource provider with uuid 1b2876c3-1d92-4578-b356-103661a06ae8 found for delete ", "request_id": "req-5ea59626-cb6c-4a78-a3ea-b4e354dbc167"}]}
2026-04-16 23:36:41.641 7 INFO neutron.services.segments.plugin [-] Segment 1b2876c3-1d92-4578-b356-103661a06ae8 resource provider not found; error: Placement Client Error (4xx): {"errors": [{"status": 404, "title": "Not Found", "detail": "The resource could not be found.\n\n No resource provider with uuid 1b2876c3-1d92-4578-b356-103661a06ae8 found for delete ", "request_id": "req-4ef5f2ee-463b-41df-88fe-164c6ea86510"}]} [pid: 7|app: 0|req: 1187/2428] 10.0.0.115 () {32 vars in 725 bytes} [Thu Apr 16 23:36:41 2026] DELETE /v2.0/networks/d9dc2de2-702d-45b5-9314-8d5ea8de0d3a => generated 0 bytes in 336 msecs (HTTP/1.1 204) 3 headers in 131 bytes (1 switches on core 0)
2026-04-16 23:36:41.772 7 INFO neutron_taas.services.taas.taas_plugin [None req-905fff53-8201-490c-873e-06558e4c14c6 f944a800fde44cc2ae078ff1bfe7aa87 b3130453c588433a8d936e7b6ca7405f - - default default] TaaS: Handle Delete Port: 89b02415-b4b4-498b-8e1e-8c25d65fa728
2026-04-16 23:36:41.775 7 INFO neutron_taas.services.taas.tap_mirror_plugin [None req-905fff53-8201-490c-873e-06558e4c14c6 f944a800fde44cc2ae078ff1bfe7aa87 b3130453c588433a8d936e7b6ca7405f - - default default] Tap Mirror: Handle Delete Port: 89b02415-b4b4-498b-8e1e-8c25d65fa728
2026-04-16 23:36:41.784 8 WARNING neutron.scheduler.dhcp_agent_scheduler [None req-0e79e389-2992-4b7c-b34c-fb9e10554686 ebf4cc93d1c5480f9ea73066e4a2d02b d513a67e257a42fe8bcbd7748398bdd1 - - default default] No more DHCP agents
2026-04-16 23:36:41.785 8 WARNING neutron.api.rpc.agentnotifiers.dhcp_rpc_agent_api [None req-0e79e389-2992-4b7c-b34c-fb9e10554686 ebf4cc93d1c5480f9ea73066e4a2d02b d513a67e257a42fe8bcbd7748398bdd1 - - default default] Unable to schedule network 994b1827-fcb7-46a9-bfc4-75a21ce1cc31: no agents available; will retry on subsequent port and subnet creation events.
2026-04-16 23:36:41.920 8 INFO neutron.plugins.ml2.drivers.ovn.mech_driver.mech_driver [None req-6c68ba6b-1309-44d6-9586-eae8d44c8fd1 - - - - - -] OVN reports status down for port: 80eb373e-d0e9-46b0-b8cc-c05054adfca4 [pid: 7|app: 0|req: 1190/2431] 10.0.0.115 () {32 vars in 725 bytes} [Thu Apr 16 23:36:41 2026] DELETE /v2.0/networks/1599dab3-8723-4223-b9d4-82f732a805db => generated 0 bytes in 313 msecs (HTTP/1.1 204) 3 headers in 131 bytes (1 switches on core 0)
2026-04-16 23:36:41.991 8 INFO neutron.db.ovn_revision_numbers_db [None req-0e79e389-2992-4b7c-b34c-fb9e10554686 ebf4cc93d1c5480f9ea73066e4a2d02b d513a67e257a42fe8bcbd7748398bdd1 - - default default] Successfully bumped revision number for resource 80eb373e-d0e9-46b0-b8cc-c05054adfca4 (type: ports) to 1
2026-04-16 23:36:42.106 7 INFO neutron_taas.services.taas.taas_plugin [None req-fc1c2c2f-4c2d-4693-a955-a95d12349458 f944a800fde44cc2ae078ff1bfe7aa87 b3130453c588433a8d936e7b6ca7405f - - default default] TaaS: Handle Delete Port: 79fcd2de-4f3e-402c-ad20-7e46c35d8b0c
2026-04-16 23:36:42.109 7 INFO neutron_taas.services.taas.tap_mirror_plugin [None req-fc1c2c2f-4c2d-4693-a955-a95d12349458 f944a800fde44cc2ae078ff1bfe7aa87 b3130453c588433a8d936e7b6ca7405f - - default default] Tap Mirror: Handle Delete Port: 79fcd2de-4f3e-402c-ad20-7e46c35d8b0c [pid: 7|app: 0|req: 1191/2432] 10.0.0.115 () {32 vars in 725 bytes} [Thu Apr 16 23:36:41 2026] DELETE /v2.0/networks/f44c0c0c-e522-4f6e-a33e-c3412ad32749 => generated 0 bytes in 329 msecs (HTTP/1.1 204) 3 headers in 131 bytes (1 switches on core 0)
2026-04-16 23:36:42.439 7 INFO neutron_taas.services.taas.taas_plugin [None req-f61b2c8a-a53e-48e4-8e8b-ae1e709c013f f944a800fde44cc2ae078ff1bfe7aa87 b3130453c588433a8d936e7b6ca7405f - - default default] TaaS: Handle Delete Port: 8b574c05-b1b1-4147-aa06-b63ad7c6afc2
2026-04-16 23:36:42.442 7 INFO neutron_taas.services.taas.tap_mirror_plugin [None req-f61b2c8a-a53e-48e4-8e8b-ae1e709c013f f944a800fde44cc2ae078ff1bfe7aa87 b3130453c588433a8d936e7b6ca7405f - - default default] Tap Mirror: Handle Delete Port: 8b574c05-b1b1-4147-aa06-b63ad7c6afc2
2026-04-16 23:36:42.687 8 INFO neutron.plugins.ml2.drivers.ovn.mech_driver.mech_driver [None req-6c68ba6b-1309-44d6-9586-eae8d44c8fd1 - - - - - -] OVN reports status up for port: 80eb373e-d0e9-46b0-b8cc-c05054adfca4
2026-04-16 23:36:42.712 8 INFO neutron.plugins.ml2.plugin [None req-6c68ba6b-1309-44d6-9586-eae8d44c8fd1 - - - - - -] Attempt 1 to provision port 80eb373e-d0e9-46b0-b8cc-c05054adfca4 [pid: 7|app: 0|req: 1192/2433] 10.0.0.115 () {32 vars in 725 bytes} [Thu Apr 16 23:36:42 2026] DELETE /v2.0/networks/e44782d8-6438-4fd2-9359-ff8e6a1497c3 => generated 0 bytes in 400 msecs (HTTP/1.1 204) 3 headers in 131 bytes (1 switches on core 0)
2026-04-16 23:36:42.810 8 WARNING neutron.scheduler.dhcp_agent_scheduler [None req-0e79e389-2992-4b7c-b34c-fb9e10554686 ebf4cc93d1c5480f9ea73066e4a2d02b d513a67e257a42fe8bcbd7748398bdd1 - - default default] No more DHCP agents
2026-04-16 23:36:42.812 8 WARNING neutron.api.rpc.agentnotifiers.dhcp_rpc_agent_api [None req-0e79e389-2992-4b7c-b34c-fb9e10554686 ebf4cc93d1c5480f9ea73066e4a2d02b d513a67e257a42fe8bcbd7748398bdd1 - - default default] Unable to schedule network 994b1827-fcb7-46a9-bfc4-75a21ce1cc31: no agents available; will retry on subsequent port and subnet creation events.
2026-04-16 23:36:42.844 7 INFO neutron_taas.services.taas.taas_plugin [None req-01a82ddc-1270-4d88-8920-8562bd7ef51f f944a800fde44cc2ae078ff1bfe7aa87 b3130453c588433a8d936e7b6ca7405f - - default default] TaaS: Handle Delete Port: 36e0669e-ef69-4999-9b15-79de8eafa90a
2026-04-16 23:36:42.846 7 INFO neutron_taas.services.taas.tap_mirror_plugin [None req-01a82ddc-1270-4d88-8920-8562bd7ef51f f944a800fde44cc2ae078ff1bfe7aa87 b3130453c588433a8d936e7b6ca7405f - - default default] Tap Mirror: Handle Delete Port: 36e0669e-ef69-4999-9b15-79de8eafa90a [pid: 7|app: 0|req: 1193/2434] 10.0.0.115 () {32 vars in 725 bytes} [Thu Apr 16 23:36:42 2026] DELETE /v2.0/networks/24dd0cca-66ff-4488-91db-0dfe8e901779 => generated 0 bytes in 318 msecs (HTTP/1.1 204) 3 headers in 131 bytes (1 switches on core 0)
2026-04-16 23:36:43.246 8 INFO neutron.db.ovn_revision_numbers_db [None req-6c68ba6b-1309-44d6-9586-eae8d44c8fd1 - - - - - -] Successfully bumped revision number for resource 80eb373e-d0e9-46b0-b8cc-c05054adfca4 (type: ports) to 2
2026-04-16 23:36:43.444 8 INFO neutron.db.ovn_revision_numbers_db [None req-0e79e389-2992-4b7c-b34c-fb9e10554686 ebf4cc93d1c5480f9ea73066e4a2d02b d513a67e257a42fe8bcbd7748398bdd1 - - default default] Successfully bumped revision number for resource 80eb373e-d0e9-46b0-b8cc-c05054adfca4 (type: router_ports) to 1 [pid: 8|app: 0|req: 1242/2435] 10.0.0.115 () {34 vars in 782 bytes} [Thu Apr 16 23:36:41 2026] PUT /v2.0/routers/77a67abb-bc61-4053-8077-2a83ba829cf0/add_router_interface => generated 309 bytes in 2193 msecs (HTTP/1.1 200) 4 headers in 157 bytes (1 switches on core 0)
2026-04-16 23:36:43.656 7 INFO neutron.services.segments.plugin [-] Segment b97538eb-f481-4c9e-87b5-13da5c3ad53c resource provider aggregate not found
2026-04-16 23:36:43.664 7 INFO neutron.services.segments.plugin [-] Segment b97538eb-f481-4c9e-87b5-13da5c3ad53c resource provider aggregate not found
2026-04-16 23:36:43.682 7 INFO neutron.services.segments.plugin [-] Segment b97538eb-f481-4c9e-87b5-13da5c3ad53c resource provider not found; error: Placement Client Error (4xx): {"errors": [{"status": 404, "title": "Not Found", "detail": "The resource could not be found.\n\n No resource provider with uuid b97538eb-f481-4c9e-87b5-13da5c3ad53c found for delete ", "request_id": "req-4fe1841c-02d4-4bbe-b942-38eed8e1a17d"}]}
2026-04-16 23:36:43.688 7 INFO neutron.services.segments.plugin [-] Segment b97538eb-f481-4c9e-87b5-13da5c3ad53c resource provider not found; error: Placement Client Error (4xx): {"errors": [{"status": 404, "title": "Not Found", "detail": "The resource could not be found.\n\n No resource provider with uuid b97538eb-f481-4c9e-87b5-13da5c3ad53c found for delete ", "request_id": "req-fffeb0f8-d274-4905-aae1-0e9bae3d8db9"}]}
2026-04-16 23:36:43.708 7 INFO neutron.services.segments.plugin [-] Segment 19557b9a-9463-4abe-b565-953d6ba4be57 resource provider aggregate not found
2026-04-16 23:36:43.716 7 INFO neutron.services.segments.plugin [-] Segment 19557b9a-9463-4abe-b565-953d6ba4be57 resource provider aggregate not found
2026-04-16 23:36:43.736 7 INFO neutron.services.segments.plugin [-] Segment 19557b9a-9463-4abe-b565-953d6ba4be57 resource provider not found; error: Placement Client Error (4xx): {"errors": [{"status": 404, "title": "Not Found", "detail": "The resource could not be found.\n\n No resource provider with uuid 19557b9a-9463-4abe-b565-953d6ba4be57 found for delete ", "request_id": "req-e47e53d6-41fa-4fa1-b897-b5cbbb14e564"}]}
2026-04-16 23:36:43.745 7 INFO neutron.services.segments.plugin [-] Segment 19557b9a-9463-4abe-b565-953d6ba4be57 resource provider not found; error: Placement Client Error (4xx): {"errors": [{"status": 404, "title": "Not Found", "detail": "The resource could not be found.\n\n No resource provider with uuid 19557b9a-9463-4abe-b565-953d6ba4be57 found for delete ", "request_id": "req-e6f4b15e-0748-4c3b-b56f-496d7cf28d64"}]}
2026-04-16 23:36:43.753 7 INFO neutron.services.segments.plugin [-] Segment 88f0eb0b-4fb7-46b2-a269-865b86c00efd resource provider aggregate not found
2026-04-16 23:36:43.768 7 INFO neutron.services.segments.plugin [-] Segment 88f0eb0b-4fb7-46b2-a269-865b86c00efd resource provider aggregate not found
