2026-06-20 02:40:32.565 8 INFO placement.requestlog [req-298c96b3-8bd0-4162-93e9-be82242c4f90 req-ffca1143-f200-44a8-adfb-0cec150ab77f 48e1f6b394034799918b3e57e60e1033 7e4e2a9df6ea4c3f8a71283ce9227d97 - - 144feb828ded4cfb925b5373ea1d2de4 144feb828ded4cfb925b5373ea1d2de4] 199.204.45.53 "GET /allocations/f56c883f-696e-49ae-acf6-a8a7d3b07047" status: 200 len: 257 microversion: 1.28 [pid: 8|app: 0|req: 348/694] 199.204.45.53 () {34 vars in 862 bytes} [Sat Jun 20 02:40:32 2026] GET /allocations/f56c883f-696e-49ae-acf6-a8a7d3b07047 => generated 257 bytes in 25 msecs (HTTP/1.1 200) 8 headers in 296 bytes (1 switches on core 0)
2026-06-20 02:40:32.586 7 INFO placement.requestlog [req-298c96b3-8bd0-4162-93e9-be82242c4f90 req-a96295c6-d19a-4b92-9946-487f28c800a9 48e1f6b394034799918b3e57e60e1033 7e4e2a9df6ea4c3f8a71283ce9227d97 - - 144feb828ded4cfb925b5373ea1d2de4 144feb828ded4cfb925b5373ea1d2de4] 199.204.45.53 "GET /allocations/f1e4de72-ff87-4286-936e-b89d9190626d" status: 200 len: 243 microversion: 1.28 [pid: 7|app: 0|req: 347/695] 199.204.45.53 () {34 vars in 862 bytes} [Sat Jun 20 02:40:32 2026] GET /allocations/f1e4de72-ff87-4286-936e-b89d9190626d => generated 243 bytes in 12 msecs (HTTP/1.1 200) 8 headers in 296 bytes (1 switches on core 0)
2026-06-20 02:40:33.657 8 INFO placement.requestlog [req-298c96b3-8bd0-4162-93e9-be82242c4f90 req-a2ec7898-4bf7-4154-948b-a96781078ced 48e1f6b394034799918b3e57e60e1033 7e4e2a9df6ea4c3f8a71283ce9227d97 - - 144feb828ded4cfb925b5373ea1d2de4 144feb828ded4cfb925b5373ea1d2de4] 199.204.45.53 "DELETE /allocations/f56c883f-696e-49ae-acf6-a8a7d3b07047" status: 204 len: 0 microversion: 1.0 [pid: 8|app: 0|req: 349/696] 199.204.45.53 () {34 vars in 840 bytes} [Sat Jun 20 02:40:33 2026] DELETE /allocations/f56c883f-696e-49ae-acf6-a8a7d3b07047 => generated 0 bytes in 47 msecs (HTTP/1.1 204) 5 headers in 198 bytes (1 switches on core 0)
2026-06-20 02:40:34.286 7 INFO placement.requestlog [None req-219a1084-23f0-46fb-b99a-64677ebe27f1 06b28314af504403807a509202218447 7e4e2a9df6ea4c3f8a71283ce9227d97 - - 144feb828ded4cfb925b5373ea1d2de4 144feb828ded4cfb925b5373ea1d2de4] 10.0.0.129 "GET /resource_providers/8e8bf337-1c16-41dd-a103-ae18a59be029/aggregates" status: 404 len: 235 microversion: 1.1 [pid: 7|app: 0|req: 348/697] 10.0.0.129 () {32 vars in 816 bytes} [Sat Jun 20 02:40:34 2026] GET /resource_providers/8e8bf337-1c16-41dd-a103-ae18a59be029/aggregates => generated 235 bytes in 31 msecs (HTTP/1.1 404) 5 headers in 202 bytes (1 switches on core 0)
2026-06-20 02:40:34.289 8 INFO placement.requestlog [None req-8b271539-4952-4afc-8180-f990357dc5b2 06b28314af504403807a509202218447 7e4e2a9df6ea4c3f8a71283ce9227d97 - - 144feb828ded4cfb925b5373ea1d2de4 144feb828ded4cfb925b5373ea1d2de4] 10.0.0.129 "GET /resource_providers/8e8bf337-1c16-41dd-a103-ae18a59be029/aggregates" status: 404 len: 235 microversion: 1.1 [pid: 8|app: 0|req: 350/698] 10.0.0.129 () {32 vars in 816 bytes} [Sat Jun 20 02:40:34 2026] GET /resource_providers/8e8bf337-1c16-41dd-a103-ae18a59be029/aggregates => generated 235 bytes in 29 msecs (HTTP/1.1 404) 5 headers in 202 bytes (1 switches on core 0)
2026-06-20 02:40:34.314 8 INFO placement.requestlog [None req-33d8bab2-3013-4041-a46c-48d6741c9cb6 06b28314af504403807a509202218447 7e4e2a9df6ea4c3f8a71283ce9227d97 - - 144feb828ded4cfb925b5373ea1d2de4 144feb828ded4cfb925b5373ea1d2de4] 10.0.0.129 "DELETE /resource_providers/8e8bf337-1c16-41dd-a103-ae18a59be029" status: 404 len: 246 microversion: 1.1 [pid: 8|app: 0|req: 351/699] 10.0.0.129 () {34 vars in 816 bytes} [Sat Jun 20 02:40:34 2026] DELETE /resource_providers/8e8bf337-1c16-41dd-a103-ae18a59be029 => generated 246 bytes in 8 msecs (HTTP/1.1 404) 6 headers in 231 bytes (1 switches on core 0)
2026-06-20 02:40:34.319 7 INFO placement.requestlog [None req-bec03346-9460-4116-a552-3130cb7a540b 06b28314af504403807a509202218447 7e4e2a9df6ea4c3f8a71283ce9227d97 - - 144feb828ded4cfb925b5373ea1d2de4 144feb828ded4cfb925b5373ea1d2de4] 10.0.0.129 "DELETE /resource_providers/8e8bf337-1c16-41dd-a103-ae18a59be029" status: 404 len: 246 microversion: 1.1 [pid: 7|app: 0|req: 349/700] 10.0.0.129 () {34 vars in 816 bytes} [Sat Jun 20 02:40:34 2026] DELETE /resource_providers/8e8bf337-1c16-41dd-a103-ae18a59be029 => generated 246 bytes in 14 msecs (HTTP/1.1 404) 6 headers in 231 bytes (1 switches on core 0)
2026-06-20 02:40:36.344 7 INFO placement.requestlog [None req-55fcacac-7f0e-4826-9d6a-61381c6c07af 06b28314af504403807a509202218447 7e4e2a9df6ea4c3f8a71283ce9227d97 - - 144feb828ded4cfb925b5373ea1d2de4 144feb828ded4cfb925b5373ea1d2de4] 10.0.0.129 "GET /resource_providers/83061c67-38c8-4695-ae45-f49203636da0/aggregates" status: 404 len: 235 microversion: 1.1 [pid: 7|app: 0|req: 350/701] 10.0.0.129 () {32 vars in 816 bytes} [Sat Jun 20 02:40:36 2026] GET /resource_providers/83061c67-38c8-4695-ae45-f49203636da0/aggregates => generated 235 bytes in 10 msecs (HTTP/1.1 404) 5 headers in 202 bytes (1 switches on core 0)
2026-06-20 02:40:36.348 8 INFO placement.requestlog [None req-389a2008-3087-4d02-b244-a6397f9c730c 06b28314af504403807a509202218447 7e4e2a9df6ea4c3f8a71283ce9227d97 - - 144feb828ded4cfb925b5373ea1d2de4 144feb828ded4cfb925b5373ea1d2de4] 10.0.0.129 "GET /resource_providers/83061c67-38c8-4695-ae45-f49203636da0/aggregates" status: 404 len: 235 microversion: 1.1 [pid: 8|app: 0|req: 352/702] 10.0.0.129 () {32 vars in 816 bytes} [Sat Jun 20 02:40:36 2026] GET /resource_providers/83061c67-38c8-4695-ae45-f49203636da0/aggregates => generated 235 bytes in 16 msecs (HTTP/1.1 404) 5 headers in 202 bytes (1 switches on core 0)
2026-06-20 02:40:36.368 7 INFO placement.requestlog [None req-34cdb684-c7cf-4c96-bd11-4d8e907b6c11 06b28314af504403807a509202218447 7e4e2a9df6ea4c3f8a71283ce9227d97 - - 144feb828ded4cfb925b5373ea1d2de4 144feb828ded4cfb925b5373ea1d2de4] 10.0.0.129 "DELETE /resource_providers/83061c67-38c8-4695-ae45-f49203636da0" status: 404 len: 246 microversion: 1.1 [pid: 7|app: 0|req: 351/703] 10.0.0.129 () {34 vars in 816 bytes} [Sat Jun 20 02:40:36 2026] DELETE /resource_providers/83061c67-38c8-4695-ae45-f49203636da0 => generated 246 bytes in 12 msecs (HTTP/1.1 404) 6 headers in 231 bytes (1 switches on core 0)
2026-06-20 02:40:36.381 8 INFO placement.requestlog [None req-9751c083-5be6-40ee-b817-7c95316bb0fd 06b28314af504403807a509202218447 7e4e2a9df6ea4c3f8a71283ce9227d97 - - 144feb828ded4cfb925b5373ea1d2de4 144feb828ded4cfb925b5373ea1d2de4] 10.0.0.129 "DELETE /resource_providers/83061c67-38c8-4695-ae45-f49203636da0" status: 404 len: 246 microversion: 1.1 [pid: 8|app: 0|req: 353/704] 10.0.0.129 () {34 vars in 816 bytes} [Sat Jun 20 02:40:36 2026] DELETE /resource_providers/83061c67-38c8-4695-ae45-f49203636da0 => generated 246 bytes in 17 msecs (HTTP/1.1 404) 6 headers in 231 bytes (1 switches on core 0)
2026-06-20 02:40:38.403 7 INFO placement.requestlog [None req-1ee9a5be-2b7c-4e3f-aee2-8d3c8824aa78 06b28314af504403807a509202218447 7e4e2a9df6ea4c3f8a71283ce9227d97 - - 144feb828ded4cfb925b5373ea1d2de4 144feb828ded4cfb925b5373ea1d2de4] 10.0.0.129 "GET /resource_providers/d33c34a8-2dbe-44c7-975d-2ed78e7143dc/aggregates" status: 404 len: 235 microversion: 1.1 [pid: 7|app: 0|req: 352/705] 10.0.0.129 () {32 vars in 816 bytes} [Sat Jun 20 02:40:38 2026] GET /resource_providers/d33c34a8-2dbe-44c7-975d-2ed78e7143dc/aggregates => generated 235 bytes in 15 msecs (HTTP/1.1 404) 5 headers in 202 bytes (1 switches on core 0)
2026-06-20 02:40:38.415 8 INFO placement.requestlog [None req-6c481628-ca00-4ce7-bd3a-f9eba3e286b5 06b28314af504403807a509202218447 7e4e2a9df6ea4c3f8a71283ce9227d97 - - 144feb828ded4cfb925b5373ea1d2de4 144feb828ded4cfb925b5373ea1d2de4] 10.0.0.129 "GET /resource_providers/d33c34a8-2dbe-44c7-975d-2ed78e7143dc/aggregates" status: 404 len: 235 microversion: 1.1 [pid: 8|app: 0|req: 354/706] 10.0.0.129 () {32 vars in 816 bytes} [Sat Jun 20 02:40:38 2026] GET /resource_providers/d33c34a8-2dbe-44c7-975d-2ed78e7143dc/aggregates => generated 235 bytes in 23 msecs (HTTP/1.1 404) 5 headers in 202 bytes (1 switches on core 0)
2026-06-20 02:40:38.423 7 INFO placement.requestlog [None req-43f08b13-a696-450d-85e1-467df4723b04 06b28314af504403807a509202218447 7e4e2a9df6ea4c3f8a71283ce9227d97 - - 144feb828ded4cfb925b5373ea1d2de4 144feb828ded4cfb925b5373ea1d2de4] 10.0.0.129 "DELETE /resource_providers/d33c34a8-2dbe-44c7-975d-2ed78e7143dc" status: 404 len: 246 microversion: 1.1 [pid: 7|app: 0|req: 353/707] 10.0.0.129 () {34 vars in 816 bytes} [Sat Jun 20 02:40:38 2026] DELETE /resource_providers/d33c34a8-2dbe-44c7-975d-2ed78e7143dc => generated 246 bytes in 11 msecs (HTTP/1.1 404) 6 headers in 231 bytes (1 switches on core 0)
2026-06-20 02:40:38.446 8 INFO placement.requestlog [None req-467a168b-ec88-4ff4-8c53-38f2446361ae 06b28314af504403807a509202218447 7e4e2a9df6ea4c3f8a71283ce9227d97 - - 144feb828ded4cfb925b5373ea1d2de4 144feb828ded4cfb925b5373ea1d2de4] 10.0.0.129 "DELETE /resource_providers/d33c34a8-2dbe-44c7-975d-2ed78e7143dc" status: 404 len: 246 microversion: 1.1 [pid: 8|app: 0|req: 355/708] 10.0.0.129 () {34 vars in 816 bytes} [Sat Jun 20 02:40:38 2026] DELETE /resource_providers/d33c34a8-2dbe-44c7-975d-2ed78e7143dc => generated 246 bytes in 12 msecs (HTTP/1.1 404) 6 headers in 231 bytes (1 switches on core 0)
2026-06-20 02:40:38.453 7 INFO placement.requestlog [None req-62eeb679-b2bb-4c2f-9ec9-3be93e883e0e 06b28314af504403807a509202218447 7e4e2a9df6ea4c3f8a71283ce9227d97 - - 144feb828ded4cfb925b5373ea1d2de4 144feb828ded4cfb925b5373ea1d2de4] 10.0.0.129 "GET /resource_providers/2273da62-1153-48f4-b122-fb89ce305116/aggregates" status: 404 len: 235 microversion: 1.1 [pid: 7|app: 0|req: 354/709] 10.0.0.129 () {32 vars in 816 bytes} [Sat Jun 20 02:40:38 2026] GET /resource_providers/2273da62-1153-48f4-b122-fb89ce305116/aggregates => generated 235 bytes in 16 msecs (HTTP/1.1 404) 5 headers in 202 bytes (1 switches on core 0)
2026-06-20 02:40:38.464 8 INFO placement.requestlog [None req-bdd0d760-17bd-4702-bd7e-8fdd6375e058 06b28314af504403807a509202218447 7e4e2a9df6ea4c3f8a71283ce9227d97 - - 144feb828ded4cfb925b5373ea1d2de4 144feb828ded4cfb925b5373ea1d2de4] 10.0.0.129 "GET /resource_providers/2273da62-1153-48f4-b122-fb89ce305116/aggregates" status: 404 len: 235 microversion: 1.1 [pid: 8|app: 0|req: 356/710] 10.0.0.129 () {32 vars in 816 bytes} [Sat Jun 20 02:40:38 2026] GET /resource_providers/2273da62-1153-48f4-b122-fb89ce305116/aggregates => generated 235 bytes in 9 msecs (HTTP/1.1 404) 5 headers in 202 bytes (1 switches on core 0)
2026-06-20 02:40:38.483 7 INFO placement.requestlog [None req-d3d6ac56-7993-432b-989d-f11248f7c3d8 06b28314af504403807a509202218447 7e4e2a9df6ea4c3f8a71283ce9227d97 - - 144feb828ded4cfb925b5373ea1d2de4 144feb828ded4cfb925b5373ea1d2de4] 10.0.0.129 "DELETE /resource_providers/2273da62-1153-48f4-b122-fb89ce305116" status: 404 len: 246 microversion: 1.1 [pid: 7|app: 0|req: 355/711] 10.0.0.129 () {34 vars in 816 bytes} [Sat Jun 20 02:40:38 2026] DELETE /resource_providers/2273da62-1153-48f4-b122-fb89ce305116 => generated 246 bytes in 19 msecs (HTTP/1.1 404) 6 headers in 231 bytes (1 switches on core 0)
2026-06-20 02:40:38.486 8 INFO placement.requestlog [None req-98b56fb6-99b2-4d4c-bddf-3129e4796713 06b28314af504403807a509202218447 7e4e2a9df6ea4c3f8a71283ce9227d97 - - 144feb828ded4cfb925b5373ea1d2de4 144feb828ded4cfb925b5373ea1d2de4] 10.0.0.129 "DELETE /resource_providers/2273da62-1153-48f4-b122-fb89ce305116" status: 404 len: 246 microversion: 1.1 [pid: 8|app: 0|req: 357/712] 10.0.0.129 () {34 vars in 816 bytes} [Sat Jun 20 02:40:38 2026] DELETE /resource_providers/2273da62-1153-48f4-b122-fb89ce305116 => generated 246 bytes in 8 msecs (HTTP/1.1 404) 6 headers in 231 bytes (1 switches on core 0)
2026-06-20 02:40:39.704 8 INFO placement.requestlog [None req-d645fc96-7b1a-4733-a44c-f9849a425b3e - - - - - -] 10.0.0.52 "GET /" status: 200 len: 136 microversion: 1.0
2026-06-20 02:40:39.704 7 INFO placement.requestlog [None req-476357df-0fb9-46ee-a1eb-cdc9fc10c327 - - - - - -] 10.0.0.52 "GET /" status: 200 len: 136 microversion: 1.0
2026-06-20 02:40:47.222 8 INFO placement.requestlog [req-da97b2ed-5e75-43ed-ae4d-a78bf2c4baf9 req-3eeb13f6-7ecf-4507-a470-f4078986607f 48e1f6b394034799918b3e57e60e1033 7e4e2a9df6ea4c3f8a71283ce9227d97 - - 144feb828ded4cfb925b5373ea1d2de4 144feb828ded4cfb925b5373ea1d2de4] 10.0.0.112 "GET /allocation_candidates?limit=1000&resources=DISK_GB%3A1%2CMEMORY_MB%3A512%2CVCPU%3A1&root_required=%21COMPUTE_STATUS_DISABLED" status: 200 len: 2784 microversion: 1.36 [pid: 8|app: 0|req: 359/715] 10.0.0.112 () {34 vars in 1012 bytes} [Sat Jun 20 02:40:47 2026] GET /allocation_candidates?limit=1000&resources=DISK_GB%3A1%2CMEMORY_MB%3A512%2CVCPU%3A1&root_required=%21COMPUTE_STATUS_DISABLED => generated 2784 bytes in 35 msecs (HTTP/1.1 200) 8 headers in 297 bytes (1 switches on core 0)
2026-06-20 02:40:47.252 7 INFO placement.requestlog [req-da97b2ed-5e75-43ed-ae4d-a78bf2c4baf9 req-92907eb4-97c7-4955-beec-8f301b7eb00e 48e1f6b394034799918b3e57e60e1033 7e4e2a9df6ea4c3f8a71283ce9227d97 - - 144feb828ded4cfb925b5373ea1d2de4 144feb828ded4cfb925b5373ea1d2de4] 10.0.0.112 "GET /allocations/f28feb12-6616-479b-af6e-feb54f1b63c8" status: 200 len: 19 microversion: 1.28 [pid: 7|app: 0|req: 357/716] 10.0.0.112 () {34 vars in 861 bytes} [Sat Jun 20 02:40:47 2026] GET /allocations/f28feb12-6616-479b-af6e-feb54f1b63c8 => generated 19 bytes in 10 msecs (HTTP/1.1 200) 8 headers in 295 bytes (1 switches on core 0)
2026-06-20 02:40:47.319 8 INFO placement.requestlog [req-da97b2ed-5e75-43ed-ae4d-a78bf2c4baf9 req-cfdc4a0d-3fb1-432c-852a-034d065c24b0 48e1f6b394034799918b3e57e60e1033 7e4e2a9df6ea4c3f8a71283ce9227d97 - - 144feb828ded4cfb925b5373ea1d2de4 144feb828ded4cfb925b5373ea1d2de4] 10.0.0.112 "PUT /allocations/f28feb12-6616-479b-af6e-feb54f1b63c8" status: 204 len: 0 microversion: 1.36 [pid: 8|app: 0|req: 360/717] 10.0.0.112 () {38 vars in 914 bytes} [Sat Jun 20 02:40:47 2026] PUT /allocations/f28feb12-6616-479b-af6e-feb54f1b63c8 => generated 0 bytes in 60 msecs (HTTP/1.1 204) 5 headers in 199 bytes (1 switches on core 0)
2026-06-20 02:40:48.686 7 INFO placement.requestlog [req-31aceae0-497e-4972-9c35-3c3980951bec req-a75c826e-73d0-4338-955d-5fa74ed6760b 48e1f6b394034799918b3e57e60e1033 7e4e2a9df6ea4c3f8a71283ce9227d97 - - 144feb828ded4cfb925b5373ea1d2de4 144feb828ded4cfb925b5373ea1d2de4] 199.204.45.53 "GET /resource_providers/0066f421-89e7-4540-a920-cedc34000207/allocations" status: 200 len: 338 microversion: 1.0 [pid: 7|app: 0|req: 358/718] 199.204.45.53 () {32 vars in 856 bytes} [Sat Jun 20 02:40:48 2026] GET /resource_providers/0066f421-89e7-4540-a920-cedc34000207/allocations => generated 338 bytes in 14 msecs (HTTP/1.1 200) 6 headers in 224 bytes (1 switches on core 0)
2026-06-20 02:40:48.842 8 INFO placement.requestlog [req-da97b2ed-5e75-43ed-ae4d-a78bf2c4baf9 req-6fd50946-cb5d-4f0e-9870-cd3aa948b932 48e1f6b394034799918b3e57e60e1033 7e4e2a9df6ea4c3f8a71283ce9227d97 - - 144feb828ded4cfb925b5373ea1d2de4 144feb828ded4cfb925b5373ea1d2de4] 199.204.45.53 "GET /allocations/f28feb12-6616-479b-af6e-feb54f1b63c8" status: 200 len: 257 microversion: 1.28 [pid: 8|app: 0|req: 361/719] 199.204.45.53 () {34 vars in 862 bytes} [Sat Jun 20 02:40:48 2026] GET /allocations/f28feb12-6616-479b-af6e-feb54f1b63c8 => generated 257 bytes in 14 msecs (HTTP/1.1 200) 8 headers in 296 bytes (1 switches on core 0)
2026-06-20 02:40:49.218 7 INFO placement.requestlog [req-31aceae0-497e-4972-9c35-3c3980951bec req-cf1d5859-7723-4716-bef4-173321ce9964 48e1f6b394034799918b3e57e60e1033 7e4e2a9df6ea4c3f8a71283ce9227d97 - - 144feb828ded4cfb925b5373ea1d2de4 144feb828ded4cfb925b5373ea1d2de4] 199.204.45.53 "GET /resource_providers/0066f421-89e7-4540-a920-cedc34000207/allocations" status: 200 len: 338 microversion: 1.0 [pid: 7|app: 0|req: 359/720] 199.204.45.53 () {32 vars in 856 bytes} [Sat Jun 20 02:40:49 2026] GET /resource_providers/0066f421-89e7-4540-a920-cedc34000207/allocations => generated 338 bytes in 20 msecs (HTTP/1.1 200) 6 headers in 224 bytes (1 switches on core 0)
2026-06-20 02:40:49.239 8 INFO placement.requestlog [req-31aceae0-497e-4972-9c35-3c3980951bec req-82833de3-5a66-4f4d-a290-b8fb6448d590 48e1f6b394034799918b3e57e60e1033 7e4e2a9df6ea4c3f8a71283ce9227d97 - - 144feb828ded4cfb925b5373ea1d2de4 144feb828ded4cfb925b5373ea1d2de4] 199.204.45.53 "GET /allocations/d921c8f2-e5aa-4cd2-80fa-7f1cd51051f6" status: 200 len: 257 microversion: 1.28 [pid: 8|app: 0|req: 362/721] 199.204.45.53 () {34 vars in 862 bytes} [Sat Jun 20 02:40:49 2026] GET /allocations/d921c8f2-e5aa-4cd2-80fa-7f1cd51051f6 => generated 257 bytes in 15 msecs (HTTP/1.1 200) 8 headers in 296 bytes (1 switches on core 0)
2026-06-20 02:40:49.267 7 INFO placement.requestlog [req-31aceae0-497e-4972-9c35-3c3980951bec req-dd921d6c-895b-4e7a-8ff1-b76648d7957d 48e1f6b394034799918b3e57e60e1033 7e4e2a9df6ea4c3f8a71283ce9227d97 - - 144feb828ded4cfb925b5373ea1d2de4 144feb828ded4cfb925b5373ea1d2de4] 199.204.45.53 "GET /allocations/f28feb12-6616-479b-af6e-feb54f1b63c8" status: 200 len: 257 microversion: 1.28 [pid: 7|app: 0|req: 360/722] 199.204.45.53 () {34 vars in 862 bytes} [Sat Jun 20 02:40:49 2026] GET /allocations/f28feb12-6616-479b-af6e-feb54f1b63c8 => generated 257 bytes in 21 msecs (HTTP/1.1 200) 8 headers in 296 bytes (1 switches on core 0)
2026-06-20 02:40:49.290 8 INFO placement.requestlog [req-31aceae0-497e-4972-9c35-3c3980951bec req-066066ec-eafb-498e-8bc2-8736bdca3b99 48e1f6b394034799918b3e57e60e1033 7e4e2a9df6ea4c3f8a71283ce9227d97 - - 144feb828ded4cfb925b5373ea1d2de4 144feb828ded4cfb925b5373ea1d2de4] 199.204.45.53 "GET /allocations/f1e4de72-ff87-4286-936e-b89d9190626d" status: 200 len: 243 microversion: 1.28 [pid: 8|app: 0|req: 363/723] 199.204.45.53 () {34 vars in 862 bytes} [Sat Jun 20 02:40:49 2026] GET /allocations/f1e4de72-ff87-4286-936e-b89d9190626d => generated 243 bytes in 16 msecs (HTTP/1.1 200) 8 headers in 296 bytes (1 switches on core 0)
2026-06-20 02:40:49.705 8 INFO placement.requestlog [None req-b318fc03-77af-496f-8fe6-e41732e7ccce - - - - - -] 10.0.0.52 "GET /" status: 200 len: 136 microversion: 1.0
2026-06-20 02:40:49.710 7 INFO placement.requestlog [None req-a570ce23-52e4-42d1-a2a5-5cbfce4c0444 - - - - - -] 10.0.0.52 "GET /" status: 200 len: 136 microversion: 1.0
2026-06-20 02:40:50.342 8 INFO placement.requestlog [req-5c3838dc-97b9-4d2b-a1ae-945b7c285748 req-58e4e3f5-b5d0-429a-ad34-886d8bb07b3a 48e1f6b394034799918b3e57e60e1033 7e4e2a9df6ea4c3f8a71283ce9227d97 - - 144feb828ded4cfb925b5373ea1d2de4 144feb828ded4cfb925b5373ea1d2de4] 199.204.45.53 "GET /resource_providers/0066f421-89e7-4540-a920-cedc34000207/allocations" status: 200 len: 338 microversion: 1.0 [pid: 8|app: 0|req: 365/726] 199.204.45.53 () {32 vars in 856 bytes} [Sat Jun 20 02:40:50 2026] GET /resource_providers/0066f421-89e7-4540-a920-cedc34000207/allocations => generated 338 bytes in 24 msecs (HTTP/1.1 200) 6 headers in 224 bytes (1 switches on core 0)
2026-06-20 02:40:50.365 7 INFO placement.requestlog [req-5c3838dc-97b9-4d2b-a1ae-945b7c285748 req-486c6de1-3e12-41f1-932a-8361be4d61f1 48e1f6b394034799918b3e57e60e1033 7e4e2a9df6ea4c3f8a71283ce9227d97 - - 144feb828ded4cfb925b5373ea1d2de4 144feb828ded4cfb925b5373ea1d2de4] 199.204.45.53 "GET /allocations/d921c8f2-e5aa-4cd2-80fa-7f1cd51051f6" status: 200 len: 257 microversion: 1.28 [pid: 7|app: 0|req: 362/727] 199.204.45.53 () {34 vars in 862 bytes} [Sat Jun 20 02:40:50 2026] GET /allocations/d921c8f2-e5aa-4cd2-80fa-7f1cd51051f6 => generated 257 bytes in 14 msecs (HTTP/1.1 200) 8 headers in 296 bytes (1 switches on core 0)
2026-06-20 02:40:50.384 8 INFO placement.requestlog [req-5c3838dc-97b9-4d2b-a1ae-945b7c285748 req-bbb87bdd-1726-430f-8496-40e6240235d2 48e1f6b394034799918b3e57e60e1033 7e4e2a9df6ea4c3f8a71283ce9227d97 - - 144feb828ded4cfb925b5373ea1d2de4 144feb828ded4cfb925b5373ea1d2de4] 199.204.45.53 "GET /allocations/f28feb12-6616-479b-af6e-feb54f1b63c8" status: 200 len: 257 microversion: 1.28 [pid: 8|app: 0|req: 366/728] 199.204.45.53 () {34 vars in 862 bytes} [Sat Jun 20 02:40:50 2026] GET /allocations/f28feb12-6616-479b-af6e-feb54f1b63c8 => generated 257 bytes in 14 msecs (HTTP/1.1 200) 8 headers in 296 bytes (1 switches on core 0)
2026-06-20 02:40:50.406 7 INFO placement.requestlog [req-5c3838dc-97b9-4d2b-a1ae-945b7c285748 req-e2c8d170-1f5e-42d5-9b52-fccbecb31d9a 48e1f6b394034799918b3e57e60e1033 7e4e2a9df6ea4c3f8a71283ce9227d97 - - 144feb828ded4cfb925b5373ea1d2de4 144feb828ded4cfb925b5373ea1d2de4] 199.204.45.53 "GET /allocations/f1e4de72-ff87-4286-936e-b89d9190626d" status: 200 len: 243 microversion: 1.28 [pid: 7|app: 0|req: 363/729] 199.204.45.53 () {34 vars in 862 bytes} [Sat Jun 20 02:40:50 2026] GET /allocations/f1e4de72-ff87-4286-936e-b89d9190626d => generated 243 bytes in 16 msecs (HTTP/1.1 200) 8 headers in 296 bytes (1 switches on core 0)
2026-06-20 02:40:51.463 8 INFO placement.requestlog [req-5c3838dc-97b9-4d2b-a1ae-945b7c285748 req-fed8a898-1f09-43e4-8aa8-57944baef711 48e1f6b394034799918b3e57e60e1033 7e4e2a9df6ea4c3f8a71283ce9227d97 - - 144feb828ded4cfb925b5373ea1d2de4 144feb828ded4cfb925b5373ea1d2de4] 199.204.45.53 "DELETE /allocations/f1e4de72-ff87-4286-936e-b89d9190626d" status: 204 len: 0 microversion: 1.0 [pid: 8|app: 0|req: 367/730] 199.204.45.53 () {34 vars in 840 bytes} [Sat Jun 20 02:40:51 2026] DELETE /allocations/f1e4de72-ff87-4286-936e-b89d9190626d => generated 0 bytes in 33 msecs (HTTP/1.1 204) 5 headers in 198 bytes (1 switches on core 0)
2026-06-20 02:40:52.474 7 INFO placement.requestlog [req-da97b2ed-5e75-43ed-ae4d-a78bf2c4baf9 req-bd3a4edb-b31e-4bf0-84b9-e78eb8c85612 48e1f6b394034799918b3e57e60e1033 7e4e2a9df6ea4c3f8a71283ce9227d97 - - 144feb828ded4cfb925b5373ea1d2de4 144feb828ded4cfb925b5373ea1d2de4] 199.204.45.53 "GET /resource_providers/0066f421-89e7-4540-a920-cedc34000207/allocations" status: 200 len: 252 microversion: 1.0 [pid: 7|app: 0|req: 364/731] 199.204.45.53 () {32 vars in 856 bytes} [Sat Jun 20 02:40:52 2026] GET /resource_providers/0066f421-89e7-4540-a920-cedc34000207/allocations => generated 252 bytes in 25 msecs (HTTP/1.1 200) 6 headers in 224 bytes (1 switches on core 0)
2026-06-20 02:40:52.495 8 INFO placement.requestlog [req-da97b2ed-5e75-43ed-ae4d-a78bf2c4baf9 req-93b74789-81f0-48dd-80d3-32b370061651 48e1f6b394034799918b3e57e60e1033 7e4e2a9df6ea4c3f8a71283ce9227d97 - - 144feb828ded4cfb925b5373ea1d2de4 144feb828ded4cfb925b5373ea1d2de4] 199.204.45.53 "GET /allocations/d921c8f2-e5aa-4cd2-80fa-7f1cd51051f6" status: 200 len: 257 microversion: 1.28 [pid: 8|app: 0|req: 368/732] 199.204.45.53 () {34 vars in 862 bytes} [Sat Jun 20 02:40:52 2026] GET /allocations/d921c8f2-e5aa-4cd2-80fa-7f1cd51051f6 => generated 257 bytes in 15 msecs (HTTP/1.1 200) 8 headers in 296 bytes (1 switches on core 0)
2026-06-20 02:40:52.517 7 INFO placement.requestlog [req-da97b2ed-5e75-43ed-ae4d-a78bf2c4baf9 req-500a9c74-6840-4412-b058-dc828f7f9ffa 48e1f6b394034799918b3e57e60e1033 7e4e2a9df6ea4c3f8a71283ce9227d97 - - 144feb828ded4cfb925b5373ea1d2de4 144feb828ded4cfb925b5373ea1d2de4] 199.204.45.53 "GET /allocations/f28feb12-6616-479b-af6e-feb54f1b63c8" status: 200 len: 257 microversion: 1.28 [pid: 7|app: 0|req: 365/733] 199.204.45.53 () {34 vars in 862 bytes} [Sat Jun 20 02:40:52 2026] GET /allocations/f28feb12-6616-479b-af6e-feb54f1b63c8 => generated 257 bytes in 14 msecs (HTTP/1.1 200) 8 headers in 296 bytes (1 switches on core 0)
2026-06-20 02:40:52.837 8 INFO placement.requestlog [None req-6d4819ef-6123-456e-8937-cdf3b6b7d16b 06b28314af504403807a509202218447 7e4e2a9df6ea4c3f8a71283ce9227d97 - - 144feb828ded4cfb925b5373ea1d2de4 144feb828ded4cfb925b5373ea1d2de4] 10.0.0.129 "GET /resource_providers/4bc423e5-c8ce-4a6f-ab34-c62bc8069598/aggregates" status: 404 len: 235 microversion: 1.1 [pid: 8|app: 0|req: 369/734] 10.0.0.129 () {32 vars in 816 bytes} [Sat Jun 20 02:40:52 2026] GET /resource_providers/4bc423e5-c8ce-4a6f-ab34-c62bc8069598/aggregates => generated 235 bytes in 17 msecs (HTTP/1.1 404) 5 headers in 202 bytes (1 switches on core 0)
2026-06-20 02:40:52.839 7 INFO placement.requestlog [None req-9369ae00-d0f0-4cf5-afbd-e0ea063a93e1 06b28314af504403807a509202218447 7e4e2a9df6ea4c3f8a71283ce9227d97 - - 144feb828ded4cfb925b5373ea1d2de4 144feb828ded4cfb925b5373ea1d2de4] 10.0.0.129 "GET /resource_providers/4bc423e5-c8ce-4a6f-ab34-c62bc8069598/aggregates" status: 404 len: 235 microversion: 1.1 [pid: 7|app: 0|req: 366/735] 10.0.0.129 () {32 vars in 816 bytes} [Sat Jun 20 02:40:52 2026] GET /resource_providers/4bc423e5-c8ce-4a6f-ab34-c62bc8069598/aggregates => generated 235 bytes in 13 msecs (HTTP/1.1 404) 5 headers in 202 bytes (1 switches on core 0)
2026-06-20 02:40:52.863 8 INFO placement.requestlog [None req-75f83c1e-13d4-4d26-99b8-6aac319a9cd3 06b28314af504403807a509202218447 7e4e2a9df6ea4c3f8a71283ce9227d97 - - 144feb828ded4cfb925b5373ea1d2de4 144feb828ded4cfb925b5373ea1d2de4] 10.0.0.129 "DELETE /resource_providers/4bc423e5-c8ce-4a6f-ab34-c62bc8069598" status: 404 len: 246 microversion: 1.1 [pid: 8|app: 0|req: 370/736] 10.0.0.129 () {34 vars in 816 bytes} [Sat Jun 20 02:40:52 2026] DELETE /resource_providers/4bc423e5-c8ce-4a6f-ab34-c62bc8069598 => generated 246 bytes in 11 msecs (HTTP/1.1 404) 6 headers in 231 bytes (1 switches on core 0)
2026-06-20 02:40:52.866 7 INFO placement.requestlog [None req-c783f0f0-0942-402a-913c-6316c94af60e 06b28314af504403807a509202218447 7e4e2a9df6ea4c3f8a71283ce9227d97 - - 144feb828ded4cfb925b5373ea1d2de4 144feb828ded4cfb925b5373ea1d2de4] 10.0.0.129 "DELETE /resource_providers/4bc423e5-c8ce-4a6f-ab34-c62bc8069598" status: 404 len: 246 microversion: 1.1 [pid: 7|app: 0|req: 367/737] 10.0.0.129 () {34 vars in 816 bytes} [Sat Jun 20 02:40:52 2026] DELETE /resource_providers/4bc423e5-c8ce-4a6f-ab34-c62bc8069598 => generated 246 bytes in 14 msecs (HTTP/1.1 404) 6 headers in 231 bytes (1 switches on core 0)
2026-06-20 02:40:54.772 8 INFO placement.requestlog [None req-7ed6cb3f-622a-4c7e-b3f6-0d4f6434cca2 06b28314af504403807a509202218447 7e4e2a9df6ea4c3f8a71283ce9227d97 - - 144feb828ded4cfb925b5373ea1d2de4 144feb828ded4cfb925b5373ea1d2de4] 10.0.0.129 "GET /resource_providers/d8c6501f-51dc-4425-b949-440bf6cbf400/aggregates" status: 404 len: 235 microversion: 1.1 [pid: 8|app: 0|req: 371/738] 10.0.0.129 () {32 vars in 816 bytes} [Sat Jun 20 02:40:54 2026] GET /resource_providers/d8c6501f-51dc-4425-b949-440bf6cbf400/aggregates => generated 235 bytes in 11 msecs (HTTP/1.1 404) 5 headers in 202 bytes (1 switches on core 0)
2026-06-20 02:40:54.775 7 INFO placement.requestlog [None req-64f9b213-f332-471f-ba00-dcd1e735a1af 06b28314af504403807a509202218447 7e4e2a9df6ea4c3f8a71283ce9227d97 - - 144feb828ded4cfb925b5373ea1d2de4 144feb828ded4cfb925b5373ea1d2de4] 10.0.0.129 "GET /resource_providers/d8c6501f-51dc-4425-b949-440bf6cbf400/aggregates" status: 404 len: 235 microversion: 1.1 [pid: 7|app: 0|req: 368/739] 10.0.0.129 () {32 vars in 816 bytes} [Sat Jun 20 02:40:54 2026] GET /resource_providers/d8c6501f-51dc-4425-b949-440bf6cbf400/aggregates => generated 235 bytes in 8 msecs (HTTP/1.1 404) 5 headers in 202 bytes (1 switches on core 0)
2026-06-20 02:40:54.801 8 INFO placement.requestlog [None req-f8d9783b-3fce-491f-9837-a98a3cd4ecc5 06b28314af504403807a509202218447 7e4e2a9df6ea4c3f8a71283ce9227d97 - - 144feb828ded4cfb925b5373ea1d2de4 144feb828ded4cfb925b5373ea1d2de4] 10.0.0.129 "DELETE /resource_providers/d8c6501f-51dc-4425-b949-440bf6cbf400" status: 404 len: 246 microversion: 1.1 [pid: 8|app: 0|req: 372/740] 10.0.0.129 () {34 vars in 816 bytes} [Sat Jun 20 02:40:54 2026] DELETE /resource_providers/d8c6501f-51dc-4425-b949-440bf6cbf400 => generated 246 bytes in 8 msecs (HTTP/1.1 404) 6 headers in 231 bytes (1 switches on core 0)
2026-06-20 02:40:54.809 7 INFO placement.requestlog [None req-7f762596-4aa4-4387-8474-6d84ee3ff65d 06b28314af504403807a509202218447 7e4e2a9df6ea4c3f8a71283ce9227d97 - - 144feb828ded4cfb925b5373ea1d2de4 144feb828ded4cfb925b5373ea1d2de4] 10.0.0.129 "DELETE /resource_providers/d8c6501f-51dc-4425-b949-440bf6cbf400" status: 404 len: 246 microversion: 1.1 [pid: 7|app: 0|req: 369/741] 10.0.0.129 () {34 vars in 816 bytes} [Sat Jun 20 02:40:54 2026] DELETE /resource_providers/d8c6501f-51dc-4425-b949-440bf6cbf400 => generated 246 bytes in 15 msecs (HTTP/1.1 404) 6 headers in 231 bytes (1 switches on core 0)
2026-06-20 02:40:54.884 8 INFO placement.requestlog [None req-6d5da951-89ad-428b-a76b-8aa310cc62fb 06b28314af504403807a509202218447 7e4e2a9df6ea4c3f8a71283ce9227d97 - - 144feb828ded4cfb925b5373ea1d2de4 144feb828ded4cfb925b5373ea1d2de4] 10.0.0.129 "GET /resource_providers/302b1665-9035-4cbb-ade8-d23da67d1cfe/aggregates" status: 404 len: 235 microversion: 1.1 [pid: 8|app: 0|req: 373/742] 10.0.0.129 () {32 vars in 816 bytes} [Sat Jun 20 02:40:54 2026] GET /resource_providers/302b1665-9035-4cbb-ade8-d23da67d1cfe/aggregates => generated 235 bytes in 10 msecs (HTTP/1.1 404) 5 headers in 202 bytes (1 switches on core 0)
2026-06-20 02:40:54.887 7 INFO placement.requestlog [None req-133e2752-3c42-4b77-9670-c216374a0def 06b28314af504403807a509202218447 7e4e2a9df6ea4c3f8a71283ce9227d97 - - 144feb828ded4cfb925b5373ea1d2de4 144feb828ded4cfb925b5373ea1d2de4] 10.0.0.129 "GET /resource_providers/302b1665-9035-4cbb-ade8-d23da67d1cfe/aggregates" status: 404 len: 235 microversion: 1.1 [pid: 7|app: 0|req: 370/743] 10.0.0.129 () {32 vars in 816 bytes} [Sat Jun 20 02:40:54 2026] GET /resource_providers/302b1665-9035-4cbb-ade8-d23da67d1cfe/aggregates => generated 235 bytes in 8 msecs (HTTP/1.1 404) 5 headers in 202 bytes (1 switches on core 0)
2026-06-20 02:40:54.906 8 INFO placement.requestlog [None req-1bf8eaa9-053c-42c7-929c-049cdeaef404 06b28314af504403807a509202218447 7e4e2a9df6ea4c3f8a71283ce9227d97 - - 144feb828ded4cfb925b5373ea1d2de4 144feb828ded4cfb925b5373ea1d2de4] 10.0.0.129 "DELETE /resource_providers/302b1665-9035-4cbb-ade8-d23da67d1cfe" status: 404 len: 246 microversion: 1.1 [pid: 8|app: 0|req: 374/744] 10.0.0.129 () {34 vars in 816 bytes} [Sat Jun 20 02:40:54 2026] DELETE /resource_providers/302b1665-9035-4cbb-ade8-d23da67d1cfe => generated 246 bytes in 9 msecs (HTTP/1.1 404) 6 headers in 231 bytes (1 switches on core 0)
2026-06-20 02:40:54.912 7 INFO placement.requestlog [None req-ffe49db1-892e-442d-8886-9071f7e05b57 06b28314af504403807a509202218447 7e4e2a9df6ea4c3f8a71283ce9227d97 - - 144feb828ded4cfb925b5373ea1d2de4 144feb828ded4cfb925b5373ea1d2de4] 10.0.0.129 "DELETE /resource_providers/302b1665-9035-4cbb-ade8-d23da67d1cfe" status: 404 len: 246 microversion: 1.1 [pid: 7|app: 0|req: 371/745] 10.0.0.129 () {34 vars in 816 bytes} [Sat Jun 20 02:40:54 2026] DELETE /resource_providers/302b1665-9035-4cbb-ade8-d23da67d1cfe => generated 246 bytes in 8 msecs (HTTP/1.1 404) 6 headers in 231 bytes (1 switches on core 0)
2026-06-20 02:40:56.827 8 INFO placement.requestlog [None req-20bfebff-ef07-469b-bfc6-6d6ed586d9aa 06b28314af504403807a509202218447 7e4e2a9df6ea4c3f8a71283ce9227d97 - - 144feb828ded4cfb925b5373ea1d2de4 144feb828ded4cfb925b5373ea1d2de4] 10.0.0.129 "GET /resource_providers/317b9117-ba8a-4a65-b77f-85359e868da1/aggregates" status: 404 len: 235 microversion: 1.1 [pid: 8|app: 0|req: 375/746] 10.0.0.129 () {32 vars in 816 bytes} [Sat Jun 20 02:40:56 2026] GET /resource_providers/317b9117-ba8a-4a65-b77f-85359e868da1/aggregates => generated 235 bytes in 10 msecs (HTTP/1.1 404) 5 headers in 202 bytes (1 switches on core 0)
2026-06-20 02:40:56.829 7 INFO placement.requestlog [None req-1f4a3fcd-7274-4a3b-95f1-6fb73795f7bf 06b28314af504403807a509202218447 7e4e2a9df6ea4c3f8a71283ce9227d97 - - 144feb828ded4cfb925b5373ea1d2de4 144feb828ded4cfb925b5373ea1d2de4] 10.0.0.129 "GET /resource_providers/317b9117-ba8a-4a65-b77f-85359e868da1/aggregates" status: 404 len: 235 microversion: 1.1 [pid: 7|app: 0|req: 372/747] 10.0.0.129 () {32 vars in 816 bytes} [Sat Jun 20 02:40:56 2026] GET /resource_providers/317b9117-ba8a-4a65-b77f-85359e868da1/aggregates => generated 235 bytes in 11 msecs (HTTP/1.1 404) 5 headers in 202 bytes (1 switches on core 0)
2026-06-20 02:40:56.849 8 INFO placement.requestlog [None req-42d9efa0-5a0d-496c-a299-cd116ef3c19c 06b28314af504403807a509202218447 7e4e2a9df6ea4c3f8a71283ce9227d97 - - 144feb828ded4cfb925b5373ea1d2de4 144feb828ded4cfb925b5373ea1d2de4] 10.0.0.129 "DELETE /resource_providers/317b9117-ba8a-4a65-b77f-85359e868da1" status: 404 len: 246 microversion: 1.1
2026-06-20 02:40:56.849 7 INFO placement.requestlog [None req-cd290ddf-8823-49c6-8d70-0d81893419c2 06b28314af504403807a509202218447 7e4e2a9df6ea4c3f8a71283ce9227d97 - - 144feb828ded4cfb925b5373ea1d2de4 144feb828ded4cfb925b5373ea1d2de4] 10.0.0.129 "DELETE /resource_providers/317b9117-ba8a-4a65-b77f-85359e868da1" status: 404 len: 246 microversion: 1.1 [pid: 7|app: 0|req: 373/749] 10.0.0.129 () {34 vars in 816 bytes} [Sat Jun 20 02:40:56 2026] DELETE /resource_providers/317b9117-ba8a-4a65-b77f-85359e868da1 => generated 246 bytes in 7 msecs (HTTP/1.1 404) 6 headers in 231 bytes (1 switches on core 0) [pid: 8|app: 0|req: 376/749] 10.0.0.129 () {34 vars in 816 bytes} [Sat Jun 20 02:40:56 2026] DELETE /resource_providers/317b9117-ba8a-4a65-b77f-85359e868da1 => generated 246 bytes in 9 msecs (HTTP/1.1 404) 6 headers in 231 bytes (1 switches on core 0)
2026-06-20 02:40:57.320 8 INFO placement.requestlog [None req-19d0d3d4-1472-4ec2-a66d-3f96a66a2ee0 06b28314af504403807a509202218447 7e4e2a9df6ea4c3f8a71283ce9227d97 - - 144feb828ded4cfb925b5373ea1d2de4 144feb828ded4cfb925b5373ea1d2de4] 10.0.0.129 "GET /resource_providers/a4e18c5d-930b-4ab9-b4ba-4e336d8f0e90/aggregates" status: 404 len: 235 microversion: 1.1 [pid: 8|app: 0|req: 377/750] 10.0.0.129 () {32 vars in 816 bytes} [Sat Jun 20 02:40:57 2026] GET /resource_providers/a4e18c5d-930b-4ab9-b4ba-4e336d8f0e90/aggregates => generated 235 bytes in 8 msecs (HTTP/1.1 404) 5 headers in 202 bytes (1 switches on core 0)
2026-06-20 02:40:57.321 7 INFO placement.requestlog [None req-5fa7430a-c860-495d-a01c-2e564d72ece5 06b28314af504403807a509202218447 7e4e2a9df6ea4c3f8a71283ce9227d97 - - 144feb828ded4cfb925b5373ea1d2de4 144feb828ded4cfb925b5373ea1d2de4] 10.0.0.129 "GET /resource_providers/a4e18c5d-930b-4ab9-b4ba-4e336d8f0e90/aggregates" status: 404 len: 235 microversion: 1.1 [pid: 7|app: 0|req: 374/751] 10.0.0.129 () {32 vars in 816 bytes} [Sat Jun 20 02:40:57 2026] GET /resource_providers/a4e18c5d-930b-4ab9-b4ba-4e336d8f0e90/aggregates => generated 235 bytes in 9 msecs (HTTP/1.1 404) 5 headers in 202 bytes (1 switches on core 0)
2026-06-20 02:40:57.344 8 INFO placement.requestlog [None req-d892a6cc-7944-42a4-b112-64fcd1c0139e 06b28314af504403807a509202218447 7e4e2a9df6ea4c3f8a71283ce9227d97 - - 144feb828ded4cfb925b5373ea1d2de4 144feb828ded4cfb925b5373ea1d2de4] 10.0.0.129 "DELETE /resource_providers/a4e18c5d-930b-4ab9-b4ba-4e336d8f0e90" status: 404 len: 246 microversion: 1.1 [pid: 8|app: 0|req: 378/752] 10.0.0.129 () {34 vars in 816 bytes} [Sat Jun 20 02:40:57 2026] DELETE /resource_providers/a4e18c5d-930b-4ab9-b4ba-4e336d8f0e90 => generated 246 bytes in 9 msecs (HTTP/1.1 404) 6 headers in 231 bytes (1 switches on core 0)
2026-06-20 02:40:57.350 7 INFO placement.requestlog [None req-5871160f-b27e-4367-b489-51eaee3477c0 06b28314af504403807a509202218447 7e4e2a9df6ea4c3f8a71283ce9227d97 - - 144feb828ded4cfb925b5373ea1d2de4 144feb828ded4cfb925b5373ea1d2de4] 10.0.0.129 "DELETE /resource_providers/a4e18c5d-930b-4ab9-b4ba-4e336d8f0e90" status: 404 len: 246 microversion: 1.1 [pid: 7|app: 0|req: 375/753] 10.0.0.129 () {34 vars in 816 bytes} [Sat Jun 20 02:40:57 2026] DELETE /resource_providers/a4e18c5d-930b-4ab9-b4ba-4e336d8f0e90 => generated 246 bytes in 10 msecs (HTTP/1.1 404) 6 headers in 231 bytes (1 switches on core 0)
2026-06-20 02:40:58.870 8 INFO placement.requestlog [None req-c881fc96-8baa-4d5c-8c3f-399775045b14 06b28314af504403807a509202218447 7e4e2a9df6ea4c3f8a71283ce9227d97 - - 144feb828ded4cfb925b5373ea1d2de4 144feb828ded4cfb925b5373ea1d2de4] 10.0.0.129 "GET /resource_providers/e642ffe0-e864-4de5-8cbf-cc989436edb7/aggregates" status: 404 len: 235 microversion: 1.1 [pid: 8|app: 0|req: 379/754] 10.0.0.129 () {32 vars in 816 bytes} [Sat Jun 20 02:40:58 2026] GET /resource_providers/e642ffe0-e864-4de5-8cbf-cc989436edb7/aggregates => generated 235 bytes in 11 msecs (HTTP/1.1 404) 5 headers in 202 bytes (1 switches on core 0)
2026-06-20 02:40:58.874 7 INFO placement.requestlog [None req-02e8f0ad-ed65-4796-94d8-ec3d12ff42cc 06b28314af504403807a509202218447 7e4e2a9df6ea4c3f8a71283ce9227d97 - - 144feb828ded4cfb925b5373ea1d2de4 144feb828ded4cfb925b5373ea1d2de4] 10.0.0.129 "GET /resource_providers/e642ffe0-e864-4de5-8cbf-cc989436edb7/aggregates" status: 404 len: 235 microversion: 1.1 [pid: 7|app: 0|req: 376/755] 10.0.0.129 () {32 vars in 816 bytes} [Sat Jun 20 02:40:58 2026] GET /resource_providers/e642ffe0-e864-4de5-8cbf-cc989436edb7/aggregates => generated 235 bytes in 11 msecs (HTTP/1.1 404) 5 headers in 202 bytes (1 switches on core 0)
2026-06-20 02:40:58.893 8 INFO placement.requestlog [None req-30157a59-df5b-453b-8323-aa8dae507dfc 06b28314af504403807a509202218447 7e4e2a9df6ea4c3f8a71283ce9227d97 - - 144feb828ded4cfb925b5373ea1d2de4 144feb828ded4cfb925b5373ea1d2de4] 10.0.0.129 "DELETE /resource_providers/e642ffe0-e864-4de5-8cbf-cc989436edb7" status: 404 len: 246 microversion: 1.1 [pid: 8|app: 0|req: 380/756] 10.0.0.129 () {34 vars in 816 bytes} [Sat Jun 20 02:40:58 2026] DELETE /resource_providers/e642ffe0-e864-4de5-8cbf-cc989436edb7 => generated 246 bytes in 10 msecs (HTTP/1.1 404) 6 headers in 231 bytes (1 switches on core 0)
2026-06-20 02:40:58.901 7 INFO placement.requestlog [None req-45e09b68-4cfd-4df8-b460-42e700aee3cd 06b28314af504403807a509202218447 7e4e2a9df6ea4c3f8a71283ce9227d97 - - 144feb828ded4cfb925b5373ea1d2de4 144feb828ded4cfb925b5373ea1d2de4] 10.0.0.129 "DELETE /resource_providers/e642ffe0-e864-4de5-8cbf-cc989436edb7" status: 404 len: 246 microversion: 1.1 [pid: 7|app: 0|req: 377/757] 10.0.0.129 () {34 vars in 816 bytes} [Sat Jun 20 02:40:58 2026] DELETE /resource_providers/e642ffe0-e864-4de5-8cbf-cc989436edb7 => generated 246 bytes in 17 msecs (HTTP/1.1 404) 6 headers in 231 bytes (1 switches on core 0)
2026-06-20 02:40:58.930 8 INFO placement.requestlog [None req-629c87f0-cbe5-4463-84b6-b36047eada8e 06b28314af504403807a509202218447 7e4e2a9df6ea4c3f8a71283ce9227d97 - - 144feb828ded4cfb925b5373ea1d2de4 144feb828ded4cfb925b5373ea1d2de4] 10.0.0.129 "GET /resource_providers/513195c3-4e7c-4c6d-9caa-cc44486dafc2/aggregates" status: 404 len: 235 microversion: 1.1 [pid: 8|app: 0|req: 381/758] 10.0.0.129 () {32 vars in 816 bytes} [Sat Jun 20 02:40:58 2026] GET /resource_providers/513195c3-4e7c-4c6d-9caa-cc44486dafc2/aggregates => generated 235 bytes in 28 msecs (HTTP/1.1 404) 5 headers in 202 bytes (1 switches on core 0)
2026-06-20 02:40:58.933 7 INFO placement.requestlog [None req-9a42434e-f8d4-481e-afcd-88f4f4eea273 06b28314af504403807a509202218447 7e4e2a9df6ea4c3f8a71283ce9227d97 - - 144feb828ded4cfb925b5373ea1d2de4 144feb828ded4cfb925b5373ea1d2de4] 10.0.0.129 "GET /resource_providers/513195c3-4e7c-4c6d-9caa-cc44486dafc2/aggregates" status: 404 len: 235 microversion: 1.1 [pid: 7|app: 0|req: 378/759] 10.0.0.129 () {32 vars in 816 bytes} [Sat Jun 20 02:40:58 2026] GET /resource_providers/513195c3-4e7c-4c6d-9caa-cc44486dafc2/aggregates => generated 235 bytes in 17 msecs (HTTP/1.1 404) 5 headers in 202 bytes (1 switches on core 0)
2026-06-20 02:40:58.952 8 INFO placement.requestlog [None req-226c17bc-a544-49b6-a9fd-62d5e50d16bc 06b28314af504403807a509202218447 7e4e2a9df6ea4c3f8a71283ce9227d97 - - 144feb828ded4cfb925b5373ea1d2de4 144feb828ded4cfb925b5373ea1d2de4] 10.0.0.129 "DELETE /resource_providers/513195c3-4e7c-4c6d-9caa-cc44486dafc2" status: 404 len: 246 microversion: 1.1 [pid: 8|app: 0|req: 382/760] 10.0.0.129 () {34 vars in 816 bytes} [Sat Jun 20 02:40:58 2026] DELETE /resource_providers/513195c3-4e7c-4c6d-9caa-cc44486dafc2 => generated 246 bytes in 11 msecs (HTTP/1.1 404) 6 headers in 231 bytes (1 switches on core 0)
2026-06-20 02:40:58.954 7 INFO placement.requestlog [None req-4e6e04ed-2734-4b4c-9f31-028451e785a4 06b28314af504403807a509202218447 7e4e2a9df6ea4c3f8a71283ce9227d97 - - 144feb828ded4cfb925b5373ea1d2de4 144feb828ded4cfb925b5373ea1d2de4] 10.0.0.129 "DELETE /resource_providers/513195c3-4e7c-4c6d-9caa-cc44486dafc2" status: 404 len: 246 microversion: 1.1 [pid: 7|app: 0|req: 379/761] 10.0.0.129 () {34 vars in 816 bytes} [Sat Jun 20 02:40:58 2026] DELETE /resource_providers/513195c3-4e7c-4c6d-9caa-cc44486dafc2 => generated 246 bytes in 11 msecs (HTTP/1.1 404) 6 headers in 231 bytes (1 switches on core 0)
2026-06-20 02:40:59.370 8 INFO placement.requestlog [None req-baede8a0-083d-4752-afb6-8e354011e0b2 06b28314af504403807a509202218447 7e4e2a9df6ea4c3f8a71283ce9227d97 - - 144feb828ded4cfb925b5373ea1d2de4 144feb828ded4cfb925b5373ea1d2de4] 10.0.0.129 "GET /resource_providers/e2e67375-1023-4ec6-aa38-3da3d11f1c69/aggregates" status: 404 len: 235 microversion: 1.1 [pid: 8|app: 0|req: 383/762] 10.0.0.129 () {32 vars in 816 bytes} [Sat Jun 20 02:40:59 2026] GET /resource_providers/e2e67375-1023-4ec6-aa38-3da3d11f1c69/aggregates => generated 235 bytes in 11 msecs (HTTP/1.1 404) 5 headers in 202 bytes (1 switches on core 0)
2026-06-20 02:40:59.381 7 INFO placement.requestlog [None req-0a4aa640-f8c1-4962-9ce3-75f9a140cb7e 06b28314af504403807a509202218447 7e4e2a9df6ea4c3f8a71283ce9227d97 - - 144feb828ded4cfb925b5373ea1d2de4 144feb828ded4cfb925b5373ea1d2de4] 10.0.0.129 "GET /resource_providers/e2e67375-1023-4ec6-aa38-3da3d11f1c69/aggregates" status: 404 len: 235 microversion: 1.1 [pid: 7|app: 0|req: 380/763] 10.0.0.129 () {32 vars in 816 bytes} [Sat Jun 20 02:40:59 2026] GET /resource_providers/e2e67375-1023-4ec6-aa38-3da3d11f1c69/aggregates => generated 235 bytes in 19 msecs (HTTP/1.1 404) 5 headers in 202 bytes (1 switches on core 0)
2026-06-20 02:40:59.391 8 INFO placement.requestlog [None req-5bc5cd08-2165-4d6b-8b4e-85e4eb2d9dc2 06b28314af504403807a509202218447 7e4e2a9df6ea4c3f8a71283ce9227d97 - - 144feb828ded4cfb925b5373ea1d2de4 144feb828ded4cfb925b5373ea1d2de4] 10.0.0.129 "DELETE /resource_providers/e2e67375-1023-4ec6-aa38-3da3d11f1c69" status: 404 len: 246 microversion: 1.1 [pid: 8|app: 0|req: 384/764] 10.0.0.129 () {34 vars in 816 bytes} [Sat Jun 20 02:40:59 2026] DELETE /resource_providers/e2e67375-1023-4ec6-aa38-3da3d11f1c69 => generated 246 bytes in 10 msecs (HTTP/1.1 404) 6 headers in 231 bytes (1 switches on core 0)
2026-06-20 02:40:59.407 7 INFO placement.requestlog [None req-3d57557d-ff1e-4525-bd2a-c12002b680a8 06b28314af504403807a509202218447 7e4e2a9df6ea4c3f8a71283ce9227d97 - - 144feb828ded4cfb925b5373ea1d2de4 144feb828ded4cfb925b5373ea1d2de4] 10.0.0.129 "DELETE /resource_providers/e2e67375-1023-4ec6-aa38-3da3d11f1c69" status: 404 len: 246 microversion: 1.1 [pid: 7|app: 0|req: 381/765] 10.0.0.129 () {34 vars in 816 bytes} [Sat Jun 20 02:40:59 2026] DELETE /resource_providers/e2e67375-1023-4ec6-aa38-3da3d11f1c69 => generated 246 bytes in 15 msecs (HTTP/1.1 404) 6 headers in 231 bytes (1 switches on core 0)
2026-06-20 02:40:59.704 8 INFO placement.requestlog [None req-03692323-4806-4099-98bb-7bce0786e2d6 - - - - - -] 10.0.0.52 "GET /" status: 200 len: 136 microversion: 1.0
2026-06-20 02:40:59.704 7 INFO placement.requestlog [None req-202e4890-f636-4fd1-8ad3-32df8db90881 - - - - - -] 10.0.0.52 "GET /" status: 200 len: 136 microversion: 1.0
2026-06-20 02:41:02.446 7 INFO placement.requestlog [None req-7df1bcb7-f4b3-47ac-92c7-7226ef471e88 06b28314af504403807a509202218447 7e4e2a9df6ea4c3f8a71283ce9227d97 - - 144feb828ded4cfb925b5373ea1d2de4 144feb828ded4cfb925b5373ea1d2de4] 10.0.0.129 "GET /resource_providers/8c24e3b8-bccf-4a89-922d-22c2888b8ef7/aggregates" status: 404 len: 235 microversion: 1.1 [pid: 7|app: 0|req: 383/768] 10.0.0.129 () {32 vars in 816 bytes} [Sat Jun 20 02:41:02 2026] GET /resource_providers/8c24e3b8-bccf-4a89-922d-22c2888b8ef7/aggregates => generated 235 bytes in 8 msecs (HTTP/1.1 404) 5 headers in 202 bytes (1 switches on core 0)
2026-06-20 02:41:02.451 8 INFO placement.requestlog [None req-9933b909-b576-4b3e-8b7b-c45fcc53b331 06b28314af504403807a509202218447 7e4e2a9df6ea4c3f8a71283ce9227d97 - - 144feb828ded4cfb925b5373ea1d2de4 144feb828ded4cfb925b5373ea1d2de4] 10.0.0.129 "GET /resource_providers/8c24e3b8-bccf-4a89-922d-22c2888b8ef7/aggregates" status: 404 len: 235 microversion: 1.1 [pid: 8|app: 0|req: 386/769] 10.0.0.129 () {32 vars in 816 bytes} [Sat Jun 20 02:41:02 2026] GET /resource_providers/8c24e3b8-bccf-4a89-922d-22c2888b8ef7/aggregates => generated 235 bytes in 14 msecs (HTTP/1.1 404) 5 headers in 202 bytes (1 switches on core 0)
2026-06-20 02:41:02.474 7 INFO placement.requestlog [None req-690bdc4b-53f3-42dc-89f0-f4c1bf4148fa 06b28314af504403807a509202218447 7e4e2a9df6ea4c3f8a71283ce9227d97 - - 144feb828ded4cfb925b5373ea1d2de4 144feb828ded4cfb925b5373ea1d2de4] 10.0.0.129 "DELETE /resource_providers/8c24e3b8-bccf-4a89-922d-22c2888b8ef7" status: 404 len: 246 microversion: 1.1 [pid: 7|app: 0|req: 384/770] 10.0.0.129 () {34 vars in 816 bytes} [Sat Jun 20 02:41:02 2026] DELETE /resource_providers/8c24e3b8-bccf-4a89-922d-22c2888b8ef7 => generated 246 bytes in 13 msecs (HTTP/1.1 404) 6 headers in 231 bytes (1 switches on core 0)
2026-06-20 02:41:02.486 8 INFO placement.requestlog [None req-ef3d43ba-7a00-42af-89df-6120c59e6310 06b28314af504403807a509202218447 7e4e2a9df6ea4c3f8a71283ce9227d97 - - 144feb828ded4cfb925b5373ea1d2de4 144feb828ded4cfb925b5373ea1d2de4] 10.0.0.129 "DELETE /resource_providers/8c24e3b8-bccf-4a89-922d-22c2888b8ef7" status: 404 len: 246 microversion: 1.1 [pid: 8|app: 0|req: 387/771] 10.0.0.129 () {34 vars in 816 bytes} [Sat Jun 20 02:41:02 2026] DELETE /resource_providers/8c24e3b8-bccf-4a89-922d-22c2888b8ef7 => generated 246 bytes in 25 msecs (HTTP/1.1 404) 6 headers in 231 bytes (1 switches on core 0)
2026-06-20 02:41:04.510 8 INFO placement.requestlog [None req-d718286b-19ce-498a-9e74-e0579c72e1ce 06b28314af504403807a509202218447 7e4e2a9df6ea4c3f8a71283ce9227d97 - - 144feb828ded4cfb925b5373ea1d2de4 144feb828ded4cfb925b5373ea1d2de4] 10.0.0.129 "GET /resource_providers/84be1e26-1ee1-45ec-91b1-673319246157/aggregates" status: 404 len: 235 microversion: 1.1 [pid: 8|app: 0|req: 388/772] 10.0.0.129 () {32 vars in 816 bytes} [Sat Jun 20 02:41:04 2026] GET /resource_providers/84be1e26-1ee1-45ec-91b1-673319246157/aggregates => generated 235 bytes in 8 msecs (HTTP/1.1 404) 5 headers in 202 bytes (1 switches on core 0)
2026-06-20 02:41:04.512 7 INFO placement.requestlog [None req-d8c610b2-8067-4964-a100-822aa0de7be5 06b28314af504403807a509202218447 7e4e2a9df6ea4c3f8a71283ce9227d97 - - 144feb828ded4cfb925b5373ea1d2de4 144feb828ded4cfb925b5373ea1d2de4] 10.0.0.129 "GET /resource_providers/84be1e26-1ee1-45ec-91b1-673319246157/aggregates" status: 404 len: 235 microversion: 1.1 [pid: 7|app: 0|req: 385/773] 10.0.0.129 () {32 vars in 816 bytes} [Sat Jun 20 02:41:04 2026] GET /resource_providers/84be1e26-1ee1-45ec-91b1-673319246157/aggregates => generated 235 bytes in 19 msecs (HTTP/1.1 404) 5 headers in 202 bytes (1 switches on core 0)
2026-06-20 02:41:04.528 8 INFO placement.requestlog [None req-bbee7354-8879-45fc-8fd4-0e56379d60d9 06b28314af504403807a509202218447 7e4e2a9df6ea4c3f8a71283ce9227d97 - - 144feb828ded4cfb925b5373ea1d2de4 144feb828ded4cfb925b5373ea1d2de4] 10.0.0.129 "DELETE /resource_providers/84be1e26-1ee1-45ec-91b1-673319246157" status: 404 len: 246 microversion: 1.1 [pid: 8|app: 0|req: 389/774] 10.0.0.129 () {34 vars in 816 bytes} [Sat Jun 20 02:41:04 2026] DELETE /resource_providers/84be1e26-1ee1-45ec-91b1-673319246157 => generated 246 bytes in 7 msecs (HTTP/1.1 404) 6 headers in 231 bytes (1 switches on core 0)
2026-06-20 02:41:04.543 7 INFO placement.requestlog [None req-7cf14d66-b505-4f41-9558-fd5ee1e99025 06b28314af504403807a509202218447 7e4e2a9df6ea4c3f8a71283ce9227d97 - - 144feb828ded4cfb925b5373ea1d2de4 144feb828ded4cfb925b5373ea1d2de4] 10.0.0.129 "DELETE /resource_providers/84be1e26-1ee1-45ec-91b1-673319246157" status: 404 len: 246 microversion: 1.1 [pid: 7|app: 0|req: 386/775] 10.0.0.129 () {34 vars in 816 bytes} [Sat Jun 20 02:41:04 2026] DELETE /resource_providers/84be1e26-1ee1-45ec-91b1-673319246157 => generated 246 bytes in 19 msecs (HTTP/1.1 404) 6 headers in 231 bytes (1 switches on core 0)
2026-06-20 02:41:04.633 8 INFO placement.requestlog [req-2c04df8e-dda9-4fbb-8d86-6357510fdd56 req-e8a64964-cfa5-4a2b-9ea8-a3ffb890352d 48e1f6b394034799918b3e57e60e1033 7e4e2a9df6ea4c3f8a71283ce9227d97 - - 144feb828ded4cfb925b5373ea1d2de4 144feb828ded4cfb925b5373ea1d2de4] 10.0.0.112 "GET /allocation_candidates?limit=1000&resources=DISK_GB%3A1%2CMEMORY_MB%3A512%2CVCPU%3A1&root_required=%21COMPUTE_STATUS_DISABLED" status: 200 len: 2784 microversion: 1.36 [pid: 8|app: 0|req: 390/776] 10.0.0.112 () {34 vars in 1012 bytes} [Sat Jun 20 02:41:04 2026] GET /allocation_candidates?limit=1000&resources=DISK_GB%3A1%2CMEMORY_MB%3A512%2CVCPU%3A1&root_required=%21COMPUTE_STATUS_DISABLED => generated 2784 bytes in 63 msecs (HTTP/1.1 200) 8 headers in 297 bytes (1 switches on core 0)
2026-06-20 02:41:04.665 7 INFO placement.requestlog [req-2c04df8e-dda9-4fbb-8d86-6357510fdd56 req-a1255592-e84d-45af-bebe-184f80319677 48e1f6b394034799918b3e57e60e1033 7e4e2a9df6ea4c3f8a71283ce9227d97 - - 144feb828ded4cfb925b5373ea1d2de4 144feb828ded4cfb925b5373ea1d2de4] 10.0.0.112 "GET /allocations/2d6bb846-df4b-431b-b165-57816c7e68b6" status: 200 len: 19 microversion: 1.28 [pid: 7|app: 0|req: 387/777] 10.0.0.112 () {34 vars in 861 bytes} [Sat Jun 20 02:41:04 2026] GET /allocations/2d6bb846-df4b-431b-b165-57816c7e68b6 => generated 19 bytes in 9 msecs (HTTP/1.1 200) 8 headers in 295 bytes (1 switches on core 0)
