2026-07-28 17:28:59.021 7 INFO placement.requestlog [req-a3abbbaa-070c-4234-9206-d5110d57ec61 req-1da17a4c-b2ba-4238-86c7-b6a3b670c15d b7705814f9804e8e8634e1fb0bd963fd fc3fc36e57274b0385b3dc88f4145ec4 - - 447976b975484c39882f1a72d3859377 447976b975484c39882f1a72d3859377] 199.204.45.248 "GET /allocations/aee60276-8d38-4fbb-b538-4eec3a1816e6" status: 200 len: 258 microversion: 1.28 [pid: 7|app: 0|req: 636/1264] 199.204.45.248 () {34 vars in 863 bytes} [Tue Jul 28 17:28:59 2026] GET /allocations/aee60276-8d38-4fbb-b538-4eec3a1816e6 => generated 258 bytes in 12 msecs (HTTP/1.1 200) 8 headers in 296 bytes (1 switches on core 0)
2026-07-28 17:28:59.299 7 INFO placement.requestlog [None req-dfecdcf1-6e53-4388-becc-c22fc967dc6f - - - - - -] 10.0.0.82 "GET /" status: 200 len: 136 microversion: 1.0
2026-07-28 17:28:59.300 8 INFO placement.requestlog [None req-e2398122-7bc5-4ac5-bc80-de5ce868df9a - - - - - -] 10.0.0.82 "GET /" status: 200 len: 136 microversion: 1.0
2026-07-28 17:29:04.920 7 INFO placement.requestlog [None req-83b43718-32c8-4d17-964a-ff1fd6251a0d d67297e355a5459cb0770461aac6e6bc fc3fc36e57274b0385b3dc88f4145ec4 - - 447976b975484c39882f1a72d3859377 447976b975484c39882f1a72d3859377] 10.0.0.41 "GET /resource_providers/fc38a5a7-be4c-4e88-870b-2ac907609683/aggregates" status: 404 len: 235 microversion: 1.1
2026-07-28 17:29:04.920 8 INFO placement.requestlog [None req-7a2aee4b-88d6-4333-b711-637ddec074d8 d67297e355a5459cb0770461aac6e6bc fc3fc36e57274b0385b3dc88f4145ec4 - - 447976b975484c39882f1a72d3859377 447976b975484c39882f1a72d3859377] 10.0.0.41 "GET /resource_providers/fc38a5a7-be4c-4e88-870b-2ac907609683/aggregates" status: 404 len: 235 microversion: 1.1 [pid: 7|app: 0|req: 638/1267] 10.0.0.41 () {32 vars in 815 bytes} [Tue Jul 28 17:29:04 2026] GET /resource_providers/fc38a5a7-be4c-4e88-870b-2ac907609683/aggregates => generated 235 bytes in 12 msecs (HTTP/1.1 404) 5 headers in 202 bytes (1 switches on core 0) [pid: 8|app: 0|req: 630/1268] 10.0.0.41 () {32 vars in 815 bytes} [Tue Jul 28 17:29:04 2026] GET /resource_providers/fc38a5a7-be4c-4e88-870b-2ac907609683/aggregates => generated 235 bytes in 12 msecs (HTTP/1.1 404) 5 headers in 202 bytes (1 switches on core 0)
2026-07-28 17:29:04.946 7 INFO placement.requestlog [None req-7c4e002e-0665-4d9c-8ddf-fe530f5cc5cf d67297e355a5459cb0770461aac6e6bc fc3fc36e57274b0385b3dc88f4145ec4 - - 447976b975484c39882f1a72d3859377 447976b975484c39882f1a72d3859377] 10.0.0.41 "DELETE /resource_providers/fc38a5a7-be4c-4e88-870b-2ac907609683" status: 404 len: 246 microversion: 1.1 [pid: 7|app: 0|req: 639/1269] 10.0.0.41 () {34 vars in 815 bytes} [Tue Jul 28 17:29:04 2026] DELETE /resource_providers/fc38a5a7-be4c-4e88-870b-2ac907609683 => generated 246 bytes in 14 msecs (HTTP/1.1 404) 6 headers in 231 bytes (1 switches on core 0)
2026-07-28 17:29:04.953 8 INFO placement.requestlog [None req-83e3f6fe-2af9-43e4-9c43-0b0a75eeb4be d67297e355a5459cb0770461aac6e6bc fc3fc36e57274b0385b3dc88f4145ec4 - - 447976b975484c39882f1a72d3859377 447976b975484c39882f1a72d3859377] 10.0.0.41 "DELETE /resource_providers/fc38a5a7-be4c-4e88-870b-2ac907609683" status: 404 len: 246 microversion: 1.1 [pid: 8|app: 0|req: 631/1270] 10.0.0.41 () {34 vars in 815 bytes} [Tue Jul 28 17:29:04 2026] DELETE /resource_providers/fc38a5a7-be4c-4e88-870b-2ac907609683 => generated 246 bytes in 14 msecs (HTTP/1.1 404) 6 headers in 231 bytes (1 switches on core 0)
2026-07-28 17:29:09.298 7 INFO placement.requestlog [None req-8b418a2b-b0b6-4015-97a0-88fbaaef0cc0 - - - - - -] 10.0.0.82 "GET /" status: 200 len: 136 microversion: 1.0
2026-07-28 17:29:09.299 8 INFO placement.requestlog [None req-38dba4dd-2086-44a4-b6fb-e446a6baf560 - - - - - -] 10.0.0.82 "GET /" status: 200 len: 136 microversion: 1.0
2026-07-28 17:29:14.017 7 INFO placement.requestlog [None req-21e874bf-ae33-42c2-a56e-2249832881ff d67297e355a5459cb0770461aac6e6bc fc3fc36e57274b0385b3dc88f4145ec4 - - 447976b975484c39882f1a72d3859377 447976b975484c39882f1a72d3859377] 10.0.0.41 "GET /resource_providers/870f6871-ad6a-4b2f-8f8b-1927926994a7/aggregates" status: 404 len: 235 microversion: 1.1
2026-07-28 17:29:14.017 8 INFO placement.requestlog [None req-1442b1bb-6872-4a98-902e-57639ea983a1 d67297e355a5459cb0770461aac6e6bc fc3fc36e57274b0385b3dc88f4145ec4 - - 447976b975484c39882f1a72d3859377 447976b975484c39882f1a72d3859377] 10.0.0.41 "GET /resource_providers/870f6871-ad6a-4b2f-8f8b-1927926994a7/aggregates" status: 404 len: 235 microversion: 1.1 [pid: 8|app: 0|req: 633/1273] 10.0.0.41 () {32 vars in 815 bytes} [Tue Jul 28 17:29:14 2026] GET /resource_providers/870f6871-ad6a-4b2f-8f8b-1927926994a7/aggregates => generated 235 bytes in 11 msecs (HTTP/1.1 404) 5 headers in 202 bytes (1 switches on core 0) [pid: 7|app: 0|req: 641/1274] 10.0.0.41 () {32 vars in 815 bytes} [Tue Jul 28 17:29:14 2026] GET /resource_providers/870f6871-ad6a-4b2f-8f8b-1927926994a7/aggregates => generated 235 bytes in 13 msecs (HTTP/1.1 404) 5 headers in 202 bytes (1 switches on core 0)
2026-07-28 17:29:14.041 8 INFO placement.requestlog [None req-aa248e9f-733b-45f0-ae7b-7856c719ccb8 d67297e355a5459cb0770461aac6e6bc fc3fc36e57274b0385b3dc88f4145ec4 - - 447976b975484c39882f1a72d3859377 447976b975484c39882f1a72d3859377] 10.0.0.41 "DELETE /resource_providers/870f6871-ad6a-4b2f-8f8b-1927926994a7" status: 404 len: 246 microversion: 1.1 [pid: 8|app: 0|req: 634/1275] 10.0.0.41 () {34 vars in 815 bytes} [Tue Jul 28 17:29:14 2026] DELETE /resource_providers/870f6871-ad6a-4b2f-8f8b-1927926994a7 => generated 246 bytes in 13 msecs (HTTP/1.1 404) 6 headers in 231 bytes (1 switches on core 0)
2026-07-28 17:29:14.045 7 INFO placement.requestlog [None req-e22da08a-42a6-4897-b825-32fb76124aaa d67297e355a5459cb0770461aac6e6bc fc3fc36e57274b0385b3dc88f4145ec4 - - 447976b975484c39882f1a72d3859377 447976b975484c39882f1a72d3859377] 10.0.0.41 "DELETE /resource_providers/870f6871-ad6a-4b2f-8f8b-1927926994a7" status: 404 len: 246 microversion: 1.1 [pid: 7|app: 0|req: 642/1276] 10.0.0.41 () {34 vars in 815 bytes} [Tue Jul 28 17:29:14 2026] DELETE /resource_providers/870f6871-ad6a-4b2f-8f8b-1927926994a7 => generated 246 bytes in 12 msecs (HTTP/1.1 404) 6 headers in 231 bytes (1 switches on core 0)
2026-07-28 17:29:19.299 8 INFO placement.requestlog [None req-8cbc7542-3282-4ca4-b6cb-860d3d42e459 - - - - - -] 10.0.0.82 "GET /" status: 200 len: 136 microversion: 1.0
2026-07-28 17:29:19.307 7 INFO placement.requestlog [None req-4d570d23-99a5-4ce5-adfe-0afd93731f67 - - - - - -] 10.0.0.82 "GET /" status: 200 len: 136 microversion: 1.0
2026-07-28 17:29:21.805 8 INFO placement.requestlog [req-81a183d8-5564-4c89-a205-cd7052e7100d req-ca703e71-9ba2-4c89-9a98-974fd9d5956a b7705814f9804e8e8634e1fb0bd963fd fc3fc36e57274b0385b3dc88f4145ec4 - - 447976b975484c39882f1a72d3859377 447976b975484c39882f1a72d3859377] 199.204.45.248 "GET /resource_providers/4775a45a-0e9b-4443-a429-90d5f36e047b/allocations" status: 200 len: 353 microversion: 1.0 [pid: 8|app: 0|req: 636/1279] 199.204.45.248 () {32 vars in 857 bytes} [Tue Jul 28 17:29:21 2026] GET /resource_providers/4775a45a-0e9b-4443-a429-90d5f36e047b/allocations => generated 353 bytes in 18 msecs (HTTP/1.1 200) 6 headers in 224 bytes (1 switches on core 0)
2026-07-28 17:29:21.824 7 INFO placement.requestlog [req-81a183d8-5564-4c89-a205-cd7052e7100d req-1e7b542e-042b-4ad1-b9f1-81e93cf8ea65 b7705814f9804e8e8634e1fb0bd963fd fc3fc36e57274b0385b3dc88f4145ec4 - - 447976b975484c39882f1a72d3859377 447976b975484c39882f1a72d3859377] 199.204.45.248 "GET /allocations/b4c7111e-4e9a-41cb-9665-59034bece834" status: 200 len: 258 microversion: 1.28 [pid: 7|app: 0|req: 644/1280] 199.204.45.248 () {34 vars in 863 bytes} [Tue Jul 28 17:29:21 2026] GET /allocations/b4c7111e-4e9a-41cb-9665-59034bece834 => generated 258 bytes in 11 msecs (HTTP/1.1 200) 8 headers in 296 bytes (1 switches on core 0)
2026-07-28 17:29:21.847 8 INFO placement.requestlog [req-81a183d8-5564-4c89-a205-cd7052e7100d req-a2043b17-1a30-4343-ba96-5b5b9a08dc51 b7705814f9804e8e8634e1fb0bd963fd fc3fc36e57274b0385b3dc88f4145ec4 - - 447976b975484c39882f1a72d3859377 447976b975484c39882f1a72d3859377] 199.204.45.248 "GET /allocations/a429bbdf-515e-47c2-b341-4483a820b488" status: 200 len: 258 microversion: 1.28 [pid: 8|app: 0|req: 637/1281] 199.204.45.248 () {34 vars in 863 bytes} [Tue Jul 28 17:29:21 2026] GET /allocations/a429bbdf-515e-47c2-b341-4483a820b488 => generated 258 bytes in 14 msecs (HTTP/1.1 200) 8 headers in 296 bytes (1 switches on core 0)
2026-07-28 17:29:21.873 7 INFO placement.requestlog [req-81a183d8-5564-4c89-a205-cd7052e7100d req-0eb19a76-86c8-49ad-a9bf-f9684fe132be b7705814f9804e8e8634e1fb0bd963fd fc3fc36e57274b0385b3dc88f4145ec4 - - 447976b975484c39882f1a72d3859377 447976b975484c39882f1a72d3859377] 199.204.45.248 "GET /allocations/aee60276-8d38-4fbb-b538-4eec3a1816e6" status: 200 len: 258 microversion: 1.28 [pid: 7|app: 0|req: 645/1282] 199.204.45.248 () {34 vars in 863 bytes} [Tue Jul 28 17:29:21 2026] GET /allocations/aee60276-8d38-4fbb-b538-4eec3a1816e6 => generated 258 bytes in 16 msecs (HTTP/1.1 200) 8 headers in 296 bytes (1 switches on core 0)
2026-07-28 17:29:23.006 8 INFO placement.requestlog [req-81a183d8-5564-4c89-a205-cd7052e7100d req-e816caf3-82f3-42a1-959a-904eabdd1308 b7705814f9804e8e8634e1fb0bd963fd fc3fc36e57274b0385b3dc88f4145ec4 - - 447976b975484c39882f1a72d3859377 447976b975484c39882f1a72d3859377] 199.204.45.248 "DELETE /allocations/b4c7111e-4e9a-41cb-9665-59034bece834" status: 204 len: 0 microversion: 1.0 [pid: 8|app: 0|req: 638/1283] 199.204.45.248 () {34 vars in 841 bytes} [Tue Jul 28 17:29:22 2026] DELETE /allocations/b4c7111e-4e9a-41cb-9665-59034bece834 => generated 0 bytes in 108 msecs (HTTP/1.1 204) 5 headers in 198 bytes (1 switches on core 0)
2026-07-28 17:29:26.530 7 INFO placement.requestlog [None req-c86566f3-5b05-4bda-803b-ef321335c457 d67297e355a5459cb0770461aac6e6bc fc3fc36e57274b0385b3dc88f4145ec4 - - 447976b975484c39882f1a72d3859377 447976b975484c39882f1a72d3859377] 10.0.0.41 "GET /resource_providers/d66ea12d-dcf8-4c0d-9f94-223b752d7261/aggregates" status: 404 len: 235 microversion: 1.1 [pid: 7|app: 0|req: 646/1284] 10.0.0.41 () {32 vars in 815 bytes} [Tue Jul 28 17:29:26 2026] GET /resource_providers/d66ea12d-dcf8-4c0d-9f94-223b752d7261/aggregates => generated 235 bytes in 12 msecs (HTTP/1.1 404) 5 headers in 202 bytes (1 switches on core 0)
2026-07-28 17:29:26.540 8 INFO placement.requestlog [None req-cacaccf0-dba7-4a58-920e-f3ad3fd56c87 d67297e355a5459cb0770461aac6e6bc fc3fc36e57274b0385b3dc88f4145ec4 - - 447976b975484c39882f1a72d3859377 447976b975484c39882f1a72d3859377] 10.0.0.41 "GET /resource_providers/d66ea12d-dcf8-4c0d-9f94-223b752d7261/aggregates" status: 404 len: 235 microversion: 1.1 [pid: 8|app: 0|req: 639/1285] 10.0.0.41 () {32 vars in 815 bytes} [Tue Jul 28 17:29:26 2026] GET /resource_providers/d66ea12d-dcf8-4c0d-9f94-223b752d7261/aggregates => generated 235 bytes in 18 msecs (HTTP/1.1 404) 5 headers in 202 bytes (1 switches on core 0)
2026-07-28 17:29:26.569 7 INFO placement.requestlog [None req-69ff2595-38a1-40c0-9fea-5403dff640c7 d67297e355a5459cb0770461aac6e6bc fc3fc36e57274b0385b3dc88f4145ec4 - - 447976b975484c39882f1a72d3859377 447976b975484c39882f1a72d3859377] 10.0.0.41 "DELETE /resource_providers/d66ea12d-dcf8-4c0d-9f94-223b752d7261" status: 404 len: 246 microversion: 1.1 [pid: 7|app: 0|req: 647/1286] 10.0.0.41 () {34 vars in 815 bytes} [Tue Jul 28 17:29:26 2026] DELETE /resource_providers/d66ea12d-dcf8-4c0d-9f94-223b752d7261 => generated 246 bytes in 11 msecs (HTTP/1.1 404) 6 headers in 231 bytes (1 switches on core 0)
2026-07-28 17:29:26.572 8 INFO placement.requestlog [None req-83ac8af9-2cb3-40a4-ad40-2c026c7abfb6 d67297e355a5459cb0770461aac6e6bc fc3fc36e57274b0385b3dc88f4145ec4 - - 447976b975484c39882f1a72d3859377 447976b975484c39882f1a72d3859377] 10.0.0.41 "DELETE /resource_providers/d66ea12d-dcf8-4c0d-9f94-223b752d7261" status: 404 len: 246 microversion: 1.1 [pid: 8|app: 0|req: 640/1287] 10.0.0.41 () {34 vars in 815 bytes} [Tue Jul 28 17:29:26 2026] DELETE /resource_providers/d66ea12d-dcf8-4c0d-9f94-223b752d7261 => generated 246 bytes in 12 msecs (HTTP/1.1 404) 6 headers in 231 bytes (1 switches on core 0)
2026-07-28 17:29:27.546 7 INFO placement.requestlog [None req-dc4a0b92-1ce6-4db4-894a-bff1f62ad302 d67297e355a5459cb0770461aac6e6bc fc3fc36e57274b0385b3dc88f4145ec4 - - 447976b975484c39882f1a72d3859377 447976b975484c39882f1a72d3859377] 10.0.0.41 "GET /resource_providers/844b06f9-d211-4fd6-89eb-e9e6214b1403/aggregates" status: 404 len: 235 microversion: 1.1 [pid: 7|app: 0|req: 648/1288] 10.0.0.41 () {32 vars in 815 bytes} [Tue Jul 28 17:29:27 2026] GET /resource_providers/844b06f9-d211-4fd6-89eb-e9e6214b1403/aggregates => generated 235 bytes in 10 msecs (HTTP/1.1 404) 5 headers in 202 bytes (1 switches on core 0)
2026-07-28 17:29:27.549 8 INFO placement.requestlog [None req-0f9b8715-5f9f-4d32-8216-e8f3b9226fb1 d67297e355a5459cb0770461aac6e6bc fc3fc36e57274b0385b3dc88f4145ec4 - - 447976b975484c39882f1a72d3859377 447976b975484c39882f1a72d3859377] 10.0.0.41 "GET /resource_providers/844b06f9-d211-4fd6-89eb-e9e6214b1403/aggregates" status: 404 len: 235 microversion: 1.1 [pid: 8|app: 0|req: 641/1289] 10.0.0.41 () {32 vars in 815 bytes} [Tue Jul 28 17:29:27 2026] GET /resource_providers/844b06f9-d211-4fd6-89eb-e9e6214b1403/aggregates => generated 235 bytes in 11 msecs (HTTP/1.1 404) 5 headers in 202 bytes (1 switches on core 0)
2026-07-28 17:29:27.578 7 INFO placement.requestlog [None req-e564e182-28dc-4918-81b3-957611f65d80 d67297e355a5459cb0770461aac6e6bc fc3fc36e57274b0385b3dc88f4145ec4 - - 447976b975484c39882f1a72d3859377 447976b975484c39882f1a72d3859377] 10.0.0.41 "DELETE /resource_providers/844b06f9-d211-4fd6-89eb-e9e6214b1403" status: 404 len: 246 microversion: 1.1 [pid: 7|app: 0|req: 649/1290] 10.0.0.41 () {34 vars in 815 bytes} [Tue Jul 28 17:29:27 2026] DELETE /resource_providers/844b06f9-d211-4fd6-89eb-e9e6214b1403 => generated 246 bytes in 10 msecs (HTTP/1.1 404) 6 headers in 231 bytes (1 switches on core 0)
2026-07-28 17:29:27.578 8 INFO placement.requestlog [None req-75c29b0d-2c49-4b40-b320-92d1755af668 d67297e355a5459cb0770461aac6e6bc fc3fc36e57274b0385b3dc88f4145ec4 - - 447976b975484c39882f1a72d3859377 447976b975484c39882f1a72d3859377] 10.0.0.41 "DELETE /resource_providers/844b06f9-d211-4fd6-89eb-e9e6214b1403" status: 404 len: 246 microversion: 1.1 [pid: 8|app: 0|req: 642/1291] 10.0.0.41 () {34 vars in 815 bytes} [Tue Jul 28 17:29:27 2026] DELETE /resource_providers/844b06f9-d211-4fd6-89eb-e9e6214b1403 => generated 246 bytes in 10 msecs (HTTP/1.1 404) 6 headers in 231 bytes (1 switches on core 0)
2026-07-28 17:29:28.589 7 INFO placement.requestlog [None req-3f09c0a3-9351-4268-9506-94c71da2ec6e d67297e355a5459cb0770461aac6e6bc fc3fc36e57274b0385b3dc88f4145ec4 - - 447976b975484c39882f1a72d3859377 447976b975484c39882f1a72d3859377] 10.0.0.41 "GET /resource_providers/34a5120c-7597-41c5-a03e-61003cb663f1/aggregates" status: 404 len: 235 microversion: 1.1 [pid: 7|app: 0|req: 650/1292] 10.0.0.41 () {32 vars in 815 bytes} [Tue Jul 28 17:29:28 2026] GET /resource_providers/34a5120c-7597-41c5-a03e-61003cb663f1/aggregates => generated 235 bytes in 11 msecs (HTTP/1.1 404) 5 headers in 202 bytes (1 switches on core 0)
2026-07-28 17:29:28.593 8 INFO placement.requestlog [None req-677ce086-1458-4ee1-9cdb-48bb15bd15dc d67297e355a5459cb0770461aac6e6bc fc3fc36e57274b0385b3dc88f4145ec4 - - 447976b975484c39882f1a72d3859377 447976b975484c39882f1a72d3859377] 10.0.0.41 "GET /resource_providers/34a5120c-7597-41c5-a03e-61003cb663f1/aggregates" status: 404 len: 235 microversion: 1.1 [pid: 8|app: 0|req: 643/1293] 10.0.0.41 () {32 vars in 815 bytes} [Tue Jul 28 17:29:28 2026] GET /resource_providers/34a5120c-7597-41c5-a03e-61003cb663f1/aggregates => generated 235 bytes in 12 msecs (HTTP/1.1 404) 5 headers in 202 bytes (1 switches on core 0)
2026-07-28 17:29:28.611 7 INFO placement.requestlog [None req-fb2e99e6-3a29-4d50-96f4-b90a21fa8e11 d67297e355a5459cb0770461aac6e6bc fc3fc36e57274b0385b3dc88f4145ec4 - - 447976b975484c39882f1a72d3859377 447976b975484c39882f1a72d3859377] 10.0.0.41 "DELETE /resource_providers/34a5120c-7597-41c5-a03e-61003cb663f1" status: 404 len: 246 microversion: 1.1 [pid: 7|app: 0|req: 651/1294] 10.0.0.41 () {34 vars in 815 bytes} [Tue Jul 28 17:29:28 2026] DELETE /resource_providers/34a5120c-7597-41c5-a03e-61003cb663f1 => generated 246 bytes in 12 msecs (HTTP/1.1 404) 6 headers in 231 bytes (1 switches on core 0)
2026-07-28 17:29:28.612 8 INFO placement.requestlog [None req-8a2247a2-ef38-424d-b506-d5eaf099d917 d67297e355a5459cb0770461aac6e6bc fc3fc36e57274b0385b3dc88f4145ec4 - - 447976b975484c39882f1a72d3859377 447976b975484c39882f1a72d3859377] 10.0.0.41 "DELETE /resource_providers/34a5120c-7597-41c5-a03e-61003cb663f1" status: 404 len: 246 microversion: 1.1 [pid: 8|app: 0|req: 644/1295] 10.0.0.41 () {34 vars in 815 bytes} [Tue Jul 28 17:29:28 2026] DELETE /resource_providers/34a5120c-7597-41c5-a03e-61003cb663f1 => generated 246 bytes in 10 msecs (HTTP/1.1 404) 6 headers in 231 bytes (1 switches on core 0)
2026-07-28 17:29:29.298 8 INFO placement.requestlog [None req-c07f46cd-6000-4fe7-b32b-edab49dfa626 - - - - - -] 10.0.0.82 "GET /" status: 200 len: 136 microversion: 1.0
2026-07-28 17:29:29.298 7 INFO placement.requestlog [None req-3b073892-7ec5-43e3-8f79-196f3e76c3de - - - - - -] 10.0.0.82 "GET /" status: 200 len: 136 microversion: 1.0
2026-07-28 17:29:29.615 8 INFO placement.requestlog [req-90561d09-da68-461c-b9e1-4ad69d066a3a req-7dfe4090-2c43-49aa-9498-650987e2b967 b7705814f9804e8e8634e1fb0bd963fd fc3fc36e57274b0385b3dc88f4145ec4 - - 447976b975484c39882f1a72d3859377 447976b975484c39882f1a72d3859377] 199.204.45.248 "GET /resource_providers/4775a45a-0e9b-4443-a429-90d5f36e047b/allocations" status: 200 len: 253 microversion: 1.0 [pid: 8|app: 0|req: 646/1298] 199.204.45.248 () {32 vars in 857 bytes} [Tue Jul 28 17:29:29 2026] GET /resource_providers/4775a45a-0e9b-4443-a429-90d5f36e047b/allocations => generated 253 bytes in 21 msecs (HTTP/1.1 200) 6 headers in 224 bytes (1 switches on core 0)
2026-07-28 17:29:29.634 7 INFO placement.requestlog [req-90561d09-da68-461c-b9e1-4ad69d066a3a req-0b20eeb5-f710-457c-a46a-5cd16f4f7c00 b7705814f9804e8e8634e1fb0bd963fd fc3fc36e57274b0385b3dc88f4145ec4 - - 447976b975484c39882f1a72d3859377 447976b975484c39882f1a72d3859377] 199.204.45.248 "GET /allocations/a429bbdf-515e-47c2-b341-4483a820b488" status: 200 len: 258 microversion: 1.28 [pid: 7|app: 0|req: 653/1299] 199.204.45.248 () {34 vars in 863 bytes} [Tue Jul 28 17:29:29 2026] GET /allocations/a429bbdf-515e-47c2-b341-4483a820b488 => generated 258 bytes in 13 msecs (HTTP/1.1 200) 8 headers in 296 bytes (1 switches on core 0)
2026-07-28 17:29:29.655 8 INFO placement.requestlog [req-90561d09-da68-461c-b9e1-4ad69d066a3a req-b5caca5a-7248-4a50-a789-a9cc9e3e0131 b7705814f9804e8e8634e1fb0bd963fd fc3fc36e57274b0385b3dc88f4145ec4 - - 447976b975484c39882f1a72d3859377 447976b975484c39882f1a72d3859377] 199.204.45.248 "GET /allocations/aee60276-8d38-4fbb-b538-4eec3a1816e6" status: 200 len: 258 microversion: 1.28 [pid: 8|app: 0|req: 647/1300] 199.204.45.248 () {34 vars in 863 bytes} [Tue Jul 28 17:29:29 2026] GET /allocations/aee60276-8d38-4fbb-b538-4eec3a1816e6 => generated 258 bytes in 14 msecs (HTTP/1.1 200) 8 headers in 296 bytes (1 switches on core 0)
2026-07-28 17:29:30.754 7 INFO placement.requestlog [req-90561d09-da68-461c-b9e1-4ad69d066a3a req-310f1822-bcf3-4602-9cae-5e50f6d9e0bf b7705814f9804e8e8634e1fb0bd963fd fc3fc36e57274b0385b3dc88f4145ec4 - - 447976b975484c39882f1a72d3859377 447976b975484c39882f1a72d3859377] 199.204.45.248 "DELETE /allocations/a429bbdf-515e-47c2-b341-4483a820b488" status: 204 len: 0 microversion: 1.0 [pid: 7|app: 0|req: 654/1301] 199.204.45.248 () {34 vars in 841 bytes} [Tue Jul 28 17:29:30 2026] DELETE /allocations/a429bbdf-515e-47c2-b341-4483a820b488 => generated 0 bytes in 71 msecs (HTTP/1.1 204) 5 headers in 198 bytes (1 switches on core 0)
2026-07-28 17:29:35.526 8 INFO placement.requestlog [None req-a0ee0cbc-5d0d-416a-9d94-2922063725b6 d67297e355a5459cb0770461aac6e6bc fc3fc36e57274b0385b3dc88f4145ec4 - - 447976b975484c39882f1a72d3859377 447976b975484c39882f1a72d3859377] 10.0.0.41 "GET /resource_providers/b0d39495-ca18-4523-b00d-00f0c8d1218d/aggregates" status: 404 len: 235 microversion: 1.1 [pid: 8|app: 0|req: 648/1302] 10.0.0.41 () {32 vars in 815 bytes} [Tue Jul 28 17:29:35 2026] GET /resource_providers/b0d39495-ca18-4523-b00d-00f0c8d1218d/aggregates => generated 235 bytes in 11 msecs (HTTP/1.1 404) 5 headers in 202 bytes (1 switches on core 0)
2026-07-28 17:29:35.527 7 INFO placement.requestlog [None req-a1c6949f-7e5f-46e1-8de4-166ddabc7a92 d67297e355a5459cb0770461aac6e6bc fc3fc36e57274b0385b3dc88f4145ec4 - - 447976b975484c39882f1a72d3859377 447976b975484c39882f1a72d3859377] 10.0.0.41 "GET /resource_providers/b0d39495-ca18-4523-b00d-00f0c8d1218d/aggregates" status: 404 len: 235 microversion: 1.1 [pid: 7|app: 0|req: 655/1303] 10.0.0.41 () {32 vars in 815 bytes} [Tue Jul 28 17:29:35 2026] GET /resource_providers/b0d39495-ca18-4523-b00d-00f0c8d1218d/aggregates => generated 235 bytes in 12 msecs (HTTP/1.1 404) 5 headers in 202 bytes (1 switches on core 0)
2026-07-28 17:29:35.553 7 INFO placement.requestlog [None req-80d7213a-14ae-4175-a022-b6ae9aba5651 d67297e355a5459cb0770461aac6e6bc fc3fc36e57274b0385b3dc88f4145ec4 - - 447976b975484c39882f1a72d3859377 447976b975484c39882f1a72d3859377] 10.0.0.41 "DELETE /resource_providers/b0d39495-ca18-4523-b00d-00f0c8d1218d" status: 404 len: 246 microversion: 1.1 [pid: 7|app: 0|req: 656/1304] 10.0.0.41 () {34 vars in 815 bytes} [Tue Jul 28 17:29:35 2026] DELETE /resource_providers/b0d39495-ca18-4523-b00d-00f0c8d1218d => generated 246 bytes in 8 msecs (HTTP/1.1 404) 6 headers in 231 bytes (1 switches on core 0)
2026-07-28 17:29:35.560 8 INFO placement.requestlog [None req-6e480ba7-8bf7-4e57-afe7-2d2ea51730e2 d67297e355a5459cb0770461aac6e6bc fc3fc36e57274b0385b3dc88f4145ec4 - - 447976b975484c39882f1a72d3859377 447976b975484c39882f1a72d3859377] 10.0.0.41 "DELETE /resource_providers/b0d39495-ca18-4523-b00d-00f0c8d1218d" status: 404 len: 246 microversion: 1.1 [pid: 8|app: 0|req: 649/1305] 10.0.0.41 () {34 vars in 815 bytes} [Tue Jul 28 17:29:35 2026] DELETE /resource_providers/b0d39495-ca18-4523-b00d-00f0c8d1218d => generated 246 bytes in 16 msecs (HTTP/1.1 404) 6 headers in 231 bytes (1 switches on core 0)
2026-07-28 17:29:39.300 8 INFO placement.requestlog [None req-9d4d42ca-52c9-4446-aa35-ad0dd184f682 - - - - - -] 10.0.0.82 "GET /" status: 200 len: 136 microversion: 1.0
2026-07-28 17:29:39.300 7 INFO placement.requestlog [None req-46b959f5-c626-420e-b7c2-d6c251604d12 - - - - - -] 10.0.0.82 "GET /" status: 200 len: 136 microversion: 1.0
2026-07-28 17:29:39.614 8 INFO placement.requestlog [req-f58d81bc-81f5-4fba-89c5-0d47ce576549 req-bb9a9a21-b4f0-4e55-b0ea-4e4f521e67ca b7705814f9804e8e8634e1fb0bd963fd fc3fc36e57274b0385b3dc88f4145ec4 - - 447976b975484c39882f1a72d3859377 447976b975484c39882f1a72d3859377] 199.204.45.248 "GET /resource_providers/4775a45a-0e9b-4443-a429-90d5f36e047b/allocations" status: 200 len: 153 microversion: 1.0 [pid: 8|app: 0|req: 651/1308] 199.204.45.248 () {32 vars in 857 bytes} [Tue Jul 28 17:29:39 2026] GET /resource_providers/4775a45a-0e9b-4443-a429-90d5f36e047b/allocations => generated 153 bytes in 21 msecs (HTTP/1.1 200) 6 headers in 224 bytes (1 switches on core 0)
2026-07-28 17:29:39.636 7 INFO placement.requestlog [req-f58d81bc-81f5-4fba-89c5-0d47ce576549 req-34f004a2-582b-4730-a428-1493a5da9529 b7705814f9804e8e8634e1fb0bd963fd fc3fc36e57274b0385b3dc88f4145ec4 - - 447976b975484c39882f1a72d3859377 447976b975484c39882f1a72d3859377] 199.204.45.248 "GET /allocations/aee60276-8d38-4fbb-b538-4eec3a1816e6" status: 200 len: 258 microversion: 1.28 [pid: 7|app: 0|req: 658/1309] 199.204.45.248 () {34 vars in 863 bytes} [Tue Jul 28 17:29:39 2026] GET /allocations/aee60276-8d38-4fbb-b538-4eec3a1816e6 => generated 258 bytes in 13 msecs (HTTP/1.1 200) 8 headers in 296 bytes (1 switches on core 0)
2026-07-28 17:29:40.739 8 INFO placement.requestlog [req-f58d81bc-81f5-4fba-89c5-0d47ce576549 req-a920badc-4ad0-40d0-87b7-368f3c0c7263 b7705814f9804e8e8634e1fb0bd963fd fc3fc36e57274b0385b3dc88f4145ec4 - - 447976b975484c39882f1a72d3859377 447976b975484c39882f1a72d3859377] 199.204.45.248 "DELETE /allocations/aee60276-8d38-4fbb-b538-4eec3a1816e6" status: 204 len: 0 microversion: 1.0 [pid: 8|app: 0|req: 652/1310] 199.204.45.248 () {34 vars in 841 bytes} [Tue Jul 28 17:29:40 2026] DELETE /allocations/aee60276-8d38-4fbb-b538-4eec3a1816e6 => generated 0 bytes in 78 msecs (HTTP/1.1 204) 5 headers in 198 bytes (1 switches on core 0)
2026-07-28 17:29:45.730 7 INFO placement.requestlog [None req-7927ba83-81f7-4d2a-850d-a36fc8fd7ade d67297e355a5459cb0770461aac6e6bc fc3fc36e57274b0385b3dc88f4145ec4 - - 447976b975484c39882f1a72d3859377 447976b975484c39882f1a72d3859377] 10.0.0.41 "GET /resource_providers/e550f7c9-0b34-4c25-be6b-dfadc5e1079c/aggregates" status: 404 len: 235 microversion: 1.1 [pid: 7|app: 0|req: 659/1311] 10.0.0.41 () {32 vars in 815 bytes} [Tue Jul 28 17:29:45 2026] GET /resource_providers/e550f7c9-0b34-4c25-be6b-dfadc5e1079c/aggregates => generated 235 bytes in 8 msecs (HTTP/1.1 404) 5 headers in 202 bytes (1 switches on core 0)
2026-07-28 17:29:45.736 8 INFO placement.requestlog [None req-9a26d7ad-5a20-49a1-821c-734dd6feb420 d67297e355a5459cb0770461aac6e6bc fc3fc36e57274b0385b3dc88f4145ec4 - - 447976b975484c39882f1a72d3859377 447976b975484c39882f1a72d3859377] 10.0.0.41 "GET /resource_providers/e550f7c9-0b34-4c25-be6b-dfadc5e1079c/aggregates" status: 404 len: 235 microversion: 1.1 [pid: 8|app: 0|req: 653/1312] 10.0.0.41 () {32 vars in 815 bytes} [Tue Jul 28 17:29:45 2026] GET /resource_providers/e550f7c9-0b34-4c25-be6b-dfadc5e1079c/aggregates => generated 235 bytes in 10 msecs (HTTP/1.1 404) 5 headers in 202 bytes (1 switches on core 0)
2026-07-28 17:29:45.755 7 INFO placement.requestlog [None req-5e559b19-baec-4e43-9307-cb2072ae131a d67297e355a5459cb0770461aac6e6bc fc3fc36e57274b0385b3dc88f4145ec4 - - 447976b975484c39882f1a72d3859377 447976b975484c39882f1a72d3859377] 10.0.0.41 "DELETE /resource_providers/e550f7c9-0b34-4c25-be6b-dfadc5e1079c" status: 404 len: 246 microversion: 1.1 [pid: 7|app: 0|req: 660/1313] 10.0.0.41 () {34 vars in 815 bytes} [Tue Jul 28 17:29:45 2026] DELETE /resource_providers/e550f7c9-0b34-4c25-be6b-dfadc5e1079c => generated 246 bytes in 10 msecs (HTTP/1.1 404) 6 headers in 231 bytes (1 switches on core 0)
2026-07-28 17:29:45.762 8 INFO placement.requestlog [None req-0b809fc4-4408-40f1-a39d-1863e898c6cb d67297e355a5459cb0770461aac6e6bc fc3fc36e57274b0385b3dc88f4145ec4 - - 447976b975484c39882f1a72d3859377 447976b975484c39882f1a72d3859377] 10.0.0.41 "DELETE /resource_providers/e550f7c9-0b34-4c25-be6b-dfadc5e1079c" status: 404 len: 246 microversion: 1.1 [pid: 8|app: 0|req: 654/1314] 10.0.0.41 () {34 vars in 815 bytes} [Tue Jul 28 17:29:45 2026] DELETE /resource_providers/e550f7c9-0b34-4c25-be6b-dfadc5e1079c => generated 246 bytes in 13 msecs (HTTP/1.1 404) 6 headers in 231 bytes (1 switches on core 0)
2026-07-28 17:29:46.554 8 INFO placement.requestlog [None req-0dc1bd10-49f3-4f02-b1e5-dd1be96b822b d67297e355a5459cb0770461aac6e6bc fc3fc36e57274b0385b3dc88f4145ec4 - - 447976b975484c39882f1a72d3859377 447976b975484c39882f1a72d3859377] 10.0.0.41 "GET /resource_providers/6ac61a67-b52a-4f75-86d5-0a082be476e7/aggregates" status: 404 len: 235 microversion: 1.1 [pid: 8|app: 0|req: 655/1315] 10.0.0.41 () {32 vars in 815 bytes} [Tue Jul 28 17:29:46 2026] GET /resource_providers/6ac61a67-b52a-4f75-86d5-0a082be476e7/aggregates => generated 235 bytes in 12 msecs (HTTP/1.1 404) 5 headers in 202 bytes (1 switches on core 0)
2026-07-28 17:29:46.557 7 INFO placement.requestlog [None req-01463625-32c5-421c-9db5-7401ec23430f d67297e355a5459cb0770461aac6e6bc fc3fc36e57274b0385b3dc88f4145ec4 - - 447976b975484c39882f1a72d3859377 447976b975484c39882f1a72d3859377] 10.0.0.41 "GET /resource_providers/6ac61a67-b52a-4f75-86d5-0a082be476e7/aggregates" status: 404 len: 235 microversion: 1.1 [pid: 7|app: 0|req: 661/1316] 10.0.0.41 () {32 vars in 815 bytes} [Tue Jul 28 17:29:46 2026] GET /resource_providers/6ac61a67-b52a-4f75-86d5-0a082be476e7/aggregates => generated 235 bytes in 15 msecs (HTTP/1.1 404) 5 headers in 202 bytes (1 switches on core 0)
2026-07-28 17:29:46.584 8 INFO placement.requestlog [None req-019dba49-2a30-49c0-bb5a-19d1c95ad200 d67297e355a5459cb0770461aac6e6bc fc3fc36e57274b0385b3dc88f4145ec4 - - 447976b975484c39882f1a72d3859377 447976b975484c39882f1a72d3859377] 10.0.0.41 "DELETE /resource_providers/6ac61a67-b52a-4f75-86d5-0a082be476e7" status: 404 len: 246 microversion: 1.1 [pid: 8|app: 0|req: 656/1317] 10.0.0.41 () {34 vars in 815 bytes} [Tue Jul 28 17:29:46 2026] DELETE /resource_providers/6ac61a67-b52a-4f75-86d5-0a082be476e7 => generated 246 bytes in 13 msecs (HTTP/1.1 404) 6 headers in 231 bytes (1 switches on core 0)
2026-07-28 17:29:46.589 7 INFO placement.requestlog [None req-238aad4e-489b-4fc2-800e-4dbdd66ee5a4 d67297e355a5459cb0770461aac6e6bc fc3fc36e57274b0385b3dc88f4145ec4 - - 447976b975484c39882f1a72d3859377 447976b975484c39882f1a72d3859377] 10.0.0.41 "DELETE /resource_providers/6ac61a67-b52a-4f75-86d5-0a082be476e7" status: 404 len: 246 microversion: 1.1 [pid: 7|app: 0|req: 662/1318] 10.0.0.41 () {34 vars in 815 bytes} [Tue Jul 28 17:29:46 2026] DELETE /resource_providers/6ac61a67-b52a-4f75-86d5-0a082be476e7 => generated 246 bytes in 15 msecs (HTTP/1.1 404) 6 headers in 231 bytes (1 switches on core 0)
2026-07-28 17:29:48.241 8 INFO placement.requestlog [None req-ac12c44f-65ba-4ebf-bc7b-9382a1f69bab d67297e355a5459cb0770461aac6e6bc fc3fc36e57274b0385b3dc88f4145ec4 - - 447976b975484c39882f1a72d3859377 447976b975484c39882f1a72d3859377] 10.0.0.41 "GET /resource_providers/1358f74a-cbb3-4a5d-aaed-8b7caf41333d/aggregates" status: 404 len: 235 microversion: 1.1 [pid: 8|app: 0|req: 657/1319] 10.0.0.41 () {32 vars in 815 bytes} [Tue Jul 28 17:29:48 2026] GET /resource_providers/1358f74a-cbb3-4a5d-aaed-8b7caf41333d/aggregates => generated 235 bytes in 14 msecs (HTTP/1.1 404) 5 headers in 202 bytes (1 switches on core 0)
2026-07-28 17:29:48.246 7 INFO placement.requestlog [None req-0e802414-0abe-4b78-b981-b09f7be56f09 d67297e355a5459cb0770461aac6e6bc fc3fc36e57274b0385b3dc88f4145ec4 - - 447976b975484c39882f1a72d3859377 447976b975484c39882f1a72d3859377] 10.0.0.41 "GET /resource_providers/1358f74a-cbb3-4a5d-aaed-8b7caf41333d/aggregates" status: 404 len: 235 microversion: 1.1 [pid: 7|app: 0|req: 663/1320] 10.0.0.41 () {32 vars in 815 bytes} [Tue Jul 28 17:29:48 2026] GET /resource_providers/1358f74a-cbb3-4a5d-aaed-8b7caf41333d/aggregates => generated 235 bytes in 17 msecs (HTTP/1.1 404) 5 headers in 202 bytes (1 switches on core 0)
2026-07-28 17:29:48.267 8 INFO placement.requestlog [None req-9b459ce1-a9d8-4604-99d2-2b2997e7c92c d67297e355a5459cb0770461aac6e6bc fc3fc36e57274b0385b3dc88f4145ec4 - - 447976b975484c39882f1a72d3859377 447976b975484c39882f1a72d3859377] 10.0.0.41 "DELETE /resource_providers/1358f74a-cbb3-4a5d-aaed-8b7caf41333d" status: 404 len: 246 microversion: 1.1 [pid: 8|app: 0|req: 658/1321] 10.0.0.41 () {34 vars in 815 bytes} [Tue Jul 28 17:29:48 2026] DELETE /resource_providers/1358f74a-cbb3-4a5d-aaed-8b7caf41333d => generated 246 bytes in 8 msecs (HTTP/1.1 404) 6 headers in 231 bytes (1 switches on core 0)
2026-07-28 17:29:48.271 7 INFO placement.requestlog [None req-d031a93b-b6b6-4fac-b860-83bc8d561359 d67297e355a5459cb0770461aac6e6bc fc3fc36e57274b0385b3dc88f4145ec4 - - 447976b975484c39882f1a72d3859377 447976b975484c39882f1a72d3859377] 10.0.0.41 "DELETE /resource_providers/1358f74a-cbb3-4a5d-aaed-8b7caf41333d" status: 404 len: 246 microversion: 1.1 [pid: 7|app: 0|req: 664/1322] 10.0.0.41 () {34 vars in 815 bytes} [Tue Jul 28 17:29:48 2026] DELETE /resource_providers/1358f74a-cbb3-4a5d-aaed-8b7caf41333d => generated 246 bytes in 12 msecs (HTTP/1.1 404) 6 headers in 231 bytes (1 switches on core 0)
2026-07-28 17:29:49.299 7 INFO placement.requestlog [None req-2a5c4176-54eb-4bfe-8b52-0c978935a41f - - - - - -] 10.0.0.82 "GET /" status: 200 len: 136 microversion: 1.0
2026-07-28 17:29:49.299 8 INFO placement.requestlog [None req-38a5cf5b-f04e-49f2-ab63-808cded9dc15 - - - - - -] 10.0.0.82 "GET /" status: 200 len: 136 microversion: 1.0
2026-07-28 17:29:49.620 8 INFO placement.requestlog [None req-1f1a3572-3342-49c6-89f2-347ca85d622b d67297e355a5459cb0770461aac6e6bc fc3fc36e57274b0385b3dc88f4145ec4 - - 447976b975484c39882f1a72d3859377 447976b975484c39882f1a72d3859377] 10.0.0.41 "GET /resource_providers/64ccc0d7-128d-4091-872b-9b71b29503fa/aggregates" status: 404 len: 235 microversion: 1.1 [pid: 8|app: 0|req: 660/1325] 10.0.0.41 () {32 vars in 815 bytes} [Tue Jul 28 17:29:49 2026] GET /resource_providers/64ccc0d7-128d-4091-872b-9b71b29503fa/aggregates => generated 235 bytes in 11 msecs (HTTP/1.1 404) 5 headers in 202 bytes (1 switches on core 0)
2026-07-28 17:29:49.625 7 INFO placement.requestlog [None req-af68853a-d738-4385-8da4-420b2d6940b4 d67297e355a5459cb0770461aac6e6bc fc3fc36e57274b0385b3dc88f4145ec4 - - 447976b975484c39882f1a72d3859377 447976b975484c39882f1a72d3859377] 10.0.0.41 "GET /resource_providers/64ccc0d7-128d-4091-872b-9b71b29503fa/aggregates" status: 404 len: 235 microversion: 1.1 [pid: 7|app: 0|req: 666/1326] 10.0.0.41 () {32 vars in 815 bytes} [Tue Jul 28 17:29:49 2026] GET /resource_providers/64ccc0d7-128d-4091-872b-9b71b29503fa/aggregates => generated 235 bytes in 10 msecs (HTTP/1.1 404) 5 headers in 202 bytes (1 switches on core 0)
2026-07-28 17:29:49.651 7 INFO placement.requestlog [None req-72e2bc57-7a19-4f99-8ef6-2240beec5b93 d67297e355a5459cb0770461aac6e6bc fc3fc36e57274b0385b3dc88f4145ec4 - - 447976b975484c39882f1a72d3859377 447976b975484c39882f1a72d3859377] 10.0.0.41 "DELETE /resource_providers/64ccc0d7-128d-4091-872b-9b71b29503fa" status: 404 len: 246 microversion: 1.1 [pid: 7|app: 0|req: 667/1327] 10.0.0.41 () {34 vars in 815 bytes} [Tue Jul 28 17:29:49 2026] DELETE /resource_providers/64ccc0d7-128d-4091-872b-9b71b29503fa => generated 246 bytes in 8 msecs (HTTP/1.1 404) 6 headers in 231 bytes (1 switches on core 0)
2026-07-28 17:29:49.652 8 INFO placement.requestlog [None req-d80f732d-e0f3-4328-a6ba-9124260677fd d67297e355a5459cb0770461aac6e6bc fc3fc36e57274b0385b3dc88f4145ec4 - - 447976b975484c39882f1a72d3859377 447976b975484c39882f1a72d3859377] 10.0.0.41 "DELETE /resource_providers/64ccc0d7-128d-4091-872b-9b71b29503fa" status: 404 len: 246 microversion: 1.1 [pid: 8|app: 0|req: 661/1328] 10.0.0.41 () {34 vars in 815 bytes} [Tue Jul 28 17:29:49 2026] DELETE /resource_providers/64ccc0d7-128d-4091-872b-9b71b29503fa => generated 246 bytes in 11 msecs (HTTP/1.1 404) 6 headers in 231 bytes (1 switches on core 0)
2026-07-28 17:29:52.202 7 INFO placement.requestlog [None req-0cfc3d6f-6521-40ac-8886-d6c4ed43213e d67297e355a5459cb0770461aac6e6bc fc3fc36e57274b0385b3dc88f4145ec4 - - 447976b975484c39882f1a72d3859377 447976b975484c39882f1a72d3859377] 10.0.0.41 "GET /resource_providers/75ad7b22-b5f6-4050-bd9b-d0404fd60009/aggregates" status: 404 len: 235 microversion: 1.1 [pid: 7|app: 0|req: 668/1329] 10.0.0.41 () {32 vars in 815 bytes} [Tue Jul 28 17:29:52 2026] GET /resource_providers/75ad7b22-b5f6-4050-bd9b-d0404fd60009/aggregates => generated 235 bytes in 10 msecs (HTTP/1.1 404) 5 headers in 202 bytes (1 switches on core 0)
2026-07-28 17:29:52.204 8 INFO placement.requestlog [None req-a3bd67d8-ecc3-480d-a06f-828cdada27ca d67297e355a5459cb0770461aac6e6bc fc3fc36e57274b0385b3dc88f4145ec4 - - 447976b975484c39882f1a72d3859377 447976b975484c39882f1a72d3859377] 10.0.0.41 "GET /resource_providers/75ad7b22-b5f6-4050-bd9b-d0404fd60009/aggregates" status: 404 len: 235 microversion: 1.1 [pid: 8|app: 0|req: 662/1330] 10.0.0.41 () {32 vars in 815 bytes} [Tue Jul 28 17:29:52 2026] GET /resource_providers/75ad7b22-b5f6-4050-bd9b-d0404fd60009/aggregates => generated 235 bytes in 11 msecs (HTTP/1.1 404) 5 headers in 202 bytes (1 switches on core 0)
2026-07-28 17:29:52.222 7 INFO placement.requestlog [None req-9dc25dfd-216d-4b5a-b3fd-720e2b1c2d3f d67297e355a5459cb0770461aac6e6bc fc3fc36e57274b0385b3dc88f4145ec4 - - 447976b975484c39882f1a72d3859377 447976b975484c39882f1a72d3859377] 10.0.0.41 "DELETE /resource_providers/75ad7b22-b5f6-4050-bd9b-d0404fd60009" status: 404 len: 246 microversion: 1.1 [pid: 7|app: 0|req: 669/1331] 10.0.0.41 () {34 vars in 815 bytes} [Tue Jul 28 17:29:52 2026] DELETE /resource_providers/75ad7b22-b5f6-4050-bd9b-d0404fd60009 => generated 246 bytes in 11 msecs (HTTP/1.1 404) 6 headers in 231 bytes (1 switches on core 0)
2026-07-28 17:29:52.232 8 INFO placement.requestlog [None req-cbaff936-0394-4b41-8300-e455caf4d31a d67297e355a5459cb0770461aac6e6bc fc3fc36e57274b0385b3dc88f4145ec4 - - 447976b975484c39882f1a72d3859377 447976b975484c39882f1a72d3859377] 10.0.0.41 "DELETE /resource_providers/75ad7b22-b5f6-4050-bd9b-d0404fd60009" status: 404 len: 246 microversion: 1.1 [pid: 8|app: 0|req: 663/1332] 10.0.0.41 () {34 vars in 815 bytes} [Tue Jul 28 17:29:52 2026] DELETE /resource_providers/75ad7b22-b5f6-4050-bd9b-d0404fd60009 => generated 246 bytes in 10 msecs (HTTP/1.1 404) 6 headers in 231 bytes (1 switches on core 0)
2026-07-28 17:29:56.935 7 INFO placement.requestlog [req-7af4bfbc-c28a-452d-bdae-80e40763c4a7 req-96f4a1da-2710-4851-a473-1e9adeeb9cb3 b7705814f9804e8e8634e1fb0bd963fd fc3fc36e57274b0385b3dc88f4145ec4 - - 447976b975484c39882f1a72d3859377 447976b975484c39882f1a72d3859377] 199.204.45.248 "GET /resource_providers/4775a45a-0e9b-4443-a429-90d5f36e047b/allocations" status: 200 len: 55 microversion: 1.0 [pid: 7|app: 0|req: 670/1333] 199.204.45.248 () {32 vars in 857 bytes} [Tue Jul 28 17:29:56 2026] GET /resource_providers/4775a45a-0e9b-4443-a429-90d5f36e047b/allocations => generated 55 bytes in 21 msecs (HTTP/1.1 200) 6 headers in 223 bytes (1 switches on core 0)
2026-07-28 17:29:56.961 8 INFO placement.requestlog [req-7af4bfbc-c28a-452d-bdae-80e40763c4a7 req-2f8eb0c8-43c6-4fa3-9fe7-7edb0365ffc2 b7705814f9804e8e8634e1fb0bd963fd fc3fc36e57274b0385b3dc88f4145ec4 - - 447976b975484c39882f1a72d3859377 447976b975484c39882f1a72d3859377] 199.204.45.248 "GET /resource_providers/4775a45a-0e9b-4443-a429-90d5f36e047b/allocations" status: 200 len: 55 microversion: 1.0 [pid: 8|app: 0|req: 664/1334] 199.204.45.248 () {32 vars in 857 bytes} [Tue Jul 28 17:29:56 2026] GET /resource_providers/4775a45a-0e9b-4443-a429-90d5f36e047b/allocations => generated 55 bytes in 20 msecs (HTTP/1.1 200) 6 headers in 223 bytes (1 switches on core 0)
2026-07-28 17:29:59.299 8 INFO placement.requestlog [None req-1135fae3-9141-4d19-95c6-f5cde08898a4 - - - - - -] 10.0.0.82 "GET /" status: 200 len: 136 microversion: 1.0
2026-07-28 17:29:59.299 7 INFO placement.requestlog [None req-37d86035-4816-48fe-b0ad-873f8d6592b6 - - - - - -] 10.0.0.82 "GET /" status: 200 len: 136 microversion: 1.0
2026-07-28 17:30:07.972 7 INFO placement.requestlog [None req-7d8a9bb6-4e0f-435a-9624-5ac37b910750 d67297e355a5459cb0770461aac6e6bc fc3fc36e57274b0385b3dc88f4145ec4 - - 447976b975484c39882f1a72d3859377 447976b975484c39882f1a72d3859377] 10.0.0.41 "GET /resource_providers/738dc07f-d309-4993-bf2d-727ec51dc2ed/aggregates" status: 404 len: 235 microversion: 1.1 [pid: 7|app: 0|req: 672/1337] 10.0.0.41 () {32 vars in 815 bytes} [Tue Jul 28 17:30:07 2026] GET /resource_providers/738dc07f-d309-4993-bf2d-727ec51dc2ed/aggregates => generated 235 bytes in 9 msecs (HTTP/1.1 404) 5 headers in 202 bytes (1 switches on core 0)
2026-07-28 17:30:07.977 8 INFO placement.requestlog [None req-37fc9c6b-516c-49ee-aa7b-9a4a44f5f513 d67297e355a5459cb0770461aac6e6bc fc3fc36e57274b0385b3dc88f4145ec4 - - 447976b975484c39882f1a72d3859377 447976b975484c39882f1a72d3859377] 10.0.0.41 "GET /resource_providers/738dc07f-d309-4993-bf2d-727ec51dc2ed/aggregates" status: 404 len: 235 microversion: 1.1 [pid: 8|app: 0|req: 666/1338] 10.0.0.41 () {32 vars in 815 bytes} [Tue Jul 28 17:30:07 2026] GET /resource_providers/738dc07f-d309-4993-bf2d-727ec51dc2ed/aggregates => generated 235 bytes in 10 msecs (HTTP/1.1 404) 5 headers in 202 bytes (1 switches on core 0)
2026-07-28 17:30:08.009 7 INFO placement.requestlog [None req-7053cf32-fe14-4e08-bbbd-b11f0a2e33e6 d67297e355a5459cb0770461aac6e6bc fc3fc36e57274b0385b3dc88f4145ec4 - - 447976b975484c39882f1a72d3859377 447976b975484c39882f1a72d3859377] 10.0.0.41 "DELETE /resource_providers/738dc07f-d309-4993-bf2d-727ec51dc2ed" status: 404 len: 246 microversion: 1.1
2026-07-28 17:30:08.010 8 INFO placement.requestlog [None req-dab0a76f-fd6c-4b42-b8a5-b74476308f08 d67297e355a5459cb0770461aac6e6bc fc3fc36e57274b0385b3dc88f4145ec4 - - 447976b975484c39882f1a72d3859377 447976b975484c39882f1a72d3859377] 10.0.0.41 "DELETE /resource_providers/738dc07f-d309-4993-bf2d-727ec51dc2ed" status: 404 len: 246 microversion: 1.1 [pid: 7|app: 0|req: 673/1339] 10.0.0.41 () {34 vars in 815 bytes} [Tue Jul 28 17:30:07 2026] DELETE /resource_providers/738dc07f-d309-4993-bf2d-727ec51dc2ed => generated 246 bytes in 15 msecs (HTTP/1.1 404) 6 headers in 231 bytes (1 switches on core 0) [pid: 8|app: 0|req: 667/1340] 10.0.0.41 () {34 vars in 815 bytes} [Tue Jul 28 17:30:07 2026] DELETE /resource_providers/738dc07f-d309-4993-bf2d-727ec51dc2ed => generated 246 bytes in 13 msecs (HTTP/1.1 404) 6 headers in 231 bytes (1 switches on core 0)
2026-07-28 17:30:08.460 7 INFO placement.requestlog [None req-9eeea928-21b1-4a69-814a-f7fb3730604f d67297e355a5459cb0770461aac6e6bc fc3fc36e57274b0385b3dc88f4145ec4 - - 447976b975484c39882f1a72d3859377 447976b975484c39882f1a72d3859377] 10.0.0.41 "GET /resource_providers/8d4bd0d4-2b84-42f8-848c-dff75b542e76/aggregates" status: 404 len: 235 microversion: 1.1 [pid: 7|app: 0|req: 674/1341] 10.0.0.41 () {32 vars in 815 bytes} [Tue Jul 28 17:30:08 2026] GET /resource_providers/8d4bd0d4-2b84-42f8-848c-dff75b542e76/aggregates => generated 235 bytes in 11 msecs (HTTP/1.1 404) 5 headers in 202 bytes (1 switches on core 0)
2026-07-28 17:30:08.465 8 INFO placement.requestlog [None req-bb5ffa66-cafe-4895-926a-0199954d5159 d67297e355a5459cb0770461aac6e6bc fc3fc36e57274b0385b3dc88f4145ec4 - - 447976b975484c39882f1a72d3859377 447976b975484c39882f1a72d3859377] 10.0.0.41 "GET /resource_providers/8d4bd0d4-2b84-42f8-848c-dff75b542e76/aggregates" status: 404 len: 235 microversion: 1.1 [pid: 8|app: 0|req: 668/1342] 10.0.0.41 () {32 vars in 815 bytes} [Tue Jul 28 17:30:08 2026] GET /resource_providers/8d4bd0d4-2b84-42f8-848c-dff75b542e76/aggregates => generated 235 bytes in 9 msecs (HTTP/1.1 404) 5 headers in 202 bytes (1 switches on core 0)
2026-07-28 17:30:08.483 7 INFO placement.requestlog [None req-bb2809e7-ce19-4e35-9d43-2390a42196ec d67297e355a5459cb0770461aac6e6bc fc3fc36e57274b0385b3dc88f4145ec4 - - 447976b975484c39882f1a72d3859377 447976b975484c39882f1a72d3859377] 10.0.0.41 "DELETE /resource_providers/8d4bd0d4-2b84-42f8-848c-dff75b542e76" status: 404 len: 246 microversion: 1.1 [pid: 7|app: 0|req: 675/1343] 10.0.0.41 () {34 vars in 815 bytes} [Tue Jul 28 17:30:08 2026] DELETE /resource_providers/8d4bd0d4-2b84-42f8-848c-dff75b542e76 => generated 246 bytes in 10 msecs (HTTP/1.1 404) 6 headers in 231 bytes (1 switches on core 0)
2026-07-28 17:30:08.487 8 INFO placement.requestlog [None req-0e203be3-94cf-4f9f-9eb1-84e46b533b55 d67297e355a5459cb0770461aac6e6bc fc3fc36e57274b0385b3dc88f4145ec4 - - 447976b975484c39882f1a72d3859377 447976b975484c39882f1a72d3859377] 10.0.0.41 "DELETE /resource_providers/8d4bd0d4-2b84-42f8-848c-dff75b542e76" status: 404 len: 246 microversion: 1.1 [pid: 8|app: 0|req: 669/1344] 10.0.0.41 () {34 vars in 815 bytes} [Tue Jul 28 17:30:08 2026] DELETE /resource_providers/8d4bd0d4-2b84-42f8-848c-dff75b542e76 => generated 246 bytes in 13 msecs (HTTP/1.1 404) 6 headers in 231 bytes (1 switches on core 0)
2026-07-28 17:30:09.299 8 INFO placement.requestlog [None req-3eed13fd-c4ad-47e8-8d1d-942110ecf73d - - - - - -] 10.0.0.82 "GET /" status: 200 len: 136 microversion: 1.0
2026-07-28 17:30:09.299 7 INFO placement.requestlog [None req-2a72f1d5-ac87-439f-b73c-4c7840de8642 - - - - - -] 10.0.0.82 "GET /" status: 200 len: 136 microversion: 1.0
2026-07-28 17:30:10.025 8 INFO placement.requestlog [None req-dd7446ca-eeaf-4d7c-993c-8e6abfde0706 d67297e355a5459cb0770461aac6e6bc fc3fc36e57274b0385b3dc88f4145ec4 - - 447976b975484c39882f1a72d3859377 447976b975484c39882f1a72d3859377] 10.0.0.41 "GET /resource_providers/331c600c-764e-4712-aa9b-93e4aaaeb1b1/aggregates" status: 404 len: 235 microversion: 1.1 [pid: 8|app: 0|req: 671/1347] 10.0.0.41 () {32 vars in 815 bytes} [Tue Jul 28 17:30:10 2026] GET /resource_providers/331c600c-764e-4712-aa9b-93e4aaaeb1b1/aggregates => generated 235 bytes in 8 msecs (HTTP/1.1 404) 5 headers in 202 bytes (1 switches on core 0)
2026-07-28 17:30:10.030 7 INFO placement.requestlog [None req-e4dee8c9-87c8-4e40-b108-b772c76e2e54 d67297e355a5459cb0770461aac6e6bc fc3fc36e57274b0385b3dc88f4145ec4 - - 447976b975484c39882f1a72d3859377 447976b975484c39882f1a72d3859377] 10.0.0.41 "GET /resource_providers/331c600c-764e-4712-aa9b-93e4aaaeb1b1/aggregates" status: 404 len: 235 microversion: 1.1 [pid: 7|app: 0|req: 677/1348] 10.0.0.41 () {32 vars in 815 bytes} [Tue Jul 28 17:30:10 2026] GET /resource_providers/331c600c-764e-4712-aa9b-93e4aaaeb1b1/aggregates => generated 235 bytes in 10 msecs (HTTP/1.1 404) 5 headers in 202 bytes (1 switches on core 0)
2026-07-28 17:30:10.038 8 INFO placement.requestlog [None req-0ca0846b-1881-42ba-9d6d-12cce0bfb2d6 d67297e355a5459cb0770461aac6e6bc fc3fc36e57274b0385b3dc88f4145ec4 - - 447976b975484c39882f1a72d3859377 447976b975484c39882f1a72d3859377] 10.0.0.41 "DELETE /resource_providers/331c600c-764e-4712-aa9b-93e4aaaeb1b1" status: 404 len: 246 microversion: 1.1 [pid: 8|app: 0|req: 672/1349] 10.0.0.41 () {34 vars in 815 bytes} [Tue Jul 28 17:30:10 2026] DELETE /resource_providers/331c600c-764e-4712-aa9b-93e4aaaeb1b1 => generated 246 bytes in 8 msecs (HTTP/1.1 404) 6 headers in 231 bytes (1 switches on core 0)
2026-07-28 17:30:10.064 8 INFO placement.requestlog [None req-5bf23067-bb46-4003-8314-e740ad600d6f d67297e355a5459cb0770461aac6e6bc fc3fc36e57274b0385b3dc88f4145ec4 - - 447976b975484c39882f1a72d3859377 447976b975484c39882f1a72d3859377] 10.0.0.41 "GET /resource_providers/545100f9-c281-4f53-8bf7-e3a7cd5d0f2b/aggregates" status: 404 len: 235 microversion: 1.1
2026-07-28 17:30:10.064 7 INFO placement.requestlog [None req-b95c4f88-fe78-499b-ae6a-35f3c5bc0000 d67297e355a5459cb0770461aac6e6bc fc3fc36e57274b0385b3dc88f4145ec4 - - 447976b975484c39882f1a72d3859377 447976b975484c39882f1a72d3859377] 10.0.0.41 "DELETE /resource_providers/331c600c-764e-4712-aa9b-93e4aaaeb1b1" status: 404 len: 246 microversion: 1.1 [pid: 8|app: 0|req: 673/1350] 10.0.0.41 () {32 vars in 815 bytes} [Tue Jul 28 17:30:10 2026] GET /resource_providers/545100f9-c281-4f53-8bf7-e3a7cd5d0f2b/aggregates => generated 235 bytes in 10 msecs (HTTP/1.1 404) 5 headers in 202 bytes (1 switches on core 0) [pid: 7|app: 0|req: 678/1351] 10.0.0.41 () {34 vars in 815 bytes} [Tue Jul 28 17:30:10 2026] DELETE /resource_providers/331c600c-764e-4712-aa9b-93e4aaaeb1b1 => generated 246 bytes in 20 msecs (HTTP/1.1 404) 6 headers in 231 bytes (1 switches on core 0)
2026-07-28 17:30:10.079 8 INFO placement.requestlog [None req-4e2bf42e-0303-4857-8279-20138f114d51 d67297e355a5459cb0770461aac6e6bc fc3fc36e57274b0385b3dc88f4145ec4 - - 447976b975484c39882f1a72d3859377 447976b975484c39882f1a72d3859377] 10.0.0.41 "DELETE /resource_providers/545100f9-c281-4f53-8bf7-e3a7cd5d0f2b" status: 404 len: 246 microversion: 1.1 [pid: 8|app: 0|req: 674/1352] 10.0.0.41 () {34 vars in 815 bytes} [Tue Jul 28 17:30:10 2026] DELETE /resource_providers/545100f9-c281-4f53-8bf7-e3a7cd5d0f2b => generated 246 bytes in 6 msecs (HTTP/1.1 404) 6 headers in 231 bytes (1 switches on core 0)
2026-07-28 17:30:10.081 7 INFO placement.requestlog [None req-42eeb43c-aacd-4b10-8ad6-b1e62322fa81 d67297e355a5459cb0770461aac6e6bc fc3fc36e57274b0385b3dc88f4145ec4 - - 447976b975484c39882f1a72d3859377 447976b975484c39882f1a72d3859377] 10.0.0.41 "GET /resource_providers/545100f9-c281-4f53-8bf7-e3a7cd5d0f2b/aggregates" status: 404 len: 235 microversion: 1.1 [pid: 7|app: 0|req: 679/1353] 10.0.0.41 () {32 vars in 815 bytes} [Tue Jul 28 17:30:10 2026] GET /resource_providers/545100f9-c281-4f53-8bf7-e3a7cd5d0f2b/aggregates => generated 235 bytes in 8 msecs (HTTP/1.1 404) 5 headers in 202 bytes (1 switches on core 0)
2026-07-28 17:30:10.092 8 INFO placement.requestlog [None req-2da39e1a-3e25-4b57-875f-8f0815d1b2be d67297e355a5459cb0770461aac6e6bc fc3fc36e57274b0385b3dc88f4145ec4 - - 447976b975484c39882f1a72d3859377 447976b975484c39882f1a72d3859377] 10.0.0.41 "DELETE /resource_providers/545100f9-c281-4f53-8bf7-e3a7cd5d0f2b" status: 404 len: 246 microversion: 1.1 [pid: 8|app: 0|req: 675/1354] 10.0.0.41 () {34 vars in 815 bytes} [Tue Jul 28 17:30:10 2026] DELETE /resource_providers/545100f9-c281-4f53-8bf7-e3a7cd5d0f2b => generated 246 bytes in 6 msecs (HTTP/1.1 404) 6 headers in 231 bytes (1 switches on core 0)
2026-07-28 17:30:10.503 7 INFO placement.requestlog [None req-33af219e-bdb7-47d9-aaf2-499a28659144 d67297e355a5459cb0770461aac6e6bc fc3fc36e57274b0385b3dc88f4145ec4 - - 447976b975484c39882f1a72d3859377 447976b975484c39882f1a72d3859377] 10.0.0.41 "GET /resource_providers/055be1e3-7190-402f-841c-bee9678c451b/aggregates" status: 404 len: 235 microversion: 1.1 [pid: 7|app: 0|req: 680/1355] 10.0.0.41 () {32 vars in 815 bytes} [Tue Jul 28 17:30:10 2026] GET /resource_providers/055be1e3-7190-402f-841c-bee9678c451b/aggregates => generated 235 bytes in 12 msecs (HTTP/1.1 404) 5 headers in 202 bytes (1 switches on core 0)
