Feb 26 00:41:37.685667 np0000157121 devstack@neutron-api.service[103483]: DEBUG neutron.api.extensions [None req-86443dfe-210c-4a68-8bac-f0518f9bb97b None None] Ext name="Pagination support" alias="pagination" description="Extension that indicates that pagination is enabled." updated="2016-06-12T00:00:00-00:00" {{(pid=103483) _check_extension /opt/stack/neutron/neutron/api/extensions.py:415}}
Feb 26 00:41:37.685713 np0000157121 devstack@neutron-api.service[103483]: INFO neutron.api.extensions [None req-86443dfe-210c-4a68-8bac-f0518f9bb97b None None] Loaded extension: pagination
Feb 26 00:41:37.685796 np0000157121 devstack@neutron-api.service[103483]: DEBUG neutron.api.extensions [None req-86443dfe-210c-4a68-8bac-f0518f9bb97b None None] Loading extension file: port_device_profile.py {{(pid=103483) _load_all_extensions_from_path /opt/stack/neutron/neutron/api/extensions.py:449}}
Feb 26 00:41:37.685879 np0000157121 devstack@neutron-api.service[103485]: INFO neutron.quota.resource_registry [None req-7aed75c6-45e4-4f77-b910-da5a5df7bb02 None None] Creating instance of CountableResource for resource:rbac_policy
Feb 26 00:41:37.686038 np0000157121 devstack@neutron-api.service[103483]: DEBUG neutron.api.extensions [None req-86443dfe-210c-4a68-8bac-f0518f9bb97b None None] Ext name="Port device profile" alias="port-device-profile" description="Expose the port device profile (Cyborg)" updated="2020-12-17T10:00:00-00:00" {{(pid=103483) _check_extension /opt/stack/neutron/neutron/api/extensions.py:415}}
Feb 26 00:41:37.686245 np0000157121 devstack@neutron-api.service[103483]: INFO neutron.api.extensions [None req-86443dfe-210c-4a68-8bac-f0518f9bb97b None None] Loaded extension: port-device-profile
Feb 26 00:41:37.686290 np0000157121 devstack@neutron-api.service[103483]: DEBUG neutron.api.extensions [None req-86443dfe-210c-4a68-8bac-f0518f9bb97b None None] Loading extension file: port_hardware_offload_type.py {{(pid=103483) _load_all_extensions_from_path /opt/stack/neutron/neutron/api/extensions.py:449}}
Feb 26 00:41:37.686428 np0000157121 devstack@neutron-api.service[103484]: DEBUG neutron.services.provider_configuration [None req-61df18fd-834e-4167-8b46-11c1480650eb None None] Service providers = [] {{(pid=103484) parse_service_provider_opt /opt/stack/neutron/neutron/services/provider_configuration.py:171}}
Feb 26 00:41:37.686530 np0000157121 devstack@neutron-api.service[103485]: INFO neutron.quota.resource_registry [None req-7aed75c6-45e4-4f77-b910-da5a5df7bb02 None None] Creating instance of TrackedResource for resource:security_group
Feb 26 00:41:37.686650 np0000157121 devstack@neutron-api.service[103483]: DEBUG neutron.api.extensions [None req-86443dfe-210c-4a68-8bac-f0518f9bb97b None None] Ext name="Port hardware offload" alias="port-hardware-offload-type" description="Expose port hardware offload extension" updated="2023-05-09T10:00:00-00:00" {{(pid=103483) _check_extension /opt/stack/neutron/neutron/api/extensions.py:415}}
Feb 26 00:41:37.686748 np0000157121 devstack@neutron-api.service[103484]: DEBUG neutron.db.servicetype_db [None req-61df18fd-834e-4167-8b46-11c1480650eb None None] Adding provider configuration for service L3_ROUTER_NAT {{(pid=103484) add_provider_configuration /opt/stack/neutron/neutron/db/servicetype_db.py:42}}
Feb 26 00:41:37.686794 np0000157121 devstack@neutron-api.service[103483]: INFO neutron.api.extensions [None req-86443dfe-210c-4a68-8bac-f0518f9bb97b None None] Extension port-hardware-offload-type not supported by any of loaded plugins
Feb 26 00:41:37.686794 np0000157121 devstack@neutron-api.service[103483]: DEBUG neutron.api.extensions [None req-86443dfe-210c-4a68-8bac-f0518f9bb97b None None] Loading extension file: port_hint_ovs_tx_steering.py {{(pid=103483) _load_all_extensions_from_path /opt/stack/neutron/neutron/api/extensions.py:449}}
Feb 26 00:41:37.686914 np0000157121 devstack@neutron-api.service[103485]: INFO neutron.quota.resource_registry [None req-7aed75c6-45e4-4f77-b910-da5a5df7bb02 None None] Creating instance of TrackedResource for resource:security_group_rule
Feb 26 00:41:37.687048 np0000157121 devstack@neutron-api.service[103483]: DEBUG neutron.api.extensions [None req-86443dfe-210c-4a68-8bac-f0518f9bb97b None None] Ext name="Port hint: Open vSwitch Tx steering" alias="port-hint-ovs-tx-steering" description="Enable Port hint: Open vSwitch Tx steering" updated="2023-01-01T00:00:00-00:00" {{(pid=103483) _check_extension /opt/stack/neutron/neutron/api/extensions.py:415}}
Feb 26 00:41:37.687226 np0000157121 devstack@neutron-api.service[103483]: INFO neutron.api.extensions [None req-86443dfe-210c-4a68-8bac-f0518f9bb97b None None] Extension port-hint-ovs-tx-steering not supported by any of loaded plugins
Feb 26 00:41:37.687318 np0000157121 devstack@neutron-api.service[103483]: DEBUG neutron.api.extensions [None req-86443dfe-210c-4a68-8bac-f0518f9bb97b None None] Loading extension file: port_hints.py {{(pid=103483) _load_all_extensions_from_path /opt/stack/neutron/neutron/api/extensions.py:449}}
Feb 26 00:41:37.687463 np0000157121 devstack@neutron-api.service[103485]: DEBUG neutron.api.v2.resource_helper [None req-7aed75c6-45e4-4f77-b910-da5a5df7bb02 None None] Service CORE assigned prefix: {{(pid=103485) build_resource_info /opt/stack/neutron/neutron/api/v2/resource_helper.py:77}}
Feb 26 00:41:37.687645 np0000157121 devstack@neutron-api.service[103483]: DEBUG neutron.api.extensions [None req-86443dfe-210c-4a68-8bac-f0518f9bb97b None None] Ext name="Port hints" alias="port-hints" description="Backend specific port hints to allow backend specific tuning" updated="2023-01-01T00:00:00-00:00" {{(pid=103483) _check_extension /opt/stack/neutron/neutron/api/extensions.py:415}}
Feb 26 00:41:37.687692 np0000157121 devstack@neutron-api.service[103485]: INFO neutron.quota.resource_registry [None req-7aed75c6-45e4-4f77-b910-da5a5df7bb02 None None] Creating instance of TrackedResource for resource:subnetpool
Feb 26 00:41:37.687740 np0000157121 devstack@neutron-api.service[103485]: WARNING neutron.quota.resource_registry [None req-7aed75c6-45e4-4f77-b910-da5a5df7bb02 None None] subnetpool is already registered
Feb 26 00:41:37.687831 np0000157121 devstack@neutron-api.service[103483]: INFO neutron.api.extensions [None req-86443dfe-210c-4a68-8bac-f0518f9bb97b None None] Extension port-hints not supported by any of loaded plugins
Feb 26 00:41:37.687831 np0000157121 devstack@neutron-api.service[103483]: DEBUG neutron.api.extensions [None req-86443dfe-210c-4a68-8bac-f0518f9bb97b None None] Loading extension file: port_mac_address_override.py {{(pid=103483) _load_all_extensions_from_path /opt/stack/neutron/neutron/api/extensions.py:449}}
Feb 26 00:41:37.688113 np0000157121 devstack@neutron-api.service[103483]: DEBUG neutron.api.extensions [None req-86443dfe-210c-4a68-8bac-f0518f9bb97b None None] Ext name="Neutron Port MAC address override" alias="port-mac-override" description="Allow overriding the MAC address of a direct-physical Port via the active binding profile" updated="2022-03-18T10:00:00-00:00" {{(pid=103483) _check_extension /opt/stack/neutron/neutron/api/extensions.py:415}}
Feb 26 00:41:37.688398 np0000157121 devstack@neutron-api.service[103483]: INFO neutron.api.extensions [None req-86443dfe-210c-4a68-8bac-f0518f9bb97b None None] Extension port-mac-override not supported by any of loaded plugins
Feb 26 00:41:37.688495 np0000157121 devstack@neutron-api.service[103483]: DEBUG neutron.api.extensions [None req-86443dfe-210c-4a68-8bac-f0518f9bb97b None None] Loading extension file: port_mac_address_regenerate.py {{(pid=103483) _load_all_extensions_from_path /opt/stack/neutron/neutron/api/extensions.py:449}}
Feb 26 00:41:37.688705 np0000157121 devstack@neutron-api.service[103484]: DEBUG neutron_lib.callbacks.manager [None req-61df18fd-834e-4167-8b46-11c1480650eb None None] Subscribe: > router precommit_create 55549900, False {{(pid=103484) subscribe /opt/stack/data/venv/lib/python3.12/site-packages/neutron_lib/callbacks/manager.py:52}}
Feb 26 00:41:37.688863 np0000157121 devstack@neutron-api.service[103483]: DEBUG neutron.api.extensions [None req-86443dfe-210c-4a68-8bac-f0518f9bb97b None None] Ext name="Neutron Port MAC address regenerate" alias="port-mac-address-regenerate" description="Network port MAC address regenerate" updated="2018-05-03T10:00:00-00:00" {{(pid=103483) _check_extension /opt/stack/neutron/neutron/api/extensions.py:415}}
Feb 26 00:41:37.689020 np0000157121 devstack@neutron-api.service[103484]: DEBUG neutron_lib.callbacks.manager [None req-61df18fd-834e-4167-8b46-11c1480650eb None None] Subscribe: > router_interface after_create 55550000, False {{(pid=103484) subscribe /opt/stack/data/venv/lib/python3.12/site-packages/neutron_lib/callbacks/manager.py:52}}
Feb 26 00:41:37.689020 np0000157121 devstack@neutron-api.service[103484]: DEBUG neutron_lib.callbacks.manager [None req-61df18fd-834e-4167-8b46-11c1480650eb None None] Subscribe: > floatingip after_create 55550000, False {{(pid=103484) subscribe /opt/stack/data/venv/lib/python3.12/site-packages/neutron_lib/callbacks/manager.py:52}}
Feb 26 00:41:37.689404 np0000157121 devstack@neutron-api.service[103483]: INFO neutron.api.extensions [None req-86443dfe-210c-4a68-8bac-f0518f9bb97b None None] Loaded extension: port-mac-address-regenerate
Feb 26 00:41:37.689404 np0000157121 devstack@neutron-api.service[103483]: DEBUG neutron.api.extensions [None req-86443dfe-210c-4a68-8bac-f0518f9bb97b None None] Loading extension file: port_numa_affinity_policy.py {{(pid=103483) _load_all_extensions_from_path /opt/stack/neutron/neutron/api/extensions.py:449}}
Feb 26 00:41:37.689823 np0000157121 devstack@neutron-api.service[103484]: DEBUG neutron_lib.callbacks.manager [None req-61df18fd-834e-4167-8b46-11c1480650eb None None] Subscribe: > floatingip precommit_create 55550000, False {{(pid=103484) subscribe /opt/stack/data/venv/lib/python3.12/site-packages/neutron_lib/callbacks/manager.py:52}}
Feb 26 00:41:37.689823 np0000157121 devstack@neutron-api.service[103484]: DEBUG neutron_lib.callbacks.manager [None req-61df18fd-834e-4167-8b46-11c1480650eb None None] Subscribe: > floatingip precommit_update 55550000, False {{(pid=103484) subscribe /opt/stack/data/venv/lib/python3.12/site-packages/neutron_lib/callbacks/manager.py:52}}
Feb 26 00:41:37.689924 np0000157121 devstack@neutron-api.service[103483]: DEBUG neutron.api.extensions [None req-86443dfe-210c-4a68-8bac-f0518f9bb97b None None] Ext name="Port NUMA affinity policy" alias="port-numa-affinity-policy" description="Expose the port NUMA affinity policy" updated="2020-07-08T10:00:00-00:00" {{(pid=103483) _check_extension /opt/stack/neutron/neutron/api/extensions.py:415}}
Feb 26 00:41:37.689981 np0000157121 devstack@neutron-api.service[103484]: DEBUG neutron_lib.callbacks.manager [None req-61df18fd-834e-4167-8b46-11c1480650eb None None] Subscribe: > floatingip after_delete 55550000, False {{(pid=103484) subscribe /opt/stack/data/venv/lib/python3.12/site-packages/neutron_lib/callbacks/manager.py:52}}
Feb 26 00:41:37.689981 np0000157121 devstack@neutron-api.service[103484]: DEBUG neutron_lib.callbacks.manager [None req-61df18fd-834e-4167-8b46-11c1480650eb None None] Subscribe: > floatingip after_status_update 55550000, False {{(pid=103484) subscribe /opt/stack/data/venv/lib/python3.12/site-packages/neutron_lib/callbacks/manager.py:52}}
Feb 26 00:41:37.690071 np0000157121 devstack@neutron-api.service[103483]: INFO neutron.api.extensions [None req-86443dfe-210c-4a68-8bac-f0518f9bb97b None None] Loaded extension: port-numa-affinity-policy
Feb 26 00:41:37.690071 np0000157121 devstack@neutron-api.service[103483]: DEBUG neutron.api.extensions [None req-86443dfe-210c-4a68-8bac-f0518f9bb97b None None] Loading extension file: port_numa_affinity_policy_socket.py {{(pid=103483) _load_all_extensions_from_path /opt/stack/neutron/neutron/api/extensions.py:449}}
Feb 26 00:41:37.690175 np0000157121 devstack@neutron-api.service[103484]: DEBUG neutron_lib.callbacks.manager [None req-61df18fd-834e-4167-8b46-11c1480650eb None None] Subscribe: > floatingip after_update 55550000, False {{(pid=103484) subscribe /opt/stack/data/venv/lib/python3.12/site-packages/neutron_lib/callbacks/manager.py:52}}
Feb 26 00:41:37.690226 np0000157121 devstack@neutron-api.service[103485]: DEBUG neutron.api.v2.resource_helper [None req-7aed75c6-45e4-4f77-b910-da5a5df7bb02 None None] Service L3_ROUTER_NAT assigned prefix: {{(pid=103485) build_resource_info /opt/stack/neutron/neutron/api/v2/resource_helper.py:77}}
Feb 26 00:41:37.690279 np0000157121 devstack@neutron-api.service[103484]: DEBUG neutron_lib.callbacks.manager [None req-61df18fd-834e-4167-8b46-11c1480650eb None None] Subscribe: > port_forwarding after_create 55550000, False {{(pid=103484) subscribe /opt/stack/data/venv/lib/python3.12/site-packages/neutron_lib/callbacks/manager.py:52}}
Feb 26 00:41:37.690329 np0000157121 devstack@neutron-api.service[103483]: DEBUG neutron.api.extensions [None req-86443dfe-210c-4a68-8bac-f0518f9bb97b None None] Ext name="Port NUMA affinity policy "socket"" alias="port-numa-affinity-policy-socket" description="Adds "socket" to the supported port NUMA affinity policies" updated="2024-02-09T10:00:00-00:00" {{(pid=103483) _check_extension /opt/stack/neutron/neutron/api/extensions.py:415}}
Feb 26 00:41:37.690377 np0000157121 devstack@neutron-api.service[103484]: DEBUG neutron_lib.callbacks.manager [None req-61df18fd-834e-4167-8b46-11c1480650eb None None] Subscribe: > router_interface after_delete 55550000, False {{(pid=103484) subscribe /opt/stack/data/venv/lib/python3.12/site-packages/neutron_lib/callbacks/manager.py:52}}
Feb 26 00:41:37.690423 np0000157121 devstack@neutron-api.service[103483]: INFO neutron.api.extensions [None req-86443dfe-210c-4a68-8bac-f0518f9bb97b None None] Loaded extension: port-numa-affinity-policy-socket
Feb 26 00:41:37.690470 np0000157121 devstack@neutron-api.service[103484]: DEBUG neutron_lib.callbacks.manager [None req-61df18fd-834e-4167-8b46-11c1480650eb None None] Subscribe: > router after_create 55550000, False {{(pid=103484) subscribe /opt/stack/data/venv/lib/python3.12/site-packages/neutron_lib/callbacks/manager.py:52}}
Feb 26 00:41:37.690551 np0000157121 devstack@neutron-api.service[103485]: DEBUG neutron.api.v2.resource_helper [None req-7aed75c6-45e4-4f77-b910-da5a5df7bb02 None None] Service FLAVORS assigned prefix: {{(pid=103485) build_resource_info /opt/stack/neutron/neutron/api/v2/resource_helper.py:77}}
Feb 26 00:41:37.690616 np0000157121 devstack@neutron-api.service[103483]: DEBUG neutron.api.extensions [None req-86443dfe-210c-4a68-8bac-f0518f9bb97b None None] Loading extension file: port_resource_request.py {{(pid=103483) _load_all_extensions_from_path /opt/stack/neutron/neutron/api/extensions.py:449}}
Feb 26 00:41:37.690668 np0000157121 devstack@neutron-api.service[103484]: DEBUG neutron_lib.callbacks.manager [None req-61df18fd-834e-4167-8b46-11c1480650eb None None] Subscribe: > router precommit_create 55550000, False {{(pid=103484) subscribe /opt/stack/data/venv/lib/python3.12/site-packages/neutron_lib/callbacks/manager.py:52}}
Feb 26 00:41:37.690668 np0000157121 devstack@neutron-api.service[103484]: DEBUG neutron_lib.callbacks.manager [None req-61df18fd-834e-4167-8b46-11c1480650eb None None] Subscribe: > router after_delete 55550000, False {{(pid=103484) subscribe /opt/stack/data/venv/lib/python3.12/site-packages/neutron_lib/callbacks/manager.py:52}}
Feb 26 00:41:37.690768 np0000157121 devstack@neutron-api.service[103483]: DEBUG neutron.api.extensions [None req-86443dfe-210c-4a68-8bac-f0518f9bb97b None None] Ext name="Port Resource Request" alias="port-resource-request" description="Expose resource request to Port" updated="2018-05-08T10:00:00-00:00" {{(pid=103483) _check_extension /opt/stack/neutron/neutron/api/extensions.py:415}}
Feb 26 00:41:37.690868 np0000157121 devstack@neutron-api.service[103484]: DEBUG neutron_lib.callbacks.manager [None req-61df18fd-834e-4167-8b46-11c1480650eb None None] Subscribe: > router after_update 55550000, False {{(pid=103484) subscribe /opt/stack/data/venv/lib/python3.12/site-packages/neutron_lib/callbacks/manager.py:52}}
Feb 26 00:41:37.690970 np0000157121 devstack@neutron-api.service[103483]: INFO neutron.api.extensions [None req-86443dfe-210c-4a68-8bac-f0518f9bb97b None None] Extension port-resource-request not supported by any of loaded plugins
Feb 26 00:41:37.690970 np0000157121 devstack@neutron-api.service[103483]: DEBUG neutron.api.extensions [None req-86443dfe-210c-4a68-8bac-f0518f9bb97b None None] Loading extension file: port_resource_request_groups.py {{(pid=103483) _load_all_extensions_from_path /opt/stack/neutron/neutron/api/extensions.py:449}}
Feb 26 00:41:37.691207 np0000157121 devstack@neutron-api.service[103484]: DEBUG neutron.services.service_base [None req-61df18fd-834e-4167-8b46-11c1480650eb None None] Loaded 'neutron.services.ovn_l3.service_providers.ovn.OvnDriver' provider for service L3_ROUTER_NAT {{(pid=103484) load_drivers /opt/stack/neutron/neutron/services/service_base.py:49}}
Feb 26 00:41:37.691207 np0000157121 devstack@neutron-api.service[103484]: DEBUG neutron_lib.callbacks.manager [None req-61df18fd-834e-4167-8b46-11c1480650eb None None] Subscribe: > process after_init 55550001, True {{(pid=103484) subscribe /opt/stack/data/venv/lib/python3.12/site-packages/neutron_lib/callbacks/manager.py:52}}
Feb 26 00:41:37.691539 np0000157121 devstack@neutron-api.service[103483]: DEBUG neutron.api.extensions [None req-86443dfe-210c-4a68-8bac-f0518f9bb97b None None] Ext name="Port Resource Request Groups" alias="port-resource-request-groups" description="Support requesting multiple groups of resources and traits from the same RP subtree in resource_request" updated="2021-08-02T10:00:00-00:00" {{(pid=103483) _check_extension /opt/stack/neutron/neutron/api/extensions.py:415}}
Feb 26 00:41:37.691778 np0000157121 devstack@neutron-api.service[103485]: DEBUG neutron.api.v2.resource_helper [None req-7aed75c6-45e4-4f77-b910-da5a5df7bb02 None None] Service L3_ROUTER_NAT assigned prefix: {{(pid=103485) build_resource_info /opt/stack/neutron/neutron/api/v2/resource_helper.py:77}}
Feb 26 00:41:37.692129 np0000157121 devstack@neutron-api.service[103484]: DEBUG neutron.manager [None req-61df18fd-834e-4167-8b46-11c1480650eb None None] Successfully loaded L3_ROUTER_NAT plugin. Description: L3 Router Service Plugin for basic L3 forwarding using OVN {{(pid=103484) _create_and_add_service_plugin /opt/stack/neutron/neutron/manager.py:229}}
Feb 26 00:41:37.692656 np0000157121 devstack@neutron-api.service[103483]: INFO neutron.api.extensions [None req-86443dfe-210c-4a68-8bac-f0518f9bb97b None None] Extension port-resource-request-groups not supported by any of loaded plugins
Feb 26 00:41:37.692656 np0000157121 devstack@neutron-api.service[103483]: DEBUG neutron.api.extensions [None req-86443dfe-210c-4a68-8bac-f0518f9bb97b None None] Loading extension file: port_trusted_vif.py {{(pid=103483) _load_all_extensions_from_path /opt/stack/neutron/neutron/api/extensions.py:449}}
Feb 26 00:41:37.693063 np0000157121 devstack@neutron-api.service[103484]: INFO neutron.manager [None req-61df18fd-834e-4167-8b46-11c1480650eb None None] Loading Plugin: auto_allocate
Feb 26 00:41:37.693319 np0000157121 devstack@neutron-api.service[103485]: DEBUG neutron.api.v2.resource_helper [None req-7aed75c6-45e4-4f77-b910-da5a5df7bb02 None None] Service L3_ROUTER_NAT assigned prefix: {{(pid=103485) build_resource_info /opt/stack/neutron/neutron/api/v2/resource_helper.py:77}}
Feb 26 00:41:37.693415 np0000157121 devstack@neutron-api.service[103483]: DEBUG neutron.api.extensions [None req-86443dfe-210c-4a68-8bac-f0518f9bb97b None None] Ext name="Port trusted vif" alias="port-trusted-vif" description="Expose port 'trusted' attribute in the API" updated="2024-07-10T10:00:00-00:00" {{(pid=103483) _check_extension /opt/stack/neutron/neutron/api/extensions.py:415}}
Feb 26 00:41:37.693644 np0000157121 devstack@neutron-api.service[103485]: INFO neutron.quota.resource_registry [None req-7aed75c6-45e4-4f77-b910-da5a5df7bb02 None None] Creating instance of TrackedResource for resource:router
Feb 26 00:41:37.693644 np0000157121 devstack@neutron-api.service[103485]: WARNING neutron.quota.resource_registry [None req-7aed75c6-45e4-4f77-b910-da5a5df7bb02 None None] router is already registered
Feb 26 00:41:37.693731 np0000157121 devstack@neutron-api.service[103483]: INFO neutron.api.extensions [None req-86443dfe-210c-4a68-8bac-f0518f9bb97b None None] Extension port-trusted-vif not supported by any of loaded plugins
Feb 26 00:41:37.693731 np0000157121 devstack@neutron-api.service[103483]: DEBUG neutron.api.extensions [None req-86443dfe-210c-4a68-8bac-f0518f9bb97b None None] Loading extension file: portbindings.py {{(pid=103483) _load_all_extensions_from_path /opt/stack/neutron/neutron/api/extensions.py:449}}
Feb 26 00:41:37.693731 np0000157121 devstack@neutron-api.service[103483]: DEBUG neutron.api.extensions [None req-86443dfe-210c-4a68-8bac-f0518f9bb97b None None] Ext name="Port Binding" alias="binding" description="Expose port bindings of a virtual port to external application" updated="2014-02-03T10:00:00-00:00" {{(pid=103483) _check_extension /opt/stack/neutron/neutron/api/extensions.py:415}}
Feb 26 00:41:37.694169 np0000157121 devstack@neutron-api.service[103485]: INFO neutron.quota.resource_registry [None req-7aed75c6-45e4-4f77-b910-da5a5df7bb02 None None] Creating instance of TrackedResource for resource:floatingip
Feb 26 00:41:37.694169 np0000157121 devstack@neutron-api.service[103485]: WARNING neutron.quota.resource_registry [None req-7aed75c6-45e4-4f77-b910-da5a5df7bb02 None None] floatingip is already registered
Feb 26 00:41:37.694248 np0000157121 devstack@neutron-api.service[103483]: INFO neutron.api.extensions [None req-86443dfe-210c-4a68-8bac-f0518f9bb97b None None] Loaded extension: binding
Feb 26 00:41:37.694248 np0000157121 devstack@neutron-api.service[103483]: DEBUG neutron.api.extensions [None req-86443dfe-210c-4a68-8bac-f0518f9bb97b None None] Loading extension file: portbindings_extended.py {{(pid=103483) _load_all_extensions_from_path /opt/stack/neutron/neutron/api/extensions.py:449}}
Feb 26 00:41:37.694248 np0000157121 devstack@neutron-api.service[103483]: DEBUG neutron.api.extensions [None req-86443dfe-210c-4a68-8bac-f0518f9bb97b None None] Ext name="Port Bindings Extended" alias="binding-extended" description="Expose port bindings of a virtual port to external application" updated="2017-07-17T10:00:00-00:00" {{(pid=103483) _check_extension /opt/stack/neutron/neutron/api/extensions.py:415}}
Feb 26 00:41:37.694429 np0000157121 devstack@neutron-api.service[103484]: DEBUG neutron_lib.callbacks.manager [None req-61df18fd-834e-4167-8b46-11c1480650eb None None] Subscribe: network precommit_update 55550000, False {{(pid=103484) subscribe /opt/stack/data/venv/lib/python3.12/site-packages/neutron_lib/callbacks/manager.py:52}}
Feb 26 00:41:37.694490 np0000157121 devstack@neutron-api.service[103483]: INFO neutron.api.extensions [None req-86443dfe-210c-4a68-8bac-f0518f9bb97b None None] Loaded extension: binding-extended
Feb 26 00:41:37.694602 np0000157121 devstack@neutron-api.service[103484]: DEBUG neutron_lib.callbacks.manager [None req-61df18fd-834e-4167-8b46-11c1480650eb None None] Subscribe: network precommit_create 55550000, False {{(pid=103484) subscribe /opt/stack/data/venv/lib/python3.12/site-packages/neutron_lib/callbacks/manager.py:52}}
Feb 26 00:41:37.694705 np0000157121 devstack@neutron-api.service[103483]: DEBUG neutron.api.extensions [None req-86443dfe-210c-4a68-8bac-f0518f9bb97b None None] Loading extension file: portsecurity.py {{(pid=103483) _load_all_extensions_from_path /opt/stack/neutron/neutron/api/extensions.py:449}}
Feb 26 00:41:37.694705 np0000157121 devstack@neutron-api.service[103483]: DEBUG neutron.api.extensions [None req-86443dfe-210c-4a68-8bac-f0518f9bb97b None None] Ext name="Port Security" alias="port-security" description="Provides port security" updated="2012-07-23T10:00:00-00:00" {{(pid=103483) _check_extension /opt/stack/neutron/neutron/api/extensions.py:415}}
Feb 26 00:41:37.694843 np0000157121 devstack@neutron-api.service[103484]: DEBUG neutron.manager [None req-61df18fd-834e-4167-8b46-11c1480650eb None None] Successfully loaded auto-allocated-topology plugin. Description: Auto Allocated Topology - aka get me a network. {{(pid=103484) _create_and_add_service_plugin /opt/stack/neutron/neutron/manager.py:229}}
Feb 26 00:41:37.694896 np0000157121 devstack@neutron-api.service[103485]: INFO neutron.quota.resource_registry [None req-7aed75c6-45e4-4f77-b910-da5a5df7bb02 None None] Creating instance of CountableResource for resource:rbac_policy
Feb 26 00:41:37.695058 np0000157121 devstack@neutron-api.service[103484]: INFO neutron.manager [None req-61df18fd-834e-4167-8b46-11c1480650eb None None] Loading Plugin: tag
Feb 26 00:41:37.695303 np0000157121 devstack@neutron-api.service[103483]: INFO neutron.api.extensions [None req-86443dfe-210c-4a68-8bac-f0518f9bb97b None None] Loaded extension: port-security
Feb 26 00:41:37.695452 np0000157121 devstack@neutron-api.service[103485]: WARNING neutron.quota.resource_registry [None req-7aed75c6-45e4-4f77-b910-da5a5df7bb02 None None] rbac_policy is already registered
Feb 26 00:41:37.695614 np0000157121 devstack@neutron-api.service[103483]: DEBUG neutron.api.extensions [None req-86443dfe-210c-4a68-8bac-f0518f9bb97b None None] Loading extension file: project_id.py {{(pid=103483) _load_all_extensions_from_path /opt/stack/neutron/neutron/api/extensions.py:449}}
Feb 26 00:41:37.695614 np0000157121 devstack@neutron-api.service[103483]: DEBUG neutron.api.extensions [None req-86443dfe-210c-4a68-8bac-f0518f9bb97b None None] Ext name="project_id field enabled" alias="project-id" description="Extension that indicates that project_id field is enabled." updated="2016-09-09T09:09:09-09:09" {{(pid=103483) _check_extension /opt/stack/neutron/neutron/api/extensions.py:415}}
Feb 26 00:41:37.695614 np0000157121 devstack@neutron-api.service[103483]: INFO neutron.api.extensions [None req-86443dfe-210c-4a68-8bac-f0518f9bb97b None None] Loaded extension: project-id
Feb 26 00:41:37.695614 np0000157121 devstack@neutron-api.service[103483]: DEBUG neutron.api.extensions [None req-86443dfe-210c-4a68-8bac-f0518f9bb97b None None] Loading extension file: providernet.py {{(pid=103483) _load_all_extensions_from_path /opt/stack/neutron/neutron/api/extensions.py:449}}
Feb 26 00:41:37.695813 np0000157121 devstack@neutron-api.service[103485]: INFO neutron.quota.resource_registry [None req-7aed75c6-45e4-4f77-b910-da5a5df7bb02 None None] Creating instance of TrackedResource for resource:security_group
Feb 26 00:41:37.695813 np0000157121 devstack@neutron-api.service[103485]: WARNING neutron.quota.resource_registry [None req-7aed75c6-45e4-4f77-b910-da5a5df7bb02 None None] security_group is already registered
Feb 26 00:41:37.696036 np0000157121 devstack@neutron-api.service[103483]: DEBUG neutron.api.extensions [None req-86443dfe-210c-4a68-8bac-f0518f9bb97b None None] Ext name="Provider Network" alias="provider" description="Expose mapping of virtual networks to physical networks" updated="2012-09-07T10:00:00-00:00" {{(pid=103483) _check_extension /opt/stack/neutron/neutron/api/extensions.py:415}}
Feb 26 00:41:37.696036 np0000157121 devstack@neutron-api.service[103483]: INFO neutron.api.extensions [None req-86443dfe-210c-4a68-8bac-f0518f9bb97b None None] Loaded extension: provider
Feb 26 00:41:37.696036 np0000157121 devstack@neutron-api.service[103483]: DEBUG neutron.api.extensions [None req-86443dfe-210c-4a68-8bac-f0518f9bb97b None None] Loading extension file: qinq.py {{(pid=103483) _load_all_extensions_from_path /opt/stack/neutron/neutron/api/extensions.py:449}}
Feb 26 00:41:37.696325 np0000157121 devstack@neutron-api.service[103485]: INFO neutron.quota.resource_registry [None req-7aed75c6-45e4-4f77-b910-da5a5df7bb02 None None] Creating instance of TrackedResource for resource:security_group_rule
Feb 26 00:41:37.696325 np0000157121 devstack@neutron-api.service[103485]: WARNING neutron.quota.resource_registry [None req-7aed75c6-45e4-4f77-b910-da5a5df7bb02 None None] security_group_rule is already registered
Feb 26 00:41:37.696509 np0000157121 devstack@neutron-api.service[103483]: DEBUG neutron.api.extensions [None req-86443dfe-210c-4a68-8bac-f0518f9bb97b None None] Ext name="QinQ networks" alias="qinq" description="Expose network 'qinq' attribute in the API. This allows to configure network to allow vlan in vlan configuration using 0x8a88 ethertype (QinQ)." updated="2024-12-02T10:00:00-00:00" {{(pid=103483) _check_extension /opt/stack/neutron/neutron/api/extensions.py:415}}
Feb 26 00:41:37.696509 np0000157121 devstack@neutron-api.service[103483]: INFO neutron.api.extensions [None req-86443dfe-210c-4a68-8bac-f0518f9bb97b None None] Loaded extension: qinq
Feb 26 00:41:37.696509 np0000157121 devstack@neutron-api.service[103483]: DEBUG neutron.api.extensions [None req-86443dfe-210c-4a68-8bac-f0518f9bb97b None None] Loading extension file: qos.py {{(pid=103483) _load_all_extensions_from_path /opt/stack/neutron/neutron/api/extensions.py:449}}
Feb 26 00:41:37.696986 np0000157121 devstack@neutron-api.service[103485]: DEBUG neutron.api.v2.resource_helper [None req-7aed75c6-45e4-4f77-b910-da5a5df7bb02 None None] Service CORE assigned prefix: {{(pid=103485) build_resource_info /opt/stack/neutron/neutron/api/v2/resource_helper.py:77}}
Feb 26 00:41:37.696986 np0000157121 devstack@neutron-api.service[103485]: INFO neutron.quota.resource_registry [None req-7aed75c6-45e4-4f77-b910-da5a5df7bb02 None None] Creating instance of TrackedResource for resource:subnetpool
Feb 26 00:41:37.696986 np0000157121 devstack@neutron-api.service[103485]: WARNING neutron.quota.resource_registry [None req-7aed75c6-45e4-4f77-b910-da5a5df7bb02 None None] subnetpool is already registered
Feb 26 00:41:37.696986 np0000157121 devstack@neutron-api.service[103485]: DEBUG neutron.api.extensions [None req-7aed75c6-45e4-4f77-b910-da5a5df7bb02 None None] Extended resource: extensions {{(pid=103485) __init__ /opt/stack/neutron/neutron/api/extensions.py:156}}
Feb 26 00:41:37.697240 np0000157121 devstack@neutron-api.service[103483]: DEBUG neutron.api.extensions [None req-86443dfe-210c-4a68-8bac-f0518f9bb97b None None] Ext name="Quality of Service" alias="qos" description="The Quality of Service extension." updated="2015-06-08T10:00:00-00:00" {{(pid=103483) _check_extension /opt/stack/neutron/neutron/api/extensions.py:415}}
Feb 26 00:41:37.697240 np0000157121 devstack@neutron-api.service[103483]: INFO neutron.api.extensions [None req-86443dfe-210c-4a68-8bac-f0518f9bb97b None None] Extension qos not supported by any of loaded plugins
Feb 26 00:41:37.697240 np0000157121 devstack@neutron-api.service[103483]: DEBUG neutron.api.extensions [None req-86443dfe-210c-4a68-8bac-f0518f9bb97b None None] Loading extension file: qos_bw_limit_direction.py {{(pid=103483) _load_all_extensions_from_path /opt/stack/neutron/neutron/api/extensions.py:449}}
Feb 26 00:41:37.697240 np0000157121 devstack@neutron-api.service[103483]: DEBUG neutron.api.extensions [None req-86443dfe-210c-4a68-8bac-f0518f9bb97b None None] Ext name="Direction for QoS bandwidth limit rule" alias="qos-bw-limit-direction" description="Allow to configure QoS bandwidth limit rule with specific direction: ingress or egress" updated="2017-04-10T10:00:00-00:00" {{(pid=103483) _check_extension /opt/stack/neutron/neutron/api/extensions.py:415}}
Feb 26 00:41:37.697529 np0000157121 devstack@neutron-api.service[103485]: DEBUG neutron.api.extensions [None req-7aed75c6-45e4-4f77-b910-da5a5df7bb02 None None] Extended resource: address-groups {{(pid=103485) __init__ /opt/stack/neutron/neutron/api/extensions.py:156}}
Feb 26 00:41:37.697781 np0000157121 devstack@neutron-api.service[103483]: INFO neutron.api.extensions [None req-86443dfe-210c-4a68-8bac-f0518f9bb97b None None] Extension qos-bw-limit-direction not supported by any of loaded plugins
Feb 26 00:41:37.697781 np0000157121 devstack@neutron-api.service[103483]: DEBUG neutron.api.extensions [None req-86443dfe-210c-4a68-8bac-f0518f9bb97b None None] Loading extension file: qos_bw_minimum_ingress.py {{(pid=103483) _load_all_extensions_from_path /opt/stack/neutron/neutron/api/extensions.py:449}}
Feb 26 00:41:37.697781 np0000157121 devstack@neutron-api.service[103483]: DEBUG neutron.api.extensions [None req-86443dfe-210c-4a68-8bac-f0518f9bb97b None None] Ext name="Ingress direction for QoS minimum bandwidth rule" alias="qos-bw-minimum-ingress" description="Allow to configure QoS minumum bandwidth rule with ingress direction." updated="2018-07-09T10:00:00-00:00" {{(pid=103483) _check_extension /opt/stack/neutron/neutron/api/extensions.py:415}}
Feb 26 00:41:37.697781 np0000157121 devstack@neutron-api.service[103483]: INFO neutron.api.extensions [None req-86443dfe-210c-4a68-8bac-f0518f9bb97b None None] Extension qos-bw-minimum-ingress not supported by any of loaded plugins
Feb 26 00:41:37.698199 np0000157121 devstack@neutron-api.service[103485]: DEBUG neutron.api.extensions [None req-7aed75c6-45e4-4f77-b910-da5a5df7bb02 None None] Extended resource: address-scopes {{(pid=103485) __init__ /opt/stack/neutron/neutron/api/extensions.py:156}}
Feb 26 00:41:37.698423 np0000157121 devstack@neutron-api.service[103483]: DEBUG neutron.api.extensions [None req-86443dfe-210c-4a68-8bac-f0518f9bb97b None None] Loading extension file: qos_default.py {{(pid=103483) _load_all_extensions_from_path /opt/stack/neutron/neutron/api/extensions.py:449}}
Feb 26 00:41:37.698474 np0000157121 devstack@neutron-api.service[103484]: DEBUG neutron.manager [None req-61df18fd-834e-4167-8b46-11c1480650eb None None] Successfully loaded TAG plugin. Description: Tag support {{(pid=103484) _create_and_add_service_plugin /opt/stack/neutron/neutron/manager.py:229}}
Feb 26 00:41:37.698474 np0000157121 devstack@neutron-api.service[103484]: INFO neutron.manager [None req-61df18fd-834e-4167-8b46-11c1480650eb None None] Loading Plugin: timestamp
Feb 26 00:41:37.698680 np0000157121 devstack@neutron-api.service[103483]: DEBUG neutron.api.extensions [None req-86443dfe-210c-4a68-8bac-f0518f9bb97b None None] Ext name="QoS default policy" alias="qos-default" description="Expose the QoS default policy per project" updated="2017-041-06T10:00:00-00:00" {{(pid=103483) _check_extension /opt/stack/neutron/neutron/api/extensions.py:415}}
Feb 26 00:41:37.698680 np0000157121 devstack@neutron-api.service[103483]: INFO neutron.api.extensions [None req-86443dfe-210c-4a68-8bac-f0518f9bb97b None None] Extension qos-default not supported by any of loaded plugins
Feb 26 00:41:37.698767 np0000157121 devstack@neutron-api.service[103485]: DEBUG neutron.api.extensions [None req-7aed75c6-45e4-4f77-b910-da5a5df7bb02 None None] Extended resource: agents {{(pid=103485) __init__ /opt/stack/neutron/neutron/api/extensions.py:156}}
Feb 26 00:41:37.698858 np0000157121 devstack@neutron-api.service[103483]: DEBUG neutron.api.extensions [None req-86443dfe-210c-4a68-8bac-f0518f9bb97b None None] Loading extension file: qos_fip.py {{(pid=103483) _load_all_extensions_from_path /opt/stack/neutron/neutron/api/extensions.py:449}}
Feb 26 00:41:37.698858 np0000157121 devstack@neutron-api.service[103483]: DEBUG neutron.api.extensions [None req-86443dfe-210c-4a68-8bac-f0518f9bb97b None None] Ext name="Floating IP QoS" alias="qos-fip" description="The floating IP Quality of Service extension" updated="2017-07-20T00:00:00-00:00" {{(pid=103483) _check_extension /opt/stack/neutron/neutron/api/extensions.py:415}}
Feb 26 00:41:37.698858 np0000157121 devstack@neutron-api.service[103483]: INFO neutron.api.extensions [None req-86443dfe-210c-4a68-8bac-f0518f9bb97b None None] Extension qos-fip not supported by any of loaded plugins
Feb 26 00:41:37.699051 np0000157121 devstack@neutron-api.service[103485]: DEBUG neutron.api.extensions [None req-7aed75c6-45e4-4f77-b910-da5a5df7bb02 None None] Extended resource: auto-allocated-topology {{(pid=103485) __init__ /opt/stack/neutron/neutron/api/extensions.py:156}}
Feb 26 00:41:37.699096 np0000157121 devstack@neutron-api.service[103483]: DEBUG neutron.api.extensions [None req-86443dfe-210c-4a68-8bac-f0518f9bb97b None None] Loading extension file: qos_fip_network_policy.py {{(pid=103483) _load_all_extensions_from_path /opt/stack/neutron/neutron/api/extensions.py:449}}
Feb 26 00:41:37.699096 np0000157121 devstack@neutron-api.service[103483]: DEBUG neutron.api.extensions [None req-86443dfe-210c-4a68-8bac-f0518f9bb97b None None] Ext name="QoS floating IP network policy ID" alias="qos-fip-network-policy" description="Adds a the QoS network ID to the floating IP definition" updated="2021-11-15T10:00:00-00:00" {{(pid=103483) _check_extension /opt/stack/neutron/neutron/api/extensions.py:415}}
Feb 26 00:41:37.699096 np0000157121 devstack@neutron-api.service[103483]: INFO neutron.api.extensions [None req-86443dfe-210c-4a68-8bac-f0518f9bb97b None None] Extension qos-fip-network-policy not supported by any of loaded plugins
Feb 26 00:41:37.699311 np0000157121 devstack@neutron-api.service[103485]: DEBUG neutron.api.extensions [None req-7aed75c6-45e4-4f77-b910-da5a5df7bb02 None None] Extended resource: availability_zones {{(pid=103485) __init__ /opt/stack/neutron/neutron/api/extensions.py:156}}
Feb 26 00:41:37.699408 np0000157121 devstack@neutron-api.service[103483]: DEBUG neutron.api.extensions [None req-86443dfe-210c-4a68-8bac-f0518f9bb97b None None] Loading extension file: qos_gateway_ip.py {{(pid=103483) _load_all_extensions_from_path /opt/stack/neutron/neutron/api/extensions.py:449}}
Feb 26 00:41:37.699408 np0000157121 devstack@neutron-api.service[103483]: DEBUG neutron.api.extensions [None req-86443dfe-210c-4a68-8bac-f0518f9bb97b None None] Ext name="Router gateway IP QoS" alias="qos-gateway-ip" description="The Router gateway IP Quality of Service extension" updated="2018-02-24T00:00:00-00:00" {{(pid=103483) _check_extension /opt/stack/neutron/neutron/api/extensions.py:415}}
Feb 26 00:41:37.699505 np0000157121 devstack@neutron-api.service[103484]: DEBUG neutron.manager [None req-61df18fd-834e-4167-8b46-11c1480650eb None None] Successfully loaded timestamp plugin. Description: Adds timestamps to Neutron resources with standard attributes {{(pid=103484) _create_and_add_service_plugin /opt/stack/neutron/neutron/manager.py:229}}
Feb 26 00:41:37.699576 np0000157121 devstack@neutron-api.service[103483]: INFO neutron.api.extensions [None req-86443dfe-210c-4a68-8bac-f0518f9bb97b None None] Extension qos-gateway-ip not supported by any of loaded plugins
Feb 26 00:41:37.699622 np0000157121 devstack@neutron-api.service[103484]: INFO neutron.manager [None req-61df18fd-834e-4167-8b46-11c1480650eb None None] Loading Plugin: network_ip_availability
Feb 26 00:41:37.699668 np0000157121 devstack@neutron-api.service[103483]: DEBUG neutron.api.extensions [None req-86443dfe-210c-4a68-8bac-f0518f9bb97b None None] Loading extension file: qos_port_network_policy.py {{(pid=103483) _load_all_extensions_from_path /opt/stack/neutron/neutron/api/extensions.py:449}}
Feb 26 00:41:37.699715 np0000157121 devstack@neutron-api.service[103485]: DEBUG neutron.api.extensions [None req-7aed75c6-45e4-4f77-b910-da5a5df7bb02 None None] Extended resource: dhcp-networks {{(pid=103485) __init__ /opt/stack/neutron/neutron/api/extensions.py:156}}
Feb 26 00:41:37.699763 np0000157121 devstack@neutron-api.service[103483]: DEBUG neutron.api.extensions [None req-86443dfe-210c-4a68-8bac-f0518f9bb97b None None] Ext name="QoS port network policy ID" alias="qos-port-network-policy" description="Adds a the QoS network ID to the port definition" updated="2019-11-01T10:00:00-00:00" {{(pid=103483) _check_extension /opt/stack/neutron/neutron/api/extensions.py:415}}
Feb 26 00:41:37.699916 np0000157121 devstack@neutron-api.service[103483]: INFO neutron.api.extensions [None req-86443dfe-210c-4a68-8bac-f0518f9bb97b None None] Extension qos-port-network-policy not supported by any of loaded plugins
Feb 26 00:41:37.700061 np0000157121 devstack@neutron-api.service[103483]: DEBUG neutron.api.extensions [None req-86443dfe-210c-4a68-8bac-f0518f9bb97b None None] Loading extension file: qos_pps_minimum_rule.py {{(pid=103483) _load_all_extensions_from_path /opt/stack/neutron/neutron/api/extensions.py:449}}
Feb 26 00:41:37.700299 np0000157121 devstack@neutron-api.service[103485]: DEBUG neutron.api.extensions [None req-7aed75c6-45e4-4f77-b910-da5a5df7bb02 None None] Extended resource: dhcp-agents {{(pid=103485) __init__ /opt/stack/neutron/neutron/api/extensions.py:156}}
Feb 26 00:41:37.700352 np0000157121 devstack@neutron-api.service[103483]: DEBUG neutron.api.extensions [None req-86443dfe-210c-4a68-8bac-f0518f9bb97b None None] Ext name="QoS minimum packet rate rule" alias="qos-pps-minimum" description="Allow to configure QoS minimum packet rate rule." updated="2021-07-14T10:00:00-00:00" {{(pid=103483) _check_extension /opt/stack/neutron/neutron/api/extensions.py:415}}
Feb 26 00:41:37.700503 np0000157121 devstack@neutron-api.service[103483]: INFO neutron.api.extensions [None req-86443dfe-210c-4a68-8bac-f0518f9bb97b None None] Extension qos-pps-minimum not supported by any of loaded plugins
Feb 26 00:41:37.700691 np0000157121 devstack@neutron-api.service[103483]: DEBUG neutron.api.extensions [None req-86443dfe-210c-4a68-8bac-f0518f9bb97b None None] Loading extension file: qos_pps_minimum_rule_alias.py {{(pid=103483) _load_all_extensions_from_path /opt/stack/neutron/neutron/api/extensions.py:449}}
Feb 26 00:41:37.700877 np0000157121 devstack@neutron-api.service[103483]: DEBUG neutron.api.extensions [None req-86443dfe-210c-4a68-8bac-f0518f9bb97b None None] Ext name="QoS minimum packet rate rule alias" alias="qos-pps-minimum-rule-alias" description="API to enable GET, PUT and DELETE operations on QoS minimum packet rate rule without specifying policy ID" updated="2021-10-22T10:00:00-00:00" {{(pid=103483) _check_extension /opt/stack/neutron/neutron/api/extensions.py:415}}
Feb 26 00:41:37.700927 np0000157121 devstack@neutron-api.service[103485]: DEBUG neutron.api.extensions [None req-7aed75c6-45e4-4f77-b910-da5a5df7bb02 None None] Extended resource: routers {{(pid=103485) __init__ /opt/stack/neutron/neutron/api/extensions.py:156}}
Feb 26 00:41:37.701078 np0000157121 devstack@neutron-api.service[103483]: INFO neutron.api.extensions [None req-86443dfe-210c-4a68-8bac-f0518f9bb97b None None] Extension qos-pps-minimum-rule-alias not supported by any of loaded plugins
Feb 26 00:41:37.701177 np0000157121 devstack@neutron-api.service[103483]: DEBUG neutron.api.extensions [None req-86443dfe-210c-4a68-8bac-f0518f9bb97b None None] Loading extension file: qos_pps_rule.py {{(pid=103483) _load_all_extensions_from_path /opt/stack/neutron/neutron/api/extensions.py:449}}
Feb 26 00:41:37.701459 np0000157121 devstack@neutron-api.service[103483]: DEBUG neutron.api.extensions [None req-86443dfe-210c-4a68-8bac-f0518f9bb97b None None] Ext name="QoS Rule Type Packet per Second Extension" alias="qos-pps" description="Add QoS Rule Type Packet per Second" updated="2021-05-12T10:00:00-00:00" {{(pid=103483) _check_extension /opt/stack/neutron/neutron/api/extensions.py:415}}
Feb 26 00:41:37.701669 np0000157121 devstack@neutron-api.service[103483]: INFO neutron.api.extensions [None req-86443dfe-210c-4a68-8bac-f0518f9bb97b None None] Extension qos-pps not supported by any of loaded plugins
Feb 26 00:41:37.701712 np0000157121 devstack@neutron-api.service[103483]: DEBUG neutron.api.extensions [None req-86443dfe-210c-4a68-8bac-f0518f9bb97b None None] Loading extension file: qos_rule_type_details.py {{(pid=103483) _load_all_extensions_from_path /opt/stack/neutron/neutron/api/extensions.py:449}}
Feb 26 00:41:37.701995 np0000157121 devstack@neutron-api.service[103485]: DEBUG neutron.api.extensions [None req-7aed75c6-45e4-4f77-b910-da5a5df7bb02 None None] Extended resource: flavors {{(pid=103485) __init__ /opt/stack/neutron/neutron/api/extensions.py:156}}
Feb 26 00:41:37.702094 np0000157121 devstack@neutron-api.service[103483]: DEBUG neutron.api.extensions [None req-86443dfe-210c-4a68-8bac-f0518f9bb97b None None] Ext name="Details of QoS rule types" alias="qos-rule-type-details" description="Expose details about QoS rule types supported by loaded backend drivers" updated="2017-06-22T10:00:00-00:00" {{(pid=103483) _check_extension /opt/stack/neutron/neutron/api/extensions.py:415}}
Feb 26 00:41:37.702231 np0000157121 devstack@neutron-api.service[103483]: INFO neutron.api.extensions [None req-86443dfe-210c-4a68-8bac-f0518f9bb97b None None] Extension qos-rule-type-details not supported by any of loaded plugins
Feb 26 00:41:37.702320 np0000157121 devstack@neutron-api.service[103484]: DEBUG neutron_lib.callbacks.manager [None req-61df18fd-834e-4167-8b46-11c1480650eb None None] Subscribe: > rbac-policy before_create 55550000, False {{(pid=103484) subscribe /opt/stack/data/venv/lib/python3.12/site-packages/neutron_lib/callbacks/manager.py:52}}
Feb 26 00:41:37.702389 np0000157121 devstack@neutron-api.service[103483]: DEBUG neutron.api.extensions [None req-86443dfe-210c-4a68-8bac-f0518f9bb97b None None] Loading extension file: qos_rule_type_filter.py {{(pid=103483) _load_all_extensions_from_path /opt/stack/neutron/neutron/api/extensions.py:449}}
Feb 26 00:41:37.702495 np0000157121 devstack@neutron-api.service[103484]: DEBUG neutron_lib.callbacks.manager [None req-61df18fd-834e-4167-8b46-11c1480650eb None None] Subscribe: > rbac-policy before_update 55550000, False {{(pid=103484) subscribe /opt/stack/data/venv/lib/python3.12/site-packages/neutron_lib/callbacks/manager.py:52}}
Feb 26 00:41:37.702572 np0000157121 devstack@neutron-api.service[103485]: DEBUG neutron.api.extensions [None req-7aed75c6-45e4-4f77-b910-da5a5df7bb02 None None] Extended resource: service_profiles {{(pid=103485) __init__ /opt/stack/neutron/neutron/api/extensions.py:156}}
Feb 26 00:41:37.702673 np0000157121 devstack@neutron-api.service[103483]: DEBUG neutron.api.extensions [None req-86443dfe-210c-4a68-8bac-f0518f9bb97b None None] Ext name="Allow to filter the list of QoS rule types" alias="qos-rule-type-filter" description="Allows to filter the QoS rule type list adding two new flags. "all_rules" prints all implemented QoS rule types."all_supported" prints all supported QoS rule types by the loaded mechanism drivers" updated="2022-02-02T10:00:00-00:00" {{(pid=103483) _check_extension /opt/stack/neutron/neutron/api/extensions.py:415}}
Feb 26 00:41:37.702745 np0000157121 devstack@neutron-api.service[103484]: DEBUG neutron_lib.callbacks.manager [None req-61df18fd-834e-4167-8b46-11c1480650eb None None] Subscribe: > rbac-policy before_delete 55550000, False {{(pid=103484) subscribe /opt/stack/data/venv/lib/python3.12/site-packages/neutron_lib/callbacks/manager.py:52}}
Feb 26 00:41:37.702807 np0000157121 devstack@neutron-api.service[103483]: INFO neutron.api.extensions [None req-86443dfe-210c-4a68-8bac-f0518f9bb97b None None] Extension qos-rule-type-filter not supported by any of loaded plugins
Feb 26 00:41:37.702893 np0000157121 devstack@neutron-api.service[103483]: DEBUG neutron.api.extensions [None req-86443dfe-210c-4a68-8bac-f0518f9bb97b None None] Loading extension file: qos_rules_alias.py {{(pid=103483) _load_all_extensions_from_path /opt/stack/neutron/neutron/api/extensions.py:449}}
Feb 26 00:41:37.703089 np0000157121 devstack@neutron-api.service[103485]: DEBUG neutron.api.extensions [None req-7aed75c6-45e4-4f77-b910-da5a5df7bb02 None None] Extended resource: next_providers {{(pid=103485) __init__ /opt/stack/neutron/neutron/api/extensions.py:156}}
Feb 26 00:41:37.703158 np0000157121 devstack@neutron-api.service[103484]: DEBUG neutron.manager [None req-61df18fd-834e-4167-8b46-11c1480650eb None None] Successfully loaded network-ip-availability plugin. Description: Provides IP availability data for each network and subnet. {{(pid=103484) _create_and_add_service_plugin /opt/stack/neutron/neutron/manager.py:229}}
Feb 26 00:41:37.703208 np0000157121 devstack@neutron-api.service[103483]: DEBUG neutron.api.extensions [None req-86443dfe-210c-4a68-8bac-f0518f9bb97b None None] Ext name="Quality of Service rules alias API" alias="qos-rules-alias" description="API to enable GET, PUT and DELETE operations on QoS policy rules without specifying policy ID" updated="2018-10-07T10:00:00-00:00" {{(pid=103483) _check_extension /opt/stack/neutron/neutron/api/extensions.py:415}}
Feb 26 00:41:37.703258 np0000157121 devstack@neutron-api.service[103484]: INFO neutron.manager [None req-61df18fd-834e-4167-8b46-11c1480650eb None None] Loading Plugin: flavors
Feb 26 00:41:37.703344 np0000157121 devstack@neutron-api.service[103483]: INFO neutron.api.extensions [None req-86443dfe-210c-4a68-8bac-f0518f9bb97b None None] Extension qos-rules-alias not supported by any of loaded plugins
Feb 26 00:41:37.703437 np0000157121 devstack@neutron-api.service[103483]: DEBUG neutron.api.extensions [None req-86443dfe-210c-4a68-8bac-f0518f9bb97b None None] Loading extension file: quota_check_limit.py {{(pid=103483) _load_all_extensions_from_path /opt/stack/neutron/neutron/api/extensions.py:449}}
Feb 26 00:41:37.703691 np0000157121 devstack@neutron-api.service[103483]: DEBUG neutron.api.extensions [None req-86443dfe-210c-4a68-8bac-f0518f9bb97b None None] Ext name="Quota engine limit check" alias="quota-check-limit" description="Support for checking the resource usage before applying a new quota limit" updated="2021-09-08T16:00:00-00:00" {{(pid=103483) _check_extension /opt/stack/neutron/neutron/api/extensions.py:415}}
Feb 26 00:41:37.703754 np0000157121 devstack@neutron-api.service[103485]: DEBUG neutron.api.extensions [None req-7aed75c6-45e4-4f77-b910-da5a5df7bb02 None None] Extended resource: service_profiles {{(pid=103485) __init__ /opt/stack/neutron/neutron/api/extensions.py:156}}
