Mar 03 14:31:34.844266 np0000157666 devstack@neutron-api.service[104370]: DEBUG ovsdbapp.backend.ovs_idl [None req-c6d756f6-2f40-4b3e-867e-2489491eb38a None None] Created schema index Address_Set.name {{(pid=104370) autocreate_indices /opt/stack/data/venv/lib/python3.12/site-packages/ovsdbapp/backend/ovs_idl/__init__.py:106}}
Mar 03 14:31:34.844393 np0000157666 devstack@neutron-api.service[104370]: DEBUG ovsdbapp.backend.ovs_idl [None req-c6d756f6-2f40-4b3e-867e-2489491eb38a None None] Created schema index Connection.target {{(pid=104370) autocreate_indices /opt/stack/data/venv/lib/python3.12/site-packages/ovsdbapp/backend/ovs_idl/__init__.py:106}}
Mar 03 14:31:34.844533 np0000157666 devstack@neutron-api.service[104370]: DEBUG ovsdbapp.backend.ovs_idl [None req-c6d756f6-2f40-4b3e-867e-2489491eb38a None None] Created schema index Gateway_Chassis.name {{(pid=104370) autocreate_indices /opt/stack/data/venv/lib/python3.12/site-packages/ovsdbapp/backend/ovs_idl/__init__.py:106}}
Mar 03 14:31:34.844708 np0000157666 devstack@neutron-api.service[104370]: DEBUG ovsdbapp.backend.ovs_idl [None req-c6d756f6-2f40-4b3e-867e-2489491eb38a None None] Created schema index Mirror.name {{(pid=104370) autocreate_indices /opt/stack/data/venv/lib/python3.12/site-packages/ovsdbapp/backend/ovs_idl/__init__.py:106}}
Mar 03 14:31:34.844823 np0000157666 devstack@neutron-api.service[104370]: DEBUG ovsdbapp.backend.ovs_idl [None req-c6d756f6-2f40-4b3e-867e-2489491eb38a None None] Created schema index Chassis_Template_Var.chassis {{(pid=104370) autocreate_indices /opt/stack/data/venv/lib/python3.12/site-packages/ovsdbapp/backend/ovs_idl/__init__.py:106}}
Mar 03 14:31:34.844956 np0000157666 devstack@neutron-api.service[104370]: DEBUG ovsdbapp.backend.ovs_idl [None req-c6d756f6-2f40-4b3e-867e-2489491eb38a None None] Created schema index Logical_Router_Port.name {{(pid=104370) autocreate_indices /opt/stack/data/venv/lib/python3.12/site-packages/ovsdbapp/backend/ovs_idl/__init__.py:106}}
Mar 03 14:31:34.845416 np0000157666 devstack@neutron-api.service[104370]: DEBUG ovsdbapp.backend.ovs_idl [None req-c6d756f6-2f40-4b3e-867e-2489491eb38a None None] Created schema index Port_Group.name {{(pid=104370) autocreate_indices /opt/stack/data/venv/lib/python3.12/site-packages/ovsdbapp/backend/ovs_idl/__init__.py:106}}
Mar 03 14:31:34.845416 np0000157666 devstack@neutron-api.service[104370]: DEBUG ovsdbapp.backend.ovs_idl [None req-c6d756f6-2f40-4b3e-867e-2489491eb38a None None] Created schema index Logical_Switch_Port.name {{(pid=104370) autocreate_indices /opt/stack/data/venv/lib/python3.12/site-packages/ovsdbapp/backend/ovs_idl/__init__.py:106}}
Mar 03 14:31:34.849004 np0000157666 devstack@neutron-api.service[104370]: INFO ovsdbapp.backend.ovs_idl.vlog [None req-c6d756f6-2f40-4b3e-867e-2489491eb38a None None] ssl:162.253.55.209:6641: connecting...
Mar 03 14:31:34.854860 np0000157666 devstack@neutron-api.service[104370]: INFO ovsdbapp.backend.ovs_idl.vlog [None req-c6d756f6-2f40-4b3e-867e-2489491eb38a None None] ssl:162.253.55.209:6641: connected
Mar 03 14:31:34.895031 np0000157666 devstack@neutron-api.service[104370]: DEBUG neutron.common.ovn.hash_ring_manager [None req-c6d756f6-2f40-4b3e-867e-2489491eb38a None None] Disallow caching, nodes 1<4 {{(pid=104370) _wait_startup_before_caching /opt/stack/neutron/neutron/common/ovn/hash_ring_manager.py:72}}
Mar 03 14:31:34.901178 np0000157666 devstack@neutron-api.service[104370]: DEBUG neutron.common.ovn.hash_ring_manager [None req-c6d756f6-2f40-4b3e-867e-2489491eb38a None None] Hash Ring loaded. 1 active nodes. 0 offline nodes {{(pid=104370) _load_hash_ring /opt/stack/neutron/neutron/common/ovn/hash_ring_manager.py:102}}
Mar 03 14:31:34.901353 np0000157666 devstack@neutron-api.service[104370]: DEBUG neutron.plugins.ml2.drivers.ovn.mech_driver.ovsdb.ovsdb_monitor [None req-c6d756f6-2f40-4b3e-867e-2489491eb38a None None] Hash Ring: Node 4a505266ead45465aab201d5d98875d5 (host: np0000157666) handling event "create" for row 411aa2c0-1c09-4c35-85d0-d2cf21a3a56f (table: ACL) {{(pid=104370) notify /opt/stack/neutron/neutron/plugins/ml2/drivers/ovn/mech_driver/ovsdb/ovsdb_monitor.py:906}}
Mar 03 14:31:34.906780 np0000157666 devstack@neutron-api.service[104370]: DEBUG neutron.common.ovn.hash_ring_manager [None req-c6d756f6-2f40-4b3e-867e-2489491eb38a None None] Hash Ring loaded. 1 active nodes. 0 offline nodes {{(pid=104370) _load_hash_ring /opt/stack/neutron/neutron/common/ovn/hash_ring_manager.py:102}}
Mar 03 14:31:34.906940 np0000157666 devstack@neutron-api.service[104370]: DEBUG neutron.plugins.ml2.drivers.ovn.mech_driver.ovsdb.ovsdb_monitor [None req-c6d756f6-2f40-4b3e-867e-2489491eb38a None None] Hash Ring: Node 4a505266ead45465aab201d5d98875d5 (host: np0000157666) handling event "create" for row 9a5c4da1-0f6a-4982-aca6-fafcd015fc6b (table: ACL) {{(pid=104370) notify /opt/stack/neutron/neutron/plugins/ml2/drivers/ovn/mech_driver/ovsdb/ovsdb_monitor.py:906}}
Mar 03 14:31:34.912237 np0000157666 devstack@neutron-api.service[104370]: DEBUG neutron.common.ovn.hash_ring_manager [None req-c6d756f6-2f40-4b3e-867e-2489491eb38a None None] Hash Ring loaded. 1 active nodes. 0 offline nodes {{(pid=104370) _load_hash_ring /opt/stack/neutron/neutron/common/ovn/hash_ring_manager.py:102}}
Mar 03 14:31:34.912401 np0000157666 devstack@neutron-api.service[104370]: DEBUG neutron.plugins.ml2.drivers.ovn.mech_driver.ovsdb.ovsdb_monitor [None req-c6d756f6-2f40-4b3e-867e-2489491eb38a None None] Hash Ring: Node 4a505266ead45465aab201d5d98875d5 (host: np0000157666) handling event "create" for row 85d7a880-44e7-478b-aa07-acbac51dc43f (table: Connection) {{(pid=104370) notify /opt/stack/neutron/neutron/plugins/ml2/drivers/ovn/mech_driver/ovsdb/ovsdb_monitor.py:906}}
Mar 03 14:31:34.917659 np0000157666 devstack@neutron-api.service[104370]: DEBUG neutron.common.ovn.hash_ring_manager [None req-c6d756f6-2f40-4b3e-867e-2489491eb38a None None] Hash Ring loaded. 1 active nodes. 0 offline nodes {{(pid=104370) _load_hash_ring /opt/stack/neutron/neutron/common/ovn/hash_ring_manager.py:102}}
Mar 03 14:31:34.917887 np0000157666 devstack@neutron-api.service[104370]: DEBUG neutron.plugins.ml2.drivers.ovn.mech_driver.ovsdb.ovsdb_monitor [None req-c6d756f6-2f40-4b3e-867e-2489491eb38a None None] Hash Ring: Node 4a505266ead45465aab201d5d98875d5 (host: np0000157666) handling event "create" for row 27b6dc58-3b01-4125-9135-fe9512117468 (table: NB_Global) {{(pid=104370) notify /opt/stack/neutron/neutron/plugins/ml2/drivers/ovn/mech_driver/ovsdb/ovsdb_monitor.py:906}}
Mar 03 14:31:34.922998 np0000157666 devstack@neutron-api.service[104370]: DEBUG neutron.common.ovn.hash_ring_manager [None req-c6d756f6-2f40-4b3e-867e-2489491eb38a None None] Hash Ring loaded. 1 active nodes. 0 offline nodes {{(pid=104370) _load_hash_ring /opt/stack/neutron/neutron/common/ovn/hash_ring_manager.py:102}}
Mar 03 14:31:34.923146 np0000157666 devstack@neutron-api.service[104370]: DEBUG neutron.plugins.ml2.drivers.ovn.mech_driver.ovsdb.ovsdb_monitor [None req-c6d756f6-2f40-4b3e-867e-2489491eb38a None None] Hash Ring: Node 4a505266ead45465aab201d5d98875d5 (host: np0000157666) handling event "create" for row 429c27da-1392-45e7-a556-f857d76dd0f5 (table: Port_Group) {{(pid=104370) notify /opt/stack/neutron/neutron/plugins/ml2/drivers/ovn/mech_driver/ovsdb/ovsdb_monitor.py:906}}
Mar 03 14:31:34.928516 np0000157666 devstack@neutron-api.service[104370]: DEBUG neutron.common.ovn.hash_ring_manager [None req-c6d756f6-2f40-4b3e-867e-2489491eb38a None None] Hash Ring loaded. 1 active nodes. 0 offline nodes {{(pid=104370) _load_hash_ring /opt/stack/neutron/neutron/common/ovn/hash_ring_manager.py:102}}
Mar 03 14:31:34.928700 np0000157666 devstack@neutron-api.service[104370]: DEBUG neutron.plugins.ml2.drivers.ovn.mech_driver.ovsdb.ovsdb_monitor [None req-c6d756f6-2f40-4b3e-867e-2489491eb38a None None] Hash Ring: Node 4a505266ead45465aab201d5d98875d5 (host: np0000157666) handling event "create" for row c9b49170-0663-4151-94bb-d44bc1062e85 (table: SSL) {{(pid=104370) notify /opt/stack/neutron/neutron/plugins/ml2/drivers/ovn/mech_driver/ovsdb/ovsdb_monitor.py:906}}
Mar 03 14:31:34.930043 np0000157666 devstack@neutron-api.service[104370]: INFO neutron.plugins.ml2.drivers.ovn.mech_driver.ovsdb.impl_idl_ovn [None req-c6d756f6-2f40-4b3e-867e-2489491eb38a None None] Getting OvsdbSbOvnIdl for WorkerService with retry
Mar 03 14:31:34.962651 np0000157666 devstack@neutron-api.service[104370]: DEBUG ovsdbapp.backend.ovs_idl [None req-c6d756f6-2f40-4b3e-867e-2489491eb38a None None] Created lookup_table index Chassis.name {{(pid=104370) autocreate_indices /opt/stack/data/venv/lib/python3.12/site-packages/ovsdbapp/backend/ovs_idl/__init__.py:87}}
Mar 03 14:31:34.962776 np0000157666 devstack@neutron-api.service[104370]: DEBUG ovsdbapp.backend.ovs_idl [None req-c6d756f6-2f40-4b3e-867e-2489491eb38a None None] Created lookup_table index Port_Binding.logical_port {{(pid=104370) autocreate_indices /opt/stack/data/venv/lib/python3.12/site-packages/ovsdbapp/backend/ovs_idl/__init__.py:87}}
Mar 03 14:31:34.962889 np0000157666 devstack@neutron-api.service[104370]: DEBUG ovsdbapp.backend.ovs_idl [None req-c6d756f6-2f40-4b3e-867e-2489491eb38a None None] Created schema index Chassis_Private.name {{(pid=104370) autocreate_indices /opt/stack/data/venv/lib/python3.12/site-packages/ovsdbapp/backend/ovs_idl/__init__.py:106}}
Mar 03 14:31:34.962979 np0000157666 devstack@neutron-api.service[104370]: DEBUG ovsdbapp.backend.ovs_idl [None req-c6d756f6-2f40-4b3e-867e-2489491eb38a None None] Created schema index Datapath_Binding.tunnel_key {{(pid=104370) autocreate_indices /opt/stack/data/venv/lib/python3.12/site-packages/ovsdbapp/backend/ovs_idl/__init__.py:106}}
Mar 03 14:31:34.966011 np0000157666 devstack@neutron-api.service[104370]: INFO ovsdbapp.backend.ovs_idl.vlog [None req-c6d756f6-2f40-4b3e-867e-2489491eb38a None None] ssl:162.253.55.209:6642: connecting...
Mar 03 14:31:34.970484 np0000157666 devstack@neutron-api.service[104370]: INFO ovsdbapp.backend.ovs_idl.vlog [None req-c6d756f6-2f40-4b3e-867e-2489491eb38a None None] ssl:162.253.55.209:6642: connected
Mar 03 14:31:35.013641 np0000157666 devstack@neutron-api.service[104370]: DEBUG neutron.common.ovn.hash_ring_manager [None req-c6d756f6-2f40-4b3e-867e-2489491eb38a None None] Disallow caching, nodes 1<4 {{(pid=104370) _wait_startup_before_caching /opt/stack/neutron/neutron/common/ovn/hash_ring_manager.py:72}}
Mar 03 14:31:35.019934 np0000157666 devstack@neutron-api.service[104370]: DEBUG neutron.common.ovn.hash_ring_manager [None req-c6d756f6-2f40-4b3e-867e-2489491eb38a None None] Hash Ring loaded. 1 active nodes. 0 offline nodes {{(pid=104370) _load_hash_ring /opt/stack/neutron/neutron/common/ovn/hash_ring_manager.py:102}}
Mar 03 14:31:35.020208 np0000157666 devstack@neutron-api.service[104370]: DEBUG neutron.plugins.ml2.drivers.ovn.mech_driver.ovsdb.ovsdb_monitor [None req-c6d756f6-2f40-4b3e-867e-2489491eb38a None None] Hash Ring: Node 4a505266ead45465aab201d5d98875d5 (host: np0000157666) handling event "create" for row 6afdd721-5423-4e8d-a4de-27af0034d481 (table: Chassis) {{(pid=104370) notify /opt/stack/neutron/neutron/plugins/ml2/drivers/ovn/mech_driver/ovsdb/ovsdb_monitor.py:906}}
Mar 03 14:31:35.021557 np0000157666 devstack@neutron-api.service[104370]: DEBUG ovsdbapp.backend.ovs_idl.event [None req-c6d756f6-2f40-4b3e-867e-2489491eb38a None None] Matched CREATE: ChassisBandwidthConfigEvent(events=('create', 'update'), table='Chassis', conditions=None, old_conditions=None), priority=20 to row=Chassis(uuid=6afdd721-5423-4e8d-a4de-27af0034d481, encaps=[0ec3e538-a5e0-42ad-a973-39129cb6d3fd], external_ids={}, hostname='np0000157666', name='a17fe9e2-4e45-4d07-9937-9a7814ac5637', nb_cfg=0, other_config={'ct-commit-nat-v2': 'true', 'ct-commit-to-zone': 'true', 'ct-next-zone': 'true', 'ct-no-masked-label': 'true', 'ct-state-save': 'true', 'datapath-type': 'system', 'fdb-timestamp': 'true', 'iface-types': 'afxdp,afxdp-nonpmd,bareudp,erspan,geneve,gre,gtpu,internal,ip6erspan,ip6gre,lisp,patch,srv6,stt,system,tap,vxlan', 'is-interconn': 'false', 'ls-dpg-column': 'true', 'mac-binding-timestamp': 'true', 'ovn-bridge-mappings': 'public:br-ex', 'ovn-chassis-mac-mappings': '', 'ovn-cms-options': 'enable-chassis-as-gw', 'ovn-ct-lb-related': 'true', 'ovn-enable-lflow-cache': 'true', 'ovn-limit-lflow-cache': '', 'ovn-memlimit-lflow-cache-kb': '', 'ovn-monitor-all': 'false', 'ovn-trim-limit-lflow-cache': '', 'ovn-trim-timeout-ms': '', 'ovn-trim-wmark-perc-lflow-cache': '', 'port-up-notif': 'true'}, transport_zones=[], vtep_logical_switches=[]) old= {{(pid=104370) matches /opt/stack/data/venv/lib/python3.12/site-packages/ovsdbapp/backend/ovs_idl/event.py:55}}
Mar 03 14:31:35.022390 np0000157666 devstack@neutron-api.service[104370]: DEBUG neutron.plugins.ml2.drivers.ovn.mech_driver.ovsdb.ovsdb_monitor [None req-c6d756f6-2f40-4b3e-867e-2489491eb38a None None] ChassisOVNAgentWriteEvent : Matched Chassis_Private, create, None None {{(pid=104370) matches /opt/stack/neutron/neutron/plugins/ml2/drivers/ovn/mech_driver/ovsdb/ovsdb_monitor.py:64}}
Mar 03 14:31:35.022618 np0000157666 devstack@neutron-api.service[104370]: DEBUG neutron.plugins.ml2.drivers.ovn.mech_driver.ovsdb.ovsdb_monitor [None req-c6d756f6-2f40-4b3e-867e-2489491eb38a None None] ChassisAgentWriteEvent : Matched Chassis_Private, create, None None {{(pid=104370) matches /opt/stack/neutron/neutron/plugins/ml2/drivers/ovn/mech_driver/ovsdb/ovsdb_monitor.py:64}}
Mar 03 14:31:35.031686 np0000157666 devstack@neutron-api.service[104370]: DEBUG neutron.common.ovn.hash_ring_manager [None req-c6d756f6-2f40-4b3e-867e-2489491eb38a None None] Hash Ring loaded. 1 active nodes. 0 offline nodes {{(pid=104370) _load_hash_ring /opt/stack/neutron/neutron/common/ovn/hash_ring_manager.py:102}}
Mar 03 14:31:35.031841 np0000157666 devstack@neutron-api.service[104370]: DEBUG neutron.plugins.ml2.drivers.ovn.mech_driver.ovsdb.ovsdb_monitor [None req-c6d756f6-2f40-4b3e-867e-2489491eb38a None None] Hash Ring: Node 4a505266ead45465aab201d5d98875d5 (host: np0000157666) handling event "create" for row 05dc3c89-6bfd-47e5-86fa-085bc9d2df13 (table: Chassis_Private) {{(pid=104370) notify /opt/stack/neutron/neutron/plugins/ml2/drivers/ovn/mech_driver/ovsdb/ovsdb_monitor.py:906}}
Mar 03 14:31:35.040481 np0000157666 devstack@neutron-api.service[104370]: DEBUG neutron.common.ovn.hash_ring_manager [None req-c6d756f6-2f40-4b3e-867e-2489491eb38a None None] Hash Ring loaded. 1 active nodes. 0 offline nodes {{(pid=104370) _load_hash_ring /opt/stack/neutron/neutron/common/ovn/hash_ring_manager.py:102}}
Mar 03 14:31:35.040724 np0000157666 devstack@neutron-api.service[104370]: DEBUG neutron.plugins.ml2.drivers.ovn.mech_driver.ovsdb.ovsdb_monitor [None req-c6d756f6-2f40-4b3e-867e-2489491eb38a None None] Hash Ring: Node 4a505266ead45465aab201d5d98875d5 (host: np0000157666) handling event "create" for row 0ec3e538-a5e0-42ad-a973-39129cb6d3fd (table: Encap) {{(pid=104370) notify /opt/stack/neutron/neutron/plugins/ml2/drivers/ovn/mech_driver/ovsdb/ovsdb_monitor.py:906}}
Mar 03 14:31:35.042641 np0000157666 devstack@neutron-api.service[104370]: INFO neutron.plugins.ml2.drivers.ovn.mech_driver.mech_driver [None req-c6d756f6-2f40-4b3e-867e-2489491eb38a None None] WorkerService process has finished the post initialization
Mar 03 14:31:35.043576 np0000157666 devstack@neutron-api.service[104370]: INFO neutron.plugins.ml2.drivers.ovn.mech_driver.ovsdb.extensions.qos [-] Starting OVNClientQosExtension
Mar 03 14:31:35.043875 np0000157666 devstack@neutron-api.service[104370]: INFO neutron.plugins.ml2.drivers.ovn.mech_driver.ovsdb.extensions.placement [-] Starting OVNClientPlacementExtension
Mar 03 14:31:35.047354 np0000157666 devstack@neutron-api.service[104370]: WSGI app 0 (mountpoint='') ready in 9 seconds on interpreter 0x71bb692a3668 pid: 104370 (default app)
Mar 03 14:31:35.050905 np0000157666 devstack@neutron-api.service[104370]: [pid: 104370|app: 0|req: 1/1] 162.253.55.209 () {62 vars in 988 bytes} [Tue Mar 3 14:31:35 2026] GET /networking => generated 130 bytes in 3 msecs (HTTP/1.1 200) 3 headers in 91 bytes (1 switches on core 0)
Mar 03 14:31:35.113226 np0000157666 devstack@neutron-api.service[104368]: INFO neutron.plugins.ml2.managers [None req-b700c4ad-a631-464f-b58e-575aa4b870e6 None None] Initializing driver for type 'local'
Mar 03 14:31:35.113403 np0000157666 devstack@neutron-api.service[104368]: INFO neutron.plugins.ml2.managers [None req-b700c4ad-a631-464f-b58e-575aa4b870e6 None None] Initializing driver for type 'vlan'
Mar 03 14:31:35.132392 np0000157666 devstack@neutron-api.service[104369]: INFO neutron.plugins.ml2.managers [None req-50d76325-e5cf-4f80-85da-184c7d1778a3 None None] Initializing driver for type 'local'
Mar 03 14:31:35.132568 np0000157666 devstack@neutron-api.service[104369]: INFO neutron.plugins.ml2.managers [None req-50d76325-e5cf-4f80-85da-184c7d1778a3 None None] Initializing driver for type 'vlan'
Mar 03 14:31:35.132655 np0000157666 devstack@neutron-api.service[104371]: INFO neutron.plugins.ml2.managers [None req-1ab69e6d-722f-474e-931f-2616ed903094 None None] Initializing driver for type 'local'
Mar 03 14:31:35.132798 np0000157666 devstack@neutron-api.service[104371]: INFO neutron.plugins.ml2.managers [None req-1ab69e6d-722f-474e-931f-2616ed903094 None None] Initializing driver for type 'vlan'
Mar 03 14:31:35.283854 np0000157666 devstack@neutron-api.service[104368]: INFO neutron.plugins.ml2.drivers.type_vlan [None req-b700c4ad-a631-464f-b58e-575aa4b870e6 None None] VlanTypeDriver initialization complete
Mar 03 14:31:35.284299 np0000157666 devstack@neutron-api.service[104368]: INFO neutron.plugins.ml2.managers [None req-b700c4ad-a631-464f-b58e-575aa4b870e6 None None] Initializing extension driver 'port_security'
Mar 03 14:31:35.284299 np0000157666 devstack@neutron-api.service[104368]: INFO neutron.plugins.ml2.extensions.port_security [None req-b700c4ad-a631-464f-b58e-575aa4b870e6 None None] PortSecurityExtensionDriver initialization complete
Mar 03 14:31:35.284299 np0000157666 devstack@neutron-api.service[104368]: INFO neutron.plugins.ml2.managers [None req-b700c4ad-a631-464f-b58e-575aa4b870e6 None None] Initializing extension driver 'qos'
Mar 03 14:31:35.284299 np0000157666 devstack@neutron-api.service[104368]: DEBUG neutron.plugins.ml2.extensions.qos [None req-b700c4ad-a631-464f-b58e-575aa4b870e6 None None] QosExtensionDriver initialization complete {{(pid=104368) initialize /opt/stack/neutron/neutron/plugins/ml2/extensions/qos.py:31}}
Mar 03 14:31:35.284492 np0000157666 devstack@neutron-api.service[104368]: INFO neutron.plugins.ml2.managers [None req-b700c4ad-a631-464f-b58e-575aa4b870e6 None None] Initializing mechanism driver 'ovn'
Mar 03 14:31:35.284492 np0000157666 devstack@neutron-api.service[104368]: INFO neutron.plugins.ml2.drivers.ovn.mech_driver.mech_driver [None req-b700c4ad-a631-464f-b58e-575aa4b870e6 None None] Starting OVNMechanismDriver
Mar 03 14:31:35.286258 np0000157666 devstack@neutron-api.service[104368]: DEBUG neutron_lib.callbacks.manager [None req-b700c4ad-a631-464f-b58e-575aa4b870e6 None None] Subscribe: > process before_spawn 55550000, False {{(pid=104368) subscribe /opt/stack/data/venv/lib/python3.12/site-packages/neutron_lib/callbacks/manager.py:52}}
Mar 03 14:31:35.286525 np0000157666 devstack@neutron-api.service[104368]: DEBUG neutron_lib.callbacks.manager [None req-b700c4ad-a631-464f-b58e-575aa4b870e6 None None] Subscribe: > process after_init 55550000, True {{(pid=104368) subscribe /opt/stack/data/venv/lib/python3.12/site-packages/neutron_lib/callbacks/manager.py:52}}
Mar 03 14:31:35.286525 np0000157666 devstack@neutron-api.service[104368]: DEBUG neutron_lib.callbacks.manager [None req-b700c4ad-a631-464f-b58e-575aa4b870e6 None None] Subscribe: > segment after_create 55550000, False {{(pid=104368) subscribe /opt/stack/data/venv/lib/python3.12/site-packages/neutron_lib/callbacks/manager.py:52}}
Mar 03 14:31:35.286634 np0000157666 devstack@neutron-api.service[104368]: DEBUG neutron_lib.callbacks.manager [None req-b700c4ad-a631-464f-b58e-575aa4b870e6 None None] Subscribe: > segment after_create 55550000, False {{(pid=104368) subscribe /opt/stack/data/venv/lib/python3.12/site-packages/neutron_lib/callbacks/manager.py:52}}
Mar 03 14:31:35.286784 np0000157666 devstack@neutron-api.service[104368]: DEBUG neutron_lib.callbacks.manager [None req-b700c4ad-a631-464f-b58e-575aa4b870e6 None None] Subscribe: > segment after_delete 55550000, False {{(pid=104368) subscribe /opt/stack/data/venv/lib/python3.12/site-packages/neutron_lib/callbacks/manager.py:52}}
Mar 03 14:31:35.286864 np0000157666 devstack@neutron-api.service[104368]: DEBUG neutron_lib.callbacks.manager [None req-b700c4ad-a631-464f-b58e-575aa4b870e6 None None] Subscribe: > allowed_address_pair before_create 55550000, False {{(pid=104368) subscribe /opt/stack/data/venv/lib/python3.12/site-packages/neutron_lib/callbacks/manager.py:52}}
Mar 03 14:31:35.286956 np0000157666 devstack@neutron-api.service[104368]: DEBUG neutron_lib.callbacks.manager [None req-b700c4ad-a631-464f-b58e-575aa4b870e6 None None] Subscribe: > security_group precommit_create 55550000, False {{(pid=104368) subscribe /opt/stack/data/venv/lib/python3.12/site-packages/neutron_lib/callbacks/manager.py:52}}
Mar 03 14:31:35.287049 np0000157666 devstack@neutron-api.service[104368]: DEBUG neutron_lib.callbacks.manager [None req-b700c4ad-a631-464f-b58e-575aa4b870e6 None None] Subscribe: > security_group after_update 55550000, False {{(pid=104368) subscribe /opt/stack/data/venv/lib/python3.12/site-packages/neutron_lib/callbacks/manager.py:52}}
Mar 03 14:31:35.287152 np0000157666 devstack@neutron-api.service[104368]: DEBUG neutron_lib.callbacks.manager [None req-b700c4ad-a631-464f-b58e-575aa4b870e6 None None] Subscribe: > security_group after_create 55550000, False {{(pid=104368) subscribe /opt/stack/data/venv/lib/python3.12/site-packages/neutron_lib/callbacks/manager.py:52}}
Mar 03 14:31:35.287259 np0000157666 devstack@neutron-api.service[104368]: DEBUG neutron_lib.callbacks.manager [None req-b700c4ad-a631-464f-b58e-575aa4b870e6 None None] Subscribe: > security_group precommit_delete 55550000, False {{(pid=104368) subscribe /opt/stack/data/venv/lib/python3.12/site-packages/neutron_lib/callbacks/manager.py:52}}
Mar 03 14:31:35.287363 np0000157666 devstack@neutron-api.service[104368]: DEBUG neutron_lib.callbacks.manager [None req-b700c4ad-a631-464f-b58e-575aa4b870e6 None None] Subscribe: > security_group after_delete 55550000, False {{(pid=104368) subscribe /opt/stack/data/venv/lib/python3.12/site-packages/neutron_lib/callbacks/manager.py:52}}
Mar 03 14:31:35.287467 np0000157666 devstack@neutron-api.service[104368]: DEBUG neutron_lib.callbacks.manager [None req-b700c4ad-a631-464f-b58e-575aa4b870e6 None None] Subscribe: > security_group_rule precommit_create 55550000, False {{(pid=104368) subscribe /opt/stack/data/venv/lib/python3.12/site-packages/neutron_lib/callbacks/manager.py:52}}
Mar 03 14:31:35.287569 np0000157666 devstack@neutron-api.service[104368]: DEBUG neutron_lib.callbacks.manager [None req-b700c4ad-a631-464f-b58e-575aa4b870e6 None None] Subscribe: > security_group_rule after_create 55550000, False {{(pid=104368) subscribe /opt/stack/data/venv/lib/python3.12/site-packages/neutron_lib/callbacks/manager.py:52}}
Mar 03 14:31:35.287710 np0000157666 devstack@neutron-api.service[104368]: DEBUG neutron_lib.callbacks.manager [None req-b700c4ad-a631-464f-b58e-575aa4b870e6 None None] Subscribe: > security_group_rule before_delete 55550000, False {{(pid=104368) subscribe /opt/stack/data/venv/lib/python3.12/site-packages/neutron_lib/callbacks/manager.py:52}}
Mar 03 14:31:35.287803 np0000157666 devstack@neutron-api.service[104368]: DEBUG neutron_lib.callbacks.manager [None req-b700c4ad-a631-464f-b58e-575aa4b870e6 None None] Subscribe: > address_group after_create 55550000, False {{(pid=104368) subscribe /opt/stack/data/venv/lib/python3.12/site-packages/neutron_lib/callbacks/manager.py:52}}
Mar 03 14:31:35.287901 np0000157666 devstack@neutron-api.service[104368]: DEBUG neutron_lib.callbacks.manager [None req-b700c4ad-a631-464f-b58e-575aa4b870e6 None None] Subscribe: > address_group after_update 55550000, False {{(pid=104368) subscribe /opt/stack/data/venv/lib/python3.12/site-packages/neutron_lib/callbacks/manager.py:52}}
Mar 03 14:31:35.287997 np0000157666 devstack@neutron-api.service[104368]: DEBUG neutron_lib.callbacks.manager [None req-b700c4ad-a631-464f-b58e-575aa4b870e6 None None] Subscribe: > address_group after_delete 55550000, False {{(pid=104368) subscribe /opt/stack/data/venv/lib/python3.12/site-packages/neutron_lib/callbacks/manager.py:52}}
Mar 03 14:31:35.288187 np0000157666 devstack@neutron-api.service[104368]: DEBUG neutron_lib.callbacks.manager [None req-b700c4ad-a631-464f-b58e-575aa4b870e6 None None] Subscribe: > qos_plugin after_init 55550000, False {{(pid=104368) subscribe /opt/stack/data/venv/lib/python3.12/site-packages/neutron_lib/callbacks/manager.py:52}}
Mar 03 14:31:35.288376 np0000157666 devstack@neutron-api.service[104368]: DEBUG neutron_lib.callbacks.manager [None req-b700c4ad-a631-464f-b58e-575aa4b870e6 None None] Subscribe: > trunk_plugin after_init 55550000, False {{(pid=104368) subscribe /opt/stack/data/venv/lib/python3.12/site-packages/neutron_lib/callbacks/manager.py:52}}
Mar 03 14:31:35.288621 np0000157666 devstack@neutron-api.service[104368]: DEBUG neutron_lib.callbacks.manager [None req-b700c4ad-a631-464f-b58e-575aa4b870e6 None None] Subscribe: > logging-plugin after_init 55550000, False {{(pid=104368) subscribe /opt/stack/data/venv/lib/python3.12/site-packages/neutron_lib/callbacks/manager.py:52}}
Mar 03 14:31:35.289129 np0000157666 devstack@neutron-api.service[104368]: INFO neutron.services.logapi.drivers.ovn.driver [None req-b700c4ad-a631-464f-b58e-575aa4b870e6 None None] OVN logging driver registered
Mar 03 14:31:35.290738 np0000157666 devstack@neutron-api.service[104368]: DEBUG neutron.plugins.ml2.plugin [None req-b700c4ad-a631-464f-b58e-575aa4b870e6 None None] neutron.plugins.ml2.plugin.Ml2Plugin method _start_rpc_notifiers called with arguments () {} {{(pid=104368) wrapper /opt/stack/data/venv/lib/python3.12/site-packages/oslo_log/helpers.py:77}}
Mar 03 14:31:35.291005 np0000157666 devstack@neutron-api.service[104368]: DEBUG neutron_lib.callbacks.manager [None req-b700c4ad-a631-464f-b58e-575aa4b870e6 None None] Subscribe: > port after_create 55550000, False {{(pid=104368) subscribe /opt/stack/data/venv/lib/python3.12/site-packages/neutron_lib/callbacks/manager.py:52}}
Mar 03 14:31:35.291124 np0000157666 devstack@neutron-api.service[104368]: DEBUG neutron_lib.callbacks.manager [None req-b700c4ad-a631-464f-b58e-575aa4b870e6 None None] Subscribe: > port after_update 55550000, False {{(pid=104368) subscribe /opt/stack/data/venv/lib/python3.12/site-packages/neutron_lib/callbacks/manager.py:52}}
Mar 03 14:31:35.291261 np0000157666 devstack@neutron-api.service[104368]: DEBUG neutron_lib.callbacks.manager [None req-b700c4ad-a631-464f-b58e-575aa4b870e6 None None] Subscribe: > port after_delete 55550000, False {{(pid=104368) subscribe /opt/stack/data/venv/lib/python3.12/site-packages/neutron_lib/callbacks/manager.py:52}}
Mar 03 14:31:35.291348 np0000157666 devstack@neutron-api.service[104368]: DEBUG neutron_lib.callbacks.manager [None req-b700c4ad-a631-464f-b58e-575aa4b870e6 None None] Subscribe: > subnet after_create 55550000, False {{(pid=104368) subscribe /opt/stack/data/venv/lib/python3.12/site-packages/neutron_lib/callbacks/manager.py:52}}
Mar 03 14:31:35.291448 np0000157666 devstack@neutron-api.service[104368]: DEBUG neutron_lib.callbacks.manager [None req-b700c4ad-a631-464f-b58e-575aa4b870e6 None None] Subscribe: > subnet after_update 55550000, False {{(pid=104368) subscribe /opt/stack/data/venv/lib/python3.12/site-packages/neutron_lib/callbacks/manager.py:52}}
Mar 03 14:31:35.291527 np0000157666 devstack@neutron-api.service[104368]: DEBUG neutron_lib.callbacks.manager [None req-b700c4ad-a631-464f-b58e-575aa4b870e6 None None] Subscribe: > subnet after_delete 55550000, False {{(pid=104368) subscribe /opt/stack/data/venv/lib/python3.12/site-packages/neutron_lib/callbacks/manager.py:52}}
Mar 03 14:31:35.291645 np0000157666 devstack@neutron-api.service[104368]: DEBUG neutron_lib.callbacks.manager [None req-b700c4ad-a631-464f-b58e-575aa4b870e6 None None] Subscribe: > network after_create 55550000, False {{(pid=104368) subscribe /opt/stack/data/venv/lib/python3.12/site-packages/neutron_lib/callbacks/manager.py:52}}
Mar 03 14:31:35.291751 np0000157666 devstack@neutron-api.service[104368]: DEBUG neutron_lib.callbacks.manager [None req-b700c4ad-a631-464f-b58e-575aa4b870e6 None None] Subscribe: > network after_update 55550000, False {{(pid=104368) subscribe /opt/stack/data/venv/lib/python3.12/site-packages/neutron_lib/callbacks/manager.py:52}}
Mar 03 14:31:35.291849 np0000157666 devstack@neutron-api.service[104368]: DEBUG neutron_lib.callbacks.manager [None req-b700c4ad-a631-464f-b58e-575aa4b870e6 None None] Subscribe: > network after_delete 55550000, False {{(pid=104368) subscribe /opt/stack/data/venv/lib/python3.12/site-packages/neutron_lib/callbacks/manager.py:52}}
Mar 03 14:31:35.291990 np0000157666 devstack@neutron-api.service[104368]: DEBUG neutron_lib.callbacks.manager [None req-b700c4ad-a631-464f-b58e-575aa4b870e6 None None] Subscribe: > security_group after_create 55550000, False {{(pid=104368) subscribe /opt/stack/data/venv/lib/python3.12/site-packages/neutron_lib/callbacks/manager.py:52}}
Mar 03 14:31:35.292067 np0000157666 devstack@neutron-api.service[104368]: DEBUG neutron_lib.callbacks.manager [None req-b700c4ad-a631-464f-b58e-575aa4b870e6 None None] Subscribe: > security_group after_update 55550000, False {{(pid=104368) subscribe /opt/stack/data/venv/lib/python3.12/site-packages/neutron_lib/callbacks/manager.py:52}}
Mar 03 14:31:35.292171 np0000157666 devstack@neutron-api.service[104368]: DEBUG neutron_lib.callbacks.manager [None req-b700c4ad-a631-464f-b58e-575aa4b870e6 None None] Subscribe: > security_group after_delete 55550000, False {{(pid=104368) subscribe /opt/stack/data/venv/lib/python3.12/site-packages/neutron_lib/callbacks/manager.py:52}}
Mar 03 14:31:35.292259 np0000157666 devstack@neutron-api.service[104368]: DEBUG neutron_lib.callbacks.manager [None req-b700c4ad-a631-464f-b58e-575aa4b870e6 None None] Subscribe: > security_group_rule after_create 55550000, False {{(pid=104368) subscribe /opt/stack/data/venv/lib/python3.12/site-packages/neutron_lib/callbacks/manager.py:52}}
Mar 03 14:31:35.292338 np0000157666 devstack@neutron-api.service[104368]: DEBUG neutron_lib.callbacks.manager [None req-b700c4ad-a631-464f-b58e-575aa4b870e6 None None] Subscribe: > security_group_rule after_update 55550000, False {{(pid=104368) subscribe /opt/stack/data/venv/lib/python3.12/site-packages/neutron_lib/callbacks/manager.py:52}}
Mar 03 14:31:35.292445 np0000157666 devstack@neutron-api.service[104368]: DEBUG neutron_lib.callbacks.manager [None req-b700c4ad-a631-464f-b58e-575aa4b870e6 None None] Subscribe: > security_group_rule after_delete 55550000, False {{(pid=104368) subscribe /opt/stack/data/venv/lib/python3.12/site-packages/neutron_lib/callbacks/manager.py:52}}
Mar 03 14:31:35.292525 np0000157666 devstack@neutron-api.service[104368]: DEBUG neutron_lib.callbacks.manager [None req-b700c4ad-a631-464f-b58e-575aa4b870e6 None None] Subscribe: > address_group after_create 55550000, False {{(pid=104368) subscribe /opt/stack/data/venv/lib/python3.12/site-packages/neutron_lib/callbacks/manager.py:52}}
Mar 03 14:31:35.292630 np0000157666 devstack@neutron-api.service[104368]: DEBUG neutron_lib.callbacks.manager [None req-b700c4ad-a631-464f-b58e-575aa4b870e6 None None] Subscribe: > address_group after_update 55550000, False {{(pid=104368) subscribe /opt/stack/data/venv/lib/python3.12/site-packages/neutron_lib/callbacks/manager.py:52}}
Mar 03 14:31:35.292727 np0000157666 devstack@neutron-api.service[104368]: DEBUG neutron_lib.callbacks.manager [None req-b700c4ad-a631-464f-b58e-575aa4b870e6 None None] Subscribe: > address_group after_delete 55550000, False {{(pid=104368) subscribe /opt/stack/data/venv/lib/python3.12/site-packages/neutron_lib/callbacks/manager.py:52}}
Mar 03 14:31:35.292867 np0000157666 devstack@neutron-api.service[104368]: DEBUG neutron.plugins.ml2.ovo_rpc [None req-b700c4ad-a631-464f-b58e-575aa4b870e6 None None] ML2 OVO RPC backend initialized. {{(pid=104368) __init__ /opt/stack/neutron/neutron/plugins/ml2/ovo_rpc.py:117}}
Mar 03 14:31:35.293687 np0000157666 devstack@neutron-api.service[104368]: INFO neutron.quota [None req-b700c4ad-a631-464f-b58e-575aa4b870e6 None None] Loaded quota_driver: .
Mar 03 14:31:35.293792 np0000157666 devstack@neutron-api.service[104368]: INFO neutron.plugins.ml2.plugin [None req-b700c4ad-a631-464f-b58e-575aa4b870e6 None None] Modular L2 Plugin initialization complete
Mar 03 14:31:35.293931 np0000157666 devstack@neutron-api.service[104368]: DEBUG neutron.manager [None req-b700c4ad-a631-464f-b58e-575aa4b870e6 None None] Loading services supported by the core plugin {{(pid=104368) _load_services_from_core_plugin /opt/stack/neutron/neutron/manager.py:169}}
Mar 03 14:31:35.294040 np0000157666 devstack@neutron-api.service[104368]: INFO neutron.plugins.ml2.managers [None req-b700c4ad-a631-464f-b58e-575aa4b870e6 None None] Got port-security extension from driver 'port_security'
Mar 03 14:31:35.294326 np0000157666 devstack@neutron-api.service[104368]: DEBUG neutron.manager [None req-b700c4ad-a631-464f-b58e-575aa4b870e6 None None] Loading service plugins: ['ovn-router', 'auto_allocate', 'tag', 'timestamp', 'network_ip_availability', 'flavors', 'revisions'] {{(pid=104368) _load_service_plugins /opt/stack/neutron/neutron/manager.py:194}}
Mar 03 14:31:35.294420 np0000157666 devstack@neutron-api.service[104368]: INFO neutron.manager [None req-b700c4ad-a631-464f-b58e-575aa4b870e6 None None] Loading Plugin: ovn-router
Mar 03 14:31:35.300001 np0000157666 devstack@neutron-api.service[104369]: INFO neutron.plugins.ml2.drivers.type_vlan [None req-50d76325-e5cf-4f80-85da-184c7d1778a3 None None] VlanTypeDriver initialization complete
Mar 03 14:31:35.300326 np0000157666 devstack@neutron-api.service[104369]: INFO neutron.plugins.ml2.managers [None req-50d76325-e5cf-4f80-85da-184c7d1778a3 None None] Initializing extension driver 'port_security'
Mar 03 14:31:35.300326 np0000157666 devstack@neutron-api.service[104369]: INFO neutron.plugins.ml2.extensions.port_security [None req-50d76325-e5cf-4f80-85da-184c7d1778a3 None None] PortSecurityExtensionDriver initialization complete
Mar 03 14:31:35.300326 np0000157666 devstack@neutron-api.service[104369]: INFO neutron.plugins.ml2.managers [None req-50d76325-e5cf-4f80-85da-184c7d1778a3 None None] Initializing extension driver 'qos'
Mar 03 14:31:35.300465 np0000157666 devstack@neutron-api.service[104369]: DEBUG neutron.plugins.ml2.extensions.qos [None req-50d76325-e5cf-4f80-85da-184c7d1778a3 None None] QosExtensionDriver initialization complete {{(pid=104369) initialize /opt/stack/neutron/neutron/plugins/ml2/extensions/qos.py:31}}
Mar 03 14:31:35.300550 np0000157666 devstack@neutron-api.service[104369]: INFO neutron.plugins.ml2.managers [None req-50d76325-e5cf-4f80-85da-184c7d1778a3 None None] Initializing mechanism driver 'ovn'
Mar 03 14:31:35.300678 np0000157666 devstack@neutron-api.service[104369]: INFO neutron.plugins.ml2.drivers.ovn.mech_driver.mech_driver [None req-50d76325-e5cf-4f80-85da-184c7d1778a3 None None] Starting OVNMechanismDriver
Mar 03 14:31:35.302648 np0000157666 devstack@neutron-api.service[104369]: DEBUG neutron_lib.callbacks.manager [None req-50d76325-e5cf-4f80-85da-184c7d1778a3 None None] Subscribe: > process before_spawn 55550000, False {{(pid=104369) subscribe /opt/stack/data/venv/lib/python3.12/site-packages/neutron_lib/callbacks/manager.py:52}}
Mar 03 14:31:35.302811 np0000157666 devstack@neutron-api.service[104369]: DEBUG neutron_lib.callbacks.manager [None req-50d76325-e5cf-4f80-85da-184c7d1778a3 None None] Subscribe: > process after_init 55550000, True {{(pid=104369) subscribe /opt/stack/data/venv/lib/python3.12/site-packages/neutron_lib/callbacks/manager.py:52}}
Mar 03 14:31:35.302963 np0000157666 devstack@neutron-api.service[104369]: DEBUG neutron_lib.callbacks.manager [None req-50d76325-e5cf-4f80-85da-184c7d1778a3 None None] Subscribe: > segment after_create 55550000, False {{(pid=104369) subscribe /opt/stack/data/venv/lib/python3.12/site-packages/neutron_lib/callbacks/manager.py:52}}
Mar 03 14:31:35.303081 np0000157666 devstack@neutron-api.service[104369]: DEBUG neutron_lib.callbacks.manager [None req-50d76325-e5cf-4f80-85da-184c7d1778a3 None None] Subscribe: > segment after_create 55550000, False {{(pid=104369) subscribe /opt/stack/data/venv/lib/python3.12/site-packages/neutron_lib/callbacks/manager.py:52}}
Mar 03 14:31:35.303181 np0000157666 devstack@neutron-api.service[104369]: DEBUG neutron_lib.callbacks.manager [None req-50d76325-e5cf-4f80-85da-184c7d1778a3 None None] Subscribe: > segment after_delete 55550000, False {{(pid=104369) subscribe /opt/stack/data/venv/lib/python3.12/site-packages/neutron_lib/callbacks/manager.py:52}}
Mar 03 14:31:35.303299 np0000157666 devstack@neutron-api.service[104369]: DEBUG neutron_lib.callbacks.manager [None req-50d76325-e5cf-4f80-85da-184c7d1778a3 None None] Subscribe: > allowed_address_pair before_create 55550000, False {{(pid=104369) subscribe /opt/stack/data/venv/lib/python3.12/site-packages/neutron_lib/callbacks/manager.py:52}}
Mar 03 14:31:35.303409 np0000157666 devstack@neutron-api.service[104369]: DEBUG neutron_lib.callbacks.manager [None req-50d76325-e5cf-4f80-85da-184c7d1778a3 None None] Subscribe: > security_group precommit_create 55550000, False {{(pid=104369) subscribe /opt/stack/data/venv/lib/python3.12/site-packages/neutron_lib/callbacks/manager.py:52}}
Mar 03 14:31:35.303467 np0000157666 devstack@neutron-api.service[104368]: DEBUG neutron_lib.callbacks.manager [None req-b700c4ad-a631-464f-b58e-575aa4b870e6 None None] Subscribe: > router before_delete 55550000, False {{(pid=104368) subscribe /opt/stack/data/venv/lib/python3.12/site-packages/neutron_lib/callbacks/manager.py:52}}
Mar 03 14:31:35.303510 np0000157666 devstack@neutron-api.service[104369]: DEBUG neutron_lib.callbacks.manager [None req-50d76325-e5cf-4f80-85da-184c7d1778a3 None None] Subscribe: > security_group after_update 55550000, False {{(pid=104369) subscribe /opt/stack/data/venv/lib/python3.12/site-packages/neutron_lib/callbacks/manager.py:52}}
Mar 03 14:31:35.303637 np0000157666 devstack@neutron-api.service[104368]: DEBUG neutron_lib.callbacks.manager [None req-b700c4ad-a631-464f-b58e-575aa4b870e6 None None] Subscribe: port after_update 55550000, False {{(pid=104368) subscribe /opt/stack/data/venv/lib/python3.12/site-packages/neutron_lib/callbacks/manager.py:52}}
Mar 03 14:31:35.303706 np0000157666 devstack@neutron-api.service[104369]: DEBUG neutron_lib.callbacks.manager [None req-50d76325-e5cf-4f80-85da-184c7d1778a3 None None] Subscribe: > security_group after_create 55550000, False {{(pid=104369) subscribe /opt/stack/data/venv/lib/python3.12/site-packages/neutron_lib/callbacks/manager.py:52}}
Mar 03 14:31:35.303747 np0000157666 devstack@neutron-api.service[104368]: DEBUG neutron_lib.callbacks.manager [None req-b700c4ad-a631-464f-b58e-575aa4b870e6 None None] Subscribe: port after_delete 55550000, False {{(pid=104368) subscribe /opt/stack/data/venv/lib/python3.12/site-packages/neutron_lib/callbacks/manager.py:52}}
Mar 03 14:31:35.303786 np0000157666 devstack@neutron-api.service[104369]: DEBUG neutron_lib.callbacks.manager [None req-50d76325-e5cf-4f80-85da-184c7d1778a3 None None] Subscribe: > security_group precommit_delete 55550000, False {{(pid=104369) subscribe /opt/stack/data/venv/lib/python3.12/site-packages/neutron_lib/callbacks/manager.py:52}}
Mar 03 14:31:35.303834 np0000157666 devstack@neutron-api.service[104368]: DEBUG neutron_lib.callbacks.manager [None req-b700c4ad-a631-464f-b58e-575aa4b870e6 None None] Subscribe: subnet after_update 55550000, False {{(pid=104368) subscribe /opt/stack/data/venv/lib/python3.12/site-packages/neutron_lib/callbacks/manager.py:52}}
Mar 03 14:31:35.303873 np0000157666 devstack@neutron-api.service[104369]: DEBUG neutron_lib.callbacks.manager [None req-50d76325-e5cf-4f80-85da-184c7d1778a3 None None] Subscribe: > security_group after_delete 55550000, False {{(pid=104369) subscribe /opt/stack/data/venv/lib/python3.12/site-packages/neutron_lib/callbacks/manager.py:52}}
Mar 03 14:31:35.303939 np0000157666 devstack@neutron-api.service[104368]: DEBUG neutron_lib.callbacks.manager [None req-b700c4ad-a631-464f-b58e-575aa4b870e6 None None] Subscribe: subnetpool_address_scope after_update 55550000, False {{(pid=104368) subscribe /opt/stack/data/venv/lib/python3.12/site-packages/neutron_lib/callbacks/manager.py:52}}
Mar 03 14:31:35.303983 np0000157666 devstack@neutron-api.service[104369]: DEBUG neutron_lib.callbacks.manager [None req-50d76325-e5cf-4f80-85da-184c7d1778a3 None None] Subscribe: > security_group_rule precommit_create 55550000, False {{(pid=104369) subscribe /opt/stack/data/venv/lib/python3.12/site-packages/neutron_lib/callbacks/manager.py:52}}
Mar 03 14:31:35.304046 np0000157666 devstack@neutron-api.service[104368]: DEBUG neutron_lib.callbacks.manager [None req-b700c4ad-a631-464f-b58e-575aa4b870e6 None None] Subscribe: port before_update 55550000, False {{(pid=104368) subscribe /opt/stack/data/venv/lib/python3.12/site-packages/neutron_lib/callbacks/manager.py:52}}
Mar 03 14:31:35.304082 np0000157666 devstack@neutron-api.service[104369]: DEBUG neutron_lib.callbacks.manager [None req-50d76325-e5cf-4f80-85da-184c7d1778a3 None None] Subscribe: > security_group_rule after_create 55550000, False {{(pid=104369) subscribe /opt/stack/data/venv/lib/python3.12/site-packages/neutron_lib/callbacks/manager.py:52}}
Mar 03 14:31:35.304145 np0000157666 devstack@neutron-api.service[104368]: DEBUG neutron_lib.callbacks.manager [None req-b700c4ad-a631-464f-b58e-575aa4b870e6 None None] Subscribe: port after_update 55550000, False {{(pid=104368) subscribe /opt/stack/data/venv/lib/python3.12/site-packages/neutron_lib/callbacks/manager.py:52}}
Mar 03 14:31:35.304183 np0000157666 devstack@neutron-api.service[104369]: DEBUG neutron_lib.callbacks.manager [None req-50d76325-e5cf-4f80-85da-184c7d1778a3 None None] Subscribe: > security_group_rule before_delete 55550000, False {{(pid=104369) subscribe /opt/stack/data/venv/lib/python3.12/site-packages/neutron_lib/callbacks/manager.py:52}}
Mar 03 14:31:35.304246 np0000157666 devstack@neutron-api.service[104368]: DEBUG neutron_lib.callbacks.manager [None req-b700c4ad-a631-464f-b58e-575aa4b870e6 None None] Subscribe: > port precommit_delete 55550000, False {{(pid=104368) subscribe /opt/stack/data/venv/lib/python3.12/site-packages/neutron_lib/callbacks/manager.py:52}}
Mar 03 14:31:35.304290 np0000157666 devstack@neutron-api.service[104369]: DEBUG neutron_lib.callbacks.manager [None req-50d76325-e5cf-4f80-85da-184c7d1778a3 None None] Subscribe: > address_group after_create 55550000, False {{(pid=104369) subscribe /opt/stack/data/venv/lib/python3.12/site-packages/neutron_lib/callbacks/manager.py:52}}
Mar 03 14:31:35.304350 np0000157666 devstack@neutron-api.service[104368]: DEBUG neutron_lib.callbacks.manager [None req-b700c4ad-a631-464f-b58e-575aa4b870e6 None None] Subscribe: port before_update 55550000, False {{(pid=104368) subscribe /opt/stack/data/venv/lib/python3.12/site-packages/neutron_lib/callbacks/manager.py:52}}
Mar 03 14:31:35.304397 np0000157666 devstack@neutron-api.service[104369]: DEBUG neutron_lib.callbacks.manager [None req-50d76325-e5cf-4f80-85da-184c7d1778a3 None None] Subscribe: > address_group after_update 55550000, False {{(pid=104369) subscribe /opt/stack/data/venv/lib/python3.12/site-packages/neutron_lib/callbacks/manager.py:52}}
Mar 03 14:31:35.304460 np0000157666 devstack@neutron-api.service[104368]: DEBUG neutron_lib.callbacks.manager [None req-b700c4ad-a631-464f-b58e-575aa4b870e6 None None] Subscribe: port before_delete 55550000, False {{(pid=104368) subscribe /opt/stack/data/venv/lib/python3.12/site-packages/neutron_lib/callbacks/manager.py:52}}
Mar 03 14:31:35.304509 np0000157666 devstack@neutron-api.service[104369]: DEBUG neutron_lib.callbacks.manager [None req-50d76325-e5cf-4f80-85da-184c7d1778a3 None None] Subscribe: > address_group after_delete 55550000, False {{(pid=104369) subscribe /opt/stack/data/venv/lib/python3.12/site-packages/neutron_lib/callbacks/manager.py:52}}
Mar 03 14:31:35.304550 np0000157666 devstack@neutron-api.service[104368]: DEBUG neutron_lib.callbacks.manager [None req-b700c4ad-a631-464f-b58e-575aa4b870e6 None None] Subscribe: > router precommit_create 55550000, False {{(pid=104368) subscribe /opt/stack/data/venv/lib/python3.12/site-packages/neutron_lib/callbacks/manager.py:52}}
Mar 03 14:31:35.304667 np0000157666 devstack@neutron-api.service[104368]: DEBUG neutron_lib.callbacks.manager [None req-b700c4ad-a631-464f-b58e-575aa4b870e6 None None] Subscribe: > router precommit_create 55550000, False {{(pid=104368) subscribe /opt/stack/data/venv/lib/python3.12/site-packages/neutron_lib/callbacks/manager.py:52}}
Mar 03 14:31:35.304735 np0000157666 devstack@neutron-api.service[104369]: DEBUG neutron_lib.callbacks.manager [None req-50d76325-e5cf-4f80-85da-184c7d1778a3 None None] Subscribe: > qos_plugin after_init 55550000, False {{(pid=104369) subscribe /opt/stack/data/venv/lib/python3.12/site-packages/neutron_lib/callbacks/manager.py:52}}
Mar 03 14:31:35.304776 np0000157666 devstack@neutron-api.service[104368]: DEBUG neutron_lib.callbacks.manager [None req-b700c4ad-a631-464f-b58e-575aa4b870e6 None None] Subscribe: > router precommit_update 55550000, False {{(pid=104368) subscribe /opt/stack/data/venv/lib/python3.12/site-packages/neutron_lib/callbacks/manager.py:52}}
Mar 03 14:31:35.304874 np0000157666 devstack@neutron-api.service[104368]: DEBUG neutron_lib.callbacks.manager [None req-b700c4ad-a631-464f-b58e-575aa4b870e6 None None] Subscribe: subnet after_update 55550000, False {{(pid=104368) subscribe /opt/stack/data/venv/lib/python3.12/site-packages/neutron_lib/callbacks/manager.py:52}}
Mar 03 14:31:35.304924 np0000157666 devstack@neutron-api.service[104369]: DEBUG neutron_lib.callbacks.manager [None req-50d76325-e5cf-4f80-85da-184c7d1778a3 None None] Subscribe: > trunk_plugin after_init 55550000, False {{(pid=104369) subscribe /opt/stack/data/venv/lib/python3.12/site-packages/neutron_lib/callbacks/manager.py:52}}
Mar 03 14:31:35.305014 np0000157666 devstack@neutron-api.service[104371]: INFO neutron.plugins.ml2.drivers.type_vlan [None req-1ab69e6d-722f-474e-931f-2616ed903094 None None] VlanTypeDriver initialization complete
Mar 03 14:31:35.305276 np0000157666 devstack@neutron-api.service[104369]: DEBUG neutron_lib.callbacks.manager [None req-50d76325-e5cf-4f80-85da-184c7d1778a3 None None] Subscribe: > logging-plugin after_init 55550000, False {{(pid=104369) subscribe /opt/stack/data/venv/lib/python3.12/site-packages/neutron_lib/callbacks/manager.py:52}}
Mar 03 14:31:35.305323 np0000157666 devstack@neutron-api.service[104371]: INFO neutron.plugins.ml2.managers [None req-1ab69e6d-722f-474e-931f-2616ed903094 None None] Initializing extension driver 'port_security'
Mar 03 14:31:35.305323 np0000157666 devstack@neutron-api.service[104371]: INFO neutron.plugins.ml2.extensions.port_security [None req-1ab69e6d-722f-474e-931f-2616ed903094 None None] PortSecurityExtensionDriver initialization complete
Mar 03 14:31:35.305483 np0000157666 devstack@neutron-api.service[104371]: INFO neutron.plugins.ml2.managers [None req-1ab69e6d-722f-474e-931f-2616ed903094 None None] Initializing extension driver 'qos'
Mar 03 14:31:35.305621 np0000157666 devstack@neutron-api.service[104368]: DEBUG neutron.quota.resource_registry [None req-b700c4ad-a631-464f-b58e-575aa4b870e6 None None] Tracking information for resource: router configured {{(pid=104368) set_tracked_resource /opt/stack/neutron/neutron/quota/resource_registry.py:203}}
Mar 03 14:31:35.305690 np0000157666 devstack@neutron-api.service[104371]: DEBUG neutron.plugins.ml2.extensions.qos [None req-1ab69e6d-722f-474e-931f-2616ed903094 None None] QosExtensionDriver initialization complete {{(pid=104371) initialize /opt/stack/neutron/neutron/plugins/ml2/extensions/qos.py:31}}
Mar 03 14:31:35.305741 np0000157666 devstack@neutron-api.service[104369]: INFO neutron.services.logapi.drivers.ovn.driver [None req-50d76325-e5cf-4f80-85da-184c7d1778a3 None None] OVN logging driver registered
Mar 03 14:31:35.305780 np0000157666 devstack@neutron-api.service[104368]: DEBUG neutron.quota.resource_registry [None req-b700c4ad-a631-464f-b58e-575aa4b870e6 None None] Tracking information for resource: floatingip configured {{(pid=104368) set_tracked_resource /opt/stack/neutron/neutron/quota/resource_registry.py:203}}
Mar 03 14:31:35.305818 np0000157666 devstack@neutron-api.service[104371]: INFO neutron.plugins.ml2.managers [None req-1ab69e6d-722f-474e-931f-2616ed903094 None None] Initializing mechanism driver 'ovn'
Mar 03 14:31:35.305865 np0000157666 devstack@neutron-api.service[104368]: INFO neutron.services.ovn_l3.plugin [None req-b700c4ad-a631-464f-b58e-575aa4b870e6 None None] Starting OVNL3RouterPlugin
Mar 03 14:31:35.305904 np0000157666 devstack@neutron-api.service[104371]: INFO neutron.plugins.ml2.drivers.ovn.mech_driver.mech_driver [None req-1ab69e6d-722f-474e-931f-2616ed903094 None None] Starting OVNMechanismDriver
Mar 03 14:31:35.306030 np0000157666 devstack@neutron-api.service[104368]: DEBUG neutron_lib.callbacks.manager [None req-b700c4ad-a631-464f-b58e-575aa4b870e6 None None] Subscribe: > port_forwarding_plugin after_init 55550000, False {{(pid=104368) subscribe /opt/stack/data/venv/lib/python3.12/site-packages/neutron_lib/callbacks/manager.py:52}}
