Mar 03 14:31:35.328501 np0000157666 devstack@neutron-api.service[104368]: DEBUG neutron.api.extensions [None req-b700c4ad-a631-464f-b58e-575aa4b870e6 None None] Loading extension file: auto_allocated_topology.py {{(pid=104368) _load_all_extensions_from_path /opt/stack/neutron/neutron/api/extensions.py:449}}
Mar 03 14:31:35.328785 np0000157666 devstack@neutron-api.service[104368]: DEBUG neutron.api.extensions [None req-b700c4ad-a631-464f-b58e-575aa4b870e6 None None] Ext name="Auto Allocated Topology Services" alias="auto-allocated-topology" description="Auto Allocated Topology Services." updated="2016-01-01T00:00:00-00:00" {{(pid=104368) _check_extension /opt/stack/neutron/neutron/api/extensions.py:415}}
Mar 03 14:31:35.328954 np0000157666 devstack@neutron-api.service[104368]: INFO neutron.api.extensions [None req-b700c4ad-a631-464f-b58e-575aa4b870e6 None None] Loaded extension: auto-allocated-topology
Mar 03 14:31:35.329022 np0000157666 devstack@neutron-api.service[104368]: DEBUG neutron.api.extensions [None req-b700c4ad-a631-464f-b58e-575aa4b870e6 None None] Loading extension file: availability_zone.py {{(pid=104368) _load_all_extensions_from_path /opt/stack/neutron/neutron/api/extensions.py:449}}
Mar 03 14:31:35.329292 np0000157666 devstack@neutron-api.service[104368]: DEBUG neutron.api.extensions [None req-b700c4ad-a631-464f-b58e-575aa4b870e6 None None] Ext name="Availability Zone" alias="availability_zone" description="The availability zone extension." updated="2015-01-01T10:00:00-00:00" {{(pid=104368) _check_extension /opt/stack/neutron/neutron/api/extensions.py:415}}
Mar 03 14:31:35.329505 np0000157666 devstack@neutron-api.service[104368]: INFO neutron.api.extensions [None req-b700c4ad-a631-464f-b58e-575aa4b870e6 None None] Loaded extension: availability_zone
Mar 03 14:31:35.329747 np0000157666 devstack@neutron-api.service[104368]: DEBUG neutron.api.extensions [None req-b700c4ad-a631-464f-b58e-575aa4b870e6 None None] Loading extension file: availability_zone_filter.py {{(pid=104368) _load_all_extensions_from_path /opt/stack/neutron/neutron/api/extensions.py:449}}
Mar 03 14:31:35.340298 np0000157666 devstack@neutron-api.service[104368]: DEBUG neutron.api.extensions [None req-b700c4ad-a631-464f-b58e-575aa4b870e6 None None] Ext name="Availability Zone Filter Extension" alias="availability_zone_filter" description="Add filter parameters to AvailabilityZone resource" updated="2018-06-22T10:00:00-00:00" {{(pid=104368) _check_extension /opt/stack/neutron/neutron/api/extensions.py:415}}
Mar 03 14:31:35.340298 np0000157666 devstack@neutron-api.service[104368]: INFO neutron.api.extensions [None req-b700c4ad-a631-464f-b58e-575aa4b870e6 None None] Extension availability_zone_filter not supported by any of loaded plugins
Mar 03 14:31:35.340298 np0000157666 devstack@neutron-api.service[104368]: DEBUG neutron.api.extensions [None req-b700c4ad-a631-464f-b58e-575aa4b870e6 None None] Loading extension file: data_plane_status.py {{(pid=104368) _load_all_extensions_from_path /opt/stack/neutron/neutron/api/extensions.py:449}}
Mar 03 14:31:35.340918 np0000157666 devstack@neutron-api.service[104371]: DEBUG neutron_lib.callbacks.manager [None req-1ab69e6d-722f-474e-931f-2616ed903094 None None] Subscribe: > router before_delete 55550000, False {{(pid=104371) subscribe /opt/stack/data/venv/lib/python3.12/site-packages/neutron_lib/callbacks/manager.py:52}}
Mar 03 14:31:35.341271 np0000157666 devstack@neutron-api.service[104369]: DEBUG neutron.services.provider_configuration [None req-50d76325-e5cf-4f80-85da-184c7d1778a3 None None] Service providers = [] {{(pid=104369) parse_service_provider_opt /opt/stack/neutron/neutron/services/provider_configuration.py:171}}
Mar 03 14:31:35.341271 np0000157666 devstack@neutron-api.service[104369]: DEBUG neutron.db.servicetype_db [None req-50d76325-e5cf-4f80-85da-184c7d1778a3 None None] Adding provider configuration for service L3_ROUTER_NAT {{(pid=104369) add_provider_configuration /opt/stack/neutron/neutron/db/servicetype_db.py:42}}
Mar 03 14:31:35.341674 np0000157666 devstack@neutron-api.service[104368]: DEBUG neutron.api.extensions [None req-b700c4ad-a631-464f-b58e-575aa4b870e6 None None] Ext name="Port data plane status extension" alias="data-plane-status" description="Expose status of underlying data plane" updated="2017-01-24T10:00:00-00:00" {{(pid=104368) _check_extension /opt/stack/neutron/neutron/api/extensions.py:415}}
Mar 03 14:31:35.341920 np0000157666 devstack@neutron-api.service[104371]: DEBUG neutron_lib.callbacks.manager [None req-1ab69e6d-722f-474e-931f-2616ed903094 None None] Subscribe: port after_update 55550000, False {{(pid=104371) subscribe /opt/stack/data/venv/lib/python3.12/site-packages/neutron_lib/callbacks/manager.py:52}}
Mar 03 14:31:35.341920 np0000157666 devstack@neutron-api.service[104371]: DEBUG neutron_lib.callbacks.manager [None req-1ab69e6d-722f-474e-931f-2616ed903094 None None] Subscribe: port after_delete 55550000, False {{(pid=104371) subscribe /opt/stack/data/venv/lib/python3.12/site-packages/neutron_lib/callbacks/manager.py:52}}
Mar 03 14:31:35.342252 np0000157666 devstack@neutron-api.service[104368]: INFO neutron.api.extensions [None req-b700c4ad-a631-464f-b58e-575aa4b870e6 None None] Extension data-plane-status not supported by any of loaded plugins
Mar 03 14:31:35.342560 np0000157666 devstack@neutron-api.service[104371]: DEBUG neutron_lib.callbacks.manager [None req-1ab69e6d-722f-474e-931f-2616ed903094 None None] Subscribe: subnet after_update 55550000, False {{(pid=104371) subscribe /opt/stack/data/venv/lib/python3.12/site-packages/neutron_lib/callbacks/manager.py:52}}
Mar 03 14:31:35.342924 np0000157666 devstack@neutron-api.service[104368]: DEBUG neutron.api.extensions [None req-b700c4ad-a631-464f-b58e-575aa4b870e6 None None] Loading extension file: default_subnetpools.py {{(pid=104368) _load_all_extensions_from_path /opt/stack/neutron/neutron/api/extensions.py:449}}
Mar 03 14:31:35.343281 np0000157666 devstack@neutron-api.service[104371]: DEBUG neutron_lib.callbacks.manager [None req-1ab69e6d-722f-474e-931f-2616ed903094 None None] Subscribe: subnetpool_address_scope after_update 55550000, False {{(pid=104371) subscribe /opt/stack/data/venv/lib/python3.12/site-packages/neutron_lib/callbacks/manager.py:52}}
Mar 03 14:31:35.343281 np0000157666 devstack@neutron-api.service[104371]: DEBUG neutron_lib.callbacks.manager [None req-1ab69e6d-722f-474e-931f-2616ed903094 None None] Subscribe: port before_update 55550000, False {{(pid=104371) subscribe /opt/stack/data/venv/lib/python3.12/site-packages/neutron_lib/callbacks/manager.py:52}}
Mar 03 14:31:35.343716 np0000157666 devstack@neutron-api.service[104368]: DEBUG neutron.api.extensions [None req-b700c4ad-a631-464f-b58e-575aa4b870e6 None None] Ext name="Default Subnetpools" alias="default-subnetpools" description="Provides ability to mark and use a subnetpool as the default." updated="2016-02-18T18:00:00-00:00" {{(pid=104368) _check_extension /opt/stack/neutron/neutron/api/extensions.py:415}}
Mar 03 14:31:35.343830 np0000157666 devstack@neutron-api.service[104371]: DEBUG neutron_lib.callbacks.manager [None req-1ab69e6d-722f-474e-931f-2616ed903094 None None] Subscribe: port after_update 55550000, False {{(pid=104371) subscribe /opt/stack/data/venv/lib/python3.12/site-packages/neutron_lib/callbacks/manager.py:52}}
Mar 03 14:31:35.343830 np0000157666 devstack@neutron-api.service[104371]: DEBUG neutron_lib.callbacks.manager [None req-1ab69e6d-722f-474e-931f-2616ed903094 None None] Subscribe: > port precommit_delete 55550000, False {{(pid=104371) subscribe /opt/stack/data/venv/lib/python3.12/site-packages/neutron_lib/callbacks/manager.py:52}}
Mar 03 14:31:35.344381 np0000157666 devstack@neutron-api.service[104368]: INFO neutron.api.extensions [None req-b700c4ad-a631-464f-b58e-575aa4b870e6 None None] Loaded extension: default-subnetpools
Mar 03 14:31:35.344429 np0000157666 devstack@neutron-api.service[104371]: DEBUG neutron_lib.callbacks.manager [None req-1ab69e6d-722f-474e-931f-2616ed903094 None None] Subscribe: port before_update 55550000, False {{(pid=104371) subscribe /opt/stack/data/venv/lib/python3.12/site-packages/neutron_lib/callbacks/manager.py:52}}
Mar 03 14:31:35.344473 np0000157666 devstack@neutron-api.service[104368]: DEBUG neutron.api.extensions [None req-b700c4ad-a631-464f-b58e-575aa4b870e6 None None] Loading extension file: dhcpagentscheduler.py {{(pid=104368) _load_all_extensions_from_path /opt/stack/neutron/neutron/api/extensions.py:449}}
Mar 03 14:31:35.344512 np0000157666 devstack@neutron-api.service[104371]: DEBUG neutron_lib.callbacks.manager [None req-1ab69e6d-722f-474e-931f-2616ed903094 None None] Subscribe: port before_delete 55550000, False {{(pid=104371) subscribe /opt/stack/data/venv/lib/python3.12/site-packages/neutron_lib/callbacks/manager.py:52}}
Mar 03 14:31:35.344512 np0000157666 devstack@neutron-api.service[104371]: DEBUG neutron_lib.callbacks.manager [None req-1ab69e6d-722f-474e-931f-2616ed903094 None None] Subscribe: > router precommit_create 55550000, False {{(pid=104371) subscribe /opt/stack/data/venv/lib/python3.12/site-packages/neutron_lib/callbacks/manager.py:52}}
Mar 03 14:31:35.344512 np0000157666 devstack@neutron-api.service[104371]: DEBUG neutron_lib.callbacks.manager [None req-1ab69e6d-722f-474e-931f-2616ed903094 None None] Subscribe: > router precommit_create 55550000, False {{(pid=104371) subscribe /opt/stack/data/venv/lib/python3.12/site-packages/neutron_lib/callbacks/manager.py:52}}
Mar 03 14:31:35.344638 np0000157666 devstack@neutron-api.service[104368]: DEBUG neutron.api.extensions [None req-b700c4ad-a631-464f-b58e-575aa4b870e6 None None] Ext name="DHCP Agent Scheduler" alias="dhcp_agent_scheduler" description="Schedule networks among dhcp agents" updated="2013-02-07T10:00:00-00:00" {{(pid=104368) _check_extension /opt/stack/neutron/neutron/api/extensions.py:415}}
Mar 03 14:31:35.344685 np0000157666 devstack@neutron-api.service[104371]: DEBUG neutron_lib.callbacks.manager [None req-1ab69e6d-722f-474e-931f-2616ed903094 None None] Subscribe: > router precommit_update 55550000, False {{(pid=104371) subscribe /opt/stack/data/venv/lib/python3.12/site-packages/neutron_lib/callbacks/manager.py:52}}
Mar 03 14:31:35.344685 np0000157666 devstack@neutron-api.service[104371]: DEBUG neutron_lib.callbacks.manager [None req-1ab69e6d-722f-474e-931f-2616ed903094 None None] Subscribe: subnet after_update 55550000, False {{(pid=104371) subscribe /opt/stack/data/venv/lib/python3.12/site-packages/neutron_lib/callbacks/manager.py:52}}
Mar 03 14:31:35.344776 np0000157666 devstack@neutron-api.service[104368]: INFO neutron.api.extensions [None req-b700c4ad-a631-464f-b58e-575aa4b870e6 None None] Loaded extension: dhcp_agent_scheduler
Mar 03 14:31:35.344813 np0000157666 devstack@neutron-api.service[104369]: DEBUG neutron_lib.callbacks.manager [None req-50d76325-e5cf-4f80-85da-184c7d1778a3 None None] Subscribe: > router precommit_create 55549900, False {{(pid=104369) subscribe /opt/stack/data/venv/lib/python3.12/site-packages/neutron_lib/callbacks/manager.py:52}}
Mar 03 14:31:35.344852 np0000157666 devstack@neutron-api.service[104368]: DEBUG neutron.api.extensions [None req-b700c4ad-a631-464f-b58e-575aa4b870e6 None None] Loading extension file: dns.py {{(pid=104368) _load_all_extensions_from_path /opt/stack/neutron/neutron/api/extensions.py:449}}
Mar 03 14:31:35.344888 np0000157666 devstack@neutron-api.service[104369]: DEBUG neutron_lib.callbacks.manager [None req-50d76325-e5cf-4f80-85da-184c7d1778a3 None None] Subscribe: > router_interface after_create 55550000, False {{(pid=104369) subscribe /opt/stack/data/venv/lib/python3.12/site-packages/neutron_lib/callbacks/manager.py:52}}
Mar 03 14:31:35.344888 np0000157666 devstack@neutron-api.service[104369]: DEBUG neutron_lib.callbacks.manager [None req-50d76325-e5cf-4f80-85da-184c7d1778a3 None None] Subscribe: > floatingip after_create 55550000, False {{(pid=104369) subscribe /opt/stack/data/venv/lib/python3.12/site-packages/neutron_lib/callbacks/manager.py:52}}
Mar 03 14:31:35.344959 np0000157666 devstack@neutron-api.service[104368]: DEBUG neutron.api.extensions [None req-b700c4ad-a631-464f-b58e-575aa4b870e6 None None] Ext name="DNS Integration" alias="dns-integration" description="Provides integration with DNS." updated="2015-08-15T18:00:00-00:00" {{(pid=104368) _check_extension /opt/stack/neutron/neutron/api/extensions.py:415}}
Mar 03 14:31:35.345004 np0000157666 devstack@neutron-api.service[104369]: DEBUG neutron_lib.callbacks.manager [None req-50d76325-e5cf-4f80-85da-184c7d1778a3 None None] Subscribe: > floatingip precommit_create 55550000, False {{(pid=104369) subscribe /opt/stack/data/venv/lib/python3.12/site-packages/neutron_lib/callbacks/manager.py:52}}
Mar 03 14:31:35.345045 np0000157666 devstack@neutron-api.service[104368]: INFO neutron.api.extensions [None req-b700c4ad-a631-464f-b58e-575aa4b870e6 None None] Loaded extension: dns-integration
Mar 03 14:31:35.345085 np0000157666 devstack@neutron-api.service[104369]: DEBUG neutron_lib.callbacks.manager [None req-50d76325-e5cf-4f80-85da-184c7d1778a3 None None] Subscribe: > floatingip precommit_update 55550000, False {{(pid=104369) subscribe /opt/stack/data/venv/lib/python3.12/site-packages/neutron_lib/callbacks/manager.py:52}}
Mar 03 14:31:35.345123 np0000157666 devstack@neutron-api.service[104368]: DEBUG neutron.api.extensions [None req-b700c4ad-a631-464f-b58e-575aa4b870e6 None None] Loading extension file: dns_domain_ports.py {{(pid=104368) _load_all_extensions_from_path /opt/stack/neutron/neutron/api/extensions.py:449}}
Mar 03 14:31:35.345161 np0000157666 devstack@neutron-api.service[104369]: DEBUG neutron_lib.callbacks.manager [None req-50d76325-e5cf-4f80-85da-184c7d1778a3 None None] Subscribe: > floatingip after_delete 55550000, False {{(pid=104369) subscribe /opt/stack/data/venv/lib/python3.12/site-packages/neutron_lib/callbacks/manager.py:52}}
Mar 03 14:31:35.345199 np0000157666 devstack@neutron-api.service[104371]: DEBUG neutron.quota.resource_registry [None req-1ab69e6d-722f-474e-931f-2616ed903094 None None] Tracking information for resource: router configured {{(pid=104371) set_tracked_resource /opt/stack/neutron/neutron/quota/resource_registry.py:203}}
Mar 03 14:31:35.345236 np0000157666 devstack@neutron-api.service[104369]: DEBUG neutron_lib.callbacks.manager [None req-50d76325-e5cf-4f80-85da-184c7d1778a3 None None] Subscribe: > floatingip after_status_update 55550000, False {{(pid=104369) subscribe /opt/stack/data/venv/lib/python3.12/site-packages/neutron_lib/callbacks/manager.py:52}}
Mar 03 14:31:35.345282 np0000157666 devstack@neutron-api.service[104368]: DEBUG neutron.api.extensions [None req-b700c4ad-a631-464f-b58e-575aa4b870e6 None None] Ext name="dns_domain for ports" alias="dns-domain-ports" description="Allows the DNS domain to be specified for a network port." updated="2017-04-24T10:00:00-00:00" {{(pid=104368) _check_extension /opt/stack/neutron/neutron/api/extensions.py:415}}
Mar 03 14:31:35.345323 np0000157666 devstack@neutron-api.service[104369]: DEBUG neutron_lib.callbacks.manager [None req-50d76325-e5cf-4f80-85da-184c7d1778a3 None None] Subscribe: > floatingip after_update 55550000, False {{(pid=104369) subscribe /opt/stack/data/venv/lib/python3.12/site-packages/neutron_lib/callbacks/manager.py:52}}
Mar 03 14:31:35.345384 np0000157666 devstack@neutron-api.service[104371]: DEBUG neutron.quota.resource_registry [None req-1ab69e6d-722f-474e-931f-2616ed903094 None None] Tracking information for resource: floatingip configured {{(pid=104371) set_tracked_resource /opt/stack/neutron/neutron/quota/resource_registry.py:203}}
Mar 03 14:31:35.345421 np0000157666 devstack@neutron-api.service[104368]: INFO neutron.api.extensions [None req-b700c4ad-a631-464f-b58e-575aa4b870e6 None None] Loaded extension: dns-domain-ports
Mar 03 14:31:35.345457 np0000157666 devstack@neutron-api.service[104371]: INFO neutron.services.ovn_l3.plugin [None req-1ab69e6d-722f-474e-931f-2616ed903094 None None] Starting OVNL3RouterPlugin
Mar 03 14:31:35.345493 np0000157666 devstack@neutron-api.service[104369]: DEBUG neutron_lib.callbacks.manager [None req-50d76325-e5cf-4f80-85da-184c7d1778a3 None None] Subscribe: > port_forwarding after_create 55550000, False {{(pid=104369) subscribe /opt/stack/data/venv/lib/python3.12/site-packages/neutron_lib/callbacks/manager.py:52}}
Mar 03 14:31:35.345532 np0000157666 devstack@neutron-api.service[104368]: DEBUG neutron.api.extensions [None req-b700c4ad-a631-464f-b58e-575aa4b870e6 None None] Loading extension file: dns_integration_domain_keywords.py {{(pid=104368) _load_all_extensions_from_path /opt/stack/neutron/neutron/api/extensions.py:449}}
Mar 03 14:31:35.345573 np0000157666 devstack@neutron-api.service[104369]: DEBUG neutron_lib.callbacks.manager [None req-50d76325-e5cf-4f80-85da-184c7d1778a3 None None] Subscribe: > router_interface after_delete 55550000, False {{(pid=104369) subscribe /opt/stack/data/venv/lib/python3.12/site-packages/neutron_lib/callbacks/manager.py:52}}
Mar 03 14:31:35.345636 np0000157666 devstack@neutron-api.service[104368]: DEBUG neutron.api.extensions [None req-b700c4ad-a631-464f-b58e-575aa4b870e6 None None] Ext name="DNS domain names with keywords allowed" alias="dns-integration-domain-keywords" description="Allows to use keywords like , , and as DNS domain name" updated="2020-06-15T18:00:00-00:00" {{(pid=104368) _check_extension /opt/stack/neutron/neutron/api/extensions.py:415}}
Mar 03 14:31:35.345672 np0000157666 devstack@neutron-api.service[104371]: DEBUG neutron_lib.callbacks.manager [None req-1ab69e6d-722f-474e-931f-2616ed903094 None None] Subscribe: > port_forwarding_plugin after_init 55550000, False {{(pid=104371) subscribe /opt/stack/data/venv/lib/python3.12/site-packages/neutron_lib/callbacks/manager.py:52}}
Mar 03 14:31:35.345715 np0000157666 devstack@neutron-api.service[104369]: DEBUG neutron_lib.callbacks.manager [None req-50d76325-e5cf-4f80-85da-184c7d1778a3 None None] Subscribe: > router after_create 55550000, False {{(pid=104369) subscribe /opt/stack/data/venv/lib/python3.12/site-packages/neutron_lib/callbacks/manager.py:52}}
Mar 03 14:31:35.345715 np0000157666 devstack@neutron-api.service[104369]: DEBUG neutron_lib.callbacks.manager [None req-50d76325-e5cf-4f80-85da-184c7d1778a3 None None] Subscribe: > router precommit_create 55550000, False {{(pid=104369) subscribe /opt/stack/data/venv/lib/python3.12/site-packages/neutron_lib/callbacks/manager.py:52}}
Mar 03 14:31:35.345788 np0000157666 devstack@neutron-api.service[104368]: INFO neutron.api.extensions [None req-b700c4ad-a631-464f-b58e-575aa4b870e6 None None] Loaded extension: dns-integration-domain-keywords
Mar 03 14:31:35.345823 np0000157666 devstack@neutron-api.service[104371]: DEBUG neutron_lib.callbacks.manager [None req-1ab69e6d-722f-474e-931f-2616ed903094 None None] Subscribe: > router before_create 55550100, False {{(pid=104371) subscribe /opt/stack/data/venv/lib/python3.12/site-packages/neutron_lib/callbacks/manager.py:52}}
Mar 03 14:31:35.345872 np0000157666 devstack@neutron-api.service[104368]: DEBUG neutron.api.extensions [None req-b700c4ad-a631-464f-b58e-575aa4b870e6 None None] Loading extension file: dvr.py {{(pid=104368) _load_all_extensions_from_path /opt/stack/neutron/neutron/api/extensions.py:449}}
Mar 03 14:31:35.345909 np0000157666 devstack@neutron-api.service[104369]: DEBUG neutron_lib.callbacks.manager [None req-50d76325-e5cf-4f80-85da-184c7d1778a3 None None] Subscribe: > router after_delete 55550000, False {{(pid=104369) subscribe /opt/stack/data/venv/lib/python3.12/site-packages/neutron_lib/callbacks/manager.py:52}}
Mar 03 14:31:35.345952 np0000157666 devstack@neutron-api.service[104371]: DEBUG neutron_lib.callbacks.manager [None req-1ab69e6d-722f-474e-931f-2616ed903094 None None] Subscribe: > router precommit_delete 55550100, False {{(pid=104371) subscribe /opt/stack/data/venv/lib/python3.12/site-packages/neutron_lib/callbacks/manager.py:52}}
Mar 03 14:31:35.345989 np0000157666 devstack@neutron-api.service[104369]: DEBUG neutron_lib.callbacks.manager [None req-50d76325-e5cf-4f80-85da-184c7d1778a3 None None] Subscribe: > router after_update 55550000, False {{(pid=104369) subscribe /opt/stack/data/venv/lib/python3.12/site-packages/neutron_lib/callbacks/manager.py:52}}
Mar 03 14:31:35.346029 np0000157666 devstack@neutron-api.service[104371]: DEBUG neutron_lib.callbacks.manager [None req-1ab69e6d-722f-474e-931f-2616ed903094 None None] Subscribe: > router precommit_create 55550100, False {{(pid=104371) subscribe /opt/stack/data/venv/lib/python3.12/site-packages/neutron_lib/callbacks/manager.py:52}}
Mar 03 14:31:35.346066 np0000157666 devstack@neutron-api.service[104368]: DEBUG neutron.api.extensions [None req-b700c4ad-a631-464f-b58e-575aa4b870e6 None None] Ext name="Distributed Virtual Router" alias="dvr" description="Enables configuration of Distributed Virtual Routers." updated="2014-06-1T10:00:00-00:00" {{(pid=104368) _check_extension /opt/stack/neutron/neutron/api/extensions.py:415}}
Mar 03 14:31:35.346109 np0000157666 devstack@neutron-api.service[104371]: DEBUG neutron_lib.callbacks.manager [None req-1ab69e6d-722f-474e-931f-2616ed903094 None None] Subscribe: > router precommit_update 55550100, False {{(pid=104371) subscribe /opt/stack/data/venv/lib/python3.12/site-packages/neutron_lib/callbacks/manager.py:52}}
Mar 03 14:31:35.346149 np0000157666 devstack@neutron-api.service[104369]: DEBUG neutron.services.service_base [None req-50d76325-e5cf-4f80-85da-184c7d1778a3 None None] Loaded 'neutron.services.ovn_l3.service_providers.ovn.OvnDriver' provider for service L3_ROUTER_NAT {{(pid=104369) load_drivers /opt/stack/neutron/neutron/services/service_base.py:49}}
Mar 03 14:31:35.346186 np0000157666 devstack@neutron-api.service[104368]: INFO neutron.api.extensions [None req-b700c4ad-a631-464f-b58e-575aa4b870e6 None None] Extension dvr not supported by any of loaded plugins
Mar 03 14:31:35.346221 np0000157666 devstack@neutron-api.service[104369]: DEBUG neutron_lib.callbacks.manager [None req-50d76325-e5cf-4f80-85da-184c7d1778a3 None None] Subscribe: > process after_init 55550001, True {{(pid=104369) subscribe /opt/stack/data/venv/lib/python3.12/site-packages/neutron_lib/callbacks/manager.py:52}}
Mar 03 14:31:35.346260 np0000157666 devstack@neutron-api.service[104368]: DEBUG neutron.api.extensions [None req-b700c4ad-a631-464f-b58e-575aa4b870e6 None None] Loading extension file: ecmp_routes.py {{(pid=104368) _load_all_extensions_from_path /opt/stack/neutron/neutron/api/extensions.py:449}}
Mar 03 14:31:35.346337 np0000157666 devstack@neutron-api.service[104369]: DEBUG neutron.manager [None req-50d76325-e5cf-4f80-85da-184c7d1778a3 None None] Successfully loaded L3_ROUTER_NAT plugin. Description: L3 Router Service Plugin for basic L3 forwarding using OVN {{(pid=104369) _create_and_add_service_plugin /opt/stack/neutron/neutron/manager.py:229}}
Mar 03 14:31:35.346337 np0000157666 devstack@neutron-api.service[104369]: INFO neutron.manager [None req-50d76325-e5cf-4f80-85da-184c7d1778a3 None None] Loading Plugin: auto_allocate
Mar 03 14:31:35.346415 np0000157666 devstack@neutron-api.service[104368]: DEBUG neutron.api.extensions [None req-b700c4ad-a631-464f-b58e-575aa4b870e6 None None] Ext name="Equal Cost Multipath Routing" alias="ecmp_routes" description="Allows traffic to reach thesame destination via multiple different links " updated="2020-11-26T18:00:00-00:00" {{(pid=104368) _check_extension /opt/stack/neutron/neutron/api/extensions.py:415}}
Mar 03 14:31:35.346415 np0000157666 devstack@neutron-api.service[104368]: INFO neutron.api.extensions [None req-b700c4ad-a631-464f-b58e-575aa4b870e6 None None] Extension ecmp_routes not supported by any of loaded plugins
Mar 03 14:31:35.346415 np0000157666 devstack@neutron-api.service[104368]: DEBUG neutron.api.extensions [None req-b700c4ad-a631-464f-b58e-575aa4b870e6 None None] Loading extension file: empty_string_filtering.py {{(pid=104368) _load_all_extensions_from_path /opt/stack/neutron/neutron/api/extensions.py:449}}
Mar 03 14:31:35.346415 np0000157666 devstack@neutron-api.service[104368]: DEBUG neutron.api.extensions [None req-b700c4ad-a631-464f-b58e-575aa4b870e6 None None] Ext name="Empty String Filtering Extension" alias="empty-string-filtering" description="Allow filtering by attributes with empty string value" updated="2018-05-01T10:00:00-00:00" {{(pid=104368) _check_extension /opt/stack/neutron/neutron/api/extensions.py:415}}
Mar 03 14:31:35.346415 np0000157666 devstack@neutron-api.service[104368]: INFO neutron.api.extensions [None req-b700c4ad-a631-464f-b58e-575aa4b870e6 None None] Loaded extension: empty-string-filtering
Mar 03 14:31:35.346415 np0000157666 devstack@neutron-api.service[104368]: DEBUG neutron.api.extensions [None req-b700c4ad-a631-464f-b58e-575aa4b870e6 None None] Loading extension file: expose_l3_conntrack_helper.py {{(pid=104368) _load_all_extensions_from_path /opt/stack/neutron/neutron/api/extensions.py:449}}
Mar 03 14:31:35.346620 np0000157666 devstack@neutron-api.service[104368]: DEBUG neutron.api.extensions [None req-b700c4ad-a631-464f-b58e-575aa4b870e6 None None] Ext name="Expose CT target rules for conntrack helper" alias="expose-l3-conntrack-helper" description="Expose allow adding CT target rules for conntrack helper" updated="2019-04-04T10:00:00-00:00" {{(pid=104368) _check_extension /opt/stack/neutron/neutron/api/extensions.py:415}}
Mar 03 14:31:35.346741 np0000157666 devstack@neutron-api.service[104369]: DEBUG neutron_lib.callbacks.manager [None req-50d76325-e5cf-4f80-85da-184c7d1778a3 None None] Subscribe: network precommit_update 55550000, False {{(pid=104369) subscribe /opt/stack/data/venv/lib/python3.12/site-packages/neutron_lib/callbacks/manager.py:52}}
Mar 03 14:31:35.346782 np0000157666 devstack@neutron-api.service[104368]: INFO neutron.api.extensions [None req-b700c4ad-a631-464f-b58e-575aa4b870e6 None None] Extension expose-l3-conntrack-helper not supported by any of loaded plugins
Mar 03 14:31:35.346782 np0000157666 devstack@neutron-api.service[104368]: DEBUG neutron.api.extensions [None req-b700c4ad-a631-464f-b58e-575aa4b870e6 None None] Loading extension file: expose_port_forwarding_in_fip.py {{(pid=104368) _load_all_extensions_from_path /opt/stack/neutron/neutron/api/extensions.py:449}}
Mar 03 14:31:35.346859 np0000157666 devstack@neutron-api.service[104369]: DEBUG neutron_lib.callbacks.manager [None req-50d76325-e5cf-4f80-85da-184c7d1778a3 None None] Subscribe: network precommit_create 55550000, False {{(pid=104369) subscribe /opt/stack/data/venv/lib/python3.12/site-packages/neutron_lib/callbacks/manager.py:52}}
Mar 03 14:31:35.346859 np0000157666 devstack@neutron-api.service[104369]: DEBUG neutron.manager [None req-50d76325-e5cf-4f80-85da-184c7d1778a3 None None] Successfully loaded auto-allocated-topology plugin. Description: Auto Allocated Topology - aka get me a network. {{(pid=104369) _create_and_add_service_plugin /opt/stack/neutron/neutron/manager.py:229}}
Mar 03 14:31:35.346954 np0000157666 devstack@neutron-api.service[104368]: DEBUG neutron.api.extensions [None req-b700c4ad-a631-464f-b58e-575aa4b870e6 None None] Ext name="Expose Floating IP port forwardings" alias="expose-port-forwarding-in-fip" description="Expose port forwarding fields in floating IP response" updated="2018-06-28T16:00:00-00:00" {{(pid=104368) _check_extension /opt/stack/neutron/neutron/api/extensions.py:415}}
Mar 03 14:31:35.347008 np0000157666 devstack@neutron-api.service[104369]: INFO neutron.manager [None req-50d76325-e5cf-4f80-85da-184c7d1778a3 None None] Loading Plugin: tag
Mar 03 14:31:35.347045 np0000157666 devstack@neutron-api.service[104368]: INFO neutron.api.extensions [None req-b700c4ad-a631-464f-b58e-575aa4b870e6 None None] Extension expose-port-forwarding-in-fip not supported by any of loaded plugins
Mar 03 14:31:35.347045 np0000157666 devstack@neutron-api.service[104368]: DEBUG neutron.api.extensions [None req-b700c4ad-a631-464f-b58e-575aa4b870e6 None None] Loading extension file: external_net.py {{(pid=104368) _load_all_extensions_from_path /opt/stack/neutron/neutron/api/extensions.py:449}}
Mar 03 14:31:35.347045 np0000157666 devstack@neutron-api.service[104368]: DEBUG neutron.api.extensions [None req-b700c4ad-a631-464f-b58e-575aa4b870e6 None None] Ext name="Neutron external network" alias="external-net" description="Adds external network attribute to network resource." updated="2013-01-14T10:00:00-00:00" {{(pid=104368) _check_extension /opt/stack/neutron/neutron/api/extensions.py:415}}
Mar 03 14:31:35.347045 np0000157666 devstack@neutron-api.service[104368]: INFO neutron.api.extensions [None req-b700c4ad-a631-464f-b58e-575aa4b870e6 None None] Loaded extension: external-net
Mar 03 14:31:35.347045 np0000157666 devstack@neutron-api.service[104368]: DEBUG neutron.api.extensions [None req-b700c4ad-a631-464f-b58e-575aa4b870e6 None None] Loading extension file: extra_dhcp_opt.py {{(pid=104368) _load_all_extensions_from_path /opt/stack/neutron/neutron/api/extensions.py:449}}
Mar 03 14:31:35.347045 np0000157666 devstack@neutron-api.service[104368]: DEBUG neutron.api.extensions [None req-b700c4ad-a631-464f-b58e-575aa4b870e6 None None] Ext name="Neutron Extra DHCP options" alias="extra_dhcp_opt" description="Extra options configuration for DHCP. For example PXE boot options to DHCP clients can be specified (e.g. tftp-server, server-ip-address, bootfile-name)" updated="2013-03-17T12:00:00-00:00" {{(pid=104368) _check_extension /opt/stack/neutron/neutron/api/extensions.py:415}}
Mar 03 14:31:35.347045 np0000157666 devstack@neutron-api.service[104368]: INFO neutron.api.extensions [None req-b700c4ad-a631-464f-b58e-575aa4b870e6 None None] Loaded extension: extra_dhcp_opt
Mar 03 14:31:35.347273 np0000157666 devstack@neutron-api.service[104368]: DEBUG neutron.api.extensions [None req-b700c4ad-a631-464f-b58e-575aa4b870e6 None None] Loading extension file: extraroute.py {{(pid=104368) _load_all_extensions_from_path /opt/stack/neutron/neutron/api/extensions.py:449}}
Mar 03 14:31:35.347273 np0000157666 devstack@neutron-api.service[104368]: DEBUG neutron.api.extensions [None req-b700c4ad-a631-464f-b58e-575aa4b870e6 None None] Ext name="Neutron Extra Route" alias="extraroute" description="Extra routes configuration for L3 router" updated="2013-02-01T10:00:00-00:00" {{(pid=104368) _check_extension /opt/stack/neutron/neutron/api/extensions.py:415}}
Mar 03 14:31:35.347273 np0000157666 devstack@neutron-api.service[104368]: INFO neutron.api.extensions [None req-b700c4ad-a631-464f-b58e-575aa4b870e6 None None] Loaded extension: extraroute
Mar 03 14:31:35.347446 np0000157666 devstack@neutron-api.service[104371]: DEBUG neutron.services.provider_configuration [None req-1ab69e6d-722f-474e-931f-2616ed903094 None None] Service providers = [] {{(pid=104371) parse_service_provider_opt /opt/stack/neutron/neutron/services/provider_configuration.py:171}}
Mar 03 14:31:35.347485 np0000157666 devstack@neutron-api.service[104368]: DEBUG neutron.api.extensions [None req-b700c4ad-a631-464f-b58e-575aa4b870e6 None None] Loading extension file: extraroute_atomic.py {{(pid=104368) _load_all_extensions_from_path /opt/stack/neutron/neutron/api/extensions.py:449}}
Mar 03 14:31:35.347522 np0000157666 devstack@neutron-api.service[104371]: DEBUG neutron.db.servicetype_db [None req-1ab69e6d-722f-474e-931f-2616ed903094 None None] Adding provider configuration for service L3_ROUTER_NAT {{(pid=104371) add_provider_configuration /opt/stack/neutron/neutron/db/servicetype_db.py:42}}
Mar 03 14:31:35.347645 np0000157666 devstack@neutron-api.service[104368]: DEBUG neutron.api.extensions [None req-b700c4ad-a631-464f-b58e-575aa4b870e6 None None] Ext name="Atomically add/remove extra routes" alias="extraroute-atomic" description="Edit extra routes of a router on server side by atomically adding/removing extra routes" updated="2019-07-10T00:00:00+00:00" {{(pid=104368) _check_extension /opt/stack/neutron/neutron/api/extensions.py:415}}
Mar 03 14:31:35.347645 np0000157666 devstack@neutron-api.service[104368]: INFO neutron.api.extensions [None req-b700c4ad-a631-464f-b58e-575aa4b870e6 None None] Loaded extension: extraroute-atomic
Mar 03 14:31:35.347645 np0000157666 devstack@neutron-api.service[104368]: DEBUG neutron.api.extensions [None req-b700c4ad-a631-464f-b58e-575aa4b870e6 None None] Loading extension file: filter_validation.py {{(pid=104368) _load_all_extensions_from_path /opt/stack/neutron/neutron/api/extensions.py:449}}
Mar 03 14:31:35.347645 np0000157666 devstack@neutron-api.service[104368]: DEBUG neutron.api.extensions [None req-b700c4ad-a631-464f-b58e-575aa4b870e6 None None] Ext name="Filter parameters validation" alias="filter-validation" description="Provides validation on filter parameters." updated="2018-07-04T10:00:00-00:00" {{(pid=104368) _check_extension /opt/stack/neutron/neutron/api/extensions.py:415}}
Mar 03 14:31:35.347645 np0000157666 devstack@neutron-api.service[104368]: INFO neutron.api.extensions [None req-b700c4ad-a631-464f-b58e-575aa4b870e6 None None] Loaded extension: filter-validation
Mar 03 14:31:35.347645 np0000157666 devstack@neutron-api.service[104368]: DEBUG neutron.api.extensions [None req-b700c4ad-a631-464f-b58e-575aa4b870e6 None None] Loading extension file: fip_pf_description.py {{(pid=104368) _load_all_extensions_from_path /opt/stack/neutron/neutron/api/extensions.py:449}}
Mar 03 14:31:35.347847 np0000157666 devstack@neutron-api.service[104368]: DEBUG neutron.api.extensions [None req-b700c4ad-a631-464f-b58e-575aa4b870e6 None None] Ext name="Floating IP Port Forwarding new attribute description" alias="floating-ip-port-forwarding-description" description="Add a description field to Port Forwarding rules" updated="2019-11-01T10:00:00-00:00" {{(pid=104368) _check_extension /opt/stack/neutron/neutron/api/extensions.py:415}}
Mar 03 14:31:35.347934 np0000157666 devstack@neutron-api.service[104369]: DEBUG neutron.manager [None req-50d76325-e5cf-4f80-85da-184c7d1778a3 None None] Successfully loaded TAG plugin. Description: Tag support {{(pid=104369) _create_and_add_service_plugin /opt/stack/neutron/neutron/manager.py:229}}
Mar 03 14:31:35.348010 np0000157666 devstack@neutron-api.service[104368]: INFO neutron.api.extensions [None req-b700c4ad-a631-464f-b58e-575aa4b870e6 None None] Extension floating-ip-port-forwarding-description not supported by any of loaded plugins
Mar 03 14:31:35.348048 np0000157666 devstack@neutron-api.service[104369]: INFO neutron.manager [None req-50d76325-e5cf-4f80-85da-184c7d1778a3 None None] Loading Plugin: timestamp
Mar 03 14:31:35.348084 np0000157666 devstack@neutron-api.service[104368]: DEBUG neutron.api.extensions [None req-b700c4ad-a631-464f-b58e-575aa4b870e6 None None] Loading extension file: fip_pf_detail.py {{(pid=104368) _load_all_extensions_from_path /opt/stack/neutron/neutron/api/extensions.py:449}}
Mar 03 14:31:35.348084 np0000157666 devstack@neutron-api.service[104368]: DEBUG neutron.api.extensions [None req-b700c4ad-a631-464f-b58e-575aa4b870e6 None None] Ext name="Floating IP port forwarding detail" alias="floating-ip-port-forwarding-detail" description="Allow list floating ip return more port forwarding data, include'id' and 'internal_port_id'" updated="2022-05-06T10:00:00-00:00" {{(pid=104368) _check_extension /opt/stack/neutron/neutron/api/extensions.py:415}}
Mar 03 14:31:35.348276 np0000157666 devstack@neutron-api.service[104371]: DEBUG neutron_lib.callbacks.manager [None req-1ab69e6d-722f-474e-931f-2616ed903094 None None] Subscribe: > router precommit_create 55549900, False {{(pid=104371) subscribe /opt/stack/data/venv/lib/python3.12/site-packages/neutron_lib/callbacks/manager.py:52}}
Mar 03 14:31:35.348663 np0000157666 devstack@neutron-api.service[104368]: INFO neutron.api.extensions [None req-b700c4ad-a631-464f-b58e-575aa4b870e6 None None] Loaded extension: floating-ip-port-forwarding-detail
Mar 03 14:31:35.348733 np0000157666 devstack@neutron-api.service[104371]: DEBUG neutron_lib.callbacks.manager [None req-1ab69e6d-722f-474e-931f-2616ed903094 None None] Subscribe: > router_interface after_create 55550000, False {{(pid=104371) subscribe /opt/stack/data/venv/lib/python3.12/site-packages/neutron_lib/callbacks/manager.py:52}}
Mar 03 14:31:35.348819 np0000157666 devstack@neutron-api.service[104368]: DEBUG neutron.api.extensions [None req-b700c4ad-a631-464f-b58e-575aa4b870e6 None None] Loading extension file: fip_pf_port_range.py {{(pid=104368) _load_all_extensions_from_path /opt/stack/neutron/neutron/api/extensions.py:449}}
Mar 03 14:31:35.348936 np0000157666 devstack@neutron-api.service[104371]: DEBUG neutron_lib.callbacks.manager [None req-1ab69e6d-722f-474e-931f-2616ed903094 None None] Subscribe: > floatingip after_create 55550000, False {{(pid=104371) subscribe /opt/stack/data/venv/lib/python3.12/site-packages/neutron_lib/callbacks/manager.py:52}}
Mar 03 14:31:35.348936 np0000157666 devstack@neutron-api.service[104371]: DEBUG neutron_lib.callbacks.manager [None req-1ab69e6d-722f-474e-931f-2616ed903094 None None] Subscribe: > floatingip precommit_create 55550000, False {{(pid=104371) subscribe /opt/stack/data/venv/lib/python3.12/site-packages/neutron_lib/callbacks/manager.py:52}}
Mar 03 14:31:35.349101 np0000157666 devstack@neutron-api.service[104368]: DEBUG neutron.api.extensions [None req-b700c4ad-a631-464f-b58e-575aa4b870e6 None None] Ext name="Floating IP Port Forwarding support port ranges" alias="floating-ip-port-forwarding-port-ranges" description="Add support to port ranges" updated="2020-07-01T10:00:00-00:00" {{(pid=104368) _check_extension /opt/stack/neutron/neutron/api/extensions.py:415}}
Mar 03 14:31:35.349410 np0000157666 devstack@neutron-api.service[104371]: DEBUG neutron_lib.callbacks.manager [None req-1ab69e6d-722f-474e-931f-2616ed903094 None None] Subscribe: > floatingip precommit_update 55550000, False {{(pid=104371) subscribe /opt/stack/data/venv/lib/python3.12/site-packages/neutron_lib/callbacks/manager.py:52}}
Mar 03 14:31:35.349410 np0000157666 devstack@neutron-api.service[104371]: DEBUG neutron_lib.callbacks.manager [None req-1ab69e6d-722f-474e-931f-2616ed903094 None None] Subscribe: > floatingip after_delete 55550000, False {{(pid=104371) subscribe /opt/stack/data/venv/lib/python3.12/site-packages/neutron_lib/callbacks/manager.py:52}}
Mar 03 14:31:35.349635 np0000157666 devstack@neutron-api.service[104368]: INFO neutron.api.extensions [None req-b700c4ad-a631-464f-b58e-575aa4b870e6 None None] Extension floating-ip-port-forwarding-port-ranges not supported by any of loaded plugins
Mar 03 14:31:35.349635 np0000157666 devstack@neutron-api.service[104368]: DEBUG neutron.api.extensions [None req-b700c4ad-a631-464f-b58e-575aa4b870e6 None None] Loading extension file: fip_port_details.py {{(pid=104368) _load_all_extensions_from_path /opt/stack/neutron/neutron/api/extensions.py:449}}
Mar 03 14:31:35.349903 np0000157666 devstack@neutron-api.service[104371]: DEBUG neutron_lib.callbacks.manager [None req-1ab69e6d-722f-474e-931f-2616ed903094 None None] Subscribe: > floatingip after_status_update 55550000, False {{(pid=104371) subscribe /opt/stack/data/venv/lib/python3.12/site-packages/neutron_lib/callbacks/manager.py:52}}
Mar 03 14:31:35.349903 np0000157666 devstack@neutron-api.service[104371]: DEBUG neutron_lib.callbacks.manager [None req-1ab69e6d-722f-474e-931f-2616ed903094 None None] Subscribe: > floatingip after_update 55550000, False {{(pid=104371) subscribe /opt/stack/data/venv/lib/python3.12/site-packages/neutron_lib/callbacks/manager.py:52}}
Mar 03 14:31:35.349903 np0000157666 devstack@neutron-api.service[104371]: DEBUG neutron_lib.callbacks.manager [None req-1ab69e6d-722f-474e-931f-2616ed903094 None None] Subscribe: > port_forwarding after_create 55550000, False {{(pid=104371) subscribe /opt/stack/data/venv/lib/python3.12/site-packages/neutron_lib/callbacks/manager.py:52}}
Mar 03 14:31:35.349903 np0000157666 devstack@neutron-api.service[104371]: DEBUG neutron_lib.callbacks.manager [None req-1ab69e6d-722f-474e-931f-2616ed903094 None None] Subscribe: > router_interface after_delete 55550000, False {{(pid=104371) subscribe /opt/stack/data/venv/lib/python3.12/site-packages/neutron_lib/callbacks/manager.py:52}}
Mar 03 14:31:35.350207 np0000157666 devstack@neutron-api.service[104368]: DEBUG neutron.api.extensions [None req-b700c4ad-a631-464f-b58e-575aa4b870e6 None None] Ext name="Floating IP Port Details Extension" alias="fip-port-details" description="Add port_details attribute to Floating IP resource" updated="2018-04-09T10:00:00-00:00" {{(pid=104368) _check_extension /opt/stack/neutron/neutron/api/extensions.py:415}}
Mar 03 14:31:35.350291 np0000157666 devstack@neutron-api.service[104371]: DEBUG neutron_lib.callbacks.manager [None req-1ab69e6d-722f-474e-931f-2616ed903094 None None] Subscribe: > router after_create 55550000, False {{(pid=104371) subscribe /opt/stack/data/venv/lib/python3.12/site-packages/neutron_lib/callbacks/manager.py:52}}
Mar 03 14:31:35.350331 np0000157666 devstack@neutron-api.service[104369]: DEBUG neutron.manager [None req-50d76325-e5cf-4f80-85da-184c7d1778a3 None None] Successfully loaded timestamp plugin. Description: Adds timestamps to Neutron resources with standard attributes {{(pid=104369) _create_and_add_service_plugin /opt/stack/neutron/neutron/manager.py:229}}
Mar 03 14:31:35.350370 np0000157666 devstack@neutron-api.service[104371]: DEBUG neutron_lib.callbacks.manager [None req-1ab69e6d-722f-474e-931f-2616ed903094 None None] Subscribe: > router precommit_create 55550000, False {{(pid=104371) subscribe /opt/stack/data/venv/lib/python3.12/site-packages/neutron_lib/callbacks/manager.py:52}}
Mar 03 14:31:35.350431 np0000157666 devstack@neutron-api.service[104369]: INFO neutron.manager [None req-50d76325-e5cf-4f80-85da-184c7d1778a3 None None] Loading Plugin: network_ip_availability
Mar 03 14:31:35.350461 np0000157666 devstack@neutron-api.service[104368]: INFO neutron.api.extensions [None req-b700c4ad-a631-464f-b58e-575aa4b870e6 None None] Loaded extension: fip-port-details
Mar 03 14:31:35.350488 np0000157666 devstack@neutron-api.service[104371]: DEBUG neutron_lib.callbacks.manager [None req-1ab69e6d-722f-474e-931f-2616ed903094 None None] Subscribe: > router after_delete 55550000, False {{(pid=104371) subscribe /opt/stack/data/venv/lib/python3.12/site-packages/neutron_lib/callbacks/manager.py:52}}
Mar 03 14:31:35.350516 np0000157666 devstack@neutron-api.service[104368]: DEBUG neutron.api.extensions [None req-b700c4ad-a631-464f-b58e-575aa4b870e6 None None] Loading extension file: flavors.py {{(pid=104368) _load_all_extensions_from_path /opt/stack/neutron/neutron/api/extensions.py:449}}
Mar 03 14:31:35.350575 np0000157666 devstack@neutron-api.service[104371]: DEBUG neutron_lib.callbacks.manager [None req-1ab69e6d-722f-474e-931f-2616ed903094 None None] Subscribe: > router after_update 55550000, False {{(pid=104371) subscribe /opt/stack/data/venv/lib/python3.12/site-packages/neutron_lib/callbacks/manager.py:52}}
Mar 03 14:31:35.350575 np0000157666 devstack@neutron-api.service[104371]: DEBUG neutron.services.service_base [None req-1ab69e6d-722f-474e-931f-2616ed903094 None None] Loaded 'neutron.services.ovn_l3.service_providers.ovn.OvnDriver' provider for service L3_ROUTER_NAT {{(pid=104371) load_drivers /opt/stack/neutron/neutron/services/service_base.py:49}}
Mar 03 14:31:35.350650 np0000157666 devstack@neutron-api.service[104368]: DEBUG neutron.api.extensions [None req-b700c4ad-a631-464f-b58e-575aa4b870e6 None None] Ext name="Neutron Service Flavors" alias="flavors" description="Flavor specification for Neutron advanced services." updated="2015-09-17T10:00:00-00:00" {{(pid=104368) _check_extension /opt/stack/neutron/neutron/api/extensions.py:415}}
Mar 03 14:31:35.350682 np0000157666 devstack@neutron-api.service[104371]: DEBUG neutron_lib.callbacks.manager [None req-1ab69e6d-722f-474e-931f-2616ed903094 None None] Subscribe: > process after_init 55550001, True {{(pid=104371) subscribe /opt/stack/data/venv/lib/python3.12/site-packages/neutron_lib/callbacks/manager.py:52}}
Mar 03 14:31:35.350712 np0000157666 devstack@neutron-api.service[104368]: INFO neutron.api.extensions [None req-b700c4ad-a631-464f-b58e-575aa4b870e6 None None] Loaded extension: flavors
Mar 03 14:31:35.350740 np0000157666 devstack@neutron-api.service[104371]: DEBUG neutron.manager [None req-1ab69e6d-722f-474e-931f-2616ed903094 None None] Successfully loaded L3_ROUTER_NAT plugin. Description: L3 Router Service Plugin for basic L3 forwarding using OVN {{(pid=104371) _create_and_add_service_plugin /opt/stack/neutron/neutron/manager.py:229}}
Mar 03 14:31:35.350770 np0000157666 devstack@neutron-api.service[104368]: DEBUG neutron.api.extensions [None req-b700c4ad-a631-464f-b58e-575aa4b870e6 None None] Loading extension file: floating_ip_port_forwarding.py {{(pid=104368) _load_all_extensions_from_path /opt/stack/neutron/neutron/api/extensions.py:449}}
Mar 03 14:31:35.350797 np0000157666 devstack@neutron-api.service[104371]: INFO neutron.manager [None req-1ab69e6d-722f-474e-931f-2616ed903094 None None] Loading Plugin: auto_allocate
Mar 03 14:31:35.350824 np0000157666 devstack@neutron-api.service[104368]: DEBUG neutron.api.extensions [None req-b700c4ad-a631-464f-b58e-575aa4b870e6 None None] Ext name="Floating IP Port Forwarding" alias="floating-ip-port-forwarding" description="Allow port forwarding from floating IP port to an internal port" updated="2018-01-19T10:00:00-00:00" {{(pid=104368) _check_extension /opt/stack/neutron/neutron/api/extensions.py:415}}
Mar 03 14:31:35.350824 np0000157666 devstack@neutron-api.service[104368]: INFO neutron.api.extensions [None req-b700c4ad-a631-464f-b58e-575aa4b870e6 None None] Extension floating-ip-port-forwarding not supported by any of loaded plugins
Mar 03 14:31:35.350877 np0000157666 devstack@neutron-api.service[104371]: DEBUG neutron_lib.callbacks.manager [None req-1ab69e6d-722f-474e-931f-2616ed903094 None None] Subscribe: network precommit_update 55550000, False {{(pid=104371) subscribe /opt/stack/data/venv/lib/python3.12/site-packages/neutron_lib/callbacks/manager.py:52}}
Mar 03 14:31:35.350925 np0000157666 devstack@neutron-api.service[104368]: DEBUG neutron.api.extensions [None req-b700c4ad-a631-464f-b58e-575aa4b870e6 None None] Loading extension file: floatingip_pools.py {{(pid=104368) _load_all_extensions_from_path /opt/stack/neutron/neutron/api/extensions.py:449}}
Mar 03 14:31:35.351027 np0000157666 devstack@neutron-api.service[104371]: DEBUG neutron_lib.callbacks.manager [None req-1ab69e6d-722f-474e-931f-2616ed903094 None None] Subscribe: network precommit_create 55550000, False {{(pid=104371) subscribe /opt/stack/data/venv/lib/python3.12/site-packages/neutron_lib/callbacks/manager.py:52}}
Mar 03 14:31:35.351027 np0000157666 devstack@neutron-api.service[104371]: DEBUG neutron.manager [None req-1ab69e6d-722f-474e-931f-2616ed903094 None None] Successfully loaded auto-allocated-topology plugin. Description: Auto Allocated Topology - aka get me a network. {{(pid=104371) _create_and_add_service_plugin /opt/stack/neutron/neutron/manager.py:229}}
Mar 03 14:31:35.351187 np0000157666 devstack@neutron-api.service[104368]: DEBUG neutron.api.extensions [None req-b700c4ad-a631-464f-b58e-575aa4b870e6 None None] Ext name="Floating IP Pools Extension" alias="floatingip-pools" description="Provides a floating IP pools API." updated="2018-03-21T10:00:00-00:00" {{(pid=104368) _check_extension /opt/stack/neutron/neutron/api/extensions.py:415}}
Mar 03 14:31:35.351324 np0000157666 devstack@neutron-api.service[104371]: INFO neutron.manager [None req-1ab69e6d-722f-474e-931f-2616ed903094 None None] Loading Plugin: tag
Mar 03 14:31:35.351360 np0000157666 devstack@neutron-api.service[104369]: DEBUG neutron_lib.callbacks.manager [None req-50d76325-e5cf-4f80-85da-184c7d1778a3 None None] Subscribe: > rbac-policy before_create 55550000, False {{(pid=104369) subscribe /opt/stack/data/venv/lib/python3.12/site-packages/neutron_lib/callbacks/manager.py:52}}
Mar 03 14:31:35.351425 np0000157666 devstack@neutron-api.service[104368]: INFO neutron.api.extensions [None req-b700c4ad-a631-464f-b58e-575aa4b870e6 None None] Loaded extension: floatingip-pools
Mar 03 14:31:35.351475 np0000157666 devstack@neutron-api.service[104369]: DEBUG neutron_lib.callbacks.manager [None req-50d76325-e5cf-4f80-85da-184c7d1778a3 None None] Subscribe: > rbac-policy before_update 55550000, False {{(pid=104369) subscribe /opt/stack/data/venv/lib/python3.12/site-packages/neutron_lib/callbacks/manager.py:52}}
Mar 03 14:31:35.351506 np0000157666 devstack@neutron-api.service[104368]: DEBUG neutron.api.extensions [None req-b700c4ad-a631-464f-b58e-575aa4b870e6 None None] Loading extension file: ip_allocation.py {{(pid=104368) _load_all_extensions_from_path /opt/stack/neutron/neutron/api/extensions.py:449}}
Mar 03 14:31:35.351534 np0000157666 devstack@neutron-api.service[104369]: DEBUG neutron_lib.callbacks.manager [None req-50d76325-e5cf-4f80-85da-184c7d1778a3 None None] Subscribe: > rbac-policy before_delete 55550000, False {{(pid=104369) subscribe /opt/stack/data/venv/lib/python3.12/site-packages/neutron_lib/callbacks/manager.py:52}}
Mar 03 14:31:35.351567 np0000157666 devstack@neutron-api.service[104368]: DEBUG neutron.api.extensions [None req-b700c4ad-a631-464f-b58e-575aa4b870e6 None None] Ext name="IP Allocation" alias="ip_allocation" description="IP allocation extension." updated="2016-06-10T23:00:00-00:00" {{(pid=104368) _check_extension /opt/stack/neutron/neutron/api/extensions.py:415}}
Mar 03 14:31:35.351567 np0000157666 devstack@neutron-api.service[104368]: INFO neutron.api.extensions [None req-b700c4ad-a631-464f-b58e-575aa4b870e6 None None] Extension ip_allocation not supported by any of loaded plugins
