Feb 17 20:39:57.124868 np0000156167 systemd[1]: Starting devstack@n-api-meta.service - Devstack devstack@n-api-meta.service...
Feb 17 20:39:57.135410 np0000156167 devstack@n-api-meta.service[108264]: [uWSGI] getting INI configuration from /etc/nova/nova-metadata-uwsgi.ini
Feb 17 20:39:57.136112 np0000156167 devstack@n-api-meta.service[108264]: open("./http_plugin.so"): No such file or directory [core/utils.c line 3709]
Feb 17 20:39:57.136112 np0000156167 devstack@n-api-meta.service[108264]: !!! UNABLE to load uWSGI plugin: ./http_plugin.so: cannot open shared object file: No such file or directory !!!
Feb 17 20:39:57.136112 np0000156167 devstack@n-api-meta.service[108264]: open("./python3_plugin.so"): No such file or directory [core/utils.c line 3709]
Feb 17 20:39:57.136112 np0000156167 devstack@n-api-meta.service[108264]: !!! UNABLE to load uWSGI plugin: ./python3_plugin.so: cannot open shared object file: No such file or directory !!!
Feb 17 20:39:57.136112 np0000156167 devstack@n-api-meta.service[108264]: *** Starting uWSGI 2.0.31 (64bit) on [Tue Feb 17 20:39:57 2026] ***
Feb 17 20:39:57.136112 np0000156167 devstack@n-api-meta.service[108264]: compiled with version: 13.3.0 on 17 February 2026 20:30:04
Feb 17 20:39:57.136112 np0000156167 devstack@n-api-meta.service[108264]: os: Linux-6.8.0-100-generic #100-Ubuntu SMP PREEMPT_DYNAMIC Tue Jan 13 16:40:06 UTC 2026
Feb 17 20:39:57.136112 np0000156167 devstack@n-api-meta.service[108264]: nodename: np0000156167
Feb 17 20:39:57.136112 np0000156167 devstack@n-api-meta.service[108264]: machine: x86_64
Feb 17 20:39:57.136112 np0000156167 devstack@n-api-meta.service[108264]: clock source: unix
Feb 17 20:39:57.136112 np0000156167 devstack@n-api-meta.service[108264]: pcre jit disabled
Feb 17 20:39:57.136112 np0000156167 devstack@n-api-meta.service[108264]: detected number of CPU cores: 16
Feb 17 20:39:57.136112 np0000156167 devstack@n-api-meta.service[108264]: current working directory: /
Feb 17 20:39:57.136112 np0000156167 devstack@n-api-meta.service[108264]: detected binary path: /opt/stack/data/venv/bin/uwsgi
Feb 17 20:39:57.136112 np0000156167 devstack@n-api-meta.service[108264]: your processes number limit is 256923
Feb 17 20:39:57.136112 np0000156167 devstack@n-api-meta.service[108264]: your memory page size is 4096 bytes
Feb 17 20:39:57.136112 np0000156167 devstack@n-api-meta.service[108264]: detected max file descriptor number: 2048
Feb 17 20:39:57.136112 np0000156167 devstack@n-api-meta.service[108264]: lock engine: pthread robust mutexes
Feb 17 20:39:57.136112 np0000156167 devstack@n-api-meta.service[108264]: thunder lock: enabled
Feb 17 20:39:57.137159 np0000156167 devstack@n-api-meta.service[108264]: uWSGI http bound on 0.0.0.0:8775 fd 5
Feb 17 20:39:57.137159 np0000156167 devstack@n-api-meta.service[108264]: uwsgi socket 0 bound to TCP address 127.0.0.1:40645 (port auto-assigned) fd 4
Feb 17 20:39:57.137159 np0000156167 devstack@n-api-meta.service[108264]: Python version: 3.12.3 (main, Jan 22 2026, 20:57:42) [GCC 13.3.0]
Feb 17 20:39:57.137159 np0000156167 devstack@n-api-meta.service[108264]: PEP 405 virtualenv detected: /opt/stack/data/venv
Feb 17 20:39:57.137159 np0000156167 devstack@n-api-meta.service[108264]: Set PythonHome to /opt/stack/data/venv
Feb 17 20:39:57.174668 np0000156167 devstack@n-api-meta.service[108264]: Python main interpreter initialized at 0x75ccf36a3668
Feb 17 20:39:57.174668 np0000156167 devstack@n-api-meta.service[108264]: python threads support enabled
Feb 17 20:39:57.174668 np0000156167 devstack@n-api-meta.service[108264]: your server socket listen backlog is limited to 100 connections
Feb 17 20:39:57.174668 np0000156167 devstack@n-api-meta.service[108264]: your mercy for graceful operations on workers is 80 seconds
Feb 17 20:39:57.175212 np0000156167 devstack@n-api-meta.service[108264]: mapped 671795 bytes (656 KB) for 4 cores
Feb 17 20:39:57.175361 np0000156167 devstack@n-api-meta.service[108264]: *** Operational MODE: preforking ***
Feb 17 20:39:57.175650 np0000156167 devstack@n-api-meta.service[108264]: *** uWSGI is running in multiple interpreter mode ***
Feb 17 20:39:57.175650 np0000156167 devstack@n-api-meta.service[108264]: spawned uWSGI master process (pid: 108264)
Feb 17 20:39:57.175811 np0000156167 systemd[1]: Started devstack@n-api-meta.service - Devstack devstack@n-api-meta.service.
Feb 17 20:39:57.176355 np0000156167 devstack@n-api-meta.service[108264]: spawned uWSGI worker 1 (pid: 108265, cores: 1)
Feb 17 20:39:57.176890 np0000156167 devstack@n-api-meta.service[108264]: spawned uWSGI worker 2 (pid: 108266, cores: 1)
Feb 17 20:39:57.177299 np0000156167 devstack@n-api-meta.service[108264]: spawned uWSGI worker 3 (pid: 108267, cores: 1)
Feb 17 20:39:57.177854 np0000156167 devstack@n-api-meta.service[108264]: spawned uWSGI worker 4 (pid: 108268, cores: 1)
Feb 17 20:39:57.178333 np0000156167 devstack@n-api-meta.service[108264]: spawned uWSGI http 1 (pid: 108269)
Feb 17 20:39:57.178333 np0000156167 devstack@n-api-meta.service[108264]: running "unix_signal:15 gracefully_kill_them_all" (master-start)...
Feb 17 20:39:57.508088 np0000156167 devstack@n-api-meta.service[108265]: Service is starting with native threading. This is currently experimental. Do not use it in production without first testing it in pre-production.
Feb 17 20:39:57.513520 np0000156167 devstack@n-api-meta.service[108267]: Service is starting with native threading. This is currently experimental. Do not use it in production without first testing it in pre-production.
Feb 17 20:39:57.541881 np0000156167 devstack@n-api-meta.service[108266]: Service is starting with native threading. This is currently experimental. Do not use it in production without first testing it in pre-production.
Feb 17 20:39:57.542567 np0000156167 devstack@n-api-meta.service[108268]: Service is starting with native threading. This is currently experimental. Do not use it in production without first testing it in pre-production.
Feb 17 20:39:58.884407 np0000156167 devstack@n-api-meta.service[108265]: INFO dbcounter [None req-4840c51a-0013-4d1d-9b9c-efb06898db3e None None] Registered counter for database nova_api
Feb 17 20:39:58.903009 np0000156167 devstack@n-api-meta.service[108265]: DEBUG oslo_db.sqlalchemy.engines [None req-4840c51a-0013-4d1d-9b9c-efb06898db3e None None] MySQL server mode set to STRICT_TRANS_TABLES,STRICT_ALL_TABLES,NO_ZERO_IN_DATE,NO_ZERO_DATE,ERROR_FOR_DIVISION_BY_ZERO,TRADITIONAL,NO_ENGINE_SUBSTITUTION {{(pid=108265) _check_effective_sql_mode /opt/stack/data/venv/lib/python3.12/site-packages/oslo_db/sqlalchemy/engines.py:325}}
Feb 17 20:39:58.922173 np0000156167 devstack@n-api-meta.service[108266]: INFO dbcounter [None req-dea064c9-6403-4a59-9e19-bdabbc13f367 None None] Registered counter for database nova_api
Feb 17 20:39:58.929129 np0000156167 devstack@n-api-meta.service[108267]: INFO dbcounter [None req-89ac95af-886f-42c0-8653-75093abc16a9 None None] Registered counter for database nova_api
Feb 17 20:39:58.938335 np0000156167 devstack@n-api-meta.service[108265]: DEBUG dbcounter [-] [108265] Writer thread running {{(pid=108265) stat_writer /opt/stack/data/venv/lib/python3.12/site-packages/dbcounter.py:102}}
Feb 17 20:39:58.938901 np0000156167 devstack@n-api-meta.service[108266]: DEBUG oslo_db.sqlalchemy.engines [None req-dea064c9-6403-4a59-9e19-bdabbc13f367 None None] MySQL server mode set to STRICT_TRANS_TABLES,STRICT_ALL_TABLES,NO_ZERO_IN_DATE,NO_ZERO_DATE,ERROR_FOR_DIVISION_BY_ZERO,TRADITIONAL,NO_ENGINE_SUBSTITUTION {{(pid=108266) _check_effective_sql_mode /opt/stack/data/venv/lib/python3.12/site-packages/oslo_db/sqlalchemy/engines.py:325}}
Feb 17 20:39:58.940643 np0000156167 devstack@n-api-meta.service[108265]: DEBUG nova.context [None req-4840c51a-0013-4d1d-9b9c-efb06898db3e None None] Found 2 cells: 00000000-0000-0000-0000-000000000000(cell0),3d588ea6-b8c0-44bf-9fd8-d3c566a9688b(cell1) {{(pid=108265) load_cells /opt/stack/nova/nova/context.py:509}}
Feb 17 20:39:58.940858 np0000156167 devstack@n-api-meta.service[108265]: INFO nova.utils [None req-4840c51a-0013-4d1d-9b9c-efb06898db3e None None] The cell worker thread pool MainProcess.cell_worker is initialized
Feb 17 20:39:58.942652 np0000156167 devstack@n-api-meta.service[108265]: DEBUG oslo_concurrency.lockutils [None req-4840c51a-0013-4d1d-9b9c-efb06898db3e None None] Acquiring lock "00000000-0000-0000-0000-000000000000" by "nova.context.set_target_cell..get_or_set_cached_cell_and_set_connections" {{(pid=108265) inner /opt/stack/data/venv/lib/python3.12/site-packages/oslo_concurrency/lockutils.py:506}}
Feb 17 20:39:58.942838 np0000156167 devstack@n-api-meta.service[108265]: DEBUG oslo_concurrency.lockutils [None req-4840c51a-0013-4d1d-9b9c-efb06898db3e None None] Lock "00000000-0000-0000-0000-000000000000" acquired by "nova.context.set_target_cell..get_or_set_cached_cell_and_set_connections" :: waited 0.000s {{(pid=108265) inner /opt/stack/data/venv/lib/python3.12/site-packages/oslo_concurrency/lockutils.py:519}}
Feb 17 20:39:58.943194 np0000156167 devstack@n-api-meta.service[108265]: DEBUG oslo_concurrency.lockutils [None req-4840c51a-0013-4d1d-9b9c-efb06898db3e None None] Lock "00000000-0000-0000-0000-000000000000" "released" by "nova.context.set_target_cell..get_or_set_cached_cell_and_set_connections" :: held 0.000s {{(pid=108265) inner /opt/stack/data/venv/lib/python3.12/site-packages/oslo_concurrency/lockutils.py:538}}
Feb 17 20:39:58.943937 np0000156167 devstack@n-api-meta.service[108265]: DEBUG oslo_concurrency.lockutils [None req-4840c51a-0013-4d1d-9b9c-efb06898db3e None None] Acquiring lock "3d588ea6-b8c0-44bf-9fd8-d3c566a9688b" by "nova.context.set_target_cell..get_or_set_cached_cell_and_set_connections" {{(pid=108265) inner /opt/stack/data/venv/lib/python3.12/site-packages/oslo_concurrency/lockutils.py:506}}
Feb 17 20:39:58.944078 np0000156167 devstack@n-api-meta.service[108265]: DEBUG oslo_concurrency.lockutils [None req-4840c51a-0013-4d1d-9b9c-efb06898db3e None None] Lock "3d588ea6-b8c0-44bf-9fd8-d3c566a9688b" acquired by "nova.context.set_target_cell..get_or_set_cached_cell_and_set_connections" :: waited 0.000s {{(pid=108265) inner /opt/stack/data/venv/lib/python3.12/site-packages/oslo_concurrency/lockutils.py:519}}
Feb 17 20:39:58.945042 np0000156167 devstack@n-api-meta.service[108265]: DEBUG oslo_concurrency.lockutils [None req-4840c51a-0013-4d1d-9b9c-efb06898db3e None None] Lock "3d588ea6-b8c0-44bf-9fd8-d3c566a9688b" "released" by "nova.context.set_target_cell..get_or_set_cached_cell_and_set_connections" :: held 0.001s {{(pid=108265) inner /opt/stack/data/venv/lib/python3.12/site-packages/oslo_concurrency/lockutils.py:538}}
Feb 17 20:39:58.945943 np0000156167 devstack@n-api-meta.service[108267]: DEBUG oslo_db.sqlalchemy.engines [None req-89ac95af-886f-42c0-8653-75093abc16a9 None None] MySQL server mode set to STRICT_TRANS_TABLES,STRICT_ALL_TABLES,NO_ZERO_IN_DATE,NO_ZERO_DATE,ERROR_FOR_DIVISION_BY_ZERO,TRADITIONAL,NO_ENGINE_SUBSTITUTION {{(pid=108267) _check_effective_sql_mode /opt/stack/data/venv/lib/python3.12/site-packages/oslo_db/sqlalchemy/engines.py:325}}
Feb 17 20:39:58.947171 np0000156167 devstack@n-api-meta.service[108265]: INFO dbcounter [None req-4840c51a-0013-4d1d-9b9c-efb06898db3e None None] Registered counter for database nova_cell0
Feb 17 20:39:58.951077 np0000156167 devstack@n-api-meta.service[108265]: INFO dbcounter [None req-4840c51a-0013-4d1d-9b9c-efb06898db3e None None] Registered counter for database nova_cell1
Feb 17 20:39:58.952714 np0000156167 devstack@n-api-meta.service[108268]: INFO dbcounter [None req-ed9a5e68-0e31-4787-b6e2-355bc1e9ea3f None None] Registered counter for database nova_api
Feb 17 20:39:58.959978 np0000156167 devstack@n-api-meta.service[108265]: DEBUG oslo_db.sqlalchemy.engines [None req-4840c51a-0013-4d1d-9b9c-efb06898db3e None None] MySQL server mode set to STRICT_TRANS_TABLES,STRICT_ALL_TABLES,NO_ZERO_IN_DATE,NO_ZERO_DATE,ERROR_FOR_DIVISION_BY_ZERO,TRADITIONAL,NO_ENGINE_SUBSTITUTION {{(pid=108265) _check_effective_sql_mode /opt/stack/data/venv/lib/python3.12/site-packages/oslo_db/sqlalchemy/engines.py:325}}
Feb 17 20:39:58.965583 np0000156167 devstack@n-api-meta.service[108265]: DEBUG oslo_db.sqlalchemy.engines [None req-4840c51a-0013-4d1d-9b9c-efb06898db3e None None] MySQL server mode set to STRICT_TRANS_TABLES,STRICT_ALL_TABLES,NO_ZERO_IN_DATE,NO_ZERO_DATE,ERROR_FOR_DIVISION_BY_ZERO,TRADITIONAL,NO_ENGINE_SUBSTITUTION {{(pid=108265) _check_effective_sql_mode /opt/stack/data/venv/lib/python3.12/site-packages/oslo_db/sqlalchemy/engines.py:325}}
Feb 17 20:39:58.971306 np0000156167 devstack@n-api-meta.service[108268]: DEBUG oslo_db.sqlalchemy.engines [None req-ed9a5e68-0e31-4787-b6e2-355bc1e9ea3f None None] MySQL server mode set to STRICT_TRANS_TABLES,STRICT_ALL_TABLES,NO_ZERO_IN_DATE,NO_ZERO_DATE,ERROR_FOR_DIVISION_BY_ZERO,TRADITIONAL,NO_ENGINE_SUBSTITUTION {{(pid=108268) _check_effective_sql_mode /opt/stack/data/venv/lib/python3.12/site-packages/oslo_db/sqlalchemy/engines.py:325}}
Feb 17 20:39:58.973912 np0000156167 devstack@n-api-meta.service[108266]: DEBUG dbcounter [-] [108266] Writer thread running {{(pid=108266) stat_writer /opt/stack/data/venv/lib/python3.12/site-packages/dbcounter.py:102}}
Feb 17 20:39:58.976008 np0000156167 devstack@n-api-meta.service[108267]: DEBUG dbcounter [-] [108267] Writer thread running {{(pid=108267) stat_writer /opt/stack/data/venv/lib/python3.12/site-packages/dbcounter.py:102}}
Feb 17 20:39:58.977761 np0000156167 devstack@n-api-meta.service[108266]: DEBUG nova.context [None req-dea064c9-6403-4a59-9e19-bdabbc13f367 None None] Found 2 cells: 00000000-0000-0000-0000-000000000000(cell0),3d588ea6-b8c0-44bf-9fd8-d3c566a9688b(cell1) {{(pid=108266) load_cells /opt/stack/nova/nova/context.py:509}}
Feb 17 20:39:58.977897 np0000156167 devstack@n-api-meta.service[108266]: INFO nova.utils [None req-dea064c9-6403-4a59-9e19-bdabbc13f367 None None] The cell worker thread pool MainProcess.cell_worker is initialized
Feb 17 20:39:58.978036 np0000156167 devstack@n-api-meta.service[108267]: DEBUG nova.context [None req-89ac95af-886f-42c0-8653-75093abc16a9 None None] Found 2 cells: 00000000-0000-0000-0000-000000000000(cell0),3d588ea6-b8c0-44bf-9fd8-d3c566a9688b(cell1) {{(pid=108267) load_cells /opt/stack/nova/nova/context.py:509}}
Feb 17 20:39:58.978257 np0000156167 devstack@n-api-meta.service[108267]: INFO nova.utils [None req-89ac95af-886f-42c0-8653-75093abc16a9 None None] The cell worker thread pool MainProcess.cell_worker is initialized
Feb 17 20:39:58.979550 np0000156167 devstack@n-api-meta.service[108266]: DEBUG oslo_concurrency.lockutils [None req-dea064c9-6403-4a59-9e19-bdabbc13f367 None None] Acquiring lock "00000000-0000-0000-0000-000000000000" by "nova.context.set_target_cell..get_or_set_cached_cell_and_set_connections" {{(pid=108266) inner /opt/stack/data/venv/lib/python3.12/site-packages/oslo_concurrency/lockutils.py:506}}
Feb 17 20:39:58.979723 np0000156167 devstack@n-api-meta.service[108266]: DEBUG oslo_concurrency.lockutils [None req-dea064c9-6403-4a59-9e19-bdabbc13f367 None None] Lock "00000000-0000-0000-0000-000000000000" acquired by "nova.context.set_target_cell..get_or_set_cached_cell_and_set_connections" :: waited 0.000s {{(pid=108266) inner /opt/stack/data/venv/lib/python3.12/site-packages/oslo_concurrency/lockutils.py:519}}
Feb 17 20:39:58.979910 np0000156167 devstack@n-api-meta.service[108267]: DEBUG oslo_concurrency.lockutils [None req-89ac95af-886f-42c0-8653-75093abc16a9 None None] Acquiring lock "00000000-0000-0000-0000-000000000000" by "nova.context.set_target_cell..get_or_set_cached_cell_and_set_connections" {{(pid=108267) inner /opt/stack/data/venv/lib/python3.12/site-packages/oslo_concurrency/lockutils.py:506}}
Feb 17 20:39:58.980038 np0000156167 devstack@n-api-meta.service[108266]: DEBUG oslo_concurrency.lockutils [None req-dea064c9-6403-4a59-9e19-bdabbc13f367 None None] Lock "00000000-0000-0000-0000-000000000000" "released" by "nova.context.set_target_cell..get_or_set_cached_cell_and_set_connections" :: held 0.000s {{(pid=108266) inner /opt/stack/data/venv/lib/python3.12/site-packages/oslo_concurrency/lockutils.py:538}}
Feb 17 20:39:58.980115 np0000156167 devstack@n-api-meta.service[108267]: DEBUG oslo_concurrency.lockutils [None req-89ac95af-886f-42c0-8653-75093abc16a9 None None] Lock "00000000-0000-0000-0000-000000000000" acquired by "nova.context.set_target_cell..get_or_set_cached_cell_and_set_connections" :: waited 0.000s {{(pid=108267) inner /opt/stack/data/venv/lib/python3.12/site-packages/oslo_concurrency/lockutils.py:519}}
Feb 17 20:39:58.980391 np0000156167 devstack@n-api-meta.service[108267]: DEBUG oslo_concurrency.lockutils [None req-89ac95af-886f-42c0-8653-75093abc16a9 None None] Lock "00000000-0000-0000-0000-000000000000" "released" by "nova.context.set_target_cell..get_or_set_cached_cell_and_set_connections" :: held 0.000s {{(pid=108267) inner /opt/stack/data/venv/lib/python3.12/site-packages/oslo_concurrency/lockutils.py:538}}
Feb 17 20:39:58.980680 np0000156167 devstack@n-api-meta.service[108266]: DEBUG oslo_concurrency.lockutils [None req-dea064c9-6403-4a59-9e19-bdabbc13f367 None None] Acquiring lock "3d588ea6-b8c0-44bf-9fd8-d3c566a9688b" by "nova.context.set_target_cell..get_or_set_cached_cell_and_set_connections" {{(pid=108266) inner /opt/stack/data/venv/lib/python3.12/site-packages/oslo_concurrency/lockutils.py:506}}
Feb 17 20:39:58.980813 np0000156167 devstack@n-api-meta.service[108266]: DEBUG oslo_concurrency.lockutils [None req-dea064c9-6403-4a59-9e19-bdabbc13f367 None None] Lock "3d588ea6-b8c0-44bf-9fd8-d3c566a9688b" acquired by "nova.context.set_target_cell..get_or_set_cached_cell_and_set_connections" :: waited 0.000s {{(pid=108266) inner /opt/stack/data/venv/lib/python3.12/site-packages/oslo_concurrency/lockutils.py:519}}
Feb 17 20:39:58.981027 np0000156167 devstack@n-api-meta.service[108267]: DEBUG oslo_concurrency.lockutils [None req-89ac95af-886f-42c0-8653-75093abc16a9 None None] Acquiring lock "3d588ea6-b8c0-44bf-9fd8-d3c566a9688b" by "nova.context.set_target_cell..get_or_set_cached_cell_and_set_connections" {{(pid=108267) inner /opt/stack/data/venv/lib/python3.12/site-packages/oslo_concurrency/lockutils.py:506}}
Feb 17 20:39:58.981167 np0000156167 devstack@n-api-meta.service[108267]: DEBUG oslo_concurrency.lockutils [None req-89ac95af-886f-42c0-8653-75093abc16a9 None None] Lock "3d588ea6-b8c0-44bf-9fd8-d3c566a9688b" acquired by "nova.context.set_target_cell..get_or_set_cached_cell_and_set_connections" :: waited 0.000s {{(pid=108267) inner /opt/stack/data/venv/lib/python3.12/site-packages/oslo_concurrency/lockutils.py:519}}
Feb 17 20:39:58.981676 np0000156167 devstack@n-api-meta.service[108266]: DEBUG oslo_concurrency.lockutils [None req-dea064c9-6403-4a59-9e19-bdabbc13f367 None None] Lock "3d588ea6-b8c0-44bf-9fd8-d3c566a9688b" "released" by "nova.context.set_target_cell..get_or_set_cached_cell_and_set_connections" :: held 0.001s {{(pid=108266) inner /opt/stack/data/venv/lib/python3.12/site-packages/oslo_concurrency/lockutils.py:538}}
Feb 17 20:39:58.981985 np0000156167 devstack@n-api-meta.service[108267]: DEBUG oslo_concurrency.lockutils [None req-89ac95af-886f-42c0-8653-75093abc16a9 None None] Lock "3d588ea6-b8c0-44bf-9fd8-d3c566a9688b" "released" by "nova.context.set_target_cell..get_or_set_cached_cell_and_set_connections" :: held 0.001s {{(pid=108267) inner /opt/stack/data/venv/lib/python3.12/site-packages/oslo_concurrency/lockutils.py:538}}
Feb 17 20:39:58.983739 np0000156167 devstack@n-api-meta.service[108266]: INFO dbcounter [None req-dea064c9-6403-4a59-9e19-bdabbc13f367 None None] Registered counter for database nova_cell0
Feb 17 20:39:58.984153 np0000156167 devstack@n-api-meta.service[108267]: INFO dbcounter [None req-89ac95af-886f-42c0-8653-75093abc16a9 None None] Registered counter for database nova_cell0
Feb 17 20:39:58.987476 np0000156167 devstack@n-api-meta.service[108266]: INFO dbcounter [None req-dea064c9-6403-4a59-9e19-bdabbc13f367 None None] Registered counter for database nova_cell1
Feb 17 20:39:58.989695 np0000156167 devstack@n-api-meta.service[108267]: INFO dbcounter [None req-89ac95af-886f-42c0-8653-75093abc16a9 None None] Registered counter for database nova_cell1
Feb 17 20:39:58.997118 np0000156167 devstack@n-api-meta.service[108266]: DEBUG oslo_db.sqlalchemy.engines [None req-dea064c9-6403-4a59-9e19-bdabbc13f367 None None] MySQL server mode set to STRICT_TRANS_TABLES,STRICT_ALL_TABLES,NO_ZERO_IN_DATE,NO_ZERO_DATE,ERROR_FOR_DIVISION_BY_ZERO,TRADITIONAL,NO_ENGINE_SUBSTITUTION {{(pid=108266) _check_effective_sql_mode /opt/stack/data/venv/lib/python3.12/site-packages/oslo_db/sqlalchemy/engines.py:325}}
Feb 17 20:39:59.001770 np0000156167 devstack@n-api-meta.service[108268]: DEBUG dbcounter [-] [108268] Writer thread running {{(pid=108268) stat_writer /opt/stack/data/venv/lib/python3.12/site-packages/dbcounter.py:102}}
Feb 17 20:39:59.003758 np0000156167 devstack@n-api-meta.service[108268]: DEBUG nova.context [None req-ed9a5e68-0e31-4787-b6e2-355bc1e9ea3f None None] Found 2 cells: 00000000-0000-0000-0000-000000000000(cell0),3d588ea6-b8c0-44bf-9fd8-d3c566a9688b(cell1) {{(pid=108268) load_cells /opt/stack/nova/nova/context.py:509}}
Feb 17 20:39:59.003923 np0000156167 devstack@n-api-meta.service[108268]: INFO nova.utils [None req-ed9a5e68-0e31-4787-b6e2-355bc1e9ea3f None None] The cell worker thread pool MainProcess.cell_worker is initialized
Feb 17 20:39:59.005643 np0000156167 devstack@n-api-meta.service[108268]: DEBUG oslo_concurrency.lockutils [None req-ed9a5e68-0e31-4787-b6e2-355bc1e9ea3f None None] Acquiring lock "00000000-0000-0000-0000-000000000000" by "nova.context.set_target_cell..get_or_set_cached_cell_and_set_connections" {{(pid=108268) inner /opt/stack/data/venv/lib/python3.12/site-packages/oslo_concurrency/lockutils.py:506}}
Feb 17 20:39:59.005777 np0000156167 devstack@n-api-meta.service[108268]: DEBUG oslo_concurrency.lockutils [None req-ed9a5e68-0e31-4787-b6e2-355bc1e9ea3f None None] Lock "00000000-0000-0000-0000-000000000000" acquired by "nova.context.set_target_cell..get_or_set_cached_cell_and_set_connections" :: waited 0.000s {{(pid=108268) inner /opt/stack/data/venv/lib/python3.12/site-packages/oslo_concurrency/lockutils.py:519}}
Feb 17 20:39:59.006126 np0000156167 devstack@n-api-meta.service[108268]: DEBUG oslo_concurrency.lockutils [None req-ed9a5e68-0e31-4787-b6e2-355bc1e9ea3f None None] Lock "00000000-0000-0000-0000-000000000000" "released" by "nova.context.set_target_cell..get_or_set_cached_cell_and_set_connections" :: held 0.000s {{(pid=108268) inner /opt/stack/data/venv/lib/python3.12/site-packages/oslo_concurrency/lockutils.py:538}}
Feb 17 20:39:59.006727 np0000156167 devstack@n-api-meta.service[108268]: DEBUG oslo_concurrency.lockutils [None req-ed9a5e68-0e31-4787-b6e2-355bc1e9ea3f None None] Acquiring lock "3d588ea6-b8c0-44bf-9fd8-d3c566a9688b" by "nova.context.set_target_cell..get_or_set_cached_cell_and_set_connections" {{(pid=108268) inner /opt/stack/data/venv/lib/python3.12/site-packages/oslo_concurrency/lockutils.py:506}}
Feb 17 20:39:59.006890 np0000156167 devstack@n-api-meta.service[108268]: DEBUG oslo_concurrency.lockutils [None req-ed9a5e68-0e31-4787-b6e2-355bc1e9ea3f None None] Lock "3d588ea6-b8c0-44bf-9fd8-d3c566a9688b" acquired by "nova.context.set_target_cell..get_or_set_cached_cell_and_set_connections" :: waited 0.000s {{(pid=108268) inner /opt/stack/data/venv/lib/python3.12/site-packages/oslo_concurrency/lockutils.py:519}}
Feb 17 20:39:59.007867 np0000156167 devstack@n-api-meta.service[108268]: DEBUG oslo_concurrency.lockutils [None req-ed9a5e68-0e31-4787-b6e2-355bc1e9ea3f None None] Lock "3d588ea6-b8c0-44bf-9fd8-d3c566a9688b" "released" by "nova.context.set_target_cell..get_or_set_cached_cell_and_set_connections" :: held 0.001s {{(pid=108268) inner /opt/stack/data/venv/lib/python3.12/site-packages/oslo_concurrency/lockutils.py:538}}
Feb 17 20:39:59.009747 np0000156167 devstack@n-api-meta.service[108268]: INFO dbcounter [None req-ed9a5e68-0e31-4787-b6e2-355bc1e9ea3f None None] Registered counter for database nova_cell0
Feb 17 20:39:59.009912 np0000156167 devstack@n-api-meta.service[108266]: DEBUG oslo_db.sqlalchemy.engines [None req-dea064c9-6403-4a59-9e19-bdabbc13f367 None None] MySQL server mode set to STRICT_TRANS_TABLES,STRICT_ALL_TABLES,NO_ZERO_IN_DATE,NO_ZERO_DATE,ERROR_FOR_DIVISION_BY_ZERO,TRADITIONAL,NO_ENGINE_SUBSTITUTION {{(pid=108266) _check_effective_sql_mode /opt/stack/data/venv/lib/python3.12/site-packages/oslo_db/sqlalchemy/engines.py:325}}
Feb 17 20:39:59.010822 np0000156167 devstack@n-api-meta.service[108267]: DEBUG oslo_db.sqlalchemy.engines [None req-89ac95af-886f-42c0-8653-75093abc16a9 None None] MySQL server mode set to STRICT_TRANS_TABLES,STRICT_ALL_TABLES,NO_ZERO_IN_DATE,NO_ZERO_DATE,ERROR_FOR_DIVISION_BY_ZERO,TRADITIONAL,NO_ENGINE_SUBSTITUTION {{(pid=108267) _check_effective_sql_mode /opt/stack/data/venv/lib/python3.12/site-packages/oslo_db/sqlalchemy/engines.py:325}}
Feb 17 20:39:59.015290 np0000156167 devstack@n-api-meta.service[108268]: INFO dbcounter [None req-ed9a5e68-0e31-4787-b6e2-355bc1e9ea3f None None] Registered counter for database nova_cell1
Feb 17 20:39:59.016762 np0000156167 devstack@n-api-meta.service[108267]: DEBUG oslo_db.sqlalchemy.engines [None req-89ac95af-886f-42c0-8653-75093abc16a9 None None] MySQL server mode set to STRICT_TRANS_TABLES,STRICT_ALL_TABLES,NO_ZERO_IN_DATE,NO_ZERO_DATE,ERROR_FOR_DIVISION_BY_ZERO,TRADITIONAL,NO_ENGINE_SUBSTITUTION {{(pid=108267) _check_effective_sql_mode /opt/stack/data/venv/lib/python3.12/site-packages/oslo_db/sqlalchemy/engines.py:325}}
Feb 17 20:39:59.027467 np0000156167 devstack@n-api-meta.service[108268]: DEBUG oslo_db.sqlalchemy.engines [None req-ed9a5e68-0e31-4787-b6e2-355bc1e9ea3f None None] MySQL server mode set to STRICT_TRANS_TABLES,STRICT_ALL_TABLES,NO_ZERO_IN_DATE,NO_ZERO_DATE,ERROR_FOR_DIVISION_BY_ZERO,TRADITIONAL,NO_ENGINE_SUBSTITUTION {{(pid=108268) _check_effective_sql_mode /opt/stack/data/venv/lib/python3.12/site-packages/oslo_db/sqlalchemy/engines.py:325}}
Feb 17 20:39:59.033466 np0000156167 devstack@n-api-meta.service[108268]: DEBUG oslo_db.sqlalchemy.engines [None req-ed9a5e68-0e31-4787-b6e2-355bc1e9ea3f None None] MySQL server mode set to STRICT_TRANS_TABLES,STRICT_ALL_TABLES,NO_ZERO_IN_DATE,NO_ZERO_DATE,ERROR_FOR_DIVISION_BY_ZERO,TRADITIONAL,NO_ENGINE_SUBSTITUTION {{(pid=108268) _check_effective_sql_mode /opt/stack/data/venv/lib/python3.12/site-packages/oslo_db/sqlalchemy/engines.py:325}}
Feb 17 20:39:59.058253 np0000156167 devstack@n-api-meta.service[108265]: DEBUG dbcounter [-] [108265] Writer thread running {{(pid=108265) stat_writer /opt/stack/data/venv/lib/python3.12/site-packages/dbcounter.py:102}}
Feb 17 20:39:59.058875 np0000156167 devstack@n-api-meta.service[108265]: DEBUG dbcounter [-] [108265] Writer thread running {{(pid=108265) stat_writer /opt/stack/data/venv/lib/python3.12/site-packages/dbcounter.py:102}}
Feb 17 20:39:59.064652 np0000156167 devstack@n-api-meta.service[108265]: INFO dbcounter [None req-4840c51a-0013-4d1d-9b9c-efb06898db3e None None] Registered counter for database nova_cell0
Feb 17 20:39:59.074743 np0000156167 devstack@n-api-meta.service[108265]: DEBUG oslo_db.sqlalchemy.engines [None req-4840c51a-0013-4d1d-9b9c-efb06898db3e None None] MySQL server mode set to STRICT_TRANS_TABLES,STRICT_ALL_TABLES,NO_ZERO_IN_DATE,NO_ZERO_DATE,ERROR_FOR_DIVISION_BY_ZERO,TRADITIONAL,NO_ENGINE_SUBSTITUTION {{(pid=108265) _check_effective_sql_mode /opt/stack/data/venv/lib/python3.12/site-packages/oslo_db/sqlalchemy/engines.py:325}}
Feb 17 20:39:59.082042 np0000156167 devstack@n-api-meta.service[108265]: DEBUG dbcounter [-] [108265] Writer thread running {{(pid=108265) stat_writer /opt/stack/data/venv/lib/python3.12/site-packages/dbcounter.py:102}}
Feb 17 20:39:59.095402 np0000156167 devstack@n-api-meta.service[108266]: DEBUG dbcounter [-] [108266] Writer thread running {{(pid=108266) stat_writer /opt/stack/data/venv/lib/python3.12/site-packages/dbcounter.py:102}}
Feb 17 20:39:59.102030 np0000156167 devstack@n-api-meta.service[108266]: DEBUG dbcounter [-] [108266] Writer thread running {{(pid=108266) stat_writer /opt/stack/data/venv/lib/python3.12/site-packages/dbcounter.py:102}}
Feb 17 20:39:59.106641 np0000156167 devstack@n-api-meta.service[108266]: INFO dbcounter [None req-dea064c9-6403-4a59-9e19-bdabbc13f367 None None] Registered counter for database nova_cell0
Feb 17 20:39:59.118412 np0000156167 devstack@n-api-meta.service[108266]: DEBUG oslo_db.sqlalchemy.engines [None req-dea064c9-6403-4a59-9e19-bdabbc13f367 None None] MySQL server mode set to STRICT_TRANS_TABLES,STRICT_ALL_TABLES,NO_ZERO_IN_DATE,NO_ZERO_DATE,ERROR_FOR_DIVISION_BY_ZERO,TRADITIONAL,NO_ENGINE_SUBSTITUTION {{(pid=108266) _check_effective_sql_mode /opt/stack/data/venv/lib/python3.12/site-packages/oslo_db/sqlalchemy/engines.py:325}}
Feb 17 20:39:59.118831 np0000156167 devstack@n-api-meta.service[108267]: DEBUG dbcounter [-] [108267] Writer thread running {{(pid=108267) stat_writer /opt/stack/data/venv/lib/python3.12/site-packages/dbcounter.py:102}}
Feb 17 20:39:59.119215 np0000156167 devstack@n-api-meta.service[108267]: DEBUG dbcounter [-] [108267] Writer thread running {{(pid=108267) stat_writer /opt/stack/data/venv/lib/python3.12/site-packages/dbcounter.py:102}}
Feb 17 20:39:59.124768 np0000156167 devstack@n-api-meta.service[108267]: INFO dbcounter [None req-89ac95af-886f-42c0-8653-75093abc16a9 None None] Registered counter for database nova_cell0
Feb 17 20:39:59.126808 np0000156167 devstack@n-api-meta.service[108265]: WARNING nova.api.metadata.handler [None req-4840c51a-0013-4d1d-9b9c-efb06898db3e None None] metadata_proxy_shared_secret is not configured, the metadata information returned by the proxy cannot be trusted
Feb 17 20:39:59.127466 np0000156167 devstack@n-api-meta.service[108266]: DEBUG dbcounter [-] [108266] Writer thread running {{(pid=108266) stat_writer /opt/stack/data/venv/lib/python3.12/site-packages/dbcounter.py:102}}
Feb 17 20:39:59.128947 np0000156167 devstack@n-api-meta.service[108268]: DEBUG dbcounter [-] [108268] Writer thread running {{(pid=108268) stat_writer /opt/stack/data/venv/lib/python3.12/site-packages/dbcounter.py:102}}
Feb 17 20:39:59.129151 np0000156167 devstack@n-api-meta.service[108265]: DEBUG nova.api.openstack.wsgi_app [None req-4840c51a-0013-4d1d-9b9c-efb06898db3e None None] ******************************************************************************** {{(pid=108265) log_opt_values /opt/stack/data/venv/lib/python3.12/site-packages/oslo_config/cfg.py:2804}}
Feb 17 20:39:59.129151 np0000156167 devstack@n-api-meta.service[108265]: DEBUG nova.api.openstack.wsgi_app [None req-4840c51a-0013-4d1d-9b9c-efb06898db3e None None] Configuration options gathered from: {{(pid=108265) log_opt_values /opt/stack/data/venv/lib/python3.12/site-packages/oslo_config/cfg.py:2805}}
Feb 17 20:39:59.129295 np0000156167 devstack@n-api-meta.service[108265]: DEBUG nova.api.openstack.wsgi_app [None req-4840c51a-0013-4d1d-9b9c-efb06898db3e None None] command line args: [] {{(pid=108265) log_opt_values /opt/stack/data/venv/lib/python3.12/site-packages/oslo_config/cfg.py:2806}}
Feb 17 20:39:59.129428 np0000156167 devstack@n-api-meta.service[108265]: DEBUG nova.api.openstack.wsgi_app [None req-4840c51a-0013-4d1d-9b9c-efb06898db3e None None] config files: ['/etc/nova/api-paste.ini', '/etc/nova/nova.conf'] {{(pid=108265) log_opt_values /opt/stack/data/venv/lib/python3.12/site-packages/oslo_config/cfg.py:2807}}
Feb 17 20:39:59.129549 np0000156167 devstack@n-api-meta.service[108265]: DEBUG nova.api.openstack.wsgi_app [None req-4840c51a-0013-4d1d-9b9c-efb06898db3e None None] ================================================================================ {{(pid=108265) log_opt_values /opt/stack/data/venv/lib/python3.12/site-packages/oslo_config/cfg.py:2809}}
Feb 17 20:39:59.129837 np0000156167 devstack@n-api-meta.service[108265]: DEBUG nova.api.openstack.wsgi_app [None req-4840c51a-0013-4d1d-9b9c-efb06898db3e None None] allow_resize_to_same_host = True {{(pid=108265) log_opt_values /opt/stack/data/venv/lib/python3.12/site-packages/oslo_config/cfg.py:2817}}
Feb 17 20:39:59.129837 np0000156167 devstack@n-api-meta.service[108265]: DEBUG nova.api.openstack.wsgi_app [None req-4840c51a-0013-4d1d-9b9c-efb06898db3e None None] arq_binding_timeout = 300 {{(pid=108265) log_opt_values /opt/stack/data/venv/lib/python3.12/site-packages/oslo_config/cfg.py:2817}}
Feb 17 20:39:59.129997 np0000156167 devstack@n-api-meta.service[108265]: DEBUG nova.api.openstack.wsgi_app [None req-4840c51a-0013-4d1d-9b9c-efb06898db3e None None] block_device_allocate_retries = 60 {{(pid=108265) log_opt_values /opt/stack/data/venv/lib/python3.12/site-packages/oslo_config/cfg.py:2817}}
Feb 17 20:39:59.130219 np0000156167 devstack@n-api-meta.service[108265]: DEBUG nova.api.openstack.wsgi_app [None req-4840c51a-0013-4d1d-9b9c-efb06898db3e None None] block_device_allocate_retries_interval = 3 {{(pid=108265) log_opt_values /opt/stack/data/venv/lib/python3.12/site-packages/oslo_config/cfg.py:2817}}
Feb 17 20:39:59.130219 np0000156167 devstack@n-api-meta.service[108265]: DEBUG nova.api.openstack.wsgi_app [None req-4840c51a-0013-4d1d-9b9c-efb06898db3e None None] cell_worker_thread_pool_size = 5 {{(pid=108265) log_opt_values /opt/stack/data/venv/lib/python3.12/site-packages/oslo_config/cfg.py:2817}}
Feb 17 20:39:59.130439 np0000156167 devstack@n-api-meta.service[108265]: DEBUG nova.api.openstack.wsgi_app [None req-4840c51a-0013-4d1d-9b9c-efb06898db3e None None] cert = self.pem {{(pid=108265) log_opt_values /opt/stack/data/venv/lib/python3.12/site-packages/oslo_config/cfg.py:2817}}
Feb 17 20:39:59.130517 np0000156167 devstack@n-api-meta.service[108265]: DEBUG nova.api.openstack.wsgi_app [None req-4840c51a-0013-4d1d-9b9c-efb06898db3e None None] compute_driver = libvirt.LibvirtDriver {{(pid=108265) log_opt_values /opt/stack/data/venv/lib/python3.12/site-packages/oslo_config/cfg.py:2817}}
Feb 17 20:39:59.130659 np0000156167 devstack@n-api-meta.service[108265]: DEBUG nova.api.openstack.wsgi_app [None req-4840c51a-0013-4d1d-9b9c-efb06898db3e None None] compute_monitors = [] {{(pid=108265) log_opt_values /opt/stack/data/venv/lib/python3.12/site-packages/oslo_config/cfg.py:2817}}
Feb 17 20:39:59.130786 np0000156167 devstack@n-api-meta.service[108265]: DEBUG nova.api.openstack.wsgi_app [None req-4840c51a-0013-4d1d-9b9c-efb06898db3e None None] config_dir = [] {{(pid=108265) log_opt_values /opt/stack/data/venv/lib/python3.12/site-packages/oslo_config/cfg.py:2817}}
Feb 17 20:39:59.130923 np0000156167 devstack@n-api-meta.service[108265]: DEBUG nova.api.openstack.wsgi_app [None req-4840c51a-0013-4d1d-9b9c-efb06898db3e None None] config_drive_format = iso9660 {{(pid=108265) log_opt_values /opt/stack/data/venv/lib/python3.12/site-packages/oslo_config/cfg.py:2817}}
Feb 17 20:39:59.131113 np0000156167 devstack@n-api-meta.service[108268]: DEBUG dbcounter [-] [108268] Writer thread running {{(pid=108268) stat_writer /opt/stack/data/venv/lib/python3.12/site-packages/dbcounter.py:102}}
Feb 17 20:39:59.131267 np0000156167 devstack@n-api-meta.service[108265]: DEBUG nova.api.openstack.wsgi_app [None req-4840c51a-0013-4d1d-9b9c-efb06898db3e None None] config_file = ['/etc/nova/api-paste.ini', '/etc/nova/nova.conf'] {{(pid=108265) log_opt_values /opt/stack/data/venv/lib/python3.12/site-packages/oslo_config/cfg.py:2817}}
Feb 17 20:39:59.131413 np0000156167 devstack@n-api-meta.service[108265]: DEBUG nova.api.openstack.wsgi_app [None req-4840c51a-0013-4d1d-9b9c-efb06898db3e None None] config_source = [] {{(pid=108265) log_opt_values /opt/stack/data/venv/lib/python3.12/site-packages/oslo_config/cfg.py:2817}}
Feb 17 20:39:59.131577 np0000156167 devstack@n-api-meta.service[108265]: DEBUG nova.api.openstack.wsgi_app [None req-4840c51a-0013-4d1d-9b9c-efb06898db3e None None] console_host = np0000156167 {{(pid=108265) log_opt_values /opt/stack/data/venv/lib/python3.12/site-packages/oslo_config/cfg.py:2817}}
Feb 17 20:39:59.131700 np0000156167 devstack@n-api-meta.service[108265]: DEBUG nova.api.openstack.wsgi_app [None req-4840c51a-0013-4d1d-9b9c-efb06898db3e None None] control_exchange = nova {{(pid=108265) log_opt_values /opt/stack/data/venv/lib/python3.12/site-packages/oslo_config/cfg.py:2817}}
Feb 17 20:39:59.131851 np0000156167 devstack@n-api-meta.service[108265]: DEBUG nova.api.openstack.wsgi_app [None req-4840c51a-0013-4d1d-9b9c-efb06898db3e None None] cpu_allocation_ratio = None {{(pid=108265) log_opt_values /opt/stack/data/venv/lib/python3.12/site-packages/oslo_config/cfg.py:2817}}
Feb 17 20:39:59.131968 np0000156167 devstack@n-api-meta.service[108265]: DEBUG nova.api.openstack.wsgi_app [None req-4840c51a-0013-4d1d-9b9c-efb06898db3e None None] daemon = False {{(pid=108265) log_opt_values /opt/stack/data/venv/lib/python3.12/site-packages/oslo_config/cfg.py:2817}}
Feb 17 20:39:59.132074 np0000156167 devstack@n-api-meta.service[108265]: DEBUG nova.api.openstack.wsgi_app [None req-4840c51a-0013-4d1d-9b9c-efb06898db3e None None] debug = True {{(pid=108265) log_opt_values /opt/stack/data/venv/lib/python3.12/site-packages/oslo_config/cfg.py:2817}}
Feb 17 20:39:59.132212 np0000156167 devstack@n-api-meta.service[108265]: DEBUG nova.api.openstack.wsgi_app [None req-4840c51a-0013-4d1d-9b9c-efb06898db3e None None] default_access_ip_network_name = None {{(pid=108265) log_opt_values /opt/stack/data/venv/lib/python3.12/site-packages/oslo_config/cfg.py:2817}}
Feb 17 20:39:59.132341 np0000156167 devstack@n-api-meta.service[108265]: DEBUG nova.api.openstack.wsgi_app [None req-4840c51a-0013-4d1d-9b9c-efb06898db3e None None] default_availability_zone = nova {{(pid=108265) log_opt_values /opt/stack/data/venv/lib/python3.12/site-packages/oslo_config/cfg.py:2817}}
Feb 17 20:39:59.132481 np0000156167 devstack@n-api-meta.service[108265]: DEBUG nova.api.openstack.wsgi_app [None req-4840c51a-0013-4d1d-9b9c-efb06898db3e None None] default_ephemeral_format = ext4 {{(pid=108265) log_opt_values /opt/stack/data/venv/lib/python3.12/site-packages/oslo_config/cfg.py:2817}}
Feb 17 20:39:59.132645 np0000156167 devstack@n-api-meta.service[108265]: DEBUG nova.api.openstack.wsgi_app [None req-4840c51a-0013-4d1d-9b9c-efb06898db3e None None] default_green_pool_size = 1000 {{(pid=108265) log_opt_values /opt/stack/data/venv/lib/python3.12/site-packages/oslo_config/cfg.py:2817}}
Feb 17 20:39:59.132859 np0000156167 devstack@n-api-meta.service[108265]: DEBUG nova.api.openstack.wsgi_app [None req-4840c51a-0013-4d1d-9b9c-efb06898db3e None None] default_log_levels = ['amqp=WARN', 'boto=WARN', 'sqlalchemy=WARN', 'suds=INFO', 'oslo.messaging=INFO', 'oslo_messaging=INFO', 'iso8601=WARN', 'requests.packages.urllib3.connectionpool=WARN', 'urllib3.connectionpool=WARN', 'websocket=WARN', 'requests.packages.urllib3.util.retry=WARN', 'urllib3.util.retry=WARN', 'keystonemiddleware=WARN', 'routes.middleware=WARN', 'stevedore=WARN', 'taskflow=WARN', 'keystoneauth=WARN', 'oslo.cache=INFO', 'oslo_policy=INFO', 'dogpile.core.dogpile=INFO', 'glanceclient=WARN', 'oslo.privsep.daemon=INFO'] {{(pid=108265) log_opt_values /opt/stack/data/venv/lib/python3.12/site-packages/oslo_config/cfg.py:2817}}
Feb 17 20:39:59.133051 np0000156167 devstack@n-api-meta.service[108265]: DEBUG nova.api.openstack.wsgi_app [None req-4840c51a-0013-4d1d-9b9c-efb06898db3e None None] default_schedule_zone = None {{(pid=108265) log_opt_values /opt/stack/data/venv/lib/python3.12/site-packages/oslo_config/cfg.py:2817}}
Feb 17 20:39:59.133126 np0000156167 devstack@n-api-meta.service[108265]: DEBUG nova.api.openstack.wsgi_app [None req-4840c51a-0013-4d1d-9b9c-efb06898db3e None None] default_thread_pool_size = 10 {{(pid=108265) log_opt_values /opt/stack/data/venv/lib/python3.12/site-packages/oslo_config/cfg.py:2817}}
Feb 17 20:39:59.133253 np0000156167 devstack@n-api-meta.service[108265]: DEBUG nova.api.openstack.wsgi_app [None req-4840c51a-0013-4d1d-9b9c-efb06898db3e None None] disk_allocation_ratio = None {{(pid=108265) log_opt_values /opt/stack/data/venv/lib/python3.12/site-packages/oslo_config/cfg.py:2817}}
Feb 17 20:39:59.133368 np0000156167 devstack@n-api-meta.service[108265]: DEBUG nova.api.openstack.wsgi_app [None req-4840c51a-0013-4d1d-9b9c-efb06898db3e None None] enable_new_services = True {{(pid=108265) log_opt_values /opt/stack/data/venv/lib/python3.12/site-packages/oslo_config/cfg.py:2817}}
Feb 17 20:39:59.133519 np0000156167 devstack@n-api-meta.service[108265]: DEBUG nova.api.openstack.wsgi_app [None req-4840c51a-0013-4d1d-9b9c-efb06898db3e None None] flat_injected = False {{(pid=108265) log_opt_values /opt/stack/data/venv/lib/python3.12/site-packages/oslo_config/cfg.py:2817}}
Feb 17 20:39:59.133678 np0000156167 devstack@n-api-meta.service[108265]: DEBUG nova.api.openstack.wsgi_app [None req-4840c51a-0013-4d1d-9b9c-efb06898db3e None None] force_config_drive = False {{(pid=108265) log_opt_values /opt/stack/data/venv/lib/python3.12/site-packages/oslo_config/cfg.py:2817}}
Feb 17 20:39:59.133805 np0000156167 devstack@n-api-meta.service[108265]: DEBUG nova.api.openstack.wsgi_app [None req-4840c51a-0013-4d1d-9b9c-efb06898db3e None None] force_raw_images = True {{(pid=108265) log_opt_values /opt/stack/data/venv/lib/python3.12/site-packages/oslo_config/cfg.py:2817}}
Feb 17 20:39:59.133913 np0000156167 devstack@n-api-meta.service[108265]: DEBUG nova.api.openstack.wsgi_app [None req-4840c51a-0013-4d1d-9b9c-efb06898db3e None None] graceful_shutdown_timeout = 5 {{(pid=108265) log_opt_values /opt/stack/data/venv/lib/python3.12/site-packages/oslo_config/cfg.py:2817}}
Feb 17 20:39:59.134014 np0000156167 devstack@n-api-meta.service[108265]: DEBUG nova.api.openstack.wsgi_app [None req-4840c51a-0013-4d1d-9b9c-efb06898db3e None None] heal_instance_info_cache_interval = -1 {{(pid=108265) log_opt_values /opt/stack/data/venv/lib/python3.12/site-packages/oslo_config/cfg.py:2817}}
Feb 17 20:39:59.134186 np0000156167 devstack@n-api-meta.service[108265]: DEBUG nova.api.openstack.wsgi_app [None req-4840c51a-0013-4d1d-9b9c-efb06898db3e None None] host = np0000156167 {{(pid=108265) log_opt_values /opt/stack/data/venv/lib/python3.12/site-packages/oslo_config/cfg.py:2817}}
Feb 17 20:39:59.134322 np0000156167 devstack@n-api-meta.service[108265]: DEBUG nova.api.openstack.wsgi_app [None req-4840c51a-0013-4d1d-9b9c-efb06898db3e None None] initial_cpu_allocation_ratio = 4.0 {{(pid=108265) log_opt_values /opt/stack/data/venv/lib/python3.12/site-packages/oslo_config/cfg.py:2817}}
Feb 17 20:39:59.134504 np0000156167 devstack@n-api-meta.service[108265]: DEBUG nova.api.openstack.wsgi_app [None req-4840c51a-0013-4d1d-9b9c-efb06898db3e None None] initial_disk_allocation_ratio = 1.0 {{(pid=108265) log_opt_values /opt/stack/data/venv/lib/python3.12/site-packages/oslo_config/cfg.py:2817}}
Feb 17 20:39:59.134919 np0000156167 devstack@n-api-meta.service[108265]: DEBUG nova.api.openstack.wsgi_app [None req-4840c51a-0013-4d1d-9b9c-efb06898db3e None None] initial_ram_allocation_ratio = 1.0 {{(pid=108265) log_opt_values /opt/stack/data/venv/lib/python3.12/site-packages/oslo_config/cfg.py:2817}}
Feb 17 20:39:59.135102 np0000156167 devstack@n-api-meta.service[108265]: DEBUG nova.api.openstack.wsgi_app [None req-4840c51a-0013-4d1d-9b9c-efb06898db3e None None] injected_network_template = /opt/stack/nova/nova/virt/interfaces.template {{(pid=108265) log_opt_values /opt/stack/data/venv/lib/python3.12/site-packages/oslo_config/cfg.py:2817}}
Feb 17 20:39:59.135249 np0000156167 devstack@n-api-meta.service[108265]: DEBUG nova.api.openstack.wsgi_app [None req-4840c51a-0013-4d1d-9b9c-efb06898db3e None None] instance_build_timeout = 0 {{(pid=108265) log_opt_values /opt/stack/data/venv/lib/python3.12/site-packages/oslo_config/cfg.py:2817}}
Feb 17 20:39:59.135387 np0000156167 devstack@n-api-meta.service[108265]: DEBUG nova.api.openstack.wsgi_app [None req-4840c51a-0013-4d1d-9b9c-efb06898db3e None None] instance_delete_interval = 300 {{(pid=108265) log_opt_values /opt/stack/data/venv/lib/python3.12/site-packages/oslo_config/cfg.py:2817}}
Feb 17 20:39:59.135517 np0000156167 devstack@n-api-meta.service[108265]: DEBUG nova.api.openstack.wsgi_app [None req-4840c51a-0013-4d1d-9b9c-efb06898db3e None None] instance_format = [instance: %(uuid)s] {{(pid=108265) log_opt_values /opt/stack/data/venv/lib/python3.12/site-packages/oslo_config/cfg.py:2817}}
Feb 17 20:39:59.135661 np0000156167 devstack@n-api-meta.service[108265]: DEBUG nova.api.openstack.wsgi_app [None req-4840c51a-0013-4d1d-9b9c-efb06898db3e None None] instance_name_template = instance-%08x {{(pid=108265) log_opt_values /opt/stack/data/venv/lib/python3.12/site-packages/oslo_config/cfg.py:2817}}
Feb 17 20:39:59.135796 np0000156167 devstack@n-api-meta.service[108265]: DEBUG nova.api.openstack.wsgi_app [None req-4840c51a-0013-4d1d-9b9c-efb06898db3e None None] instance_usage_audit = False {{(pid=108265) log_opt_values /opt/stack/data/venv/lib/python3.12/site-packages/oslo_config/cfg.py:2817}}
Feb 17 20:39:59.135932 np0000156167 devstack@n-api-meta.service[108265]: DEBUG nova.api.openstack.wsgi_app [None req-4840c51a-0013-4d1d-9b9c-efb06898db3e None None] instance_usage_audit_period = month {{(pid=108265) log_opt_values /opt/stack/data/venv/lib/python3.12/site-packages/oslo_config/cfg.py:2817}}
Feb 17 20:39:59.136056 np0000156167 devstack@n-api-meta.service[108265]: DEBUG nova.api.openstack.wsgi_app [None req-4840c51a-0013-4d1d-9b9c-efb06898db3e None None] instance_uuid_format = [instance: %(uuid)s] {{(pid=108265) log_opt_values /opt/stack/data/venv/lib/python3.12/site-packages/oslo_config/cfg.py:2817}}
Feb 17 20:39:59.136144 np0000156167 devstack@n-api-meta.service[108267]: DEBUG oslo_db.sqlalchemy.engines [None req-89ac95af-886f-42c0-8653-75093abc16a9 None None] MySQL server mode set to STRICT_TRANS_TABLES,STRICT_ALL_TABLES,NO_ZERO_IN_DATE,NO_ZERO_DATE,ERROR_FOR_DIVISION_BY_ZERO,TRADITIONAL,NO_ENGINE_SUBSTITUTION {{(pid=108267) _check_effective_sql_mode /opt/stack/data/venv/lib/python3.12/site-packages/oslo_db/sqlalchemy/engines.py:325}}
Feb 17 20:39:59.136193 np0000156167 devstack@n-api-meta.service[108265]: DEBUG nova.api.openstack.wsgi_app [None req-4840c51a-0013-4d1d-9b9c-efb06898db3e None None] instances_path = /opt/stack/data/nova/instances {{(pid=108265) log_opt_values /opt/stack/data/venv/lib/python3.12/site-packages/oslo_config/cfg.py:2817}}
Feb 17 20:39:59.136313 np0000156167 devstack@n-api-meta.service[108265]: DEBUG nova.api.openstack.wsgi_app [None req-4840c51a-0013-4d1d-9b9c-efb06898db3e None None] internal_service_availability_zone = internal {{(pid=108265) log_opt_values /opt/stack/data/venv/lib/python3.12/site-packages/oslo_config/cfg.py:2817}}
Feb 17 20:39:59.136444 np0000156167 devstack@n-api-meta.service[108265]: DEBUG nova.api.openstack.wsgi_app [None req-4840c51a-0013-4d1d-9b9c-efb06898db3e None None] key = None {{(pid=108265) log_opt_values /opt/stack/data/venv/lib/python3.12/site-packages/oslo_config/cfg.py:2817}}
Feb 17 20:39:59.136581 np0000156167 devstack@n-api-meta.service[108265]: DEBUG nova.api.openstack.wsgi_app [None req-4840c51a-0013-4d1d-9b9c-efb06898db3e None None] live_migration_retry_count = 30 {{(pid=108265) log_opt_values /opt/stack/data/venv/lib/python3.12/site-packages/oslo_config/cfg.py:2817}}
Feb 17 20:39:59.136713 np0000156167 devstack@n-api-meta.service[108265]: DEBUG nova.api.openstack.wsgi_app [None req-4840c51a-0013-4d1d-9b9c-efb06898db3e None None] log_color = False {{(pid=108265) log_opt_values /opt/stack/data/venv/lib/python3.12/site-packages/oslo_config/cfg.py:2817}}
Feb 17 20:39:59.136856 np0000156167 devstack@n-api-meta.service[108265]: DEBUG nova.api.openstack.wsgi_app [None req-4840c51a-0013-4d1d-9b9c-efb06898db3e None None] log_config_append = None {{(pid=108265) log_opt_values /opt/stack/data/venv/lib/python3.12/site-packages/oslo_config/cfg.py:2817}}
Feb 17 20:39:59.137020 np0000156167 devstack@n-api-meta.service[108265]: DEBUG nova.api.openstack.wsgi_app [None req-4840c51a-0013-4d1d-9b9c-efb06898db3e None None] log_date_format = %Y-%m-%d %H:%M:%S {{(pid=108265) log_opt_values /opt/stack/data/venv/lib/python3.12/site-packages/oslo_config/cfg.py:2817}}
Feb 17 20:39:59.137147 np0000156167 devstack@n-api-meta.service[108265]: DEBUG nova.api.openstack.wsgi_app [None req-4840c51a-0013-4d1d-9b9c-efb06898db3e None None] log_dir = None {{(pid=108265) log_opt_values /opt/stack/data/venv/lib/python3.12/site-packages/oslo_config/cfg.py:2817}}
Feb 17 20:39:59.137275 np0000156167 devstack@n-api-meta.service[108265]: DEBUG nova.api.openstack.wsgi_app [None req-4840c51a-0013-4d1d-9b9c-efb06898db3e None None] log_file = None {{(pid=108265) log_opt_values /opt/stack/data/venv/lib/python3.12/site-packages/oslo_config/cfg.py:2817}}
Feb 17 20:39:59.137377 np0000156167 devstack@n-api-meta.service[108265]: DEBUG nova.api.openstack.wsgi_app [None req-4840c51a-0013-4d1d-9b9c-efb06898db3e None None] log_options = True {{(pid=108265) log_opt_values /opt/stack/data/venv/lib/python3.12/site-packages/oslo_config/cfg.py:2817}}
Feb 17 20:39:59.137504 np0000156167 devstack@n-api-meta.service[108265]: DEBUG nova.api.openstack.wsgi_app [None req-4840c51a-0013-4d1d-9b9c-efb06898db3e None None] log_rotate_interval = 1 {{(pid=108265) log_opt_values /opt/stack/data/venv/lib/python3.12/site-packages/oslo_config/cfg.py:2817}}
Feb 17 20:39:59.137683 np0000156167 devstack@n-api-meta.service[108265]: DEBUG nova.api.openstack.wsgi_app [None req-4840c51a-0013-4d1d-9b9c-efb06898db3e None None] log_rotate_interval_type = days {{(pid=108265) log_opt_values /opt/stack/data/venv/lib/python3.12/site-packages/oslo_config/cfg.py:2817}}
Feb 17 20:39:59.137827 np0000156167 devstack@n-api-meta.service[108265]: DEBUG nova.api.openstack.wsgi_app [None req-4840c51a-0013-4d1d-9b9c-efb06898db3e None None] log_rotation_type = none {{(pid=108265) log_opt_values /opt/stack/data/venv/lib/python3.12/site-packages/oslo_config/cfg.py:2817}}
