Jun 26 01:37:57.265235 np0000183033 devstack@neutron-api.service[103181]: DEBUG neutron.plugins.ml2.drivers.ovn.mech_driver.ovsdb.maintenance [-] Touching Hash Ring node "de528661e8b851c381f08b3d79af0ff7" from periodic health check thread {{(pid=103181) touch_hash_ring_node /opt/stack/neutron/neutron/plugins/ml2/drivers/ovn/mech_driver/ovsdb/maintenance.py:1419}}
Jun 26 01:37:59.567482 np0000183033 devstack@neutron-api.service[103180]: INFO neutron.pecan_wsgi.hooks.translation [None req-5a0f03a4-9acb-49d6-bfe9-49a12567c9b8 admin admin] GET failed (client error): The resource could not be found.
Jun 26 01:37:59.568037 np0000183033 devstack@neutron-api.service[103180]: [pid: 103180|app: 0|req: 23/91] 199.204.45.138 () {64 vars in 1334 bytes} [Fri Jun 26 01:37:59 2026] GET /networking/v2.0/networks/admin_net => generated 111 bytes in 13 msecs (HTTP/1.1 404) 4 headers in 164 bytes (1 switches on core 0)
Jun 26 01:37:59.597488 np0000183033 devstack@neutron-api.service[103179]: [pid: 103179|app: 0|req: 23/92] 199.204.45.138 () {64 vars in 1346 bytes} [Fri Jun 26 01:37:59 2026] GET /networking/v2.0/networks?name=admin_net => generated 15 bytes in 19 msecs (HTTP/1.1 200) 4 headers in 156 bytes (1 switches on core 0)
Jun 26 01:37:59.852953 np0000183033 devstack@neutron-api.service[103181]: DEBUG neutron.api.v2.base [None req-9af37e40-f543-45df-977e-817cdc0f6f94 admin admin] Request body: {'network': {'project_id': '8f2f23f00f964f5b940c75cdb1476948', 'name': 'admin_net', 'admin_state_up': True}} {{(pid=103181) prepare_request_body /opt/stack/neutron/neutron/api/v2/base.py:727}}
Jun 26 01:37:59.871087 np0000183033 devstack@neutron-api.service[103181]: DEBUG neutron.pecan_wsgi.hooks.quota_enforcement [None req-9af37e40-f543-45df-977e-817cdc0f6f94 admin admin] Made reservation on behalf of 8f2f23f00f964f5b940c75cdb1476948 for: {'network': 1} {{(pid=103181) before /opt/stack/neutron/neutron/pecan_wsgi/hooks/quota_enforcement.py:66}}
Jun 26 01:37:59.874346 np0000183033 devstack@neutron-api.service[103181]: DEBUG neutron_lib.callbacks.manager [None req-9af37e40-f543-45df-977e-817cdc0f6f94 admin admin] Publish callbacks ['neutron.plugins.ml2.plugin.SecurityGroupDbMixin._ensure_default_security_group_handler-24240'] for network (None), before_create {{(pid=103181) _notify_loop /opt/stack/data/venv/lib/python3.12/site-packages/neutron_lib/callbacks/manager.py:184}}
Jun 26 01:37:59.879541 np0000183033 devstack@neutron-api.service[103181]: DEBUG neutron_lib.callbacks.manager [None req-9af37e40-f543-45df-977e-817cdc0f6f94 admin admin] Publish callbacks [] for security_group (None), before_create {{(pid=103181) _notify_loop /opt/stack/data/venv/lib/python3.12/site-packages/neutron_lib/callbacks/manager.py:184}}
Jun 26 01:37:59.937815 np0000183033 devstack@neutron-api.service[103181]: DEBUG neutron_lib.callbacks.manager [None req-9af37e40-f543-45df-977e-817cdc0f6f94 admin admin] Publish callbacks ['neutron.plugins.ml2.drivers.ovn.mech_driver.mech_driver.OVNMechanismDriver._create_security_group_precommit-16697793'] for security_group (ac3b1cc5-3a0f-45d7-a444-5856b9b5cf27), precommit_create {{(pid=103181) _notify_loop /opt/stack/data/venv/lib/python3.12/site-packages/neutron_lib/callbacks/manager.py:184}}
Jun 26 01:37:59.938045 np0000183033 devstack@neutron-api.service[103181]: DEBUG neutron.db.ovn_revision_numbers_db [None req-9af37e40-f543-45df-977e-817cdc0f6f94 admin admin] create_initial_revision uuid=ac3b1cc5-3a0f-45d7-a444-5856b9b5cf27, type=security_groups, rev=-1 {{(pid=103181) create_initial_revision /opt/stack/neutron/neutron/db/ovn_revision_numbers_db.py:98}}
Jun 26 01:37:59.939478 np0000183033 devstack@neutron-api.service[103181]: DEBUG neutron.db.ovn_revision_numbers_db [None req-9af37e40-f543-45df-977e-817cdc0f6f94 admin admin] create_initial_revision uuid=605feb84-5f75-4c34-8551-7422115d97b3, type=security_group_rules, rev=-1 {{(pid=103181) create_initial_revision /opt/stack/neutron/neutron/db/ovn_revision_numbers_db.py:98}}
Jun 26 01:37:59.940840 np0000183033 devstack@neutron-api.service[103181]: DEBUG neutron.db.ovn_revision_numbers_db [None req-9af37e40-f543-45df-977e-817cdc0f6f94 admin admin] create_initial_revision uuid=8aa1c208-a124-4fa5-a7cb-b3ad75a14403, type=security_group_rules, rev=-1 {{(pid=103181) create_initial_revision /opt/stack/neutron/neutron/db/ovn_revision_numbers_db.py:98}}
Jun 26 01:37:59.942111 np0000183033 devstack@neutron-api.service[103181]: DEBUG neutron.db.ovn_revision_numbers_db [None req-9af37e40-f543-45df-977e-817cdc0f6f94 admin admin] create_initial_revision uuid=97265cbc-74d6-4e9a-a7e9-976f77442442, type=security_group_rules, rev=-1 {{(pid=103181) create_initial_revision /opt/stack/neutron/neutron/db/ovn_revision_numbers_db.py:98}}
Jun 26 01:37:59.943395 np0000183033 devstack@neutron-api.service[103181]: DEBUG neutron.db.ovn_revision_numbers_db [None req-9af37e40-f543-45df-977e-817cdc0f6f94 admin admin] create_initial_revision uuid=f00295c7-eb69-4d05-856f-aaa7ec91eab3, type=security_group_rules, rev=-1 {{(pid=103181) create_initial_revision /opt/stack/neutron/neutron/db/ovn_revision_numbers_db.py:98}}
Jun 26 01:37:59.950603 np0000183033 devstack@neutron-api.service[103181]: DEBUG neutron_lib.callbacks.manager [None req-9af37e40-f543-45df-977e-817cdc0f6f94 admin admin] Publish callbacks ['neutron.plugins.ml2.drivers.ovn.mech_driver.mech_driver.OVNMechanismDriver._create_security_group-16697803', 'neutron.plugins.ml2.ovo_rpc._ObjectChangeHandler.handle_event-15629560'] for security_group (ac3b1cc5-3a0f-45d7-a444-5856b9b5cf27), after_create {{(pid=103181) _notify_loop /opt/stack/data/venv/lib/python3.12/site-packages/neutron_lib/callbacks/manager.py:184}}
Jun 26 01:37:59.951539 np0000183033 devstack@neutron-api.service[103181]: DEBUG ovsdbapp.backend.ovs_idl.transaction [None req-52cd6311-981f-4d3b-bd8a-02c945100352 None None] Running txn n=1 command(idx=0): PgAddCommand(_result=None, name=pg_ac3b1cc5_3a0f_45d7_a444_5856b9b5cf27, may_exist=False, columns={'acls': [], 'external_ids': {'neutron:security_group_id': 'ac3b1cc5-3a0f-45d7-a444-5856b9b5cf27'}}) {{(pid=103181) do_commit /opt/stack/data/venv/lib/python3.12/site-packages/ovsdbapp/backend/ovs_idl/transaction.py:89}}
Jun 26 01:37:59.952093 np0000183033 devstack@neutron-api.service[103181]: DEBUG ovsdbapp.backend.ovs_idl.transaction [None req-52cd6311-981f-4d3b-bd8a-02c945100352 None None] Running txn n=1 command(idx=1): PgAclAddCommand(_result=None, entity=pg_ac3b1cc5_3a0f_45d7_a444_5856b9b5cf27, direction=from-lport, priority=1002, match=inport == @pg_ac3b1cc5_3a0f_45d7_a444_5856b9b5cf27 && ip6, action=allow-related, log=False, may_exist=True, severity=[], name=[], meter=[], external_ids={'neutron:security_group_rule_id': '605feb84-5f75-4c34-8551-7422115d97b3'}) {{(pid=103181) do_commit /opt/stack/data/venv/lib/python3.12/site-packages/ovsdbapp/backend/ovs_idl/transaction.py:89}}
Jun 26 01:37:59.952729 np0000183033 devstack@neutron-api.service[103181]: DEBUG ovsdbapp.backend.ovs_idl.transaction [None req-52cd6311-981f-4d3b-bd8a-02c945100352 None None] Running txn n=1 command(idx=2): PgAclAddCommand(_result=None, entity=pg_ac3b1cc5_3a0f_45d7_a444_5856b9b5cf27, direction=to-lport, priority=1002, match=outport == @pg_ac3b1cc5_3a0f_45d7_a444_5856b9b5cf27 && ip6 && ip6.src == $pg_ac3b1cc5_3a0f_45d7_a444_5856b9b5cf27_ip6, action=allow-related, log=False, may_exist=True, severity=[], name=[], meter=[], external_ids={'neutron:security_group_rule_id': '8aa1c208-a124-4fa5-a7cb-b3ad75a14403'}) {{(pid=103181) do_commit /opt/stack/data/venv/lib/python3.12/site-packages/ovsdbapp/backend/ovs_idl/transaction.py:89}}
Jun 26 01:37:59.953320 np0000183033 devstack@neutron-api.service[103181]: DEBUG ovsdbapp.backend.ovs_idl.transaction [None req-52cd6311-981f-4d3b-bd8a-02c945100352 None None] Running txn n=1 command(idx=3): PgAclAddCommand(_result=None, entity=pg_ac3b1cc5_3a0f_45d7_a444_5856b9b5cf27, direction=to-lport, priority=1002, match=outport == @pg_ac3b1cc5_3a0f_45d7_a444_5856b9b5cf27 && ip4 && ip4.src == $pg_ac3b1cc5_3a0f_45d7_a444_5856b9b5cf27_ip4, action=allow-related, log=False, may_exist=True, severity=[], name=[], meter=[], external_ids={'neutron:security_group_rule_id': '97265cbc-74d6-4e9a-a7e9-976f77442442'}) {{(pid=103181) do_commit /opt/stack/data/venv/lib/python3.12/site-packages/ovsdbapp/backend/ovs_idl/transaction.py:89}}
Jun 26 01:37:59.953794 np0000183033 devstack@neutron-api.service[103181]: DEBUG ovsdbapp.backend.ovs_idl.transaction [None req-52cd6311-981f-4d3b-bd8a-02c945100352 None None] Running txn n=1 command(idx=4): PgAclAddCommand(_result=None, entity=pg_ac3b1cc5_3a0f_45d7_a444_5856b9b5cf27, direction=from-lport, priority=1002, match=inport == @pg_ac3b1cc5_3a0f_45d7_a444_5856b9b5cf27 && ip4, action=allow-related, log=False, may_exist=True, severity=[], name=[], meter=[], external_ids={'neutron:security_group_rule_id': 'f00295c7-eb69-4d05-856f-aaa7ec91eab3'}) {{(pid=103181) do_commit /opt/stack/data/venv/lib/python3.12/site-packages/ovsdbapp/backend/ovs_idl/transaction.py:89}}
Jun 26 01:37:59.993265 np0000183033 devstack@neutron-api.service[103181]: DEBUG neutron.plugins.ml2.drivers.ovn.mech_driver.ovsdb.ovsdb_monitor [None req-52cd6311-981f-4d3b-bd8a-02c945100352 None None] Touching Hash Ring node "de528661e8b851c381f08b3d79af0ff7" from IDL notify handler {{(pid=103181) notify /opt/stack/neutron/neutron/plugins/ml2/drivers/ovn/mech_driver/ovsdb/ovsdb_monitor.py:1007}}
Jun 26 01:37:59.998089 np0000183033 devstack@neutron-api.service[103178]: DEBUG neutron.plugins.ml2.drivers.ovn.mech_driver.ovsdb.ovsdb_monitor [None req-85294aca-c879-41b9-bc89-f96643b60105 None None] Touching Hash Ring node "b400a6f365f356389e748f80ccb6836e" from IDL notify handler {{(pid=103178) notify /opt/stack/neutron/neutron/plugins/ml2/drivers/ovn/mech_driver/ovsdb/ovsdb_monitor.py:1007}}
Jun 26 01:37:59.998378 np0000183033 devstack@neutron-api.service[103179]: DEBUG neutron.plugins.ml2.drivers.ovn.mech_driver.ovsdb.ovsdb_monitor [None req-02d04b70-ac30-4671-9ad3-82a3ebd9a1be None None] Touching Hash Ring node "c07322be140f51009a7c9f36534b0657" from IDL notify handler {{(pid=103179) notify /opt/stack/neutron/neutron/plugins/ml2/drivers/ovn/mech_driver/ovsdb/ovsdb_monitor.py:1007}}
Jun 26 01:38:00.008243 np0000183033 devstack@neutron-api.service[103181]: DEBUG neutron.plugins.ml2.drivers.ovn.mech_driver.ovsdb.ovsdb_monitor [None req-52cd6311-981f-4d3b-bd8a-02c945100352 None None] Hash Ring: Node de528661e8b851c381f08b3d79af0ff7 (host: np0000183033) handling event "create" for row 1ee75db9-4f6d-4de2-9483-8bbe71c5d27b (table: ACL) {{(pid=103181) notify /opt/stack/neutron/neutron/plugins/ml2/drivers/ovn/mech_driver/ovsdb/ovsdb_monitor.py:1015}}
Jun 26 01:38:00.009081 np0000183033 devstack@neutron-api.service[103181]: DEBUG neutron.plugins.ml2.drivers.ovn.mech_driver.ovsdb.ovsdb_monitor [None req-52cd6311-981f-4d3b-bd8a-02c945100352 None None] Touching Hash Ring node "de528661e8b851c381f08b3d79af0ff7" from IDL notify handler {{(pid=103181) notify /opt/stack/neutron/neutron/plugins/ml2/drivers/ovn/mech_driver/ovsdb/ovsdb_monitor.py:1007}}
Jun 26 01:38:00.012049 np0000183033 devstack@neutron-api.service[103178]: DEBUG neutron.plugins.ml2.drivers.ovn.mech_driver.ovsdb.ovsdb_monitor [None req-85294aca-c879-41b9-bc89-f96643b60105 None None] Hash Ring: Node b400a6f365f356389e748f80ccb6836e (host: np0000183033) handling event "create" for row ac81c0a2-e41c-4f68-b9d5-bf5ea987beff (table: Port_Group) {{(pid=103178) notify /opt/stack/neutron/neutron/plugins/ml2/drivers/ovn/mech_driver/ovsdb/ovsdb_monitor.py:1015}}
Jun 26 01:38:00.012421 np0000183033 devstack@neutron-api.service[103179]: DEBUG neutron.plugins.ml2.drivers.ovn.mech_driver.ovsdb.ovsdb_monitor [None req-02d04b70-ac30-4671-9ad3-82a3ebd9a1be None None] Hash Ring: Node c07322be140f51009a7c9f36534b0657 (host: np0000183033) handling event "create" for row 2cc13c0f-2dfa-4100-b0fa-1fb33158428f (table: ACL) {{(pid=103179) notify /opt/stack/neutron/neutron/plugins/ml2/drivers/ovn/mech_driver/ovsdb/ovsdb_monitor.py:1015}}
Jun 26 01:38:00.014351 np0000183033 devstack@neutron-api.service[103179]: DEBUG neutron.plugins.ml2.drivers.ovn.mech_driver.ovsdb.ovsdb_monitor [None req-02d04b70-ac30-4671-9ad3-82a3ebd9a1be None None] Touching Hash Ring node "c07322be140f51009a7c9f36534b0657" from IDL notify handler {{(pid=103179) notify /opt/stack/neutron/neutron/plugins/ml2/drivers/ovn/mech_driver/ovsdb/ovsdb_monitor.py:1007}}
Jun 26 01:38:00.014477 np0000183033 devstack@neutron-api.service[103181]: DEBUG neutron.plugins.ml2.drivers.ovn.mech_driver.ovsdb.ovsdb_monitor [None req-52cd6311-981f-4d3b-bd8a-02c945100352 None None] Hash Ring: Node de528661e8b851c381f08b3d79af0ff7 (host: np0000183033) handling event "create" for row db910017-2920-4ffa-9aef-ab2176234ecf (table: ACL) {{(pid=103181) notify /opt/stack/neutron/neutron/plugins/ml2/drivers/ovn/mech_driver/ovsdb/ovsdb_monitor.py:1015}}
Jun 26 01:38:00.017289 np0000183033 devstack@neutron-api.service[103179]: DEBUG neutron.plugins.ml2.drivers.ovn.mech_driver.ovsdb.ovsdb_monitor [None req-02d04b70-ac30-4671-9ad3-82a3ebd9a1be None None] Hash Ring: Node c07322be140f51009a7c9f36534b0657 (host: np0000183033) handling event "create" for row c5d52b53-3fba-4e58-be09-928dd6c62d0e (table: ACL) {{(pid=103179) notify /opt/stack/neutron/neutron/plugins/ml2/drivers/ovn/mech_driver/ovsdb/ovsdb_monitor.py:1015}}
Jun 26 01:38:00.033154 np0000183033 devstack@neutron-api.service[103181]: INFO neutron.db.ovn_revision_numbers_db [None req-9af37e40-f543-45df-977e-817cdc0f6f94 admin admin] Successfully bumped revision number for resource ac3b1cc5-3a0f-45d7-a444-5856b9b5cf27 (type: security_groups) to 1
Jun 26 01:38:00.047663 np0000183033 devstack@neutron-api.service[103181]: INFO neutron.db.ovn_revision_numbers_db [None req-9af37e40-f543-45df-977e-817cdc0f6f94 admin admin] Successfully bumped revision number for resource 605feb84-5f75-4c34-8551-7422115d97b3 (type: security_group_rules) to 0
Jun 26 01:38:00.061147 np0000183033 devstack@neutron-api.service[103181]: INFO neutron.db.ovn_revision_numbers_db [None req-9af37e40-f543-45df-977e-817cdc0f6f94 admin admin] Successfully bumped revision number for resource 8aa1c208-a124-4fa5-a7cb-b3ad75a14403 (type: security_group_rules) to 0
Jun 26 01:38:00.076635 np0000183033 devstack@neutron-api.service[103181]: INFO neutron.db.ovn_revision_numbers_db [None req-9af37e40-f543-45df-977e-817cdc0f6f94 admin admin] Successfully bumped revision number for resource 97265cbc-74d6-4e9a-a7e9-976f77442442 (type: security_group_rules) to 0
Jun 26 01:38:00.088702 np0000183033 devstack@neutron-api.service[103181]: INFO neutron.db.ovn_revision_numbers_db [None req-9af37e40-f543-45df-977e-817cdc0f6f94 admin admin] Successfully bumped revision number for resource f00295c7-eb69-4d05-856f-aaa7ec91eab3 (type: security_group_rules) to 0
Jun 26 01:38:00.112597 np0000183033 devstack@neutron-api.service[103181]: DEBUG neutron.api.rpc.handlers.resources_rpc [None req-9af37e40-f543-45df-977e-817cdc0f6f94 admin admin] Pushing event updated for resources: {'SecurityGroup': ['ID=ac3b1cc5-3a0f-45d7-a444-5856b9b5cf27,revision_number=1']} {{(pid=103181) push /opt/stack/neutron/neutron/api/rpc/handlers/resources_rpc.py:237}}
Jun 26 01:38:00.117770 np0000183033 devstack@neutron-api.service[103181]: DEBUG ovsdbapp.backend.ovs_idl.transaction [None req-52cd6311-981f-4d3b-bd8a-02c945100352 None None] Running txn n=1 command(idx=0): CheckLivenessCommand(_result=None) {{(pid=103181) do_commit /opt/stack/data/venv/lib/python3.12/site-packages/ovsdbapp/backend/ovs_idl/transaction.py:89}}
Jun 26 01:38:00.122386 np0000183033 devstack@neutron-api.service[103181]: DEBUG neutron.api.rpc.callbacks.version_manager [None req-9af37e40-f543-45df-977e-817cdc0f6f94 admin admin] Tracked resource versions report:
Jun 26 01:38:00.122386 np0000183033 devstack@neutron-api.service[103181]: pushed versions:
Jun 26 01:38:00.122386 np0000183033 devstack@neutron-api.service[103181]: { 'AddressGroup': {'1.2'},
Jun 26 01:38:00.122386 np0000183033 devstack@neutron-api.service[103181]: 'Agent': {'1.1'},
Jun 26 01:38:00.122386 np0000183033 devstack@neutron-api.service[103181]: 'ConntrackHelper': {'1.0'},
Jun 26 01:38:00.122386 np0000183033 devstack@neutron-api.service[103181]: 'LocalIPAssociation': {'1.0'},
Jun 26 01:38:00.122386 np0000183033 devstack@neutron-api.service[103181]: 'Log': {'1.0'},
Jun 26 01:38:00.122386 np0000183033 devstack@neutron-api.service[103181]: 'NDPProxy': {'1.0'},
Jun 26 01:38:00.122386 np0000183033 devstack@neutron-api.service[103181]: 'Network': {'1.3'},
Jun 26 01:38:00.122386 np0000183033 devstack@neutron-api.service[103181]: 'Port': {'1.11'},
Jun 26 01:38:00.122386 np0000183033 devstack@neutron-api.service[103181]: 'PortForwarding': {'1.3'},
Jun 26 01:38:00.122386 np0000183033 devstack@neutron-api.service[103181]: 'QosPolicy': {'1.10'},
Jun 26 01:38:00.122386 np0000183033 devstack@neutron-api.service[103181]: 'SecurityGroup': {'1.6'},
Jun 26 01:38:00.122386 np0000183033 devstack@neutron-api.service[103181]: 'SecurityGroupRule': {'1.3'},
Jun 26 01:38:00.122386 np0000183033 devstack@neutron-api.service[103181]: 'SubPort': {'1.0'},
Jun 26 01:38:00.122386 np0000183033 devstack@neutron-api.service[103181]: 'Subnet': {'1.2'},
Jun 26 01:38:00.122386 np0000183033 devstack@neutron-api.service[103181]: 'Trunk': {'1.1'}}
Jun 26 01:38:00.122386 np0000183033 devstack@neutron-api.service[103181]: consumer versions:
Jun 26 01:38:00.122386 np0000183033 devstack@neutron-api.service[103181]: { OVN Neutron agent@np0000183033: {},
Jun 26 01:38:00.122386 np0000183033 devstack@neutron-api.service[103181]: OVN Controller Gateway agent@np0000183033: {}}
Jun 26 01:38:00.122386 np0000183033 devstack@neutron-api.service[103181]: {{(pid=103181) report /opt/stack/neutron/neutron/api/rpc/callbacks/version_manager.py:183}}
Jun 26 01:38:00.126355 np0000183033 devstack@neutron-api.service[103179]: DEBUG neutron.plugins.ml2.drivers.ovn.mech_driver.ovsdb.ovsdb_monitor [None req-62608196-6c21-4f2d-b4f4-3625b6fe15ad None None] ChassisAgentWriteEvent : Matched Chassis_Private, update, None None {{(pid=103179) matches /opt/stack/neutron/neutron/plugins/ml2/drivers/ovn/mech_driver/ovsdb/ovsdb_monitor.py:64}}
Jun 26 01:38:00.126541 np0000183033 devstack@neutron-api.service[103180]: DEBUG neutron.plugins.ml2.drivers.ovn.mech_driver.ovsdb.ovsdb_monitor [None req-0110be51-1fd4-4afa-8ff3-f24c0dc89603 None None] ChassisAgentWriteEvent : Matched Chassis_Private, update, None None {{(pid=103180) matches /opt/stack/neutron/neutron/plugins/ml2/drivers/ovn/mech_driver/ovsdb/ovsdb_monitor.py:64}}
Jun 26 01:38:00.133345 np0000183033 devstack@neutron-api.service[103180]: DEBUG neutron.plugins.ml2.drivers.ovn.mech_driver.ovsdb.ovsdb_monitor [None req-89fd7fc5-76b6-4f9c-8a31-7a6eb44242aa None None] Touching Hash Ring node "05aed89e81075ab1bf8b9f8e21045f76" from IDL notify handler {{(pid=103180) notify /opt/stack/neutron/neutron/plugins/ml2/drivers/ovn/mech_driver/ovsdb/ovsdb_monitor.py:1007}}
Jun 26 01:38:00.134412 np0000183033 devstack@neutron-api.service[103178]: DEBUG neutron.plugins.ml2.drivers.ovn.mech_driver.ovsdb.ovsdb_monitor [None req-653b85df-8700-4654-b265-f47b0d2611fb None None] ChassisAgentWriteEvent : Matched Chassis_Private, update, None None {{(pid=103178) matches /opt/stack/neutron/neutron/plugins/ml2/drivers/ovn/mech_driver/ovsdb/ovsdb_monitor.py:64}}
Jun 26 01:38:00.134946 np0000183033 devstack@neutron-api.service[103181]: DEBUG neutron.plugins.ml2.drivers.ovn.mech_driver.ovsdb.ovsdb_monitor [None req-be045f19-64c1-46ca-9e3a-a74f7978a008 None None] ChassisAgentWriteEvent : Matched Chassis_Private, update, None None {{(pid=103181) matches /opt/stack/neutron/neutron/plugins/ml2/drivers/ovn/mech_driver/ovsdb/ovsdb_monitor.py:64}}
Jun 26 01:38:00.137498 np0000183033 devstack@neutron-api.service[103180]: DEBUG neutron.plugins.ml2.drivers.ovn.mech_driver.ovsdb.ovsdb_monitor [None req-89fd7fc5-76b6-4f9c-8a31-7a6eb44242aa None None] Hash Ring: Node 05aed89e81075ab1bf8b9f8e21045f76 (host: np0000183033) handling event "update" for row 4bd2ead2-2657-4032-9d8b-24723077775d (table: NB_Global) {{(pid=103180) notify /opt/stack/neutron/neutron/plugins/ml2/drivers/ovn/mech_driver/ovsdb/ovsdb_monitor.py:1015}}
Jun 26 01:38:00.139349 np0000183033 devstack@neutron-api.service[103180]: DEBUG neutron.common.ovn.hash_ring_manager [None req-0110be51-1fd4-4afa-8ff3-f24c0dc89603 None None] Hash Ring loaded. 4 active nodes. 0 offline nodes {{(pid=103180) _load_hash_ring /opt/stack/neutron/neutron/common/ovn/hash_ring_manager.py:110}}
Jun 26 01:38:00.139349 np0000183033 devstack@neutron-api.service[103180]: DEBUG neutron.plugins.ml2.drivers.ovn.mech_driver.ovsdb.ovsdb_monitor [None req-0110be51-1fd4-4afa-8ff3-f24c0dc89603 None None] Hash Ring: Node 05aed89e81075ab1bf8b9f8e21045f76 (host: np0000183033) handling event "update" for row 519f1217-fe7b-4e4c-8931-14c15e1d2203 (table: Chassis_Private) {{(pid=103180) notify /opt/stack/neutron/neutron/plugins/ml2/drivers/ovn/mech_driver/ovsdb/ovsdb_monitor.py:1015}}
Jun 26 01:38:00.139767 np0000183033 devstack@neutron-api.service[103180]: DEBUG neutron.plugins.ml2.drivers.ovn.mech_driver.ovsdb.ovsdb_monitor [None req-89fd7fc5-76b6-4f9c-8a31-7a6eb44242aa None None] Touching Hash Ring node "05aed89e81075ab1bf8b9f8e21045f76" from IDL notify handler {{(pid=103180) notify /opt/stack/neutron/neutron/plugins/ml2/drivers/ovn/mech_driver/ovsdb/ovsdb_monitor.py:1007}}
Jun 26 01:38:00.142247 np0000183033 devstack@neutron-api.service[103179]: DEBUG neutron.common.ovn.hash_ring_manager [None req-62608196-6c21-4f2d-b4f4-3625b6fe15ad None None] Hash Ring loaded. 4 active nodes. 0 offline nodes {{(pid=103179) _load_hash_ring /opt/stack/neutron/neutron/common/ovn/hash_ring_manager.py:110}}
Jun 26 01:38:00.142351 np0000183033 devstack@neutron-api.service[103180]: DEBUG neutron.plugins.ml2.drivers.ovn.mech_driver.ovsdb.ovsdb_monitor [None req-89fd7fc5-76b6-4f9c-8a31-7a6eb44242aa None None] Hash Ring: Node 05aed89e81075ab1bf8b9f8e21045f76 (host: np0000183033) handling event "update" for row 4bd2ead2-2657-4032-9d8b-24723077775d (table: NB_Global) {{(pid=103180) notify /opt/stack/neutron/neutron/plugins/ml2/drivers/ovn/mech_driver/ovsdb/ovsdb_monitor.py:1015}}
Jun 26 01:38:00.143213 np0000183033 devstack@neutron-api.service[103180]: DEBUG neutron.plugins.ml2.drivers.ovn.mech_driver.ovsdb.ovsdb_monitor [None req-89fd7fc5-76b6-4f9c-8a31-7a6eb44242aa None None] Touching Hash Ring node "05aed89e81075ab1bf8b9f8e21045f76" from IDL notify handler {{(pid=103180) notify /opt/stack/neutron/neutron/plugins/ml2/drivers/ovn/mech_driver/ovsdb/ovsdb_monitor.py:1007}}
Jun 26 01:38:00.146818 np0000183033 devstack@neutron-api.service[103180]: DEBUG neutron.plugins.ml2.drivers.ovn.mech_driver.ovsdb.ovsdb_monitor [None req-89fd7fc5-76b6-4f9c-8a31-7a6eb44242aa None None] Hash Ring: Node 05aed89e81075ab1bf8b9f8e21045f76 (host: np0000183033) handling event "update" for row 4bd2ead2-2657-4032-9d8b-24723077775d (table: NB_Global) {{(pid=103180) notify /opt/stack/neutron/neutron/plugins/ml2/drivers/ovn/mech_driver/ovsdb/ovsdb_monitor.py:1015}}
Jun 26 01:38:00.147159 np0000183033 devstack@neutron-api.service[103181]: DEBUG neutron.common.ovn.hash_ring_manager [None req-be045f19-64c1-46ca-9e3a-a74f7978a008 None None] Hash Ring loaded. 4 active nodes. 0 offline nodes {{(pid=103181) _load_hash_ring /opt/stack/neutron/neutron/common/ovn/hash_ring_manager.py:110}}
Jun 26 01:38:00.147258 np0000183033 devstack@neutron-api.service[103178]: DEBUG neutron.common.ovn.hash_ring_manager [None req-653b85df-8700-4654-b265-f47b0d2611fb None None] Hash Ring loaded. 4 active nodes. 0 offline nodes {{(pid=103178) _load_hash_ring /opt/stack/neutron/neutron/common/ovn/hash_ring_manager.py:110}}
Jun 26 01:38:00.179282 np0000183033 devstack@neutron-api.service[103181]: DEBUG neutron.plugins.ml2.drivers.helpers [None req-9af37e40-f543-45df-977e-817cdc0f6f94 admin admin] geneve segment allocate from pool success with {'geneve_vni': 49199} {{(pid=103181) allocate_partially_specified_segment /opt/stack/neutron/neutron/plugins/ml2/drivers/helpers.py:142}}
Jun 26 01:38:00.190262 np0000183033 devstack@neutron-api.service[103181]: DEBUG neutron_lib.callbacks.manager [None req-9af37e40-f543-45df-977e-817cdc0f6f94 admin admin] Publish callbacks ['neutron.services.segments.db._add_segment_host_mapping_for_segment-8516979133774', 'neutron.plugins.ml2.plugin.Ml2Plugin._handle_segment_change-286044'] for segment (4165a8a2-044f-470b-923a-c24ac0c8df19), precommit_create {{(pid=103181) _notify_loop /opt/stack/data/venv/lib/python3.12/site-packages/neutron_lib/callbacks/manager.py:184}}
Jun 26 01:38:00.190363 np0000183033 devstack@neutron-api.service[103181]: INFO neutron.db.segments_db [None req-9af37e40-f543-45df-977e-817cdc0f6f94 admin admin] Added segment 4165a8a2-044f-470b-923a-c24ac0c8df19 of type geneve for network 4bb0d375-0053-43f8-aa29-8a8217940d03
Jun 26 01:38:00.203878 np0000183033 devstack@neutron-api.service[103181]: DEBUG neutron_lib.callbacks.manager [None req-9af37e40-f543-45df-977e-817cdc0f6f94 admin admin] Publish callbacks ['neutron.services.auto_allocate.db._ensure_external_network_default_value_callback-8516977896168'] for network (4bb0d375-0053-43f8-aa29-8a8217940d03), precommit_create {{(pid=103181) _notify_loop /opt/stack/data/venv/lib/python3.12/site-packages/neutron_lib/callbacks/manager.py:184}}
Jun 26 01:38:00.216069 np0000183033 devstack@neutron-api.service[103181]: DEBUG neutron.plugins.ml2.drivers.ovn.mech_driver.mech_driver [None req-9af37e40-f543-45df-977e-817cdc0f6f94 admin admin] Validating network segment with type geneve, segmentation ID 49199, physical network None {{(pid=103181) _validate_network_segments /opt/stack/neutron/neutron/plugins/ml2/drivers/ovn/mech_driver/mech_driver.py:646}}
Jun 26 01:38:00.216202 np0000183033 devstack@neutron-api.service[103181]: DEBUG neutron.db.ovn_revision_numbers_db [None req-9af37e40-f543-45df-977e-817cdc0f6f94 admin admin] create_initial_revision uuid=4bb0d375-0053-43f8-aa29-8a8217940d03, type=networks, rev=-1 {{(pid=103181) create_initial_revision /opt/stack/neutron/neutron/db/ovn_revision_numbers_db.py:98}}
Jun 26 01:38:00.225726 np0000183033 devstack@neutron-api.service[103181]: DEBUG neutron_lib.callbacks.manager [None req-9af37e40-f543-45df-977e-817cdc0f6f94 admin admin] Publish callbacks ['neutron.plugins.ml2.ovo_rpc._ObjectChangeHandler.handle_event-15629516'] for network (4bb0d375-0053-43f8-aa29-8a8217940d03), after_create {{(pid=103181) _notify_loop /opt/stack/data/venv/lib/python3.12/site-packages/neutron_lib/callbacks/manager.py:184}}
Jun 26 01:38:00.241880 np0000183033 devstack@neutron-api.service[103181]: DEBUG neutron.api.rpc.handlers.resources_rpc [None req-9af37e40-f543-45df-977e-817cdc0f6f94 admin admin] Pushing event updated for resources: {'Network': ['ID=4bb0d375-0053-43f8-aa29-8a8217940d03,revision_number=1']} {{(pid=103181) push /opt/stack/neutron/neutron/api/rpc/handlers/resources_rpc.py:237}}
Jun 26 01:38:00.249313 np0000183033 devstack@neutron-api.service[103181]: DEBUG ovsdbapp.backend.ovs_idl.transaction [None req-52cd6311-981f-4d3b-bd8a-02c945100352 None None] Running txn n=1 command(idx=0): AddNetworkCommand(_result=None, network_uuid=4bb0d375-0053-43f8-aa29-8a8217940d03, may_exist=True, columns={'external_ids': {'neutron:network_name': 'admin_net', 'neutron:mtu': '1372', 'neutron:revision_number': '1', 'neutron:availability_zone_hints': '', 'neutron:provnet-network-type': 'geneve'}, 'other_config': {'mcast_snoop': 'false', 'mcast_flood_unregistered': 'false', 'vlan-passthru': 'false'}}) {{(pid=103181) do_commit /opt/stack/data/venv/lib/python3.12/site-packages/ovsdbapp/backend/ovs_idl/transaction.py:89}}
Jun 26 01:38:00.260385 np0000183033 devstack@neutron-api.service[103180]: DEBUG neutron.plugins.ml2.drivers.ovn.mech_driver.ovsdb.ovsdb_monitor [None req-0110be51-1fd4-4afa-8ff3-f24c0dc89603 None None] Hash Ring: Node 05aed89e81075ab1bf8b9f8e21045f76 (host: np0000183033) handling event "create" for row 8619916f-2676-4b3b-8ce1-4dd147f39b66 (table: Datapath_Binding) {{(pid=103180) notify /opt/stack/neutron/neutron/plugins/ml2/drivers/ovn/mech_driver/ovsdb/ovsdb_monitor.py:1015}}
Jun 26 01:38:00.261903 np0000183033 devstack@neutron-api.service[103178]: DEBUG neutron.plugins.ml2.drivers.ovn.mech_driver.ovsdb.ovsdb_monitor [None req-85294aca-c879-41b9-bc89-f96643b60105 None None] Touching Hash Ring node "b400a6f365f356389e748f80ccb6836e" from IDL notify handler {{(pid=103178) notify /opt/stack/neutron/neutron/plugins/ml2/drivers/ovn/mech_driver/ovsdb/ovsdb_monitor.py:1007}}
Jun 26 01:38:00.265897 np0000183033 devstack@neutron-api.service[103178]: DEBUG neutron.plugins.ml2.drivers.ovn.mech_driver.ovsdb.ovsdb_monitor [None req-85294aca-c879-41b9-bc89-f96643b60105 None None] Hash Ring: Node b400a6f365f356389e748f80ccb6836e (host: np0000183033) handling event "create" for row 4bb0d375-0053-43f8-aa29-8a8217940d03 (table: Logical_Switch) {{(pid=103178) notify /opt/stack/neutron/neutron/plugins/ml2/drivers/ovn/mech_driver/ovsdb/ovsdb_monitor.py:1015}}
Jun 26 01:38:00.280693 np0000183033 devstack@neutron-api.service[103181]: INFO neutron.db.ovn_revision_numbers_db [None req-9af37e40-f543-45df-977e-817cdc0f6f94 admin admin] Successfully bumped revision number for resource 4bb0d375-0053-43f8-aa29-8a8217940d03 (type: networks) to 1
Jun 26 01:38:00.294369 np0000183033 devstack@neutron-api.service[103181]: DEBUG neutron_lib.callbacks.manager [None req-9af37e40-f543-45df-977e-817cdc0f6f94 admin admin] Publish callbacks ['neutron.plugins.ml2.plugin.SecurityGroupDbMixin._ensure_default_security_group_handler-24240'] for port (None), before_create {{(pid=103181) _notify_loop /opt/stack/data/venv/lib/python3.12/site-packages/neutron_lib/callbacks/manager.py:184}}
Jun 26 01:38:00.357339 np0000183033 devstack@neutron-api.service[103181]: DEBUG neutron_lib.callbacks.manager [None req-9af37e40-f543-45df-977e-817cdc0f6f94 admin admin] Publish callbacks ['neutron.plugins.ml2.drivers.ovn.mech_driver.mech_driver.OVNMechanismDriver._validate_allowed_address_pairs-16697689'] for allowed_address_pair (4d037aac-9838-441b-b511-d4c3dd27a440), before_create {{(pid=103181) _notify_loop /opt/stack/data/venv/lib/python3.12/site-packages/neutron_lib/callbacks/manager.py:184}}
Jun 26 01:38:00.357916 np0000183033 devstack@neutron-api.service[103181]: DEBUG neutron_lib.callbacks.manager [None req-9af37e40-f543-45df-977e-817cdc0f6f94 admin admin] Publish callbacks [] for port (4d037aac-9838-441b-b511-d4c3dd27a440), precommit_create {{(pid=103181) _notify_loop /opt/stack/data/venv/lib/python3.12/site-packages/neutron_lib/callbacks/manager.py:184}}
Jun 26 01:38:00.358110 np0000183033 devstack@neutron-api.service[103181]: DEBUG neutron.plugins.ml2.drivers.ovn.mech_driver.mech_driver [None req-9af37e40-f543-45df-977e-817cdc0f6f94 admin admin] No provisioning block for port 4d037aac-9838-441b-b511-d4c3dd27a440 since it does not have a host {{(pid=103181) _is_port_provisioning_required /opt/stack/neutron/neutron/plugins/ml2/drivers/ovn/mech_driver/mech_driver.py:899}}
Jun 26 01:38:00.358261 np0000183033 devstack@neutron-api.service[103181]: DEBUG neutron.db.ovn_revision_numbers_db [None req-9af37e40-f543-45df-977e-817cdc0f6f94 admin admin] create_initial_revision uuid=4d037aac-9838-441b-b511-d4c3dd27a440, type=ports, rev=-1 {{(pid=103181) create_initial_revision /opt/stack/neutron/neutron/db/ovn_revision_numbers_db.py:98}}
Jun 26 01:38:00.388351 np0000183033 devstack@neutron-api.service[103181]: DEBUG neutron_lib.callbacks.manager [None req-9af37e40-f543-45df-977e-817cdc0f6f94 admin admin] Publish callbacks ['neutron.plugins.ml2.ovo_rpc._ObjectChangeHandler.handle_event-15630321'] for port (4d037aac-9838-441b-b511-d4c3dd27a440), after_create {{(pid=103181) _notify_loop /opt/stack/data/venv/lib/python3.12/site-packages/neutron_lib/callbacks/manager.py:184}}
Jun 26 01:38:00.419102 np0000183033 devstack@neutron-api.service[103181]: DEBUG neutron.api.rpc.handlers.resources_rpc [None req-9af37e40-f543-45df-977e-817cdc0f6f94 admin admin] Pushing event updated for resources: {'Port': ['ID=4d037aac-9838-441b-b511-d4c3dd27a440,revision_number=1']} {{(pid=103181) push /opt/stack/neutron/neutron/api/rpc/handlers/resources_rpc.py:237}}
Jun 26 01:38:00.425877 np0000183033 devstack@neutron-api.service[103181]: DEBUG neutron.plugins.ml2.drivers.ovn.mech_driver.ovsdb.commands [None req-9af37e40-f543-45df-977e-817cdc0f6f94 admin admin] Converting tag [] to a tag_request {{(pid=103181) _tag_column_to_tag_request /opt/stack/neutron/neutron/plugins/ml2/drivers/ovn/mech_driver/ovsdb/commands.py:205}}
Jun 26 01:38:00.427545 np0000183033 devstack@neutron-api.service[103181]: DEBUG ovsdbapp.backend.ovs_idl.transaction [None req-52cd6311-981f-4d3b-bd8a-02c945100352 None None] Running txn n=1 command(idx=0): AddLSwitchPortCommand(_result=None, lport=4d037aac-9838-441b-b511-d4c3dd27a440, lswitch=neutron-4bb0d375-0053-43f8-aa29-8a8217940d03, may_exist=True, network_uuid=4bb0d375-0053-43f8-aa29-8a8217940d03, columns={'addresses': ['fa:16:3e:b3:94:63'], 'external_ids': {'neutron:port_name': '', 'neutron:device_id': 'ovnmeta-4bb0d375-0053-43f8-aa29-8a8217940d03', 'neutron:project_id': '8f2f23f00f964f5b940c75cdb1476948', 'neutron:cidrs': '', 'neutron:device_owner': 'network:distributed', 'neutron:subnet_pool_addr_scope4': '', 'neutron:subnet_pool_addr_scope6': '', 'neutron:network_name': 'neutron-4bb0d375-0053-43f8-aa29-8a8217940d03', 'neutron:security_group_ids': '', 'neutron:revision_number': '1', 'neutron:vnic_type': 'normal', 'neutron:port_capabilities': '', 'neutron:mtu': '1372'}, 'parent_name': [], 'enabled': True, 'options': {}, 'type': 'localport', 'port_security': [], 'dhcpv4_options': [], 'dhcpv6_options': [], 'tag_request': []}) {{(pid=103181) do_commit /opt/stack/data/venv/lib/python3.12/site-packages/ovsdbapp/backend/ovs_idl/transaction.py:89}}
Jun 26 01:38:00.428690 np0000183033 devstack@neutron-api.service[103181]: DEBUG ovsdbapp.backend.ovs_idl.transaction [None req-52cd6311-981f-4d3b-bd8a-02c945100352 None None] Running txn n=1 command(idx=1): QoSDelCommand(_result=None, switch=neutron-4bb0d375-0053-43f8-aa29-8a8217940d03, conditions=[('direction', '=', 'to-lport'), ('priority', '=', 2002), ('match', '=', 'outport == "4d037aac-9838-441b-b511-d4c3dd27a440"')], if_exists=True) {{(pid=103181) do_commit /opt/stack/data/venv/lib/python3.12/site-packages/ovsdbapp/backend/ovs_idl/transaction.py:89}}
Jun 26 01:38:00.429080 np0000183033 devstack@neutron-api.service[103181]: DEBUG ovsdbapp.backend.ovs_idl.transaction [None req-52cd6311-981f-4d3b-bd8a-02c945100352 None None] Running txn n=1 command(idx=2): QoSDelCommand(_result=None, switch=neutron-4bb0d375-0053-43f8-aa29-8a8217940d03, conditions=[('direction', '=', 'from-lport'), ('priority', '=', 2002), ('match', '=', 'inport == "4d037aac-9838-441b-b511-d4c3dd27a440"')], if_exists=True) {{(pid=103181) do_commit /opt/stack/data/venv/lib/python3.12/site-packages/ovsdbapp/backend/ovs_idl/transaction.py:89}}
Jun 26 01:38:00.435675 np0000183033 devstack@neutron-api.service[103179]: DEBUG neutron.plugins.ml2.drivers.ovn.mech_driver.ovsdb.ovsdb_monitor [None req-02d04b70-ac30-4671-9ad3-82a3ebd9a1be None None] Touching Hash Ring node "c07322be140f51009a7c9f36534b0657" from IDL notify handler {{(pid=103179) notify /opt/stack/neutron/neutron/plugins/ml2/drivers/ovn/mech_driver/ovsdb/ovsdb_monitor.py:1007}}
Jun 26 01:38:00.441682 np0000183033 devstack@neutron-api.service[103178]: DEBUG neutron.plugins.ml2.drivers.ovn.mech_driver.ovsdb.ovsdb_monitor [None req-85294aca-c879-41b9-bc89-f96643b60105 None None] Touching Hash Ring node "b400a6f365f356389e748f80ccb6836e" from IDL notify handler {{(pid=103178) notify /opt/stack/neutron/neutron/plugins/ml2/drivers/ovn/mech_driver/ovsdb/ovsdb_monitor.py:1007}}
Jun 26 01:38:00.443583 np0000183033 devstack@neutron-api.service[103179]: DEBUG neutron.plugins.ml2.drivers.ovn.mech_driver.ovsdb.ovsdb_monitor [None req-02d04b70-ac30-4671-9ad3-82a3ebd9a1be None None] Hash Ring: Node c07322be140f51009a7c9f36534b0657 (host: np0000183033) handling event "create" for row 14e043dd-70d4-4fc2-94a7-9219fd1b9a98 (table: Logical_Switch_Port) {{(pid=103179) notify /opt/stack/neutron/neutron/plugins/ml2/drivers/ovn/mech_driver/ovsdb/ovsdb_monitor.py:1015}}
Jun 26 01:38:00.444491 np0000183033 devstack@neutron-api.service[103179]: DEBUG ovsdbapp.backend.ovs_idl.event [None req-02d04b70-ac30-4671-9ad3-82a3ebd9a1be None None] Matched CREATE: LogicalSwitchPortCreateEvent(events=('create',), table='Logical_Switch_Port', conditions=[], old_conditions=None), priority=20 to row=Logical_Switch_Port(uuid=14e043dd-70d4-4fc2-94a7-9219fd1b9a98, addresses=['fa:16:3e:b3:94:63'], dhcpv4_options=[], dhcpv6_options=[], dynamic_addresses=[], enabled=True, external_ids={'neutron:cidrs': '', 'neutron:device_id': 'ovnmeta-4bb0d375-0053-43f8-aa29-8a8217940d03', 'neutron:device_owner': 'network:distributed', 'neutron:mtu': '1372', 'neutron:network_name': 'neutron-4bb0d375-0053-43f8-aa29-8a8217940d03', 'neutron:port_capabilities': '', 'neutron:port_name': '', 'neutron:project_id': '8f2f23f00f964f5b940c75cdb1476948', 'neutron:revision_number': '1', 'neutron:security_group_ids': '', 'neutron:subnet_pool_addr_scope4': '', 'neutron:subnet_pool_addr_scope6': '', 'neutron:vnic_type': 'normal'}, ha_chassis_group=[], mirror_rules=[], name='4d037aac-9838-441b-b511-d4c3dd27a440', options={}, parent_name=[], port_security=[], tag=[], tag_request=[], type='localport', up=[]) old= {{(pid=103179) matches /opt/stack/data/venv/lib/python3.12/site-packages/ovsdbapp/backend/ovs_idl/event.py:55}}
Jun 26 01:38:00.445547 np0000183033 devstack@neutron-api.service[103179]: INFO neutron.plugins.ml2.drivers.ovn.mech_driver.mech_driver [None req-7cfa6a92-72e7-4573-b8b9-c4a3f67bdea2 None None] OVN reports status down for port: 4d037aac-9838-441b-b511-d4c3dd27a440
Jun 26 01:38:00.446971 np0000183033 devstack@neutron-api.service[103179]: DEBUG neutron.plugins.ml2.drivers.ovn.mech_driver.ovsdb.ovsdb_monitor [None req-02d04b70-ac30-4671-9ad3-82a3ebd9a1be None None] Touching Hash Ring node "c07322be140f51009a7c9f36534b0657" from IDL notify handler {{(pid=103179) notify /opt/stack/neutron/neutron/plugins/ml2/drivers/ovn/mech_driver/ovsdb/ovsdb_monitor.py:1007}}
Jun 26 01:38:00.448072 np0000183033 devstack@neutron-api.service[103178]: DEBUG neutron.plugins.ml2.drivers.ovn.mech_driver.ovsdb.ovsdb_monitor [None req-85294aca-c879-41b9-bc89-f96643b60105 None None] Hash Ring: Node b400a6f365f356389e748f80ccb6836e (host: np0000183033) handling event "update" for row 4bb0d375-0053-43f8-aa29-8a8217940d03 (table: Logical_Switch) {{(pid=103178) notify /opt/stack/neutron/neutron/plugins/ml2/drivers/ovn/mech_driver/ovsdb/ovsdb_monitor.py:1015}}
Jun 26 01:38:00.449542 np0000183033 devstack@neutron-api.service[103179]: DEBUG neutron.plugins.ml2.drivers.ovn.mech_driver.ovsdb.ovsdb_monitor [None req-02d04b70-ac30-4671-9ad3-82a3ebd9a1be None None] Hash Ring: Node c07322be140f51009a7c9f36534b0657 (host: np0000183033) handling event "update" for row 14e043dd-70d4-4fc2-94a7-9219fd1b9a98 (table: Logical_Switch_Port) {{(pid=103179) notify /opt/stack/neutron/neutron/plugins/ml2/drivers/ovn/mech_driver/ovsdb/ovsdb_monitor.py:1015}}
Jun 26 01:38:00.451781 np0000183033 devstack@neutron-api.service[103181]: DEBUG neutron.plugins.ml2.drivers.ovn.mech_driver.ovsdb.ovsdb_monitor [None req-be045f19-64c1-46ca-9e3a-a74f7978a008 None None] Hash Ring: Node de528661e8b851c381f08b3d79af0ff7 (host: np0000183033) handling event "create" for row 9007b99a-4a04-494d-92b2-8c5a9f093d0d (table: Port_Binding) {{(pid=103181) notify /opt/stack/neutron/neutron/plugins/ml2/drivers/ovn/mech_driver/ovsdb/ovsdb_monitor.py:1015}}
Jun 26 01:38:00.473863 np0000183033 devstack@neutron-api.service[103181]: INFO neutron.db.ovn_revision_numbers_db [None req-9af37e40-f543-45df-977e-817cdc0f6f94 admin admin] Successfully bumped revision number for resource 4d037aac-9838-441b-b511-d4c3dd27a440 (type: ports) to 1
Jun 26 01:38:00.476265 np0000183033 devstack@neutron-api.service[103179]: DEBUG neutron.db.provisioning_blocks [None req-7cfa6a92-72e7-4573-b8b9-c4a3f67bdea2 None None] Transition to ACTIVE for port object 4d037aac-9838-441b-b511-d4c3dd27a440 will not be triggered until provisioned by entity L2. {{(pid=103179) add_provisioning_component /opt/stack/neutron/neutron/db/provisioning_blocks.py:74}}
Jun 26 01:38:00.481285 np0000183033 devstack@neutron-api.service[103181]: DEBUG neutron.pecan_wsgi.hooks.policy_enforcement [None req-9af37e40-f543-45df-977e-817cdc0f6f94 admin admin] Attributes excluded by policy engine: ['standard_attr_id'] {{(pid=103181) _exclude_attributes_by_policy /opt/stack/neutron/neutron/pecan_wsgi/hooks/policy_enforcement.py:259}}
Jun 26 01:38:00.481720 np0000183033 devstack@neutron-api.service[103181]: DEBUG neutron_lib.callbacks.manager [None req-9af37e40-f543-45df-977e-817cdc0f6f94 admin admin] Publish callbacks [] for network (None), before_response {{(pid=103181) _notify_loop /opt/stack/data/venv/lib/python3.12/site-packages/neutron_lib/callbacks/manager.py:184}}
Jun 26 01:38:00.495532 np0000183033 devstack@neutron-api.service[103181]: [pid: 103181|app: 0|req: 23/93] 199.204.45.138 () {68 vars in 1358 bytes} [Fri Jun 26 01:37:59 2026] POST /networking/v2.0/networks => generated 683 bytes in 647 msecs (HTTP/1.1 201) 4 headers in 162 bytes (1 switches on core 0)
Jun 26 01:38:00.502707 np0000183033 devstack@neutron-api.service[103179]: DEBUG neutron.plugins.ml2.plugin [None req-7cfa6a92-72e7-4573-b8b9-c4a3f67bdea2 None None] Current status of the port 4d037aac-9838-441b-b511-d4c3dd27a440 is: DOWN; New status is: DOWN {{(pid=103179) _update_individual_port_db_status /opt/stack/neutron/neutron/plugins/ml2/plugin.py:2473}}
Jun 26 01:38:00.503721 np0000183033 devstack@neutron-api.service[103179]: DEBUG ovsdbapp.backend.ovs_idl.transaction [None req-02d04b70-ac30-4671-9ad3-82a3ebd9a1be None None] Running txn n=1 command(idx=0): DbRemoveCommand(_result=None, table=Logical_Switch_Port, record=4d037aac-9838-441b-b511-d4c3dd27a440, column=external_ids, values=('neutron:host_id',), keyvalues={}, if_exists=True) {{(pid=103179) do_commit /opt/stack/data/venv/lib/python3.12/site-packages/ovsdbapp/backend/ovs_idl/transaction.py:89}}
Jun 26 01:38:00.720101 np0000183033 devstack@neutron-api.service[103178]: INFO neutron.pecan_wsgi.hooks.translation [None req-fcd2f83c-4637-460b-a16c-75ffd131f1f6 admin admin] GET failed (client error): The resource could not be found.
Jun 26 01:38:00.720744 np0000183033 devstack@neutron-api.service[103178]: [pid: 103178|app: 0|req: 25/94] 199.204.45.138 () {64 vars in 1334 bytes} [Fri Jun 26 01:38:00 2026] GET /networking/v2.0/networks/admin_net => generated 111 bytes in 14 msecs (HTTP/1.1 404) 4 headers in 164 bytes (1 switches on core 0)
Jun 26 01:38:00.767400 np0000183033 devstack@neutron-api.service[103180]: DEBUG neutron.pecan_wsgi.hooks.policy_enforcement [None req-3b55687d-c1d4-4e8f-816e-e4e531462080 admin admin] Attributes excluded by policy engine: ['standard_attr_id'] {{(pid=103180) _exclude_attributes_by_policy /opt/stack/neutron/neutron/pecan_wsgi/hooks/policy_enforcement.py:259}}
Jun 26 01:38:00.768419 np0000183033 devstack@neutron-api.service[103180]: [pid: 103180|app: 0|req: 24/95] 199.204.45.138 () {64 vars in 1346 bytes} [Fri Jun 26 01:38:00 2026] GET /networking/v2.0/networks?name=admin_net => generated 667 bytes in 36 msecs (HTTP/1.1 200) 4 headers in 157 bytes (1 switches on core 0)
Jun 26 01:38:00.966128 np0000183033 devstack@neutron-api.service[103179]: INFO neutron.pecan_wsgi.hooks.translation [None req-922fff5b-203b-47d2-bc2f-ba0cbafcc10a admin admin] GET failed (client error): The resource could not be found.
Jun 26 01:38:00.966895 np0000183033 devstack@neutron-api.service[103179]: [pid: 103179|app: 0|req: 24/96] 199.204.45.138 () {64 vars in 1340 bytes} [Fri Jun 26 01:38:00 2026] GET /networking/v2.0/subnets/admin_subnet => generated 112 bytes in 13 msecs (HTTP/1.1 404) 4 headers in 164 bytes (1 switches on core 0)
Jun 26 01:38:00.994785 np0000183033 devstack@neutron-api.service[103181]: [pid: 103181|app: 0|req: 24/97] 199.204.45.138 () {64 vars in 1349 bytes} [Fri Jun 26 01:38:00 2026] GET /networking/v2.0/subnets?name=admin_subnet => generated 14 bytes in 16 msecs (HTTP/1.1 200) 4 headers in 156 bytes (1 switches on core 0)
Jun 26 01:38:01.246058 np0000183033 devstack@neutron-api.service[103178]: DEBUG neutron.pecan_wsgi.hooks.policy_enforcement [None req-c8381783-6efd-4317-ae41-6c39f29fa1c4 admin admin] Attributes excluded by policy engine: ['standard_attr_id'] {{(pid=103178) _exclude_attributes_by_policy /opt/stack/neutron/neutron/pecan_wsgi/hooks/policy_enforcement.py:259}}
Jun 26 01:38:01.247258 np0000183033 devstack@neutron-api.service[103178]: [pid: 103178|app: 0|req: 26/98] 199.204.45.138 () {64 vars in 1415 bytes} [Fri Jun 26 01:38:01 2026] GET /networking/v2.0/networks/4bb0d375-0053-43f8-aa29-8a8217940d03 => generated 664 bytes in 28 msecs (HTTP/1.1 200) 4 headers in 157 bytes (1 switches on core 0)
Jun 26 01:38:01.264419 np0000183033 devstack@neutron-api.service[103180]: DEBUG neutron.api.v2.base [None req-a132b93c-7874-4191-89c7-eb0e3a59272d admin admin] Request body: {'subnet': {'network_id': '4bb0d375-0053-43f8-aa29-8a8217940d03', 'name': 'admin_subnet', 'ip_version': 4, 'gateway_ip': None, 'cidr': '10.2.5.0/24', 'project_id': '8f2f23f00f964f5b940c75cdb1476948'}} {{(pid=103180) prepare_request_body /opt/stack/neutron/neutron/api/v2/base.py:727}}
Jun 26 01:38:01.280636 np0000183033 devstack@neutron-api.service[103180]: DEBUG neutron.pecan_wsgi.hooks.quota_enforcement [None req-a132b93c-7874-4191-89c7-eb0e3a59272d admin admin] Made reservation on behalf of 8f2f23f00f964f5b940c75cdb1476948 for: {'subnet': 1} {{(pid=103180) before /opt/stack/neutron/neutron/pecan_wsgi/hooks/quota_enforcement.py:66}}
Jun 26 01:38:01.283009 np0000183033 devstack@neutron-api.service[103180]: DEBUG neutron_lib.callbacks.manager [None req-a132b93c-7874-4191-89c7-eb0e3a59272d admin admin] Publish callbacks [] for subnet (None), before_create {{(pid=103180) _notify_loop /opt/stack/data/venv/lib/python3.12/site-packages/neutron_lib/callbacks/manager.py:184}}
Jun 26 01:38:01.338642 np0000183033 devstack@neutron-api.service[103180]: DEBUG neutron.db.ovn_revision_numbers_db [None req-a132b93c-7874-4191-89c7-eb0e3a59272d admin admin] create_initial_revision uuid=bb350425-2f85-4e11-88c0-27a3c704cb3f, type=subnets, rev=-1 {{(pid=103180) create_initial_revision /opt/stack/neutron/neutron/db/ovn_revision_numbers_db.py:98}}
Jun 26 01:38:01.344114 np0000183033 devstack@neutron-api.service[103180]: DEBUG neutron_lib.callbacks.manager [None req-a132b93c-7874-4191-89c7-eb0e3a59272d admin admin] Publish callbacks ['neutron.plugins.ml2.ovo_rpc._ObjectChangeHandler.handle_event-16149376'] for subnet (bb350425-2f85-4e11-88c0-27a3c704cb3f), after_create {{(pid=103180) _notify_loop /opt/stack/data/venv/lib/python3.12/site-packages/neutron_lib/callbacks/manager.py:184}}
Jun 26 01:38:01.358547 np0000183033 devstack@neutron-api.service[103180]: DEBUG neutron.api.rpc.handlers.resources_rpc [None req-a132b93c-7874-4191-89c7-eb0e3a59272d admin admin] Pushing event updated for resources: {'Subnet': ['ID=bb350425-2f85-4e11-88c0-27a3c704cb3f,revision_number=0']} {{(pid=103180) push /opt/stack/neutron/neutron/api/rpc/handlers/resources_rpc.py:237}}
Jun 26 01:38:01.399177 np0000183033 devstack@neutron-api.service[103180]: DEBUG neutron_lib.callbacks.manager [None req-a132b93c-7874-4191-89c7-eb0e3a59272d admin admin] Publish callbacks ['neutron.plugins.ml2.plugin.SecurityGroupDbMixin._ensure_default_security_group_handler-519754', 'neutron.services.ovn_l3.plugin.OVNL3RouterPlugin._port_update-8516977976090', 'neutron.db.l3_db.L3_NAT_dbonly_mixin._prevent_internal_ip_change_for_fip-8516979026914'] for port (4d037aac-9838-441b-b511-d4c3dd27a440), before_update {{(pid=103180) _notify_loop /opt/stack/data/venv/lib/python3.12/site-packages/neutron_lib/callbacks/manager.py:184}}
Jun 26 01:38:01.485338 np0000183033 devstack@neutron-api.service[103180]: DEBUG neutron.db.db_base_plugin_common [None req-a132b93c-7874-4191-89c7-eb0e3a59272d admin admin] Allocated IP 10.2.5.1 (4bb0d375-0053-43f8-aa29-8a8217940d03/bb350425-2f85-4e11-88c0-27a3c704cb3f/4d037aac-9838-441b-b511-d4c3dd27a440) {{(pid=103180) _store_ip_allocation /opt/stack/neutron/neutron/db/db_base_plugin_common.py:131}}
Jun 26 01:38:01.545300 np0000183033 devstack@neutron-api.service[103180]: DEBUG neutron_lib.callbacks.manager [None req-a132b93c-7874-4191-89c7-eb0e3a59272d admin admin] Publish callbacks [] for port (4d037aac-9838-441b-b511-d4c3dd27a440), precommit_update {{(pid=103180) _notify_loop /opt/stack/data/venv/lib/python3.12/site-packages/neutron_lib/callbacks/manager.py:184}}
Jun 26 01:38:01.545529 np0000183033 devstack@neutron-api.service[103180]: DEBUG neutron.plugins.ml2.drivers.ovn.mech_driver.mech_driver [None req-a132b93c-7874-4191-89c7-eb0e3a59272d admin admin] No provisioning block for port 4d037aac-9838-441b-b511-d4c3dd27a440 since it does not have a host {{(pid=103180) _is_port_provisioning_required /opt/stack/neutron/neutron/plugins/ml2/drivers/ovn/mech_driver/mech_driver.py:899}}
Jun 26 01:38:01.558102 np0000183033 devstack@neutron-api.service[103180]: DEBUG neutron_lib.callbacks.manager [None req-a132b93c-7874-4191-89c7-eb0e3a59272d admin admin] Publish callbacks ['neutron.plugins.ml2.ovo_rpc._ObjectChangeHandler.handle_event-16149119', 'neutron.services.ovn_l3.plugin.OVNL3RouterPlugin._port_update-8516977976090'] for port (4d037aac-9838-441b-b511-d4c3dd27a440), after_update {{(pid=103180) _notify_loop /opt/stack/data/venv/lib/python3.12/site-packages/neutron_lib/callbacks/manager.py:184}}
