2026-07-09 14:30:33.623 10 INFO neutron.wsgi [req-c13d1ad4-c7a4-45ca-b1b1-8226bcc89063 req-b95a323c-7bbf-4bab-be45-44ac3aed67ad 21a49c1f68784614909617490c128c9d 12a7d7a4415b4ef0aaebc3d17e7941df - - default default] 10.0.0.128 "POST /v2.0/security-groups HTTP/1.1" status: 201 len: 1826 time: 0.6078565
2026-07-09 14:30:33.639 10 INFO neutron.plugins.ml2.drivers.ovn.mech_driver.ovsdb.ovsdb_monitor [None req-5786b0ab-42ce-4b81-857d-390f001a8d40 - - - - - -] Router 9b9485c3-ccac-4de4-b52a-648719037485 is bound to host instance
2026-07-09 14:30:33.641 10 INFO neutron.plugins.ml2.plugin [None req-cefe73ac-bf6f-42ae-8ae1-ec5443b32fb1 - - - - - -] Attempt 1 to provision port 4e377a1a-4484-478c-819d-6f63c2e1c2f7
2026-07-09 14:30:33.873 10 INFO neutron.db.ovn_revision_numbers_db [None req-9d8c9df0-345a-4ecf-a528-4ad7a3072293 22165e82e85b47038d5e4c973809c3ac 363969c90b5d4636b34103ca5ae0b718 - - default default] Successfully bumped revision number for resource 4e377a1a-4484-478c-819d-6f63c2e1c2f7 (type: router_ports) to 1
2026-07-09 14:30:34.009 9 INFO neutron.db.ovn_revision_numbers_db [None req-7b00ad22-f7a3-4b1f-90b3-2ed16d8506dc 2db008ed8845407e8e8ab9c7d6c2a8a2 717c84078568463db1cf702f8bbd6e13 - - default default] Successfully bumped revision number for resource 9a820974-3242-4047-b44c-b3429fdf4531 (type: floatingips) to 0
2026-07-09 14:30:34.019 10 INFO neutron.db.ovn_revision_numbers_db [None req-9d8c9df0-345a-4ecf-a528-4ad7a3072293 22165e82e85b47038d5e4c973809c3ac 363969c90b5d4636b34103ca5ae0b718 - - default default] Successfully bumped revision number for resource 9b9485c3-ccac-4de4-b52a-648719037485 (type: routers) to 2
2026-07-09 14:30:34.026 9 INFO neutron.wsgi [None req-7b00ad22-f7a3-4b1f-90b3-2ed16d8506dc 2db008ed8845407e8e8ab9c7d6c2a8a2 717c84078568463db1cf702f8bbd6e13 - - default default] 10.0.0.84 "POST /v2.0/floatingips HTTP/1.1" status: 201 len: 751 time: 0.8066900
2026-07-09 14:30:34.040 10 INFO neutron.wsgi [None req-9d8c9df0-345a-4ecf-a528-4ad7a3072293 22165e82e85b47038d5e4c973809c3ac 363969c90b5d4636b34103ca5ae0b718 - - default default] 10.0.0.84 "POST /v2.0/routers HTTP/1.1" status: 201 len: 877 time: 2.0214949
2026-07-09 14:30:34.292 10 INFO neutron.wsgi [req-5e1031fd-fcdc-4b8c-b7cf-a6086aa0234a req-b8519235-efa8-43b4-8be5-6c05072318d8 21a49c1f68784614909617490c128c9d 12a7d7a4415b4ef0aaebc3d17e7941df - - default default] 10.0.0.128 "GET /v2.0/security-groups/efc4317d-64bc-451b-a30a-c4324d6acfc4 HTTP/1.1" status: 200 len: 1821 time: 0.2057693
2026-07-09 14:30:34.308 10 WARNING neutron_lib.context [req-5e1031fd-fcdc-4b8c-b7cf-a6086aa0234a req-9413d19e-e1ea-45ed-aeed-20459cd4662b 21a49c1f68784614909617490c128c9d 12a7d7a4415b4ef0aaebc3d17e7941df - - default default] Method 'is_advsvc' is deprecated since 2023.2 release (neutron-lib 3.8.0) and will be removed once support for the old RBAC API policies will be removed from Neutron. Please use method 'is_service_role' instead.
2026-07-09 14:30:34.538 10 INFO neutron.db.ovn_revision_numbers_db [None req-5786b0ab-42ce-4b81-857d-390f001a8d40 - - - - - -] Successfully bumped revision number for resource 4e377a1a-4484-478c-819d-6f63c2e1c2f7 (type: ports) to 1
2026-07-09 14:30:34.586 10 INFO neutron.wsgi [req-25210ff2-7bba-4039-b218-bd5bace1704b req-c36ab900-cc27-460f-937d-959aa8bb782c 2db008ed8845407e8e8ab9c7d6c2a8a2 717c84078568463db1cf702f8bbd6e13 - - default default] 10.0.0.128 "GET /v2.0/security-groups?name=tempest-securitygroup--1366318077&fields=id&tenant_id=717c84078568463db1cf702f8bbd6e13 HTTP/1.1" status: 200 len: 267 time: 0.0840075
2026-07-09 14:30:34.643 10 INFO neutron.db.ovn_revision_numbers_db [req-5e1031fd-fcdc-4b8c-b7cf-a6086aa0234a req-9413d19e-e1ea-45ed-aeed-20459cd4662b 21a49c1f68784614909617490c128c9d 12a7d7a4415b4ef0aaebc3d17e7941df - - default default] Successfully bumped revision number for resource 35d96ded-1384-4d7b-a68b-5d88cc926618 (type: security_group_rules) to 0
2026-07-09 14:30:34.652 9 WARNING neutron.scheduler.dhcp_agent_scheduler [None req-b49706ba-a0fb-4c30-8b21-bcff135b57ad 22165e82e85b47038d5e4c973809c3ac 363969c90b5d4636b34103ca5ae0b718 - - default default] No more DHCP agents
2026-07-09 14:30:34.654 9 WARNING neutron.api.rpc.agentnotifiers.dhcp_rpc_agent_api [None req-b49706ba-a0fb-4c30-8b21-bcff135b57ad 22165e82e85b47038d5e4c973809c3ac 363969c90b5d4636b34103ca5ae0b718 - - default default] Unable to schedule network f6be12d8-54e8-40d8-b946-2b2315846614: no agents available; will retry on subsequent port and subnet creation events.
2026-07-09 14:30:34.724 10 INFO neutron.wsgi [req-5e1031fd-fcdc-4b8c-b7cf-a6086aa0234a req-9413d19e-e1ea-45ed-aeed-20459cd4662b 21a49c1f68784614909617490c128c9d 12a7d7a4415b4ef0aaebc3d17e7941df - - default default] 10.0.0.128 "POST /v2.0/security-group-rules HTTP/1.1" status: 201 len: 786 time: 0.4228799
2026-07-09 14:30:34.779 10 INFO neutron.wsgi [req-25210ff2-7bba-4039-b218-bd5bace1704b req-ec7266f7-f783-4203-8bd7-79c0a302e616 2db008ed8845407e8e8ab9c7d6c2a8a2 717c84078568463db1cf702f8bbd6e13 - - default default] 10.0.0.128 "GET /v2.0/networks?id=0862c814-491b-4db1-be73-610dafd14afd HTTP/1.1" status: 200 len: 874 time: 0.1825943
2026-07-09 14:30:34.785 10 WARNING neutron_lib.context [req-c548553b-46d6-475c-8717-f7991f237509 req-c5e25621-a28f-43fa-925f-ef926fa41029 21a49c1f68784614909617490c128c9d 12a7d7a4415b4ef0aaebc3d17e7941df - - default default] Method 'is_advsvc' is deprecated since 2023.2 release (neutron-lib 3.8.0) and will be removed once support for the old RBAC API policies will be removed from Neutron. Please use method 'is_service_role' instead.
2026-07-09 14:30:34.830 10 INFO neutron.wsgi [req-25210ff2-7bba-4039-b218-bd5bace1704b req-c78b7f3c-144a-481e-92be-f0dccd87f24e 2db008ed8845407e8e8ab9c7d6c2a8a2 717c84078568463db1cf702f8bbd6e13 - - default default] 10.0.0.128 "GET /v2.0/quotas/717c84078568463db1cf702f8bbd6e13 HTTP/1.1" status: 200 len: 386 time: 0.0371547
2026-07-09 14:30:35.043 10 INFO neutron.wsgi [req-25210ff2-7bba-4039-b218-bd5bace1704b req-d2995080-42b7-4a66-864f-adca1378e712 2db008ed8845407e8e8ab9c7d6c2a8a2 717c84078568463db1cf702f8bbd6e13 - - default default] 10.0.0.128 "GET /v2.0/ports?tenant_id=717c84078568463db1cf702f8bbd6e13&fields=id HTTP/1.1" status: 200 len: 302 time: 0.2048995
2026-07-09 14:30:35.047 9 INFO neutron.db.ovn_revision_numbers_db [None req-b49706ba-a0fb-4c30-8b21-bcff135b57ad 22165e82e85b47038d5e4c973809c3ac 363969c90b5d4636b34103ca5ae0b718 - - default default] Successfully bumped revision number for resource b3bd3e93-ff7c-41ec-bf81-d6fe40d84586 (type: ports) to 1
2026-07-09 14:30:35.065 10 INFO neutron.db.ovn_revision_numbers_db [None req-5786b0ab-42ce-4b81-857d-390f001a8d40 - - - - - -] Successfully bumped revision number for resource 4e377a1a-4484-478c-819d-6f63c2e1c2f7 (type: router_ports) to 3
2026-07-09 14:30:35.068 10 INFO neutron.db.ovn_revision_numbers_db [req-c548553b-46d6-475c-8717-f7991f237509 req-c5e25621-a28f-43fa-925f-ef926fa41029 21a49c1f68784614909617490c128c9d 12a7d7a4415b4ef0aaebc3d17e7941df - - default default] Successfully bumped revision number for resource 355c5247-6007-48e8-9f90-948834ee3c26 (type: security_groups) to 1
2026-07-09 14:30:35.127 10 INFO neutron.db.ovn_revision_numbers_db [req-c548553b-46d6-475c-8717-f7991f237509 req-c5e25621-a28f-43fa-925f-ef926fa41029 21a49c1f68784614909617490c128c9d 12a7d7a4415b4ef0aaebc3d17e7941df - - default default] Successfully bumped revision number for resource 98211572-7779-4799-8891-1935acc8d4cf (type: security_group_rules) to 0
2026-07-09 14:30:35.389 10 INFO neutron.db.ovn_revision_numbers_db [req-c548553b-46d6-475c-8717-f7991f237509 req-c5e25621-a28f-43fa-925f-ef926fa41029 21a49c1f68784614909617490c128c9d 12a7d7a4415b4ef0aaebc3d17e7941df - - default default] Successfully bumped revision number for resource 99d8419f-5b89-4a4f-a559-eccb1adb0688 (type: security_group_rules) to 0
2026-07-09 14:30:35.438 10 INFO neutron.wsgi [req-c548553b-46d6-475c-8717-f7991f237509 req-c5e25621-a28f-43fa-925f-ef926fa41029 21a49c1f68784614909617490c128c9d 12a7d7a4415b4ef0aaebc3d17e7941df - - default default] 10.0.0.128 "POST /v2.0/security-groups HTTP/1.1" status: 201 len: 1826 time: 0.6732745
2026-07-09 14:30:35.444 10 INFO neutron.db.ovn_revision_numbers_db [None req-5786b0ab-42ce-4b81-857d-390f001a8d40 - - - - - -] Successfully bumped revision number for resource 4e377a1a-4484-478c-819d-6f63c2e1c2f7 (type: ports) to 2
2026-07-09 14:30:35.521 10 INFO neutron.wsgi [req-6b74f029-b422-4be1-b1d2-35ea5d828d15 req-a9301ae1-ba75-4a71-ac99-8b72061d4211 21a49c1f68784614909617490c128c9d 12a7d7a4415b4ef0aaebc3d17e7941df - - default default] 10.0.0.128 "GET /v2.0/security-groups/355c5247-6007-48e8-9f90-948834ee3c26 HTTP/1.1" status: 200 len: 1821 time: 0.0562017
2026-07-09 14:30:35.539 9 INFO neutron.db.ovn_revision_numbers_db [None req-b49706ba-a0fb-4c30-8b21-bcff135b57ad 22165e82e85b47038d5e4c973809c3ac 363969c90b5d4636b34103ca5ae0b718 - - default default] Successfully bumped revision number for resource b3bd3e93-ff7c-41ec-bf81-d6fe40d84586 (type: router_ports) to 1
2026-07-09 14:30:35.547 10 WARNING neutron_lib.context [req-6b74f029-b422-4be1-b1d2-35ea5d828d15 req-4b3188ac-7ecf-4d20-8a70-e5af0f2f5ac9 21a49c1f68784614909617490c128c9d 12a7d7a4415b4ef0aaebc3d17e7941df - - default default] Method 'is_advsvc' is deprecated since 2023.2 release (neutron-lib 3.8.0) and will be removed once support for the old RBAC API policies will be removed from Neutron. Please use method 'is_service_role' instead.
2026-07-09 14:30:35.594 10 INFO neutron.wsgi [req-25210ff2-7bba-4039-b218-bd5bace1704b req-6a98a011-f48c-4c2f-9ebe-acea2b2c0ec1 1d5fcf759944402684510e42b4778f58 db2e5f1105f74b2fa122d3dd783d2b5f - - 74f1ce842aef429182ec85dbc71b8ded 74f1ce842aef429182ec85dbc71b8ded] 10.0.0.128 "GET /v2.0/extensions HTTP/1.1" status: 200 len: 16980 time: 0.0760202
2026-07-09 14:30:35.715 10 INFO neutron.wsgi [req-25210ff2-7bba-4039-b218-bd5bace1704b req-97471616-3fa6-4f98-96c3-e9108de8bc60 1d5fcf759944402684510e42b4778f58 db2e5f1105f74b2fa122d3dd783d2b5f - - 74f1ce842aef429182ec85dbc71b8ded 74f1ce842aef429182ec85dbc71b8ded] 10.0.0.128 "GET /v2.0/networks/0862c814-491b-4db1-be73-610dafd14afd?fields=segments HTTP/1.1" status: 200 len: 212 time: 0.1133075
2026-07-09 14:30:35.736 9 INFO neutron.db.ovn_revision_numbers_db [None req-b49706ba-a0fb-4c30-8b21-bcff135b57ad 22165e82e85b47038d5e4c973809c3ac 363969c90b5d4636b34103ca5ae0b718 - - default default] Successfully bumped revision number for resource b3bd3e93-ff7c-41ec-bf81-d6fe40d84586 (type: ports) to 1
2026-07-09 14:30:35.834 10 INFO neutron.wsgi [req-25210ff2-7bba-4039-b218-bd5bace1704b req-4d4759d2-c859-48a3-b5c7-ca4109881d32 1d5fcf759944402684510e42b4778f58 db2e5f1105f74b2fa122d3dd783d2b5f - - 74f1ce842aef429182ec85dbc71b8ded 74f1ce842aef429182ec85dbc71b8ded] 10.0.0.128 "GET /v2.0/networks/0862c814-491b-4db1-be73-610dafd14afd?fields=provider%3Aphysical_network&fields=provider%3Anetwork_type HTTP/1.1" status: 200 len: 277 time: 0.1111882
2026-07-09 14:30:35.865 9 WARNING neutron.scheduler.dhcp_agent_scheduler [None req-b49706ba-a0fb-4c30-8b21-bcff135b57ad 22165e82e85b47038d5e4c973809c3ac 363969c90b5d4636b34103ca5ae0b718 - - default default] No more DHCP agents
2026-07-09 14:30:35.867 9 WARNING neutron.api.rpc.agentnotifiers.dhcp_rpc_agent_api [None req-b49706ba-a0fb-4c30-8b21-bcff135b57ad 22165e82e85b47038d5e4c973809c3ac 363969c90b5d4636b34103ca5ae0b718 - - default default] Unable to schedule network f6be12d8-54e8-40d8-b946-2b2315846614: no agents available; will retry on subsequent port and subnet creation events.
2026-07-09 14:30:35.868 10 INFO neutron.db.ovn_revision_numbers_db [req-6b74f029-b422-4be1-b1d2-35ea5d828d15 req-4b3188ac-7ecf-4d20-8a70-e5af0f2f5ac9 21a49c1f68784614909617490c128c9d 12a7d7a4415b4ef0aaebc3d17e7941df - - default default] Successfully bumped revision number for resource fa6886d0-3b34-42aa-a51b-7ccb826d774b (type: security_group_rules) to 0
2026-07-09 14:30:35.931 10 INFO neutron.wsgi [req-6b74f029-b422-4be1-b1d2-35ea5d828d15 req-4b3188ac-7ecf-4d20-8a70-e5af0f2f5ac9 21a49c1f68784614909617490c128c9d 12a7d7a4415b4ef0aaebc3d17e7941df - - default default] 10.0.0.128 "POST /v2.0/security-group-rules HTTP/1.1" status: 201 len: 786 time: 0.3939018
2026-07-09 14:30:35.954 10 INFO neutron.db.ovn_revision_numbers_db [None req-5786b0ab-42ce-4b81-857d-390f001a8d40 - - - - - -] Successfully bumped revision number for resource 4e377a1a-4484-478c-819d-6f63c2e1c2f7 (type: ports) to 4
2026-07-09 14:30:36.024 10 INFO neutron.wsgi [req-aaac3f9f-80cf-4974-978a-c198294c7e92 req-99d09b75-80b1-401e-954d-61ef5752fae7 21a49c1f68784614909617490c128c9d 12a7d7a4415b4ef0aaebc3d17e7941df - - default default] 10.0.0.128 "GET /v2.0/security-groups/355c5247-6007-48e8-9f90-948834ee3c26 HTTP/1.1" status: 200 len: 2414 time: 0.0666351
2026-07-09 14:30:36.039 10 WARNING neutron_lib.context [req-aaac3f9f-80cf-4974-978a-c198294c7e92 req-37c13078-96f5-4abd-81ab-214dada68249 21a49c1f68784614909617490c128c9d 12a7d7a4415b4ef0aaebc3d17e7941df - - default default] Method 'is_advsvc' is deprecated since 2023.2 release (neutron-lib 3.8.0) and will be removed once support for the old RBAC API policies will be removed from Neutron. Please use method 'is_service_role' instead.
2026-07-09 14:30:36.062 9 WARNING neutron.plugins.ml2.drivers.ovn.mech_driver.ovsdb.ovn_client [None req-c60e288d-308e-40bc-ae3b-5ea198d3e5e5 - - - - - -] No hosting information found for port e6ef86c9-0d41-444a-9166-91766452c3ee: RuntimeError: No hosting information found for port e6ef86c9-0d41-444a-9166-91766452c3ee
2026-07-09 14:30:36.063 9 INFO neutron.plugins.ml2.drivers.ovn.mech_driver.mech_driver [None req-c60e288d-308e-40bc-ae3b-5ea198d3e5e5 - - - - - -] OVN reports status up for port: 7f3500a1-fe46-492b-af59-cb13daa0c998
2026-07-09 14:30:36.082 9 INFO neutron.plugins.ml2.plugin [None req-c60e288d-308e-40bc-ae3b-5ea198d3e5e5 - - - - - -] Attempt 1 to provision port 7f3500a1-fe46-492b-af59-cb13daa0c998
2026-07-09 14:30:36.131 10 INFO neutron.wsgi [req-b54a068d-1bce-428f-98f5-f6fd5bbe1856 req-9ad36392-9afc-40b0-9d8c-eef62800f2a7 2db008ed8845407e8e8ab9c7d6c2a8a2 717c84078568463db1cf702f8bbd6e13 - - default default] 10.0.0.128 "GET /v2.0/ports?device_id=551cf16d-a06a-4829-b824-8bd108b82723 HTTP/1.1" status: 200 len: 210 time: 0.0499752
2026-07-09 14:30:36.275 10 INFO neutron.db.ovn_revision_numbers_db [req-aaac3f9f-80cf-4974-978a-c198294c7e92 req-37c13078-96f5-4abd-81ab-214dada68249 21a49c1f68784614909617490c128c9d 12a7d7a4415b4ef0aaebc3d17e7941df - - default default] Successfully bumped revision number for resource fb63f4b7-8eb3-423b-a8ec-c04e41eae71f (type: security_group_rules) to 0
2026-07-09 14:30:36.305 10 INFO neutron.db.ovn_revision_numbers_db [None req-5786b0ab-42ce-4b81-857d-390f001a8d40 - - - - - -] Successfully bumped revision number for resource 4e377a1a-4484-478c-819d-6f63c2e1c2f7 (type: router_ports) to 4
2026-07-09 14:30:36.323 10 INFO neutron.wsgi [req-aaac3f9f-80cf-4974-978a-c198294c7e92 req-37c13078-96f5-4abd-81ab-214dada68249 21a49c1f68784614909617490c128c9d 12a7d7a4415b4ef0aaebc3d17e7941df - - default default] 10.0.0.128 "POST /v2.0/security-group-rules HTTP/1.1" status: 201 len: 791 time: 0.2918036
2026-07-09 14:30:36.347 10 INFO neutron.plugins.ml2.drivers.ovn.mech_driver.mech_driver [None req-cefe73ac-bf6f-42ae-8ae1-ec5443b32fb1 - - - - - -] OVN reports status up for port: b3bd3e93-ff7c-41ec-bf81-d6fe40d84586
2026-07-09 14:30:36.360 10 INFO neutron.plugins.ml2.plugin [None req-cefe73ac-bf6f-42ae-8ae1-ec5443b32fb1 - - - - - -] Attempt 1 to provision port b3bd3e93-ff7c-41ec-bf81-d6fe40d84586
2026-07-09 14:30:36.422 10 INFO neutron.wsgi [req-b48bebc5-b31c-4cc8-9b22-253af84472bb req-86ed31b0-e453-47ed-a2cc-2ca8f0f6eaaf 21a49c1f68784614909617490c128c9d 12a7d7a4415b4ef0aaebc3d17e7941df - - default default] 10.0.0.128 "GET /v2.0/security-groups/355c5247-6007-48e8-9f90-948834ee3c26 HTTP/1.1" status: 200 len: 3012 time: 0.0729823
2026-07-09 14:30:36.482 10 INFO neutron.wsgi [req-6c01ea5d-9319-45a8-9de7-4eaa607ae754 req-954900d1-6222-4ad3-b782-1539e00576b6 21a49c1f68784614909617490c128c9d 12a7d7a4415b4ef0aaebc3d17e7941df - - default default] 10.0.0.128 "GET /v2.0/security-group-rules/fb63f4b7-8eb3-423b-a8ec-c04e41eae71f HTTP/1.1" status: 200 len: 783 time: 0.0294065
2026-07-09 14:30:36.544 10 INFO neutron.wsgi [req-6c01ea5d-9319-45a8-9de7-4eaa607ae754 req-85ef1a3d-9539-40da-b3fd-07deed1101b8 21a49c1f68784614909617490c128c9d 12a7d7a4415b4ef0aaebc3d17e7941df - - default default] 10.0.0.128 "GET /v2.0/security-groups/355c5247-6007-48e8-9f90-948834ee3c26 HTTP/1.1" status: 200 len: 3012 time: 0.0534787
2026-07-09 14:30:36.644 9 INFO neutron.db.ovn_revision_numbers_db [None req-c60e288d-308e-40bc-ae3b-5ea198d3e5e5 - - - - - -] Successfully bumped revision number for resource 7f3500a1-fe46-492b-af59-cb13daa0c998 (type: ports) to 2
2026-07-09 14:30:36.784 10 INFO neutron.wsgi [req-6c01ea5d-9319-45a8-9de7-4eaa607ae754 req-d9137988-be0b-4506-b0fc-b4c2d8657d5f 21a49c1f68784614909617490c128c9d 12a7d7a4415b4ef0aaebc3d17e7941df - - default default] 10.0.0.128 "DELETE /v2.0/security-group-rules/fb63f4b7-8eb3-423b-a8ec-c04e41eae71f HTTP/1.1" status: 204 len: 173 time: 0.2334225
2026-07-09 14:30:36.786 10 INFO neutron.db.ovn_revision_numbers_db [None req-cefe73ac-bf6f-42ae-8ae1-ec5443b32fb1 - - - - - -] Successfully bumped revision number for resource b3bd3e93-ff7c-41ec-bf81-d6fe40d84586 (type: ports) to 2
2026-07-09 14:30:36.802 9 INFO neutron.db.ovn_revision_numbers_db [None req-c60e288d-308e-40bc-ae3b-5ea198d3e5e5 - - - - - -] Successfully bumped revision number for resource 7f3500a1-fe46-492b-af59-cb13daa0c998 (type: router_ports) to 2
2026-07-09 14:30:36.875 10 INFO neutron.wsgi [req-21b58753-1cfa-4a91-86db-ea69b084c69e req-7fcdc0ea-152a-458d-a667-e0c4354d37bc 21a49c1f68784614909617490c128c9d 12a7d7a4415b4ef0aaebc3d17e7941df - - default default] 10.0.0.128 "GET /v2.0/security-groups/355c5247-6007-48e8-9f90-948834ee3c26 HTTP/1.1" status: 200 len: 2414 time: 0.0629160
2026-07-09 14:30:36.924 10 INFO neutron.db.ovn_revision_numbers_db [None req-cefe73ac-bf6f-42ae-8ae1-ec5443b32fb1 - - - - - -] Successfully bumped revision number for resource b3bd3e93-ff7c-41ec-bf81-d6fe40d84586 (type: router_ports) to 2
2026-07-09 14:30:37.087 10 INFO neutron.db.ovn_revision_numbers_db [None req-77433f28-f1a2-403d-8514-345ffe36ba50 22165e82e85b47038d5e4c973809c3ac 363969c90b5d4636b34103ca5ae0b718 - - default default] Successfully bumped revision number for resource 4551c805-2f2a-4a86-83c6-ec52f48b61fd (type: security_groups) to 1
2026-07-09 14:30:37.096 10 INFO neutron.wsgi [req-21b58753-1cfa-4a91-86db-ea69b084c69e req-689348ae-510e-4aa0-8002-27666e72e0b7 21a49c1f68784614909617490c128c9d 12a7d7a4415b4ef0aaebc3d17e7941df - - default default] 10.0.0.128 "DELETE /v2.0/security-groups/355c5247-6007-48e8-9f90-948834ee3c26 HTTP/1.1" status: 204 len: 173 time: 0.2084365
2026-07-09 14:30:37.111 10 INFO neutron.db.ovn_revision_numbers_db [None req-77433f28-f1a2-403d-8514-345ffe36ba50 22165e82e85b47038d5e4c973809c3ac 363969c90b5d4636b34103ca5ae0b718 - - default default] Successfully bumped revision number for resource 1358ebc6-2d87-4f69-b8da-ff9cf8767a8c (type: security_group_rules) to 0
2026-07-09 14:30:37.152 10 INFO neutron.db.ovn_revision_numbers_db [None req-77433f28-f1a2-403d-8514-345ffe36ba50 22165e82e85b47038d5e4c973809c3ac 363969c90b5d4636b34103ca5ae0b718 - - default default] Successfully bumped revision number for resource 327cee89-7081-414d-9242-e015851f767e (type: security_group_rules) to 0
2026-07-09 14:30:37.178 9 INFO neutron.wsgi [None req-b49706ba-a0fb-4c30-8b21-bcff135b57ad 22165e82e85b47038d5e4c973809c3ac 363969c90b5d4636b34103ca5ae0b718 - - default default] 10.0.0.84 "PUT /v2.0/routers/9b9485c3-ccac-4de4-b52a-648719037485/add_router_interface HTTP/1.1" status: 200 len: 503 time: 3.1331744
2026-07-09 14:30:37.180 10 INFO neutron.wsgi [req-f1236fa0-1c2c-4210-84c1-63aaf5fa3d95 req-ab0fff29-fdba-41df-ba85-c99314a0818c 21a49c1f68784614909617490c128c9d 12a7d7a4415b4ef0aaebc3d17e7941df - - default default] 10.0.0.128 "GET /v2.0/security-groups/efc4317d-64bc-451b-a30a-c4324d6acfc4 HTTP/1.1" status: 200 len: 2414 time: 0.0584073
2026-07-09 14:30:37.181 10 INFO neutron.db.ovn_revision_numbers_db [None req-77433f28-f1a2-403d-8514-345ffe36ba50 22165e82e85b47038d5e4c973809c3ac 363969c90b5d4636b34103ca5ae0b718 - - default default] Successfully bumped revision number for resource 96f4e613-b52e-4515-88e8-d7824b328961 (type: security_group_rules) to 0
2026-07-09 14:30:37.216 10 INFO neutron.db.ovn_revision_numbers_db [None req-77433f28-f1a2-403d-8514-345ffe36ba50 22165e82e85b47038d5e4c973809c3ac 363969c90b5d4636b34103ca5ae0b718 - - default default] Successfully bumped revision number for resource a397de68-a8e5-412c-a55e-d2cc9f3de37f (type: security_group_rules) to 0
2026-07-09 14:30:37.252 10 INFO neutron.wsgi [None req-77433f28-f1a2-403d-8514-345ffe36ba50 22165e82e85b47038d5e4c973809c3ac 363969c90b5d4636b34103ca5ae0b718 - - default default] 10.0.0.84 "GET /v2.0/security-groups?tenant_id=12e64bd81b274252aa8030d42e12cc97&name=default HTTP/1.1" status: 200 len: 2996 time: 0.6389205
2026-07-09 14:30:37.376 10 INFO neutron.wsgi [req-f1236fa0-1c2c-4210-84c1-63aaf5fa3d95 req-6e8dcc30-30fb-43b2-b0e8-4e9a74a300aa 21a49c1f68784614909617490c128c9d 12a7d7a4415b4ef0aaebc3d17e7941df - - default default] 10.0.0.128 "DELETE /v2.0/security-groups/efc4317d-64bc-451b-a30a-c4324d6acfc4 HTTP/1.1" status: 204 len: 173 time: 0.1775169
2026-07-09 14:30:37.481 10 INFO neutron.wsgi [req-0cc5200a-73ab-4c1f-a3b5-0f388dee043d req-5439b61e-cfc1-4b8e-913d-3bec49292777 2db008ed8845407e8e8ab9c7d6c2a8a2 717c84078568463db1cf702f8bbd6e13 - - default default] 10.0.0.128 "GET /v2.0/ports?device_id=551cf16d-a06a-4829-b824-8bd108b82723 HTTP/1.1" status: 200 len: 210 time: 0.0392725
2026-07-09 14:30:37.621 9 INFO neutron.wsgi [None req-78f678d3-2ea2-43f9-9f1f-2399d7b76a47 22165e82e85b47038d5e4c973809c3ac 363969c90b5d4636b34103ca5ae0b718 - - default default] 10.0.0.84 "DELETE /v2.0/security-groups/4551c805-2f2a-4a86-83c6-ec52f48b61fd HTTP/1.1" status: 204 len: 168 time: 0.3579681
2026-07-09 14:30:37.899 9 INFO neutron.db.ovn_revision_numbers_db [None req-a9a93e7a-2b24-4b87-a529-5e2b5dcf4db2 22165e82e85b47038d5e4c973809c3ac 363969c90b5d4636b34103ca5ae0b718 - - default default] Successfully bumped revision number for resource 250c1ea9-c1fa-41e8-b936-a42abfb7ba30 (type: security_groups) to 1
2026-07-09 14:30:37.920 9 INFO neutron.db.ovn_revision_numbers_db [None req-a9a93e7a-2b24-4b87-a529-5e2b5dcf4db2 22165e82e85b47038d5e4c973809c3ac 363969c90b5d4636b34103ca5ae0b718 - - default default] Successfully bumped revision number for resource 2dd35d66-bf81-4770-ace8-b3e9da4cf648 (type: security_group_rules) to 0
2026-07-09 14:30:37.933 9 INFO neutron.db.ovn_revision_numbers_db [None req-a9a93e7a-2b24-4b87-a529-5e2b5dcf4db2 22165e82e85b47038d5e4c973809c3ac 363969c90b5d4636b34103ca5ae0b718 - - default default] Successfully bumped revision number for resource 4ef0236f-4e81-486e-88ff-5c116ac47b04 (type: security_group_rules) to 0
2026-07-09 14:30:37.951 9 INFO neutron.db.ovn_revision_numbers_db [None req-a9a93e7a-2b24-4b87-a529-5e2b5dcf4db2 22165e82e85b47038d5e4c973809c3ac 363969c90b5d4636b34103ca5ae0b718 - - default default] Successfully bumped revision number for resource 98e9a13c-d1e7-41e8-857b-e8cf21909919 (type: security_group_rules) to 0
2026-07-09 14:30:37.980 9 INFO neutron.db.ovn_revision_numbers_db [None req-a9a93e7a-2b24-4b87-a529-5e2b5dcf4db2 22165e82e85b47038d5e4c973809c3ac 363969c90b5d4636b34103ca5ae0b718 - - default default] Successfully bumped revision number for resource fa6f52f3-acbe-45ae-bae8-0d0535edc1c1 (type: security_group_rules) to 0
2026-07-09 14:30:37.985 10 WARNING neutron_lib.context [req-699cd932-89ea-4d6e-9788-c64ee57221fb req-abb3e055-25ac-41ad-915f-884c191772ce 4eb5bc0d892e474aa6185c16fa53128e e0d799da256549149fbf543b67538f94 - - default default] Method 'is_advsvc' is deprecated since 2023.2 release (neutron-lib 3.8.0) and will be removed once support for the old RBAC API policies will be removed from Neutron. Please use method 'is_service_role' instead.
2026-07-09 14:30:38.018 9 INFO neutron.wsgi [None req-a9a93e7a-2b24-4b87-a529-5e2b5dcf4db2 22165e82e85b47038d5e4c973809c3ac 363969c90b5d4636b34103ca5ae0b718 - - default default] 10.0.0.84 "GET /v2.0/security-groups?tenant_id=3662753ceb9a4e90982833562b1d7a17&name=default HTTP/1.1" status: 200 len: 2996 time: 0.2666726
2026-07-09 14:30:38.218 9 INFO neutron.wsgi [req-25210ff2-7bba-4039-b218-bd5bace1704b req-16e0b9df-bfe1-4802-91f8-c383ce5321ce 2db008ed8845407e8e8ab9c7d6c2a8a2 717c84078568463db1cf702f8bbd6e13 - - default default] 199.19.213.105 "GET /v2.0/networks?id=0862c814-491b-4db1-be73-610dafd14afd HTTP/1.1" status: 200 len: 874 time: 0.2640269
2026-07-09 14:30:38.236 10 INFO neutron.db.ovn_revision_numbers_db [req-699cd932-89ea-4d6e-9788-c64ee57221fb req-abb3e055-25ac-41ad-915f-884c191772ce 4eb5bc0d892e474aa6185c16fa53128e e0d799da256549149fbf543b67538f94 - - default default] Successfully bumped revision number for resource 60fb20dc-9ad0-4c73-bc34-e4a8ada86780 (type: security_groups) to 1
2026-07-09 14:30:38.266 10 INFO neutron.db.ovn_revision_numbers_db [req-699cd932-89ea-4d6e-9788-c64ee57221fb req-abb3e055-25ac-41ad-915f-884c191772ce 4eb5bc0d892e474aa6185c16fa53128e e0d799da256549149fbf543b67538f94 - - default default] Successfully bumped revision number for resource e8248fb1-bf0e-45d8-b487-032e2c36cb9e (type: security_group_rules) to 0
2026-07-09 14:30:38.288 10 INFO neutron.db.ovn_revision_numbers_db [req-699cd932-89ea-4d6e-9788-c64ee57221fb req-abb3e055-25ac-41ad-915f-884c191772ce 4eb5bc0d892e474aa6185c16fa53128e e0d799da256549149fbf543b67538f94 - - default default] Successfully bumped revision number for resource e98ab63d-9658-4386-a914-56c3d854ee08 (type: security_group_rules) to 0
2026-07-09 14:30:38.303 9 INFO neutron.wsgi [req-25210ff2-7bba-4039-b218-bd5bace1704b req-836afdf8-b461-4a03-8f28-627b6adcec07 2db008ed8845407e8e8ab9c7d6c2a8a2 717c84078568463db1cf702f8bbd6e13 - - default default] 199.19.213.105 "GET /v2.0/security-groups?fields=id&fields=name&tenant_id=717c84078568463db1cf702f8bbd6e13 HTTP/1.1" status: 200 len: 380 time: 0.0635395
2026-07-09 14:30:38.325 10 INFO neutron.wsgi [req-699cd932-89ea-4d6e-9788-c64ee57221fb req-abb3e055-25ac-41ad-915f-884c191772ce 4eb5bc0d892e474aa6185c16fa53128e e0d799da256549149fbf543b67538f94 - - default default] 10.0.0.128 "POST /v2.0/security-groups HTTP/1.1" status: 201 len: 1822 time: 0.3500118
2026-07-09 14:30:38.335 9 WARNING neutron_lib.context [req-25210ff2-7bba-4039-b218-bd5bace1704b req-7ae0e2e4-568f-45ac-bfc4-5caeb8b44085 2db008ed8845407e8e8ab9c7d6c2a8a2 717c84078568463db1cf702f8bbd6e13 - - default default] Method 'is_advsvc' is deprecated since 2023.2 release (neutron-lib 3.8.0) and will be removed once support for the old RBAC API policies will be removed from Neutron. Please use method 'is_service_role' instead.
2026-07-09 14:30:38.361 10 WARNING neutron_lib.context [req-b9721b11-ddb1-418f-b601-e799d749d61d req-28bc2d0d-626e-4d39-81f2-5e675f85837e 4eb5bc0d892e474aa6185c16fa53128e e0d799da256549149fbf543b67538f94 - - default default] Method 'is_advsvc' is deprecated since 2023.2 release (neutron-lib 3.8.0) and will be removed once support for the old RBAC API policies will be removed from Neutron. Please use method 'is_service_role' instead.
2026-07-09 14:30:38.424 9 INFO neutron.wsgi [None req-d42906dd-aa29-46aa-8f43-485be787a4d3 22165e82e85b47038d5e4c973809c3ac 363969c90b5d4636b34103ca5ae0b718 - - default default] 10.0.0.84 "DELETE /v2.0/security-groups/250c1ea9-c1fa-41e8-b936-a42abfb7ba30 HTTP/1.1" status: 204 len: 168 time: 0.3963172
2026-07-09 14:30:38.547 10 INFO neutron.db.ovn_revision_numbers_db [req-b9721b11-ddb1-418f-b601-e799d749d61d req-28bc2d0d-626e-4d39-81f2-5e675f85837e 4eb5bc0d892e474aa6185c16fa53128e e0d799da256549149fbf543b67538f94 - - default default] Successfully bumped revision number for resource 0aba2962-282b-4e4c-b47b-1a6956e925fd (type: security_groups) to 1
2026-07-09 14:30:38.588 10 INFO neutron.db.ovn_revision_numbers_db [req-b9721b11-ddb1-418f-b601-e799d749d61d req-28bc2d0d-626e-4d39-81f2-5e675f85837e 4eb5bc0d892e474aa6185c16fa53128e e0d799da256549149fbf543b67538f94 - - default default] Successfully bumped revision number for resource 00ce5cb9-e62f-461f-ac95-ee033f5407a5 (type: security_group_rules) to 0
2026-07-09 14:30:38.611 10 INFO neutron.db.ovn_revision_numbers_db [req-b9721b11-ddb1-418f-b601-e799d749d61d req-28bc2d0d-626e-4d39-81f2-5e675f85837e 4eb5bc0d892e474aa6185c16fa53128e e0d799da256549149fbf543b67538f94 - - default default] Successfully bumped revision number for resource 2d5659f9-02ae-46d0-8ef4-4fb13cce5c83 (type: security_group_rules) to 0
2026-07-09 14:30:38.659 10 INFO neutron.wsgi [req-b9721b11-ddb1-418f-b601-e799d749d61d req-28bc2d0d-626e-4d39-81f2-5e675f85837e 4eb5bc0d892e474aa6185c16fa53128e e0d799da256549149fbf543b67538f94 - - default default] 10.0.0.128 "POST /v2.0/security-groups HTTP/1.1" status: 201 len: 1821 time: 0.3056498
2026-07-09 14:30:38.699 10 WARNING neutron_lib.context [req-6821ee94-9258-4b5c-8b8a-ef78eb423d0d req-b5d38005-ec74-4224-819c-e8dc43886d20 4eb5bc0d892e474aa6185c16fa53128e e0d799da256549149fbf543b67538f94 - - default default] Method 'is_advsvc' is deprecated since 2023.2 release (neutron-lib 3.8.0) and will be removed once support for the old RBAC API policies will be removed from Neutron. Please use method 'is_service_role' instead.
2026-07-09 14:30:38.704 10 INFO neutron.wsgi [req-c235c84f-6a3f-42ca-8595-41698329220e req-08d22440-61b1-4812-9e90-0412cd787f3c 2db008ed8845407e8e8ab9c7d6c2a8a2 717c84078568463db1cf702f8bbd6e13 - - default default] 10.0.0.128 "GET /v2.0/ports?device_id=551cf16d-a06a-4829-b824-8bd108b82723 HTTP/1.1" status: 200 len: 210 time: 0.0487564
2026-07-09 14:30:38.894 9 WARNING neutron.scheduler.dhcp_agent_scheduler [req-25210ff2-7bba-4039-b218-bd5bace1704b req-7ae0e2e4-568f-45ac-bfc4-5caeb8b44085 2db008ed8845407e8e8ab9c7d6c2a8a2 717c84078568463db1cf702f8bbd6e13 - - default default] No more DHCP agents
2026-07-09 14:30:38.898 9 WARNING neutron.api.rpc.agentnotifiers.dhcp_rpc_agent_api [req-25210ff2-7bba-4039-b218-bd5bace1704b req-7ae0e2e4-568f-45ac-bfc4-5caeb8b44085 2db008ed8845407e8e8ab9c7d6c2a8a2 717c84078568463db1cf702f8bbd6e13 - - default default] Unable to schedule network 0862c814-491b-4db1-be73-610dafd14afd: no agents available; will retry on subsequent port and subnet creation events.
2026-07-09 14:30:38.947 10 INFO neutron.db.ovn_revision_numbers_db [req-6821ee94-9258-4b5c-8b8a-ef78eb423d0d req-b5d38005-ec74-4224-819c-e8dc43886d20 4eb5bc0d892e474aa6185c16fa53128e e0d799da256549149fbf543b67538f94 - - default default] Successfully bumped revision number for resource 378f0193-0256-499c-bdc2-55f5677620ad (type: security_groups) to 1
2026-07-09 14:30:38.973 10 INFO neutron.db.ovn_revision_numbers_db [req-6821ee94-9258-4b5c-8b8a-ef78eb423d0d req-b5d38005-ec74-4224-819c-e8dc43886d20 4eb5bc0d892e474aa6185c16fa53128e e0d799da256549149fbf543b67538f94 - - default default] Successfully bumped revision number for resource 7953470d-b421-438b-8eaf-957bcaccbead (type: security_group_rules) to 0
2026-07-09 14:30:38.998 10 INFO neutron.db.ovn_revision_numbers_db [req-6821ee94-9258-4b5c-8b8a-ef78eb423d0d req-b5d38005-ec74-4224-819c-e8dc43886d20 4eb5bc0d892e474aa6185c16fa53128e e0d799da256549149fbf543b67538f94 - - default default] Successfully bumped revision number for resource a3cf9f17-0043-4698-af9f-ec768e40db46 (type: security_group_rules) to 0
2026-07-09 14:30:39.042 10 INFO neutron.wsgi [req-6821ee94-9258-4b5c-8b8a-ef78eb423d0d req-b5d38005-ec74-4224-819c-e8dc43886d20 4eb5bc0d892e474aa6185c16fa53128e e0d799da256549149fbf543b67538f94 - - default default] 10.0.0.128 "POST /v2.0/security-groups HTTP/1.1" status: 201 len: 1822 time: 0.3508053
2026-07-09 14:30:39.171 10 INFO neutron.wsgi [req-5bc5b23d-1597-430f-83e7-2f757bc9c6eb req-3bfe5e73-a90f-4bc8-b834-4c5465d3709a 4eb5bc0d892e474aa6185c16fa53128e e0d799da256549149fbf543b67538f94 - - default default] 10.0.0.128 "GET /v2.0/security-groups?tenant_id=e0d799da256549149fbf543b67538f94 HTTP/1.1" status: 200 len: 7793 time: 0.0942349
2026-07-09 14:30:39.233 10 INFO neutron.wsgi [req-5bc5b23d-1597-430f-83e7-2f757bc9c6eb req-622d84a3-52ad-4ab9-a184-18f3289fe00e 4eb5bc0d892e474aa6185c16fa53128e e0d799da256549149fbf543b67538f94 - - default default] 10.0.0.128 "GET /v2.0/security-groups/7cbc0b69-ead2-4cd6-9d83-d85fc4495d47 HTTP/1.1" status: 200 len: 2994 time: 0.0523958
2026-07-09 14:30:39.294 10 INFO neutron.wsgi [req-5bc5b23d-1597-430f-83e7-2f757bc9c6eb req-ed51dee8-0aea-47fc-8cd7-c25afaf0d91e 4eb5bc0d892e474aa6185c16fa53128e e0d799da256549149fbf543b67538f94 - - default default] 10.0.0.128 "GET /v2.0/security-groups/7cbc0b69-ead2-4cd6-9d83-d85fc4495d47 HTTP/1.1" status: 200 len: 2994 time: 0.0448027
2026-07-09 14:30:39.355 9 INFO neutron.db.ovn_revision_numbers_db [req-25210ff2-7bba-4039-b218-bd5bace1704b req-7ae0e2e4-568f-45ac-bfc4-5caeb8b44085 2db008ed8845407e8e8ab9c7d6c2a8a2 717c84078568463db1cf702f8bbd6e13 - - default default] Successfully bumped revision number for resource 5a50f9f9-5cd5-4145-893e-ae4bfd102de2 (type: ports) to 1
2026-07-09 14:30:39.384 9 INFO neutron.wsgi [req-25210ff2-7bba-4039-b218-bd5bace1704b req-7ae0e2e4-568f-45ac-bfc4-5caeb8b44085 2db008ed8845407e8e8ab9c7d6c2a8a2 717c84078568463db1cf702f8bbd6e13 - - default default] 199.19.213.105 "POST /v2.0/ports HTTP/1.1" status: 201 len: 1162 time: 1.0633163
2026-07-09 14:30:39.390 10 INFO neutron.wsgi [req-84a86000-5888-490e-8be7-ea5e687d0a2e req-a23878b3-e37f-44d1-8961-2f8711d93b00 4eb5bc0d892e474aa6185c16fa53128e e0d799da256549149fbf543b67538f94 - - default default] 10.0.0.128 "GET /v2.0/security-groups/60fb20dc-9ad0-4c73-bc34-e4a8ada86780 HTTP/1.1" status: 200 len: 1817 time: 0.0720654 /var/lib/openstack/lib/python3.10/site-packages/pycadf/identifier.py:71: UserWarning: Invalid uuid: neutron. To ensure interoperability, identifiers should be a valid uuid. warnings.warn(('Invalid uuid: %s. To ensure interoperability, '
2026-07-09 14:30:39.399 9 INFO neutron.wsgi [req-25210ff2-7bba-4039-b218-bd5bace1704b req-024ae313-d025-4368-88c6-d6a6113ead0b 2db008ed8845407e8e8ab9c7d6c2a8a2 717c84078568463db1cf702f8bbd6e13 - - default default] 199.19.213.105 "GET /v2.0/extensions HTTP/1.1" status: 200 len: 16980 time: 0.0094311 /var/lib/openstack/lib/python3.10/site-packages/pycadf/identifier.py:71: UserWarning: Invalid uuid: neutron. To ensure interoperability, identifiers should be a valid uuid. warnings.warn(('Invalid uuid: %s. To ensure interoperability, '
2026-07-09 14:30:39.607 10 INFO neutron.wsgi [None req-79027272-9259-4ef2-ae0a-097ab37d9281 22165e82e85b47038d5e4c973809c3ac 363969c90b5d4636b34103ca5ae0b718 - - default default] 10.0.0.84 "PUT /v2.0/routers/b5a53585-9bcf-4d86-8aef-5f474427097e/remove_router_interface HTTP/1.1" status: 200 len: 503 time: 2.2120149
2026-07-09 14:30:39.737 10 INFO neutron.wsgi [req-84a86000-5888-490e-8be7-ea5e687d0a2e req-5be069de-d2a7-420a-b940-090ecb35d605 4eb5bc0d892e474aa6185c16fa53128e e0d799da256549149fbf543b67538f94 - - default default] 10.0.0.128 "DELETE /v2.0/security-groups/60fb20dc-9ad0-4c73-bc34-e4a8ada86780 HTTP/1.1" status: 204 len: 173 time: 0.1458039
2026-07-09 14:30:39.783 10 INFO neutron.api.v2.resource [req-03d54dfb-8910-4c6b-8ab9-9eb616ec5207 req-331267be-2b30-4cc8-9716-7597b81a9b23 4eb5bc0d892e474aa6185c16fa53128e e0d799da256549149fbf543b67538f94 - - default default] show failed (client error): The resource could not be found.
2026-07-09 14:30:39.784 10 INFO neutron.wsgi [req-03d54dfb-8910-4c6b-8ab9-9eb616ec5207 req-331267be-2b30-4cc8-9716-7597b81a9b23 4eb5bc0d892e474aa6185c16fa53128e e0d799da256549149fbf543b67538f94 - - default default] 10.0.0.128 "GET /v2.0/security-groups/60fb20dc-9ad0-4c73-bc34-e4a8ada86780 HTTP/1.1" status: 404 len: 352 time: 0.0166361
2026-07-09 14:30:39.881 10 INFO neutron.wsgi [req-ca5e9afa-501f-433b-8a42-3bb8e843b1da req-de1bc599-451a-4ade-95dc-f736efc96e1f 4eb5bc0d892e474aa6185c16fa53128e e0d799da256549149fbf543b67538f94 - - default default] 10.0.0.128 "GET /v2.0/security-groups/0aba2962-282b-4e4c-b47b-1a6956e925fd HTTP/1.1" status: 200 len: 1816 time: 0.0718808
2026-07-09 14:30:39.892 10 INFO neutron.wsgi [req-100e02f9-b65b-4bd9-a79b-51327ace9250 req-175ae1db-0383-4d62-8a7d-17cba13cb56e 2db008ed8845407e8e8ab9c7d6c2a8a2 717c84078568463db1cf702f8bbd6e13 - - default default] 10.0.0.128 "GET /v2.0/ports?device_id=551cf16d-a06a-4829-b824-8bd108b82723 HTTP/1.1" status: 200 len: 1160 time: 0.0687232
2026-07-09 14:30:39.966 10 INFO neutron.wsgi [req-100e02f9-b65b-4bd9-a79b-51327ace9250 req-09469224-d079-42cb-a910-97ad9c812f01 2db008ed8845407e8e8ab9c7d6c2a8a2 717c84078568463db1cf702f8bbd6e13 - - default default] 10.0.0.128 "GET /v2.0/security-groups?id=ba4bcd20-e89c-4880-bda8-bd976caa4d25&fields=id&fields=name HTTP/1.1" status: 200 len: 313 time: 0.0654356
2026-07-09 14:30:40.051 10 INFO neutron.wsgi [req-ca5e9afa-501f-433b-8a42-3bb8e843b1da req-5e112b7b-939c-40c0-ae98-2a92fd75d62b 4eb5bc0d892e474aa6185c16fa53128e e0d799da256549149fbf543b67538f94 - - default default] 10.0.0.128 "DELETE /v2.0/security-groups/0aba2962-282b-4e4c-b47b-1a6956e925fd HTTP/1.1" status: 204 len: 173 time: 0.1583102
2026-07-09 14:30:40.090 10 INFO neutron.api.v2.resource [req-82832127-f7fb-48d9-b706-e9576fc8cf8a req-69d60776-3604-4d7a-9a47-2c733ae3ff8f 4eb5bc0d892e474aa6185c16fa53128e e0d799da256549149fbf543b67538f94 - - default default] show failed (client error): The resource could not be found.
2026-07-09 14:30:40.092 10 INFO neutron.wsgi [req-82832127-f7fb-48d9-b706-e9576fc8cf8a req-69d60776-3604-4d7a-9a47-2c733ae3ff8f 4eb5bc0d892e474aa6185c16fa53128e e0d799da256549149fbf543b67538f94 - - default default] 10.0.0.128 "GET /v2.0/security-groups/0aba2962-282b-4e4c-b47b-1a6956e925fd HTTP/1.1" status: 404 len: 352 time: 0.0172901
2026-07-09 14:30:40.166 10 INFO neutron.wsgi [req-a960cc19-c6cc-4e7d-9b3c-42d844cde1e2 req-a1d3f360-3d0d-4ddb-b649-03ccaea6a272 4eb5bc0d892e474aa6185c16fa53128e e0d799da256549149fbf543b67538f94 - - default default] 10.0.0.128 "GET /v2.0/security-groups/378f0193-0256-499c-bdc2-55f5677620ad HTTP/1.1" status: 200 len: 1817 time: 0.0453081
2026-07-09 14:30:40.316 10 INFO neutron.wsgi [req-a960cc19-c6cc-4e7d-9b3c-42d844cde1e2 req-d535af40-4cdd-4424-9529-591ab684e2a6 4eb5bc0d892e474aa6185c16fa53128e e0d799da256549149fbf543b67538f94 - - default default] 10.0.0.128 "DELETE /v2.0/security-groups/378f0193-0256-499c-bdc2-55f5677620ad HTTP/1.1" status: 204 len: 173 time: 0.1408205
2026-07-09 14:30:40.350 10 INFO neutron.api.v2.resource [req-8f6245a7-b653-4b55-92d2-382c040a3613 req-92a932fe-2b1c-4adc-b2e9-63fc99a0a346 4eb5bc0d892e474aa6185c16fa53128e e0d799da256549149fbf543b67538f94 - - default default] show failed (client error): The resource could not be found.
2026-07-09 14:30:40.352 10 INFO neutron.wsgi [req-8f6245a7-b653-4b55-92d2-382c040a3613 req-92a932fe-2b1c-4adc-b2e9-63fc99a0a346 4eb5bc0d892e474aa6185c16fa53128e e0d799da256549149fbf543b67538f94 - - default default] 10.0.0.128 "GET /v2.0/security-groups/378f0193-0256-499c-bdc2-55f5677620ad HTTP/1.1" status: 404 len: 352 time: 0.0155928
2026-07-09 14:30:40.426 10 INFO neutron.wsgi [req-4026b566-35ae-4e1c-b36d-92ed909515c5 req-9570a9cb-8a14-402c-9a40-fb51db87ec51 4eb5bc0d892e474aa6185c16fa53128e e0d799da256549149fbf543b67538f94 - - default default] 10.0.0.128 "GET /v2.0/security-groups?tenant_id=e0d799da256549149fbf543b67538f94 HTTP/1.1" status: 200 len: 2997 time: 0.0499430
2026-07-09 14:30:40.475 10 INFO neutron.wsgi [req-4026b566-35ae-4e1c-b36d-92ed909515c5 req-288a5fc3-e946-4750-bed9-9509a0434476 4eb5bc0d892e474aa6185c16fa53128e e0d799da256549149fbf543b67538f94 - - default default] 10.0.0.128 "GET /v2.0/security-groups/7cbc0b69-ead2-4cd6-9d83-d85fc4495d47 HTTP/1.1" status: 200 len: 2994 time: 0.0419672
2026-07-09 14:30:40.527 10 INFO neutron.wsgi [req-4026b566-35ae-4e1c-b36d-92ed909515c5 req-5b81055b-cd2f-4e1a-847d-44949350cb51 4eb5bc0d892e474aa6185c16fa53128e e0d799da256549149fbf543b67538f94 - - default default] 10.0.0.128 "GET /v2.0/security-groups/7cbc0b69-ead2-4cd6-9d83-d85fc4495d47 HTTP/1.1" status: 200 len: 2994 time: 0.0422790
2026-07-09 14:30:40.570 10 INFO neutron.api.v2.resource [req-9b229512-b0ed-4027-810d-118836004e7b req-d92a5aed-52c3-4a80-bbfb-ed244116c4e6 4eb5bc0d892e474aa6185c16fa53128e e0d799da256549149fbf543b67538f94 - - default default] show failed (client error): The resource could not be found.
2026-07-09 14:30:40.571 10 INFO neutron.wsgi [req-9b229512-b0ed-4027-810d-118836004e7b req-d92a5aed-52c3-4a80-bbfb-ed244116c4e6 4eb5bc0d892e474aa6185c16fa53128e e0d799da256549149fbf543b67538f94 - - default default] 10.0.0.128 "GET /v2.0/security-groups/378f0193-0256-499c-bdc2-55f5677620ad HTTP/1.1" status: 404 len: 352 time: 0.0154953
2026-07-09 14:30:40.607 10 INFO neutron.api.v2.resource [req-984d2b5d-438f-48cf-b813-dcb6dbdfb037 req-7ad5bf31-0c7e-4a8e-a73b-a03c12b838db 4eb5bc0d892e474aa6185c16fa53128e e0d799da256549149fbf543b67538f94 - - default default] show failed (client error): The resource could not be found.
2026-07-09 14:30:40.608 10 INFO neutron.wsgi [req-984d2b5d-438f-48cf-b813-dcb6dbdfb037 req-7ad5bf31-0c7e-4a8e-a73b-a03c12b838db 4eb5bc0d892e474aa6185c16fa53128e e0d799da256549149fbf543b67538f94 - - default default] 10.0.0.128 "GET /v2.0/security-groups/0aba2962-282b-4e4c-b47b-1a6956e925fd HTTP/1.1" status: 404 len: 352 time: 0.0152774
2026-07-09 14:30:40.650 10 INFO neutron.api.v2.resource [req-53a2d6f2-e199-47ef-a3c9-735dae6964db req-01553d95-26ae-45db-b036-ff1c4c2c019b 4eb5bc0d892e474aa6185c16fa53128e e0d799da256549149fbf543b67538f94 - - default default] show failed (client error): The resource could not be found.
2026-07-09 14:30:40.651 10 INFO neutron.wsgi [req-53a2d6f2-e199-47ef-a3c9-735dae6964db req-01553d95-26ae-45db-b036-ff1c4c2c019b 4eb5bc0d892e474aa6185c16fa53128e e0d799da256549149fbf543b67538f94 - - default default] 10.0.0.128 "GET /v2.0/security-groups/60fb20dc-9ad0-4c73-bc34-e4a8ada86780 HTTP/1.1" status: 404 len: 352 time: 0.0170133
2026-07-09 14:30:41.005 9 INFO neutron.db.ovn_revision_numbers_db [req-25210ff2-7bba-4039-b218-bd5bace1704b req-11782be9-0a15-49b8-b965-77eee72f2e33 1d5fcf759944402684510e42b4778f58 db2e5f1105f74b2fa122d3dd783d2b5f - - 74f1ce842aef429182ec85dbc71b8ded 74f1ce842aef429182ec85dbc71b8ded] Successfully bumped revision number for resource 5a50f9f9-5cd5-4145-893e-ae4bfd102de2 (type: ports) to 2
2026-07-09 14:30:41.163 9 INFO neutron.wsgi [None req-860437c5-09f7-4bee-b589-bb5d74f81433 22165e82e85b47038d5e4c973809c3ac 363969c90b5d4636b34103ca5ae0b718 - - default default] 10.0.0.84 "DELETE /v2.0/routers/b5a53585-9bcf-4d86-8aef-5f474427097e HTTP/1.1" status: 204 len: 168 time: 1.5508735 /var/lib/openstack/lib/python3.10/site-packages/pycadf/identifier.py:71: UserWarning: Invalid uuid: neutron. To ensure interoperability, identifiers should be a valid uuid. warnings.warn(('Invalid uuid: %s. To ensure interoperability, '
2026-07-09 14:30:41.204 10 INFO neutron.wsgi [req-5888d666-2739-491b-9038-4b11f070e872 req-198361bd-0fa1-4f96-8801-75b997276371 2db008ed8845407e8e8ab9c7d6c2a8a2 717c84078568463db1cf702f8bbd6e13 - - default default] 10.0.0.128 "GET /v2.0/ports?device_id=551cf16d-a06a-4829-b824-8bd108b82723 HTTP/1.1" status: 200 len: 1172 time: 0.1525955
2026-07-09 14:30:41.266 10 INFO neutron.wsgi [req-5888d666-2739-491b-9038-4b11f070e872 req-ab839851-05b4-4c90-99a2-cedfe9f33c93 2db008ed8845407e8e8ab9c7d6c2a8a2 717c84078568463db1cf702f8bbd6e13 - - default default] 10.0.0.128 "GET /v2.0/security-groups?id=ba4bcd20-e89c-4880-bda8-bd976caa4d25&fields=id&fields=name HTTP/1.1" status: 200 len: 313 time: 0.0519826
2026-07-09 14:30:41.424 9 INFO neutron.db.ovn_revision_numbers_db [req-25210ff2-7bba-4039-b218-bd5bace1704b req-11782be9-0a15-49b8-b965-77eee72f2e33 1d5fcf759944402684510e42b4778f58 db2e5f1105f74b2fa122d3dd783d2b5f - - 74f1ce842aef429182ec85dbc71b8ded 74f1ce842aef429182ec85dbc71b8ded] Successfully bumped revision number for resource 5a50f9f9-5cd5-4145-893e-ae4bfd102de2 (type: ports) to 2
2026-07-09 14:30:41.450 9 INFO neutron.wsgi [req-25210ff2-7bba-4039-b218-bd5bace1704b req-11782be9-0a15-49b8-b965-77eee72f2e33 1d5fcf759944402684510e42b4778f58 db2e5f1105f74b2fa122d3dd783d2b5f - - 74f1ce842aef429182ec85dbc71b8ded 74f1ce842aef429182ec85dbc71b8ded] 199.19.213.105 "PUT /v2.0/ports/5a50f9f9-5cd5-4145-893e-ae4bfd102de2 HTTP/1.1" status: 200 len: 1380 time: 1.6309738
2026-07-09 14:30:41.495 9 INFO neutron.wsgi [None req-a92d81ac-328c-4291-a281-289899c07154 22165e82e85b47038d5e4c973809c3ac 363969c90b5d4636b34103ca5ae0b718 - - default default] 10.0.0.84 "DELETE /v2.0/subnets/0c1a33cc-3bd8-4751-a449-bd6a7b5b71e5 HTTP/1.1" status: 204 len: 168 time: 0.3252547 /var/lib/openstack/lib/python3.10/site-packages/pycadf/identifier.py:71: UserWarning: Invalid uuid: neutron. To ensure interoperability, identifiers should be a valid uuid. warnings.warn(('Invalid uuid: %s. To ensure interoperability, '
2026-07-09 14:30:41.530 10 INFO neutron.db.ovn_revision_numbers_db [None req-120ba4bf-cdf3-4815-86e7-56afcc62ee77 22165e82e85b47038d5e4c973809c3ac 363969c90b5d4636b34103ca5ae0b718 - - default default] Successfully bumped revision number for resource 4b0ca5af-a24f-403f-be6f-3b285761b255 (type: security_groups) to 1
2026-07-09 14:30:41.559 10 INFO neutron.db.ovn_revision_numbers_db [None req-120ba4bf-cdf3-4815-86e7-56afcc62ee77 22165e82e85b47038d5e4c973809c3ac 363969c90b5d4636b34103ca5ae0b718 - - default default] Successfully bumped revision number for resource 12c93e67-dc05-4e07-8030-64e152ee1e05 (type: security_group_rules) to 0
2026-07-09 14:30:41.574 9 INFO neutron.wsgi [req-25210ff2-7bba-4039-b218-bd5bace1704b req-6dcb8db1-2a65-444e-ac6d-cbcec30ff1ec 1d5fcf759944402684510e42b4778f58 db2e5f1105f74b2fa122d3dd783d2b5f - - 74f1ce842aef429182ec85dbc71b8ded 74f1ce842aef429182ec85dbc71b8ded] 199.19.213.105 "GET /v2.0/ports?tenant_id=717c84078568463db1cf702f8bbd6e13&device_id=551cf16d-a06a-4829-b824-8bd108b82723 HTTP/1.1" status: 200 len: 1411 time: 0.0675142
2026-07-09 14:30:41.581 10 INFO neutron.db.ovn_revision_numbers_db [None req-120ba4bf-cdf3-4815-86e7-56afcc62ee77 22165e82e85b47038d5e4c973809c3ac 363969c90b5d4636b34103ca5ae0b718 - - default default] Successfully bumped revision number for resource 66b54d7b-457b-41ed-b5dd-5efd91acaaa1 (type: security_group_rules) to 0
2026-07-09 14:30:41.614 10 INFO neutron.db.ovn_revision_numbers_db [None req-120ba4bf-cdf3-4815-86e7-56afcc62ee77 22165e82e85b47038d5e4c973809c3ac 363969c90b5d4636b34103ca5ae0b718 - - default default] Successfully bumped revision number for resource 87ff92ea-1205-4d11-9564-36147aacd4f6 (type: security_group_rules) to 0
2026-07-09 14:30:41.616 9 INFO neutron.wsgi [req-25210ff2-7bba-4039-b218-bd5bace1704b req-181053d3-2478-4f1d-8777-340f86ea4677 1d5fcf759944402684510e42b4778f58 db2e5f1105f74b2fa122d3dd783d2b5f - - 74f1ce842aef429182ec85dbc71b8ded 74f1ce842aef429182ec85dbc71b8ded] 199.19.213.105 "GET /v2.0/floatingips?fixed_ip_address=10.100.0.13&port_id=5a50f9f9-5cd5-4145-893e-ae4bfd102de2 HTTP/1.1" status: 200 len: 217 time: 0.0350854
2026-07-09 14:30:41.663 10 INFO neutron.db.ovn_revision_numbers_db [None req-120ba4bf-cdf3-4815-86e7-56afcc62ee77 22165e82e85b47038d5e4c973809c3ac 363969c90b5d4636b34103ca5ae0b718 - - default default] Successfully bumped revision number for resource aab20c8d-f9d9-48b4-a8dd-8b0ce579b08e (type: security_group_rules) to 0
2026-07-09 14:30:41.705 10 INFO neutron.wsgi [None req-120ba4bf-cdf3-4815-86e7-56afcc62ee77 22165e82e85b47038d5e4c973809c3ac 363969c90b5d4636b34103ca5ae0b718 - - default default] 10.0.0.84 "GET /v2.0/security-groups?tenant_id=128914b3fdc345e2a3bb8e29e6218e26&name=default HTTP/1.1" status: 200 len: 2996 time: 0.5721765
2026-07-09 14:30:41.926 9 INFO neutron.wsgi [req-25210ff2-7bba-4039-b218-bd5bace1704b req-67181030-5ac2-4c76-91f3-cf88415e3832 1d5fcf759944402684510e42b4778f58 db2e5f1105f74b2fa122d3dd783d2b5f - - 74f1ce842aef429182ec85dbc71b8ded 74f1ce842aef429182ec85dbc71b8ded] 199.19.213.105 "GET /v2.0/subnets?id=ca9730c3-82e6-45a2-b611-4fb3ca5b7dff HTTP/1.1" status: 200 len: 868 time: 0.3037767
2026-07-09 14:30:42.002 10 WARNING neutron.plugins.ml2.drivers.ovn.mech_driver.ovsdb.ovn_client [None req-cefe73ac-bf6f-42ae-8ae1-ec5443b32fb1 - - - - - -] No port found with ID b3bd3e93-ff7c-41ec-bf81-d6fe40d84586: RuntimeError: No port found with ID b3bd3e93-ff7c-41ec-bf81-d6fe40d84586
2026-07-09 14:30:42.004 9 INFO neutron.wsgi [req-25210ff2-7bba-4039-b218-bd5bace1704b req-1b4d9e58-8708-4b61-8e63-8cf68f6f1146 1d5fcf759944402684510e42b4778f58 db2e5f1105f74b2fa122d3dd783d2b5f - - 74f1ce842aef429182ec85dbc71b8ded 74f1ce842aef429182ec85dbc71b8ded] 199.19.213.105 "GET /v2.0/ports?network_id=0862c814-491b-4db1-be73-610dafd14afd&device_owner=network%3Adhcp HTTP/1.1" status: 200 len: 210 time: 0.0621181
2026-07-09 14:30:42.006 9 INFO neutron.notifiers.nova [-] Nova event matching ['req-2b11ad51-743b-4e4c-b243-c453305722b4'] response: {'name': 'network-changed', 'server_uuid': '551cf16d-a06a-4829-b824-8bd108b82723', 'tag': '5a50f9f9-5cd5-4145-893e-ae4bfd102de2', 'status': 'completed', 'code': 200}
2026-07-09 14:30:42.055 10 INFO neutron.wsgi [None req-e0f0b2d8-e10f-4e6c-9f03-303e475d8fa3 22165e82e85b47038d5e4c973809c3ac 363969c90b5d4636b34103ca5ae0b718 - - default default] 10.0.0.84 "PUT /v2.0/routers/9b9485c3-ccac-4de4-b52a-648719037485/remove_router_interface HTTP/1.1" status: 200 len: 503 time: 1.3952227 /var/lib/openstack/lib/python3.10/site-packages/pycadf/identifier.py:71: UserWarning: Invalid uuid: neutron. To ensure interoperability, identifiers should be a valid uuid. warnings.warn(('Invalid uuid: %s. To ensure interoperability, '
