2026-07-09 14:10:12.960 10 INFO neutron.wsgi [-] 10.0.0.137 "GET / HTTP/1.1" status: 200 len: 246 time: 0.0034873
2026-07-09 14:10:27.958 10 INFO neutron.wsgi [-] 10.0.0.137 "GET / HTTP/1.1" status: 200 len: 246 time: 0.0020354
2026-07-09 14:10:27.961 9 INFO neutron.wsgi [-] 10.0.0.137 "GET / HTTP/1.1" status: 200 len: 246 time: 0.0043876
2026-07-09 14:10:42.958 9 INFO neutron.wsgi [-] 10.0.0.137 "GET / HTTP/1.1" status: 200 len: 246 time: 0.0020046
2026-07-09 14:10:42.960 10 INFO neutron.wsgi [-] 10.0.0.137 "GET / HTTP/1.1" status: 200 len: 246 time: 0.0031571
2026-07-09 14:10:57.959 9 INFO neutron.wsgi [-] 10.0.0.137 "GET / HTTP/1.1" status: 200 len: 246 time: 0.0019619
2026-07-09 14:10:57.959 10 INFO neutron.wsgi [-] 10.0.0.137 "GET / HTTP/1.1" status: 200 len: 246 time: 0.0022361 /var/lib/openstack/lib/python3.10/site-packages/pycadf/identifier.py:71: UserWarning: Invalid uuid: unknown. To ensure interoperability, identifiers should be a valid uuid. warnings.warn(('Invalid uuid: %s. To ensure interoperability, '
2026-07-09 14:10:58.649 10 INFO neutron.api.v2.resource [None req-68505446-cc59-47fb-b70c-b2bd6c03d461 22165e82e85b47038d5e4c973809c3ac 363969c90b5d4636b34103ca5ae0b718 - - default default] show failed (client error): The resource could not be found.
2026-07-09 14:10:58.651 10 INFO neutron.wsgi [None req-68505446-cc59-47fb-b70c-b2bd6c03d461 22165e82e85b47038d5e4c973809c3ac 363969c90b5d4636b34103ca5ae0b718 - - default default] 199.19.213.105,10.0.0.137 "GET /v2.0/security-groups/manila-service-security-group?project_id=db2e5f1105f74b2fa122d3dd783d2b5f HTTP/1.1" status: 404 len: 321 time: 0.2016699
2026-07-09 14:10:58.871 10 INFO neutron.db.ovn_revision_numbers_db [None req-5f2f3e68-c6ef-41b3-b323-a310b62854ec 22165e82e85b47038d5e4c973809c3ac 363969c90b5d4636b34103ca5ae0b718 - - default default] Successfully bumped revision number for resource 5d622329-b7c0-44f3-8c7c-fd13031f259f (type: security_groups) to 1
2026-07-09 14:10:58.891 10 INFO neutron.db.ovn_revision_numbers_db [None req-5f2f3e68-c6ef-41b3-b323-a310b62854ec 22165e82e85b47038d5e4c973809c3ac 363969c90b5d4636b34103ca5ae0b718 - - default default] Successfully bumped revision number for resource 6863d608-12f6-46b2-a41e-63e2552a6c02 (type: security_group_rules) to 0
2026-07-09 14:10:58.904 10 INFO neutron.db.ovn_revision_numbers_db [None req-5f2f3e68-c6ef-41b3-b323-a310b62854ec 22165e82e85b47038d5e4c973809c3ac 363969c90b5d4636b34103ca5ae0b718 - - default default] Successfully bumped revision number for resource 85170dda-777e-4396-a49c-2100c461786f (type: security_group_rules) to 0
2026-07-09 14:10:58.937 10 INFO neutron.db.ovn_revision_numbers_db [None req-5f2f3e68-c6ef-41b3-b323-a310b62854ec 22165e82e85b47038d5e4c973809c3ac 363969c90b5d4636b34103ca5ae0b718 - - default default] Successfully bumped revision number for resource b1cabc45-b655-495d-bc67-b5cf519a5d59 (type: security_group_rules) to 0
2026-07-09 14:10:58.953 10 INFO neutron.db.ovn_revision_numbers_db [None req-5f2f3e68-c6ef-41b3-b323-a310b62854ec 22165e82e85b47038d5e4c973809c3ac 363969c90b5d4636b34103ca5ae0b718 - - default default] Successfully bumped revision number for resource c68e9e91-af2b-4615-bc94-ee4c1de6d061 (type: security_group_rules) to 0
2026-07-09 14:10:58.966 10 INFO neutron.wsgi [None req-5f2f3e68-c6ef-41b3-b323-a310b62854ec 22165e82e85b47038d5e4c973809c3ac 363969c90b5d4636b34103ca5ae0b718 - - default default] 199.19.213.105,10.0.0.137 "GET /v2.0/security-groups?name=manila-service-security-group&project_id=db2e5f1105f74b2fa122d3dd783d2b5f HTTP/1.1" status: 200 len: 197 time: 0.3107462
2026-07-09 14:10:59.203 10 INFO neutron.db.ovn_revision_numbers_db [None req-e28b57e4-8988-4302-b4d4-eccf0558d7d8 22165e82e85b47038d5e4c973809c3ac 363969c90b5d4636b34103ca5ae0b718 - - default default] Successfully bumped revision number for resource 9f24b0ad-c8e9-400f-a54e-68542496f446 (type: security_groups) to 1
2026-07-09 14:10:59.218 10 INFO neutron.db.ovn_revision_numbers_db [None req-e28b57e4-8988-4302-b4d4-eccf0558d7d8 22165e82e85b47038d5e4c973809c3ac 363969c90b5d4636b34103ca5ae0b718 - - default default] Successfully bumped revision number for resource 5d98a6c3-82f4-44fc-b760-ea2cb510e4e3 (type: security_group_rules) to 0
2026-07-09 14:10:59.234 10 INFO neutron.db.ovn_revision_numbers_db [None req-e28b57e4-8988-4302-b4d4-eccf0558d7d8 22165e82e85b47038d5e4c973809c3ac 363969c90b5d4636b34103ca5ae0b718 - - default default] Successfully bumped revision number for resource 674f12f6-8f29-4b54-bc8d-93b8fe39f5e8 (type: security_group_rules) to 0
2026-07-09 14:10:59.259 10 INFO neutron.wsgi [None req-e28b57e4-8988-4302-b4d4-eccf0558d7d8 22165e82e85b47038d5e4c973809c3ac 363969c90b5d4636b34103ca5ae0b718 - - default default] 199.19.213.105,10.0.0.137 "POST /v2.0/security-groups HTTP/1.1" status: 201 len: 1741 time: 0.1911640
2026-07-09 14:11:00.399 10 INFO neutron.wsgi [None req-16b53ba4-097b-4a1c-95ad-9d7875d052aa 22165e82e85b47038d5e4c973809c3ac 363969c90b5d4636b34103ca5ae0b718 - - default default] 199.19.213.105,10.0.0.137 "GET /v2.0/security-groups/9f24b0ad-c8e9-400f-a54e-68542496f446?project_id=db2e5f1105f74b2fa122d3dd783d2b5f HTTP/1.1" status: 200 len: 1736 time: 0.0816233
2026-07-09 14:11:00.433 10 INFO neutron.wsgi [None req-64e568da-f564-4697-9275-60c72b4a7bae 22165e82e85b47038d5e4c973809c3ac 363969c90b5d4636b34103ca5ae0b718 - - default default] 199.19.213.105,10.0.0.137 "GET /v2.0/security-groups/9f24b0ad-c8e9-400f-a54e-68542496f446 HTTP/1.1" status: 200 len: 1736 time: 0.0285861
2026-07-09 14:11:00.543 10 INFO neutron.wsgi [None req-0c87c6ab-6d55-4085-9c53-762bf0b2ee1d 22165e82e85b47038d5e4c973809c3ac 363969c90b5d4636b34103ca5ae0b718 - - default default] 199.19.213.105,10.0.0.137 "GET /v2.0/security-groups/9f24b0ad-c8e9-400f-a54e-68542496f446?project_id=db2e5f1105f74b2fa122d3dd783d2b5f HTTP/1.1" status: 200 len: 1736 time: 0.0312548
2026-07-09 14:11:00.679 10 INFO neutron.db.ovn_revision_numbers_db [None req-05739a9b-bcea-4ba8-84e4-d1b551c9de80 22165e82e85b47038d5e4c973809c3ac 363969c90b5d4636b34103ca5ae0b718 - - default default] Successfully bumped revision number for resource e0df5e50-e9bd-4862-8103-6c9587ff46fe (type: security_group_rules) to 0
2026-07-09 14:11:00.722 10 INFO neutron.wsgi [None req-05739a9b-bcea-4ba8-84e4-d1b551c9de80 22165e82e85b47038d5e4c973809c3ac 363969c90b5d4636b34103ca5ae0b718 - - default default] 199.19.213.105,10.0.0.137 "POST /v2.0/security-group-rules HTTP/1.1" status: 201 len: 745 time: 0.1702361
2026-07-09 14:11:01.814 10 INFO neutron.wsgi [None req-e982473a-506a-430e-a04c-d14edeaf0457 22165e82e85b47038d5e4c973809c3ac 363969c90b5d4636b34103ca5ae0b718 - - default default] 199.19.213.105,10.0.0.137 "GET /v2.0/security-groups/9f24b0ad-c8e9-400f-a54e-68542496f446?project_id=db2e5f1105f74b2fa122d3dd783d2b5f HTTP/1.1" status: 200 len: 2314 time: 0.0949905
2026-07-09 14:11:01.852 10 INFO neutron.wsgi [None req-dc4007bd-b844-4a47-9aec-d59b8b12c55e 22165e82e85b47038d5e4c973809c3ac 363969c90b5d4636b34103ca5ae0b718 - - default default] 199.19.213.105,10.0.0.137 "GET /v2.0/security-groups/9f24b0ad-c8e9-400f-a54e-68542496f446 HTTP/1.1" status: 200 len: 2314 time: 0.0317171
2026-07-09 14:11:01.978 10 INFO neutron.wsgi [None req-81925ce9-b6d6-43a0-974e-4edeaf529beb 22165e82e85b47038d5e4c973809c3ac 363969c90b5d4636b34103ca5ae0b718 - - default default] 199.19.213.105,10.0.0.137 "GET /v2.0/security-groups/9f24b0ad-c8e9-400f-a54e-68542496f446?project_id=db2e5f1105f74b2fa122d3dd783d2b5f HTTP/1.1" status: 200 len: 2314 time: 0.0400321
2026-07-09 14:11:02.145 10 INFO neutron.db.ovn_revision_numbers_db [None req-298c8455-b461-42b2-b30d-04606a168c20 22165e82e85b47038d5e4c973809c3ac 363969c90b5d4636b34103ca5ae0b718 - - default default] Successfully bumped revision number for resource 3e907564-0c1b-4fe5-9d71-00d40b62a0e2 (type: security_group_rules) to 0
2026-07-09 14:11:02.175 10 INFO neutron.wsgi [None req-298c8455-b461-42b2-b30d-04606a168c20 22165e82e85b47038d5e4c973809c3ac 363969c90b5d4636b34103ca5ae0b718 - - default default] 199.19.213.105,10.0.0.137 "POST /v2.0/security-group-rules HTTP/1.1" status: 201 len: 747 time: 0.1893859
2026-07-09 14:11:03.280 10 INFO neutron.wsgi [None req-448d28b0-fa4c-4929-abdb-e80ee4b8f3cf 22165e82e85b47038d5e4c973809c3ac 363969c90b5d4636b34103ca5ae0b718 - - default default] 199.19.213.105,10.0.0.137 "GET /v2.0/security-groups/9f24b0ad-c8e9-400f-a54e-68542496f446?project_id=db2e5f1105f74b2fa122d3dd783d2b5f HTTP/1.1" status: 200 len: 2894 time: 0.0824230
2026-07-09 14:11:03.340 10 INFO neutron.wsgi [None req-018629f9-09f6-4e8c-b542-5012dd03c0ec 22165e82e85b47038d5e4c973809c3ac 363969c90b5d4636b34103ca5ae0b718 - - default default] 199.19.213.105,10.0.0.137 "GET /v2.0/security-groups/9f24b0ad-c8e9-400f-a54e-68542496f446 HTTP/1.1" status: 200 len: 2894 time: 0.0507207
2026-07-09 14:11:03.462 10 INFO neutron.wsgi [None req-593ee2b0-4317-41f0-ae25-9f7acaa9c222 22165e82e85b47038d5e4c973809c3ac 363969c90b5d4636b34103ca5ae0b718 - - default default] 199.19.213.105,10.0.0.137 "GET /v2.0/security-groups/9f24b0ad-c8e9-400f-a54e-68542496f446?project_id=db2e5f1105f74b2fa122d3dd783d2b5f HTTP/1.1" status: 200 len: 2894 time: 0.0427351
2026-07-09 14:11:03.600 10 INFO neutron.db.ovn_revision_numbers_db [None req-0daf046b-c2ae-4573-a451-c1ba19494678 22165e82e85b47038d5e4c973809c3ac 363969c90b5d4636b34103ca5ae0b718 - - default default] Successfully bumped revision number for resource 7d00b709-6376-4095-acb0-5712e8a8929e (type: security_group_rules) to 0
2026-07-09 14:11:03.628 10 INFO neutron.wsgi [None req-0daf046b-c2ae-4573-a451-c1ba19494678 22165e82e85b47038d5e4c973809c3ac 363969c90b5d4636b34103ca5ae0b718 - - default default] 199.19.213.105,10.0.0.137 "POST /v2.0/security-group-rules HTTP/1.1" status: 201 len: 749 time: 0.1606572
2026-07-09 14:11:04.804 10 INFO neutron.wsgi [None req-18be6390-f292-4cbc-ab65-5882f985d69f 22165e82e85b47038d5e4c973809c3ac 363969c90b5d4636b34103ca5ae0b718 - - default default] 199.19.213.105,10.0.0.137 "GET /v2.0/security-groups/9f24b0ad-c8e9-400f-a54e-68542496f446?project_id=db2e5f1105f74b2fa122d3dd783d2b5f HTTP/1.1" status: 200 len: 3476 time: 0.1157513
2026-07-09 14:11:04.847 10 INFO neutron.wsgi [None req-0e2c8ba7-5f89-4854-90d4-ffdce13e93f2 22165e82e85b47038d5e4c973809c3ac 363969c90b5d4636b34103ca5ae0b718 - - default default] 199.19.213.105,10.0.0.137 "GET /v2.0/security-groups/9f24b0ad-c8e9-400f-a54e-68542496f446 HTTP/1.1" status: 200 len: 3476 time: 0.0358782
2026-07-09 14:11:04.991 10 INFO neutron.wsgi [None req-633602ec-f02d-480d-86b4-30a59d9cac94 22165e82e85b47038d5e4c973809c3ac 363969c90b5d4636b34103ca5ae0b718 - - default default] 199.19.213.105,10.0.0.137 "GET /v2.0/security-groups/9f24b0ad-c8e9-400f-a54e-68542496f446?project_id=db2e5f1105f74b2fa122d3dd783d2b5f HTTP/1.1" status: 200 len: 3476 time: 0.0521991
2026-07-09 14:11:05.117 10 INFO neutron.db.ovn_revision_numbers_db [None req-a4008058-bcc5-4e4a-b6ce-c6b6bcedf8b8 22165e82e85b47038d5e4c973809c3ac 363969c90b5d4636b34103ca5ae0b718 - - default default] Successfully bumped revision number for resource 9c14445c-2aeb-4b1e-a55a-fb71d080b402 (type: security_group_rules) to 0
2026-07-09 14:11:05.149 10 INFO neutron.wsgi [None req-a4008058-bcc5-4e4a-b6ce-c6b6bcedf8b8 22165e82e85b47038d5e4c973809c3ac 363969c90b5d4636b34103ca5ae0b718 - - default default] 199.19.213.105,10.0.0.137 "POST /v2.0/security-group-rules HTTP/1.1" status: 201 len: 750 time: 0.1493509
2026-07-09 14:11:12.958 9 INFO neutron.wsgi [-] 10.0.0.137 "GET / HTTP/1.1" status: 200 len: 246 time: 0.0017469
2026-07-09 14:11:12.960 10 INFO neutron.wsgi [-] 10.0.0.137 "GET / HTTP/1.1" status: 200 len: 246 time: 0.0029511
2026-07-09 14:11:27.958 10 INFO neutron.wsgi [-] 10.0.0.137 "GET / HTTP/1.1" status: 200 len: 246 time: 0.0017397
2026-07-09 14:11:27.960 10 INFO neutron.wsgi [-] 10.0.0.137 "GET / HTTP/1.1" status: 200 len: 246 time: 0.0010321
2026-07-09 14:11:42.959 9 INFO neutron.wsgi [-] 10.0.0.137 "GET / HTTP/1.1" status: 200 len: 246 time: 0.0027118
2026-07-09 14:11:42.960 10 INFO neutron.wsgi [-] 10.0.0.137 "GET / HTTP/1.1" status: 200 len: 246 time: 0.0031214
2026-07-09 14:11:57.958 10 INFO neutron.wsgi [-] 10.0.0.137 "GET / HTTP/1.1" status: 200 len: 246 time: 0.0018940
2026-07-09 14:11:57.960 10 INFO neutron.wsgi [-] 10.0.0.137 "GET / HTTP/1.1" status: 200 len: 246 time: 0.0013978
2026-07-09 14:12:12.959 10 INFO neutron.wsgi [-] 10.0.0.137 "GET / HTTP/1.1" status: 200 len: 246 time: 0.0028574
2026-07-09 14:12:12.959 9 INFO neutron.wsgi [-] 10.0.0.137 "GET / HTTP/1.1" status: 200 len: 246 time: 0.0030432
2026-07-09 14:12:27.959 9 INFO neutron.wsgi [-] 10.0.0.137 "GET / HTTP/1.1" status: 200 len: 246 time: 0.0028160
2026-07-09 14:12:27.961 10 INFO neutron.wsgi [-] 10.0.0.137 "GET / HTTP/1.1" status: 200 len: 246 time: 0.0039966
2026-07-09 14:12:42.959 10 INFO neutron.wsgi [-] 10.0.0.137 "GET / HTTP/1.1" status: 200 len: 246 time: 0.0024402
2026-07-09 14:12:42.959 9 INFO neutron.wsgi [-] 10.0.0.137 "GET / HTTP/1.1" status: 200 len: 246 time: 0.0030644
2026-07-09 14:12:57.958 10 INFO neutron.wsgi [-] 10.0.0.137 "GET / HTTP/1.1" status: 200 len: 246 time: 0.0020988
2026-07-09 14:12:57.959 9 INFO neutron.wsgi [-] 10.0.0.137 "GET / HTTP/1.1" status: 200 len: 246 time: 0.0026853
2026-07-09 14:13:12.960 9 INFO neutron.wsgi [-] 10.0.0.137 "GET / HTTP/1.1" status: 200 len: 246 time: 0.0031409
2026-07-09 14:13:12.960 10 INFO neutron.wsgi [-] 10.0.0.137 "GET / HTTP/1.1" status: 200 len: 246 time: 0.0035496 /var/lib/openstack/lib/python3.10/site-packages/pycadf/identifier.py:71: UserWarning: Invalid uuid: neutron. To ensure interoperability, identifiers should be a valid uuid. warnings.warn(('Invalid uuid: %s. To ensure interoperability, '
2026-07-09 14:13:24.564 9 INFO neutron.wsgi [None req-db39151d-0fc4-4711-bca9-3ebd3079eba4 20612c6adce14017b5d8501f3fcb91aa db2e5f1105f74b2fa122d3dd783d2b5f - - 74f1ce842aef429182ec85dbc71b8ded 74f1ce842aef429182ec85dbc71b8ded] 199.19.213.105 "GET /v2.0/networks?tenant_id=db2e5f1105f74b2fa122d3dd783d2b5f&shared=False HTTP/1.1" status: 200 len: 213 time: 0.1526797
2026-07-09 14:13:24.677 9 INFO neutron.db.segments_db [None req-4f2142ca-666e-40e2-9a1d-5cf9b528579d 20612c6adce14017b5d8501f3fcb91aa db2e5f1105f74b2fa122d3dd783d2b5f - - 74f1ce842aef429182ec85dbc71b8ded 74f1ce842aef429182ec85dbc71b8ded] Added segment f8479a14-51f8-42c7-84d8-04a3a5925d77 of type geneve for network 708c7533-504b-49a7-a846-3e10ea093f3f
2026-07-09 14:13:24.885 9 INFO neutron.db.ovn_revision_numbers_db [None req-4f2142ca-666e-40e2-9a1d-5cf9b528579d 20612c6adce14017b5d8501f3fcb91aa db2e5f1105f74b2fa122d3dd783d2b5f - - 74f1ce842aef429182ec85dbc71b8ded 74f1ce842aef429182ec85dbc71b8ded] Successfully bumped revision number for resource 708c7533-504b-49a7-a846-3e10ea093f3f (type: networks) to 1
2026-07-09 14:13:25.079 9 WARNING neutron.scheduler.dhcp_agent_scheduler [None req-4f2142ca-666e-40e2-9a1d-5cf9b528579d 20612c6adce14017b5d8501f3fcb91aa db2e5f1105f74b2fa122d3dd783d2b5f - - 74f1ce842aef429182ec85dbc71b8ded 74f1ce842aef429182ec85dbc71b8ded] No more DHCP agents
2026-07-09 14:13:25.083 9 WARNING neutron.api.rpc.agentnotifiers.dhcp_rpc_agent_api [None req-4f2142ca-666e-40e2-9a1d-5cf9b528579d 20612c6adce14017b5d8501f3fcb91aa db2e5f1105f74b2fa122d3dd783d2b5f - - 74f1ce842aef429182ec85dbc71b8ded 74f1ce842aef429182ec85dbc71b8ded] Unable to schedule network 708c7533-504b-49a7-a846-3e10ea093f3f: no agents available; will retry on subsequent port and subnet creation events.
2026-07-09 14:13:25.193 9 INFO neutron.db.ovn_revision_numbers_db [None req-4f2142ca-666e-40e2-9a1d-5cf9b528579d 20612c6adce14017b5d8501f3fcb91aa db2e5f1105f74b2fa122d3dd783d2b5f - - 74f1ce842aef429182ec85dbc71b8ded 74f1ce842aef429182ec85dbc71b8ded] Successfully bumped revision number for resource d3948021-0b44-42d2-8a51-c38cdb6d1c9f (type: ports) to 1
2026-07-09 14:13:25.228 9 INFO neutron.wsgi [None req-4f2142ca-666e-40e2-9a1d-5cf9b528579d 20612c6adce14017b5d8501f3fcb91aa db2e5f1105f74b2fa122d3dd783d2b5f - - 74f1ce842aef429182ec85dbc71b8ded 74f1ce842aef429182ec85dbc71b8ded] 199.19.213.105 "POST /v2.0/networks HTTP/1.1" status: 201 len: 925 time: 0.6558468
2026-07-09 14:13:25.273 9 INFO neutron.wsgi [None req-3249b644-1f3d-47a1-ba5d-8e35f13f0313 20612c6adce14017b5d8501f3fcb91aa db2e5f1105f74b2fa122d3dd783d2b5f - - 74f1ce842aef429182ec85dbc71b8ded 74f1ce842aef429182ec85dbc71b8ded] 199.19.213.105 "GET /v2.0/ports?device_id=manila-share&binding%3Ahost_id=instance HTTP/1.1" status: 200 len: 210 time: 0.0351589
2026-07-09 14:13:25.290 9 INFO neutron.wsgi [None req-f927c9bb-f328-463c-a963-ab3b00b5ddc1 20612c6adce14017b5d8501f3fcb91aa db2e5f1105f74b2fa122d3dd783d2b5f - - 74f1ce842aef429182ec85dbc71b8ded 74f1ce842aef429182ec85dbc71b8ded] 199.19.213.105 "GET /v2.0/extensions HTTP/1.1" status: 200 len: 16980 time: 0.0086429
2026-07-09 14:13:25.517 9 WARNING neutron.scheduler.dhcp_agent_scheduler [None req-cdb2f307-09a8-4ff2-8102-12b9037c13eb 20612c6adce14017b5d8501f3fcb91aa db2e5f1105f74b2fa122d3dd783d2b5f - - 74f1ce842aef429182ec85dbc71b8ded 74f1ce842aef429182ec85dbc71b8ded] No more DHCP agents
2026-07-09 14:13:25.519 9 WARNING neutron.api.rpc.agentnotifiers.dhcp_rpc_agent_api [None req-cdb2f307-09a8-4ff2-8102-12b9037c13eb 20612c6adce14017b5d8501f3fcb91aa db2e5f1105f74b2fa122d3dd783d2b5f - - 74f1ce842aef429182ec85dbc71b8ded 74f1ce842aef429182ec85dbc71b8ded] Unable to schedule network 708c7533-504b-49a7-a846-3e10ea093f3f: no agents available; will retry on subsequent port and subnet creation events.
2026-07-09 14:13:25.625 9 INFO neutron.db.ovn_revision_numbers_db [None req-cdb2f307-09a8-4ff2-8102-12b9037c13eb 20612c6adce14017b5d8501f3fcb91aa db2e5f1105f74b2fa122d3dd783d2b5f - - 74f1ce842aef429182ec85dbc71b8ded 74f1ce842aef429182ec85dbc71b8ded] Successfully bumped revision number for resource 35ead537-919a-4349-ac8a-4087ca7baca1 (type: ports) to 1
2026-07-09 14:13:25.832 9 INFO neutron.db.ovn_revision_numbers_db [None req-cdb2f307-09a8-4ff2-8102-12b9037c13eb 20612c6adce14017b5d8501f3fcb91aa db2e5f1105f74b2fa122d3dd783d2b5f - - 74f1ce842aef429182ec85dbc71b8ded 74f1ce842aef429182ec85dbc71b8ded] Successfully bumped revision number for resource 35ead537-919a-4349-ac8a-4087ca7baca1 (type: ports) to 1
2026-07-09 14:13:25.862 9 INFO neutron.wsgi [None req-cdb2f307-09a8-4ff2-8102-12b9037c13eb 20612c6adce14017b5d8501f3fcb91aa db2e5f1105f74b2fa122d3dd783d2b5f - - 74f1ce842aef429182ec85dbc71b8ded 74f1ce842aef429182ec85dbc71b8ded] 199.19.213.105 "POST /v2.0/ports HTTP/1.1" status: 201 len: 1144 time: 0.5653191
2026-07-09 14:13:25.933 9 INFO neutron.wsgi [None req-5b4ef888-35d2-41cc-a1f5-e6320d2c0cb7 20612c6adce14017b5d8501f3fcb91aa db2e5f1105f74b2fa122d3dd783d2b5f - - 74f1ce842aef429182ec85dbc71b8ded 74f1ce842aef429182ec85dbc71b8ded] 199.19.213.105 "GET /v2.0/networks/708c7533-504b-49a7-a846-3e10ea093f3f HTTP/1.1" status: 200 len: 907 time: 0.0636063
2026-07-09 14:13:26.889 10 INFO neutron.plugins.ml2.drivers.ovn.mech_driver.mech_driver [None req-cefe73ac-bf6f-42ae-8ae1-ec5443b32fb1 - - - - - -] OVN reports status up for port: 35ead537-919a-4349-ac8a-4087ca7baca1
2026-07-09 14:13:26.906 10 INFO neutron.plugins.ml2.plugin [None req-cefe73ac-bf6f-42ae-8ae1-ec5443b32fb1 - - - - - -] Attempt 1 to provision port 35ead537-919a-4349-ac8a-4087ca7baca1
2026-07-09 14:13:27.516 10 INFO neutron.db.ovn_revision_numbers_db [None req-cefe73ac-bf6f-42ae-8ae1-ec5443b32fb1 - - - - - -] Successfully bumped revision number for resource 35ead537-919a-4349-ac8a-4087ca7baca1 (type: ports) to 3
2026-07-09 14:13:27.959 9 INFO neutron.wsgi [-] 10.0.0.137 "GET / HTTP/1.1" status: 200 len: 246 time: 0.0021720
2026-07-09 14:13:27.960 10 INFO neutron.wsgi [-] 10.0.0.137 "GET / HTTP/1.1" status: 200 len: 246 time: 0.0031765
2026-07-09 14:13:28.737 9 INFO neutron.wsgi [None req-8e30a01c-9977-40ab-894e-114c0a6e542f 20612c6adce14017b5d8501f3fcb91aa db2e5f1105f74b2fa122d3dd783d2b5f - - 74f1ce842aef429182ec85dbc71b8ded 74f1ce842aef429182ec85dbc71b8ded] 199.19.213.105 "GET /v2.0/ports?device_id=manila-share&binding%3Ahost_id=instance HTTP/1.1" status: 200 len: 1172 time: 0.0655763
2026-07-09 14:13:28.921 9 INFO neutron.wsgi [None req-db3b61c4-f9df-49c0-9d79-863829e9a3c7 20612c6adce14017b5d8501f3fcb91aa db2e5f1105f74b2fa122d3dd783d2b5f - - 74f1ce842aef429182ec85dbc71b8ded 74f1ce842aef429182ec85dbc71b8ded] 199.19.213.105 "GET /v2.0/networks/708c7533-504b-49a7-a846-3e10ea093f3f HTTP/1.1" status: 200 len: 907 time: 0.1742992
2026-07-09 14:13:41.663 10 INFO neutron.wsgi [None req-e5b90918-acd1-40fd-beda-669e40d27bbd 22165e82e85b47038d5e4c973809c3ac 363969c90b5d4636b34103ca5ae0b718 - - default default] 199.19.213.105,10.0.0.137 "GET /v2.0/quotas/db2e5f1105f74b2fa122d3dd783d2b5f HTTP/1.1" status: 200 len: 362 time: 0.0159602 /var/lib/openstack/lib/python3.10/site-packages/neutron/extensions/quotasv2.py:139: UserWarning: Neutron quota engine will require "--force" parameter to set a quota limit without checking the resource usage. warnings.warn('Neutron quota engine will require "--force" '
2026-07-09 14:13:42.277 10 INFO neutron.wsgi [None req-fbde1427-af5b-4ead-9dad-402c18a08af2 22165e82e85b47038d5e4c973809c3ac 363969c90b5d4636b34103ca5ae0b718 - - default default] 199.19.213.105,10.0.0.137 "PUT /v2.0/quotas/db2e5f1105f74b2fa122d3dd783d2b5f HTTP/1.1" status: 200 len: 361 time: 0.0364525
2026-07-09 14:13:42.960 10 INFO neutron.wsgi [-] 10.0.0.137 "GET / HTTP/1.1" status: 200 len: 246 time: 0.0029256
2026-07-09 14:13:42.961 9 INFO neutron.wsgi [-] 10.0.0.137 "GET / HTTP/1.1" status: 200 len: 246 time: 0.0033073
2026-07-09 14:13:57.958 10 INFO neutron.wsgi [-] 10.0.0.137 "GET / HTTP/1.1" status: 200 len: 246 time: 0.0020978
2026-07-09 14:13:57.959 9 INFO neutron.wsgi [-] 10.0.0.137 "GET / HTTP/1.1" status: 200 len: 246 time: 0.0020981
2026-07-09 14:14:12.960 10 INFO neutron.wsgi [-] 10.0.0.137 "GET / HTTP/1.1" status: 200 len: 246 time: 0.0027268
2026-07-09 14:14:12.962 9 INFO neutron.wsgi [-] 10.0.0.137 "GET / HTTP/1.1" status: 200 len: 246 time: 0.0054123
2026-07-09 14:14:27.959 9 INFO neutron.wsgi [-] 10.0.0.137 "GET / HTTP/1.1" status: 200 len: 246 time: 0.0027130
2026-07-09 14:14:27.960 10 INFO neutron.wsgi [-] 10.0.0.137 "GET / HTTP/1.1" status: 200 len: 246 time: 0.0032144
2026-07-09 14:14:42.959 9 INFO neutron.wsgi [-] 10.0.0.137 "GET / HTTP/1.1" status: 200 len: 246 time: 0.0020285
2026-07-09 14:14:42.959 10 INFO neutron.wsgi [-] 10.0.0.137 "GET / HTTP/1.1" status: 200 len: 246 time: 0.0022414
2026-07-09 14:14:54.957 9 INFO neutron.wsgi [None req-560883e2-98c7-44b8-a9c6-95b353781b27 22165e82e85b47038d5e4c973809c3ac 363969c90b5d4636b34103ca5ae0b718 - - default default] 10.0.0.225 "GET /v2.0/subnets HTTP/1.1" status: 200 len: 1437 time: 0.0913963
2026-07-09 14:14:54.974 9 INFO neutron.wsgi [None req-3883a43a-c3b5-414c-8664-199035678192 22165e82e85b47038d5e4c973809c3ac 363969c90b5d4636b34103ca5ae0b718 - - default default] 10.0.0.225 "GET /v2.0/subnetpools HTTP/1.1" status: 200 len: 193 time: 0.0160451
2026-07-09 14:14:55.087 9 INFO neutron.wsgi [None req-a48b783f-8da9-4523-8274-4f60bf334def 22165e82e85b47038d5e4c973809c3ac 363969c90b5d4636b34103ca5ae0b718 - - default default] 10.0.0.225 "GET /v2.0/networks HTTP/1.1" status: 200 len: 2350 time: 0.1120229
2026-07-09 14:14:55.141 9 INFO neutron.wsgi [None req-b8913f73-6621-4213-89c6-a382a5b9461d 22165e82e85b47038d5e4c973809c3ac 363969c90b5d4636b34103ca5ae0b718 - - default default] 10.0.0.225 "GET /v2.0/ports HTTP/1.1" status: 200 len: 5351 time: 0.0505888
2026-07-09 14:14:55.186 9 INFO neutron.wsgi [None req-5db62cbd-0cc8-4dd1-9218-1bb1ce287bdb 22165e82e85b47038d5e4c973809c3ac 363969c90b5d4636b34103ca5ae0b718 - - default default] 10.0.0.225 "GET /v2.0/agents HTTP/1.1" status: 200 len: 997 time: 0.0414169
2026-07-09 14:14:55.224 9 INFO neutron.wsgi [None req-8505ce8a-ef14-41d9-b6ec-6c8d305a9ad1 22165e82e85b47038d5e4c973809c3ac 363969c90b5d4636b34103ca5ae0b718 - - default default] 10.0.0.225 "GET /v2.0/routers HTTP/1.1" status: 200 len: 189 time: 0.0364344
2026-07-09 14:14:55.239 9 INFO neutron.wsgi [None req-7d7a142b-dba6-4366-a460-0b040fcb4333 22165e82e85b47038d5e4c973809c3ac 363969c90b5d4636b34103ca5ae0b718 - - default default] 10.0.0.225 "GET /v2.0/agents?binary=ovn-controller HTTP/1.1" status: 200 len: 591 time: 0.0141473
2026-07-09 14:14:55.255 9 INFO neutron.wsgi [None req-e461557a-76e0-403d-a2f8-176ce05f0026 22165e82e85b47038d5e4c973809c3ac 363969c90b5d4636b34103ca5ae0b718 - - default default] 10.0.0.225 "GET /v2.0/network-ip-availabilities HTTP/1.1" status: 200 len: 1280 time: 0.0154822
2026-07-09 14:14:55.294 9 INFO neutron.wsgi [None req-485e8b9d-586c-47dd-83bb-84eefdc98df4 22165e82e85b47038d5e4c973809c3ac 363969c90b5d4636b34103ca5ae0b718 - - default default] 10.0.0.225 "GET /v2.0/floatingips HTTP/1.1" status: 200 len: 193 time: 0.0372677
2026-07-09 14:14:55.349 9 INFO neutron.wsgi [None req-6eb57963-f187-492c-ad3c-1c58d836e4dd 22165e82e85b47038d5e4c973809c3ac 363969c90b5d4636b34103ca5ae0b718 - - default default] 10.0.0.225 "GET /v2.0/security-groups HTTP/1.1" status: 200 len: 16803 time: 0.0544693
2026-07-09 14:14:55.390 9 INFO neutron.wsgi [None req-42a01ee1-9aad-4272-bd94-ea3a9393603c 22165e82e85b47038d5e4c973809c3ac 363969c90b5d4636b34103ca5ae0b718 - - default default] 10.0.0.225 "GET /v2.0/subnets HTTP/1.1" status: 200 len: 1437 time: 0.0356112
2026-07-09 14:14:57.959 9 INFO neutron.wsgi [-] 10.0.0.137 "GET / HTTP/1.1" status: 200 len: 246 time: 0.0021777
2026-07-09 14:14:57.964 10 INFO neutron.wsgi [-] 10.0.0.137 "GET / HTTP/1.1" status: 200 len: 246 time: 0.0072899
2026-07-09 14:15:12.959 9 INFO neutron.wsgi [-] 10.0.0.137 "GET / HTTP/1.1" status: 200 len: 246 time: 0.0027189
2026-07-09 14:15:12.960 10 INFO neutron.wsgi [-] 10.0.0.137 "GET / HTTP/1.1" status: 200 len: 246 time: 0.0030844
2026-07-09 14:15:27.960 10 INFO neutron.wsgi [-] 10.0.0.137 "GET / HTTP/1.1" status: 200 len: 246 time: 0.0027046
2026-07-09 14:15:27.962 9 INFO neutron.wsgi [-] 10.0.0.137 "GET / HTTP/1.1" status: 200 len: 246 time: 0.0047100
2026-07-09 14:15:42.960 9 INFO neutron.wsgi [-] 10.0.0.137 "GET / HTTP/1.1" status: 200 len: 246 time: 0.0031624
2026-07-09 14:15:42.961 10 INFO neutron.wsgi [-] 10.0.0.137 "GET / HTTP/1.1" status: 200 len: 246 time: 0.0045557
2026-07-09 14:15:54.991 9 INFO neutron.wsgi [None req-8c28293b-293c-4773-bca5-1b7c327b7c60 22165e82e85b47038d5e4c973809c3ac 363969c90b5d4636b34103ca5ae0b718 - - default default] 10.0.0.225 "GET /v2.0/subnets HTTP/1.1" status: 200 len: 1437 time: 0.1006386
2026-07-09 14:15:55.002 9 INFO neutron.wsgi [None req-c4108507-33df-40ed-bdd3-ecc3a4363d7b 22165e82e85b47038d5e4c973809c3ac 363969c90b5d4636b34103ca5ae0b718 - - default default] 10.0.0.225 "GET /v2.0/subnetpools HTTP/1.1" status: 200 len: 193 time: 0.0097187
2026-07-09 14:15:55.031 9 INFO neutron.wsgi [None req-ec3456f6-a95d-4c4f-93ed-627b658a6f34 22165e82e85b47038d5e4c973809c3ac 363969c90b5d4636b34103ca5ae0b718 - - default default] 10.0.0.225 "GET /v2.0/floatingips HTTP/1.1" status: 200 len: 193 time: 0.0279961
2026-07-09 14:15:55.090 9 INFO neutron.wsgi [None req-1c09b058-41b2-4e75-ac2a-7354d7533aed 22165e82e85b47038d5e4c973809c3ac 363969c90b5d4636b34103ca5ae0b718 - - default default] 10.0.0.225 "GET /v2.0/security-groups HTTP/1.1" status: 200 len: 16803 time: 0.0583451
2026-07-09 14:15:55.156 9 INFO neutron.wsgi [None req-eb0e5eb8-7ba2-49b1-8b33-73b17cb887b4 22165e82e85b47038d5e4c973809c3ac 363969c90b5d4636b34103ca5ae0b718 - - default default] 10.0.0.225 "GET /v2.0/ports HTTP/1.1" status: 200 len: 5351 time: 0.0590422
2026-07-09 14:15:55.206 9 INFO neutron.wsgi [None req-1b296932-d49d-45bb-bbea-0fc12b82b6dd 22165e82e85b47038d5e4c973809c3ac 363969c90b5d4636b34103ca5ae0b718 - - default default] 10.0.0.225 "GET /v2.0/agents HTTP/1.1" status: 200 len: 997 time: 0.0429947
2026-07-09 14:15:55.225 9 INFO neutron.wsgi [None req-1f8ae6b5-7fee-4f6c-b773-b253f2b0ed74 22165e82e85b47038d5e4c973809c3ac 363969c90b5d4636b34103ca5ae0b718 - - default default] 10.0.0.225 "GET /v2.0/network-ip-availabilities HTTP/1.1" status: 200 len: 1280 time: 0.0178463
2026-07-09 14:15:55.315 9 INFO neutron.wsgi [None req-6f827e4f-562c-4e36-83ce-ad7e4bae16cb 22165e82e85b47038d5e4c973809c3ac 363969c90b5d4636b34103ca5ae0b718 - - default default] 10.0.0.225 "GET /v2.0/networks HTTP/1.1" status: 200 len: 2350 time: 0.0882971
2026-07-09 14:15:55.361 9 INFO neutron.wsgi [None req-c83cfa3b-00eb-470b-ac9a-b37a8bca280b 22165e82e85b47038d5e4c973809c3ac 363969c90b5d4636b34103ca5ae0b718 - - default default] 10.0.0.225 "GET /v2.0/subnets HTTP/1.1" status: 200 len: 1437 time: 0.0434325
2026-07-09 14:15:55.382 9 INFO neutron.wsgi [None req-2043e763-5524-4879-8f7c-0b980bf7fc1c 22165e82e85b47038d5e4c973809c3ac 363969c90b5d4636b34103ca5ae0b718 - - default default] 10.0.0.225 "GET /v2.0/routers HTTP/1.1" status: 200 len: 189 time: 0.0193348
2026-07-09 14:15:55.393 9 INFO neutron.wsgi [None req-c72e3ec5-f0dc-40a1-b522-667e35f54c66 22165e82e85b47038d5e4c973809c3ac 363969c90b5d4636b34103ca5ae0b718 - - default default] 10.0.0.225 "GET /v2.0/agents?binary=ovn-controller HTTP/1.1" status: 200 len: 591 time: 0.0099773
2026-07-09 14:15:57.960 10 INFO neutron.wsgi [-] 10.0.0.137 "GET / HTTP/1.1" status: 200 len: 246 time: 0.0033371
2026-07-09 14:15:57.960 9 INFO neutron.wsgi [-] 10.0.0.137 "GET / HTTP/1.1" status: 200 len: 246 time: 0.0028813
2026-07-09 14:16:12.959 10 INFO neutron.wsgi [-] 10.0.0.137 "GET / HTTP/1.1" status: 200 len: 246 time: 0.0027490
2026-07-09 14:16:12.959 9 INFO neutron.wsgi [-] 10.0.0.137 "GET / HTTP/1.1" status: 200 len: 246 time: 0.0029504
2026-07-09 14:16:27.259 15 INFO neutron.db.ovn_revision_numbers_db [None req-a90e54e8-8536-4194-be4d-6e6e28ab81d8 - - - - - -] Successfully bumped revision number for resource 9f24b0ad-c8e9-400f-a54e-68542496f446 (type: security_groups) to 5
2026-07-09 14:16:27.260 15 INFO neutron.plugins.ml2.drivers.ovn.mech_driver.ovsdb.maintenance [None req-a90e54e8-8536-4194-be4d-6e6e28ab81d8 - - - - - -] Maintenance task: Synchronization finished (took 0.07 seconds)
2026-07-09 14:16:27.959 9 INFO neutron.wsgi [-] 10.0.0.137 "GET / HTTP/1.1" status: 200 len: 246 time: 0.0023050
2026-07-09 14:16:27.961 10 INFO neutron.wsgi [-] 10.0.0.137 "GET / HTTP/1.1" status: 200 len: 246 time: 0.0039916
2026-07-09 14:16:42.959 10 INFO neutron.wsgi [-] 10.0.0.137 "GET / HTTP/1.1" status: 200 len: 246 time: 0.0019710
2026-07-09 14:16:42.959 9 INFO neutron.wsgi [-] 10.0.0.137 "GET / HTTP/1.1" status: 200 len: 246 time: 0.0025218
2026-07-09 14:16:54.963 9 INFO neutron.wsgi [None req-cae86671-f3b2-4613-b172-1ae58e006818 22165e82e85b47038d5e4c973809c3ac 363969c90b5d4636b34103ca5ae0b718 - - default default] 10.0.0.225 "GET /v2.0/ports HTTP/1.1" status: 200 len: 5351 time: 0.1049032
2026-07-09 14:16:54.986 9 INFO neutron.wsgi [None req-526d51cb-f3b2-4e94-8af3-a4737b8794cc 22165e82e85b47038d5e4c973809c3ac 363969c90b5d4636b34103ca5ae0b718 - - default default] 10.0.0.225 "GET /v2.0/network-ip-availabilities HTTP/1.1" status: 200 len: 1280 time: 0.0167601
2026-07-09 14:16:55.031 9 INFO neutron.wsgi [None req-334962c2-4832-48d1-9221-ee6d730d9a50 22165e82e85b47038d5e4c973809c3ac 363969c90b5d4636b34103ca5ae0b718 - - default default] 10.0.0.225 "GET /v2.0/subnets HTTP/1.1" status: 200 len: 1437 time: 0.0438440
2026-07-09 14:16:55.042 9 INFO neutron.wsgi [None req-59af4caf-a139-42ac-a724-f0c1bba25c59 22165e82e85b47038d5e4c973809c3ac 363969c90b5d4636b34103ca5ae0b718 - - default default] 10.0.0.225 "GET /v2.0/subnetpools HTTP/1.1" status: 200 len: 193 time: 0.0097940
2026-07-09 14:16:55.094 9 INFO neutron.wsgi [None req-b492e40f-812b-4144-bcb2-29be1d48fe68 22165e82e85b47038d5e4c973809c3ac 363969c90b5d4636b34103ca5ae0b718 - - default default] 10.0.0.225 "GET /v2.0/security-groups HTTP/1.1" status: 200 len: 16803 time: 0.0510788
2026-07-09 14:16:55.127 9 INFO neutron.wsgi [None req-1eb02d9d-8c0a-4fde-a52f-7a443c548ee9 22165e82e85b47038d5e4c973809c3ac 363969c90b5d4636b34103ca5ae0b718 - - default default] 10.0.0.225 "GET /v2.0/routers HTTP/1.1" status: 200 len: 189 time: 0.0275459
2026-07-09 14:16:55.192 9 INFO neutron.wsgi [None req-9067a315-8a85-4b7b-92e7-f46029cf8190 22165e82e85b47038d5e4c973809c3ac 363969c90b5d4636b34103ca5ae0b718 - - default default] 10.0.0.225 "GET /v2.0/agents?binary=ovn-controller HTTP/1.1" status: 200 len: 591 time: 0.0637589
2026-07-09 14:16:55.263 9 INFO neutron.wsgi [None req-b8ffbe27-7c11-4bcd-a35a-44a4dcd1bb31 22165e82e85b47038d5e4c973809c3ac 363969c90b5d4636b34103ca5ae0b718 - - default default] 10.0.0.225 "GET /v2.0/networks HTTP/1.1" status: 200 len: 2350 time: 0.0705202
2026-07-09 14:16:55.278 9 INFO neutron.wsgi [None req-77c9df3f-24a3-4b85-99bd-f15d8e4a0a14 22165e82e85b47038d5e4c973809c3ac 363969c90b5d4636b34103ca5ae0b718 - - default default] 10.0.0.225 "GET /v2.0/agents HTTP/1.1" status: 200 len: 997 time: 0.0129654
2026-07-09 14:16:55.302 9 INFO neutron.wsgi [None req-2a97ce10-0ef6-4828-b05a-c5897e9ce7a6 22165e82e85b47038d5e4c973809c3ac 363969c90b5d4636b34103ca5ae0b718 - - default default] 10.0.0.225 "GET /v2.0/floatingips HTTP/1.1" status: 200 len: 193 time: 0.0229509
2026-07-09 14:16:55.341 9 INFO neutron.wsgi [None req-c6ec8b73-a727-4d71-80be-4b336d6be8bc 22165e82e85b47038d5e4c973809c3ac 363969c90b5d4636b34103ca5ae0b718 - - default default] 10.0.0.225 "GET /v2.0/subnets HTTP/1.1" status: 200 len: 1437 time: 0.0382242
2026-07-09 14:16:57.958 9 INFO neutron.wsgi [-] 10.0.0.137 "GET / HTTP/1.1" status: 200 len: 246 time: 0.0020301
2026-07-09 14:16:57.960 10 INFO neutron.wsgi [-] 10.0.0.137 "GET / HTTP/1.1" status: 200 len: 246 time: 0.0029769
2026-07-09 14:17:12.959 9 INFO neutron.wsgi [-] 10.0.0.137 "GET / HTTP/1.1" status: 200 len: 246 time: 0.0029538
2026-07-09 14:17:12.962 9 INFO neutron.wsgi [-] 10.0.0.137 "GET / HTTP/1.1" status: 200 len: 246 time: 0.0021117
2026-07-09 14:17:27.959 10 INFO neutron.wsgi [-] 10.0.0.137 "GET / HTTP/1.1" status: 200 len: 246 time: 0.0021527
2026-07-09 14:17:27.960 9 INFO neutron.wsgi [-] 10.0.0.137 "GET / HTTP/1.1" status: 200 len: 246 time: 0.0027544
2026-07-09 14:17:42.960 10 INFO neutron.wsgi [-] 10.0.0.137 "GET / HTTP/1.1" status: 200 len: 246 time: 0.0028658
2026-07-09 14:17:42.960 9 INFO neutron.wsgi [-] 10.0.0.137 "GET / HTTP/1.1" status: 200 len: 246 time: 0.0028384
2026-07-09 14:17:54.962 9 INFO neutron.wsgi [None req-e21f7b33-0959-4357-bbae-b299508b89fd 22165e82e85b47038d5e4c973809c3ac 363969c90b5d4636b34103ca5ae0b718 - - default default] 10.0.0.225 "GET /v2.0/routers HTTP/1.1" status: 200 len: 189 time: 0.1079857
2026-07-09 14:17:55.023 9 INFO neutron.wsgi [None req-cb8b3c4f-7821-42e1-a663-fae372cb78a4 22165e82e85b47038d5e4c973809c3ac 363969c90b5d4636b34103ca5ae0b718 - - default default] 10.0.0.225 "GET /v2.0/agents?binary=ovn-controller HTTP/1.1" status: 200 len: 591 time: 0.0592504
2026-07-09 14:17:55.037 9 INFO neutron.wsgi [None req-1c868811-1301-4f46-97ff-d687e433e596 22165e82e85b47038d5e4c973809c3ac 363969c90b5d4636b34103ca5ae0b718 - - default default] 10.0.0.225 "GET /v2.0/network-ip-availabilities HTTP/1.1" status: 200 len: 1280 time: 0.0129690
2026-07-09 14:17:55.087 9 INFO neutron.wsgi [None req-092fa110-7d94-484a-a656-e23ecf6b5467 22165e82e85b47038d5e4c973809c3ac 363969c90b5d4636b34103ca5ae0b718 - - default default] 10.0.0.225 "GET /v2.0/subnets HTTP/1.1" status: 200 len: 1437 time: 0.0483432
2026-07-09 14:17:55.111 9 INFO neutron.wsgi [None req-d1f49ec3-2de5-421a-bf2f-7ec3e6f8ecc7 22165e82e85b47038d5e4c973809c3ac 363969c90b5d4636b34103ca5ae0b718 - - default default] 10.0.0.225 "GET /v2.0/subnetpools HTTP/1.1" status: 200 len: 193 time: 0.0154603
2026-07-09 14:17:55.160 9 INFO neutron.wsgi [None req-62a99d63-051c-4c1e-b118-ee8a2fe419a4 22165e82e85b47038d5e4c973809c3ac 363969c90b5d4636b34103ca5ae0b718 - - default default] 10.0.0.225 "GET /v2.0/ports HTTP/1.1" status: 200 len: 5351 time: 0.0486360
2026-07-09 14:17:55.263 9 INFO neutron.wsgi [None req-e7b03dd4-dcaf-4db6-844e-0726fbfabeaf 22165e82e85b47038d5e4c973809c3ac 363969c90b5d4636b34103ca5ae0b718 - - default default] 10.0.0.225 "GET /v2.0/networks HTTP/1.1" status: 200 len: 2350 time: 0.0979064
2026-07-09 14:17:55.451 9 INFO neutron.wsgi [None req-f4cf65f3-1a66-4b96-bab7-52312122483e 22165e82e85b47038d5e4c973809c3ac 363969c90b5d4636b34103ca5ae0b718 - - default default] 10.0.0.225 "GET /v2.0/security-groups HTTP/1.1" status: 200 len: 16803 time: 0.1847389
2026-07-09 14:17:55.499 9 INFO neutron.wsgi [None req-438e925f-2eac-49ee-9ff4-46f5b232b936 22165e82e85b47038d5e4c973809c3ac 363969c90b5d4636b34103ca5ae0b718 - - default default] 10.0.0.225 "GET /v2.0/subnets HTTP/1.1" status: 200 len: 1437 time: 0.0387039
2026-07-09 14:17:55.525 9 INFO neutron.wsgi [None req-e02a69a2-7a62-4171-a4fc-2025e4d4d7c7 22165e82e85b47038d5e4c973809c3ac 363969c90b5d4636b34103ca5ae0b718 - - default default] 10.0.0.225 "GET /v2.0/floatingips HTTP/1.1" status: 200 len: 193 time: 0.0238380
2026-07-09 14:17:55.538 9 INFO neutron.wsgi [None req-01b3a260-a022-46ba-978a-28fec30daeb5 22165e82e85b47038d5e4c973809c3ac 363969c90b5d4636b34103ca5ae0b718 - - default default] 10.0.0.225 "GET /v2.0/agents HTTP/1.1" status: 200 len: 997 time: 0.0125215
2026-07-09 14:17:57.959 9 INFO neutron.wsgi [-] 10.0.0.137 "GET / HTTP/1.1" status: 200 len: 246 time: 0.0026016
2026-07-09 14:17:57.961 10 INFO neutron.wsgi [-] 10.0.0.137 "GET / HTTP/1.1" status: 200 len: 246 time: 0.0037518
2026-07-09 14:18:12.959 10 INFO neutron.wsgi [-] 10.0.0.137 "GET / HTTP/1.1" status: 200 len: 246 time: 0.0029263
2026-07-09 14:18:12.960 9 INFO neutron.wsgi [-] 10.0.0.137 "GET / HTTP/1.1" status: 200 len: 246 time: 0.0032673
2026-07-09 14:18:27.959 10 INFO neutron.wsgi [-] 10.0.0.137 "GET / HTTP/1.1" status: 200 len: 246 time: 0.0020688
2026-07-09 14:18:27.962 9 INFO neutron.wsgi [-] 10.0.0.137 "GET / HTTP/1.1" status: 200 len: 246 time: 0.0044527
2026-07-09 14:18:42.959 10 INFO neutron.wsgi [-] 10.0.0.137 "GET / HTTP/1.1" status: 200 len: 246 time: 0.0031526
2026-07-09 14:18:42.961 10 INFO neutron.wsgi [-] 10.0.0.137 "GET / HTTP/1.1" status: 200 len: 246 time: 0.0014224
2026-07-09 14:18:55.073 9 INFO neutron.wsgi [None req-742f0c37-7644-4eca-8414-d0aea247e17c 22165e82e85b47038d5e4c973809c3ac 363969c90b5d4636b34103ca5ae0b718 - - default default] 10.0.0.225 "GET /v2.0/routers HTTP/1.1" status: 200 len: 189 time: 0.0815492
2026-07-09 14:18:55.131 9 INFO neutron.wsgi [None req-e3adf801-1f55-40ee-b9d7-9bf80dac44f4 22165e82e85b47038d5e4c973809c3ac 363969c90b5d4636b34103ca5ae0b718 - - default default] 10.0.0.225 "GET /v2.0/agents?binary=ovn-controller HTTP/1.1" status: 200 len: 591 time: 0.0572939
2026-07-09 14:18:55.167 9 INFO neutron.wsgi [None req-0e0b37a5-6d97-4c3c-b24d-97e16860cdf7 22165e82e85b47038d5e4c973809c3ac 363969c90b5d4636b34103ca5ae0b718 - - default default] 10.0.0.225 "GET /v2.0/subnets HTTP/1.1" status: 200 len: 1437 time: 0.0348856
2026-07-09 14:18:55.198 9 INFO neutron.wsgi [None req-16c09986-5fb3-4f90-9477-fb4fce12ed7c 22165e82e85b47038d5e4c973809c3ac 363969c90b5d4636b34103ca5ae0b718 - - default default] 10.0.0.225 "GET /v2.0/subnetpools HTTP/1.1" status: 200 len: 193 time: 0.0296893
2026-07-09 14:18:55.273 9 INFO neutron.wsgi [None req-3c591743-914b-4525-858b-7c9ecc68de87 22165e82e85b47038d5e4c973809c3ac 363969c90b5d4636b34103ca5ae0b718 - - default default] 10.0.0.225 "GET /v2.0/networks HTTP/1.1" status: 200 len: 2350 time: 0.0736105
2026-07-09 14:18:55.320 9 INFO neutron.wsgi [None req-6f77271e-b9be-4aa4-b965-160cee761e2c 22165e82e85b47038d5e4c973809c3ac 363969c90b5d4636b34103ca5ae0b718 - - default default] 10.0.0.225 "GET /v2.0/security-groups HTTP/1.1" status: 200 len: 16803 time: 0.0456066
2026-07-09 14:18:55.364 9 INFO neutron.wsgi [None req-14cc3041-d5c0-4e23-937e-7e6114a4af3c 22165e82e85b47038d5e4c973809c3ac 363969c90b5d4636b34103ca5ae0b718 - - default default] 10.0.0.225 "GET /v2.0/subnets HTTP/1.1" status: 200 len: 1437 time: 0.0401776
2026-07-09 14:18:55.381 9 INFO neutron.wsgi [None req-bf8f29c2-4c0a-4c3b-a776-8adfc40e0108 22165e82e85b47038d5e4c973809c3ac 363969c90b5d4636b34103ca5ae0b718 - - default default] 10.0.0.225 "GET /v2.0/agents HTTP/1.1" status: 200 len: 997 time: 0.0157475
2026-07-09 14:18:55.403 9 INFO neutron.wsgi [None req-2bedff28-6918-4c06-9022-c7784153ab73 22165e82e85b47038d5e4c973809c3ac 363969c90b5d4636b34103ca5ae0b718 - - default default] 10.0.0.225 "GET /v2.0/floatingips HTTP/1.1" status: 200 len: 193 time: 0.0215659
2026-07-09 14:18:55.463 9 INFO neutron.wsgi [None req-1c096037-487a-4a79-a404-1dec453a55ff 22165e82e85b47038d5e4c973809c3ac 363969c90b5d4636b34103ca5ae0b718 - - default default] 10.0.0.225 "GET /v2.0/ports HTTP/1.1" status: 200 len: 5351 time: 0.0575235
2026-07-09 14:18:55.490 9 INFO neutron.wsgi [None req-9d0b3ec6-1454-431e-85b3-e80295d3d8af 22165e82e85b47038d5e4c973809c3ac 363969c90b5d4636b34103ca5ae0b718 - - default default] 10.0.0.225 "GET /v2.0/network-ip-availabilities HTTP/1.1" status: 200 len: 1280 time: 0.0213926
2026-07-09 14:18:57.959 10 INFO neutron.wsgi [-] 10.0.0.137 "GET / HTTP/1.1" status: 200 len: 246 time: 0.0020947
2026-07-09 14:18:57.959 9 INFO neutron.wsgi [-] 10.0.0.137 "GET / HTTP/1.1" status: 200 len: 246 time: 0.0024509
2026-07-09 14:19:12.959 9 INFO neutron.wsgi [-] 10.0.0.137 "GET / HTTP/1.1" status: 200 len: 246 time: 0.0028245
2026-07-09 14:19:12.962 9 INFO neutron.wsgi [-] 10.0.0.137 "GET / HTTP/1.1" status: 200 len: 246 time: 0.0020754
2026-07-09 14:19:27.959 9 INFO neutron.wsgi [-] 10.0.0.137 "GET / HTTP/1.1" status: 200 len: 246 time: 0.0023537
2026-07-09 14:19:27.960 10 INFO neutron.wsgi [-] 10.0.0.137 "GET / HTTP/1.1" status: 200 len: 246 time: 0.0023923
2026-07-09 14:19:42.959 9 INFO neutron.wsgi [-] 10.0.0.137 "GET / HTTP/1.1" status: 200 len: 246 time: 0.0025239
2026-07-09 14:19:42.964 10 INFO neutron.wsgi [-] 10.0.0.137 "GET / HTTP/1.1" status: 200 len: 246 time: 0.0069973
2026-07-09 14:19:54.947 9 INFO neutron.wsgi [None req-2b7e0648-bf38-4d44-a43d-bbff2b58fa21 22165e82e85b47038d5e4c973809c3ac 363969c90b5d4636b34103ca5ae0b718 - - default default] 10.0.0.225 "GET /v2.0/network-ip-availabilities HTTP/1.1" status: 200 len: 1280 time: 0.0821140
2026-07-09 14:19:55.020 9 INFO neutron.wsgi [None req-e156c183-07a3-41ce-9a2b-4c38a43514ea 22165e82e85b47038d5e4c973809c3ac 363969c90b5d4636b34103ca5ae0b718 - - default default] 10.0.0.225 "GET /v2.0/subnets HTTP/1.1" status: 200 len: 1437 time: 0.0626376
2026-07-09 14:19:55.039 9 INFO neutron.wsgi [None req-a016aa43-297f-416a-a063-15872edd32df 22165e82e85b47038d5e4c973809c3ac 363969c90b5d4636b34103ca5ae0b718 - - default default] 10.0.0.225 "GET /v2.0/subnetpools HTTP/1.1" status: 200 len: 193 time: 0.0176322
2026-07-09 14:19:55.088 9 INFO neutron.wsgi [None req-53364338-aae8-4f61-9bb2-e2f009a5ead4 22165e82e85b47038d5e4c973809c3ac 363969c90b5d4636b34103ca5ae0b718 - - default default] 10.0.0.225 "GET /v2.0/subnets HTTP/1.1" status: 200 len: 1437 time: 0.0464242
2026-07-09 14:19:55.132 9 INFO neutron.wsgi [None req-7d3cd323-c46b-4666-a6c9-93df089bc3b9 22165e82e85b47038d5e4c973809c3ac 363969c90b5d4636b34103ca5ae0b718 - - default default] 10.0.0.225 "GET /v2.0/floatingips HTTP/1.1" status: 200 len: 193 time: 0.0417812
2026-07-09 14:19:55.192 9 INFO neutron.wsgi [None req-72c19ca3-7bba-491e-8b0e-197ff1898950 22165e82e85b47038d5e4c973809c3ac 363969c90b5d4636b34103ca5ae0b718 - - default default] 10.0.0.225 "GET /v2.0/ports HTTP/1.1" status: 200 len: 5351 time: 0.0594490
2026-07-09 14:19:55.236 9 INFO neutron.wsgi [None req-ecb7c45b-1527-4c02-a1fa-bd722a442984 22165e82e85b47038d5e4c973809c3ac 363969c90b5d4636b34103ca5ae0b718 - - default default] 10.0.0.225 "GET /v2.0/routers HTTP/1.1" status: 200 len: 189 time: 0.0366175
2026-07-09 14:19:55.294 9 INFO neutron.wsgi [None req-1f4fb9e5-07d5-4201-9ad5-dceebbc5c7e3 22165e82e85b47038d5e4c973809c3ac 363969c90b5d4636b34103ca5ae0b718 - - default default] 10.0.0.225 "GET /v2.0/agents?binary=ovn-controller HTTP/1.1" status: 200 len: 591 time: 0.0573251
2026-07-09 14:19:55.366 9 INFO neutron.wsgi [None req-35783b63-a226-446a-b22f-1ca98f6c8abf 22165e82e85b47038d5e4c973809c3ac 363969c90b5d4636b34103ca5ae0b718 - - default default] 10.0.0.225 "GET /v2.0/security-groups HTTP/1.1" status: 200 len: 16803 time: 0.0710073
2026-07-09 14:19:55.392 9 INFO neutron.wsgi [None req-460ef3d3-9a9d-4c4b-87af-ebd4d96deada 22165e82e85b47038d5e4c973809c3ac 363969c90b5d4636b34103ca5ae0b718 - - default default] 10.0.0.225 "GET /v2.0/agents HTTP/1.1" status: 200 len: 997 time: 0.0181727
2026-07-09 14:19:55.471 9 INFO neutron.wsgi [None req-558ac083-dc1b-4934-a67f-756c93d45d91 22165e82e85b47038d5e4c973809c3ac 363969c90b5d4636b34103ca5ae0b718 - - default default] 10.0.0.225 "GET /v2.0/networks HTTP/1.1" status: 200 len: 2350 time: 0.0759311
2026-07-09 14:19:57.964 9 INFO neutron.wsgi [-] 10.0.0.137 "GET / HTTP/1.1" status: 200 len: 246 time: 0.0075254
2026-07-09 14:19:57.966 10 INFO neutron.wsgi [-] 10.0.0.137 "GET / HTTP/1.1" status: 200 len: 246 time: 0.0077605
2026-07-09 14:20:12.958 10 INFO neutron.wsgi [-] 10.0.0.137 "GET / HTTP/1.1" status: 200 len: 246 time: 0.0017388
2026-07-09 14:20:12.958 9 INFO neutron.wsgi [-] 10.0.0.137 "GET / HTTP/1.1" status: 200 len: 246 time: 0.0020840
2026-07-09 14:20:27.960 9 INFO neutron.wsgi [-] 10.0.0.137 "GET / HTTP/1.1" status: 200 len: 246 time: 0.0028775
2026-07-09 14:20:27.961 10 INFO neutron.wsgi [-] 10.0.0.137 "GET / HTTP/1.1" status: 200 len: 246 time: 0.0041702
2026-07-09 14:20:42.959 10 INFO neutron.wsgi [-] 10.0.0.137 "GET / HTTP/1.1" status: 200 len: 246 time: 0.0019875
2026-07-09 14:20:42.962 9 INFO neutron.wsgi [-] 10.0.0.137 "GET / HTTP/1.1" status: 200 len: 246 time: 0.0045342
2026-07-09 14:20:55.030 9 INFO neutron.wsgi [None req-2fd09d41-1a1a-425c-af2b-1175ca4cc3af 22165e82e85b47038d5e4c973809c3ac 363969c90b5d4636b34103ca5ae0b718 - - default default] 10.0.0.225 "GET /v2.0/ports HTTP/1.1" status: 200 len: 5351 time: 0.1184034
2026-07-09 14:20:55.052 9 INFO neutron.wsgi [None req-1116488d-8337-4ba4-bd1b-d4f9213d0086 22165e82e85b47038d5e4c973809c3ac 363969c90b5d4636b34103ca5ae0b718 - - default default] 10.0.0.225 "GET /v2.0/network-ip-availabilities HTTP/1.1" status: 200 len: 1280 time: 0.0189993
2026-07-09 14:20:55.093 9 INFO neutron.wsgi [None req-f3c1d2af-3ce1-41e4-a831-cd3fa8acf849 22165e82e85b47038d5e4c973809c3ac 363969c90b5d4636b34103ca5ae0b718 - - default default] 10.0.0.225 "GET /v2.0/routers HTTP/1.1" status: 200 len: 189 time: 0.0390031
2026-07-09 14:20:55.362 9 INFO neutron.wsgi [None req-f22098df-b160-4b95-ae21-0f06658d6564 22165e82e85b47038d5e4c973809c3ac 363969c90b5d4636b34103ca5ae0b718 - - default default] 10.0.0.225 "GET /v2.0/agents?binary=ovn-controller HTTP/1.1" status: 200 len: 591 time: 0.2689090
2026-07-09 14:20:55.438 9 INFO neutron.wsgi [None req-4519ded9-2652-4c78-b6ff-eec0b9c7ac26 22165e82e85b47038d5e4c973809c3ac 363969c90b5d4636b34103ca5ae0b718 - - default default] 10.0.0.225 "GET /v2.0/networks HTTP/1.1" status: 200 len: 2350 time: 0.0751271
2026-07-09 14:20:55.520 9 INFO neutron.wsgi [None req-c414085d-beec-4b30-97fc-736de8820e88 22165e82e85b47038d5e4c973809c3ac 363969c90b5d4636b34103ca5ae0b718 - - default default] 10.0.0.225 "GET /v2.0/security-groups HTTP/1.1" status: 200 len: 16803 time: 0.0780911
2026-07-09 14:20:55.567 9 INFO neutron.wsgi [None req-eb44fe4c-c03f-40f3-b3a4-cfe68e5493fc 22165e82e85b47038d5e4c973809c3ac 363969c90b5d4636b34103ca5ae0b718 - - default default] 10.0.0.225 "GET /v2.0/subnets HTTP/1.1" status: 200 len: 1437 time: 0.0407205
2026-07-09 14:20:55.607 9 INFO neutron.wsgi [None req-b90a532a-a991-4013-baa6-31e985df89d9 22165e82e85b47038d5e4c973809c3ac 363969c90b5d4636b34103ca5ae0b718 - - default default] 10.0.0.225 "GET /v2.0/subnets HTTP/1.1" status: 200 len: 1437 time: 0.0381532
2026-07-09 14:20:55.620 9 INFO neutron.wsgi [None req-0139b52f-f73f-456a-a38d-755b3ce1fa8a 22165e82e85b47038d5e4c973809c3ac 363969c90b5d4636b34103ca5ae0b718 - - default default] 10.0.0.225 "GET /v2.0/subnetpools HTTP/1.1" status: 200 len: 193 time: 0.0118032
2026-07-09 14:20:55.648 9 INFO neutron.wsgi [None req-52313967-154b-431b-9b46-394ea7f10973 22165e82e85b47038d5e4c973809c3ac 363969c90b5d4636b34103ca5ae0b718 - - default default] 10.0.0.225 "GET /v2.0/floatingips HTTP/1.1" status: 200 len: 193 time: 0.0266454
2026-07-09 14:20:55.662 9 INFO neutron.wsgi [None req-fd289434-36a6-4981-8187-8d6949562382 22165e82e85b47038d5e4c973809c3ac 363969c90b5d4636b34103ca5ae0b718 - - default default] 10.0.0.225 "GET /v2.0/agents HTTP/1.1" status: 200 len: 997 time: 0.0129967
2026-07-09 14:20:57.960 10 INFO neutron.wsgi [-] 10.0.0.137 "GET / HTTP/1.1" status: 200 len: 246 time: 0.0024807
2026-07-09 14:20:57.961 9 INFO neutron.wsgi [-] 10.0.0.137 "GET / HTTP/1.1" status: 200 len: 246 time: 0.0037568
2026-07-09 14:21:12.959 10 INFO neutron.wsgi [-] 10.0.0.137 "GET / HTTP/1.1" status: 200 len: 246 time: 0.0026679
2026-07-09 14:21:12.959 9 INFO neutron.wsgi [-] 10.0.0.137 "GET / HTTP/1.1" status: 200 len: 246 time: 0.0024059
2026-07-09 14:21:27.960 10 INFO neutron.wsgi [-] 10.0.0.137 "GET / HTTP/1.1" status: 200 len: 246 time: 0.0028887
2026-07-09 14:21:27.960 9 INFO neutron.wsgi [-] 10.0.0.137 "GET / HTTP/1.1" status: 200 len: 246 time: 0.0033414
2026-07-09 14:21:42.960 10 INFO neutron.wsgi [-] 10.0.0.137 "GET / HTTP/1.1" status: 200 len: 246 time: 0.0028441
2026-07-09 14:21:42.960 9 INFO neutron.wsgi [-] 10.0.0.137 "GET / HTTP/1.1" status: 200 len: 246 time: 0.0027792
2026-07-09 14:21:55.009 9 INFO neutron.wsgi [None req-23efaef3-4ff3-4b27-827e-704c43886ec6 22165e82e85b47038d5e4c973809c3ac 363969c90b5d4636b34103ca5ae0b718 - - default default] 10.0.0.225 "GET /v2.0/subnets HTTP/1.1" status: 200 len: 1437 time: 0.1297877
2026-07-09 14:21:55.027 9 INFO neutron.wsgi [None req-cb69d2f4-1327-431a-90b3-0fa32b987397 22165e82e85b47038d5e4c973809c3ac 363969c90b5d4636b34103ca5ae0b718 - - default default] 10.0.0.225 "GET /v2.0/subnetpools HTTP/1.1" status: 200 len: 193 time: 0.0165122
