2026-07-09 14:30:52.711 10 INFO neutron.plugins.ml2.drivers.ovn.mech_driver.mech_driver [None req-cefe73ac-bf6f-42ae-8ae1-ec5443b32fb1 - - - - - -] OVN reports status down for port: 5a50f9f9-5cd5-4145-893e-ae4bfd102de2
2026-07-09 14:30:52.715 9 INFO neutron.wsgi [None req-ce44435b-d0bd-4a16-8acf-f71833a291ca 545ed4ccd2ba4e48bd77c04eb614ef35 080e6be615554ea39dd209161455f4d5 - - default default] 10.0.0.84 "GET /v2.0/extensions/port-mac-address-regenerate HTTP/1.1" status: 200 len: 403 time: 0.0092781
2026-07-09 14:30:52.721 10 INFO neutron.db.ovn_revision_numbers_db [None req-de696f02-905f-4777-a6d1-9eb79e0fc5aa 22165e82e85b47038d5e4c973809c3ac 363969c90b5d4636b34103ca5ae0b718 - - default default] Successfully bumped revision number for resource dca0b5b6-6da7-4df5-9780-3046c790616b (type: ports) to 1
2026-07-09 14:30:52.731 9 INFO neutron.wsgi [None req-9022bd80-be2c-4358-b776-16af535a72ad 545ed4ccd2ba4e48bd77c04eb614ef35 080e6be615554ea39dd209161455f4d5 - - default default] 10.0.0.84 "GET /v2.0/extensions/port-numa-affinity-policy HTTP/1.1" status: 200 len: 392 time: 0.0085328 /var/lib/openstack/lib/python3.10/site-packages/pycadf/identifier.py:71: UserWarning: Invalid uuid: neutron. To ensure interoperability, identifiers should be a valid uuid. warnings.warn(('Invalid uuid: %s. To ensure interoperability, '
2026-07-09 14:30:52.789 10 INFO neutron.wsgi [None req-95b8014b-0fab-4beb-8b72-6b672ecf98fd 545ed4ccd2ba4e48bd77c04eb614ef35 080e6be615554ea39dd209161455f4d5 - - default default] 10.0.0.84 "GET /v2.0/extensions/port-resource-request HTTP/1.1" status: 200 len: 379 time: 0.0512588
2026-07-09 14:30:52.794 10 INFO neutron.plugins.ml2.drivers.ovn.mech_driver.mech_driver [None req-cefe73ac-bf6f-42ae-8ae1-ec5443b32fb1 - - - - - -] OVN reports status up for port: 325c2cc2-e466-43a0-a32c-4eb680b8bd29
2026-07-09 14:30:52.805 9 INFO neutron.wsgi [None req-c68bdf09-c8b4-4586-ac8b-47d0d17513b6 545ed4ccd2ba4e48bd77c04eb614ef35 080e6be615554ea39dd209161455f4d5 - - default default] 10.0.0.84 "GET /v2.0/extensions/port-resource-request-groups HTTP/1.1" status: 200 len: 465 time: 0.0061257
2026-07-09 14:30:52.817 9 INFO neutron.wsgi [None req-e0cda407-7b69-4113-9965-c10f4063ec1e 545ed4ccd2ba4e48bd77c04eb614ef35 080e6be615554ea39dd209161455f4d5 - - default default] 10.0.0.84 "GET /v2.0/extensions/binding HTTP/1.1" status: 200 len: 387 time: 0.0075850
2026-07-09 14:30:52.830 9 INFO neutron.wsgi [None req-e4d8ec3b-3ea8-4edc-906f-a8c24e8a47fd 545ed4ccd2ba4e48bd77c04eb614ef35 080e6be615554ea39dd209161455f4d5 - - default default] 10.0.0.84 "GET /v2.0/extensions/binding-extended HTTP/1.1" status: 200 len: 406 time: 0.0059543
2026-07-09 14:30:52.845 9 INFO neutron.wsgi [None req-d1839d7d-b14f-49fa-9f7e-862cdf707438 545ed4ccd2ba4e48bd77c04eb614ef35 080e6be615554ea39dd209161455f4d5 - - default default] 10.0.0.84 "GET /v2.0/extensions/port-security HTTP/1.1" status: 200 len: 354 time: 0.0094938
2026-07-09 14:30:52.850 10 INFO neutron.plugins.ml2.plugin [None req-cefe73ac-bf6f-42ae-8ae1-ec5443b32fb1 - - - - - -] Attempt 1 to provision port 325c2cc2-e466-43a0-a32c-4eb680b8bd29
2026-07-09 14:30:52.856 10 INFO neutron.db.ovn_revision_numbers_db [None req-8c7ecc65-3c7c-45c0-9e64-12e3ce7925e5 22165e82e85b47038d5e4c973809c3ac 363969c90b5d4636b34103ca5ae0b718 - - default default] Successfully bumped revision number for resource 325c2cc2-e466-43a0-a32c-4eb680b8bd29 (type: ports) to 1
2026-07-09 14:30:52.866 10 INFO neutron.wsgi [None req-2fc75bc3-f005-45f2-bd27-590beceef78d 545ed4ccd2ba4e48bd77c04eb614ef35 080e6be615554ea39dd209161455f4d5 - - default default] 10.0.0.84 "GET /v2.0/extensions/project-id HTTP/1.1" status: 200 len: 398 time: 0.0076973
2026-07-09 14:30:52.884 9 INFO neutron.wsgi [None req-a70e21ac-3edd-4f47-aec2-e299a70db6f6 545ed4ccd2ba4e48bd77c04eb614ef35 080e6be615554ea39dd209161455f4d5 - - default default] 10.0.0.84 "GET /v2.0/extensions/provider HTTP/1.1" status: 200 len: 385 time: 0.0080981
2026-07-09 14:30:52.895 9 INFO neutron.wsgi [None req-da0921c9-9646-41cf-b2c2-f3198f68d7d5 545ed4ccd2ba4e48bd77c04eb614ef35 080e6be615554ea39dd209161455f4d5 - - default default] 10.0.0.84 "GET /v2.0/extensions/qos HTTP/1.1" status: 200 len: 360 time: 0.0057635
2026-07-09 14:30:52.905 9 INFO neutron.wsgi [None req-5eae3a29-2863-4f7a-8e34-a21ea9bd1442 545ed4ccd2ba4e48bd77c04eb614ef35 080e6be615554ea39dd209161455f4d5 - - default default] 10.0.0.84 "GET /v2.0/extensions/qos-bw-limit-direction HTTP/1.1" status: 200 len: 452 time: 0.0059202
2026-07-09 14:30:52.916 9 INFO neutron.wsgi [None req-9d9fe3c3-d4a6-47f2-9e62-c4ba04e20e80 545ed4ccd2ba4e48bd77c04eb614ef35 080e6be615554ea39dd209161455f4d5 - - default default] 10.0.0.84 "GET /v2.0/extensions/qos-bw-minimum-ingress HTTP/1.1" status: 200 len: 445 time: 0.0056555
2026-07-09 14:30:52.926 9 INFO neutron.wsgi [None req-f677cfa4-cf36-4b18-953e-5986aa2d6831 545ed4ccd2ba4e48bd77c04eb614ef35 080e6be615554ea39dd209161455f4d5 - - default default] 10.0.0.84 "GET /v2.0/extensions/qos-default HTTP/1.1" status: 200 len: 377 time: 0.0066676
2026-07-09 14:30:52.945 9 INFO neutron.wsgi [None req-fc8bbf61-c94d-4ab9-9da3-46fd18330e07 545ed4ccd2ba4e48bd77c04eb614ef35 080e6be615554ea39dd209161455f4d5 - - default default] 10.0.0.84 "GET /v2.0/extensions/qos-fip HTTP/1.1" status: 200 len: 372 time: 0.0123527
2026-07-09 14:30:52.962 9 INFO neutron.wsgi [None req-7b7fd56b-a819-42b8-9238-829ccaad606b 545ed4ccd2ba4e48bd77c04eb614ef35 080e6be615554ea39dd209161455f4d5 - - default default] 10.0.0.84 "GET /v2.0/extensions/qos-gateway-ip HTTP/1.1" status: 200 len: 391 time: 0.0062747
2026-07-09 14:30:52.974 9 INFO neutron.wsgi [None req-c188185c-a806-41f6-bcfb-e5e804f37c11 545ed4ccd2ba4e48bd77c04eb614ef35 080e6be615554ea39dd209161455f4d5 - - default default] 10.0.0.84 "GET /v2.0/extensions/qos-port-network-policy HTTP/1.1" status: 200 len: 403 time: 0.0077429
2026-07-09 14:30:52.984 9 INFO neutron.wsgi [None req-91c6ff15-4009-43de-b404-2df3cdfdf0b4 545ed4ccd2ba4e48bd77c04eb614ef35 080e6be615554ea39dd209161455f4d5 - - default default] 10.0.0.84 "GET /v2.0/extensions/qos-pps-minimum HTTP/1.1" status: 200 len: 397 time: 0.0054648
2026-07-09 14:30:52.995 9 INFO neutron.wsgi [None req-d50e7017-cb41-4377-9181-20c3b4ccfecf 545ed4ccd2ba4e48bd77c04eb614ef35 080e6be615554ea39dd209161455f4d5 - - default default] 10.0.0.84 "GET /v2.0/extensions/qos-pps-minimum-rule-alias HTTP/1.1" status: 200 len: 471 time: 0.0066242
2026-07-09 14:30:53.014 10 INFO neutron.wsgi [None req-44e2ad0f-4fca-40d6-8c7a-48057987922b 545ed4ccd2ba4e48bd77c04eb614ef35 080e6be615554ea39dd209161455f4d5 - - default default] 10.0.0.84 "GET /v2.0/extensions/qos-pps HTTP/1.1" status: 200 len: 389 time: 0.0074291
2026-07-09 14:30:53.036 10 INFO neutron.wsgi [None req-352e87d0-9e65-4dea-80df-aed9adf03132 545ed4ccd2ba4e48bd77c04eb614ef35 080e6be615554ea39dd209161455f4d5 - - default default] 10.0.0.84 "GET /v2.0/extensions/qos-rule-type-details HTTP/1.1" status: 200 len: 423 time: 0.0139563
2026-07-09 14:30:53.050 9 INFO neutron.wsgi [None req-1a7c559d-25dd-4379-9791-c18f6046c71b 545ed4ccd2ba4e48bd77c04eb614ef35 080e6be615554ea39dd209161455f4d5 - - default default] 10.0.0.84 "GET /v2.0/extensions/qos-rule-type-filter HTTP/1.1" status: 200 len: 567 time: 0.0069757
2026-07-09 14:30:53.060 9 INFO neutron.wsgi [None req-9886f724-65e1-4f96-a9ee-90c6c8c48c38 545ed4ccd2ba4e48bd77c04eb614ef35 080e6be615554ea39dd209161455f4d5 - - default default] 10.0.0.84 "GET /v2.0/extensions/qos-rules-alias HTTP/1.1" status: 200 len: 448 time: 0.0055254
2026-07-09 14:30:53.071 9 INFO neutron.wsgi [None req-7f84b3a3-7971-4758-a1b7-ba57fa22ec65 545ed4ccd2ba4e48bd77c04eb614ef35 080e6be615554ea39dd209161455f4d5 - - default default] 10.0.0.84 "GET /v2.0/extensions/quota-check-limit HTTP/1.1" status: 200 len: 420 time: 0.0063248
2026-07-09 14:30:53.084 10 WARNING neutron.scheduler.dhcp_agent_scheduler [None req-8c7ecc65-3c7c-45c0-9e64-12e3ce7925e5 22165e82e85b47038d5e4c973809c3ac 363969c90b5d4636b34103ca5ae0b718 - - default default] No more DHCP agents
2026-07-09 14:30:53.088 9 INFO neutron.wsgi [None req-a4bbcf22-0937-411b-b3ee-c508a41543ab 545ed4ccd2ba4e48bd77c04eb614ef35 080e6be615554ea39dd209161455f4d5 - - default default] 10.0.0.84 "GET /v2.0/extensions/quotas HTTP/1.1" status: 200 len: 386 time: 0.0112684
2026-07-09 14:30:53.089 10 WARNING neutron.api.rpc.agentnotifiers.dhcp_rpc_agent_api [None req-8c7ecc65-3c7c-45c0-9e64-12e3ce7925e5 22165e82e85b47038d5e4c973809c3ac 363969c90b5d4636b34103ca5ae0b718 - - default default] Unable to schedule network 22e24bfe-4563-4abf-9229-a40331ea6c08: no agents available; will retry on subsequent port and subnet creation events.
2026-07-09 14:30:53.100 9 INFO neutron.wsgi [None req-c846d43a-913f-42b7-b250-71f37bd57753 545ed4ccd2ba4e48bd77c04eb614ef35 080e6be615554ea39dd209161455f4d5 - - default default] 10.0.0.84 "GET /v2.0/extensions/quota_details HTTP/1.1" status: 200 len: 407 time: 0.0067537
2026-07-09 14:30:53.115 9 INFO neutron.wsgi [None req-4c9f3794-d59d-4493-9686-fed6238f0d49 545ed4ccd2ba4e48bd77c04eb614ef35 080e6be615554ea39dd209161455f4d5 - - default default] 10.0.0.84 "GET /v2.0/extensions/rbac-policies HTTP/1.1" status: 200 len: 417 time: 0.0094619
2026-07-09 14:30:53.128 9 INFO neutron.wsgi [None req-914265cc-9a03-4691-a72b-9c88d948c722 545ed4ccd2ba4e48bd77c04eb614ef35 080e6be615554ea39dd209161455f4d5 - - default default] 10.0.0.84 "GET /v2.0/extensions/rbac-address-scope HTTP/1.1" status: 200 len: 384 time: 0.0065701
2026-07-09 14:30:53.139 9 INFO neutron.wsgi [None req-10c890ad-dc8d-433e-b022-2f1c1341f515 545ed4ccd2ba4e48bd77c04eb614ef35 080e6be615554ea39dd209161455f4d5 - - default default] 10.0.0.84 "GET /v2.0/extensions/rbac-security-groups HTTP/1.1" status: 200 len: 404 time: 0.0070958
2026-07-09 14:30:53.156 9 INFO neutron.wsgi [None req-3e92af71-f866-4f55-ac50-466414441d85 545ed4ccd2ba4e48bd77c04eb614ef35 080e6be615554ea39dd209161455f4d5 - - default default] 10.0.0.84 "GET /v2.0/extensions/revision-if-match HTTP/1.1" status: 200 len: 441 time: 0.0113609
2026-07-09 14:30:53.166 9 INFO neutron.wsgi [None req-7ec4b627-0a48-426f-8eb2-6e6fa37d7f18 545ed4ccd2ba4e48bd77c04eb614ef35 080e6be615554ea39dd209161455f4d5 - - default default] 10.0.0.84 "GET /v2.0/extensions/standard-attr-revisions HTTP/1.1" status: 200 len: 423 time: 0.0060036
2026-07-09 14:30:53.180 9 INFO neutron.wsgi [None req-2f2d0b2f-8e00-4ea8-a846-d49cd130fbae 545ed4ccd2ba4e48bd77c04eb614ef35 080e6be615554ea39dd209161455f4d5 - - default default] 10.0.0.84 "GET /v2.0/extensions/router_availability_zone HTTP/1.1" status: 200 len: 391 time: 0.0077791
2026-07-09 14:30:53.191 9 INFO neutron.wsgi [None req-28a97eaf-d4d3-4520-a91a-2018fa133e40 545ed4ccd2ba4e48bd77c04eb614ef35 080e6be615554ea39dd209161455f4d5 - - default default] 10.0.0.84 "GET /v2.0/extensions/security-groups-default-rules HTTP/1.1" status: 200 len: 456 time: 0.0070989
2026-07-09 14:30:53.203 9 INFO neutron.wsgi [None req-241c0214-62e8-4827-86f6-30b896cac499 545ed4ccd2ba4e48bd77c04eb614ef35 080e6be615554ea39dd209161455f4d5 - - default default] 10.0.0.84 "GET /v2.0/extensions/security-groups-normalized-cidr HTTP/1.1" status: 200 len: 445 time: 0.0057557
2026-07-09 14:30:53.224 9 INFO neutron.wsgi [None req-d3dce0e7-fd27-4a3b-bce7-317c7c315b60 545ed4ccd2ba4e48bd77c04eb614ef35 080e6be615554ea39dd209161455f4d5 - - default default] 10.0.0.84 "GET /v2.0/extensions/security-groups-remote-address-group HTTP/1.1" status: 200 len: 448 time: 0.0122225
2026-07-09 14:30:53.244 9 INFO neutron.wsgi [None req-91797a4b-ab78-40a3-80d7-da8e5fe35ebf 545ed4ccd2ba4e48bd77c04eb614ef35 080e6be615554ea39dd209161455f4d5 - - default default] 10.0.0.84 "GET /v2.0/extensions/security-groups-shared-filtering HTTP/1.1" status: 200 len: 435 time: 0.0139115
2026-07-09 14:30:53.254 9 INFO neutron.wsgi [None req-0b286e7f-a237-4dd9-a8fe-d3c94ba5151c 545ed4ccd2ba4e48bd77c04eb614ef35 080e6be615554ea39dd209161455f4d5 - - default default] 10.0.0.84 "GET /v2.0/extensions/security-group HTTP/1.1" status: 200 len: 364 time: 0.0054567
2026-07-09 14:30:53.265 9 INFO neutron.wsgi [None req-4357e2b8-bcc1-4a69-9145-096f9f5b66ba 545ed4ccd2ba4e48bd77c04eb614ef35 080e6be615554ea39dd209161455f4d5 - - default default] 10.0.0.84 "GET /v2.0/extensions/segment HTTP/1.1" status: 200 len: 339 time: 0.0052917
2026-07-09 14:30:53.278 9 INFO neutron.wsgi [None req-6c00683c-b82b-416e-be0a-243d75b0ae8b 545ed4ccd2ba4e48bd77c04eb614ef35 080e6be615554ea39dd209161455f4d5 - - default default] 10.0.0.84 "GET /v2.0/extensions/segments-peer-subnet-host-routes HTTP/1.1" status: 200 len: 427 time: 0.0052125
2026-07-09 14:30:53.289 9 INFO neutron.wsgi [None req-58bdf22d-1559-451e-933a-1def0e267465 545ed4ccd2ba4e48bd77c04eb614ef35 080e6be615554ea39dd209161455f4d5 - - default default] 10.0.0.84 "GET /v2.0/extensions/service-type HTTP/1.1" status: 200 len: 415 time: 0.0056190
2026-07-09 14:30:53.308 9 INFO neutron.wsgi [None req-0c89ac04-9ca8-4ef0-a6a8-9a5271f142e4 545ed4ccd2ba4e48bd77c04eb614ef35 080e6be615554ea39dd209161455f4d5 - - default default] 10.0.0.84 "GET /v2.0/extensions/sorting HTTP/1.1" status: 200 len: 377 time: 0.0139272
2026-07-09 14:30:53.319 9 INFO neutron.wsgi [None req-b4b96e5f-63ba-4af2-9905-9542a4e5c453 545ed4ccd2ba4e48bd77c04eb614ef35 080e6be615554ea39dd209161455f4d5 - - default default] 10.0.0.84 "GET /v2.0/extensions/standard-attr-segment HTTP/1.1" status: 200 len: 406 time: 0.0058966
2026-07-09 14:30:53.333 9 INFO neutron.wsgi [None req-15ed4b13-4921-45df-9978-6a6bb065d2d4 545ed4ccd2ba4e48bd77c04eb614ef35 080e6be615554ea39dd209161455f4d5 - - default default] 10.0.0.84 "GET /v2.0/extensions/standard-attr-description HTTP/1.1" status: 200 len: 408 time: 0.0085502
2026-07-09 14:30:53.344 9 INFO neutron.wsgi [None req-26ec6926-e0eb-444c-b698-092022d91f58 545ed4ccd2ba4e48bd77c04eb614ef35 080e6be615554ea39dd209161455f4d5 - - default default] 10.0.0.84 "GET /v2.0/extensions/stateful-security-group HTTP/1.1" status: 200 len: 402 time: 0.0048778
2026-07-09 14:30:53.354 9 INFO neutron.wsgi [None req-d322ffb7-ca8e-4fc7-be7a-cfd3cac1c22d 545ed4ccd2ba4e48bd77c04eb614ef35 080e6be615554ea39dd209161455f4d5 - - default default] 10.0.0.84 "GET /v2.0/extensions/subnet-dns-publish-fixed-ip HTTP/1.1" status: 200 len: 421 time: 0.0057461
2026-07-09 14:30:53.364 9 INFO neutron.wsgi [None req-c14446f9-0d15-49b1-9594-b046148850fd 545ed4ccd2ba4e48bd77c04eb614ef35 080e6be615554ea39dd209161455f4d5 - - default default] 10.0.0.84 "GET /v2.0/extensions/subnet-segmentid-writable HTTP/1.1" status: 200 len: 421 time: 0.0049980
2026-07-09 14:30:53.376 9 INFO neutron.wsgi [None req-886f4265-796b-4eb6-b8b4-d0a0fe8e6678 545ed4ccd2ba4e48bd77c04eb614ef35 080e6be615554ea39dd209161455f4d5 - - default default] 10.0.0.84 "GET /v2.0/extensions/subnet-service-types HTTP/1.1" status: 200 len: 400 time: 0.0056188
2026-07-09 14:30:53.389 9 INFO neutron.wsgi [None req-35180f12-d042-41fc-b96c-dcce287f2596 545ed4ccd2ba4e48bd77c04eb614ef35 080e6be615554ea39dd209161455f4d5 - - default default] 10.0.0.84 "GET /v2.0/extensions/subnet_allocation HTTP/1.1" status: 200 len: 388 time: 0.0067308
2026-07-09 14:30:53.393 9 INFO neutron.wsgi [None req-a9e89738-3ea7-482e-87db-4716fabef590 2db008ed8845407e8e8ab9c7d6c2a8a2 717c84078568463db1cf702f8bbd6e13 - - default default] 10.0.0.84 "DELETE /v2.0/floatingips/9a820974-3242-4047-b44c-b3429fdf4531 HTTP/1.1" status: 204 len: 168 time: 0.7268047
2026-07-09 14:30:53.398 9 INFO neutron.wsgi [None req-3754c253-5a3c-445b-a945-7886d10f7fae 545ed4ccd2ba4e48bd77c04eb614ef35 080e6be615554ea39dd209161455f4d5 - - default default] 10.0.0.84 "GET /v2.0/extensions/subnetpool-prefix-ops HTTP/1.1" status: 200 len: 418 time: 0.0041735
2026-07-09 14:30:53.407 9 INFO neutron.wsgi [None req-0bcd7abe-fed2-4f53-ab5c-fc23d818e5da 545ed4ccd2ba4e48bd77c04eb614ef35 080e6be615554ea39dd209161455f4d5 - - default default] 10.0.0.84 "GET /v2.0/extensions/standard-attr-tag HTTP/1.1" status: 200 len: 537 time: 0.0051851
2026-07-09 14:30:53.419 9 INFO neutron.wsgi [None req-c97ab4ef-69af-4b5c-9160-d906a494ca27 545ed4ccd2ba4e48bd77c04eb614ef35 080e6be615554ea39dd209161455f4d5 - - default default] 10.0.0.84 "GET /v2.0/extensions/standard-attr-timestamp HTTP/1.1" status: 200 len: 449 time: 0.0068769
2026-07-09 14:30:53.430 9 INFO neutron.wsgi [None req-c3b18684-bf0c-4e72-8a6b-6b7dd1573303 545ed4ccd2ba4e48bd77c04eb614ef35 080e6be615554ea39dd209161455f4d5 - - default default] 10.0.0.84 "GET /v2.0/extensions/trunk HTTP/1.1" status: 200 len: 358 time: 0.0064681
2026-07-09 14:30:53.440 9 INFO neutron.wsgi [None req-85a3f0a4-985f-4ccc-ba9a-c927919c31c3 545ed4ccd2ba4e48bd77c04eb614ef35 080e6be615554ea39dd209161455f4d5 - - default default] 10.0.0.84 "GET /v2.0/extensions/trunk-details HTTP/1.1" status: 200 len: 362 time: 0.0054874
2026-07-09 14:30:53.924 10 INFO neutron.db.ovn_revision_numbers_db [None req-cefe73ac-bf6f-42ae-8ae1-ec5443b32fb1 - - - - - -] Successfully bumped revision number for resource 325c2cc2-e466-43a0-a32c-4eb680b8bd29 (type: ports) to 2
2026-07-09 14:30:54.188 10 INFO neutron.db.ovn_revision_numbers_db [None req-cefe73ac-bf6f-42ae-8ae1-ec5443b32fb1 - - - - - -] Successfully bumped revision number for resource 325c2cc2-e466-43a0-a32c-4eb680b8bd29 (type: router_ports) to 2
2026-07-09 14:30:54.421 9 INFO neutron.db.ovn_revision_numbers_db [None req-fde51ebd-4969-4917-b792-7e1a0a734246 22165e82e85b47038d5e4c973809c3ac 363969c90b5d4636b34103ca5ae0b718 - - default default] Successfully bumped revision number for resource 97a50611-bf39-4fd3-9233-c2b21c912d82 (type: security_groups) to 1
2026-07-09 14:30:54.437 9 INFO neutron.db.ovn_revision_numbers_db [None req-fde51ebd-4969-4917-b792-7e1a0a734246 22165e82e85b47038d5e4c973809c3ac 363969c90b5d4636b34103ca5ae0b718 - - default default] Successfully bumped revision number for resource 82a1e7a2-b130-4e69-8422-d4c55d3547b0 (type: security_group_rules) to 0
2026-07-09 14:30:54.456 9 INFO neutron.db.ovn_revision_numbers_db [None req-fde51ebd-4969-4917-b792-7e1a0a734246 22165e82e85b47038d5e4c973809c3ac 363969c90b5d4636b34103ca5ae0b718 - - default default] Successfully bumped revision number for resource 93b01a68-a510-486b-b712-6426e05f3a58 (type: security_group_rules) to 0
2026-07-09 14:30:54.481 9 INFO neutron.db.ovn_revision_numbers_db [None req-fde51ebd-4969-4917-b792-7e1a0a734246 22165e82e85b47038d5e4c973809c3ac 363969c90b5d4636b34103ca5ae0b718 - - default default] Successfully bumped revision number for resource a40f1bbe-7c94-459f-b334-b6785483860e (type: security_group_rules) to 0
2026-07-09 14:30:54.498 9 INFO neutron.db.ovn_revision_numbers_db [None req-fde51ebd-4969-4917-b792-7e1a0a734246 22165e82e85b47038d5e4c973809c3ac 363969c90b5d4636b34103ca5ae0b718 - - default default] Successfully bumped revision number for resource b32b5cc4-e83e-41ea-a2a2-11b1ef8c6528 (type: security_group_rules) to 0
2026-07-09 14:30:54.527 9 INFO neutron.wsgi [None req-fde51ebd-4969-4917-b792-7e1a0a734246 22165e82e85b47038d5e4c973809c3ac 363969c90b5d4636b34103ca5ae0b718 - - default default] 10.0.0.84 "GET /v2.0/security-groups?tenant_id=080e6be615554ea39dd209161455f4d5&name=default HTTP/1.1" status: 200 len: 2996 time: 0.4107590
2026-07-09 14:30:54.590 9 INFO neutron.plugins.ml2.drivers.ovn.mech_driver.ovsdb.ovsdb_monitor [None req-1e3028dd-6689-4a94-8b0c-8d009cccf21e - - - - - -] Router c8288569-ac13-49ae-9730-932226b29846 is bound to host instance
2026-07-09 14:30:54.670 10 INFO neutron.db.ovn_revision_numbers_db [None req-de696f02-905f-4777-a6d1-9eb79e0fc5aa 22165e82e85b47038d5e4c973809c3ac 363969c90b5d4636b34103ca5ae0b718 - - default default] Successfully bumped revision number for resource dca0b5b6-6da7-4df5-9780-3046c790616b (type: router_ports) to 1
2026-07-09 14:30:54.833 10 INFO neutron.db.ovn_revision_numbers_db [None req-de696f02-905f-4777-a6d1-9eb79e0fc5aa 22165e82e85b47038d5e4c973809c3ac 363969c90b5d4636b34103ca5ae0b718 - - default default] Successfully bumped revision number for resource c8288569-ac13-49ae-9730-932226b29846 (type: routers) to 2
2026-07-09 14:30:54.865 10 INFO neutron.wsgi [None req-de696f02-905f-4777-a6d1-9eb79e0fc5aa 22165e82e85b47038d5e4c973809c3ac 363969c90b5d4636b34103ca5ae0b718 - - default default] 10.0.0.84 "POST /v2.0/routers HTTP/1.1" status: 201 len: 870 time: 4.2686355
2026-07-09 14:30:54.950 10 INFO neutron.wsgi [None req-8c7ecc65-3c7c-45c0-9e64-12e3ce7925e5 22165e82e85b47038d5e4c973809c3ac 363969c90b5d4636b34103ca5ae0b718 - - default default] 10.0.0.84 "PUT /v2.0/routers/91210f71-20f4-4bf5-ac92-0fd59d7dfbf3/add_router_interface HTTP/1.1" status: 200 len: 503 time: 5.1934714
2026-07-09 14:30:55.034 9 INFO neutron.wsgi [None req-84d2e621-3fd1-4d73-8660-250d1e63a279 22165e82e85b47038d5e4c973809c3ac 363969c90b5d4636b34103ca5ae0b718 - - default default] 10.0.0.84 "DELETE /v2.0/security-groups/97a50611-bf39-4fd3-9233-c2b21c912d82 HTTP/1.1" status: 204 len: 168 time: 0.4996336
2026-07-09 14:30:55.615 9 INFO neutron.wsgi [None req-7709e161-fae0-4afc-b966-22a61ce6890f 22165e82e85b47038d5e4c973809c3ac 363969c90b5d4636b34103ca5ae0b718 - - default default] 10.0.0.225 "GET /v2.0/networks HTTP/1.1" status: 200 len: 4629 time: 0.6166868
2026-07-09 14:30:55.743 9 INFO neutron.wsgi [None req-7dae60cd-4e72-4ae5-bf4d-b25f8a001504 22165e82e85b47038d5e4c973809c3ac 363969c90b5d4636b34103ca5ae0b718 - - default default] 10.0.0.225 "GET /v2.0/ports HTTP/1.1" status: 200 len: 12805 time: 0.1176026
2026-07-09 14:30:55.752 10 WARNING neutron_lib.context [None req-9c916d42-5e61-4a1e-a8de-cea87f35c384 dd531e2fe7e446889c1e9ba3e836391a 8916314615ef47668cc65535ec3ba97d - - default default] Method 'is_advsvc' is deprecated since 2023.2 release (neutron-lib 3.8.0) and will be removed once support for the old RBAC API policies will be removed from Neutron. Please use method 'is_service_role' instead.
2026-07-09 14:30:55.850 9 INFO neutron.wsgi [None req-9fe482ab-9d0a-4c00-8132-7f49e97e2bd6 22165e82e85b47038d5e4c973809c3ac 363969c90b5d4636b34103ca5ae0b718 - - default default] 10.0.0.225 "GET /v2.0/subnets HTTP/1.1" status: 200 len: 3406 time: 0.0937057
2026-07-09 14:30:55.872 9 INFO neutron.wsgi [None req-6665f7d4-b8fa-4eee-a168-331502b9a7bd 22165e82e85b47038d5e4c973809c3ac 363969c90b5d4636b34103ca5ae0b718 - - default default] 10.0.0.225 "GET /v2.0/subnetpools HTTP/1.1" status: 200 len: 193 time: 0.0212922
2026-07-09 14:30:55.921 9 INFO neutron.wsgi [None req-21e280b2-4c22-4d0b-b9f4-70904b04aa4a 22165e82e85b47038d5e4c973809c3ac 363969c90b5d4636b34103ca5ae0b718 - - default default] 10.0.0.225 "GET /v2.0/network-ip-availabilities HTTP/1.1" status: 200 len: 2710 time: 0.0471575
2026-07-09 14:30:56.022 10 INFO neutron.db.ovn_revision_numbers_db [None req-9c916d42-5e61-4a1e-a8de-cea87f35c384 dd531e2fe7e446889c1e9ba3e836391a 8916314615ef47668cc65535ec3ba97d - - default default] Successfully bumped revision number for resource e3bc59d1-d13c-4bb0-a3e4-f31acb65cf09 (type: security_groups) to 1
2026-07-09 14:30:56.040 9 INFO neutron.wsgi [None req-fec8e077-9b30-4f23-b757-75cd20e04739 22165e82e85b47038d5e4c973809c3ac 363969c90b5d4636b34103ca5ae0b718 - - default default] 10.0.0.225 "GET /v2.0/subnets HTTP/1.1" status: 200 len: 3406 time: 0.1077108
2026-07-09 14:30:56.055 10 INFO neutron.db.ovn_revision_numbers_db [None req-9c916d42-5e61-4a1e-a8de-cea87f35c384 dd531e2fe7e446889c1e9ba3e836391a 8916314615ef47668cc65535ec3ba97d - - default default] Successfully bumped revision number for resource 04aa9b35-02e1-44d3-84ff-9d8ffb1ad169 (type: security_group_rules) to 0
2026-07-09 14:30:56.074 10 INFO neutron.db.ovn_revision_numbers_db [None req-9c916d42-5e61-4a1e-a8de-cea87f35c384 dd531e2fe7e446889c1e9ba3e836391a 8916314615ef47668cc65535ec3ba97d - - default default] Successfully bumped revision number for resource 390c2ac1-b585-4448-b169-7bf747ceaddf (type: security_group_rules) to 0
2026-07-09 14:30:56.121 9 INFO neutron.wsgi [None req-720b81af-f3b8-48e2-94d7-5f006b9fec61 22165e82e85b47038d5e4c973809c3ac 363969c90b5d4636b34103ca5ae0b718 - - default default] 10.0.0.225 "GET /v2.0/floatingips HTTP/1.1" status: 200 len: 193 time: 0.0732806
2026-07-09 14:30:56.123 10 INFO neutron.wsgi [None req-9c916d42-5e61-4a1e-a8de-cea87f35c384 dd531e2fe7e446889c1e9ba3e836391a 8916314615ef47668cc65535ec3ba97d - - default default] 10.0.0.84 "POST /v2.0/security-groups HTTP/1.1" status: 201 len: 1797 time: 0.3801792
2026-07-09 14:30:56.144 10 WARNING neutron_lib.context [None req-77b2264c-d261-48f4-905b-89b008f53ecf dd531e2fe7e446889c1e9ba3e836391a 8916314615ef47668cc65535ec3ba97d - - default default] Method 'is_advsvc' is deprecated since 2023.2 release (neutron-lib 3.8.0) and will be removed once support for the old RBAC API policies will be removed from Neutron. Please use method 'is_service_role' instead.
2026-07-09 14:30:56.377 9 INFO neutron.wsgi [None req-94fb9969-4c55-4452-ab20-a62f3c8be7b5 22165e82e85b47038d5e4c973809c3ac 363969c90b5d4636b34103ca5ae0b718 - - default default] 10.0.0.225 "GET /v2.0/security-groups HTTP/1.1" status: 200 len: 26718 time: 0.2501125
2026-07-09 14:30:56.439 9 INFO neutron.db.ovn_revision_numbers_db [None req-1e3028dd-6689-4a94-8b0c-8d009cccf21e - - - - - -] Successfully bumped revision number for resource dca0b5b6-6da7-4df5-9780-3046c790616b (type: ports) to 1
2026-07-09 14:30:56.465 10 INFO neutron.wsgi [None req-6e556bb7-3f94-446f-b4f7-996268e7521b 22165e82e85b47038d5e4c973809c3ac 363969c90b5d4636b34103ca5ae0b718 - - default default] 10.0.0.84 "PUT /v2.0/routers/c2221418-340f-41e4-a7ee-2713144549a2/remove_router_interface HTTP/1.1" status: 200 len: 503 time: 3.0637739 /var/lib/openstack/lib/python3.10/site-packages/pycadf/identifier.py:71: UserWarning: Invalid uuid: neutron. To ensure interoperability, identifiers should be a valid uuid. warnings.warn(('Invalid uuid: %s. To ensure interoperability, '
2026-07-09 14:30:56.513 10 INFO neutron.db.ovn_revision_numbers_db [None req-77b2264c-d261-48f4-905b-89b008f53ecf dd531e2fe7e446889c1e9ba3e836391a 8916314615ef47668cc65535ec3ba97d - - default default] Successfully bumped revision number for resource 590a5ca8-d842-480d-8aa3-80373b2a2229 (type: security_group_rules) to 0
2026-07-09 14:30:56.567 10 INFO neutron.wsgi [None req-77b2264c-d261-48f4-905b-89b008f53ecf dd531e2fe7e446889c1e9ba3e836391a 8916314615ef47668cc65535ec3ba97d - - default default] 10.0.0.84 "POST /v2.0/security-group-rules HTTP/1.1" status: 201 len: 764 time: 0.4357684
2026-07-09 14:30:56.580 9 INFO neutron.wsgi [None req-b799c193-5789-486b-abdc-3108a4fdf92c 22165e82e85b47038d5e4c973809c3ac 363969c90b5d4636b34103ca5ae0b718 - - default default] 10.0.0.225 "GET /v2.0/routers HTTP/1.1" status: 200 len: 2209 time: 0.1948683
2026-07-09 14:30:56.580 10 WARNING neutron_lib.context [None req-27dd3608-5a04-46e1-b576-91732763c02b dd531e2fe7e446889c1e9ba3e836391a 8916314615ef47668cc65535ec3ba97d - - default default] Method 'is_advsvc' is deprecated since 2023.2 release (neutron-lib 3.8.0) and will be removed once support for the old RBAC API policies will be removed from Neutron. Please use method 'is_service_role' instead.
2026-07-09 14:30:56.633 9 INFO neutron.wsgi [None req-aa9e1055-3e3b-41ee-854c-cac66cdc7160 22165e82e85b47038d5e4c973809c3ac 363969c90b5d4636b34103ca5ae0b718 - - default default] 10.0.0.225 "GET /v2.0/agents?binary=ovn-controller HTTP/1.1" status: 200 len: 591 time: 0.0416148
2026-07-09 14:30:56.683 9 INFO neutron.wsgi [None req-1152beb0-36b4-46f2-9abf-848a6e7dc230 22165e82e85b47038d5e4c973809c3ac 363969c90b5d4636b34103ca5ae0b718 - - default default] 10.0.0.225 "GET /v2.0/agents HTTP/1.1" status: 200 len: 997 time: 0.0447621
2026-07-09 14:30:56.710 9 WARNING neutron.scheduler.dhcp_agent_scheduler [None req-ac3dfb8e-7e29-4c53-aa5b-493cec24905d 22165e82e85b47038d5e4c973809c3ac 363969c90b5d4636b34103ca5ae0b718 - - default default] No more DHCP agents
2026-07-09 14:30:56.716 9 WARNING neutron.api.rpc.agentnotifiers.dhcp_rpc_agent_api [None req-ac3dfb8e-7e29-4c53-aa5b-493cec24905d 22165e82e85b47038d5e4c973809c3ac 363969c90b5d4636b34103ca5ae0b718 - - default default] Unable to schedule network 34ebec14-9d43-4b45-9c1b-232a5f75c8e0: no agents available; will retry on subsequent port and subnet creation events.
2026-07-09 14:30:56.843 10 INFO neutron.db.ovn_revision_numbers_db [None req-27dd3608-5a04-46e1-b576-91732763c02b dd531e2fe7e446889c1e9ba3e836391a 8916314615ef47668cc65535ec3ba97d - - default default] Successfully bumped revision number for resource 8f81795e-a060-457c-8d90-05e471e9ec44 (type: security_group_rules) to 0
2026-07-09 14:30:56.890 10 INFO neutron.wsgi [None req-27dd3608-5a04-46e1-b576-91732763c02b dd531e2fe7e446889c1e9ba3e836391a 8916314615ef47668cc65535ec3ba97d - - default default] 10.0.0.84 "POST /v2.0/security-group-rules HTTP/1.1" status: 201 len: 769 time: 0.3157341
2026-07-09 14:30:56.910 10 WARNING neutron_lib.context [None req-c73b00fa-1501-46ca-bcf6-2c3a2c1c94cb dd531e2fe7e446889c1e9ba3e836391a 8916314615ef47668cc65535ec3ba97d - - default default] Method 'is_advsvc' is deprecated since 2023.2 release (neutron-lib 3.8.0) and will be removed once support for the old RBAC API policies will be removed from Neutron. Please use method 'is_service_role' instead.
2026-07-09 14:30:57.029 9 INFO neutron.db.ovn_revision_numbers_db [None req-1e3028dd-6689-4a94-8b0c-8d009cccf21e - - - - - -] Successfully bumped revision number for resource dca0b5b6-6da7-4df5-9780-3046c790616b (type: router_ports) to 3
2026-07-09 14:30:57.079 9 INFO neutron.db.ovn_revision_numbers_db [None req-ac3dfb8e-7e29-4c53-aa5b-493cec24905d 22165e82e85b47038d5e4c973809c3ac 363969c90b5d4636b34103ca5ae0b718 - - default default] Successfully bumped revision number for resource aecf46df-69df-4e2f-88fc-3025535d8a6a (type: ports) to 1
2026-07-09 14:30:57.349 9 INFO neutron.db.ovn_revision_numbers_db [None req-1e3028dd-6689-4a94-8b0c-8d009cccf21e - - - - - -] Successfully bumped revision number for resource dca0b5b6-6da7-4df5-9780-3046c790616b (type: ports) to 2
2026-07-09 14:30:57.364 9 WARNING neutron_lib.context [None req-68771a77-bca7-4cce-a645-65ec136f0ca9 98b1da9942d14b6e82b816790443b407 d32855bcf5724ca0878032a44ca03dc8 - - default default] Method 'is_advsvc' is deprecated since 2023.2 release (neutron-lib 3.8.0) and will be removed once support for the old RBAC API policies will be removed from Neutron. Please use method 'is_service_role' instead.
2026-07-09 14:30:57.365 9 WARNING neutron_lib.context [None req-68771a77-bca7-4cce-a645-65ec136f0ca9 98b1da9942d14b6e82b816790443b407 d32855bcf5724ca0878032a44ca03dc8 - - default default] Method 'is_advsvc' is deprecated since 2023.2 release (neutron-lib 3.8.0) and will be removed once support for the old RBAC API policies will be removed from Neutron. Please use method 'is_service_role' instead.
2026-07-09 14:30:57.410 10 WARNING neutron.scheduler.dhcp_agent_scheduler [None req-c73b00fa-1501-46ca-bcf6-2c3a2c1c94cb dd531e2fe7e446889c1e9ba3e836391a 8916314615ef47668cc65535ec3ba97d - - default default] No more DHCP agents
2026-07-09 14:30:57.416 10 WARNING neutron.api.rpc.agentnotifiers.dhcp_rpc_agent_api [None req-c73b00fa-1501-46ca-bcf6-2c3a2c1c94cb dd531e2fe7e446889c1e9ba3e836391a 8916314615ef47668cc65535ec3ba97d - - default default] Unable to schedule network fd0d37e1-c0ea-4337-a781-cd50773bb850: no agents available; will retry on subsequent port and subnet creation events.
2026-07-09 14:30:58.027 10 INFO neutron.wsgi [-] 10.0.0.137 "GET / HTTP/1.1" status: 200 len: 246 time: 0.0027246
2026-07-09 14:30:58.029 10 INFO neutron.wsgi [-] 10.0.0.137 "GET / HTTP/1.1" status: 200 len: 246 time: 0.0012417
2026-07-09 14:30:58.092 9 INFO neutron.db.ovn_revision_numbers_db [None req-68771a77-bca7-4cce-a645-65ec136f0ca9 98b1da9942d14b6e82b816790443b407 d32855bcf5724ca0878032a44ca03dc8 - - default default] Successfully bumped revision number for resource 49fcdb12-6c70-4711-a123-6fca3a0a19dc (type: security_groups) to 1
2026-07-09 14:30:58.129 9 INFO neutron.db.ovn_revision_numbers_db [None req-68771a77-bca7-4cce-a645-65ec136f0ca9 98b1da9942d14b6e82b816790443b407 d32855bcf5724ca0878032a44ca03dc8 - - default default] Successfully bumped revision number for resource 28e8153c-0dac-4738-9466-9da16e09fd5b (type: security_group_rules) to 0
2026-07-09 14:30:58.162 9 INFO neutron.db.ovn_revision_numbers_db [None req-68771a77-bca7-4cce-a645-65ec136f0ca9 98b1da9942d14b6e82b816790443b407 d32855bcf5724ca0878032a44ca03dc8 - - default default] Successfully bumped revision number for resource 659f02ba-3cb6-4529-8ded-3f16b6339fe7 (type: security_group_rules) to 0
2026-07-09 14:30:58.214 9 INFO neutron.db.ovn_revision_numbers_db [None req-68771a77-bca7-4cce-a645-65ec136f0ca9 98b1da9942d14b6e82b816790443b407 d32855bcf5724ca0878032a44ca03dc8 - - default default] Successfully bumped revision number for resource 9aaaf3da-5470-4f94-9bbe-c9a24f875f11 (type: security_group_rules) to 0
2026-07-09 14:30:58.267 9 INFO neutron.db.ovn_revision_numbers_db [None req-68771a77-bca7-4cce-a645-65ec136f0ca9 98b1da9942d14b6e82b816790443b407 d32855bcf5724ca0878032a44ca03dc8 - - default default] Successfully bumped revision number for resource ec1f576a-442f-41f0-b7b2-8a7a8f3b06e0 (type: security_group_rules) to 0
2026-07-09 14:30:58.317 9 INFO neutron.db.ovn_revision_numbers_db [None req-1e3028dd-6689-4a94-8b0c-8d009cccf21e - - - - - -] Successfully bumped revision number for resource dca0b5b6-6da7-4df5-9780-3046c790616b (type: ports) to 4
2026-07-09 14:30:58.331 9 INFO neutron.db.ovn_revision_numbers_db [None req-ac3dfb8e-7e29-4c53-aa5b-493cec24905d 22165e82e85b47038d5e4c973809c3ac 363969c90b5d4636b34103ca5ae0b718 - - default default] Successfully bumped revision number for resource aecf46df-69df-4e2f-88fc-3025535d8a6a (type: router_ports) to 1
2026-07-09 14:30:58.392 10 INFO neutron.wsgi [None req-89a485c4-18d9-472a-b0c4-d8e1f7485988 22165e82e85b47038d5e4c973809c3ac 363969c90b5d4636b34103ca5ae0b718 - - default default] 10.0.0.84 "DELETE /v2.0/routers/c2221418-340f-41e4-a7ee-2713144549a2 HTTP/1.1" status: 204 len: 168 time: 1.9206164
2026-07-09 14:30:58.414 9 INFO neutron.db.segments_db [None req-68771a77-bca7-4cce-a645-65ec136f0ca9 98b1da9942d14b6e82b816790443b407 d32855bcf5724ca0878032a44ca03dc8 - - default default] Added segment 031d8472-8718-4eaf-a24e-4eddea237e27 of type geneve for network 9bddde82-8002-4635-854a-4aa6072a00f8
2026-07-09 14:30:58.505 10 INFO neutron.db.ovn_revision_numbers_db [None req-c73b00fa-1501-46ca-bcf6-2c3a2c1c94cb dd531e2fe7e446889c1e9ba3e836391a 8916314615ef47668cc65535ec3ba97d - - default default] Successfully bumped revision number for resource 6d205ce1-1d25-4e85-aa51-29c9490a332d (type: floatingips) to 0
2026-07-09 14:30:58.536 10 INFO neutron.wsgi [None req-c73b00fa-1501-46ca-bcf6-2c3a2c1c94cb dd531e2fe7e446889c1e9ba3e836391a 8916314615ef47668cc65535ec3ba97d - - default default] 10.0.0.84 "POST /v2.0/floatingips HTTP/1.1" status: 201 len: 751 time: 1.6336112
2026-07-09 14:30:58.668 9 INFO neutron.db.segments_db [None req-68771a77-bca7-4cce-a645-65ec136f0ca9 98b1da9942d14b6e82b816790443b407 d32855bcf5724ca0878032a44ca03dc8 - - default default] Added segment c8cd9122-f096-4b0a-969b-7498cff3733c of type geneve for network 3b2781c4-f242-4b1b-b20c-ba58bfacddc7
2026-07-09 14:30:58.714 10 INFO neutron.wsgi [None req-52c79070-2f72-4dd4-a718-2fe699683386 22165e82e85b47038d5e4c973809c3ac 363969c90b5d4636b34103ca5ae0b718 - - default default] 10.0.0.84 "DELETE /v2.0/subnets/ca9730c3-82e6-45a2-b611-4fb3ca5b7dff HTTP/1.1" status: 204 len: 168 time: 0.3124413
2026-07-09 14:30:58.743 9 INFO neutron.db.ovn_revision_numbers_db [None req-ac3dfb8e-7e29-4c53-aa5b-493cec24905d 22165e82e85b47038d5e4c973809c3ac 363969c90b5d4636b34103ca5ae0b718 - - default default] Successfully bumped revision number for resource aecf46df-69df-4e2f-88fc-3025535d8a6a (type: ports) to 1
2026-07-09 14:30:58.868 9 INFO neutron.db.ovn_revision_numbers_db [None req-1e3028dd-6689-4a94-8b0c-8d009cccf21e - - - - - -] Successfully bumped revision number for resource dca0b5b6-6da7-4df5-9780-3046c790616b (type: router_ports) to 4
2026-07-09 14:30:58.976 9 WARNING neutron.scheduler.dhcp_agent_scheduler [None req-ac3dfb8e-7e29-4c53-aa5b-493cec24905d 22165e82e85b47038d5e4c973809c3ac 363969c90b5d4636b34103ca5ae0b718 - - default default] No more DHCP agents
2026-07-09 14:30:58.983 9 WARNING neutron.api.rpc.agentnotifiers.dhcp_rpc_agent_api [None req-ac3dfb8e-7e29-4c53-aa5b-493cec24905d 22165e82e85b47038d5e4c973809c3ac 363969c90b5d4636b34103ca5ae0b718 - - default default] Unable to schedule network 34ebec14-9d43-4b45-9c1b-232a5f75c8e0: no agents available; will retry on subsequent port and subnet creation events.
2026-07-09 14:30:59.067 9 INFO neutron.db.ovn_revision_numbers_db [None req-68771a77-bca7-4cce-a645-65ec136f0ca9 98b1da9942d14b6e82b816790443b407 d32855bcf5724ca0878032a44ca03dc8 - - default default] Successfully bumped revision number for resource 9bddde82-8002-4635-854a-4aa6072a00f8 (type: networks) to 1
2026-07-09 14:30:59.131 10 WARNING neutron.plugins.ml2.drivers.ovn.mech_driver.ovsdb.ovn_client [None req-cefe73ac-bf6f-42ae-8ae1-ec5443b32fb1 - - - - - -] No hosting information found for port 325c2cc2-e466-43a0-a32c-4eb680b8bd29: RuntimeError: No hosting information found for port 325c2cc2-e466-43a0-a32c-4eb680b8bd29
2026-07-09 14:30:59.132 10 INFO neutron.plugins.ml2.drivers.ovn.mech_driver.mech_driver [None req-cefe73ac-bf6f-42ae-8ae1-ec5443b32fb1 - - - - - -] OVN reports status up for port: dca0b5b6-6da7-4df5-9780-3046c790616b
2026-07-09 14:30:59.154 10 INFO neutron.wsgi [req-bb56178a-32b9-45c8-a1ee-e09a0b03c534 req-de39db38-0a37-43d9-954d-2efbdf28c7ba dd531e2fe7e446889c1e9ba3e836391a 8916314615ef47668cc65535ec3ba97d - - default default] 10.0.0.128 "GET /v2.0/security-groups?name=tempest-securitygroup--2031551792&fields=id&tenant_id=8916314615ef47668cc65535ec3ba97d HTTP/1.1" status: 200 len: 267 time: 0.0561390
2026-07-09 14:30:59.166 10 INFO neutron.plugins.ml2.plugin [None req-cefe73ac-bf6f-42ae-8ae1-ec5443b32fb1 - - - - - -] Attempt 1 to provision port dca0b5b6-6da7-4df5-9780-3046c790616b
2026-07-09 14:30:59.304 10 INFO neutron.wsgi [req-bb56178a-32b9-45c8-a1ee-e09a0b03c534 req-df131785-43e7-478d-a4f3-984b54014cfa dd531e2fe7e446889c1e9ba3e836391a 8916314615ef47668cc65535ec3ba97d - - default default] 10.0.0.128 "GET /v2.0/networks?id=22e24bfe-4563-4abf-9229-a40331ea6c08 HTTP/1.1" status: 200 len: 881 time: 0.1390247
2026-07-09 14:30:59.372 10 INFO neutron.wsgi [req-bb56178a-32b9-45c8-a1ee-e09a0b03c534 req-72233d9b-0ca2-4a0d-8055-eb4737fa97d5 dd531e2fe7e446889c1e9ba3e836391a 8916314615ef47668cc65535ec3ba97d - - default default] 10.0.0.128 "GET /v2.0/quotas/8916314615ef47668cc65535ec3ba97d HTTP/1.1" status: 200 len: 386 time: 0.0563281
2026-07-09 14:30:59.391 10 INFO neutron.services.segments.plugin [-] Segment ccf94734-2388-4d2f-99fb-9e6346fb2b40 resource provider aggregate not found
2026-07-09 14:30:59.398 10 INFO neutron.services.segments.plugin [-] Segment ccf94734-2388-4d2f-99fb-9e6346fb2b40 resource provider aggregate not found
2026-07-09 14:30:59.435 9 WARNING neutron.scheduler.dhcp_agent_scheduler [None req-68771a77-bca7-4cce-a645-65ec136f0ca9 98b1da9942d14b6e82b816790443b407 d32855bcf5724ca0878032a44ca03dc8 - - default default] No more DHCP agents
2026-07-09 14:30:59.437 9 WARNING neutron.api.rpc.agentnotifiers.dhcp_rpc_agent_api [None req-68771a77-bca7-4cce-a645-65ec136f0ca9 98b1da9942d14b6e82b816790443b407 d32855bcf5724ca0878032a44ca03dc8 - - default default] Unable to schedule network 9bddde82-8002-4635-854a-4aa6072a00f8: no agents available; will retry on subsequent port and subnet creation events.
2026-07-09 14:30:59.439 10 INFO neutron.services.segments.plugin [-] Segment ccf94734-2388-4d2f-99fb-9e6346fb2b40 resource provider not found; error: Placement Client Error (4xx): {"errors": [{"status": 404, "title": "Not Found", "detail": "The resource could not be found.\n\n No resource provider with uuid ccf94734-2388-4d2f-99fb-9e6346fb2b40 found for delete ", "request_id": "req-ebf5551c-e104-414f-b9da-e416c05747c4"}]}
2026-07-09 14:30:59.442 10 INFO neutron.services.segments.plugin [-] Segment ccf94734-2388-4d2f-99fb-9e6346fb2b40 resource provider not found; error: Placement Client Error (4xx): {"errors": [{"status": 404, "title": "Not Found", "detail": "The resource could not be found.\n\n No resource provider with uuid ccf94734-2388-4d2f-99fb-9e6346fb2b40 found for delete ", "request_id": "req-a50b2472-afbe-4f56-b5d8-8edc1f98cc29"}]}
2026-07-09 14:30:59.450 10 INFO neutron.plugins.ml2.drivers.ovn.mech_driver.mech_driver [None req-cefe73ac-bf6f-42ae-8ae1-ec5443b32fb1 - - - - - -] OVN reports status up for port: aecf46df-69df-4e2f-88fc-3025535d8a6a
2026-07-09 14:30:59.463 10 INFO neutron.plugins.ml2.plugin [None req-cefe73ac-bf6f-42ae-8ae1-ec5443b32fb1 - - - - - -] Attempt 1 to provision port aecf46df-69df-4e2f-88fc-3025535d8a6a
2026-07-09 14:30:59.571 10 INFO neutron.wsgi [None req-61008c4c-31ac-47a4-9a09-5c5030757118 22165e82e85b47038d5e4c973809c3ac 363969c90b5d4636b34103ca5ae0b718 - - default default] 10.0.0.84 "DELETE /v2.0/networks/0862c814-491b-4db1-be73-610dafd14afd HTTP/1.1" status: 204 len: 168 time: 0.8497517
2026-07-09 14:30:59.601 10 INFO neutron.wsgi [req-bb56178a-32b9-45c8-a1ee-e09a0b03c534 req-3af5975c-f74b-45c0-902b-d6a8ebeaf545 dd531e2fe7e446889c1e9ba3e836391a 8916314615ef47668cc65535ec3ba97d - - default default] 10.0.0.128 "GET /v2.0/ports?tenant_id=8916314615ef47668cc65535ec3ba97d&fields=id HTTP/1.1" status: 200 len: 302 time: 0.2207389
2026-07-09 14:30:59.612 9 INFO neutron.db.ovn_revision_numbers_db [None req-68771a77-bca7-4cce-a645-65ec136f0ca9 98b1da9942d14b6e82b816790443b407 d32855bcf5724ca0878032a44ca03dc8 - - default default] Successfully bumped revision number for resource c1a964ce-9edf-4537-a69e-9d0448d208a1 (type: ports) to 1
2026-07-09 14:30:59.875 9 INFO neutron.db.ovn_revision_numbers_db [None req-68771a77-bca7-4cce-a645-65ec136f0ca9 98b1da9942d14b6e82b816790443b407 d32855bcf5724ca0878032a44ca03dc8 - - default default] Successfully bumped revision number for resource 3b2781c4-f242-4b1b-b20c-ba58bfacddc7 (type: networks) to 1
2026-07-09 14:30:59.975 10 INFO neutron.wsgi [None req-6b18bb0a-d94b-408f-85c5-c0099575e38c 22165e82e85b47038d5e4c973809c3ac 363969c90b5d4636b34103ca5ae0b718 - - default default] 10.0.0.84 "GET /v2.0/security-groups?tenant_id=717c84078568463db1cf702f8bbd6e13&name=default HTTP/1.1" status: 200 len: 2992 time: 0.0846882
2026-07-09 14:31:00.037 10 INFO neutron.db.ovn_revision_numbers_db [None req-cefe73ac-bf6f-42ae-8ae1-ec5443b32fb1 - - - - - -] Successfully bumped revision number for resource aecf46df-69df-4e2f-88fc-3025535d8a6a (type: ports) to 2
2026-07-09 14:31:00.150 9 INFO neutron.db.ovn_revision_numbers_db [None req-ac3dfb8e-7e29-4c53-aa5b-493cec24905d 22165e82e85b47038d5e4c973809c3ac 363969c90b5d4636b34103ca5ae0b718 - - default default] Successfully bumped revision number for resource aecf46df-69df-4e2f-88fc-3025535d8a6a (type: router_ports) to 1
2026-07-09 14:31:00.152 9 INFO neutron.wsgi [None req-ac3dfb8e-7e29-4c53-aa5b-493cec24905d 22165e82e85b47038d5e4c973809c3ac 363969c90b5d4636b34103ca5ae0b718 - - default default] 10.0.0.84 "PUT /v2.0/routers/c8288569-ac13-49ae-9730-932226b29846/add_router_interface HTTP/1.1" status: 200 len: 503 time: 5.2810500
2026-07-09 14:31:00.163 9 WARNING neutron.scheduler.dhcp_agent_scheduler [None req-68771a77-bca7-4cce-a645-65ec136f0ca9 98b1da9942d14b6e82b816790443b407 d32855bcf5724ca0878032a44ca03dc8 - - default default] No more DHCP agents
2026-07-09 14:31:00.164 9 WARNING neutron.api.rpc.agentnotifiers.dhcp_rpc_agent_api [None req-68771a77-bca7-4cce-a645-65ec136f0ca9 98b1da9942d14b6e82b816790443b407 d32855bcf5724ca0878032a44ca03dc8 - - default default] Unable to schedule network 3b2781c4-f242-4b1b-b20c-ba58bfacddc7: no agents available; will retry on subsequent port and subnet creation events.
2026-07-09 14:31:00.175 10 INFO neutron.wsgi [req-bb56178a-32b9-45c8-a1ee-e09a0b03c534 req-bd90f5e9-a7d8-425a-9674-6f75f3b8fcf7 1d5fcf759944402684510e42b4778f58 db2e5f1105f74b2fa122d3dd783d2b5f - - 74f1ce842aef429182ec85dbc71b8ded 74f1ce842aef429182ec85dbc71b8ded] 10.0.0.128 "GET /v2.0/extensions HTTP/1.1" status: 200 len: 16980 time: 0.1142216
2026-07-09 14:31:00.287 9 INFO neutron.db.ovn_revision_numbers_db [None req-68771a77-bca7-4cce-a645-65ec136f0ca9 98b1da9942d14b6e82b816790443b407 d32855bcf5724ca0878032a44ca03dc8 - - default default] Successfully bumped revision number for resource 5c47a924-bdb3-497e-952d-cfc16cba5dfc (type: ports) to 1
2026-07-09 14:31:00.289 10 INFO neutron.db.ovn_revision_numbers_db [None req-cefe73ac-bf6f-42ae-8ae1-ec5443b32fb1 - - - - - -] Successfully bumped revision number for resource aecf46df-69df-4e2f-88fc-3025535d8a6a (type: router_ports) to 2
2026-07-09 14:31:00.327 9 INFO neutron.wsgi [None req-68771a77-bca7-4cce-a645-65ec136f0ca9 98b1da9942d14b6e82b816790443b407 d32855bcf5724ca0878032a44ca03dc8 - - default default] 10.0.0.84 "POST /v2.0/networks HTTP/1.1" status: 201 len: 1445 time: 3.1918519
2026-07-09 14:31:00.336 10 INFO neutron.wsgi [req-bb56178a-32b9-45c8-a1ee-e09a0b03c534 req-a87c5046-5ed3-44d9-9711-16709d643ac1 1d5fcf759944402684510e42b4778f58 db2e5f1105f74b2fa122d3dd783d2b5f - - 74f1ce842aef429182ec85dbc71b8ded 74f1ce842aef429182ec85dbc71b8ded] 10.0.0.128 "GET /v2.0/networks/22e24bfe-4563-4abf-9229-a40331ea6c08?fields=segments HTTP/1.1" status: 200 len: 212 time: 0.1517725
2026-07-09 14:31:00.486 10 INFO neutron.wsgi [req-bb56178a-32b9-45c8-a1ee-e09a0b03c534 req-b2f3c415-eac6-4a88-a064-8a2d996e0b7c 1d5fcf759944402684510e42b4778f58 db2e5f1105f74b2fa122d3dd783d2b5f - - 74f1ce842aef429182ec85dbc71b8ded 74f1ce842aef429182ec85dbc71b8ded] 10.0.0.128 "GET /v2.0/networks/22e24bfe-4563-4abf-9229-a40331ea6c08?fields=provider%3Aphysical_network&fields=provider%3Anetwork_type HTTP/1.1" status: 200 len: 277 time: 0.1400826
2026-07-09 14:31:00.551 10 INFO neutron.wsgi [None req-794c1786-f0b0-4a37-93e2-620b46f7c6e2 22165e82e85b47038d5e4c973809c3ac 363969c90b5d4636b34103ca5ae0b718 - - default default] 10.0.0.84 "DELETE /v2.0/security-groups/35c90293-80df-46c5-8cc3-f3ba374a40a2 HTTP/1.1" status: 204 len: 168 time: 0.5688262
2026-07-09 14:31:00.691 10 INFO neutron.wsgi [req-66b3d0ca-9612-434b-afd9-731674f500f3 req-81d6bdc0-d124-449b-93b9-59d201c4c8b5 dd531e2fe7e446889c1e9ba3e836391a 8916314615ef47668cc65535ec3ba97d - - default default] 10.0.0.128 "GET /v2.0/ports?device_id=d57ce37b-a17a-45d4-b23f-e7178eea4471 HTTP/1.1" status: 200 len: 210 time: 0.0328364
2026-07-09 14:31:00.901 9 INFO neutron.wsgi [None req-a191901f-aac8-40ae-89a7-c1de442f0d18 98b1da9942d14b6e82b816790443b407 d32855bcf5724ca0878032a44ca03dc8 - - default default] 10.0.0.84 "GET /v2.0/networks HTTP/1.1" status: 200 len: 2051 time: 0.5678723
2026-07-09 14:31:01.114 9 WARNING neutron_lib.context [None req-1de6c1f6-66b0-4df6-b0a9-cc59003ea4e1 92ba927e9f684dd3865083dd63141abd ad4945a1ab3f43a08020c4d4c849e52a - - default default] Method 'is_advsvc' is deprecated since 2023.2 release (neutron-lib 3.8.0) and will be removed once support for the old RBAC API policies will be removed from Neutron. Please use method 'is_service_role' instead.
2026-07-09 14:31:01.396 9 INFO neutron.db.ovn_revision_numbers_db [None req-1de6c1f6-66b0-4df6-b0a9-cc59003ea4e1 92ba927e9f684dd3865083dd63141abd ad4945a1ab3f43a08020c4d4c849e52a - - default default] Successfully bumped revision number for resource ce09d796-c142-4a0d-91b4-c3284e31a0bd (type: security_groups) to 1
2026-07-09 14:31:01.432 9 INFO neutron.db.ovn_revision_numbers_db [None req-1de6c1f6-66b0-4df6-b0a9-cc59003ea4e1 92ba927e9f684dd3865083dd63141abd ad4945a1ab3f43a08020c4d4c849e52a - - default default] Successfully bumped revision number for resource 38ec6c2e-4d21-4984-a983-52afde467812 (type: security_group_rules) to 0
2026-07-09 14:31:01.489 9 INFO neutron.services.segments.plugin [-] Segment 031d8472-8718-4eaf-a24e-4eddea237e27 resource provider aggregate not found
2026-07-09 14:31:01.496 9 INFO neutron.services.segments.plugin [-] Segment 031d8472-8718-4eaf-a24e-4eddea237e27 resource provider aggregate not found
2026-07-09 14:31:01.506 9 INFO neutron.db.ovn_revision_numbers_db [None req-1de6c1f6-66b0-4df6-b0a9-cc59003ea4e1 92ba927e9f684dd3865083dd63141abd ad4945a1ab3f43a08020c4d4c849e52a - - default default] Successfully bumped revision number for resource 79334c67-37f3-422c-9539-3d50f64dbb80 (type: security_group_rules) to 0
2026-07-09 14:31:01.520 9 INFO neutron.services.segments.plugin [-] Segment 031d8472-8718-4eaf-a24e-4eddea237e27 resource provider not found; error: Placement Client Error (4xx): {"errors": [{"status": 404, "title": "Not Found", "detail": "The resource could not be found.\n\n No resource provider with uuid 031d8472-8718-4eaf-a24e-4eddea237e27 found for delete ", "request_id": "req-5f0aec6c-8f29-4873-a782-842ed089352b"}]}
2026-07-09 14:31:01.527 9 INFO neutron.services.segments.plugin [-] Segment 031d8472-8718-4eaf-a24e-4eddea237e27 resource provider not found; error: Placement Client Error (4xx): {"errors": [{"status": 404, "title": "Not Found", "detail": "The resource could not be found.\n\n No resource provider with uuid 031d8472-8718-4eaf-a24e-4eddea237e27 found for delete ", "request_id": "req-026d422d-024d-4419-9434-ea4f88ad8992"}]}
2026-07-09 14:31:01.548 9 INFO neutron.wsgi [None req-1de6c1f6-66b0-4df6-b0a9-cc59003ea4e1 92ba927e9f684dd3865083dd63141abd ad4945a1ab3f43a08020c4d4c849e52a - - default default] 10.0.0.84 "POST /v2.0/security-groups HTTP/1.1" status: 201 len: 1794 time: 0.4441893
2026-07-09 14:31:01.571 9 WARNING neutron_lib.context [None req-86e0b262-d38c-416c-ac0c-f6b4b2b5582f 92ba927e9f684dd3865083dd63141abd ad4945a1ab3f43a08020c4d4c849e52a - - default default] Method 'is_advsvc' is deprecated since 2023.2 release (neutron-lib 3.8.0) and will be removed once support for the old RBAC API policies will be removed from Neutron. Please use method 'is_service_role' instead.
