2026-07-09 14:32:57.619 9 INFO neutron.wsgi [None req-ae962d40-e3a4-4fc6-804f-24413d51a832 95d1f074b76a43348d4c9448d7211d44 49e3cbdbc4864fd4922be9d1abd92f01 - - default default] 10.0.0.84 "GET /v2.0/networks HTTP/1.1" status: 200 len: 4633 time: 0.1035116
2026-07-09 14:32:57.669 10 INFO neutron.wsgi [None req-b13d7e36-42fb-4ad7-b290-c690d432dfef f4502aa5975943dda111a9f49e2c5acf c838aa537d3c44e486b8e5e791dde512 - - default default] 10.0.0.84 "GET /v2.0/subnets HTTP/1.1" status: 200 len: 1428 time: 0.0919223
2026-07-09 14:32:57.691 9 INFO neutron.wsgi [None req-5dff6455-e541-4e89-9ebd-caec091a3918 95d1f074b76a43348d4c9448d7211d44 49e3cbdbc4864fd4922be9d1abd92f01 - - default default] 10.0.0.84 "GET /v2.0/subnets HTTP/1.1" status: 200 len: 3379 time: 0.0669336
2026-07-09 14:32:57.914 10 INFO neutron.wsgi [None req-bee7a753-48a1-4f17-8f00-07e9e5a6b92f f4502aa5975943dda111a9f49e2c5acf c838aa537d3c44e486b8e5e791dde512 - - default default] 10.0.0.84 "GET /v2.0/networks/4970fd78-6b03-484b-8225-7f03f9aed9eb HTTP/1.1" status: 200 len: 863 time: 0.2354348
2026-07-09 14:32:57.934 10 INFO neutron.wsgi [None req-c4c2064d-7a54-4d7c-b4b8-441890d82438 95d1f074b76a43348d4c9448d7211d44 49e3cbdbc4864fd4922be9d1abd92f01 - - default default] 10.0.0.84 "GET /v2.0/routers HTTP/1.1" status: 200 len: 1554 time: 0.2333384
2026-07-09 14:32:57.958 9 INFO neutron.wsgi [-] 10.0.0.137 "GET / HTTP/1.1" status: 200 len: 246 time: 0.0018716
2026-07-09 14:32:57.958 10 INFO neutron.wsgi [-] 10.0.0.137 "GET / HTTP/1.1" status: 200 len: 246 time: 0.0020573
2026-07-09 14:32:57.968 9 INFO neutron.wsgi [None req-1f1076b5-7792-46d7-9050-1b7e76997d74 f4502aa5975943dda111a9f49e2c5acf c838aa537d3c44e486b8e5e791dde512 - - default default] 10.0.0.84 "GET /v2.0/subnets/d5ba6523-0ac8-49d6-be6e-7d6ca8b05ad3 HTTP/1.1" status: 200 len: 811 time: 0.0454421
2026-07-09 14:32:57.994 9 INFO neutron.pecan_wsgi.hooks.translation [None req-2624467f-1801-4efe-8221-8348718c8d51 f4502aa5975943dda111a9f49e2c5acf c838aa537d3c44e486b8e5e791dde512 - - default default] DELETE failed (client error): The resource could not be found.
2026-07-09 14:32:57.997 9 INFO neutron.wsgi [None req-2624467f-1801-4efe-8221-8348718c8d51 f4502aa5975943dda111a9f49e2c5acf c838aa537d3c44e486b8e5e791dde512 - - default default] 10.0.0.84 "DELETE /v2.0/subnets/fc546fd7-30b4-4439-8854-d2405334bba0 HTTP/1.1" status: 404 len: 337 time: 0.0230012
2026-07-09 14:32:58.003 10 WARNING neutron_lib.context [None req-2d2bc99a-4e14-421d-bfc3-85311c4fa288 00e9a183fbcd4f7fa6786289b11904d8 268062d4b94f450d9a6a418ca47e6a56 - - default default] Method 'is_advsvc' is deprecated since 2023.2 release (neutron-lib 3.8.0) and will be removed once support for the old RBAC API policies will be removed from Neutron. Please use method 'is_service_role' instead.
2026-07-09 14:32:58.016 9 INFO neutron.pecan_wsgi.hooks.translation [None req-f90fa17c-675d-4fdb-ad3a-bef17ba53652 f4502aa5975943dda111a9f49e2c5acf c838aa537d3c44e486b8e5e791dde512 - - default default] DELETE failed (client error): The resource could not be found.
2026-07-09 14:32:58.020 9 INFO neutron.wsgi [None req-f90fa17c-675d-4fdb-ad3a-bef17ba53652 f4502aa5975943dda111a9f49e2c5acf c838aa537d3c44e486b8e5e791dde512 - - default default] 10.0.0.84 "DELETE /v2.0/networks/ae2daa7c-5cff-4fae-a88e-18abd9cc6adc HTTP/1.1" status: 404 len: 339 time: 0.0190232
2026-07-09 14:32:58.136 10 INFO neutron.db.ovn_revision_numbers_db [None req-2d2bc99a-4e14-421d-bfc3-85311c4fa288 00e9a183fbcd4f7fa6786289b11904d8 268062d4b94f450d9a6a418ca47e6a56 - - default default] Successfully bumped revision number for resource ee3efde9-2e0f-493c-93df-73ba42c6a526 (type: security_groups) to 1
2026-07-09 14:32:58.150 10 INFO neutron.db.ovn_revision_numbers_db [None req-2d2bc99a-4e14-421d-bfc3-85311c4fa288 00e9a183fbcd4f7fa6786289b11904d8 268062d4b94f450d9a6a418ca47e6a56 - - default default] Successfully bumped revision number for resource 2c42fc01-42ea-4658-b85f-a7b54481f3b9 (type: security_group_rules) to 0
2026-07-09 14:32:58.169 10 INFO neutron.db.ovn_revision_numbers_db [None req-2d2bc99a-4e14-421d-bfc3-85311c4fa288 00e9a183fbcd4f7fa6786289b11904d8 268062d4b94f450d9a6a418ca47e6a56 - - default default] Successfully bumped revision number for resource b71b590c-ab84-4ac8-aadf-225e74511803 (type: security_group_rules) to 0
2026-07-09 14:32:58.189 10 INFO neutron.wsgi [None req-2d2bc99a-4e14-421d-bfc3-85311c4fa288 00e9a183fbcd4f7fa6786289b11904d8 268062d4b94f450d9a6a418ca47e6a56 - - default default] 10.0.0.84 "POST /v2.0/security-groups HTTP/1.1" status: 201 len: 1811 time: 0.1941192
2026-07-09 14:32:58.199 10 WARNING neutron_lib.context [None req-dd2ce096-ad32-44cc-a6d8-458f4ad92ce6 00e9a183fbcd4f7fa6786289b11904d8 268062d4b94f450d9a6a418ca47e6a56 - - default default] Method 'is_advsvc' is deprecated since 2023.2 release (neutron-lib 3.8.0) and will be removed once support for the old RBAC API policies will be removed from Neutron. Please use method 'is_service_role' instead.
2026-07-09 14:32:58.260 9 INFO neutron.wsgi [None req-57a7bb7b-7aa5-474c-9b2c-1027f409b332 f4502aa5975943dda111a9f49e2c5acf c838aa537d3c44e486b8e5e791dde512 - - default default] 10.0.0.84 "DELETE /v2.0/subnets/d5ba6523-0ac8-49d6-be6e-7d6ca8b05ad3 HTTP/1.1" status: 204 len: 168 time: 0.2357414
2026-07-09 14:32:58.333 10 INFO neutron.db.ovn_revision_numbers_db [None req-dd2ce096-ad32-44cc-a6d8-458f4ad92ce6 00e9a183fbcd4f7fa6786289b11904d8 268062d4b94f450d9a6a418ca47e6a56 - - default default] Successfully bumped revision number for resource 0a5022c8-73a5-4bb2-8333-fad8c2271987 (type: security_group_rules) to 0
2026-07-09 14:32:58.366 10 INFO neutron.wsgi [None req-dd2ce096-ad32-44cc-a6d8-458f4ad92ce6 00e9a183fbcd4f7fa6786289b11904d8 268062d4b94f450d9a6a418ca47e6a56 - - default default] 10.0.0.84 "POST /v2.0/security-group-rules HTTP/1.1" status: 201 len: 764 time: 0.1713715
2026-07-09 14:32:58.376 10 WARNING neutron_lib.context [None req-112b606a-28e6-4626-9eda-4aa14f2d2c13 00e9a183fbcd4f7fa6786289b11904d8 268062d4b94f450d9a6a418ca47e6a56 - - default default] Method 'is_advsvc' is deprecated since 2023.2 release (neutron-lib 3.8.0) and will be removed once support for the old RBAC API policies will be removed from Neutron. Please use method 'is_service_role' instead.
2026-07-09 14:32:58.524 10 INFO neutron.db.ovn_revision_numbers_db [None req-112b606a-28e6-4626-9eda-4aa14f2d2c13 00e9a183fbcd4f7fa6786289b11904d8 268062d4b94f450d9a6a418ca47e6a56 - - default default] Successfully bumped revision number for resource 6d8710f9-f18b-47ea-a219-d950b5301696 (type: security_group_rules) to 0
2026-07-09 14:32:58.565 10 INFO neutron.wsgi [None req-112b606a-28e6-4626-9eda-4aa14f2d2c13 00e9a183fbcd4f7fa6786289b11904d8 268062d4b94f450d9a6a418ca47e6a56 - - default default] 10.0.0.84 "POST /v2.0/security-group-rules HTTP/1.1" status: 201 len: 763 time: 0.1940486
2026-07-09 14:32:58.582 10 WARNING neutron_lib.context [None req-c883c7cf-225e-4fc7-bcfa-2855542aecee 00e9a183fbcd4f7fa6786289b11904d8 268062d4b94f450d9a6a418ca47e6a56 - - default default] Method 'is_advsvc' is deprecated since 2023.2 release (neutron-lib 3.8.0) and will be removed once support for the old RBAC API policies will be removed from Neutron. Please use method 'is_service_role' instead.
2026-07-09 14:32:58.806 10 INFO neutron.db.ovn_revision_numbers_db [None req-c883c7cf-225e-4fc7-bcfa-2855542aecee 00e9a183fbcd4f7fa6786289b11904d8 268062d4b94f450d9a6a418ca47e6a56 - - default default] Successfully bumped revision number for resource 922bc0b7-bd8b-420d-be0c-e935ba2152ef (type: security_group_rules) to 0
2026-07-09 14:32:58.852 10 INFO neutron.wsgi [None req-c883c7cf-225e-4fc7-bcfa-2855542aecee 00e9a183fbcd4f7fa6786289b11904d8 268062d4b94f450d9a6a418ca47e6a56 - - default default] 10.0.0.84 "POST /v2.0/security-group-rules HTTP/1.1" status: 201 len: 769 time: 0.2787323
2026-07-09 14:32:58.865 10 WARNING neutron_lib.context [None req-c3bd3ee0-6c48-4f47-a7af-e6462d5d87af 00e9a183fbcd4f7fa6786289b11904d8 268062d4b94f450d9a6a418ca47e6a56 - - default default] Method 'is_advsvc' is deprecated since 2023.2 release (neutron-lib 3.8.0) and will be removed once support for the old RBAC API policies will be removed from Neutron. Please use method 'is_service_role' instead.
2026-07-09 14:32:59.019 10 INFO neutron.db.ovn_revision_numbers_db [None req-c3bd3ee0-6c48-4f47-a7af-e6462d5d87af 00e9a183fbcd4f7fa6786289b11904d8 268062d4b94f450d9a6a418ca47e6a56 - - default default] Successfully bumped revision number for resource d3fd682b-6701-4214-afbb-16a7d9e41ea1 (type: security_group_rules) to 0
2026-07-09 14:32:59.045 10 INFO neutron.wsgi [None req-c3bd3ee0-6c48-4f47-a7af-e6462d5d87af 00e9a183fbcd4f7fa6786289b11904d8 268062d4b94f450d9a6a418ca47e6a56 - - default default] 10.0.0.84 "POST /v2.0/security-group-rules HTTP/1.1" status: 201 len: 768 time: 0.1862125
2026-07-09 14:32:59.056 10 WARNING neutron_lib.context [None req-9b791cf3-b639-48e7-ac72-9f369b621630 00e9a183fbcd4f7fa6786289b11904d8 268062d4b94f450d9a6a418ca47e6a56 - - default default] Method 'is_advsvc' is deprecated since 2023.2 release (neutron-lib 3.8.0) and will be removed once support for the old RBAC API policies will be removed from Neutron. Please use method 'is_service_role' instead.
2026-07-09 14:32:59.074 10 INFO neutron.db.securitygroups_db [None req-9b791cf3-b639-48e7-ac72-9f369b621630 00e9a183fbcd4f7fa6786289b11904d8 268062d4b94f450d9a6a418ca47e6a56 - - default default] Project 268062d4b94f450d9a6a418ca47e6a56 added a security group rule with legacy IPv6 ICMP protocol name icmp, ipv6-icmp should be used instead. It was automatically converted.
2026-07-09 14:32:59.118 9 INFO neutron.services.segments.plugin [-] Segment 6fb4ad59-80be-48f8-ab64-462af57eec42 resource provider aggregate not found
2026-07-09 14:32:59.135 9 INFO neutron.services.segments.plugin [-] Segment 6fb4ad59-80be-48f8-ab64-462af57eec42 resource provider aggregate not found
2026-07-09 14:32:59.146 9 INFO neutron.services.segments.plugin [-] Segment 6fb4ad59-80be-48f8-ab64-462af57eec42 resource provider not found; error: Placement Client Error (4xx): {"errors": [{"status": 404, "title": "Not Found", "detail": "The resource could not be found.\n\n No resource provider with uuid 6fb4ad59-80be-48f8-ab64-462af57eec42 found for delete ", "request_id": "req-7924375d-9bfd-49f0-90fa-5d77134e1c6e"}]}
2026-07-09 14:32:59.157 9 INFO neutron.services.segments.plugin [-] Segment 6fb4ad59-80be-48f8-ab64-462af57eec42 resource provider not found; error: Placement Client Error (4xx): {"errors": [{"status": 404, "title": "Not Found", "detail": "The resource could not be found.\n\n No resource provider with uuid 6fb4ad59-80be-48f8-ab64-462af57eec42 found for delete ", "request_id": "req-70bf262d-10e0-46f2-8fb4-a6c10b8bfe03"}]}
2026-07-09 14:32:59.187 9 INFO neutron.wsgi [None req-7bc7cfd1-0526-4c27-8a54-754642be19ab f4502aa5975943dda111a9f49e2c5acf c838aa537d3c44e486b8e5e791dde512 - - default default] 10.0.0.84 "DELETE /v2.0/networks/4970fd78-6b03-484b-8225-7f03f9aed9eb HTTP/1.1" status: 204 len: 168 time: 0.9221666
2026-07-09 14:32:59.195 10 INFO neutron.db.ovn_revision_numbers_db [None req-9b791cf3-b639-48e7-ac72-9f369b621630 00e9a183fbcd4f7fa6786289b11904d8 268062d4b94f450d9a6a418ca47e6a56 - - default default] Successfully bumped revision number for resource efb4b2c6-7773-470c-85b8-c4592802f817 (type: security_group_rules) to 0
2026-07-09 14:32:59.231 10 INFO neutron.wsgi [None req-9b791cf3-b639-48e7-ac72-9f369b621630 00e9a183fbcd4f7fa6786289b11904d8 268062d4b94f450d9a6a418ca47e6a56 - - default default] 10.0.0.84 "POST /v2.0/security-group-rules HTTP/1.1" status: 201 len: 774 time: 0.1806159
2026-07-09 14:32:59.246 9 WARNING neutron_lib.context [None req-7d8047d2-19a8-40ee-adde-1a25e35a569e 00e9a183fbcd4f7fa6786289b11904d8 268062d4b94f450d9a6a418ca47e6a56 - - default default] Method 'is_advsvc' is deprecated since 2023.2 release (neutron-lib 3.8.0) and will be removed once support for the old RBAC API policies will be removed from Neutron. Please use method 'is_service_role' instead.
2026-07-09 14:32:59.279 10 INFO neutron.db.ovn_revision_numbers_db [None req-ee4ac5f5-3c2f-40a7-9b13-b6fc617fccb4 22165e82e85b47038d5e4c973809c3ac 363969c90b5d4636b34103ca5ae0b718 - - default default] Successfully bumped revision number for resource 03eee2b0-e5db-4cc5-b3f0-ccd58dd41034 (type: security_groups) to 1
2026-07-09 14:32:59.290 9 INFO neutron.db.securitygroups_db [None req-7d8047d2-19a8-40ee-adde-1a25e35a569e 00e9a183fbcd4f7fa6786289b11904d8 268062d4b94f450d9a6a418ca47e6a56 - - default default] Project 268062d4b94f450d9a6a418ca47e6a56 added a security group rule with legacy IPv6 ICMP protocol name icmp, ipv6-icmp should be used instead. It was automatically converted.
2026-07-09 14:32:59.295 10 INFO neutron.db.ovn_revision_numbers_db [None req-ee4ac5f5-3c2f-40a7-9b13-b6fc617fccb4 22165e82e85b47038d5e4c973809c3ac 363969c90b5d4636b34103ca5ae0b718 - - default default] Successfully bumped revision number for resource 4ca10dd3-e752-4b35-9807-7a381a0486e7 (type: security_group_rules) to 0
2026-07-09 14:32:59.313 10 INFO neutron.db.ovn_revision_numbers_db [None req-ee4ac5f5-3c2f-40a7-9b13-b6fc617fccb4 22165e82e85b47038d5e4c973809c3ac 363969c90b5d4636b34103ca5ae0b718 - - default default] Successfully bumped revision number for resource 5cc823d7-f2b3-4a4e-9d43-678eecd589ed (type: security_group_rules) to 0
2026-07-09 14:32:59.328 10 INFO neutron.db.ovn_revision_numbers_db [None req-ee4ac5f5-3c2f-40a7-9b13-b6fc617fccb4 22165e82e85b47038d5e4c973809c3ac 363969c90b5d4636b34103ca5ae0b718 - - default default] Successfully bumped revision number for resource 9869d9de-a143-472a-83b6-f83389ca33e0 (type: security_group_rules) to 0
2026-07-09 14:32:59.343 10 INFO neutron.db.ovn_revision_numbers_db [None req-ee4ac5f5-3c2f-40a7-9b13-b6fc617fccb4 22165e82e85b47038d5e4c973809c3ac 363969c90b5d4636b34103ca5ae0b718 - - default default] Successfully bumped revision number for resource e3847edb-390c-42bd-ac7f-615678a04927 (type: security_group_rules) to 0
2026-07-09 14:32:59.371 10 INFO neutron.wsgi [None req-ee4ac5f5-3c2f-40a7-9b13-b6fc617fccb4 22165e82e85b47038d5e4c973809c3ac 363969c90b5d4636b34103ca5ae0b718 - - default default] 10.0.0.84 "GET /v2.0/security-groups?tenant_id=ca3be96b779a4f6ea9908efd84195f13&name=default HTTP/1.1" status: 200 len: 2996 time: 0.3723919
2026-07-09 14:32:59.435 9 INFO neutron.db.ovn_revision_numbers_db [None req-7d8047d2-19a8-40ee-adde-1a25e35a569e 00e9a183fbcd4f7fa6786289b11904d8 268062d4b94f450d9a6a418ca47e6a56 - - default default] Successfully bumped revision number for resource a5869a0d-a28e-4cab-997e-1f1021df5a5a (type: security_group_rules) to 0
2026-07-09 14:32:59.464 9 INFO neutron.wsgi [None req-7d8047d2-19a8-40ee-adde-1a25e35a569e 00e9a183fbcd4f7fa6786289b11904d8 268062d4b94f450d9a6a418ca47e6a56 - - default default] 10.0.0.84 "POST /v2.0/security-group-rules HTTP/1.1" status: 201 len: 773 time: 0.2257445
2026-07-09 14:32:59.596 10 INFO neutron.wsgi [None req-0f37b5f8-9def-48c0-a3c7-d9af350c7fba 22165e82e85b47038d5e4c973809c3ac 363969c90b5d4636b34103ca5ae0b718 - - default default] 10.0.0.84 "DELETE /v2.0/security-groups/03eee2b0-e5db-4cc5-b3f0-ccd58dd41034 HTTP/1.1" status: 204 len: 168 time: 0.2200103
2026-07-09 14:33:00.169 9 INFO neutron.wsgi [None req-f420d288-9f9f-44f6-8837-6913e8bbbd3a 22165e82e85b47038d5e4c973809c3ac 363969c90b5d4636b34103ca5ae0b718 - - default default] 10.0.0.84 "GET /v2.0/security-groups?tenant_id=c838aa537d3c44e486b8e5e791dde512&name=default HTTP/1.1" status: 200 len: 2996 time: 0.4527650
2026-07-09 14:33:00.226 9 INFO neutron.wsgi [None req-f0502beb-16eb-458a-b0d0-a24a9bbf139e 00e9a183fbcd4f7fa6786289b11904d8 268062d4b94f450d9a6a418ca47e6a56 - - default default] 10.0.0.84 "GET /v2.0/networks HTTP/1.1" status: 200 len: 1493 time: 0.3420839
2026-07-09 14:33:00.399 10 INFO neutron.wsgi [req-6ae99aa0-b89a-4d5b-a95e-b0d9168614de req-db8bde80-ed3a-4696-8792-8361a809f395 00e9a183fbcd4f7fa6786289b11904d8 268062d4b94f450d9a6a418ca47e6a56 - - default default] 10.0.0.128 "GET /v2.0/security-groups?name=tempest-secgroup-smoke-1924789941&fields=id&tenant_id=268062d4b94f450d9a6a418ca47e6a56 HTTP/1.1" status: 200 len: 267 time: 0.0889571
2026-07-09 14:33:00.488 10 INFO neutron.wsgi [req-6ae99aa0-b89a-4d5b-a95e-b0d9168614de req-85eb757c-f155-4607-a51a-3e2f360039f3 00e9a183fbcd4f7fa6786289b11904d8 268062d4b94f450d9a6a418ca47e6a56 - - default default] 10.0.0.128 "GET /v2.0/networks?id=ff115c92-1f32-478f-a21d-838421af20e5 HTTP/1.1" status: 200 len: 860 time: 0.0781918
2026-07-09 14:33:00.512 10 INFO neutron.wsgi [req-6ae99aa0-b89a-4d5b-a95e-b0d9168614de req-3ac54c90-909e-4678-9374-0414c835db58 00e9a183fbcd4f7fa6786289b11904d8 268062d4b94f450d9a6a418ca47e6a56 - - default default] 10.0.0.128 "GET /v2.0/quotas/268062d4b94f450d9a6a418ca47e6a56 HTTP/1.1" status: 200 len: 386 time: 0.0147579
2026-07-09 14:33:00.518 10 INFO neutron.wsgi [None req-6a6345a8-66fa-4fad-88e2-31f19e2a85e2 22165e82e85b47038d5e4c973809c3ac 363969c90b5d4636b34103ca5ae0b718 - - default default] 10.0.0.84 "DELETE /v2.0/security-groups/9fae16c1-f778-4e5c-8692-3fa2840a37e9 HTTP/1.1" status: 204 len: 168 time: 0.3418646
2026-07-09 14:33:00.641 10 INFO neutron.wsgi [req-6ae99aa0-b89a-4d5b-a95e-b0d9168614de req-6c608dbf-8702-4138-84b9-b08c1952bd47 00e9a183fbcd4f7fa6786289b11904d8 268062d4b94f450d9a6a418ca47e6a56 - - default default] 10.0.0.128 "GET /v2.0/ports?tenant_id=268062d4b94f450d9a6a418ca47e6a56&fields=id HTTP/1.1" status: 200 len: 302 time: 0.1179831
2026-07-09 14:33:00.752 10 INFO neutron.wsgi [req-6ae99aa0-b89a-4d5b-a95e-b0d9168614de req-fdbe174f-3c69-405a-bd09-0b69d0db54ea 1d5fcf759944402684510e42b4778f58 db2e5f1105f74b2fa122d3dd783d2b5f - - 74f1ce842aef429182ec85dbc71b8ded 74f1ce842aef429182ec85dbc71b8ded] 10.0.0.128 "GET /v2.0/networks/ff115c92-1f32-478f-a21d-838421af20e5?fields=segments HTTP/1.1" status: 200 len: 212 time: 0.0978544
2026-07-09 14:33:00.850 10 INFO neutron.wsgi [req-6ae99aa0-b89a-4d5b-a95e-b0d9168614de req-e60979c3-ffcd-4f48-a0b1-6cc0b70ec64d 1d5fcf759944402684510e42b4778f58 db2e5f1105f74b2fa122d3dd783d2b5f - - 74f1ce842aef429182ec85dbc71b8ded 74f1ce842aef429182ec85dbc71b8ded] 10.0.0.128 "GET /v2.0/networks/ff115c92-1f32-478f-a21d-838421af20e5?fields=provider%3Aphysical_network&fields=provider%3Anetwork_type HTTP/1.1" status: 200 len: 277 time: 0.0914369
2026-07-09 14:33:01.037 10 INFO neutron.wsgi [req-ba2f6514-e5ae-4dd6-b7ab-04d830994a92 req-14660c10-30bb-4dbc-b6c0-ea90a7dc6b92 00e9a183fbcd4f7fa6786289b11904d8 268062d4b94f450d9a6a418ca47e6a56 - - default default] 10.0.0.128 "GET /v2.0/ports?device_id=182bdb34-3c4b-43c9-aa07-449f3fdef8ba HTTP/1.1" status: 200 len: 210 time: 0.0366952
2026-07-09 14:33:01.974 10 INFO neutron.wsgi [req-6ae99aa0-b89a-4d5b-a95e-b0d9168614de req-4a3e7832-31ba-4b9f-ac88-08bf11fdd2f6 00e9a183fbcd4f7fa6786289b11904d8 268062d4b94f450d9a6a418ca47e6a56 - - default default] 199.19.213.105 "GET /v2.0/networks?id=ff115c92-1f32-478f-a21d-838421af20e5 HTTP/1.1" status: 200 len: 860 time: 0.0810640
2026-07-09 14:33:02.041 10 INFO neutron.wsgi [req-6ae99aa0-b89a-4d5b-a95e-b0d9168614de req-196a5838-092e-4328-a87d-95239ab8c6b3 00e9a183fbcd4f7fa6786289b11904d8 268062d4b94f450d9a6a418ca47e6a56 - - default default] 199.19.213.105 "GET /v2.0/security-groups?fields=id&fields=name&tenant_id=268062d4b94f450d9a6a418ca47e6a56 HTTP/1.1" status: 200 len: 380 time: 0.0612111
2026-07-09 14:33:02.054 10 WARNING neutron_lib.context [req-6ae99aa0-b89a-4d5b-a95e-b0d9168614de req-1381d45f-0d08-4f41-a24e-da9513a95a85 00e9a183fbcd4f7fa6786289b11904d8 268062d4b94f450d9a6a418ca47e6a56 - - default default] Method 'is_advsvc' is deprecated since 2023.2 release (neutron-lib 3.8.0) and will be removed once support for the old RBAC API policies will be removed from Neutron. Please use method 'is_service_role' instead.
2026-07-09 14:33:02.153 10 INFO neutron.wsgi [req-dbb0e48a-4472-43a3-b09c-992872da12fe req-bd694b96-936d-422a-9597-37d95e25bc1a 00e9a183fbcd4f7fa6786289b11904d8 268062d4b94f450d9a6a418ca47e6a56 - - default default] 10.0.0.128 "GET /v2.0/ports?device_id=182bdb34-3c4b-43c9-aa07-449f3fdef8ba HTTP/1.1" status: 200 len: 210 time: 0.0296731
2026-07-09 14:33:02.499 10 WARNING neutron.scheduler.dhcp_agent_scheduler [req-6ae99aa0-b89a-4d5b-a95e-b0d9168614de req-1381d45f-0d08-4f41-a24e-da9513a95a85 00e9a183fbcd4f7fa6786289b11904d8 268062d4b94f450d9a6a418ca47e6a56 - - default default] No more DHCP agents
2026-07-09 14:33:02.502 10 WARNING neutron.api.rpc.agentnotifiers.dhcp_rpc_agent_api [req-6ae99aa0-b89a-4d5b-a95e-b0d9168614de req-1381d45f-0d08-4f41-a24e-da9513a95a85 00e9a183fbcd4f7fa6786289b11904d8 268062d4b94f450d9a6a418ca47e6a56 - - default default] Unable to schedule network ff115c92-1f32-478f-a21d-838421af20e5: no agents available; will retry on subsequent port and subnet creation events.
2026-07-09 14:33:02.568 9 INFO neutron.wsgi [req-77fe0aa4-c052-4e92-8acb-edd3574da739 req-3d37b699-c77b-4daa-a7a1-505dc5fe3d7e 1d5fcf759944402684510e42b4778f58 db2e5f1105f74b2fa122d3dd783d2b5f - - 74f1ce842aef429182ec85dbc71b8ded 74f1ce842aef429182ec85dbc71b8ded] 10.0.0.213 "GET /v2.0/ports?device_id=e719dea6-fb1d-45e8-9e1e-51bca51dd2f6 HTTP/1.1" status: 200 len: 1409 time: 0.3432345
2026-07-09 14:33:02.625 9 INFO neutron.wsgi [req-77fe0aa4-c052-4e92-8acb-edd3574da739 req-9c12ba88-8ef4-4c04-b13c-db72f339e339 1d5fcf759944402684510e42b4778f58 db2e5f1105f74b2fa122d3dd783d2b5f - - 74f1ce842aef429182ec85dbc71b8ded 74f1ce842aef429182ec85dbc71b8ded] 10.0.0.213 "GET /v2.0/security-groups?id=e96cf451-ff19-407f-aee5-e876929c3428&fields=id&fields=name HTTP/1.1" status: 200 len: 312 time: 0.0472169
2026-07-09 14:33:02.641 9 WARNING neutron_lib.context [None req-c20d37bc-2f41-41e0-b7aa-66cd39acb9d5 ad360d696acd484586ad237c80ba4e0c 8a90a4664c6e490e96a7182cbebe395f - - default default] Method 'is_advsvc' is deprecated since 2023.2 release (neutron-lib 3.8.0) and will be removed once support for the old RBAC API policies will be removed from Neutron. Please use method 'is_service_role' instead.
2026-07-09 14:33:02.720 10 INFO neutron.db.ovn_revision_numbers_db [req-6ae99aa0-b89a-4d5b-a95e-b0d9168614de req-1381d45f-0d08-4f41-a24e-da9513a95a85 00e9a183fbcd4f7fa6786289b11904d8 268062d4b94f450d9a6a418ca47e6a56 - - default default] Successfully bumped revision number for resource 923d35c8-8fbf-44dc-9bdf-1293a3d0de93 (type: ports) to 1
2026-07-09 14:33:02.756 10 INFO neutron.wsgi [req-6ae99aa0-b89a-4d5b-a95e-b0d9168614de req-1381d45f-0d08-4f41-a24e-da9513a95a85 00e9a183fbcd4f7fa6786289b11904d8 268062d4b94f450d9a6a418ca47e6a56 - - default default] 199.19.213.105 "POST /v2.0/ports HTTP/1.1" status: 201 len: 1162 time: 0.7078440 /var/lib/openstack/lib/python3.10/site-packages/pycadf/identifier.py:71: UserWarning: Invalid uuid: neutron. To ensure interoperability, identifiers should be a valid uuid. warnings.warn(('Invalid uuid: %s. To ensure interoperability, '
2026-07-09 14:33:02.833 9 INFO neutron.db.ovn_revision_numbers_db [None req-c20d37bc-2f41-41e0-b7aa-66cd39acb9d5 ad360d696acd484586ad237c80ba4e0c 8a90a4664c6e490e96a7182cbebe395f - - default default] Successfully bumped revision number for resource 2798f8ef-5e65-4b64-958d-03679095663c (type: security_groups) to 1
2026-07-09 14:33:02.858 9 INFO neutron.db.ovn_revision_numbers_db [None req-c20d37bc-2f41-41e0-b7aa-66cd39acb9d5 ad360d696acd484586ad237c80ba4e0c 8a90a4664c6e490e96a7182cbebe395f - - default default] Successfully bumped revision number for resource 48447c0d-de43-4f20-8a8f-9678a307abc6 (type: security_group_rules) to 0
2026-07-09 14:33:02.876 9 INFO neutron.db.ovn_revision_numbers_db [None req-c20d37bc-2f41-41e0-b7aa-66cd39acb9d5 ad360d696acd484586ad237c80ba4e0c 8a90a4664c6e490e96a7182cbebe395f - - default default] Successfully bumped revision number for resource 6086ae83-be4b-43fc-9fb6-98375fe70329 (type: security_group_rules) to 0
2026-07-09 14:33:02.893 9 INFO neutron.db.ovn_revision_numbers_db [None req-c20d37bc-2f41-41e0-b7aa-66cd39acb9d5 ad360d696acd484586ad237c80ba4e0c 8a90a4664c6e490e96a7182cbebe395f - - default default] Successfully bumped revision number for resource ab4112f1-0068-41a8-8e38-604b838ace8f (type: security_group_rules) to 0
2026-07-09 14:33:02.926 9 INFO neutron.db.ovn_revision_numbers_db [None req-c20d37bc-2f41-41e0-b7aa-66cd39acb9d5 ad360d696acd484586ad237c80ba4e0c 8a90a4664c6e490e96a7182cbebe395f - - default default] Successfully bumped revision number for resource b39f0dec-55c8-4109-9523-d20f1102698d (type: security_group_rules) to 0
2026-07-09 14:33:02.991 9 INFO neutron.db.segments_db [None req-c20d37bc-2f41-41e0-b7aa-66cd39acb9d5 ad360d696acd484586ad237c80ba4e0c 8a90a4664c6e490e96a7182cbebe395f - - default default] Added segment 86089387-1c31-4b20-a88f-7245413ae94d of type geneve for network 18f65815-d8a8-4373-bb27-62ff2fb08e3a
2026-07-09 14:33:03.110 9 WARNING neutron.plugins.ml2.drivers.ovn.mech_driver.ovsdb.ovn_client [None req-c60e288d-308e-40bc-ae3b-5ea198d3e5e5 - - - - - -] No hosting information found for port b221e315-be9b-4eae-ae14-d80a1336220f: RuntimeError: No hosting information found for port b221e315-be9b-4eae-ae14-d80a1336220f
2026-07-09 14:33:03.182 9 INFO neutron.db.ovn_revision_numbers_db [None req-c20d37bc-2f41-41e0-b7aa-66cd39acb9d5 ad360d696acd484586ad237c80ba4e0c 8a90a4664c6e490e96a7182cbebe395f - - default default] Successfully bumped revision number for resource 18f65815-d8a8-4373-bb27-62ff2fb08e3a (type: networks) to 1 /var/lib/openstack/lib/python3.10/site-packages/pycadf/identifier.py:71: UserWarning: Invalid uuid: neutron. To ensure interoperability, identifiers should be a valid uuid. warnings.warn(('Invalid uuid: %s. To ensure interoperability, '
2026-07-09 14:33:03.284 10 INFO neutron.wsgi [req-8c322e61-093e-414c-bfd4-d6fa5f9dbeac req-9dae50c8-6820-4e6f-b94e-eb1b1e4d4799 00e9a183fbcd4f7fa6786289b11904d8 268062d4b94f450d9a6a418ca47e6a56 - - default default] 10.0.0.128 "GET /v2.0/ports?device_id=182bdb34-3c4b-43c9-aa07-449f3fdef8ba HTTP/1.1" status: 200 len: 1172 time: 0.0649140
2026-07-09 14:33:03.368 10 INFO neutron.wsgi [req-8c322e61-093e-414c-bfd4-d6fa5f9dbeac req-d5768acf-9520-400a-b653-cd5c79c5e184 00e9a183fbcd4f7fa6786289b11904d8 268062d4b94f450d9a6a418ca47e6a56 - - default default] 10.0.0.128 "GET /v2.0/security-groups?id=ee3efde9-2e0f-493c-93df-73ba42c6a526&fields=id&fields=name HTTP/1.1" status: 200 len: 313 time: 0.0766530
2026-07-09 14:33:03.370 10 INFO neutron.db.ovn_revision_numbers_db [req-6ae99aa0-b89a-4d5b-a95e-b0d9168614de req-3e2f2a57-fc87-464f-944d-cb61a745c4ea 1d5fcf759944402684510e42b4778f58 db2e5f1105f74b2fa122d3dd783d2b5f - - 74f1ce842aef429182ec85dbc71b8ded 74f1ce842aef429182ec85dbc71b8ded] Successfully bumped revision number for resource 923d35c8-8fbf-44dc-9bdf-1293a3d0de93 (type: ports) to 2
2026-07-09 14:33:03.396 9 WARNING neutron.scheduler.dhcp_agent_scheduler [None req-c20d37bc-2f41-41e0-b7aa-66cd39acb9d5 ad360d696acd484586ad237c80ba4e0c 8a90a4664c6e490e96a7182cbebe395f - - default default] No more DHCP agents
2026-07-09 14:33:03.400 9 WARNING neutron.api.rpc.agentnotifiers.dhcp_rpc_agent_api [None req-c20d37bc-2f41-41e0-b7aa-66cd39acb9d5 ad360d696acd484586ad237c80ba4e0c 8a90a4664c6e490e96a7182cbebe395f - - default default] Unable to schedule network 18f65815-d8a8-4373-bb27-62ff2fb08e3a: no agents available; will retry on subsequent port and subnet creation events.
2026-07-09 14:33:03.514 9 INFO neutron.db.ovn_revision_numbers_db [None req-c20d37bc-2f41-41e0-b7aa-66cd39acb9d5 ad360d696acd484586ad237c80ba4e0c 8a90a4664c6e490e96a7182cbebe395f - - default default] Successfully bumped revision number for resource a6974a2d-ef7e-4719-b481-b3b1206abdd8 (type: ports) to 1
2026-07-09 14:33:03.545 9 INFO neutron.wsgi [None req-c20d37bc-2f41-41e0-b7aa-66cd39acb9d5 ad360d696acd484586ad237c80ba4e0c 8a90a4664c6e490e96a7182cbebe395f - - default default] 10.0.0.84 "POST /v2.0/networks HTTP/1.1" status: 201 len: 828 time: 0.9491582
2026-07-09 14:33:03.557 9 WARNING neutron_lib.context [None req-97aada96-95e5-4d29-b675-dd3e6207d1d5 ad360d696acd484586ad237c80ba4e0c 8a90a4664c6e490e96a7182cbebe395f - - default default] Method 'is_advsvc' is deprecated since 2023.2 release (neutron-lib 3.8.0) and will be removed once support for the old RBAC API policies will be removed from Neutron. Please use method 'is_service_role' instead.
2026-07-09 14:33:03.650 9 INFO neutron.db.segments_db [None req-97aada96-95e5-4d29-b675-dd3e6207d1d5 ad360d696acd484586ad237c80ba4e0c 8a90a4664c6e490e96a7182cbebe395f - - default default] Added segment 07009321-c39b-4373-be6e-4f679654aec4 of type geneve for network f133441d-845e-422e-af74-ab4b09637d41
2026-07-09 14:33:03.865 9 INFO neutron.db.ovn_revision_numbers_db [None req-97aada96-95e5-4d29-b675-dd3e6207d1d5 ad360d696acd484586ad237c80ba4e0c 8a90a4664c6e490e96a7182cbebe395f - - default default] Successfully bumped revision number for resource f133441d-845e-422e-af74-ab4b09637d41 (type: networks) to 1
2026-07-09 14:33:03.966 10 INFO neutron.db.ovn_revision_numbers_db [req-6ae99aa0-b89a-4d5b-a95e-b0d9168614de req-3e2f2a57-fc87-464f-944d-cb61a745c4ea 1d5fcf759944402684510e42b4778f58 db2e5f1105f74b2fa122d3dd783d2b5f - - 74f1ce842aef429182ec85dbc71b8ded 74f1ce842aef429182ec85dbc71b8ded] Successfully bumped revision number for resource 923d35c8-8fbf-44dc-9bdf-1293a3d0de93 (type: ports) to 2
2026-07-09 14:33:03.986 10 INFO neutron.wsgi [req-6ae99aa0-b89a-4d5b-a95e-b0d9168614de req-3e2f2a57-fc87-464f-944d-cb61a745c4ea 1d5fcf759944402684510e42b4778f58 db2e5f1105f74b2fa122d3dd783d2b5f - - 74f1ce842aef429182ec85dbc71b8ded 74f1ce842aef429182ec85dbc71b8ded] 199.19.213.105 "PUT /v2.0/ports/923d35c8-8fbf-44dc-9bdf-1293a3d0de93 HTTP/1.1" status: 200 len: 1380 time: 1.2178557
2026-07-09 14:33:04.026 10 INFO neutron.notifiers.nova [-] Nova event matching ['req-e608d864-d723-4549-b218-f9eb97786064'] response: {'name': 'network-changed', 'server_uuid': '182bdb34-3c4b-43c9-aa07-449f3fdef8ba', 'tag': '923d35c8-8fbf-44dc-9bdf-1293a3d0de93', 'status': 'completed', 'code': 200} /var/lib/openstack/lib/python3.10/site-packages/pycadf/identifier.py:71: UserWarning: Invalid uuid: neutron. To ensure interoperability, identifiers should be a valid uuid. warnings.warn(('Invalid uuid: %s. To ensure interoperability, '
2026-07-09 14:33:04.073 9 WARNING neutron.scheduler.dhcp_agent_scheduler [None req-97aada96-95e5-4d29-b675-dd3e6207d1d5 ad360d696acd484586ad237c80ba4e0c 8a90a4664c6e490e96a7182cbebe395f - - default default] No more DHCP agents
2026-07-09 14:33:04.076 9 WARNING neutron.api.rpc.agentnotifiers.dhcp_rpc_agent_api [None req-97aada96-95e5-4d29-b675-dd3e6207d1d5 ad360d696acd484586ad237c80ba4e0c 8a90a4664c6e490e96a7182cbebe395f - - default default] Unable to schedule network f133441d-845e-422e-af74-ab4b09637d41: no agents available; will retry on subsequent port and subnet creation events.
2026-07-09 14:33:04.084 10 INFO neutron.wsgi [req-6ae99aa0-b89a-4d5b-a95e-b0d9168614de req-9fe76ec1-60da-4fd1-a492-4fa79114ede3 1d5fcf759944402684510e42b4778f58 db2e5f1105f74b2fa122d3dd783d2b5f - - 74f1ce842aef429182ec85dbc71b8ded 74f1ce842aef429182ec85dbc71b8ded] 199.19.213.105 "GET /v2.0/ports?tenant_id=268062d4b94f450d9a6a418ca47e6a56&device_id=182bdb34-3c4b-43c9-aa07-449f3fdef8ba HTTP/1.1" status: 200 len: 1411 time: 0.0485883
2026-07-09 14:33:04.125 10 INFO neutron.wsgi [req-6ae99aa0-b89a-4d5b-a95e-b0d9168614de req-a798c017-11ab-4ae4-9f94-393dd49c7bc2 1d5fcf759944402684510e42b4778f58 db2e5f1105f74b2fa122d3dd783d2b5f - - 74f1ce842aef429182ec85dbc71b8ded 74f1ce842aef429182ec85dbc71b8ded] 199.19.213.105 "GET /v2.0/floatingips?fixed_ip_address=10.100.0.14&port_id=923d35c8-8fbf-44dc-9bdf-1293a3d0de93 HTTP/1.1" status: 200 len: 217 time: 0.0312033
2026-07-09 14:33:04.177 9 INFO neutron.db.ovn_revision_numbers_db [None req-97aada96-95e5-4d29-b675-dd3e6207d1d5 ad360d696acd484586ad237c80ba4e0c 8a90a4664c6e490e96a7182cbebe395f - - default default] Successfully bumped revision number for resource 22fa2ef5-ce55-488a-82f5-3052c99db0ed (type: ports) to 1
2026-07-09 14:33:04.182 10 INFO neutron.wsgi [req-6ae99aa0-b89a-4d5b-a95e-b0d9168614de req-dac00935-0f66-40de-949c-68d0562163cc 1d5fcf759944402684510e42b4778f58 db2e5f1105f74b2fa122d3dd783d2b5f - - 74f1ce842aef429182ec85dbc71b8ded 74f1ce842aef429182ec85dbc71b8ded] 199.19.213.105 "GET /v2.0/subnets?id=f6b72f9f-85d0-4e0e-b367-05b34a21d2e4 HTTP/1.1" status: 200 len: 853 time: 0.0482452
2026-07-09 14:33:04.205 9 INFO neutron.wsgi [None req-97aada96-95e5-4d29-b675-dd3e6207d1d5 ad360d696acd484586ad237c80ba4e0c 8a90a4664c6e490e96a7182cbebe395f - - default default] 10.0.0.84 "POST /v2.0/networks HTTP/1.1" status: 201 len: 828 time: 0.6540322
2026-07-09 14:33:04.216 9 WARNING neutron_lib.context [None req-f581629e-ef21-4fc1-a0cb-32bc17929461 ad360d696acd484586ad237c80ba4e0c 8a90a4664c6e490e96a7182cbebe395f - - default default] Method 'is_advsvc' is deprecated since 2023.2 release (neutron-lib 3.8.0) and will be removed once support for the old RBAC API policies will be removed from Neutron. Please use method 'is_service_role' instead.
2026-07-09 14:33:04.217 10 INFO neutron.wsgi [req-6ae99aa0-b89a-4d5b-a95e-b0d9168614de req-9d1e6c20-a6f2-490d-94f6-fd5fd0ddc78b 1d5fcf759944402684510e42b4778f58 db2e5f1105f74b2fa122d3dd783d2b5f - - 74f1ce842aef429182ec85dbc71b8ded 74f1ce842aef429182ec85dbc71b8ded] 199.19.213.105 "GET /v2.0/ports?network_id=ff115c92-1f32-478f-a21d-838421af20e5&device_owner=network%3Adhcp HTTP/1.1" status: 200 len: 210 time: 0.0268204
2026-07-09 14:33:04.296 10 INFO neutron.wsgi [req-6ae99aa0-b89a-4d5b-a95e-b0d9168614de req-51e5e649-5d9b-4043-8bc2-51c3e59d0400 1d5fcf759944402684510e42b4778f58 db2e5f1105f74b2fa122d3dd783d2b5f - - 74f1ce842aef429182ec85dbc71b8ded 74f1ce842aef429182ec85dbc71b8ded] 199.19.213.105 "GET /v2.0/networks/ff115c92-1f32-478f-a21d-838421af20e5?fields=segments HTTP/1.1" status: 200 len: 212 time: 0.0715160
2026-07-09 14:33:04.380 10 INFO neutron.wsgi [req-6ae99aa0-b89a-4d5b-a95e-b0d9168614de req-01e1df6b-4c2e-45e7-918c-ce22e967b07a 1d5fcf759944402684510e42b4778f58 db2e5f1105f74b2fa122d3dd783d2b5f - - 74f1ce842aef429182ec85dbc71b8ded 74f1ce842aef429182ec85dbc71b8ded] 199.19.213.105 "GET /v2.0/networks/ff115c92-1f32-478f-a21d-838421af20e5?fields=provider%3Aphysical_network&fields=provider%3Anetwork_type HTTP/1.1" status: 200 len: 277 time: 0.0747650
2026-07-09 14:33:04.399 10 WARNING neutron_lib.context [None req-e77ca3cb-0702-4d5e-a65c-67addd65346f 50f3fc2d6db34a189faf1de0c9fefaec 268d9e5033c9462d8525a4e7c98379c5 - - default default] Method 'is_advsvc' is deprecated since 2023.2 release (neutron-lib 3.8.0) and will be removed once support for the old RBAC API policies will be removed from Neutron. Please use method 'is_service_role' instead.
2026-07-09 14:33:04.501 10 INFO neutron.wsgi [req-7f1f49d1-1b78-4421-a948-8f56bce09896 req-65ffe569-5b0d-425d-a6e5-1feef4a65796 1d5fcf759944402684510e42b4778f58 db2e5f1105f74b2fa122d3dd783d2b5f - - 74f1ce842aef429182ec85dbc71b8ded 74f1ce842aef429182ec85dbc71b8ded] 199.19.213.105 "GET /v2.0/ports?tenant_id=268062d4b94f450d9a6a418ca47e6a56&device_id=182bdb34-3c4b-43c9-aa07-449f3fdef8ba HTTP/1.1" status: 200 len: 1411 time: 0.0738559
2026-07-09 14:33:04.512 9 WARNING neutron.scheduler.dhcp_agent_scheduler [None req-f581629e-ef21-4fc1-a0cb-32bc17929461 ad360d696acd484586ad237c80ba4e0c 8a90a4664c6e490e96a7182cbebe395f - - default default] No more DHCP agents
2026-07-09 14:33:04.515 9 WARNING neutron.api.rpc.agentnotifiers.dhcp_rpc_agent_api [None req-f581629e-ef21-4fc1-a0cb-32bc17929461 ad360d696acd484586ad237c80ba4e0c 8a90a4664c6e490e96a7182cbebe395f - - default default] Unable to schedule network 18f65815-d8a8-4373-bb27-62ff2fb08e3a: no agents available; will retry on subsequent port and subnet creation events.
2026-07-09 14:33:04.520 10 INFO neutron.wsgi [req-9f0aeb92-966e-4959-adb8-68f45ccd0ff9 req-b36980ab-3d5f-4a8f-b974-7c22f7a4ccf5 00e9a183fbcd4f7fa6786289b11904d8 268062d4b94f450d9a6a418ca47e6a56 - - default default] 10.0.0.128 "GET /v2.0/ports?device_id=182bdb34-3c4b-43c9-aa07-449f3fdef8ba HTTP/1.1" status: 200 len: 1172 time: 0.0802274
2026-07-09 14:33:04.616 9 INFO neutron.plugins.ml2.drivers.ovn.mech_driver.mech_driver [None req-c60e288d-308e-40bc-ae3b-5ea198d3e5e5 - - - - - -] OVN reports status up for port: 923d35c8-8fbf-44dc-9bdf-1293a3d0de93
2026-07-09 14:33:04.624 10 INFO neutron.wsgi [req-9f0aeb92-966e-4959-adb8-68f45ccd0ff9 req-65910db1-0bea-4b9b-9d2b-3549a1f4beee 00e9a183fbcd4f7fa6786289b11904d8 268062d4b94f450d9a6a418ca47e6a56 - - default default] 10.0.0.128 "GET /v2.0/security-groups?id=ee3efde9-2e0f-493c-93df-73ba42c6a526&fields=id&fields=name HTTP/1.1" status: 200 len: 313 time: 0.0942695
2026-07-09 14:33:04.633 9 INFO neutron.plugins.ml2.plugin [None req-c60e288d-308e-40bc-ae3b-5ea198d3e5e5 - - - - - -] Attempt 1 to provision port 923d35c8-8fbf-44dc-9bdf-1293a3d0de93
2026-07-09 14:33:04.662 10 INFO neutron.wsgi [req-7f1f49d1-1b78-4421-a948-8f56bce09896 req-d2d1882d-4d17-4cc6-bc83-6376b79ff171 1d5fcf759944402684510e42b4778f58 db2e5f1105f74b2fa122d3dd783d2b5f - - 74f1ce842aef429182ec85dbc71b8ded 74f1ce842aef429182ec85dbc71b8ded] 199.19.213.105 "GET /v2.0/networks?id=ff115c92-1f32-478f-a21d-838421af20e5 HTTP/1.1" status: 200 len: 959 time: 0.1542313
2026-07-09 14:33:04.706 10 INFO neutron.wsgi [req-7f1f49d1-1b78-4421-a948-8f56bce09896 req-a7055184-533f-41a5-9359-db080139937f 1d5fcf759944402684510e42b4778f58 db2e5f1105f74b2fa122d3dd783d2b5f - - 74f1ce842aef429182ec85dbc71b8ded 74f1ce842aef429182ec85dbc71b8ded] 199.19.213.105 "GET /v2.0/floatingips?fixed_ip_address=10.100.0.14&port_id=923d35c8-8fbf-44dc-9bdf-1293a3d0de93 HTTP/1.1" status: 200 len: 217 time: 0.0314472
2026-07-09 14:33:04.726 10 INFO neutron.db.ovn_revision_numbers_db [None req-e77ca3cb-0702-4d5e-a65c-67addd65346f 50f3fc2d6db34a189faf1de0c9fefaec 268d9e5033c9462d8525a4e7c98379c5 - - default default] Successfully bumped revision number for resource 63ec7ed1-df2c-4237-be30-427bf61de527 (type: security_groups) to 1
2026-07-09 14:33:04.757 10 INFO neutron.db.ovn_revision_numbers_db [None req-e77ca3cb-0702-4d5e-a65c-67addd65346f 50f3fc2d6db34a189faf1de0c9fefaec 268d9e5033c9462d8525a4e7c98379c5 - - default default] Successfully bumped revision number for resource 00b0373a-3059-4e0a-a659-8b02f7030f59 (type: security_group_rules) to 0
2026-07-09 14:33:04.788 10 INFO neutron.wsgi [req-7f1f49d1-1b78-4421-a948-8f56bce09896 req-3d74e22c-132c-483d-81d2-7f5219e6ea2c 1d5fcf759944402684510e42b4778f58 db2e5f1105f74b2fa122d3dd783d2b5f - - 74f1ce842aef429182ec85dbc71b8ded 74f1ce842aef429182ec85dbc71b8ded] 199.19.213.105 "GET /v2.0/subnets?id=f6b72f9f-85d0-4e0e-b367-05b34a21d2e4 HTTP/1.1" status: 200 len: 853 time: 0.0731220
2026-07-09 14:33:04.801 10 INFO neutron.db.ovn_revision_numbers_db [None req-e77ca3cb-0702-4d5e-a65c-67addd65346f 50f3fc2d6db34a189faf1de0c9fefaec 268d9e5033c9462d8525a4e7c98379c5 - - default default] Successfully bumped revision number for resource 19494b7d-280b-4e40-9b6a-046a1f2e6f32 (type: security_group_rules) to 0
2026-07-09 14:33:04.840 10 INFO neutron.wsgi [req-7f1f49d1-1b78-4421-a948-8f56bce09896 req-f72379e0-f02c-4bb4-a7e1-e2ca1e6901de 1d5fcf759944402684510e42b4778f58 db2e5f1105f74b2fa122d3dd783d2b5f - - 74f1ce842aef429182ec85dbc71b8ded 74f1ce842aef429182ec85dbc71b8ded] 199.19.213.105 "GET /v2.0/ports?network_id=ff115c92-1f32-478f-a21d-838421af20e5&device_owner=network%3Adhcp HTTP/1.1" status: 200 len: 210 time: 0.0449207
2026-07-09 14:33:04.855 10 INFO neutron.db.ovn_revision_numbers_db [None req-e77ca3cb-0702-4d5e-a65c-67addd65346f 50f3fc2d6db34a189faf1de0c9fefaec 268d9e5033c9462d8525a4e7c98379c5 - - default default] Successfully bumped revision number for resource 87e28fa2-a898-4b1a-a636-bcabbb9d9f65 (type: security_group_rules) to 0
2026-07-09 14:33:04.869 9 INFO neutron.notifiers.nova [-] Nova event matching ['req-056b78c7-629e-4895-a8e4-7e22867746ab'] response: {'server_uuid': '182bdb34-3c4b-43c9-aa07-449f3fdef8ba', 'name': 'network-vif-plugged', 'status': 'completed', 'tag': '923d35c8-8fbf-44dc-9bdf-1293a3d0de93', 'code': 200}
2026-07-09 14:33:04.894 10 INFO neutron.db.ovn_revision_numbers_db [None req-e77ca3cb-0702-4d5e-a65c-67addd65346f 50f3fc2d6db34a189faf1de0c9fefaec 268d9e5033c9462d8525a4e7c98379c5 - - default default] Successfully bumped revision number for resource dee6d6ec-0651-4130-aa00-47dce5df9d18 (type: security_group_rules) to 0
2026-07-09 14:33:04.960 10 INFO neutron.wsgi [req-7f1f49d1-1b78-4421-a948-8f56bce09896 req-54b540b6-0175-4d0e-a1ab-0f38be6579a6 1d5fcf759944402684510e42b4778f58 db2e5f1105f74b2fa122d3dd783d2b5f - - 74f1ce842aef429182ec85dbc71b8ded 74f1ce842aef429182ec85dbc71b8ded] 199.19.213.105 "GET /v2.0/networks/ff115c92-1f32-478f-a21d-838421af20e5?fields=segments HTTP/1.1" status: 200 len: 212 time: 0.1006470
2026-07-09 14:33:04.992 10 INFO neutron.db.segments_db [None req-e77ca3cb-0702-4d5e-a65c-67addd65346f 50f3fc2d6db34a189faf1de0c9fefaec 268d9e5033c9462d8525a4e7c98379c5 - - default default] Added segment 93ea7962-04fa-4343-881e-8dbf2264e75e of type geneve for network ca439e33-a708-4ad1-a2f5-7b8cc0a3323b
2026-07-09 14:33:05.074 10 INFO neutron.wsgi [req-7f1f49d1-1b78-4421-a948-8f56bce09896 req-23086113-814b-4f7e-8f4c-80e335e9f4e3 1d5fcf759944402684510e42b4778f58 db2e5f1105f74b2fa122d3dd783d2b5f - - 74f1ce842aef429182ec85dbc71b8ded 74f1ce842aef429182ec85dbc71b8ded] 199.19.213.105 "GET /v2.0/networks/ff115c92-1f32-478f-a21d-838421af20e5?fields=provider%3Aphysical_network&fields=provider%3Anetwork_type HTTP/1.1" status: 200 len: 277 time: 0.1075888
2026-07-09 14:33:05.145 9 INFO neutron.db.ovn_revision_numbers_db [None req-c60e288d-308e-40bc-ae3b-5ea198d3e5e5 - - - - - -] Successfully bumped revision number for resource 923d35c8-8fbf-44dc-9bdf-1293a3d0de93 (type: ports) to 4
2026-07-09 14:33:05.230 10 INFO neutron.db.ovn_revision_numbers_db [None req-e77ca3cb-0702-4d5e-a65c-67addd65346f 50f3fc2d6db34a189faf1de0c9fefaec 268d9e5033c9462d8525a4e7c98379c5 - - default default] Successfully bumped revision number for resource ca439e33-a708-4ad1-a2f5-7b8cc0a3323b (type: networks) to 1
2026-07-09 14:33:05.360 9 INFO neutron.db.ovn_revision_numbers_db [None req-f581629e-ef21-4fc1-a0cb-32bc17929461 ad360d696acd484586ad237c80ba4e0c 8a90a4664c6e490e96a7182cbebe395f - - default default] Successfully bumped revision number for resource a6974a2d-ef7e-4719-b481-b3b1206abdd8 (type: ports) to 2
2026-07-09 14:33:05.409 9 INFO neutron.db.ovn_revision_numbers_db [None req-f581629e-ef21-4fc1-a0cb-32bc17929461 ad360d696acd484586ad237c80ba4e0c 8a90a4664c6e490e96a7182cbebe395f - - default default] Successfully bumped revision number for resource 881efae9-c046-4f2c-a86b-1463017f58c8 (type: subnets) to 0
2026-07-09 14:33:05.421 10 WARNING neutron.scheduler.dhcp_agent_scheduler [None req-e77ca3cb-0702-4d5e-a65c-67addd65346f 50f3fc2d6db34a189faf1de0c9fefaec 268d9e5033c9462d8525a4e7c98379c5 - - default default] No more DHCP agents
2026-07-09 14:33:05.425 10 WARNING neutron.api.rpc.agentnotifiers.dhcp_rpc_agent_api [None req-e77ca3cb-0702-4d5e-a65c-67addd65346f 50f3fc2d6db34a189faf1de0c9fefaec 268d9e5033c9462d8525a4e7c98379c5 - - default default] Unable to schedule network ca439e33-a708-4ad1-a2f5-7b8cc0a3323b: no agents available; will retry on subsequent port and subnet creation events.
2026-07-09 14:33:05.428 9 INFO neutron.wsgi [None req-f581629e-ef21-4fc1-a0cb-32bc17929461 ad360d696acd484586ad237c80ba4e0c 8a90a4664c6e490e96a7182cbebe395f - - default default] 10.0.0.84 "POST /v2.0/subnets HTTP/1.1" status: 201 len: 801 time: 1.2179606 /var/lib/openstack/lib/python3.10/site-packages/pycadf/identifier.py:71: UserWarning: Invalid uuid: neutron. To ensure interoperability, identifiers should be a valid uuid. warnings.warn(('Invalid uuid: %s. To ensure interoperability, '
2026-07-09 14:33:05.442 9 WARNING neutron_lib.context [None req-de8150fe-5718-47e8-b97b-8d934fc92c2c ad360d696acd484586ad237c80ba4e0c 8a90a4664c6e490e96a7182cbebe395f - - default default] Method 'is_advsvc' is deprecated since 2023.2 release (neutron-lib 3.8.0) and will be removed once support for the old RBAC API policies will be removed from Neutron. Please use method 'is_service_role' instead.
2026-07-09 14:33:05.526 10 INFO neutron.db.ovn_revision_numbers_db [None req-e77ca3cb-0702-4d5e-a65c-67addd65346f 50f3fc2d6db34a189faf1de0c9fefaec 268d9e5033c9462d8525a4e7c98379c5 - - default default] Successfully bumped revision number for resource 562f3b07-fb34-4ddc-8792-19688017ebca (type: ports) to 1
2026-07-09 14:33:05.550 10 INFO neutron.wsgi [None req-e77ca3cb-0702-4d5e-a65c-67addd65346f 50f3fc2d6db34a189faf1de0c9fefaec 268d9e5033c9462d8525a4e7c98379c5 - - default default] 10.0.0.84 "POST /v2.0/networks HTTP/1.1" status: 201 len: 831 time: 1.3571713
2026-07-09 14:33:05.563 10 WARNING neutron_lib.context [None req-1388cac5-ff20-4186-aa94-42107f266097 50f3fc2d6db34a189faf1de0c9fefaec 268d9e5033c9462d8525a4e7c98379c5 - - default default] Method 'is_advsvc' is deprecated since 2023.2 release (neutron-lib 3.8.0) and will be removed once support for the old RBAC API policies will be removed from Neutron. Please use method 'is_service_role' instead.
2026-07-09 14:33:05.656 10 INFO neutron.db.segments_db [None req-1388cac5-ff20-4186-aa94-42107f266097 50f3fc2d6db34a189faf1de0c9fefaec 268d9e5033c9462d8525a4e7c98379c5 - - default default] Added segment 96a3de8b-40a0-47d1-90f7-1a911d73d32f of type geneve for network d0251650-ff35-4bd2-a9ad-c1747620bfa3
2026-07-09 14:33:05.742 9 WARNING neutron.scheduler.dhcp_agent_scheduler [None req-de8150fe-5718-47e8-b97b-8d934fc92c2c ad360d696acd484586ad237c80ba4e0c 8a90a4664c6e490e96a7182cbebe395f - - default default] No more DHCP agents
2026-07-09 14:33:05.747 9 WARNING neutron.api.rpc.agentnotifiers.dhcp_rpc_agent_api [None req-de8150fe-5718-47e8-b97b-8d934fc92c2c ad360d696acd484586ad237c80ba4e0c 8a90a4664c6e490e96a7182cbebe395f - - default default] Unable to schedule network f133441d-845e-422e-af74-ab4b09637d41: no agents available; will retry on subsequent port and subnet creation events.
2026-07-09 14:33:05.912 10 INFO neutron.wsgi [req-cbc2a61a-bdc9-429a-a634-9cc1e1366321 req-bf513bd0-03c8-4f1a-9fe5-1ade25bb0939 00e9a183fbcd4f7fa6786289b11904d8 268062d4b94f450d9a6a418ca47e6a56 - - default default] 10.0.0.128 "GET /v2.0/ports?device_id=182bdb34-3c4b-43c9-aa07-449f3fdef8ba HTTP/1.1" status: 200 len: 1174 time: 0.1805065
2026-07-09 14:33:05.928 10 INFO neutron.db.ovn_revision_numbers_db [None req-1388cac5-ff20-4186-aa94-42107f266097 50f3fc2d6db34a189faf1de0c9fefaec 268d9e5033c9462d8525a4e7c98379c5 - - default default] Successfully bumped revision number for resource d0251650-ff35-4bd2-a9ad-c1747620bfa3 (type: networks) to 1
2026-07-09 14:33:05.991 10 INFO neutron.wsgi [req-cbc2a61a-bdc9-429a-a634-9cc1e1366321 req-9ebc0684-610f-46af-808b-f93768b84cab 00e9a183fbcd4f7fa6786289b11904d8 268062d4b94f450d9a6a418ca47e6a56 - - default default] 10.0.0.128 "GET /v2.0/security-groups?id=ee3efde9-2e0f-493c-93df-73ba42c6a526&fields=id&fields=name HTTP/1.1" status: 200 len: 313 time: 0.0699825
2026-07-09 14:33:06.133 10 INFO neutron.wsgi [req-60a223fa-fa51-4002-add2-d04f1575c018 req-118f3d85-4d76-47c2-b9fc-8d9693bdc047 00e9a183fbcd4f7fa6786289b11904d8 268062d4b94f450d9a6a418ca47e6a56 - - default default] 10.0.0.128 "GET /v2.0/ports?device_id=182bdb34-3c4b-43c9-aa07-449f3fdef8ba HTTP/1.1" status: 200 len: 1174 time: 0.0607615
2026-07-09 14:33:06.202 10 INFO neutron.wsgi [req-60a223fa-fa51-4002-add2-d04f1575c018 req-356cebf7-5951-49c7-b9c4-bda511b02593 00e9a183fbcd4f7fa6786289b11904d8 268062d4b94f450d9a6a418ca47e6a56 - - default default] 10.0.0.128 "GET /v2.0/security-groups?id=ee3efde9-2e0f-493c-93df-73ba42c6a526&fields=id&fields=name HTTP/1.1" status: 200 len: 313 time: 0.0623636
2026-07-09 14:33:06.212 10 WARNING neutron.scheduler.dhcp_agent_scheduler [None req-1388cac5-ff20-4186-aa94-42107f266097 50f3fc2d6db34a189faf1de0c9fefaec 268d9e5033c9462d8525a4e7c98379c5 - - default default] No more DHCP agents
2026-07-09 14:33:06.217 10 WARNING neutron.api.rpc.agentnotifiers.dhcp_rpc_agent_api [None req-1388cac5-ff20-4186-aa94-42107f266097 50f3fc2d6db34a189faf1de0c9fefaec 268d9e5033c9462d8525a4e7c98379c5 - - default default] Unable to schedule network d0251650-ff35-4bd2-a9ad-c1747620bfa3: no agents available; will retry on subsequent port and subnet creation events.
2026-07-09 14:33:06.274 9 INFO neutron.wsgi [None req-54a1a047-15e5-4562-875e-24ffc3110bb8 95d1f074b76a43348d4c9448d7211d44 49e3cbdbc4864fd4922be9d1abd92f01 - - default default] 10.0.0.84 "GET /v2.0/ports?device_id=182bdb34-3c4b-43c9-aa07-449f3fdef8ba HTTP/1.1" status: 200 len: 1408 time: 0.0453718
2026-07-09 14:33:06.286 10 WARNING neutron_lib.context [None req-cc3142fb-432c-4b32-8f66-298a1182b089 00e9a183fbcd4f7fa6786289b11904d8 268062d4b94f450d9a6a418ca47e6a56 - - default default] Method 'is_advsvc' is deprecated since 2023.2 release (neutron-lib 3.8.0) and will be removed once support for the old RBAC API policies will be removed from Neutron. Please use method 'is_service_role' instead.
2026-07-09 14:33:06.339 10 INFO neutron.db.ovn_revision_numbers_db [None req-1388cac5-ff20-4186-aa94-42107f266097 50f3fc2d6db34a189faf1de0c9fefaec 268d9e5033c9462d8525a4e7c98379c5 - - default default] Successfully bumped revision number for resource 83f42dc3-bce9-4eff-a426-141541240f57 (type: ports) to 1
2026-07-09 14:33:06.341 9 INFO neutron.db.ovn_revision_numbers_db [None req-de8150fe-5718-47e8-b97b-8d934fc92c2c ad360d696acd484586ad237c80ba4e0c 8a90a4664c6e490e96a7182cbebe395f - - default default] Successfully bumped revision number for resource 22fa2ef5-ce55-488a-82f5-3052c99db0ed (type: ports) to 2
2026-07-09 14:33:06.379 10 INFO neutron.wsgi [None req-1388cac5-ff20-4186-aa94-42107f266097 50f3fc2d6db34a189faf1de0c9fefaec 268d9e5033c9462d8525a4e7c98379c5 - - default default] 10.0.0.84 "POST /v2.0/networks HTTP/1.1" status: 201 len: 830 time: 0.8210404
