2026-07-09 14:34:46.112 10 INFO neutron.notifiers.nova [-] Nova event matching ['req-0812250b-5fbf-4830-9cf1-581c9429c4a4'] response: {'server_uuid': '06809261-053e-46a4-8e97-8df61e5eb1e8', 'name': 'network-vif-plugged', 'status': 'completed', 'tag': 'c02136ea-33cf-4030-b8c4-81d65c4ffe44', 'code': 200}
2026-07-09 14:34:46.135 9 INFO neutron.wsgi [None req-02ba31e9-a3c4-4d4d-b498-ce17d4d4bf8c fdedcbe54f3c4567bc1b0c1d6fc30a04 690e0a903571477db59df0948aa8cdf8 - - default default] 10.0.0.84 "GET /v2.0/policies/ed211ec3-9100-4bc3-bd16-2476566cbebf/tags/red HTTP/1.1" status: 204 len: 168 time: 0.0243521
2026-07-09 14:34:46.169 9 INFO neutron.api.v2.resource [None req-d6d94350-2ee4-4c76-9e37-e3eaff9eb8c2 fdedcbe54f3c4567bc1b0c1d6fc30a04 690e0a903571477db59df0948aa8cdf8 - - default default] show failed (client error): The resource could not be found.
2026-07-09 14:34:46.171 9 INFO neutron.wsgi [None req-d6d94350-2ee4-4c76-9e37-e3eaff9eb8c2 fdedcbe54f3c4567bc1b0c1d6fc30a04 690e0a903571477db59df0948aa8cdf8 - - default default] 10.0.0.84 "GET /v2.0/policies/ed211ec3-9100-4bc3-bd16-2476566cbebf/tags/green HTTP/1.1" status: 404 len: 299 time: 0.0242534
2026-07-09 14:34:46.239 10 INFO neutron.wsgi [None req-8e04211a-3ee7-47d0-a53d-f19417a760cb fdedcbe54f3c4567bc1b0c1d6fc30a04 690e0a903571477db59df0948aa8cdf8 - - default default] 10.0.0.84 "DELETE /v2.0/policies/ed211ec3-9100-4bc3-bd16-2476566cbebf/tags/red HTTP/1.1" status: 204 len: 168 time: 0.0605824
2026-07-09 14:34:46.287 10 INFO neutron.wsgi [None req-0e2967f6-3b6d-4953-8c1d-34fe37a2ea11 fdedcbe54f3c4567bc1b0c1d6fc30a04 690e0a903571477db59df0948aa8cdf8 - - default default] 10.0.0.84 "GET /v2.0/policies/ed211ec3-9100-4bc3-bd16-2476566cbebf/tags HTTP/1.1" status: 200 len: 223 time: 0.0333333
2026-07-09 14:34:46.342 9 INFO neutron.api.v2.resource [None req-29a13d15-15c6-49ad-a457-507d09329716 fdedcbe54f3c4567bc1b0c1d6fc30a04 690e0a903571477db59df0948aa8cdf8 - - default default] delete failed (client error): The resource could not be found.
2026-07-09 14:34:46.344 9 INFO neutron.wsgi [None req-29a13d15-15c6-49ad-a457-507d09329716 fdedcbe54f3c4567bc1b0c1d6fc30a04 690e0a903571477db59df0948aa8cdf8 - - default default] 10.0.0.84 "DELETE /v2.0/policies/ed211ec3-9100-4bc3-bd16-2476566cbebf/tags/green HTTP/1.1" status: 404 len: 299 time: 0.0510769
2026-07-09 14:34:46.362 10 INFO neutron.db.ovn_revision_numbers_db [None req-cefe73ac-bf6f-42ae-8ae1-ec5443b32fb1 - - - - - -] Successfully bumped revision number for resource c02136ea-33cf-4030-b8c4-81d65c4ffe44 (type: ports) to 4
2026-07-09 14:34:46.423 9 INFO neutron.wsgi [None req-915207a8-5e5d-47e1-b9b0-2048a7e6e03f fdedcbe54f3c4567bc1b0c1d6fc30a04 690e0a903571477db59df0948aa8cdf8 - - default default] 10.0.0.84 "DELETE /v2.0/policies/ed211ec3-9100-4bc3-bd16-2476566cbebf/tags HTTP/1.1" status: 204 len: 168 time: 0.0727713
2026-07-09 14:34:46.454 9 INFO neutron.wsgi [None req-f91a2557-86a4-44d5-9209-44131c2e1cad fdedcbe54f3c4567bc1b0c1d6fc30a04 690e0a903571477db59df0948aa8cdf8 - - default default] 10.0.0.84 "GET /v2.0/policies/ed211ec3-9100-4bc3-bd16-2476566cbebf/tags HTTP/1.1" status: 200 len: 205 time: 0.0241673 /var/lib/openstack/lib/python3.10/site-packages/pycadf/identifier.py:71: UserWarning: Invalid uuid: neutron. To ensure interoperability, identifiers should be a valid uuid. warnings.warn(('Invalid uuid: %s. To ensure interoperability, '
2026-07-09 14:34:46.526 9 INFO neutron.wsgi [None req-04ec5f10-cea5-4c1a-a242-daddec67be2a fdedcbe54f3c4567bc1b0c1d6fc30a04 690e0a903571477db59df0948aa8cdf8 - - default default] 10.0.0.84 "DELETE /v2.0/qos/policies/ed211ec3-9100-4bc3-bd16-2476566cbebf HTTP/1.1" status: 204 len: 168 time: 0.0602992
2026-07-09 14:34:46.597 10 INFO neutron.wsgi [req-22b57e3d-704a-4ac5-984d-1f14f5d896ae req-bb57a3df-6647-43f0-ac1a-f5ad0f70ede4 f4089352cac14198a44a04a45a5a21d1 8a08566898a74edd8189aa0f383abe1c - - default default] 10.0.0.128 "GET /v2.0/ports?device_id=06809261-053e-46a4-8e97-8df61e5eb1e8 HTTP/1.1" status: 200 len: 1214 time: 0.1336377
2026-07-09 14:34:46.657 10 INFO neutron.wsgi [req-22b57e3d-704a-4ac5-984d-1f14f5d896ae req-8feeecde-0903-48fc-9e0d-508d9153e3a0 f4089352cac14198a44a04a45a5a21d1 8a08566898a74edd8189aa0f383abe1c - - default default] 10.0.0.128 "GET /v2.0/security-groups?id=1fc177d9-cc11-4aa8-8c64-b5f6a8e5e26f&id=01d8d1d9-bdd7-4388-a996-f2647ab060a9&fields=id&fields=name HTTP/1.1" status: 200 len: 405 time: 0.0523207
2026-07-09 14:34:47.728 9 INFO neutron.db.ovn_revision_numbers_db [None req-2bedb396-05d3-47a3-ac5c-392bd4a6cba3 22165e82e85b47038d5e4c973809c3ac 363969c90b5d4636b34103ca5ae0b718 - - default default] Successfully bumped revision number for resource 381b4e56-dbd9-43f7-9796-8b5eec6d33f4 (type: security_groups) to 1
2026-07-09 14:34:47.754 9 INFO neutron.db.ovn_revision_numbers_db [None req-2bedb396-05d3-47a3-ac5c-392bd4a6cba3 22165e82e85b47038d5e4c973809c3ac 363969c90b5d4636b34103ca5ae0b718 - - default default] Successfully bumped revision number for resource 0b43ecf5-6c28-427d-95dd-4028345139ad (type: security_group_rules) to 0
2026-07-09 14:34:47.779 9 INFO neutron.db.ovn_revision_numbers_db [None req-2bedb396-05d3-47a3-ac5c-392bd4a6cba3 22165e82e85b47038d5e4c973809c3ac 363969c90b5d4636b34103ca5ae0b718 - - default default] Successfully bumped revision number for resource 51670b1c-da2a-4354-9f9b-b223ac61653b (type: security_group_rules) to 0
2026-07-09 14:34:47.804 9 INFO neutron.db.ovn_revision_numbers_db [None req-2bedb396-05d3-47a3-ac5c-392bd4a6cba3 22165e82e85b47038d5e4c973809c3ac 363969c90b5d4636b34103ca5ae0b718 - - default default] Successfully bumped revision number for resource c29ebe35-f951-4131-a203-8db1c28f349f (type: security_group_rules) to 0
2026-07-09 14:34:47.812 10 INFO neutron.wsgi [req-04c7b320-3cc4-4524-97c3-827faa11efe1 req-fc917347-bbc2-49b2-9529-69c5d5d8ec01 f4089352cac14198a44a04a45a5a21d1 8a08566898a74edd8189aa0f383abe1c - - default default] 10.0.0.128 "GET /v2.0/ports?device_id=06809261-053e-46a4-8e97-8df61e5eb1e8 HTTP/1.1" status: 200 len: 1214 time: 0.0548239
2026-07-09 14:34:47.833 9 INFO neutron.db.ovn_revision_numbers_db [None req-2bedb396-05d3-47a3-ac5c-392bd4a6cba3 22165e82e85b47038d5e4c973809c3ac 363969c90b5d4636b34103ca5ae0b718 - - default default] Successfully bumped revision number for resource c89fe731-adc2-48b7-8bce-23d014bbc6f4 (type: security_group_rules) to 0
2026-07-09 14:34:47.880 9 INFO neutron.wsgi [None req-2bedb396-05d3-47a3-ac5c-392bd4a6cba3 22165e82e85b47038d5e4c973809c3ac 363969c90b5d4636b34103ca5ae0b718 - - default default] 10.0.0.84 "GET /v2.0/security-groups?tenant_id=690e0a903571477db59df0948aa8cdf8&name=default HTTP/1.1" status: 200 len: 2996 time: 0.5880244
2026-07-09 14:34:47.890 10 INFO neutron.wsgi [req-04c7b320-3cc4-4524-97c3-827faa11efe1 req-d10a9843-95ed-495f-8ced-788603eeb825 f4089352cac14198a44a04a45a5a21d1 8a08566898a74edd8189aa0f383abe1c - - default default] 10.0.0.128 "GET /v2.0/security-groups?id=1fc177d9-cc11-4aa8-8c64-b5f6a8e5e26f&id=01d8d1d9-bdd7-4388-a996-f2647ab060a9&fields=id&fields=name HTTP/1.1" status: 200 len: 405 time: 0.0698540
2026-07-09 14:34:48.036 10 INFO neutron.wsgi [req-0bfc9bfc-5776-4c76-bac3-37c56ee76c77 req-e15b4549-187a-4c6d-825c-b7ce8d2d3b94 f4089352cac14198a44a04a45a5a21d1 8a08566898a74edd8189aa0f383abe1c - - default default] 10.0.0.128 "GET /v2.0/ports?device_id=06809261-053e-46a4-8e97-8df61e5eb1e8 HTTP/1.1" status: 200 len: 1214 time: 0.0752542
2026-07-09 14:34:48.167 10 INFO neutron.notifiers.nova [-] Nova event matching ['req-6e4b282c-c79f-4738-8a30-e9b162720be7'] response: {'server_uuid': '06809261-053e-46a4-8e97-8df61e5eb1e8', 'name': 'network-vif-plugged', 'status': 'completed', 'tag': 'c02136ea-33cf-4030-b8c4-81d65c4ffe44', 'code': 200}
2026-07-09 14:34:48.309 9 INFO neutron.wsgi [None req-29c69da1-87ed-4c41-b99e-49ecc822bdf0 22165e82e85b47038d5e4c973809c3ac 363969c90b5d4636b34103ca5ae0b718 - - default default] 10.0.0.84 "DELETE /v2.0/security-groups/381b4e56-dbd9-43f7-9796-8b5eec6d33f4 HTTP/1.1" status: 204 len: 168 time: 0.4178228
2026-07-09 14:34:48.474 9 INFO neutron.db.l3_db [None req-59052215-da8c-4a14-b6ee-6fcbdf9b9e8a f4089352cac14198a44a04a45a5a21d1 8a08566898a74edd8189aa0f383abe1c - - default default] Floating IP c37f5eca-8929-44a3-be65-402e8e4cea33 associated. External IP: 10.96.250.213, port: c02136ea-33cf-4030-b8c4-81d65c4ffe44.
2026-07-09 14:34:48.659 10 INFO neutron.db.ovn_revision_numbers_db [None req-44cf4c5b-4d29-44fb-80f0-9a75a183175e 22165e82e85b47038d5e4c973809c3ac 363969c90b5d4636b34103ca5ae0b718 - - default default] Successfully bumped revision number for resource b737d326-63c9-468a-8b41-6d0161cfb3fb (type: security_groups) to 1
2026-07-09 14:34:48.699 10 INFO neutron.db.ovn_revision_numbers_db [None req-44cf4c5b-4d29-44fb-80f0-9a75a183175e 22165e82e85b47038d5e4c973809c3ac 363969c90b5d4636b34103ca5ae0b718 - - default default] Successfully bumped revision number for resource 3523c511-b47d-467b-a407-51974eadc5f1 (type: security_group_rules) to 0
2026-07-09 14:34:48.725 10 INFO neutron.db.ovn_revision_numbers_db [None req-44cf4c5b-4d29-44fb-80f0-9a75a183175e 22165e82e85b47038d5e4c973809c3ac 363969c90b5d4636b34103ca5ae0b718 - - default default] Successfully bumped revision number for resource d24bf9ce-c796-46fa-9627-995964264ce0 (type: security_group_rules) to 0
2026-07-09 14:34:48.746 10 INFO neutron.db.ovn_revision_numbers_db [None req-44cf4c5b-4d29-44fb-80f0-9a75a183175e 22165e82e85b47038d5e4c973809c3ac 363969c90b5d4636b34103ca5ae0b718 - - default default] Successfully bumped revision number for resource da8f9111-2f18-4ff9-8459-d334dd77f0f3 (type: security_group_rules) to 0
2026-07-09 14:34:48.787 10 INFO neutron.db.ovn_revision_numbers_db [None req-44cf4c5b-4d29-44fb-80f0-9a75a183175e 22165e82e85b47038d5e4c973809c3ac 363969c90b5d4636b34103ca5ae0b718 - - default default] Successfully bumped revision number for resource fc3e5be1-6f75-42af-a3b8-c3009f3a098d (type: security_group_rules) to 0
2026-07-09 14:34:48.816 10 INFO neutron.wsgi [None req-44cf4c5b-4d29-44fb-80f0-9a75a183175e 22165e82e85b47038d5e4c973809c3ac 363969c90b5d4636b34103ca5ae0b718 - - default default] 10.0.0.84 "GET /v2.0/security-groups?tenant_id=c3e2bc6bdb7a4b90975e577976aecb77&name=default HTTP/1.1" status: 200 len: 2996 time: 0.2878628
2026-07-09 14:34:49.190 10 INFO neutron.wsgi [None req-c3718950-e268-44d6-9927-0bfa4a9d0b68 22165e82e85b47038d5e4c973809c3ac 363969c90b5d4636b34103ca5ae0b718 - - default default] 10.0.0.84 "DELETE /v2.0/security-groups/b737d326-63c9-468a-8b41-6d0161cfb3fb HTTP/1.1" status: 204 len: 168 time: 0.3653357
2026-07-09 14:34:49.255 9 INFO neutron.db.ovn_revision_numbers_db [None req-59052215-da8c-4a14-b6ee-6fcbdf9b9e8a f4089352cac14198a44a04a45a5a21d1 8a08566898a74edd8189aa0f383abe1c - - default default] Successfully bumped revision number for resource c37f5eca-8929-44a3-be65-402e8e4cea33 (type: floatingips) to 1
2026-07-09 14:34:49.403 9 INFO neutron.db.ovn_revision_numbers_db [None req-59052215-da8c-4a14-b6ee-6fcbdf9b9e8a f4089352cac14198a44a04a45a5a21d1 8a08566898a74edd8189aa0f383abe1c - - default default] Successfully bumped revision number for resource c37f5eca-8929-44a3-be65-402e8e4cea33 (type: floatingips) to 2
2026-07-09 14:34:49.439 9 INFO neutron.wsgi [None req-59052215-da8c-4a14-b6ee-6fcbdf9b9e8a f4089352cac14198a44a04a45a5a21d1 8a08566898a74edd8189aa0f383abe1c - - default default] 10.0.0.84 "PUT /v2.0/floatingips/c37f5eca-8929-44a3-be65-402e8e4cea33 HTTP/1.1" status: 200 len: 1050 time: 1.3880923
2026-07-09 14:34:49.483 9 INFO neutron.notifiers.nova [-] Nova event matching ['req-e21425ff-9b19-4699-9429-1d430b9e23c6'] response: {'name': 'network-changed', 'server_uuid': '06809261-053e-46a4-8e97-8df61e5eb1e8', 'tag': 'c02136ea-33cf-4030-b8c4-81d65c4ffe44', 'status': 'completed', 'code': 200} /var/lib/openstack/lib/python3.10/site-packages/pycadf/identifier.py:71: UserWarning: Invalid uuid: neutron. To ensure interoperability, identifiers should be a valid uuid. warnings.warn(('Invalid uuid: %s. To ensure interoperability, '
2026-07-09 14:34:49.566 9 INFO neutron.wsgi [req-85657288-6c74-45b0-833a-a62af2844f32 req-957fed0e-3829-4f20-8ce8-39bf97f15746 1d5fcf759944402684510e42b4778f58 db2e5f1105f74b2fa122d3dd783d2b5f - - 74f1ce842aef429182ec85dbc71b8ded 74f1ce842aef429182ec85dbc71b8ded] 199.19.213.105 "GET /v2.0/ports?tenant_id=8a08566898a74edd8189aa0f383abe1c&device_id=06809261-053e-46a4-8e97-8df61e5eb1e8 HTTP/1.1" status: 200 len: 1452 time: 0.0550325
2026-07-09 14:34:49.652 9 INFO neutron.wsgi [req-85657288-6c74-45b0-833a-a62af2844f32 req-d4434ea9-f111-4da1-bd0d-9b7b0c336ad0 1d5fcf759944402684510e42b4778f58 db2e5f1105f74b2fa122d3dd783d2b5f - - 74f1ce842aef429182ec85dbc71b8ded 74f1ce842aef429182ec85dbc71b8ded] 199.19.213.105 "GET /v2.0/networks?id=37bc27da-2b4d-40fb-8386-a0d1dfb2f61a HTTP/1.1" status: 200 len: 971 time: 0.0770581
2026-07-09 14:34:49.746 9 INFO neutron.wsgi [req-85657288-6c74-45b0-833a-a62af2844f32 req-ef494767-d0fd-4815-94b9-7e532a82077a 1d5fcf759944402684510e42b4778f58 db2e5f1105f74b2fa122d3dd783d2b5f - - 74f1ce842aef429182ec85dbc71b8ded 74f1ce842aef429182ec85dbc71b8ded] 199.19.213.105 "GET /v2.0/floatingips?fixed_ip_address=10.100.0.11&port_id=c02136ea-33cf-4030-b8c4-81d65c4ffe44 HTTP/1.1" status: 200 len: 1060 time: 0.0877535
2026-07-09 14:34:49.808 9 INFO neutron.wsgi [req-85657288-6c74-45b0-833a-a62af2844f32 req-fa692cc9-0d72-4085-9d81-e030b702704a 1d5fcf759944402684510e42b4778f58 db2e5f1105f74b2fa122d3dd783d2b5f - - 74f1ce842aef429182ec85dbc71b8ded 74f1ce842aef429182ec85dbc71b8ded] 199.19.213.105 "GET /v2.0/subnets?id=6aff6db8-e85a-414a-99ba-18eda61a72ec HTTP/1.1" status: 200 len: 866 time: 0.0538008
2026-07-09 14:34:49.847 9 INFO neutron.wsgi [req-85657288-6c74-45b0-833a-a62af2844f32 req-3e30af59-3d8a-4613-9345-11822eba1901 1d5fcf759944402684510e42b4778f58 db2e5f1105f74b2fa122d3dd783d2b5f - - 74f1ce842aef429182ec85dbc71b8ded 74f1ce842aef429182ec85dbc71b8ded] 199.19.213.105 "GET /v2.0/ports?network_id=37bc27da-2b4d-40fb-8386-a0d1dfb2f61a&device_owner=network%3Adhcp HTTP/1.1" status: 200 len: 210 time: 0.0276797
2026-07-09 14:34:49.925 9 INFO neutron.wsgi [req-85657288-6c74-45b0-833a-a62af2844f32 req-e4d2dde0-a4da-47ed-bfcc-f015e45fea32 1d5fcf759944402684510e42b4778f58 db2e5f1105f74b2fa122d3dd783d2b5f - - 74f1ce842aef429182ec85dbc71b8ded 74f1ce842aef429182ec85dbc71b8ded] 199.19.213.105 "GET /v2.0/networks/37bc27da-2b4d-40fb-8386-a0d1dfb2f61a?fields=segments HTTP/1.1" status: 200 len: 212 time: 0.0723367
2026-07-09 14:34:49.997 9 INFO neutron.wsgi [req-85657288-6c74-45b0-833a-a62af2844f32 req-6967e63f-1bba-468c-877e-636337c8ff20 1d5fcf759944402684510e42b4778f58 db2e5f1105f74b2fa122d3dd783d2b5f - - 74f1ce842aef429182ec85dbc71b8ded 74f1ce842aef429182ec85dbc71b8ded] 199.19.213.105 "GET /v2.0/networks/37bc27da-2b4d-40fb-8386-a0d1dfb2f61a?fields=provider%3Aphysical_network&fields=provider%3Anetwork_type HTTP/1.1" status: 200 len: 277 time: 0.0664747
2026-07-09 14:34:53.136 9 WARNING neutron_lib.context [None req-e92db708-c566-496d-8aa6-c8e0ef36781d c53cbc9c3bb2491c9c5748a9114fa44f e87a265dc8224d5a80fa5d90094819fe - - default default] Method 'is_advsvc' is deprecated since 2023.2 release (neutron-lib 3.8.0) and will be removed once support for the old RBAC API policies will be removed from Neutron. Please use method 'is_service_role' instead.
2026-07-09 14:34:53.313 9 INFO neutron.db.ovn_revision_numbers_db [None req-e92db708-c566-496d-8aa6-c8e0ef36781d c53cbc9c3bb2491c9c5748a9114fa44f e87a265dc8224d5a80fa5d90094819fe - - default default] Successfully bumped revision number for resource 6e0c16c2-d7d4-4bcc-974a-133b0adc128a (type: security_groups) to 1
2026-07-09 14:34:53.331 9 INFO neutron.db.ovn_revision_numbers_db [None req-e92db708-c566-496d-8aa6-c8e0ef36781d c53cbc9c3bb2491c9c5748a9114fa44f e87a265dc8224d5a80fa5d90094819fe - - default default] Successfully bumped revision number for resource 659159ac-b711-4849-9910-46296b34fb18 (type: security_group_rules) to 0
2026-07-09 14:34:53.347 9 INFO neutron.db.ovn_revision_numbers_db [None req-e92db708-c566-496d-8aa6-c8e0ef36781d c53cbc9c3bb2491c9c5748a9114fa44f e87a265dc8224d5a80fa5d90094819fe - - default default] Successfully bumped revision number for resource a3af21ab-654b-48a4-bcce-ea18385c1b13 (type: security_group_rules) to 0
2026-07-09 14:34:53.366 9 INFO neutron.db.ovn_revision_numbers_db [None req-e92db708-c566-496d-8aa6-c8e0ef36781d c53cbc9c3bb2491c9c5748a9114fa44f e87a265dc8224d5a80fa5d90094819fe - - default default] Successfully bumped revision number for resource cac4447e-7161-4c5f-9d4d-864dfccc4fee (type: security_group_rules) to 0
2026-07-09 14:34:53.383 9 INFO neutron.db.ovn_revision_numbers_db [None req-e92db708-c566-496d-8aa6-c8e0ef36781d c53cbc9c3bb2491c9c5748a9114fa44f e87a265dc8224d5a80fa5d90094819fe - - default default] Successfully bumped revision number for resource d1960e2e-f870-47fb-a310-dcdda2d0417d (type: security_group_rules) to 0
2026-07-09 14:34:53.492 9 INFO neutron.db.ovn_revision_numbers_db [None req-e92db708-c566-496d-8aa6-c8e0ef36781d c53cbc9c3bb2491c9c5748a9114fa44f e87a265dc8224d5a80fa5d90094819fe - - default default] Successfully bumped revision number for resource 5186d053-01c8-4f04-850f-3ae199d85f53 (type: security_groups) to 1
2026-07-09 14:34:53.512 9 INFO neutron.db.ovn_revision_numbers_db [None req-e92db708-c566-496d-8aa6-c8e0ef36781d c53cbc9c3bb2491c9c5748a9114fa44f e87a265dc8224d5a80fa5d90094819fe - - default default] Successfully bumped revision number for resource 09f109ae-d680-449d-8df3-2cace13f6d33 (type: security_group_rules) to 0
2026-07-09 14:34:53.533 9 INFO neutron.db.ovn_revision_numbers_db [None req-e92db708-c566-496d-8aa6-c8e0ef36781d c53cbc9c3bb2491c9c5748a9114fa44f e87a265dc8224d5a80fa5d90094819fe - - default default] Successfully bumped revision number for resource 517b5b6f-4c6f-4802-95de-42a48176b018 (type: security_group_rules) to 0
2026-07-09 14:34:53.563 9 INFO neutron.wsgi [None req-e92db708-c566-496d-8aa6-c8e0ef36781d c53cbc9c3bb2491c9c5748a9114fa44f e87a265dc8224d5a80fa5d90094819fe - - default default] 10.0.0.84 "POST /v2.0/security-groups HTTP/1.1" status: 201 len: 1737 time: 0.6361856
2026-07-09 14:34:53.616 9 INFO neutron.wsgi [None req-65b56ac1-c941-4f15-80ee-f1c7e72ba12b c53cbc9c3bb2491c9c5748a9114fa44f e87a265dc8224d5a80fa5d90094819fe - - default default] 10.0.0.84 "PUT /v2.0/security-groups/5186d053-01c8-4f04-850f-3ae199d85f53/tags HTTP/1.1" status: 200 len: 218 time: 0.0478296
2026-07-09 14:34:53.657 9 INFO neutron.wsgi [None req-7945f787-fbf3-4dd0-a433-c1f52809cd21 c53cbc9c3bb2491c9c5748a9114fa44f e87a265dc8224d5a80fa5d90094819fe - - default default] 10.0.0.84 "GET /v2.0/security-groups/5186d053-01c8-4f04-850f-3ae199d85f53/tags HTTP/1.1" status: 200 len: 218 time: 0.0356226
2026-07-09 14:34:53.719 9 INFO neutron.wsgi [None req-b4f35e61-bf4d-48b8-945b-666df6386b3b c53cbc9c3bb2491c9c5748a9114fa44f e87a265dc8224d5a80fa5d90094819fe - - default default] 10.0.0.84 "PUT /v2.0/security-groups/5186d053-01c8-4f04-850f-3ae199d85f53/tags/green HTTP/1.1" status: 201 len: 201 time: 0.0571442
2026-07-09 14:34:53.767 9 INFO neutron.wsgi [None req-e3a66bf9-bf61-4580-bf4c-ac9304445f03 c53cbc9c3bb2491c9c5748a9114fa44f e87a265dc8224d5a80fa5d90094819fe - - default default] 10.0.0.84 "GET /v2.0/security-groups/5186d053-01c8-4f04-850f-3ae199d85f53/tags HTTP/1.1" status: 200 len: 227 time: 0.0419393
2026-07-09 14:34:53.810 10 INFO neutron.wsgi [None req-bee4e046-b1ef-457b-bcb1-914bcba1f701 c53cbc9c3bb2491c9c5748a9114fa44f e87a265dc8224d5a80fa5d90094819fe - - default default] 10.0.0.84 "PUT /v2.0/security-groups/5186d053-01c8-4f04-850f-3ae199d85f53/tags/red HTTP/1.1" status: 201 len: 201 time: 0.0373931
2026-07-09 14:34:53.846 10 INFO neutron.wsgi [None req-1ffad6a3-645b-4282-9d94-67593b3b6f64 c53cbc9c3bb2491c9c5748a9114fa44f e87a265dc8224d5a80fa5d90094819fe - - default default] 10.0.0.84 "GET /v2.0/security-groups/5186d053-01c8-4f04-850f-3ae199d85f53/tags HTTP/1.1" status: 200 len: 227 time: 0.0296981
2026-07-09 14:34:53.899 10 INFO neutron.wsgi [None req-c7be1c59-6b00-4251-8609-ed69db99162e c53cbc9c3bb2491c9c5748a9114fa44f e87a265dc8224d5a80fa5d90094819fe - - default default] 10.0.0.84 "PUT /v2.0/security-groups/5186d053-01c8-4f04-850f-3ae199d85f53/tags/black.or.white HTTP/1.1" status: 201 len: 201 time: 0.0477769
2026-07-09 14:34:53.930 10 INFO neutron.wsgi [None req-78fa4091-4f2d-4555-83a8-6c3b4bdd468f c53cbc9c3bb2491c9c5748a9114fa44f e87a265dc8224d5a80fa5d90094819fe - - default default] 10.0.0.84 "GET /v2.0/security-groups/5186d053-01c8-4f04-850f-3ae199d85f53/tags HTTP/1.1" status: 200 len: 245 time: 0.0258131
2026-07-09 14:34:53.981 10 INFO neutron.wsgi [None req-e6872117-d329-4ace-8607-7f645e648aab c53cbc9c3bb2491c9c5748a9114fa44f e87a265dc8224d5a80fa5d90094819fe - - default default] 10.0.0.84 "PUT /v2.0/security-groups/5186d053-01c8-4f04-850f-3ae199d85f53/tags HTTP/1.1" status: 200 len: 230 time: 0.0464270
2026-07-09 14:34:54.015 10 INFO neutron.wsgi [None req-f374bcbc-0c7e-4531-923b-6024153ef78f c53cbc9c3bb2491c9c5748a9114fa44f e87a265dc8224d5a80fa5d90094819fe - - default default] 10.0.0.84 "GET /v2.0/security-groups/5186d053-01c8-4f04-850f-3ae199d85f53/tags HTTP/1.1" status: 200 len: 230 time: 0.0295501
2026-07-09 14:34:54.067 10 INFO neutron.wsgi [None req-1ac8e435-8e3b-42f8-b6b8-f574f957954c c53cbc9c3bb2491c9c5748a9114fa44f e87a265dc8224d5a80fa5d90094819fe - - default default] 10.0.0.84 "GET /v2.0/security-groups/5186d053-01c8-4f04-850f-3ae199d85f53/tags/red HTTP/1.1" status: 204 len: 168 time: 0.0458293
2026-07-09 14:34:54.105 10 INFO neutron.api.v2.resource [None req-66423e1b-014e-4f63-8a12-4027dbfec7da c53cbc9c3bb2491c9c5748a9114fa44f e87a265dc8224d5a80fa5d90094819fe - - default default] show failed (client error): The resource could not be found.
2026-07-09 14:34:54.107 10 INFO neutron.wsgi [None req-66423e1b-014e-4f63-8a12-4027dbfec7da c53cbc9c3bb2491c9c5748a9114fa44f e87a265dc8224d5a80fa5d90094819fe - - default default] 10.0.0.84 "GET /v2.0/security-groups/5186d053-01c8-4f04-850f-3ae199d85f53/tags/green HTTP/1.1" status: 404 len: 299 time: 0.0330043
2026-07-09 14:34:54.155 10 INFO neutron.wsgi [None req-a0019a80-8b75-466a-bdf5-264a41925776 c53cbc9c3bb2491c9c5748a9114fa44f e87a265dc8224d5a80fa5d90094819fe - - default default] 10.0.0.84 "DELETE /v2.0/security-groups/5186d053-01c8-4f04-850f-3ae199d85f53/tags/red HTTP/1.1" status: 204 len: 168 time: 0.0415516
2026-07-09 14:34:54.191 10 INFO neutron.wsgi [None req-d02b2608-8c01-4e59-b590-20d5e02e95cf c53cbc9c3bb2491c9c5748a9114fa44f e87a265dc8224d5a80fa5d90094819fe - - default default] 10.0.0.84 "GET /v2.0/security-groups/5186d053-01c8-4f04-850f-3ae199d85f53/tags HTTP/1.1" status: 200 len: 223 time: 0.0300558
2026-07-09 14:34:54.232 10 INFO neutron.api.v2.resource [None req-6e1deddb-239a-4087-a12b-4e874a3abf5c c53cbc9c3bb2491c9c5748a9114fa44f e87a265dc8224d5a80fa5d90094819fe - - default default] delete failed (client error): The resource could not be found.
2026-07-09 14:34:54.235 10 INFO neutron.wsgi [None req-6e1deddb-239a-4087-a12b-4e874a3abf5c c53cbc9c3bb2491c9c5748a9114fa44f e87a265dc8224d5a80fa5d90094819fe - - default default] 10.0.0.84 "DELETE /v2.0/security-groups/5186d053-01c8-4f04-850f-3ae199d85f53/tags/green HTTP/1.1" status: 404 len: 299 time: 0.0393023
2026-07-09 14:34:54.285 9 INFO neutron.wsgi [None req-f8c0d7c7-8c9f-4e6e-8cfe-821442d1229a c53cbc9c3bb2491c9c5748a9114fa44f e87a265dc8224d5a80fa5d90094819fe - - default default] 10.0.0.84 "DELETE /v2.0/security-groups/5186d053-01c8-4f04-850f-3ae199d85f53/tags HTTP/1.1" status: 204 len: 168 time: 0.0438693
2026-07-09 14:34:54.322 9 INFO neutron.wsgi [None req-46de351b-9d82-413b-8241-82b4bc9f6f93 c53cbc9c3bb2491c9c5748a9114fa44f e87a265dc8224d5a80fa5d90094819fe - - default default] 10.0.0.84 "GET /v2.0/security-groups/5186d053-01c8-4f04-850f-3ae199d85f53/tags HTTP/1.1" status: 200 len: 205 time: 0.0283639
2026-07-09 14:34:54.481 9 INFO neutron.wsgi [None req-df5690fe-40ce-4b11-8406-cb555bd90318 c53cbc9c3bb2491c9c5748a9114fa44f e87a265dc8224d5a80fa5d90094819fe - - default default] 10.0.0.84 "DELETE /v2.0/security-groups/5186d053-01c8-4f04-850f-3ae199d85f53 HTTP/1.1" status: 204 len: 168 time: 0.1524670
2026-07-09 14:34:54.632 9 WARNING neutron_lib.context [None req-b2c5c687-c743-43ab-9667-359a361898b8 199150c440344db3abbdbc559e7ed3e2 e64ea4b67fb94dc9a10b7fe8781cbfc2 - - default default] Method 'is_advsvc' is deprecated since 2023.2 release (neutron-lib 3.8.0) and will be removed once support for the old RBAC API policies will be removed from Neutron. Please use method 'is_service_role' instead.
2026-07-09 14:34:54.825 9 INFO neutron.db.ovn_revision_numbers_db [None req-b2c5c687-c743-43ab-9667-359a361898b8 199150c440344db3abbdbc559e7ed3e2 e64ea4b67fb94dc9a10b7fe8781cbfc2 - - default default] Successfully bumped revision number for resource c51a13e5-f797-4411-8d81-c6ba34e964c8 (type: security_groups) to 1
2026-07-09 14:34:54.864 9 INFO neutron.db.ovn_revision_numbers_db [None req-b2c5c687-c743-43ab-9667-359a361898b8 199150c440344db3abbdbc559e7ed3e2 e64ea4b67fb94dc9a10b7fe8781cbfc2 - - default default] Successfully bumped revision number for resource 21478521-e25b-41aa-a7cf-0ffb78769a36 (type: security_group_rules) to 0
2026-07-09 14:34:54.907 9 INFO neutron.db.ovn_revision_numbers_db [None req-b2c5c687-c743-43ab-9667-359a361898b8 199150c440344db3abbdbc559e7ed3e2 e64ea4b67fb94dc9a10b7fe8781cbfc2 - - default default] Successfully bumped revision number for resource 2934ed21-0352-44c7-9de6-fd486b849145 (type: security_group_rules) to 0
2026-07-09 14:34:55.006 9 INFO neutron.db.ovn_revision_numbers_db [None req-b2c5c687-c743-43ab-9667-359a361898b8 199150c440344db3abbdbc559e7ed3e2 e64ea4b67fb94dc9a10b7fe8781cbfc2 - - default default] Successfully bumped revision number for resource 60328909-097b-41aa-b042-8f7c7c68ae39 (type: security_group_rules) to 0
2026-07-09 14:34:55.052 9 INFO neutron.db.ovn_revision_numbers_db [None req-b2c5c687-c743-43ab-9667-359a361898b8 199150c440344db3abbdbc559e7ed3e2 e64ea4b67fb94dc9a10b7fe8781cbfc2 - - default default] Successfully bumped revision number for resource c2b68c2f-45a7-401c-839d-2ecd38d2bdcc (type: security_group_rules) to 0
2026-07-09 14:34:55.112 9 INFO neutron.db.segments_db [None req-b2c5c687-c743-43ab-9667-359a361898b8 199150c440344db3abbdbc559e7ed3e2 e64ea4b67fb94dc9a10b7fe8781cbfc2 - - default default] Added segment fba86464-9189-4ca6-86c6-0edff9cf312e of type geneve for network 1784b946-3da6-4488-ba5d-cc3cd72d33e5
2026-07-09 14:34:55.286 9 INFO neutron.wsgi [None req-95a0f87b-940f-4ff0-850d-cac57feea349 22165e82e85b47038d5e4c973809c3ac 363969c90b5d4636b34103ca5ae0b718 - - default default] 10.0.0.225 "GET /v2.0/floatingips HTTP/1.1" status: 200 len: 1036 time: 0.2884758
2026-07-09 14:34:55.371 10 INFO neutron.wsgi [None req-dc3ae8e3-d9aa-43fe-9446-fd0b2f64be8c 22165e82e85b47038d5e4c973809c3ac 363969c90b5d4636b34103ca5ae0b718 - - default default] 10.0.0.84 "GET /v2.0/security-groups?tenant_id=e87a265dc8224d5a80fa5d90094819fe&name=default HTTP/1.1" status: 200 len: 2996 time: 0.1166971
2026-07-09 14:34:55.374 9 INFO neutron.wsgi [None req-1f83939d-cbae-4161-bf4c-1767fc029c80 22165e82e85b47038d5e4c973809c3ac 363969c90b5d4636b34103ca5ae0b718 - - default default] 10.0.0.225 "GET /v2.0/subnets HTTP/1.1" status: 200 len: 2745 time: 0.0830584
2026-07-09 14:34:55.391 9 INFO neutron.wsgi [None req-593f5efc-17c3-44ec-a4a8-67f11c2659da 22165e82e85b47038d5e4c973809c3ac 363969c90b5d4636b34103ca5ae0b718 - - default default] 10.0.0.225 "GET /v2.0/subnetpools HTTP/1.1" status: 200 len: 193 time: 0.0140605
2026-07-09 14:34:55.429 9 INFO neutron.db.ovn_revision_numbers_db [None req-b2c5c687-c743-43ab-9667-359a361898b8 199150c440344db3abbdbc559e7ed3e2 e64ea4b67fb94dc9a10b7fe8781cbfc2 - - default default] Successfully bumped revision number for resource 1784b946-3da6-4488-ba5d-cc3cd72d33e5 (type: networks) to 1
2026-07-09 14:34:55.514 9 INFO neutron.wsgi [None req-13251aa7-504e-41e8-95fe-bac7218be05f 22165e82e85b47038d5e4c973809c3ac 363969c90b5d4636b34103ca5ae0b718 - - default default] 10.0.0.225 "GET /v2.0/networks HTTP/1.1" status: 200 len: 4580 time: 0.1220009
2026-07-09 14:34:55.650 10 INFO neutron.wsgi [None req-dc1920c2-5a98-4b09-b380-e1544566b100 22165e82e85b47038d5e4c973809c3ac 363969c90b5d4636b34103ca5ae0b718 - - default default] 10.0.0.84 "DELETE /v2.0/security-groups/6e0c16c2-d7d4-4bcc-974a-133b0adc128a HTTP/1.1" status: 204 len: 168 time: 0.2720265
2026-07-09 14:34:55.669 9 INFO neutron.wsgi [None req-6c7b5e51-09d3-45cb-aae5-98c15c93a985 22165e82e85b47038d5e4c973809c3ac 363969c90b5d4636b34103ca5ae0b718 - - default default] 10.0.0.225 "GET /v2.0/security-groups HTTP/1.1" status: 200 len: 35756 time: 0.1485660
2026-07-09 14:34:55.859 9 INFO neutron.wsgi [None req-0e72fe5f-f83b-4af1-aaac-e2c9aa9a9903 22165e82e85b47038d5e4c973809c3ac 363969c90b5d4636b34103ca5ae0b718 - - default default] 10.0.0.225 "GET /v2.0/routers HTTP/1.1" status: 200 len: 1531 time: 0.1685596
2026-07-09 14:34:55.883 9 WARNING neutron.scheduler.dhcp_agent_scheduler [None req-b2c5c687-c743-43ab-9667-359a361898b8 199150c440344db3abbdbc559e7ed3e2 e64ea4b67fb94dc9a10b7fe8781cbfc2 - - default default] No more DHCP agents
2026-07-09 14:34:55.886 9 WARNING neutron.api.rpc.agentnotifiers.dhcp_rpc_agent_api [None req-b2c5c687-c743-43ab-9667-359a361898b8 199150c440344db3abbdbc559e7ed3e2 e64ea4b67fb94dc9a10b7fe8781cbfc2 - - default default] Unable to schedule network 1784b946-3da6-4488-ba5d-cc3cd72d33e5: no agents available; will retry on subsequent port and subnet creation events.
2026-07-09 14:34:55.905 9 INFO neutron.wsgi [None req-b37d7c58-c2c9-4178-9286-1cae44781603 22165e82e85b47038d5e4c973809c3ac 363969c90b5d4636b34103ca5ae0b718 - - default default] 10.0.0.225 "GET /v2.0/agents?binary=ovn-controller HTTP/1.1" status: 200 len: 591 time: 0.0423975
2026-07-09 14:34:55.936 9 INFO neutron.wsgi [None req-3e8ac0ea-36eb-4802-b8b5-62909054b360 22165e82e85b47038d5e4c973809c3ac 363969c90b5d4636b34103ca5ae0b718 - - default default] 10.0.0.225 "GET /v2.0/agents HTTP/1.1" status: 200 len: 997 time: 0.0283144
2026-07-09 14:34:56.046 10 INFO neutron.db.ovn_revision_numbers_db [None req-67fc7c6c-e2b8-445b-9233-3c090232ff07 22165e82e85b47038d5e4c973809c3ac 363969c90b5d4636b34103ca5ae0b718 - - default default] Successfully bumped revision number for resource 64bb44fd-e453-465b-859a-b45c86208d51 (type: security_groups) to 1
2026-07-09 14:34:56.053 9 INFO neutron.wsgi [None req-5812ff69-c43e-4fe2-be84-f4ba77db3462 22165e82e85b47038d5e4c973809c3ac 363969c90b5d4636b34103ca5ae0b718 - - default default] 10.0.0.225 "GET /v2.0/ports HTTP/1.1" status: 200 len: 14913 time: 0.1139691
2026-07-09 14:34:56.069 10 INFO neutron.db.ovn_revision_numbers_db [None req-67fc7c6c-e2b8-445b-9233-3c090232ff07 22165e82e85b47038d5e4c973809c3ac 363969c90b5d4636b34103ca5ae0b718 - - default default] Successfully bumped revision number for resource 78dd1947-1e8a-4d77-9c9c-64589cab44f4 (type: security_group_rules) to 0
2026-07-09 14:34:56.102 10 INFO neutron.db.ovn_revision_numbers_db [None req-67fc7c6c-e2b8-445b-9233-3c090232ff07 22165e82e85b47038d5e4c973809c3ac 363969c90b5d4636b34103ca5ae0b718 - - default default] Successfully bumped revision number for resource 7f18d499-1c8a-44c0-a8ae-9c6935a83b95 (type: security_group_rules) to 0
2026-07-09 14:34:56.116 9 INFO neutron.db.ovn_revision_numbers_db [None req-b2c5c687-c743-43ab-9667-359a361898b8 199150c440344db3abbdbc559e7ed3e2 e64ea4b67fb94dc9a10b7fe8781cbfc2 - - default default] Successfully bumped revision number for resource 63e458c9-81e9-435d-9695-d6ce2a607ba6 (type: ports) to 1
2026-07-09 14:34:56.128 9 INFO neutron.wsgi [None req-ff5ca694-cda8-4079-9c98-e22ce98d7cf8 22165e82e85b47038d5e4c973809c3ac 363969c90b5d4636b34103ca5ae0b718 - - default default] 10.0.0.225 "GET /v2.0/subnets HTTP/1.1" status: 200 len: 2745 time: 0.0600097
2026-07-09 14:34:56.128 10 INFO neutron.db.ovn_revision_numbers_db [None req-67fc7c6c-e2b8-445b-9233-3c090232ff07 22165e82e85b47038d5e4c973809c3ac 363969c90b5d4636b34103ca5ae0b718 - - default default] Successfully bumped revision number for resource a52f6f55-93a9-4f36-9d4c-ed826cbe90df (type: security_group_rules) to 0
2026-07-09 14:34:56.154 10 INFO neutron.db.ovn_revision_numbers_db [None req-67fc7c6c-e2b8-445b-9233-3c090232ff07 22165e82e85b47038d5e4c973809c3ac 363969c90b5d4636b34103ca5ae0b718 - - default default] Successfully bumped revision number for resource e66f9839-191e-4730-8aec-497ab66a66ef (type: security_group_rules) to 0
2026-07-09 14:34:56.156 9 INFO neutron.wsgi [None req-e723e4c7-2450-4d2d-af39-7d03b414adf6 22165e82e85b47038d5e4c973809c3ac 363969c90b5d4636b34103ca5ae0b718 - - default default] 10.0.0.225 "GET /v2.0/network-ip-availabilities HTTP/1.1" status: 200 len: 2499 time: 0.0254700
2026-07-09 14:34:56.166 9 INFO neutron.wsgi [None req-b2c5c687-c743-43ab-9667-359a361898b8 199150c440344db3abbdbc559e7ed3e2 e64ea4b67fb94dc9a10b7fe8781cbfc2 - - default default] 10.0.0.84 "POST /v2.0/networks HTTP/1.1" status: 201 len: 838 time: 1.7264326
2026-07-09 14:34:56.178 9 WARNING neutron_lib.context [None req-1ff01d0e-1614-4d3f-9607-c0f0152cd99c 199150c440344db3abbdbc559e7ed3e2 e64ea4b67fb94dc9a10b7fe8781cbfc2 - - default default] Method 'is_advsvc' is deprecated since 2023.2 release (neutron-lib 3.8.0) and will be removed once support for the old RBAC API policies will be removed from Neutron. Please use method 'is_service_role' instead.
2026-07-09 14:34:56.189 10 INFO neutron.wsgi [None req-67fc7c6c-e2b8-445b-9233-3c090232ff07 22165e82e85b47038d5e4c973809c3ac 363969c90b5d4636b34103ca5ae0b718 - - default default] 10.0.0.84 "GET /v2.0/security-groups?tenant_id=461b37d522594a3c8800611621db972b&name=default HTTP/1.1" status: 200 len: 2996 time: 0.3126183
2026-07-09 14:34:56.469 10 INFO neutron.wsgi [None req-4d626959-bfb4-4b8b-8518-9d30549a2bb2 22165e82e85b47038d5e4c973809c3ac 363969c90b5d4636b34103ca5ae0b718 - - default default] 10.0.0.84 "DELETE /v2.0/security-groups/64bb44fd-e453-465b-859a-b45c86208d51 HTTP/1.1" status: 204 len: 168 time: 0.2750528
2026-07-09 14:34:56.531 9 WARNING neutron.scheduler.dhcp_agent_scheduler [None req-1ff01d0e-1614-4d3f-9607-c0f0152cd99c 199150c440344db3abbdbc559e7ed3e2 e64ea4b67fb94dc9a10b7fe8781cbfc2 - - default default] No more DHCP agents
2026-07-09 14:34:56.535 9 WARNING neutron.api.rpc.agentnotifiers.dhcp_rpc_agent_api [None req-1ff01d0e-1614-4d3f-9607-c0f0152cd99c 199150c440344db3abbdbc559e7ed3e2 e64ea4b67fb94dc9a10b7fe8781cbfc2 - - default default] Unable to schedule network 1784b946-3da6-4488-ba5d-cc3cd72d33e5: no agents available; will retry on subsequent port and subnet creation events.
2026-07-09 14:34:57.344 9 INFO neutron.db.ovn_revision_numbers_db [None req-1ff01d0e-1614-4d3f-9607-c0f0152cd99c 199150c440344db3abbdbc559e7ed3e2 e64ea4b67fb94dc9a10b7fe8781cbfc2 - - default default] Successfully bumped revision number for resource 63e458c9-81e9-435d-9695-d6ce2a607ba6 (type: ports) to 2
2026-07-09 14:34:57.384 9 INFO neutron.db.ovn_revision_numbers_db [None req-1ff01d0e-1614-4d3f-9607-c0f0152cd99c 199150c440344db3abbdbc559e7ed3e2 e64ea4b67fb94dc9a10b7fe8781cbfc2 - - default default] Successfully bumped revision number for resource d9317385-e15a-4949-9c29-855b40c46311 (type: subnets) to 0
2026-07-09 14:34:57.404 9 INFO neutron.wsgi [None req-1ff01d0e-1614-4d3f-9607-c0f0152cd99c 199150c440344db3abbdbc559e7ed3e2 e64ea4b67fb94dc9a10b7fe8781cbfc2 - - default default] 10.0.0.84 "POST /v2.0/subnets HTTP/1.1" status: 201 len: 833 time: 1.2322104
2026-07-09 14:34:57.736 10 INFO neutron.wsgi [None req-c24cf3fa-57e2-40be-8988-21c3681a3b44 6af6b8367c944a2fa480cdcbccc8c6bf cf16801bdea44accb1ed343d80a31840 - - default default] 10.0.0.84 "GET /v2.0/subnetpools?name=shared-default-subnetpool-v6 HTTP/1.1" status: 200 len: 212 time: 0.3271880
2026-07-09 14:34:57.753 10 WARNING neutron_lib.context [None req-56d35bef-f2e7-480f-bf19-7ad6457c5f9a 199150c440344db3abbdbc559e7ed3e2 e64ea4b67fb94dc9a10b7fe8781cbfc2 - - default default] Method 'is_advsvc' is deprecated since 2023.2 release (neutron-lib 3.8.0) and will be removed once support for the old RBAC API policies will be removed from Neutron. Please use method 'is_service_role' instead.
2026-07-09 14:34:57.961 9 INFO neutron.wsgi [-] 10.0.0.137 "GET / HTTP/1.1" status: 200 len: 246 time: 0.0033822
2026-07-09 14:34:57.964 9 INFO neutron.wsgi [-] 10.0.0.137 "GET / HTTP/1.1" status: 200 len: 246 time: 0.0017519
2026-07-09 14:34:58.167 10 WARNING neutron.scheduler.dhcp_agent_scheduler [None req-56d35bef-f2e7-480f-bf19-7ad6457c5f9a 199150c440344db3abbdbc559e7ed3e2 e64ea4b67fb94dc9a10b7fe8781cbfc2 - - default default] No more DHCP agents
2026-07-09 14:34:58.170 10 WARNING neutron.api.rpc.agentnotifiers.dhcp_rpc_agent_api [None req-56d35bef-f2e7-480f-bf19-7ad6457c5f9a 199150c440344db3abbdbc559e7ed3e2 e64ea4b67fb94dc9a10b7fe8781cbfc2 - - default default] Unable to schedule network 1784b946-3da6-4488-ba5d-cc3cd72d33e5: no agents available; will retry on subsequent port and subnet creation events.
2026-07-09 14:34:58.219 10 INFO neutron.db.ovn_revision_numbers_db [None req-56d35bef-f2e7-480f-bf19-7ad6457c5f9a 199150c440344db3abbdbc559e7ed3e2 e64ea4b67fb94dc9a10b7fe8781cbfc2 - - default default] Successfully bumped revision number for resource 73ca145e-db89-4b11-aabf-ce56b1d607fc (type: subnets) to 0
2026-07-09 14:34:58.241 10 INFO neutron.wsgi [None req-56d35bef-f2e7-480f-bf19-7ad6457c5f9a 199150c440344db3abbdbc559e7ed3e2 e64ea4b67fb94dc9a10b7fe8781cbfc2 - - default default] 10.0.0.84 "POST /v2.0/subnets HTTP/1.1" status: 201 len: 907 time: 0.4952962
2026-07-09 14:34:58.252 10 WARNING neutron_lib.context [None req-0d846765-eb72-4d0c-9d30-0033b79be38a 199150c440344db3abbdbc559e7ed3e2 e64ea4b67fb94dc9a10b7fe8781cbfc2 - - default default] Method 'is_advsvc' is deprecated since 2023.2 release (neutron-lib 3.8.0) and will be removed once support for the old RBAC API policies will be removed from Neutron. Please use method 'is_service_role' instead.
2026-07-09 14:34:58.362 10 INFO neutron.db.segments_db [None req-0d846765-eb72-4d0c-9d30-0033b79be38a 199150c440344db3abbdbc559e7ed3e2 e64ea4b67fb94dc9a10b7fe8781cbfc2 - - default default] Added segment fe911a81-5e0b-4d1d-8958-10c79106177b of type geneve for network 3b11b86e-3515-4599-b62c-e86f3d40c57f
2026-07-09 14:34:58.556 10 INFO neutron.db.ovn_revision_numbers_db [None req-0d846765-eb72-4d0c-9d30-0033b79be38a 199150c440344db3abbdbc559e7ed3e2 e64ea4b67fb94dc9a10b7fe8781cbfc2 - - default default] Successfully bumped revision number for resource 3b11b86e-3515-4599-b62c-e86f3d40c57f (type: networks) to 1
2026-07-09 14:34:58.795 10 WARNING neutron.scheduler.dhcp_agent_scheduler [None req-0d846765-eb72-4d0c-9d30-0033b79be38a 199150c440344db3abbdbc559e7ed3e2 e64ea4b67fb94dc9a10b7fe8781cbfc2 - - default default] No more DHCP agents
2026-07-09 14:34:58.802 10 WARNING neutron.api.rpc.agentnotifiers.dhcp_rpc_agent_api [None req-0d846765-eb72-4d0c-9d30-0033b79be38a 199150c440344db3abbdbc559e7ed3e2 e64ea4b67fb94dc9a10b7fe8781cbfc2 - - default default] Unable to schedule network 3b11b86e-3515-4599-b62c-e86f3d40c57f: no agents available; will retry on subsequent port and subnet creation events.
2026-07-09 14:34:58.927 10 INFO neutron.db.ovn_revision_numbers_db [None req-0d846765-eb72-4d0c-9d30-0033b79be38a 199150c440344db3abbdbc559e7ed3e2 e64ea4b67fb94dc9a10b7fe8781cbfc2 - - default default] Successfully bumped revision number for resource 76a456ae-8bce-4b65-b7d0-b368be682807 (type: ports) to 1
2026-07-09 14:34:58.953 10 INFO neutron.wsgi [None req-0d846765-eb72-4d0c-9d30-0033b79be38a 199150c440344db3abbdbc559e7ed3e2 e64ea4b67fb94dc9a10b7fe8781cbfc2 - - default default] 10.0.0.84 "POST /v2.0/networks HTTP/1.1" status: 201 len: 837 time: 0.7067757
2026-07-09 14:34:58.965 10 WARNING neutron_lib.context [None req-4e40e818-62e2-4a56-bdf0-722630630f7d 199150c440344db3abbdbc559e7ed3e2 e64ea4b67fb94dc9a10b7fe8781cbfc2 - - default default] Method 'is_advsvc' is deprecated since 2023.2 release (neutron-lib 3.8.0) and will be removed once support for the old RBAC API policies will be removed from Neutron. Please use method 'is_service_role' instead.
2026-07-09 14:34:59.285 10 WARNING neutron.scheduler.dhcp_agent_scheduler [None req-4e40e818-62e2-4a56-bdf0-722630630f7d 199150c440344db3abbdbc559e7ed3e2 e64ea4b67fb94dc9a10b7fe8781cbfc2 - - default default] No more DHCP agents
2026-07-09 14:34:59.290 10 WARNING neutron.api.rpc.agentnotifiers.dhcp_rpc_agent_api [None req-4e40e818-62e2-4a56-bdf0-722630630f7d 199150c440344db3abbdbc559e7ed3e2 e64ea4b67fb94dc9a10b7fe8781cbfc2 - - default default] Unable to schedule network 3b11b86e-3515-4599-b62c-e86f3d40c57f: no agents available; will retry on subsequent port and subnet creation events.
2026-07-09 14:34:59.983 10 INFO neutron.db.ovn_revision_numbers_db [None req-4e40e818-62e2-4a56-bdf0-722630630f7d 199150c440344db3abbdbc559e7ed3e2 e64ea4b67fb94dc9a10b7fe8781cbfc2 - - default default] Successfully bumped revision number for resource 76a456ae-8bce-4b65-b7d0-b368be682807 (type: ports) to 2
2026-07-09 14:35:00.032 10 INFO neutron.db.ovn_revision_numbers_db [None req-4e40e818-62e2-4a56-bdf0-722630630f7d 199150c440344db3abbdbc559e7ed3e2 e64ea4b67fb94dc9a10b7fe8781cbfc2 - - default default] Successfully bumped revision number for resource 48218e14-86b8-4ddb-9d4d-12c16b2ba9a9 (type: subnets) to 0
2026-07-09 14:35:00.052 10 INFO neutron.wsgi [None req-4e40e818-62e2-4a56-bdf0-722630630f7d 199150c440344db3abbdbc559e7ed3e2 e64ea4b67fb94dc9a10b7fe8781cbfc2 - - default default] 10.0.0.84 "POST /v2.0/subnets HTTP/1.1" status: 201 len: 830 time: 1.0938747
2026-07-09 14:35:00.064 10 WARNING neutron_lib.context [None req-1c2b6782-3c9e-4f1f-ae88-3918bf24b209 199150c440344db3abbdbc559e7ed3e2 e64ea4b67fb94dc9a10b7fe8781cbfc2 - - default default] Method 'is_advsvc' is deprecated since 2023.2 release (neutron-lib 3.8.0) and will be removed once support for the old RBAC API policies will be removed from Neutron. Please use method 'is_service_role' instead.
2026-07-09 14:35:00.420 10 WARNING neutron.scheduler.dhcp_agent_scheduler [None req-1c2b6782-3c9e-4f1f-ae88-3918bf24b209 199150c440344db3abbdbc559e7ed3e2 e64ea4b67fb94dc9a10b7fe8781cbfc2 - - default default] No more DHCP agents
2026-07-09 14:35:00.427 10 WARNING neutron.api.rpc.agentnotifiers.dhcp_rpc_agent_api [None req-1c2b6782-3c9e-4f1f-ae88-3918bf24b209 199150c440344db3abbdbc559e7ed3e2 e64ea4b67fb94dc9a10b7fe8781cbfc2 - - default default] Unable to schedule network 3b11b86e-3515-4599-b62c-e86f3d40c57f: no agents available; will retry on subsequent port and subnet creation events.
2026-07-09 14:35:00.476 10 INFO neutron.db.ovn_revision_numbers_db [None req-1c2b6782-3c9e-4f1f-ae88-3918bf24b209 199150c440344db3abbdbc559e7ed3e2 e64ea4b67fb94dc9a10b7fe8781cbfc2 - - default default] Successfully bumped revision number for resource a4198a81-78b6-41e1-8e62-9525c2b1242d (type: subnets) to 0
2026-07-09 14:35:00.500 10 INFO neutron.wsgi [None req-1c2b6782-3c9e-4f1f-ae88-3918bf24b209 199150c440344db3abbdbc559e7ed3e2 e64ea4b67fb94dc9a10b7fe8781cbfc2 - - default default] 10.0.0.84 "POST /v2.0/subnets HTTP/1.1" status: 201 len: 901 time: 0.4429703
2026-07-09 14:35:00.512 10 WARNING neutron_lib.context [None req-9c6e6993-6c99-4877-b261-436a47194620 199150c440344db3abbdbc559e7ed3e2 e64ea4b67fb94dc9a10b7fe8781cbfc2 - - default default] Method 'is_advsvc' is deprecated since 2023.2 release (neutron-lib 3.8.0) and will be removed once support for the old RBAC API policies will be removed from Neutron. Please use method 'is_service_role' instead.
2026-07-09 14:35:00.590 9 WARNING neutron_lib.context [None req-fe913934-cee7-4263-915b-1a506b0aacd8 bf75008de822461c9cbfc8d918527859 af12ea7f31f74851a5cac40a6ae1feb9 - - default default] Method 'is_advsvc' is deprecated since 2023.2 release (neutron-lib 3.8.0) and will be removed once support for the old RBAC API policies will be removed from Neutron. Please use method 'is_service_role' instead.
2026-07-09 14:35:00.606 10 INFO neutron.db.segments_db [None req-9c6e6993-6c99-4877-b261-436a47194620 199150c440344db3abbdbc559e7ed3e2 e64ea4b67fb94dc9a10b7fe8781cbfc2 - - default default] Added segment 573e973a-9330-4ab2-af82-279f22eb53a2 of type geneve for network 46269987-9939-4fbc-a3de-2b892cb6db01
2026-07-09 14:35:00.675 9 INFO neutron.wsgi [None req-fe913934-cee7-4263-915b-1a506b0aacd8 bf75008de822461c9cbfc8d918527859 af12ea7f31f74851a5cac40a6ae1feb9 - - default default] 10.0.0.84 "POST /v2.0/subnetpools HTTP/1.1" status: 201 len: 715 time: 0.2569201
2026-07-09 14:35:00.777 10 INFO neutron.wsgi [None req-89e63d38-db9a-4717-a4f3-cb5d3316143d bf75008de822461c9cbfc8d918527859 af12ea7f31f74851a5cac40a6ae1feb9 - - default default] 10.0.0.84 "PUT /v2.0/subnetpools/23d1dd65-e61a-4169-8e06-10b1ac0a5100/tags HTTP/1.1" status: 200 len: 218 time: 0.0962515
2026-07-09 14:35:00.838 9 INFO neutron.wsgi [None req-69e94916-9e50-495a-9542-285fded263cb bf75008de822461c9cbfc8d918527859 af12ea7f31f74851a5cac40a6ae1feb9 - - default default] 10.0.0.84 "GET /v2.0/subnetpools/23d1dd65-e61a-4169-8e06-10b1ac0a5100/tags HTTP/1.1" status: 200 len: 218 time: 0.0555398
2026-07-09 14:35:00.870 10 INFO neutron.db.ovn_revision_numbers_db [None req-9c6e6993-6c99-4877-b261-436a47194620 199150c440344db3abbdbc559e7ed3e2 e64ea4b67fb94dc9a10b7fe8781cbfc2 - - default default] Successfully bumped revision number for resource 46269987-9939-4fbc-a3de-2b892cb6db01 (type: networks) to 1
2026-07-09 14:35:00.885 9 INFO neutron.wsgi [None req-069fbac1-afd9-4f34-bfce-0cfc175e08a8 bf75008de822461c9cbfc8d918527859 af12ea7f31f74851a5cac40a6ae1feb9 - - default default] 10.0.0.84 "PUT /v2.0/subnetpools/23d1dd65-e61a-4169-8e06-10b1ac0a5100/tags/green HTTP/1.1" status: 201 len: 201 time: 0.0423565
2026-07-09 14:35:00.922 9 INFO neutron.wsgi [None req-6f63618f-e247-48a9-8b4f-810b4a588ebb bf75008de822461c9cbfc8d918527859 af12ea7f31f74851a5cac40a6ae1feb9 - - default default] 10.0.0.84 "GET /v2.0/subnetpools/23d1dd65-e61a-4169-8e06-10b1ac0a5100/tags HTTP/1.1" status: 200 len: 227 time: 0.0330465
2026-07-09 14:35:00.961 9 INFO neutron.wsgi [None req-5f4897be-3f49-4218-bf64-ff215bb991ff bf75008de822461c9cbfc8d918527859 af12ea7f31f74851a5cac40a6ae1feb9 - - default default] 10.0.0.84 "PUT /v2.0/subnetpools/23d1dd65-e61a-4169-8e06-10b1ac0a5100/tags/red HTTP/1.1" status: 201 len: 201 time: 0.0332999
2026-07-09 14:35:01.003 9 INFO neutron.wsgi [None req-180854df-2071-4db2-b0bc-e62e68a3f4aa bf75008de822461c9cbfc8d918527859 af12ea7f31f74851a5cac40a6ae1feb9 - - default default] 10.0.0.84 "GET /v2.0/subnetpools/23d1dd65-e61a-4169-8e06-10b1ac0a5100/tags HTTP/1.1" status: 200 len: 227 time: 0.0378859
2026-07-09 14:35:01.107 9 INFO neutron.wsgi [None req-1a3a11df-8729-46af-8a23-00c48a6acb37 bf75008de822461c9cbfc8d918527859 af12ea7f31f74851a5cac40a6ae1feb9 - - default default] 10.0.0.84 "PUT /v2.0/subnetpools/23d1dd65-e61a-4169-8e06-10b1ac0a5100/tags/black.or.white HTTP/1.1" status: 201 len: 201 time: 0.0989921
2026-07-09 14:35:01.210 9 INFO neutron.wsgi [None req-eb4a4d86-30bb-4e52-9963-081cd5886ce8 bf75008de822461c9cbfc8d918527859 af12ea7f31f74851a5cac40a6ae1feb9 - - default default] 10.0.0.84 "GET /v2.0/subnetpools/23d1dd65-e61a-4169-8e06-10b1ac0a5100/tags HTTP/1.1" status: 200 len: 245 time: 0.0931895
2026-07-09 14:35:01.270 9 INFO neutron.wsgi [None req-54530290-059e-48b6-831b-5f596c6b328b bf75008de822461c9cbfc8d918527859 af12ea7f31f74851a5cac40a6ae1feb9 - - default default] 10.0.0.84 "PUT /v2.0/subnetpools/23d1dd65-e61a-4169-8e06-10b1ac0a5100/tags HTTP/1.1" status: 200 len: 230 time: 0.0528252
2026-07-09 14:35:01.331 9 INFO neutron.wsgi [None req-1d8e4da9-74e8-49f7-bcfe-fb496c855cf6 bf75008de822461c9cbfc8d918527859 af12ea7f31f74851a5cac40a6ae1feb9 - - default default] 10.0.0.84 "GET /v2.0/subnetpools/23d1dd65-e61a-4169-8e06-10b1ac0a5100/tags HTTP/1.1" status: 200 len: 230 time: 0.0551405
2026-07-09 14:35:01.386 9 INFO neutron.wsgi [None req-8db93dd5-5a75-4e97-a234-1e8a0b85ac5f bf75008de822461c9cbfc8d918527859 af12ea7f31f74851a5cac40a6ae1feb9 - - default default] 10.0.0.84 "GET /v2.0/subnetpools/23d1dd65-e61a-4169-8e06-10b1ac0a5100/tags/red HTTP/1.1" status: 204 len: 168 time: 0.0498476
2026-07-09 14:35:01.425 9 INFO neutron.api.v2.resource [None req-261cc4ed-8024-4f92-9e6b-646104673152 bf75008de822461c9cbfc8d918527859 af12ea7f31f74851a5cac40a6ae1feb9 - - default default] show failed (client error): The resource could not be found.
2026-07-09 14:35:01.426 9 INFO neutron.wsgi [None req-261cc4ed-8024-4f92-9e6b-646104673152 bf75008de822461c9cbfc8d918527859 af12ea7f31f74851a5cac40a6ae1feb9 - - default default] 10.0.0.84 "GET /v2.0/subnetpools/23d1dd65-e61a-4169-8e06-10b1ac0a5100/tags/green HTTP/1.1" status: 404 len: 299 time: 0.0291882
2026-07-09 14:35:01.471 10 WARNING neutron.scheduler.dhcp_agent_scheduler [None req-9c6e6993-6c99-4877-b261-436a47194620 199150c440344db3abbdbc559e7ed3e2 e64ea4b67fb94dc9a10b7fe8781cbfc2 - - default default] No more DHCP agents
2026-07-09 14:35:01.482 10 WARNING neutron.api.rpc.agentnotifiers.dhcp_rpc_agent_api [None req-9c6e6993-6c99-4877-b261-436a47194620 199150c440344db3abbdbc559e7ed3e2 e64ea4b67fb94dc9a10b7fe8781cbfc2 - - default default] Unable to schedule network 46269987-9939-4fbc-a3de-2b892cb6db01: no agents available; will retry on subsequent port and subnet creation events.
2026-07-09 14:35:01.483 9 INFO neutron.wsgi [None req-f2cfbdd6-c25f-452a-95b4-576364efd16a bf75008de822461c9cbfc8d918527859 af12ea7f31f74851a5cac40a6ae1feb9 - - default default] 10.0.0.84 "DELETE /v2.0/subnetpools/23d1dd65-e61a-4169-8e06-10b1ac0a5100/tags/red HTTP/1.1" status: 204 len: 168 time: 0.0511944
2026-07-09 14:35:01.532 10 INFO neutron.wsgi [None req-a83471ec-0d16-4244-9a2d-435edb861e40 bf75008de822461c9cbfc8d918527859 af12ea7f31f74851a5cac40a6ae1feb9 - - default default] 10.0.0.84 "GET /v2.0/subnetpools/23d1dd65-e61a-4169-8e06-10b1ac0a5100/tags HTTP/1.1" status: 200 len: 223 time: 0.0425079
