2026-07-09 14:38:06.677 9 INFO neutron.wsgi [req-0a301dc3-7a95-48f1-8539-a5777cab8796 req-f1689362-ba24-446b-960e-243aecdca0a7 1d5fcf759944402684510e42b4778f58 db2e5f1105f74b2fa122d3dd783d2b5f - - 74f1ce842aef429182ec85dbc71b8ded 74f1ce842aef429182ec85dbc71b8ded] 199.19.213.105 "GET /v2.0/floatingips?fixed_ip_address=10.2.1.32&port_id=0410b604-ae78-44a4-a33b-cae3c5067c43 HTTP/1.1" status: 200 len: 217 time: 0.0325432
2026-07-09 14:38:06.740 9 INFO neutron.wsgi [req-0a301dc3-7a95-48f1-8539-a5777cab8796 req-d4508e82-b65e-4cef-aeca-e98dbebaf2f9 1d5fcf759944402684510e42b4778f58 db2e5f1105f74b2fa122d3dd783d2b5f - - 74f1ce842aef429182ec85dbc71b8ded 74f1ce842aef429182ec85dbc71b8ded] 199.19.213.105 "GET /v2.0/subnets?id=48218e14-86b8-4ddb-9d4d-12c16b2ba9a9 HTTP/1.1" status: 200 len: 851 time: 0.0531042
2026-07-09 14:38:06.782 9 INFO neutron.wsgi [req-0a301dc3-7a95-48f1-8539-a5777cab8796 req-6190a397-d96c-425b-a50f-bfd8360473a6 1d5fcf759944402684510e42b4778f58 db2e5f1105f74b2fa122d3dd783d2b5f - - 74f1ce842aef429182ec85dbc71b8ded 74f1ce842aef429182ec85dbc71b8ded] 199.19.213.105 "GET /v2.0/ports?network_id=3b11b86e-3515-4599-b62c-e86f3d40c57f&device_owner=network%3Adhcp HTTP/1.1" status: 200 len: 210 time: 0.0312660
2026-07-09 14:38:06.884 9 INFO neutron.wsgi [req-0a301dc3-7a95-48f1-8539-a5777cab8796 req-ccf44c7f-e5bb-425f-9435-f9b76bfa5760 1d5fcf759944402684510e42b4778f58 db2e5f1105f74b2fa122d3dd783d2b5f - - 74f1ce842aef429182ec85dbc71b8ded 74f1ce842aef429182ec85dbc71b8ded] 199.19.213.105 "GET /v2.0/networks/3b11b86e-3515-4599-b62c-e86f3d40c57f?fields=segments HTTP/1.1" status: 200 len: 212 time: 0.0956709
2026-07-09 14:38:06.890 10 INFO neutron.notifiers.nova [-] Nova event matching ['req-10765be6-dd4d-4188-9179-d106d1bc8451'] response: {'server_uuid': '315fc268-1ce6-4f95-9f4a-11c851916de1', 'name': 'network-vif-plugged', 'status': 'completed', 'tag': 'e01058fb-486f-43ce-8208-60a29e727b24', 'code': 200}
2026-07-09 14:38:06.969 9 INFO neutron.wsgi [req-0a301dc3-7a95-48f1-8539-a5777cab8796 req-b716d4eb-4715-42bc-bb9c-6c600f6b92b0 1d5fcf759944402684510e42b4778f58 db2e5f1105f74b2fa122d3dd783d2b5f - - 74f1ce842aef429182ec85dbc71b8ded 74f1ce842aef429182ec85dbc71b8ded] 199.19.213.105 "GET /v2.0/networks/3b11b86e-3515-4599-b62c-e86f3d40c57f?fields=provider%3Aphysical_network&fields=provider%3Anetwork_type HTTP/1.1" status: 200 len: 277 time: 0.0708859
2026-07-09 14:38:12.960 10 INFO neutron.wsgi [-] 10.0.0.137 "GET / HTTP/1.1" status: 200 len: 246 time: 0.0026402
2026-07-09 14:38:12.962 10 INFO neutron.wsgi [-] 10.0.0.137 "GET / HTTP/1.1" status: 200 len: 246 time: 0.0013709 /var/lib/openstack/lib/python3.10/site-packages/pycadf/identifier.py:71: UserWarning: Invalid uuid: neutron. To ensure interoperability, identifiers should be a valid uuid. warnings.warn(('Invalid uuid: %s. To ensure interoperability, '
2026-07-09 14:38:13.901 10 INFO neutron.wsgi [None req-89356fa0-9585-4bdd-bce9-aae575af0354 22165e82e85b47038d5e4c973809c3ac 363969c90b5d4636b34103ca5ae0b718 - - default default] 199.19.213.105 "GET /v2.0/extensions/security-group HTTP/1.1" status: 200 len: 369 time: 0.0075755
2026-07-09 14:38:13.920 10 INFO neutron.wsgi [None req-55535994-14cb-4294-998b-14060489563b 22165e82e85b47038d5e4c973809c3ac 363969c90b5d4636b34103ca5ae0b718 - - default default] 199.19.213.105 "GET /v2.0/extensions/dns-integration HTTP/1.1" status: 200 len: 371 time: 0.0112638
2026-07-09 14:38:13.935 10 INFO neutron.wsgi [None req-e7021802-82e7-41cd-b360-8014d68d6f0b 22165e82e85b47038d5e4c973809c3ac 363969c90b5d4636b34103ca5ae0b718 - - default default] 199.19.213.105 "GET /v2.0/extensions/qos HTTP/1.1" status: 200 len: 365 time: 0.0070837
2026-07-09 14:38:13.946 10 INFO neutron.wsgi [None req-97a469a7-ae96-419b-9f0a-6c9d8c7e0a84 22165e82e85b47038d5e4c973809c3ac 363969c90b5d4636b34103ca5ae0b718 - - default default] 199.19.213.105 "GET /v2.0/extensions/allowed-address-pairs HTTP/1.1" status: 200 len: 383 time: 0.0062635
2026-07-09 14:38:14.006 10 INFO neutron.wsgi [None req-415b185d-7d5d-4c39-b45f-d50e3b5f6d84 22165e82e85b47038d5e4c973809c3ac 363969c90b5d4636b34103ca5ae0b718 - - default default] 199.19.213.105 "GET /v2.0/ports?device_id=315fc268-1ce6-4f95-9f4a-11c851916de1 HTTP/1.1" status: 200 len: 3917 time: 0.0541296
2026-07-09 14:38:14.215 10 INFO neutron.wsgi [None req-38538cce-3899-47fb-956e-f07024fa14b6 22165e82e85b47038d5e4c973809c3ac 363969c90b5d4636b34103ca5ae0b718 - - default default] 199.19.213.105 "GET /v2.0/extensions/security-group HTTP/1.1" status: 200 len: 369 time: 0.0050113
2026-07-09 14:38:14.226 10 INFO neutron.wsgi [None req-0d459d84-fa94-4d7f-ad1a-c1fd220e860d 22165e82e85b47038d5e4c973809c3ac 363969c90b5d4636b34103ca5ae0b718 - - default default] 199.19.213.105 "GET /v2.0/extensions/dns-integration HTTP/1.1" status: 200 len: 371 time: 0.0062058
2026-07-09 14:38:14.237 10 INFO neutron.wsgi [None req-cee33188-5986-48db-93f5-9d601aaa98da 22165e82e85b47038d5e4c973809c3ac 363969c90b5d4636b34103ca5ae0b718 - - default default] 199.19.213.105 "GET /v2.0/extensions/qos HTTP/1.1" status: 200 len: 365 time: 0.0058115
2026-07-09 14:38:14.250 10 INFO neutron.wsgi [None req-73e28ed5-6c97-4b66-b226-84e5660314cc 22165e82e85b47038d5e4c973809c3ac 363969c90b5d4636b34103ca5ae0b718 - - default default] 199.19.213.105 "GET /v2.0/extensions/allowed-address-pairs HTTP/1.1" status: 200 len: 383 time: 0.0074806
2026-07-09 14:38:14.295 10 INFO neutron.wsgi [None req-b60f227b-1d92-4a34-aa57-0a22b6231c49 22165e82e85b47038d5e4c973809c3ac 363969c90b5d4636b34103ca5ae0b718 - - default default] 199.19.213.105 "GET /v2.0/ports/0410b604-ae78-44a4-a33b-cae3c5067c43 HTTP/1.1" status: 200 len: 1402 time: 0.0385683
2026-07-09 14:38:14.901 10 INFO neutron.db.ovn_revision_numbers_db [None req-25afc378-c73b-462e-9009-61d8465113e5 22165e82e85b47038d5e4c973809c3ac 363969c90b5d4636b34103ca5ae0b718 - - default default] Successfully bumped revision number for resource 0410b604-ae78-44a4-a33b-cae3c5067c43 (type: ports) to 6
2026-07-09 14:38:14.914 10 INFO neutron.wsgi [None req-25afc378-c73b-462e-9009-61d8465113e5 22165e82e85b47038d5e4c973809c3ac 363969c90b5d4636b34103ca5ae0b718 - - default default] 199.19.213.105 "PUT /v2.0/ports/0410b604-ae78-44a4-a33b-cae3c5067c43 HTTP/1.1" status: 200 len: 1203 time: 0.6100891 /var/lib/openstack/lib/python3.10/site-packages/pycadf/identifier.py:71: UserWarning: Invalid uuid: neutron. To ensure interoperability, identifiers should be a valid uuid. warnings.warn(('Invalid uuid: %s. To ensure interoperability, '
2026-07-09 14:38:15.060 9 INFO neutron.wsgi [req-95100a63-2382-4a24-aed5-0f861577492b req-ef62cc66-98f3-4fc7-bbb6-96e4dd7b992c 1d5fcf759944402684510e42b4778f58 db2e5f1105f74b2fa122d3dd783d2b5f - - 74f1ce842aef429182ec85dbc71b8ded 74f1ce842aef429182ec85dbc71b8ded] 199.19.213.105 "GET /v2.0/ports?tenant_id=363969c90b5d4636b34103ca5ae0b718&device_id=315fc268-1ce6-4f95-9f4a-11c851916de1 HTTP/1.1" status: 200 len: 3746 time: 0.0706158
2026-07-09 14:38:15.169 9 INFO neutron.wsgi [req-95100a63-2382-4a24-aed5-0f861577492b req-604c18c6-6c6c-4b1c-b131-07a37d7f2684 1d5fcf759944402684510e42b4778f58 db2e5f1105f74b2fa122d3dd783d2b5f - - 74f1ce842aef429182ec85dbc71b8ded 74f1ce842aef429182ec85dbc71b8ded] 199.19.213.105 "GET /v2.0/networks?id=3b11b86e-3515-4599-b62c-e86f3d40c57f HTTP/1.1" status: 200 len: 1003 time: 0.0962834
2026-07-09 14:38:15.268 9 INFO neutron.wsgi [req-95100a63-2382-4a24-aed5-0f861577492b req-5180533e-480c-4455-96bc-289e6dcd84e9 1d5fcf759944402684510e42b4778f58 db2e5f1105f74b2fa122d3dd783d2b5f - - 74f1ce842aef429182ec85dbc71b8ded 74f1ce842aef429182ec85dbc71b8ded] 199.19.213.105 "GET /v2.0/networks/3b11b86e-3515-4599-b62c-e86f3d40c57f?fields=segments HTTP/1.1" status: 200 len: 212 time: 0.0914748
2026-07-09 14:38:15.362 9 INFO neutron.wsgi [req-95100a63-2382-4a24-aed5-0f861577492b req-776f7453-7f5b-46ab-9c17-3fccee341152 1d5fcf759944402684510e42b4778f58 db2e5f1105f74b2fa122d3dd783d2b5f - - 74f1ce842aef429182ec85dbc71b8ded 74f1ce842aef429182ec85dbc71b8ded] 199.19.213.105 "GET /v2.0/networks/3b11b86e-3515-4599-b62c-e86f3d40c57f?fields=provider%3Aphysical_network&fields=provider%3Anetwork_type HTTP/1.1" status: 200 len: 277 time: 0.0882385
2026-07-09 14:38:15.373 10 INFO neutron.notifiers.nova [-] Nova event matching ['req-fc3f29bc-4adc-4089-8988-3488be381a24'] response: {'name': 'network-changed', 'server_uuid': '315fc268-1ce6-4f95-9f4a-11c851916de1', 'tag': '0410b604-ae78-44a4-a33b-cae3c5067c43', 'status': 'completed', 'code': 200}
2026-07-09 14:38:15.413 10 INFO neutron.wsgi [None req-b8cc71e1-9dce-40df-bb64-820401759a1e 22165e82e85b47038d5e4c973809c3ac 363969c90b5d4636b34103ca5ae0b718 - - default default] 199.19.213.105 "GET /v2.0/networks/3b11b86e-3515-4599-b62c-e86f3d40c57f HTTP/1.1" status: 200 len: 1000 time: 0.4904542
2026-07-09 14:38:15.468 10 INFO neutron.wsgi [None req-00f027d1-de30-46e7-9604-7dc3a85aca7c 22165e82e85b47038d5e4c973809c3ac 363969c90b5d4636b34103ca5ae0b718 - - default default] 199.19.213.105 "GET /v2.0/ports?device_id=315fc268-1ce6-4f95-9f4a-11c851916de1 HTTP/1.1" status: 200 len: 3746 time: 0.0481861
2026-07-09 14:38:15.596 10 INFO neutron.wsgi [None req-0f82fe49-1481-40ca-bc23-e1861df8fcac 22165e82e85b47038d5e4c973809c3ac 363969c90b5d4636b34103ca5ae0b718 - - default default] 199.19.213.105 "GET /v2.0/ports?device_id=315fc268-1ce6-4f95-9f4a-11c851916de1 HTTP/1.1" status: 200 len: 3746 time: 0.0569084
2026-07-09 14:38:15.866 9 INFO neutron.plugins.ml2.drivers.ovn.mech_driver.mech_driver [None req-c60e288d-308e-40bc-ae3b-5ea198d3e5e5 - - - - - -] OVN reports status down for port: 0410b604-ae78-44a4-a33b-cae3c5067c43
2026-07-09 14:38:15.938 9 INFO neutron.wsgi [req-f1e7bee2-31e2-42f3-b035-85765e937ad0 req-3c8a5918-2365-45fe-a6e0-1cf3c4372923 1d5fcf759944402684510e42b4778f58 db2e5f1105f74b2fa122d3dd783d2b5f - - 74f1ce842aef429182ec85dbc71b8ded 74f1ce842aef429182ec85dbc71b8ded] 199.19.213.105 "GET /v2.0/ports/0410b604-ae78-44a4-a33b-cae3c5067c43 HTTP/1.1" status: 200 len: 1231 time: 0.0476532
2026-07-09 14:38:16.111 9 INFO neutron.notifiers.nova [-] Nova event matching ['req-455213f2-a009-4448-bdd4-5158a9b22759'] response: {'server_uuid': '315fc268-1ce6-4f95-9f4a-11c851916de1', 'name': 'network-vif-unplugged', 'status': 'completed', 'tag': '0410b604-ae78-44a4-a33b-cae3c5067c43', 'code': 200}
2026-07-09 14:38:16.406 9 INFO neutron.db.ovn_revision_numbers_db [None req-c60e288d-308e-40bc-ae3b-5ea198d3e5e5 - - - - - -] Successfully bumped revision number for resource 0410b604-ae78-44a4-a33b-cae3c5067c43 (type: ports) to 7
2026-07-09 14:38:16.413 9 ERROR ovsdbapp.backend.ovs_idl.command [None req-c60e288d-308e-40bc-ae3b-5ea198d3e5e5 - - - - - -] Error executing command (LspGetUpCommand): ovsdbapp.backend.ovs_idl.idlutils.RowNotFound: Cannot find Logical_Switch_Port with name=0410b604-ae78-44a4-a33b-cae3c5067c43
2026-07-09 14:38:16.413 9 ERROR ovsdbapp.backend.ovs_idl.command
Traceback (most recent call last):
2026-07-09 14:38:16.413 9 ERROR ovsdbapp.backend.ovs_idl.command
File "/var/lib/openstack/lib/python3.10/site-packages/ovsdbapp/backend/ovs_idl/command.py", line 47, in execute
2026-07-09 14:38:16.413 9 ERROR ovsdbapp.backend.ovs_idl.command self.run_idl(None)
2026-07-09 14:38:16.413 9 ERROR ovsdbapp.backend.ovs_idl.command
File "/var/lib/openstack/lib/python3.10/site-packages/ovsdbapp/schema/ovn_northbound/commands.py", line 672, in run_idl
2026-07-09 14:38:16.413 9 ERROR ovsdbapp.backend.ovs_idl.command lsp = self.api.lookup('Logical_Switch_Port', self.port)
2026-07-09 14:38:16.413 9 ERROR ovsdbapp.backend.ovs_idl.command
File "/var/lib/openstack/lib/python3.10/site-packages/ovsdbapp/backend/ovs_idl/__init__.py", line 184, in lookup
2026-07-09 14:38:16.413 9 ERROR ovsdbapp.backend.ovs_idl.command return self._lookup(table, record)
2026-07-09 14:38:16.413 9 ERROR ovsdbapp.backend.ovs_idl.command
File "/var/lib/openstack/lib/python3.10/site-packages/ovsdbapp/backend/ovs_idl/__init__.py", line 235, in _lookup
2026-07-09 14:38:16.413 9 ERROR ovsdbapp.backend.ovs_idl.command row = idlutils.row_by_value(self, rl.table, rl.column, record)
2026-07-09 14:38:16.413 9 ERROR ovsdbapp.backend.ovs_idl.command
File "/var/lib/openstack/lib/python3.10/site-packages/ovsdbapp/backend/ovs_idl/idlutils.py", line 114, in row_by_value
2026-07-09 14:38:16.413 9 ERROR ovsdbapp.backend.ovs_idl.command raise RowNotFound(table=table, col=column, match=match)
2026-07-09 14:38:16.413 9 ERROR ovsdbapp.backend.ovs_idl.command ovsdbapp.backend.ovs_idl.idlutils.RowNotFound: Cannot find Logical_Switch_Port with name=0410b604-ae78-44a4-a33b-cae3c5067c43
2026-07-09 14:38:16.413 9 ERROR ovsdbapp.backend.ovs_idl.command 
2026-07-09 14:38:16.416 9 ERROR ovsdbapp.event [None req-c60e288d-308e-40bc-ae3b-5ea198d3e5e5 - - - - - -] Unexpected exception in notify_loop: ovsdbapp.backend.ovs_idl.idlutils.RowNotFound: Cannot find Logical_Switch_Port with name=0410b604-ae78-44a4-a33b-cae3c5067c43
2026-07-09 14:38:16.416 9 ERROR ovsdbapp.event
Traceback (most recent call last):
2026-07-09 14:38:16.416 9 ERROR ovsdbapp.event
File "/var/lib/openstack/lib/python3.10/site-packages/ovsdbapp/event.py", line 177, in notify_loop
2026-07-09 14:38:16.416 9 ERROR ovsdbapp.event match.run(event, row, updates)
2026-07-09 14:38:16.416 9 ERROR ovsdbapp.event
File "/var/lib/openstack/lib/python3.10/site-packages/neutron/plugins/ml2/drivers/ovn/mech_driver/ovsdb/ovsdb_monitor.py", line 543, in run
2026-07-09 14:38:16.416 9 ERROR ovsdbapp.event self.driver.set_port_status_down(row.name)
2026-07-09 14:38:16.416 9 ERROR ovsdbapp.event
File "/var/lib/openstack/lib/python3.10/site-packages/neutron/plugins/ml2/drivers/ovn/mech_driver/mech_driver.py", line 1241, in set_port_status_down
2026-07-09 14:38:16.416 9 ERROR ovsdbapp.event self._ovn_client.update_lsp_host_info(
2026-07-09 14:38:16.416 9 ERROR ovsdbapp.event
File "/var/lib/openstack/lib/python3.10/site-packages/neutron/plugins/ml2/drivers/ovn/mech_driver/ovsdb/ovn_client.py", line 297, in update_lsp_host_info
2026-07-09 14:38:16.416 9 ERROR ovsdbapp.event port_up = self._nb_idl.lsp_get_up(db_port.id).execute(
2026-07-09 14:38:16.416 9 ERROR ovsdbapp.event
File "/var/lib/openstack/lib/python3.10/site-packages/ovsdbapp/backend/ovs_idl/command.py", line 47, in execute
2026-07-09 14:38:16.416 9 ERROR ovsdbapp.event self.run_idl(None)
2026-07-09 14:38:16.416 9 ERROR ovsdbapp.event
File "/var/lib/openstack/lib/python3.10/site-packages/ovsdbapp/schema/ovn_northbound/commands.py", line 672, in run_idl
2026-07-09 14:38:16.416 9 ERROR ovsdbapp.event lsp = self.api.lookup('Logical_Switch_Port', self.port)
2026-07-09 14:38:16.416 9 ERROR ovsdbapp.event
File "/var/lib/openstack/lib/python3.10/site-packages/ovsdbapp/backend/ovs_idl/__init__.py", line 184, in lookup
2026-07-09 14:38:16.416 9 ERROR ovsdbapp.event return self._lookup(table, record)
2026-07-09 14:38:16.416 9 ERROR ovsdbapp.event
File "/var/lib/openstack/lib/python3.10/site-packages/ovsdbapp/backend/ovs_idl/__init__.py", line 235, in _lookup
2026-07-09 14:38:16.416 9 ERROR ovsdbapp.event row = idlutils.row_by_value(self, rl.table, rl.column, record)
2026-07-09 14:38:16.416 9 ERROR ovsdbapp.event
File "/var/lib/openstack/lib/python3.10/site-packages/ovsdbapp/backend/ovs_idl/idlutils.py", line 114, in row_by_value
2026-07-09 14:38:16.416 9 ERROR ovsdbapp.event raise RowNotFound(table=table, col=column, match=match)
2026-07-09 14:38:16.416 9 ERROR ovsdbapp.event ovsdbapp.backend.ovs_idl.idlutils.RowNotFound: Cannot find Logical_Switch_Port with name=0410b604-ae78-44a4-a33b-cae3c5067c43
2026-07-09 14:38:16.416 9 ERROR ovsdbapp.event 
2026-07-09 14:38:16.422 9 INFO neutron.wsgi [req-f1e7bee2-31e2-42f3-b035-85765e937ad0 req-5cd10312-bfb4-45ab-99f9-39e1b59502dc 22165e82e85b47038d5e4c973809c3ac 363969c90b5d4636b34103ca5ae0b718 - - default default] 199.19.213.105 "DELETE /v2.0/ports/0410b604-ae78-44a4-a33b-cae3c5067c43 HTTP/1.1" status: 204 len: 173 time: 0.4784994
2026-07-09 14:38:16.543 9 INFO neutron.wsgi [req-f1e7bee2-31e2-42f3-b035-85765e937ad0 req-4ec9314e-4f68-4193-89ed-5353377ef42d 1d5fcf759944402684510e42b4778f58 db2e5f1105f74b2fa122d3dd783d2b5f - - 74f1ce842aef429182ec85dbc71b8ded 74f1ce842aef429182ec85dbc71b8ded] 199.19.213.105 "GET /v2.0/ports?tenant_id=363969c90b5d4636b34103ca5ae0b718&device_id=315fc268-1ce6-4f95-9f4a-11c851916de1 HTTP/1.1" status: 200 len: 2723 time: 0.0585299
2026-07-09 14:38:16.658 9 INFO neutron.wsgi [req-f1e7bee2-31e2-42f3-b035-85765e937ad0 req-8cf268aa-4798-4bc1-85c4-89c04752c95f 1d5fcf759944402684510e42b4778f58 db2e5f1105f74b2fa122d3dd783d2b5f - - 74f1ce842aef429182ec85dbc71b8ded 74f1ce842aef429182ec85dbc71b8ded] 199.19.213.105 "GET /v2.0/networks?id=dabbe024-978a-4a61-91fa-d18b5c9200ba&id=1784b946-3da6-4488-ba5d-cc3cd72d33e5&id=3b11b86e-3515-4599-b62c-e86f3d40c57f HTTP/1.1" status: 200 len: 2519 time: 0.1040204
2026-07-09 14:38:16.668 10 INFO neutron.wsgi [None req-800df179-2c7a-436b-b75b-f79b4e688a76 22165e82e85b47038d5e4c973809c3ac 363969c90b5d4636b34103ca5ae0b718 - - default default] 199.19.213.105 "GET /v2.0/ports?device_id=315fc268-1ce6-4f95-9f4a-11c851916de1 HTTP/1.1" status: 200 len: 2723 time: 0.0616293
2026-07-09 14:38:16.697 9 INFO neutron.wsgi [req-f1e7bee2-31e2-42f3-b035-85765e937ad0 req-ed809f09-e8b2-4383-ac16-0c1b9361d3ff 1d5fcf759944402684510e42b4778f58 db2e5f1105f74b2fa122d3dd783d2b5f - - 74f1ce842aef429182ec85dbc71b8ded 74f1ce842aef429182ec85dbc71b8ded] 199.19.213.105 "GET /v2.0/floatingips?fixed_ip_address=172.24.0.93&port_id=2b0c4de5-397a-4de5-82d8-795e791d5b87 HTTP/1.1" status: 200 len: 217 time: 0.0320468
2026-07-09 14:38:16.717 10 INFO neutron.pecan_wsgi.hooks.translation [None req-97e8d4c2-2e9f-4180-accc-18272effd658 22165e82e85b47038d5e4c973809c3ac 363969c90b5d4636b34103ca5ae0b718 - - default default] DELETE failed (client error): The resource could not be found.
2026-07-09 14:38:16.722 10 INFO neutron.wsgi [None req-97e8d4c2-2e9f-4180-accc-18272effd658 22165e82e85b47038d5e4c973809c3ac 363969c90b5d4636b34103ca5ae0b718 - - default default] 199.19.213.105 "DELETE /v2.0/ports/0410b604-ae78-44a4-a33b-cae3c5067c43 HTTP/1.1" status: 404 len: 338 time: 0.0394104
2026-07-09 14:38:16.745 9 INFO neutron.wsgi [req-f1e7bee2-31e2-42f3-b035-85765e937ad0 req-ea453f0b-31b5-4666-96b6-5d4751784c66 1d5fcf759944402684510e42b4778f58 db2e5f1105f74b2fa122d3dd783d2b5f - - 74f1ce842aef429182ec85dbc71b8ded 74f1ce842aef429182ec85dbc71b8ded] 199.19.213.105 "GET /v2.0/subnets?id=2f5c770b-f423-45e7-91b0-25fc8f9bb348 HTTP/1.1" status: 200 len: 829 time: 0.0417109
2026-07-09 14:38:16.784 9 INFO neutron.wsgi [req-f1e7bee2-31e2-42f3-b035-85765e937ad0 req-8e987f2d-6b9d-4b60-b3e2-b8f5dbd8fda8 1d5fcf759944402684510e42b4778f58 db2e5f1105f74b2fa122d3dd783d2b5f - - 74f1ce842aef429182ec85dbc71b8ded 74f1ce842aef429182ec85dbc71b8ded] 199.19.213.105 "GET /v2.0/ports?network_id=dabbe024-978a-4a61-91fa-d18b5c9200ba&device_owner=network%3Adhcp HTTP/1.1" status: 200 len: 210 time: 0.0320816
2026-07-09 14:38:16.908 9 INFO neutron.wsgi [req-f1e7bee2-31e2-42f3-b035-85765e937ad0 req-d1f87e11-07b6-469c-9c30-c8372602e7e2 1d5fcf759944402684510e42b4778f58 db2e5f1105f74b2fa122d3dd783d2b5f - - 74f1ce842aef429182ec85dbc71b8ded 74f1ce842aef429182ec85dbc71b8ded] 199.19.213.105 "GET /v2.0/networks/dabbe024-978a-4a61-91fa-d18b5c9200ba?fields=segments HTTP/1.1" status: 200 len: 212 time: 0.1103239
2026-07-09 14:38:16.928 10 INFO neutron.wsgi [None req-32d8ca17-c680-4097-8751-82d9b2817020 22165e82e85b47038d5e4c973809c3ac 363969c90b5d4636b34103ca5ae0b718 - - default default] 199.19.213.105 "GET /v2.0/extensions/security-group HTTP/1.1" status: 200 len: 369 time: 0.0101321
2026-07-09 14:38:16.945 10 INFO neutron.wsgi [None req-a2af51c4-8d66-4473-9459-8307f322e97d 22165e82e85b47038d5e4c973809c3ac 363969c90b5d4636b34103ca5ae0b718 - - default default] 199.19.213.105 "GET /v2.0/extensions/dns-integration HTTP/1.1" status: 200 len: 371 time: 0.0116534
2026-07-09 14:38:16.960 10 INFO neutron.wsgi [None req-0da94b78-313e-4571-b5ab-30e0ca607233 22165e82e85b47038d5e4c973809c3ac 363969c90b5d4636b34103ca5ae0b718 - - default default] 199.19.213.105 "GET /v2.0/extensions/qos HTTP/1.1" status: 200 len: 365 time: 0.0079761
2026-07-09 14:38:16.973 10 INFO neutron.wsgi [None req-a2c677ed-b6a9-438a-a42e-4ff15c843543 22165e82e85b47038d5e4c973809c3ac 363969c90b5d4636b34103ca5ae0b718 - - default default] 199.19.213.105 "GET /v2.0/extensions/allowed-address-pairs HTTP/1.1" status: 200 len: 383 time: 0.0083270
2026-07-09 14:38:17.002 9 INFO neutron.wsgi [req-f1e7bee2-31e2-42f3-b035-85765e937ad0 req-57de4d24-28e3-4bfb-a05b-703fc72de85e 1d5fcf759944402684510e42b4778f58 db2e5f1105f74b2fa122d3dd783d2b5f - - 74f1ce842aef429182ec85dbc71b8ded 74f1ce842aef429182ec85dbc71b8ded] 199.19.213.105 "GET /v2.0/networks/dabbe024-978a-4a61-91fa-d18b5c9200ba?fields=provider%3Aphysical_network&fields=provider%3Anetwork_type HTTP/1.1" status: 200 len: 277 time: 0.0869431
2026-07-09 14:38:17.029 10 INFO neutron.wsgi [None req-6dd23dd9-c3c2-4aa2-a6d6-f21a5048a2a3 22165e82e85b47038d5e4c973809c3ac 363969c90b5d4636b34103ca5ae0b718 - - default default] 199.19.213.105 "GET /v2.0/subnets/d9317385-e15a-4949-9c29-855b40c46311 HTTP/1.1" status: 200 len: 851 time: 0.0484211
2026-07-09 14:38:17.042 9 INFO neutron.wsgi [req-f1e7bee2-31e2-42f3-b035-85765e937ad0 req-d4f0e683-a565-451d-b3d3-469565a49384 1d5fcf759944402684510e42b4778f58 db2e5f1105f74b2fa122d3dd783d2b5f - - 74f1ce842aef429182ec85dbc71b8ded 74f1ce842aef429182ec85dbc71b8ded] 199.19.213.105 "GET /v2.0/floatingips?fixed_ip_address=10.1.1.110&port_id=ca1d27e5-943f-46a0-afa1-c36a435c3242 HTTP/1.1" status: 200 len: 217 time: 0.0308926
2026-07-09 14:38:17.096 10 INFO neutron.wsgi [None req-0e72afd1-6052-40a0-918b-1267ddda2aed 22165e82e85b47038d5e4c973809c3ac 363969c90b5d4636b34103ca5ae0b718 - - default default] 199.19.213.105 "GET /v2.0/ports/b824af7f-955e-4c90-bdf6-fdd64cadaf40 HTTP/1.1" status: 200 len: 1336 time: 0.0594416
2026-07-09 14:38:17.104 9 INFO neutron.wsgi [req-f1e7bee2-31e2-42f3-b035-85765e937ad0 req-50bf8365-fa09-456b-b7e5-fdb0a1c23e06 1d5fcf759944402684510e42b4778f58 db2e5f1105f74b2fa122d3dd783d2b5f - - 74f1ce842aef429182ec85dbc71b8ded 74f1ce842aef429182ec85dbc71b8ded] 199.19.213.105 "GET /v2.0/subnets?id=d9317385-e15a-4949-9c29-855b40c46311 HTTP/1.1" status: 200 len: 854 time: 0.0530050
2026-07-09 14:38:17.141 9 INFO neutron.wsgi [req-f1e7bee2-31e2-42f3-b035-85765e937ad0 req-c5d9ec73-d012-4467-ab02-873fb0797b9b 1d5fcf759944402684510e42b4778f58 db2e5f1105f74b2fa122d3dd783d2b5f - - 74f1ce842aef429182ec85dbc71b8ded 74f1ce842aef429182ec85dbc71b8ded] 199.19.213.105 "GET /v2.0/ports?network_id=1784b946-3da6-4488-ba5d-cc3cd72d33e5&device_owner=network%3Adhcp HTTP/1.1" status: 200 len: 210 time: 0.0270927
2026-07-09 14:38:17.158 10 INFO neutron.wsgi [None req-f07e386e-1afd-4024-a51c-ef5853d0adde 22165e82e85b47038d5e4c973809c3ac 363969c90b5d4636b34103ca5ae0b718 - - default default] 199.19.213.105 "GET /v2.0/ports/ca1d27e5-943f-46a0-afa1-c36a435c3242 HTTP/1.1" status: 200 len: 1518 time: 0.0525095
2026-07-09 14:38:17.250 10 INFO neutron.wsgi [None req-0394747c-f0f9-41a3-aa39-e6ff68d1e7d9 22165e82e85b47038d5e4c973809c3ac 363969c90b5d4636b34103ca5ae0b718 - - default default] 199.19.213.105 "GET /v2.0/subnets/d9317385-e15a-4949-9c29-855b40c46311 HTTP/1.1" status: 200 len: 851 time: 0.0820098
2026-07-09 14:38:17.259 9 INFO neutron.wsgi [req-f1e7bee2-31e2-42f3-b035-85765e937ad0 req-eea4f2bb-86ce-4f59-b507-afcd05f211d3 1d5fcf759944402684510e42b4778f58 db2e5f1105f74b2fa122d3dd783d2b5f - - 74f1ce842aef429182ec85dbc71b8ded 74f1ce842aef429182ec85dbc71b8ded] 199.19.213.105 "GET /v2.0/networks/1784b946-3da6-4488-ba5d-cc3cd72d33e5?fields=segments HTTP/1.1" status: 200 len: 212 time: 0.1029792
2026-07-09 14:38:17.341 10 INFO neutron.wsgi [None req-578a80ba-4ff8-43c3-8111-1b1b1dc5aac2 22165e82e85b47038d5e4c973809c3ac 363969c90b5d4636b34103ca5ae0b718 - - default default] 199.19.213.105 "GET /v2.0/networks/1784b946-3da6-4488-ba5d-cc3cd72d33e5 HTTP/1.1" status: 200 len: 1001 time: 0.0852382
2026-07-09 14:38:17.364 9 INFO neutron.wsgi [req-f1e7bee2-31e2-42f3-b035-85765e937ad0 req-f2def9ac-c775-408b-a974-d6955cb5f661 1d5fcf759944402684510e42b4778f58 db2e5f1105f74b2fa122d3dd783d2b5f - - 74f1ce842aef429182ec85dbc71b8ded 74f1ce842aef429182ec85dbc71b8ded] 199.19.213.105 "GET /v2.0/networks/1784b946-3da6-4488-ba5d-cc3cd72d33e5?fields=provider%3Aphysical_network&fields=provider%3Anetwork_type HTTP/1.1" status: 200 len: 277 time: 0.0934029
2026-07-09 14:38:17.393 10 INFO neutron.wsgi [None req-30a3b210-9991-4160-89e9-d91315682fde 22165e82e85b47038d5e4c973809c3ac 363969c90b5d4636b34103ca5ae0b718 - - default default] 199.19.213.105 "GET /v2.0/ports/b824af7f-955e-4c90-bdf6-fdd64cadaf40 HTTP/1.1" status: 200 len: 1336 time: 0.0461321
2026-07-09 14:38:17.458 10 INFO neutron.wsgi [None req-09f17d2e-a03f-45af-bd8d-553e1b87f5a0 22165e82e85b47038d5e4c973809c3ac 363969c90b5d4636b34103ca5ae0b718 - - default default] 199.19.213.105 "GET /v2.0/subnets/d9317385-e15a-4949-9c29-855b40c46311 HTTP/1.1" status: 200 len: 851 time: 0.0562234
2026-07-09 14:38:18.154 9 INFO neutron.notifiers.nova [-] Nova event matching ['req-67c07147-bff8-42df-a504-3aff5ad5dbbe'] response: {'server_uuid': '315fc268-1ce6-4f95-9f4a-11c851916de1', 'name': 'network-vif-plugged', 'status': 'completed', 'tag': '0410b604-ae78-44a4-a33b-cae3c5067c43', 'code': 200}
2026-07-09 14:38:18.154 9 INFO neutron.notifiers.nova [-] Nova event matching ['req-67c07147-bff8-42df-a504-3aff5ad5dbbe'] response: {'server_uuid': '315fc268-1ce6-4f95-9f4a-11c851916de1', 'name': 'network-vif-deleted', 'tag': '0410b604-ae78-44a4-a33b-cae3c5067c43', 'status': 'completed', 'code': 200}
2026-07-09 14:38:22.219 9 INFO neutron.wsgi [req-e44ee1e6-17c5-4781-a374-3b61afe79945 req-d310ec8d-cb2f-4f07-bddb-9867dc64ddf9 1d5fcf759944402684510e42b4778f58 db2e5f1105f74b2fa122d3dd783d2b5f - - 74f1ce842aef429182ec85dbc71b8ded 74f1ce842aef429182ec85dbc71b8ded] 199.19.213.105 "GET /v2.0/ports?device_id=5abf512c-fc77-4538-9f22-2f6d18781595&fields=binding%3Ahost_id&fields=binding%3Avif_type HTTP/1.1" status: 200 len: 265 time: 0.0496795
2026-07-09 14:38:22.319 9 INFO neutron.wsgi [req-e44ee1e6-17c5-4781-a374-3b61afe79945 req-3f11f7ca-bf90-4c89-86cf-937b24920d19 1d5fcf759944402684510e42b4778f58 db2e5f1105f74b2fa122d3dd783d2b5f - - 74f1ce842aef429182ec85dbc71b8ded 74f1ce842aef429182ec85dbc71b8ded] 199.19.213.105 "GET /v2.0/ports?tenant_id=e64ea4b67fb94dc9a10b7fe8781cbfc2&device_id=5abf512c-fc77-4538-9f22-2f6d18781595 HTTP/1.1" status: 200 len: 1638 time: 0.0520465
2026-07-09 14:38:22.448 9 INFO neutron.wsgi [req-e44ee1e6-17c5-4781-a374-3b61afe79945 req-552bd3ae-92c2-442b-b8d7-617f60f11fa0 1d5fcf759944402684510e42b4778f58 db2e5f1105f74b2fa122d3dd783d2b5f - - 74f1ce842aef429182ec85dbc71b8ded 74f1ce842aef429182ec85dbc71b8ded] 199.19.213.105 "GET /v2.0/networks?id=3b11b86e-3515-4599-b62c-e86f3d40c57f HTTP/1.1" status: 200 len: 1003 time: 0.1029620
2026-07-09 14:38:22.603 9 INFO neutron.wsgi [req-e44ee1e6-17c5-4781-a374-3b61afe79945 req-4a3f1e89-f152-4581-a3f2-85d85d4e32a2 1d5fcf759944402684510e42b4778f58 db2e5f1105f74b2fa122d3dd783d2b5f - - 74f1ce842aef429182ec85dbc71b8ded 74f1ce842aef429182ec85dbc71b8ded] 199.19.213.105 "GET /v2.0/floatingips?fixed_ip_address=10.2.1.169&port_id=8a5b8381-0900-47b9-b8b6-3c4d8eee3a0c HTTP/1.1" status: 200 len: 1059 time: 0.1462867
2026-07-09 14:38:22.642 9 INFO neutron.wsgi [req-e44ee1e6-17c5-4781-a374-3b61afe79945 req-fe2ced49-bd7a-427b-8233-6a8480c10a00 1d5fcf759944402684510e42b4778f58 db2e5f1105f74b2fa122d3dd783d2b5f - - 74f1ce842aef429182ec85dbc71b8ded 74f1ce842aef429182ec85dbc71b8ded] 199.19.213.105 "GET /v2.0/floatingips?fixed_ip_address=fd7b%3Af9f7%3Afff%3A4eca%3A%3A3df&port_id=8a5b8381-0900-47b9-b8b6-3c4d8eee3a0c HTTP/1.1" status: 200 len: 217 time: 0.0331681
2026-07-09 14:38:22.730 9 INFO neutron.wsgi [req-e44ee1e6-17c5-4781-a374-3b61afe79945 req-8a2fd8c4-2866-4a76-9d69-c71800ba3e37 1d5fcf759944402684510e42b4778f58 db2e5f1105f74b2fa122d3dd783d2b5f - - 74f1ce842aef429182ec85dbc71b8ded 74f1ce842aef429182ec85dbc71b8ded] 199.19.213.105 "GET /v2.0/subnets?id=a4198a81-78b6-41e1-8e62-9525c2b1242d&id=48218e14-86b8-4ddb-9d4d-12c16b2ba9a9 HTTP/1.1" status: 200 len: 1562 time: 0.0799289
2026-07-09 14:38:22.776 9 INFO neutron.wsgi [req-e44ee1e6-17c5-4781-a374-3b61afe79945 req-ed18a360-1e2d-4317-bdf6-1c57ea51c034 1d5fcf759944402684510e42b4778f58 db2e5f1105f74b2fa122d3dd783d2b5f - - 74f1ce842aef429182ec85dbc71b8ded 74f1ce842aef429182ec85dbc71b8ded] 199.19.213.105 "GET /v2.0/ports?network_id=3b11b86e-3515-4599-b62c-e86f3d40c57f&device_owner=network%3Adhcp HTTP/1.1" status: 200 len: 210 time: 0.0362136
2026-07-09 14:38:22.819 9 INFO neutron.wsgi [req-e44ee1e6-17c5-4781-a374-3b61afe79945 req-0bb41786-d155-40a9-8fc4-eef38d1cec2f 1d5fcf759944402684510e42b4778f58 db2e5f1105f74b2fa122d3dd783d2b5f - - 74f1ce842aef429182ec85dbc71b8ded 74f1ce842aef429182ec85dbc71b8ded] 199.19.213.105 "GET /v2.0/ports?network_id=3b11b86e-3515-4599-b62c-e86f3d40c57f&device_owner=network%3Adhcp HTTP/1.1" status: 200 len: 210 time: 0.0350955
2026-07-09 14:38:22.911 9 INFO neutron.wsgi [req-e44ee1e6-17c5-4781-a374-3b61afe79945 req-afa1405c-2d03-4c59-bfa5-f07ee3a59ea4 1d5fcf759944402684510e42b4778f58 db2e5f1105f74b2fa122d3dd783d2b5f - - 74f1ce842aef429182ec85dbc71b8ded 74f1ce842aef429182ec85dbc71b8ded] 199.19.213.105 "GET /v2.0/networks/3b11b86e-3515-4599-b62c-e86f3d40c57f?fields=segments HTTP/1.1" status: 200 len: 212 time: 0.0818069
2026-07-09 14:38:23.008 9 INFO neutron.wsgi [req-e44ee1e6-17c5-4781-a374-3b61afe79945 req-5a334bbd-21c9-4fe0-8f51-5e648cb5a248 1d5fcf759944402684510e42b4778f58 db2e5f1105f74b2fa122d3dd783d2b5f - - 74f1ce842aef429182ec85dbc71b8ded 74f1ce842aef429182ec85dbc71b8ded] 199.19.213.105 "GET /v2.0/networks/3b11b86e-3515-4599-b62c-e86f3d40c57f?fields=provider%3Aphysical_network&fields=provider%3Anetwork_type HTTP/1.1" status: 200 len: 277 time: 0.0889001
2026-07-09 14:38:27.960 9 INFO neutron.wsgi [-] 10.0.0.137 "GET / HTTP/1.1" status: 200 len: 246 time: 0.0024571
2026-07-09 14:38:27.961 10 INFO neutron.wsgi [-] 10.0.0.137 "GET / HTTP/1.1" status: 200 len: 246 time: 0.0028052
2026-07-09 14:38:30.191 10 INFO neutron.wsgi [None req-ca9166a5-2644-46e3-86a4-b78f83f4f6a9 22165e82e85b47038d5e4c973809c3ac 363969c90b5d4636b34103ca5ae0b718 - - default default] 199.19.213.105 "GET /v2.0/extensions/security-group HTTP/1.1" status: 200 len: 369 time: 0.0073802
2026-07-09 14:38:30.204 10 INFO neutron.wsgi [None req-3555438d-517b-4a8b-ab6e-f75f516c28a4 22165e82e85b47038d5e4c973809c3ac 363969c90b5d4636b34103ca5ae0b718 - - default default] 199.19.213.105 "GET /v2.0/extensions/dns-integration HTTP/1.1" status: 200 len: 371 time: 0.0056927
2026-07-09 14:38:30.221 10 INFO neutron.wsgi [None req-bb4f8798-c1d8-4ff0-b14b-12de2fbb9717 22165e82e85b47038d5e4c973809c3ac 363969c90b5d4636b34103ca5ae0b718 - - default default] 199.19.213.105 "GET /v2.0/extensions/qos HTTP/1.1" status: 200 len: 365 time: 0.0089078
2026-07-09 14:38:30.231 10 INFO neutron.wsgi [None req-1c7479fd-3a7e-4ab0-a08d-d23a87906563 22165e82e85b47038d5e4c973809c3ac 363969c90b5d4636b34103ca5ae0b718 - - default default] 199.19.213.105 "GET /v2.0/extensions/allowed-address-pairs HTTP/1.1" status: 200 len: 383 time: 0.0043173
2026-07-09 14:38:30.254 10 INFO neutron.api.v2.resource [None req-739f2130-4cb7-4770-8083-b1867e319ef3 22165e82e85b47038d5e4c973809c3ac 363969c90b5d4636b34103ca5ae0b718 - - default default] show failed (client error): The resource could not be found.
2026-07-09 14:38:30.255 10 INFO neutron.wsgi [None req-739f2130-4cb7-4770-8083-b1867e319ef3 22165e82e85b47038d5e4c973809c3ac 363969c90b5d4636b34103ca5ae0b718 - - default default] 199.19.213.105 "GET /v2.0/security-groups/lb-f7c366b8-aa42-443d-a499-7f8daf4274ee HTTP/1.1" status: 404 len: 355 time: 0.0173142
2026-07-09 14:38:30.306 10 INFO neutron.wsgi [None req-324b2eda-2d96-4713-92ef-52e4c6ca1365 22165e82e85b47038d5e4c973809c3ac 363969c90b5d4636b34103ca5ae0b718 - - default default] 199.19.213.105 "GET /v2.0/security-groups?name=lb-f7c366b8-aa42-443d-a499-7f8daf4274ee HTTP/1.1" status: 200 len: 2941 time: 0.0451458
2026-07-09 14:38:30.359 10 INFO neutron.wsgi [None req-0202982e-c0dd-4ee7-8e4d-bfbe57ad7a90 22165e82e85b47038d5e4c973809c3ac 363969c90b5d4636b34103ca5ae0b718 - - default default] 199.19.213.105 "GET /v2.0/security-group-rules?security_group_id=8a710d2f-5c7e-4947-81bc-10ecb06fec6d HTTP/1.1" status: 200 len: 2406 time: 0.0439148
2026-07-09 14:38:30.531 10 INFO neutron.wsgi [None req-042c09e6-ef42-4ba6-a0c9-43bd62e09fed 22165e82e85b47038d5e4c973809c3ac 363969c90b5d4636b34103ca5ae0b718 - - default default] 199.19.213.105 "DELETE /v2.0/security-group-rules/2a76542e-0d7f-40bd-a54e-17c61dfdaa08 HTTP/1.1" status: 204 len: 173 time: 0.1604009
2026-07-09 14:38:30.745 10 INFO neutron.wsgi [None req-b6fca9c1-9def-48ef-b00f-ed849eb1fc8b 22165e82e85b47038d5e4c973809c3ac 363969c90b5d4636b34103ca5ae0b718 - - default default] 199.19.213.105 "DELETE /v2.0/security-group-rules/398f5a02-e1ea-4e45-a276-ca13516838a9 HTTP/1.1" status: 204 len: 173 time: 0.2090926
2026-07-09 14:38:34.425 10 INFO neutron.db.l3_db [None req-f5e0c5c5-754d-4646-800a-b61c307b08bb 199150c440344db3abbdbc559e7ed3e2 e64ea4b67fb94dc9a10b7fe8781cbfc2 - - default default] Floating IP 5432e5b5-7fe5-41fa-b1d3-d334f889eb81 disassociated (deleted). External IP: 10.96.250.207, port: b824af7f-955e-4c90-bdf6-fdd64cadaf40.
2026-07-09 14:38:34.511 10 INFO neutron.wsgi [None req-f5e0c5c5-754d-4646-800a-b61c307b08bb 199150c440344db3abbdbc559e7ed3e2 e64ea4b67fb94dc9a10b7fe8781cbfc2 - - default default] 10.0.0.84 "DELETE /v2.0/floatingips/5432e5b5-7fe5-41fa-b1d3-d334f889eb81 HTTP/1.1" status: 204 len: 168 time: 0.6030931 /var/lib/openstack/lib/python3.10/site-packages/pycadf/identifier.py:71: UserWarning: Invalid uuid: neutron. To ensure interoperability, identifiers should be a valid uuid. warnings.warn(('Invalid uuid: %s. To ensure interoperability, '
2026-07-09 14:38:34.548 10 INFO neutron.api.v2.resource [None req-ce91f9df-85a7-4855-9d03-3457c0ce12e7 199150c440344db3abbdbc559e7ed3e2 e64ea4b67fb94dc9a10b7fe8781cbfc2 - - default default] show failed (client error): The resource could not be found.
2026-07-09 14:38:34.550 10 INFO neutron.wsgi [None req-ce91f9df-85a7-4855-9d03-3457c0ce12e7 199150c440344db3abbdbc559e7ed3e2 e64ea4b67fb94dc9a10b7fe8781cbfc2 - - default default] 10.0.0.84 "GET /v2.0/floatingips/5432e5b5-7fe5-41fa-b1d3-d334f889eb81 HTTP/1.1" status: 404 len: 345 time: 0.0304494
2026-07-09 14:38:35.556 9 INFO neutron.wsgi [None req-45934fea-1d13-47f2-8d0f-f2e8087d8fe0 22165e82e85b47038d5e4c973809c3ac 363969c90b5d4636b34103ca5ae0b718 - - default default] 199.19.213.105 "GET /v2.0/extensions/security-group HTTP/1.1" status: 200 len: 369 time: 0.0086598
2026-07-09 14:38:35.565 9 INFO neutron.wsgi [None req-f547853e-2ce0-4bbb-9446-5ab531fdc065 22165e82e85b47038d5e4c973809c3ac 363969c90b5d4636b34103ca5ae0b718 - - default default] 199.19.213.105 "GET /v2.0/extensions/dns-integration HTTP/1.1" status: 200 len: 371 time: 0.0056221
2026-07-09 14:38:35.581 9 INFO neutron.wsgi [None req-ddd4c6e7-2dea-436e-adca-0011fdff0d5b 22165e82e85b47038d5e4c973809c3ac 363969c90b5d4636b34103ca5ae0b718 - - default default] 199.19.213.105 "GET /v2.0/extensions/qos HTTP/1.1" status: 200 len: 365 time: 0.0099328
2026-07-09 14:38:35.594 9 INFO neutron.wsgi [None req-02a57079-71b6-4fff-8d0f-7dbe6042fb58 22165e82e85b47038d5e4c973809c3ac 363969c90b5d4636b34103ca5ae0b718 - - default default] 199.19.213.105 "GET /v2.0/extensions/allowed-address-pairs HTTP/1.1" status: 200 len: 383 time: 0.0083823
2026-07-09 14:38:35.647 9 INFO neutron.wsgi [None req-cc16966b-6daa-4550-9a8d-9cd1f2bd70f6 22165e82e85b47038d5e4c973809c3ac 363969c90b5d4636b34103ca5ae0b718 - - default default] 199.19.213.105 "GET /v2.0/subnets/d9317385-e15a-4949-9c29-855b40c46311 HTTP/1.1" status: 200 len: 851 time: 0.0448871
2026-07-09 14:38:35.697 9 INFO neutron.wsgi [None req-1f1b33f8-ad48-44b9-b2a8-c3b8cf64c0b5 22165e82e85b47038d5e4c973809c3ac 363969c90b5d4636b34103ca5ae0b718 - - default default] 199.19.213.105 "GET /v2.0/ports?device_id=315fc268-1ce6-4f95-9f4a-11c851916de1 HTTP/1.1" status: 200 len: 2723 time: 0.0458364
2026-07-09 14:38:35.781 9 INFO neutron.wsgi [None req-219f825f-0ca0-465c-9c9b-c9511640ea19 22165e82e85b47038d5e4c973809c3ac 363969c90b5d4636b34103ca5ae0b718 - - default default] 199.19.213.105 "GET /v2.0/ports?device_id=315fc268-1ce6-4f95-9f4a-11c851916de1 HTTP/1.1" status: 200 len: 2723 time: 0.0726068
2026-07-09 14:38:35.915 9 INFO neutron.wsgi [None req-470b1ea8-593e-48c9-b782-21c76c583bba 22165e82e85b47038d5e4c973809c3ac 363969c90b5d4636b34103ca5ae0b718 - - default default] 199.19.213.105 "GET /v2.0/ports?device_id=315fc268-1ce6-4f95-9f4a-11c851916de1 HTTP/1.1" status: 200 len: 2723 time: 0.0537322
2026-07-09 14:38:36.197 10 INFO neutron.plugins.ml2.drivers.ovn.mech_driver.mech_driver [None req-cefe73ac-bf6f-42ae-8ae1-ec5443b32fb1 - - - - - -] OVN reports status down for port: ca1d27e5-943f-46a0-afa1-c36a435c3242
2026-07-09 14:38:36.349 9 INFO neutron.wsgi [req-09770b89-9cfd-417f-8398-76468d5ae01b req-db51b734-0878-44c0-8055-8beb56f46fbc 1d5fcf759944402684510e42b4778f58 db2e5f1105f74b2fa122d3dd783d2b5f - - 74f1ce842aef429182ec85dbc71b8ded 74f1ce842aef429182ec85dbc71b8ded] 199.19.213.105 "GET /v2.0/ports/ca1d27e5-943f-46a0-afa1-c36a435c3242 HTTP/1.1" status: 200 len: 1518 time: 0.0629001
2026-07-09 14:38:36.395 10 INFO neutron.notifiers.nova [-] Nova event matching ['req-3a147aed-d982-44d7-b921-81cd29add4bc'] response: {'server_uuid': '315fc268-1ce6-4f95-9f4a-11c851916de1', 'name': 'network-vif-unplugged', 'status': 'completed', 'tag': 'ca1d27e5-943f-46a0-afa1-c36a435c3242', 'code': 200}
2026-07-09 14:38:36.401 9 INFO neutron.wsgi [req-09770b89-9cfd-417f-8398-76468d5ae01b req-c53846d9-5013-4bdc-87cf-4a6ba9fdf3ea 22165e82e85b47038d5e4c973809c3ac 363969c90b5d4636b34103ca5ae0b718 - - default default] 199.19.213.105 "GET /v2.0/ports/ca1d27e5-943f-46a0-afa1-c36a435c3242?fields=binding%3Aprofile&fields=network_id HTTP/1.1" status: 200 len: 281 time: 0.0440655
2026-07-09 14:38:36.495 9 INFO neutron.wsgi [req-09770b89-9cfd-417f-8398-76468d5ae01b req-145ab9c8-df8a-42a8-b862-95c7dc932671 22165e82e85b47038d5e4c973809c3ac 363969c90b5d4636b34103ca5ae0b718 - - default default] 199.19.213.105 "GET /v2.0/networks/1784b946-3da6-4488-ba5d-cc3cd72d33e5?fields=dns_domain HTTP/1.1" status: 200 len: 227 time: 0.0891306
2026-07-09 14:38:36.511 9 INFO neutron.db.ovn_revision_numbers_db [None req-1e3028dd-6689-4a94-8b0c-8d009cccf21e - - - - - -] Successfully bumped revision number for resource b824af7f-955e-4c90-bdf6-fdd64cadaf40 (type: ports) to 6
2026-07-09 14:38:36.655 10 INFO neutron.db.ovn_revision_numbers_db [None req-cefe73ac-bf6f-42ae-8ae1-ec5443b32fb1 - - - - - -] Successfully bumped revision number for resource ca1d27e5-943f-46a0-afa1-c36a435c3242 (type: ports) to 7
2026-07-09 14:38:36.704 10 INFO neutron.plugins.ml2.drivers.ovn.mech_driver.mech_driver [None req-cefe73ac-bf6f-42ae-8ae1-ec5443b32fb1 - - - - - -] OVN reports status down for port: b824af7f-955e-4c90-bdf6-fdd64cadaf40 /var/lib/openstack/lib/python3.10/site-packages/pycadf/identifier.py:71: UserWarning: Invalid uuid: neutron. To ensure interoperability, identifiers should be a valid uuid. warnings.warn(('Invalid uuid: %s. To ensure interoperability, '
2026-07-09 14:38:36.980 9 INFO neutron.wsgi [None req-5b49fbe9-2d75-4f61-bbc9-1cfd5305f702 22165e82e85b47038d5e4c973809c3ac 363969c90b5d4636b34103ca5ae0b718 - - default default] 199.19.213.105 "GET /v2.0/ports?device_id=315fc268-1ce6-4f95-9f4a-11c851916de1 HTTP/1.1" status: 200 len: 1413 time: 0.0546997
2026-07-09 14:38:37.150 9 INFO neutron.db.ovn_revision_numbers_db [req-09770b89-9cfd-417f-8398-76468d5ae01b req-7e6ccfa7-c0ac-42e9-bee8-6795f0dee78b 1d5fcf759944402684510e42b4778f58 db2e5f1105f74b2fa122d3dd783d2b5f - - 74f1ce842aef429182ec85dbc71b8ded 74f1ce842aef429182ec85dbc71b8ded] Successfully bumped revision number for resource ca1d27e5-943f-46a0-afa1-c36a435c3242 (type: ports) to 8
2026-07-09 14:38:37.185 9 INFO neutron.wsgi [req-09770b89-9cfd-417f-8398-76468d5ae01b req-7e6ccfa7-c0ac-42e9-bee8-6795f0dee78b 1d5fcf759944402684510e42b4778f58 db2e5f1105f74b2fa122d3dd783d2b5f - - 74f1ce842aef429182ec85dbc71b8ded 74f1ce842aef429182ec85dbc71b8ded] 199.19.213.105 "PUT /v2.0/ports/ca1d27e5-943f-46a0-afa1-c36a435c3242 HTTP/1.1" status: 200 len: 1350 time: 0.6780500 /var/lib/openstack/lib/python3.10/site-packages/pycadf/identifier.py:71: UserWarning: Invalid uuid: neutron. To ensure interoperability, identifiers should be a valid uuid. warnings.warn(('Invalid uuid: %s. To ensure interoperability, '
2026-07-09 14:38:37.542 9 INFO neutron.wsgi [req-09770b89-9cfd-417f-8398-76468d5ae01b req-64bb91d7-e3cd-4b76-ad85-d66c922f04b9 1d5fcf759944402684510e42b4778f58 db2e5f1105f74b2fa122d3dd783d2b5f - - 74f1ce842aef429182ec85dbc71b8ded 74f1ce842aef429182ec85dbc71b8ded] 199.19.213.105 "GET /v2.0/ports?tenant_id=363969c90b5d4636b34103ca5ae0b718&device_id=315fc268-1ce6-4f95-9f4a-11c851916de1 HTTP/1.1" status: 200 len: 1413 time: 0.0585968
2026-07-09 14:38:37.650 9 INFO neutron.db.ovn_revision_numbers_db [None req-c49b973f-c66d-4c56-9c8e-3288f8937701 22165e82e85b47038d5e4c973809c3ac 363969c90b5d4636b34103ca5ae0b718 - - default default] Successfully bumped revision number for resource ca1d27e5-943f-46a0-afa1-c36a435c3242 (type: ports) to 9
2026-07-09 14:38:37.707 9 INFO neutron.wsgi [req-09770b89-9cfd-417f-8398-76468d5ae01b req-f6212be4-aca3-4c59-a8d9-acac5dc47692 1d5fcf759944402684510e42b4778f58 db2e5f1105f74b2fa122d3dd783d2b5f - - 74f1ce842aef429182ec85dbc71b8ded 74f1ce842aef429182ec85dbc71b8ded] 199.19.213.105 "GET /v2.0/networks?id=dabbe024-978a-4a61-91fa-d18b5c9200ba&id=1784b946-3da6-4488-ba5d-cc3cd72d33e5 HTTP/1.1" status: 200 len: 1729 time: 0.1569879
2026-07-09 14:38:37.714 9 INFO neutron.wsgi [None req-c49b973f-c66d-4c56-9c8e-3288f8937701 22165e82e85b47038d5e4c973809c3ac 363969c90b5d4636b34103ca5ae0b718 - - default default] 199.19.213.105 "PUT /v2.0/ports/ca1d27e5-943f-46a0-afa1-c36a435c3242 HTTP/1.1" status: 200 len: 1290 time: 0.7229629
2026-07-09 14:38:37.750 9 INFO neutron.wsgi [req-09770b89-9cfd-417f-8398-76468d5ae01b req-36ca0299-2906-4f11-8e47-20df6e7cc4d4 1d5fcf759944402684510e42b4778f58 db2e5f1105f74b2fa122d3dd783d2b5f - - 74f1ce842aef429182ec85dbc71b8ded 74f1ce842aef429182ec85dbc71b8ded] 199.19.213.105 "GET /v2.0/floatingips?fixed_ip_address=172.24.0.93&port_id=2b0c4de5-397a-4de5-82d8-795e791d5b87 HTTP/1.1" status: 200 len: 217 time: 0.0338874
2026-07-09 14:38:37.815 9 INFO neutron.wsgi [None req-4900ddd4-1eea-403f-b833-b61e93385fc5 22165e82e85b47038d5e4c973809c3ac 363969c90b5d4636b34103ca5ae0b718 - - default default] 199.19.213.105 "GET /v2.0/ports/ca1d27e5-943f-46a0-afa1-c36a435c3242 HTTP/1.1" status: 200 len: 1290 time: 0.0903561
2026-07-09 14:38:37.852 9 INFO neutron.wsgi [req-09770b89-9cfd-417f-8398-76468d5ae01b req-d020a8f2-26df-4477-9a36-7cf8576b57f4 1d5fcf759944402684510e42b4778f58 db2e5f1105f74b2fa122d3dd783d2b5f - - 74f1ce842aef429182ec85dbc71b8ded 74f1ce842aef429182ec85dbc71b8ded] 199.19.213.105 "GET /v2.0/subnets?id=2f5c770b-f423-45e7-91b0-25fc8f9bb348 HTTP/1.1" status: 200 len: 829 time: 0.0896943
2026-07-09 14:38:38.398 9 INFO neutron.wsgi [req-09770b89-9cfd-417f-8398-76468d5ae01b req-b53e67ce-bac6-489e-a1a0-b69527c95dc3 1d5fcf759944402684510e42b4778f58 db2e5f1105f74b2fa122d3dd783d2b5f - - 74f1ce842aef429182ec85dbc71b8ded 74f1ce842aef429182ec85dbc71b8ded] 199.19.213.105 "GET /v2.0/ports?network_id=dabbe024-978a-4a61-91fa-d18b5c9200ba&device_owner=network%3Adhcp HTTP/1.1" status: 200 len: 210 time: 0.5292189
2026-07-09 14:38:38.436 9 INFO neutron.db.ovn_revision_numbers_db [None req-1e3028dd-6689-4a94-8b0c-8d009cccf21e - - - - - -] Successfully bumped revision number for resource b824af7f-955e-4c90-bdf6-fdd64cadaf40 (type: ports) to 8
2026-07-09 14:38:38.437 10 INFO neutron.notifiers.nova [-] Nova event matching ['req-0c4b16da-db17-4d20-b975-30db2d82a44d'] response: {'server_uuid': '315fc268-1ce6-4f95-9f4a-11c851916de1', 'name': 'network-vif-plugged', 'status': 'completed', 'tag': 'ca1d27e5-943f-46a0-afa1-c36a435c3242', 'code': 200}
2026-07-09 14:38:38.531 9 INFO neutron.wsgi [req-09770b89-9cfd-417f-8398-76468d5ae01b req-54327ab4-732f-4b31-9d37-71298d63e283 1d5fcf759944402684510e42b4778f58 db2e5f1105f74b2fa122d3dd783d2b5f - - 74f1ce842aef429182ec85dbc71b8ded 74f1ce842aef429182ec85dbc71b8ded] 199.19.213.105 "GET /v2.0/networks/dabbe024-978a-4a61-91fa-d18b5c9200ba?fields=segments HTTP/1.1" status: 200 len: 212 time: 0.1242852
2026-07-09 14:38:38.687 9 INFO neutron.wsgi [req-09770b89-9cfd-417f-8398-76468d5ae01b req-68e27ceb-ff8f-4331-b39a-5d6f2228c156 1d5fcf759944402684510e42b4778f58 db2e5f1105f74b2fa122d3dd783d2b5f - - 74f1ce842aef429182ec85dbc71b8ded 74f1ce842aef429182ec85dbc71b8ded] 199.19.213.105 "GET /v2.0/networks/dabbe024-978a-4a61-91fa-d18b5c9200ba?fields=provider%3Aphysical_network&fields=provider%3Anetwork_type HTTP/1.1" status: 200 len: 277 time: 0.1430166
2026-07-09 14:38:38.898 9 INFO neutron.wsgi [None req-c3b2674a-85ce-471b-953a-195084814bce 22165e82e85b47038d5e4c973809c3ac 363969c90b5d4636b34103ca5ae0b718 - - default default] 199.19.213.105 "DELETE /v2.0/ports/ca1d27e5-943f-46a0-afa1-c36a435c3242 HTTP/1.1" status: 204 len: 173 time: 1.0758531
2026-07-09 14:38:39.033 9 INFO neutron.wsgi [None req-9510da5b-932c-4fb0-83ff-5493e9ba4e10 22165e82e85b47038d5e4c973809c3ac 363969c90b5d4636b34103ca5ae0b718 - - default default] 199.19.213.105 "GET /v2.0/extensions/security-group HTTP/1.1" status: 200 len: 369 time: 0.0103354
2026-07-09 14:38:39.051 9 INFO neutron.wsgi [None req-3c19de73-55b9-44df-85b7-22dfdf407db5 22165e82e85b47038d5e4c973809c3ac 363969c90b5d4636b34103ca5ae0b718 - - default default] 199.19.213.105 "GET /v2.0/extensions/dns-integration HTTP/1.1" status: 200 len: 371 time: 0.0090711
2026-07-09 14:38:39.063 9 INFO neutron.wsgi [None req-0793b234-44b6-47f5-8f5b-b564b3b7fd0f 22165e82e85b47038d5e4c973809c3ac 363969c90b5d4636b34103ca5ae0b718 - - default default] 199.19.213.105 "GET /v2.0/extensions/qos HTTP/1.1" status: 200 len: 365 time: 0.0069165
2026-07-09 14:38:39.075 9 INFO neutron.wsgi [None req-65a1c911-bd93-4b8a-a60c-64dfbdda3fd4 22165e82e85b47038d5e4c973809c3ac 363969c90b5d4636b34103ca5ae0b718 - - default default] 199.19.213.105 "GET /v2.0/extensions/allowed-address-pairs HTTP/1.1" status: 200 len: 383 time: 0.0061731
2026-07-09 14:38:39.114 9 INFO neutron.pecan_wsgi.hooks.translation [None req-4b64dfdb-a746-4916-b8ee-305442f14cc2 22165e82e85b47038d5e4c973809c3ac 363969c90b5d4636b34103ca5ae0b718 - - default default] DELETE failed (client error): The resource could not be found.
2026-07-09 14:38:39.120 9 INFO neutron.wsgi [None req-4b64dfdb-a746-4916-b8ee-305442f14cc2 22165e82e85b47038d5e4c973809c3ac 363969c90b5d4636b34103ca5ae0b718 - - default default] 199.19.213.105 "DELETE /v2.0/ports/ca1d27e5-943f-46a0-afa1-c36a435c3242 HTTP/1.1" status: 404 len: 338 time: 0.0378373
2026-07-09 14:38:39.181 9 INFO neutron.wsgi [None req-a5fbb0ca-b3b4-4fd5-9ec8-a9d04f22c8a7 22165e82e85b47038d5e4c973809c3ac 363969c90b5d4636b34103ca5ae0b718 - - default default] 199.19.213.105 "GET /v2.0/ports/b824af7f-955e-4c90-bdf6-fdd64cadaf40 HTTP/1.1" status: 200 len: 1328 time: 0.0526516
2026-07-09 14:38:39.201 9 INFO neutron.api.v2.resource [None req-77a74755-bb11-4947-b406-81f7afa57646 22165e82e85b47038d5e4c973809c3ac 363969c90b5d4636b34103ca5ae0b718 - - default default] show failed (client error): The resource could not be found.
2026-07-09 14:38:39.203 9 INFO neutron.wsgi [None req-77a74755-bb11-4947-b406-81f7afa57646 22165e82e85b47038d5e4c973809c3ac 363969c90b5d4636b34103ca5ae0b718 - - default default] 199.19.213.105 "GET /v2.0/security-groups/lb-f7c366b8-aa42-443d-a499-7f8daf4274ee HTTP/1.1" status: 404 len: 355 time: 0.0149865
2026-07-09 14:38:39.265 9 INFO neutron.wsgi [None req-fd84236b-f268-41fb-b881-13285a3c72a8 22165e82e85b47038d5e4c973809c3ac 363969c90b5d4636b34103ca5ae0b718 - - default default] 199.19.213.105 "GET /v2.0/security-groups?name=lb-f7c366b8-aa42-443d-a499-7f8daf4274ee HTTP/1.1" status: 200 len: 1777 time: 0.0570269
2026-07-09 14:38:39.325 9 INFO neutron.wsgi [None req-f23e777e-d40e-4dd2-a287-c89f9973c917 22165e82e85b47038d5e4c973809c3ac 363969c90b5d4636b34103ca5ae0b718 - - default default] 199.19.213.105 "GET /v2.0/ports/b824af7f-955e-4c90-bdf6-fdd64cadaf40 HTTP/1.1" status: 200 len: 1328 time: 0.0423667
2026-07-09 14:38:39.790 9 INFO neutron.db.ovn_revision_numbers_db [None req-5de6df17-57ef-46ca-9af7-804c21531720 22165e82e85b47038d5e4c973809c3ac 363969c90b5d4636b34103ca5ae0b718 - - default default] Successfully bumped revision number for resource b824af7f-955e-4c90-bdf6-fdd64cadaf40 (type: ports) to 9
2026-07-09 14:38:39.817 9 INFO neutron.wsgi [None req-5de6df17-57ef-46ca-9af7-804c21531720 22165e82e85b47038d5e4c973809c3ac 363969c90b5d4636b34103ca5ae0b718 - - default default] 199.19.213.105 "PUT /v2.0/ports/b824af7f-955e-4c90-bdf6-fdd64cadaf40 HTTP/1.1" status: 200 len: 1290 time: 0.4809444
2026-07-09 14:38:39.969 9 INFO neutron.wsgi [None req-888ea771-8753-4d76-83e4-f003dedfb7ce 22165e82e85b47038d5e4c973809c3ac 363969c90b5d4636b34103ca5ae0b718 - - default default] 199.19.213.105 "DELETE /v2.0/security-groups/8a710d2f-5c7e-4947-81bc-10ecb06fec6d HTTP/1.1" status: 204 len: 173 time: 0.1413019
2026-07-09 14:38:40.370 9 INFO neutron.wsgi [None req-53cbc399-09b1-4fab-a915-03afba424507 22165e82e85b47038d5e4c973809c3ac 363969c90b5d4636b34103ca5ae0b718 - - default default] 199.19.213.105 "DELETE /v2.0/ports/b824af7f-955e-4c90-bdf6-fdd64cadaf40 HTTP/1.1" status: 204 len: 173 time: 0.3924725
2026-07-09 14:38:40.734 10 INFO neutron.plugins.ml2.drivers.ovn.mech_driver.mech_driver [None req-cefe73ac-bf6f-42ae-8ae1-ec5443b32fb1 - - - - - -] OVN reports status down for port: 2b0c4de5-397a-4de5-82d8-795e791d5b87
