2026-07-09 14:35:01.605 9 INFO neutron.api.v2.resource [None req-18e5e26e-4e65-4074-8b97-ad7dae720a95 bf75008de822461c9cbfc8d918527859 af12ea7f31f74851a5cac40a6ae1feb9 - - default default] delete failed (client error): The resource could not be found.
2026-07-09 14:35:01.607 9 INFO neutron.wsgi [None req-18e5e26e-4e65-4074-8b97-ad7dae720a95 bf75008de822461c9cbfc8d918527859 af12ea7f31f74851a5cac40a6ae1feb9 - - default default] 10.0.0.84 "DELETE /v2.0/subnetpools/23d1dd65-e61a-4169-8e06-10b1ac0a5100/tags/green HTTP/1.1" status: 404 len: 299 time: 0.0682824
2026-07-09 14:35:01.639 10 INFO neutron.db.ovn_revision_numbers_db [None req-9c6e6993-6c99-4877-b261-436a47194620 199150c440344db3abbdbc559e7ed3e2 e64ea4b67fb94dc9a10b7fe8781cbfc2 - - default default] Successfully bumped revision number for resource f9105136-bddb-4444-94dc-182972fb48b0 (type: ports) to 1
2026-07-09 14:35:01.671 9 INFO neutron.wsgi [None req-3e623c1c-084d-4e15-bb23-4ffbcaaa3105 bf75008de822461c9cbfc8d918527859 af12ea7f31f74851a5cac40a6ae1feb9 - - default default] 10.0.0.84 "DELETE /v2.0/subnetpools/23d1dd65-e61a-4169-8e06-10b1ac0a5100/tags HTTP/1.1" status: 204 len: 168 time: 0.0593746
2026-07-09 14:35:01.673 10 INFO neutron.wsgi [None req-9c6e6993-6c99-4877-b261-436a47194620 199150c440344db3abbdbc559e7ed3e2 e64ea4b67fb94dc9a10b7fe8781cbfc2 - - default default] 10.0.0.84 "POST /v2.0/networks HTTP/1.1" status: 201 len: 836 time: 1.1675067
2026-07-09 14:35:01.685 10 WARNING neutron_lib.context [None req-07ed7c8d-4fa1-457c-bff6-83aef562c304 199150c440344db3abbdbc559e7ed3e2 e64ea4b67fb94dc9a10b7fe8781cbfc2 - - default default] Method 'is_advsvc' is deprecated since 2023.2 release (neutron-lib 3.8.0) and will be removed once support for the old RBAC API policies will be removed from Neutron. Please use method 'is_service_role' instead.
2026-07-09 14:35:01.730 9 INFO neutron.wsgi [None req-c032966d-527e-4698-9299-325fcb30f0fe bf75008de822461c9cbfc8d918527859 af12ea7f31f74851a5cac40a6ae1feb9 - - default default] 10.0.0.84 "GET /v2.0/subnetpools/23d1dd65-e61a-4169-8e06-10b1ac0a5100/tags HTTP/1.1" status: 200 len: 205 time: 0.0535910
2026-07-09 14:35:01.848 9 INFO neutron.wsgi [None req-b8d6cf4a-7768-476d-ac2f-96a448aa687c bf75008de822461c9cbfc8d918527859 af12ea7f31f74851a5cac40a6ae1feb9 - - default default] 10.0.0.84 "DELETE /v2.0/subnetpools/23d1dd65-e61a-4169-8e06-10b1ac0a5100 HTTP/1.1" status: 204 len: 168 time: 0.1107147
2026-07-09 14:35:02.172 10 WARNING neutron.scheduler.dhcp_agent_scheduler [None req-07ed7c8d-4fa1-457c-bff6-83aef562c304 199150c440344db3abbdbc559e7ed3e2 e64ea4b67fb94dc9a10b7fe8781cbfc2 - - default default] No more DHCP agents
2026-07-09 14:35:02.177 10 WARNING neutron.api.rpc.agentnotifiers.dhcp_rpc_agent_api [None req-07ed7c8d-4fa1-457c-bff6-83aef562c304 199150c440344db3abbdbc559e7ed3e2 e64ea4b67fb94dc9a10b7fe8781cbfc2 - - default default] Unable to schedule network 46269987-9939-4fbc-a3de-2b892cb6db01: no agents available; will retry on subsequent port and subnet creation events.
2026-07-09 14:35:02.886 10 INFO neutron.db.ovn_revision_numbers_db [None req-07ed7c8d-4fa1-457c-bff6-83aef562c304 199150c440344db3abbdbc559e7ed3e2 e64ea4b67fb94dc9a10b7fe8781cbfc2 - - default default] Successfully bumped revision number for resource f9105136-bddb-4444-94dc-182972fb48b0 (type: ports) to 2
2026-07-09 14:35:02.934 10 INFO neutron.db.ovn_revision_numbers_db [None req-07ed7c8d-4fa1-457c-bff6-83aef562c304 199150c440344db3abbdbc559e7ed3e2 e64ea4b67fb94dc9a10b7fe8781cbfc2 - - default default] Successfully bumped revision number for resource 42273fa2-566f-48a2-89b0-156ea2f3e986 (type: subnets) to 0
2026-07-09 14:35:02.957 10 INFO neutron.wsgi [None req-07ed7c8d-4fa1-457c-bff6-83aef562c304 199150c440344db3abbdbc559e7ed3e2 e64ea4b67fb94dc9a10b7fe8781cbfc2 - - default default] 10.0.0.84 "POST /v2.0/subnets HTTP/1.1" status: 201 len: 831 time: 1.2784066
2026-07-09 14:35:02.971 10 WARNING neutron_lib.context [None req-f1709aab-9e00-453d-89f4-4c361a9b1912 199150c440344db3abbdbc559e7ed3e2 e64ea4b67fb94dc9a10b7fe8781cbfc2 - - default default] Method 'is_advsvc' is deprecated since 2023.2 release (neutron-lib 3.8.0) and will be removed once support for the old RBAC API policies will be removed from Neutron. Please use method 'is_service_role' instead.
2026-07-09 14:35:03.214 10 INFO neutron.db.ovn_revision_numbers_db [None req-9eda5fa0-8e34-4615-b41c-a64765203c2c 22165e82e85b47038d5e4c973809c3ac 363969c90b5d4636b34103ca5ae0b718 - - default default] Successfully bumped revision number for resource c5bcf443-af07-4b4b-af90-beb4103b031d (type: security_groups) to 1
2026-07-09 14:35:03.245 10 INFO neutron.db.ovn_revision_numbers_db [None req-9eda5fa0-8e34-4615-b41c-a64765203c2c 22165e82e85b47038d5e4c973809c3ac 363969c90b5d4636b34103ca5ae0b718 - - default default] Successfully bumped revision number for resource 1b123168-dab2-42bb-9dcb-74b3b6232696 (type: security_group_rules) to 0
2026-07-09 14:35:03.284 10 INFO neutron.db.ovn_revision_numbers_db [None req-9eda5fa0-8e34-4615-b41c-a64765203c2c 22165e82e85b47038d5e4c973809c3ac 363969c90b5d4636b34103ca5ae0b718 - - default default] Successfully bumped revision number for resource 99c9c195-6f41-4bf0-bca6-8b76240d7c57 (type: security_group_rules) to 0
2026-07-09 14:35:03.310 10 INFO neutron.db.ovn_revision_numbers_db [None req-9eda5fa0-8e34-4615-b41c-a64765203c2c 22165e82e85b47038d5e4c973809c3ac 363969c90b5d4636b34103ca5ae0b718 - - default default] Successfully bumped revision number for resource d7c07a59-08c5-46df-955a-2d2aa5f37ce5 (type: security_group_rules) to 0
2026-07-09 14:35:03.332 10 INFO neutron.db.ovn_revision_numbers_db [None req-9eda5fa0-8e34-4615-b41c-a64765203c2c 22165e82e85b47038d5e4c973809c3ac 363969c90b5d4636b34103ca5ae0b718 - - default default] Successfully bumped revision number for resource ef7fa6f8-ac0c-427e-a0ea-89a975c792fc (type: security_group_rules) to 0
2026-07-09 14:35:03.370 10 WARNING neutron.scheduler.dhcp_agent_scheduler [None req-f1709aab-9e00-453d-89f4-4c361a9b1912 199150c440344db3abbdbc559e7ed3e2 e64ea4b67fb94dc9a10b7fe8781cbfc2 - - default default] No more DHCP agents
2026-07-09 14:35:03.380 10 WARNING neutron.api.rpc.agentnotifiers.dhcp_rpc_agent_api [None req-f1709aab-9e00-453d-89f4-4c361a9b1912 199150c440344db3abbdbc559e7ed3e2 e64ea4b67fb94dc9a10b7fe8781cbfc2 - - default default] Unable to schedule network 46269987-9939-4fbc-a3de-2b892cb6db01: no agents available; will retry on subsequent port and subnet creation events.
2026-07-09 14:35:03.388 10 INFO neutron.wsgi [None req-9eda5fa0-8e34-4615-b41c-a64765203c2c 22165e82e85b47038d5e4c973809c3ac 363969c90b5d4636b34103ca5ae0b718 - - default default] 10.0.0.84 "GET /v2.0/security-groups?tenant_id=61a2e50278954dec887b666a450b7733&name=default HTTP/1.1" status: 200 len: 2996 time: 0.5308900
2026-07-09 14:35:03.427 10 INFO neutron.db.ovn_revision_numbers_db [None req-f1709aab-9e00-453d-89f4-4c361a9b1912 199150c440344db3abbdbc559e7ed3e2 e64ea4b67fb94dc9a10b7fe8781cbfc2 - - default default] Successfully bumped revision number for resource 682ed522-8a9c-4ffb-9afa-cbd847e79c40 (type: subnets) to 0
2026-07-09 14:35:03.448 10 INFO neutron.wsgi [None req-f1709aab-9e00-453d-89f4-4c361a9b1912 199150c440344db3abbdbc559e7ed3e2 e64ea4b67fb94dc9a10b7fe8781cbfc2 - - default default] 10.0.0.84 "POST /v2.0/subnets HTTP/1.1" status: 201 len: 905 time: 0.4831684
2026-07-09 14:35:03.460 10 WARNING neutron_lib.context [None req-9caca51b-4430-44da-bec8-7048056e9504 199150c440344db3abbdbc559e7ed3e2 e64ea4b67fb94dc9a10b7fe8781cbfc2 - - default default] Method 'is_advsvc' is deprecated since 2023.2 release (neutron-lib 3.8.0) and will be removed once support for the old RBAC API policies will be removed from Neutron. Please use method 'is_service_role' instead.
2026-07-09 14:35:03.642 9 INFO neutron.wsgi [None req-9f9cdf12-73a7-42cc-aedf-a76cf92f788a 22165e82e85b47038d5e4c973809c3ac 363969c90b5d4636b34103ca5ae0b718 - - default default] 10.0.0.84 "DELETE /v2.0/security-groups/c5bcf443-af07-4b4b-af90-beb4103b031d HTTP/1.1" status: 204 len: 168 time: 0.2481334
2026-07-09 14:35:03.905 9 INFO neutron.db.ovn_revision_numbers_db [None req-74e4d6da-c347-4624-b4a2-81484f12fc7e 22165e82e85b47038d5e4c973809c3ac 363969c90b5d4636b34103ca5ae0b718 - - default default] Successfully bumped revision number for resource 7ee0fd6e-1f6a-4449-bf5e-00235ad26a44 (type: security_groups) to 1
2026-07-09 14:35:03.929 9 INFO neutron.db.ovn_revision_numbers_db [None req-74e4d6da-c347-4624-b4a2-81484f12fc7e 22165e82e85b47038d5e4c973809c3ac 363969c90b5d4636b34103ca5ae0b718 - - default default] Successfully bumped revision number for resource 8cd6adc9-0865-49c0-abda-be9852920bbd (type: security_group_rules) to 0
2026-07-09 14:35:03.948 9 INFO neutron.db.ovn_revision_numbers_db [None req-74e4d6da-c347-4624-b4a2-81484f12fc7e 22165e82e85b47038d5e4c973809c3ac 363969c90b5d4636b34103ca5ae0b718 - - default default] Successfully bumped revision number for resource d21b38c5-948a-46c2-9575-3dc6b2be2eae (type: security_group_rules) to 0
2026-07-09 14:35:03.970 9 INFO neutron.db.ovn_revision_numbers_db [None req-74e4d6da-c347-4624-b4a2-81484f12fc7e 22165e82e85b47038d5e4c973809c3ac 363969c90b5d4636b34103ca5ae0b718 - - default default] Successfully bumped revision number for resource d893a057-301a-4b75-a52f-c375e5ad1a97 (type: security_group_rules) to 0
2026-07-09 14:35:03.996 9 INFO neutron.db.ovn_revision_numbers_db [None req-74e4d6da-c347-4624-b4a2-81484f12fc7e 22165e82e85b47038d5e4c973809c3ac 363969c90b5d4636b34103ca5ae0b718 - - default default] Successfully bumped revision number for resource ef7afb46-9431-4722-897b-d39931d227ee (type: security_group_rules) to 0
2026-07-09 14:35:04.023 9 INFO neutron.wsgi [None req-74e4d6da-c347-4624-b4a2-81484f12fc7e 22165e82e85b47038d5e4c973809c3ac 363969c90b5d4636b34103ca5ae0b718 - - default default] 10.0.0.84 "GET /v2.0/security-groups?tenant_id=af12ea7f31f74851a5cac40a6ae1feb9&name=default HTTP/1.1" status: 200 len: 2996 time: 0.2543938
2026-07-09 14:35:04.122 10 WARNING neutron.scheduler.dhcp_agent_scheduler [None req-9caca51b-4430-44da-bec8-7048056e9504 199150c440344db3abbdbc559e7ed3e2 e64ea4b67fb94dc9a10b7fe8781cbfc2 - - default default] No more DHCP agents
2026-07-09 14:35:04.126 10 WARNING neutron.api.rpc.agentnotifiers.dhcp_rpc_agent_api [None req-9caca51b-4430-44da-bec8-7048056e9504 199150c440344db3abbdbc559e7ed3e2 e64ea4b67fb94dc9a10b7fe8781cbfc2 - - default default] Unable to schedule network fd0d37e1-c0ea-4337-a781-cd50773bb850: no agents available; will retry on subsequent port and subnet creation events.
2026-07-09 14:35:04.299 9 INFO neutron.wsgi [None req-0d8962d5-0c51-4c2f-8114-02839284726e 22165e82e85b47038d5e4c973809c3ac 363969c90b5d4636b34103ca5ae0b718 - - default default] 10.0.0.84 "DELETE /v2.0/security-groups/7ee0fd6e-1f6a-4449-bf5e-00235ad26a44 HTTP/1.1" status: 204 len: 168 time: 0.2690816
2026-07-09 14:35:04.356 10 INFO neutron.db.ovn_revision_numbers_db [None req-9caca51b-4430-44da-bec8-7048056e9504 199150c440344db3abbdbc559e7ed3e2 e64ea4b67fb94dc9a10b7fe8781cbfc2 - - default default] Successfully bumped revision number for resource b7dbc3da-1024-4a82-a5b8-7896d369e56e (type: ports) to 1
2026-07-09 14:35:05.270 10 INFO neutron.wsgi [req-fd3a1fa9-4721-4013-8857-bf7ac8fbc26a req-efb8e306-70e7-428f-9091-7e742205b3f6 f4089352cac14198a44a04a45a5a21d1 8a08566898a74edd8189aa0f383abe1c - - default default] 10.0.0.128 "GET /v2.0/ports?device_id=06809261-053e-46a4-8e97-8df61e5eb1e8 HTTP/1.1" status: 200 len: 1214 time: 0.1806788
2026-07-09 14:35:05.322 9 INFO neutron.plugins.ml2.drivers.ovn.mech_driver.mech_driver [None req-c60e288d-308e-40bc-ae3b-5ea198d3e5e5 - - - - - -] OVN reports status up for port: b7dbc3da-1024-4a82-a5b8-7896d369e56e
2026-07-09 14:35:05.337 9 INFO neutron.plugins.ml2.drivers.ovn.mech_driver.ovsdb.ovsdb_monitor [None req-1e3028dd-6689-4a94-8b0c-8d009cccf21e - - - - - -] Router 5ab819b7-2a50-4c16-954a-253ad49eccee is bound to host instance
2026-07-09 14:35:05.352 9 INFO neutron.plugins.ml2.plugin [None req-c60e288d-308e-40bc-ae3b-5ea198d3e5e5 - - - - - -] Attempt 1 to provision port b7dbc3da-1024-4a82-a5b8-7896d369e56e
2026-07-09 14:35:05.392 10 INFO neutron.wsgi [req-fd3a1fa9-4721-4013-8857-bf7ac8fbc26a req-0b463a39-b875-4d70-ba01-e8f9048f5311 f4089352cac14198a44a04a45a5a21d1 8a08566898a74edd8189aa0f383abe1c - - default default] 10.0.0.128 "GET /v2.0/security-groups?id=1fc177d9-cc11-4aa8-8c64-b5f6a8e5e26f&id=01d8d1d9-bdd7-4388-a996-f2647ab060a9&fields=id&fields=name HTTP/1.1" status: 200 len: 405 time: 0.1151526
2026-07-09 14:35:05.404 10 INFO neutron.db.ovn_revision_numbers_db [None req-9caca51b-4430-44da-bec8-7048056e9504 199150c440344db3abbdbc559e7ed3e2 e64ea4b67fb94dc9a10b7fe8781cbfc2 - - default default] Successfully bumped revision number for resource b7dbc3da-1024-4a82-a5b8-7896d369e56e (type: router_ports) to 1
2026-07-09 14:35:05.503 10 INFO neutron.db.ovn_revision_numbers_db [None req-9caca51b-4430-44da-bec8-7048056e9504 199150c440344db3abbdbc559e7ed3e2 e64ea4b67fb94dc9a10b7fe8781cbfc2 - - default default] Successfully bumped revision number for resource 5ab819b7-2a50-4c16-954a-253ad49eccee (type: routers) to 2
2026-07-09 14:35:05.524 10 INFO neutron.wsgi [None req-9caca51b-4430-44da-bec8-7048056e9504 199150c440344db3abbdbc559e7ed3e2 e64ea4b67fb94dc9a10b7fe8781cbfc2 - - default default] 10.0.0.84 "POST /v2.0/routers HTTP/1.1" status: 201 len: 865 time: 2.0716801
2026-07-09 14:35:06.011 10 INFO neutron.wsgi [None req-c2096710-3ad4-4af4-ac94-b53b8446c6c3 b5d9b83c3ff243b8baa6e031a7832fc5 15cb89a4de00447480151096be1f1f4c - - default default] 10.0.0.84 "GET /v2.0/ports?device_id=06809261-053e-46a4-8e97-8df61e5eb1e8 HTTP/1.1" status: 200 len: 1447 time: 0.5797851
2026-07-09 14:35:06.161 10 INFO neutron.wsgi [None req-40f36bb0-c6a9-4f9f-a870-7d714cde8071 f4089352cac14198a44a04a45a5a21d1 8a08566898a74edd8189aa0f383abe1c - - default default] 10.0.0.84 "GET /v2.0/floatingips?floating_network_id=fd0d37e1-c0ea-4337-a781-cd50773bb850&port_id=c02136ea-33cf-4030-b8c4-81d65c4ffe44 HTTP/1.1" status: 200 len: 1055 time: 0.1442189
2026-07-09 14:35:06.243 9 INFO neutron.db.ovn_revision_numbers_db [None req-1e3028dd-6689-4a94-8b0c-8d009cccf21e - - - - - -] Successfully bumped revision number for resource b7dbc3da-1024-4a82-a5b8-7896d369e56e (type: ports) to 1
2026-07-09 14:35:06.477 10 INFO neutron.wsgi [req-a43e3ef3-18d8-4c40-ba13-be627ebc5552 req-9b878cec-4f5e-47f3-8eec-5cf9a0192637 1d5fcf759944402684510e42b4778f58 db2e5f1105f74b2fa122d3dd783d2b5f - - 74f1ce842aef429182ec85dbc71b8ded 74f1ce842aef429182ec85dbc71b8ded] 10.0.0.213 "GET /v2.0/ports?device_id=06809261-053e-46a4-8e97-8df61e5eb1e8 HTTP/1.1" status: 200 len: 1452 time: 0.0588043
2026-07-09 14:35:06.603 10 INFO neutron.wsgi [req-a43e3ef3-18d8-4c40-ba13-be627ebc5552 req-23d6ff5c-51ca-4a08-8601-969ef60315ef 1d5fcf759944402684510e42b4778f58 db2e5f1105f74b2fa122d3dd783d2b5f - - 74f1ce842aef429182ec85dbc71b8ded 74f1ce842aef429182ec85dbc71b8ded] 10.0.0.213 "GET /v2.0/security-groups?id=01d8d1d9-bdd7-4388-a996-f2647ab060a9&id=1fc177d9-cc11-4aa8-8c64-b5f6a8e5e26f&fields=id&fields=name HTTP/1.1" status: 200 len: 405 time: 0.1173465
2026-07-09 14:35:06.934 10 WARNING neutron.scheduler.dhcp_agent_scheduler [None req-268dcf48-4f76-4600-84ed-4af20f94ec1c 199150c440344db3abbdbc559e7ed3e2 e64ea4b67fb94dc9a10b7fe8781cbfc2 - - default default] No more DHCP agents
2026-07-09 14:35:06.936 10 WARNING neutron.api.rpc.agentnotifiers.dhcp_rpc_agent_api [None req-268dcf48-4f76-4600-84ed-4af20f94ec1c 199150c440344db3abbdbc559e7ed3e2 e64ea4b67fb94dc9a10b7fe8781cbfc2 - - default default] Unable to schedule network 1784b946-3da6-4488-ba5d-cc3cd72d33e5: no agents available; will retry on subsequent port and subnet creation events.
2026-07-09 14:35:06.955 9 INFO neutron.db.ovn_revision_numbers_db [None req-1e3028dd-6689-4a94-8b0c-8d009cccf21e - - - - - -] Successfully bumped revision number for resource b7dbc3da-1024-4a82-a5b8-7896d369e56e (type: router_ports) to 3
2026-07-09 14:35:07.195 10 INFO neutron.db.ovn_revision_numbers_db [None req-268dcf48-4f76-4600-84ed-4af20f94ec1c 199150c440344db3abbdbc559e7ed3e2 e64ea4b67fb94dc9a10b7fe8781cbfc2 - - default default] Successfully bumped revision number for resource 8748b4c0-7f1c-43ab-8b40-2478cdf52ffb (type: ports) to 1
2026-07-09 14:35:07.202 9 INFO neutron.db.ovn_revision_numbers_db [None req-1e3028dd-6689-4a94-8b0c-8d009cccf21e - - - - - -] Successfully bumped revision number for resource b7dbc3da-1024-4a82-a5b8-7896d369e56e (type: ports) to 2
2026-07-09 14:35:07.623 9 INFO neutron.db.ovn_revision_numbers_db [None req-1e3028dd-6689-4a94-8b0c-8d009cccf21e - - - - - -] Successfully bumped revision number for resource b7dbc3da-1024-4a82-a5b8-7896d369e56e (type: ports) to 4
2026-07-09 14:35:07.990 9 INFO neutron.db.ovn_revision_numbers_db [None req-1e3028dd-6689-4a94-8b0c-8d009cccf21e - - - - - -] Successfully bumped revision number for resource b7dbc3da-1024-4a82-a5b8-7896d369e56e (type: router_ports) to 4
2026-07-09 14:35:08.045 10 INFO neutron.db.ovn_revision_numbers_db [None req-268dcf48-4f76-4600-84ed-4af20f94ec1c 199150c440344db3abbdbc559e7ed3e2 e64ea4b67fb94dc9a10b7fe8781cbfc2 - - default default] Successfully bumped revision number for resource 8748b4c0-7f1c-43ab-8b40-2478cdf52ffb (type: router_ports) to 1
2026-07-09 14:35:08.099 9 INFO neutron.plugins.ml2.drivers.ovn.mech_driver.mech_driver [None req-c60e288d-308e-40bc-ae3b-5ea198d3e5e5 - - - - - -] OVN reports status up for port: 8748b4c0-7f1c-43ab-8b40-2478cdf52ffb
2026-07-09 14:35:08.108 9 INFO neutron.plugins.ml2.plugin [None req-c60e288d-308e-40bc-ae3b-5ea198d3e5e5 - - - - - -] Attempt 1 to provision port 8748b4c0-7f1c-43ab-8b40-2478cdf52ffb
2026-07-09 14:35:08.300 10 INFO neutron.db.ovn_revision_numbers_db [None req-268dcf48-4f76-4600-84ed-4af20f94ec1c 199150c440344db3abbdbc559e7ed3e2 e64ea4b67fb94dc9a10b7fe8781cbfc2 - - default default] Successfully bumped revision number for resource 8748b4c0-7f1c-43ab-8b40-2478cdf52ffb (type: ports) to 1
2026-07-09 14:35:08.357 10 WARNING neutron_lib.context [None req-7565c9cf-d3a4-4714-895a-04da00b3c2fa f3734c639a8048e994a0bc2f9c8699c0 59f259e7067e49c28a8cb7655bc44271 - - default default] Method 'is_advsvc' is deprecated since 2023.2 release (neutron-lib 3.8.0) and will be removed once support for the old RBAC API policies will be removed from Neutron. Please use method 'is_service_role' instead.
2026-07-09 14:35:08.421 10 WARNING neutron.scheduler.dhcp_agent_scheduler [None req-268dcf48-4f76-4600-84ed-4af20f94ec1c 199150c440344db3abbdbc559e7ed3e2 e64ea4b67fb94dc9a10b7fe8781cbfc2 - - default default] No more DHCP agents
2026-07-09 14:35:08.427 10 WARNING neutron.api.rpc.agentnotifiers.dhcp_rpc_agent_api [None req-268dcf48-4f76-4600-84ed-4af20f94ec1c 199150c440344db3abbdbc559e7ed3e2 e64ea4b67fb94dc9a10b7fe8781cbfc2 - - default default] Unable to schedule network 1784b946-3da6-4488-ba5d-cc3cd72d33e5: no agents available; will retry on subsequent port and subnet creation events.
2026-07-09 14:35:08.548 9 INFO neutron.db.ovn_revision_numbers_db [None req-c60e288d-308e-40bc-ae3b-5ea198d3e5e5 - - - - - -] Successfully bumped revision number for resource 8748b4c0-7f1c-43ab-8b40-2478cdf52ffb (type: ports) to 2
2026-07-09 14:35:08.669 10 INFO neutron.db.ovn_revision_numbers_db [None req-7565c9cf-d3a4-4714-895a-04da00b3c2fa f3734c639a8048e994a0bc2f9c8699c0 59f259e7067e49c28a8cb7655bc44271 - - default default] Successfully bumped revision number for resource d855a052-4eaa-4058-b9d9-bff01b05f84d (type: security_groups) to 1
2026-07-09 14:35:08.674 9 INFO neutron.db.ovn_revision_numbers_db [None req-c60e288d-308e-40bc-ae3b-5ea198d3e5e5 - - - - - -] Successfully bumped revision number for resource 8748b4c0-7f1c-43ab-8b40-2478cdf52ffb (type: router_ports) to 2
2026-07-09 14:35:08.704 10 INFO neutron.db.ovn_revision_numbers_db [None req-7565c9cf-d3a4-4714-895a-04da00b3c2fa f3734c639a8048e994a0bc2f9c8699c0 59f259e7067e49c28a8cb7655bc44271 - - default default] Successfully bumped revision number for resource 220c13f5-b2ba-4a83-8eb0-4d9dc0e98e99 (type: security_group_rules) to 0
2026-07-09 14:35:08.754 10 INFO neutron.db.ovn_revision_numbers_db [None req-7565c9cf-d3a4-4714-895a-04da00b3c2fa f3734c639a8048e994a0bc2f9c8699c0 59f259e7067e49c28a8cb7655bc44271 - - default default] Successfully bumped revision number for resource 2214dd77-e3f0-4bce-b647-fa286c368527 (type: security_group_rules) to 0
2026-07-09 14:35:08.803 10 INFO neutron.db.ovn_revision_numbers_db [None req-7565c9cf-d3a4-4714-895a-04da00b3c2fa f3734c639a8048e994a0bc2f9c8699c0 59f259e7067e49c28a8cb7655bc44271 - - default default] Successfully bumped revision number for resource 31675edc-ec00-4617-aa7c-666184a10439 (type: security_group_rules) to 0
2026-07-09 14:35:08.842 10 INFO neutron.db.ovn_revision_numbers_db [None req-7565c9cf-d3a4-4714-895a-04da00b3c2fa f3734c639a8048e994a0bc2f9c8699c0 59f259e7067e49c28a8cb7655bc44271 - - default default] Successfully bumped revision number for resource 51b33ab6-5dee-47ba-8eea-a037b7e41fba (type: security_group_rules) to 0
2026-07-09 14:35:08.904 10 INFO neutron.plugins.ml2.drivers.ovn.mech_driver.mech_driver [None req-cefe73ac-bf6f-42ae-8ae1-ec5443b32fb1 - - - - - -] OVN reports status down for port: c02136ea-33cf-4030-b8c4-81d65c4ffe44
2026-07-09 14:35:08.988 10 INFO neutron.db.segments_db [None req-7565c9cf-d3a4-4714-895a-04da00b3c2fa f3734c639a8048e994a0bc2f9c8699c0 59f259e7067e49c28a8cb7655bc44271 - - default default] Added segment 1792d17e-99c2-43b7-9800-3ff580bb053a of type geneve for network 681aaa43-63e4-4ada-b001-f175e0de5b52
2026-07-09 14:35:09.015 10 INFO neutron.wsgi [req-94970566-72d1-424b-b5c0-f8f2c52deeae req-b998c5d8-860c-48d0-9846-f4b7ff310313 f4089352cac14198a44a04a45a5a21d1 8a08566898a74edd8189aa0f383abe1c - - default default] 10.0.0.128 "GET /v2.0/ports?device_id=06809261-053e-46a4-8e97-8df61e5eb1e8 HTTP/1.1" status: 200 len: 1214 time: 0.1349800
2026-07-09 14:35:09.161 10 INFO neutron.db.ovn_revision_numbers_db [None req-268dcf48-4f76-4600-84ed-4af20f94ec1c 199150c440344db3abbdbc559e7ed3e2 e64ea4b67fb94dc9a10b7fe8781cbfc2 - - default default] Successfully bumped revision number for resource 8748b4c0-7f1c-43ab-8b40-2478cdf52ffb (type: router_ports) to 2
2026-07-09 14:35:09.165 10 INFO neutron.wsgi [None req-268dcf48-4f76-4600-84ed-4af20f94ec1c 199150c440344db3abbdbc559e7ed3e2 e64ea4b67fb94dc9a10b7fe8781cbfc2 - - default default] 10.0.0.84 "PUT /v2.0/routers/5ab819b7-2a50-4c16-954a-253ad49eccee/add_router_interface HTTP/1.1" status: 200 len: 503 time: 3.6326146
2026-07-09 14:35:09.188 10 INFO neutron.wsgi [req-94970566-72d1-424b-b5c0-f8f2c52deeae req-ac30d4b1-32fd-4ada-bfc4-825461ef0652 f4089352cac14198a44a04a45a5a21d1 8a08566898a74edd8189aa0f383abe1c - - default default] 10.0.0.128 "GET /v2.0/security-groups?id=1fc177d9-cc11-4aa8-8c64-b5f6a8e5e26f&id=01d8d1d9-bdd7-4388-a996-f2647ab060a9&fields=id&fields=name HTTP/1.1" status: 200 len: 405 time: 0.1590505
2026-07-09 14:35:09.332 10 INFO neutron.notifiers.nova [-] Nova event matching ['req-6cfcc6ef-1890-4c94-a3e0-613ddda92469'] response: {'server_uuid': '06809261-053e-46a4-8e97-8df61e5eb1e8', 'name': 'network-vif-unplugged', 'status': 'completed', 'tag': 'c02136ea-33cf-4030-b8c4-81d65c4ffe44', 'code': 200}
2026-07-09 14:35:09.364 10 INFO neutron.db.ovn_revision_numbers_db [None req-7565c9cf-d3a4-4714-895a-04da00b3c2fa f3734c639a8048e994a0bc2f9c8699c0 59f259e7067e49c28a8cb7655bc44271 - - default default] Successfully bumped revision number for resource 681aaa43-63e4-4ada-b001-f175e0de5b52 (type: networks) to 1
2026-07-09 14:35:09.485 9 INFO neutron.wsgi [req-916c77dc-b4b4-4998-a622-f6553c1a34e0 req-d42a4739-5186-4eb7-84c5-82d33bf742eb f4089352cac14198a44a04a45a5a21d1 8a08566898a74edd8189aa0f383abe1c - - default default] 199.19.213.105 "GET /v2.0/ports?device_id=06809261-053e-46a4-8e97-8df61e5eb1e8 HTTP/1.1" status: 200 len: 1214 time: 0.2629037
2026-07-09 14:35:09.800 10 WARNING neutron.scheduler.dhcp_agent_scheduler [None req-7565c9cf-d3a4-4714-895a-04da00b3c2fa f3734c639a8048e994a0bc2f9c8699c0 59f259e7067e49c28a8cb7655bc44271 - - default default] No more DHCP agents
2026-07-09 14:35:09.811 10 WARNING neutron.api.rpc.agentnotifiers.dhcp_rpc_agent_api [None req-7565c9cf-d3a4-4714-895a-04da00b3c2fa f3734c639a8048e994a0bc2f9c8699c0 59f259e7067e49c28a8cb7655bc44271 - - default default] Unable to schedule network 681aaa43-63e4-4ada-b001-f175e0de5b52: no agents available; will retry on subsequent port and subnet creation events.
2026-07-09 14:35:09.815 10 INFO neutron.db.ovn_revision_numbers_db [None req-cefe73ac-bf6f-42ae-8ae1-ec5443b32fb1 - - - - - -] Successfully bumped revision number for resource c02136ea-33cf-4030-b8c4-81d65c4ffe44 (type: ports) to 5
2026-07-09 14:35:09.978 10 INFO neutron.db.ovn_revision_numbers_db [None req-7565c9cf-d3a4-4714-895a-04da00b3c2fa f3734c639a8048e994a0bc2f9c8699c0 59f259e7067e49c28a8cb7655bc44271 - - default default] Successfully bumped revision number for resource d37eb19d-3cfd-438b-849c-50be5d8a04d5 (type: ports) to 1
2026-07-09 14:35:10.014 10 INFO neutron.wsgi [None req-7565c9cf-d3a4-4714-895a-04da00b3c2fa f3734c639a8048e994a0bc2f9c8699c0 59f259e7067e49c28a8cb7655bc44271 - - default default] 10.0.0.84 "POST /v2.0/networks HTTP/1.1" status: 201 len: 830 time: 1.8672397 /var/lib/openstack/lib/python3.10/site-packages/pycadf/identifier.py:71: UserWarning: Invalid uuid: neutron. To ensure interoperability, identifiers should be a valid uuid. warnings.warn(('Invalid uuid: %s. To ensure interoperability, '
2026-07-09 14:35:10.026 10 WARNING neutron_lib.context [None req-de87339b-e322-4ca9-876d-45e39413cc22 f3734c639a8048e994a0bc2f9c8699c0 59f259e7067e49c28a8cb7655bc44271 - - default default] Method 'is_advsvc' is deprecated since 2023.2 release (neutron-lib 3.8.0) and will be removed once support for the old RBAC API policies will be removed from Neutron. Please use method 'is_service_role' instead.
2026-07-09 14:35:10.644 9 INFO neutron.db.l3_db [req-916c77dc-b4b4-4998-a622-f6553c1a34e0 req-06557349-3edc-4d51-812e-619278532a95 f4089352cac14198a44a04a45a5a21d1 8a08566898a74edd8189aa0f383abe1c - - default default] Floating IP c37f5eca-8929-44a3-be65-402e8e4cea33 disassociated. External IP: 10.96.250.213, port: c02136ea-33cf-4030-b8c4-81d65c4ffe44.
2026-07-09 14:35:10.765 10 INFO neutron.wsgi [req-4387f20c-9f26-4ba4-b512-c589b55eb3f0 req-30e2ca51-ad63-4039-ab56-751757bfdff9 f4089352cac14198a44a04a45a5a21d1 8a08566898a74edd8189aa0f383abe1c - - default default] 10.0.0.128 "GET /v2.0/ports?device_id=06809261-053e-46a4-8e97-8df61e5eb1e8 HTTP/1.1" status: 200 len: 1212 time: 0.2640872
2026-07-09 14:35:10.870 10 INFO neutron.wsgi [req-4387f20c-9f26-4ba4-b512-c589b55eb3f0 req-946efc2c-7009-4685-a565-df6ba94a52e6 f4089352cac14198a44a04a45a5a21d1 8a08566898a74edd8189aa0f383abe1c - - default default] 10.0.0.128 "GET /v2.0/security-groups?id=1fc177d9-cc11-4aa8-8c64-b5f6a8e5e26f&id=01d8d1d9-bdd7-4388-a996-f2647ab060a9&fields=id&fields=name HTTP/1.1" status: 200 len: 405 time: 0.0962596
2026-07-09 14:35:10.989 9 WARNING neutron.scheduler.dhcp_agent_scheduler [None req-84717ae9-1f9f-4551-adc1-b62ff680b4d6 199150c440344db3abbdbc559e7ed3e2 e64ea4b67fb94dc9a10b7fe8781cbfc2 - - default default] No more DHCP agents
2026-07-09 14:35:10.994 9 WARNING neutron.api.rpc.agentnotifiers.dhcp_rpc_agent_api [None req-84717ae9-1f9f-4551-adc1-b62ff680b4d6 199150c440344db3abbdbc559e7ed3e2 e64ea4b67fb94dc9a10b7fe8781cbfc2 - - default default] Unable to schedule network 3b11b86e-3515-4599-b62c-e86f3d40c57f: no agents available; will retry on subsequent port and subnet creation events.
2026-07-09 14:35:11.024 9 INFO neutron.wsgi [req-916c77dc-b4b4-4998-a622-f6553c1a34e0 req-06557349-3edc-4d51-812e-619278532a95 f4089352cac14198a44a04a45a5a21d1 8a08566898a74edd8189aa0f383abe1c - - default default] 199.19.213.105 "DELETE /v2.0/ports/c02136ea-33cf-4030-b8c4-81d65c4ffe44 HTTP/1.1" status: 204 len: 173 time: 1.5330873
2026-07-09 14:35:11.026 10 WARNING neutron.scheduler.dhcp_agent_scheduler [None req-de87339b-e322-4ca9-876d-45e39413cc22 f3734c639a8048e994a0bc2f9c8699c0 59f259e7067e49c28a8cb7655bc44271 - - default default] No more DHCP agents
2026-07-09 14:35:11.031 10 WARNING neutron.api.rpc.agentnotifiers.dhcp_rpc_agent_api [None req-de87339b-e322-4ca9-876d-45e39413cc22 f3734c639a8048e994a0bc2f9c8699c0 59f259e7067e49c28a8cb7655bc44271 - - default default] Unable to schedule network 681aaa43-63e4-4ada-b001-f175e0de5b52: no agents available; will retry on subsequent port and subnet creation events.
2026-07-09 14:35:11.079 9 INFO neutron.notifiers.nova [-] Nova event matching ['req-29155aab-6c2f-42d1-b6b6-a6998a660fde'] response: {'server_uuid': '06809261-053e-46a4-8e97-8df61e5eb1e8', 'name': 'network-vif-deleted', 'tag': 'c02136ea-33cf-4030-b8c4-81d65c4ffe44', 'status': 'completed', 'code': 200}
2026-07-09 14:35:11.161 10 INFO neutron.db.ovn_revision_numbers_db [None req-de87339b-e322-4ca9-876d-45e39413cc22 f3734c639a8048e994a0bc2f9c8699c0 59f259e7067e49c28a8cb7655bc44271 - - default default] Successfully bumped revision number for resource 65c57912-3240-4052-aad4-63b16788b6d4 (type: ports) to 1
2026-07-09 14:35:11.202 10 INFO neutron.wsgi [None req-de87339b-e322-4ca9-876d-45e39413cc22 f3734c639a8048e994a0bc2f9c8699c0 59f259e7067e49c28a8cb7655bc44271 - - default default] 10.0.0.84 "POST /v2.0/ports HTTP/1.1" status: 201 len: 942 time: 1.1825948 /var/lib/openstack/lib/python3.10/site-packages/pycadf/identifier.py:71: UserWarning: Invalid uuid: neutron. To ensure interoperability, identifiers should be a valid uuid. warnings.warn(('Invalid uuid: %s. To ensure interoperability, '
2026-07-09 14:35:11.221 10 WARNING neutron_lib.context [None req-34fa8406-ea96-4c3b-a2ad-412565b73e20 f3734c639a8048e994a0bc2f9c8699c0 59f259e7067e49c28a8cb7655bc44271 - - default default] Method 'is_advsvc' is deprecated since 2023.2 release (neutron-lib 3.8.0) and will be removed once support for the old RBAC API policies will be removed from Neutron. Please use method 'is_service_role' instead.
2026-07-09 14:35:11.295 9 INFO neutron.db.ovn_revision_numbers_db [None req-84717ae9-1f9f-4551-adc1-b62ff680b4d6 199150c440344db3abbdbc559e7ed3e2 e64ea4b67fb94dc9a10b7fe8781cbfc2 - - default default] Successfully bumped revision number for resource 0f357e83-9910-4a53-89a6-1a31aaa09d59 (type: ports) to 1
2026-07-09 14:35:11.396 10 INFO neutron.notifiers.nova [-] Nova event matching ['req-ae638b8b-25b9-44fd-b8b9-46cb1fe75e80'] response: {'server_uuid': '06809261-053e-46a4-8e97-8df61e5eb1e8', 'name': 'network-vif-plugged', 'status': 'completed', 'tag': 'c02136ea-33cf-4030-b8c4-81d65c4ffe44', 'code': 200}
2026-07-09 14:35:11.618 10 INFO neutron.wsgi [None req-34fa8406-ea96-4c3b-a2ad-412565b73e20 f3734c639a8048e994a0bc2f9c8699c0 59f259e7067e49c28a8cb7655bc44271 - - default default] 10.0.0.84 "POST /v2.0/trunks HTTP/1.1" status: 201 len: 608 time: 0.4078557
2026-07-09 14:35:11.702 9 INFO neutron.wsgi [None req-f81c08b7-97f6-4d75-8615-79e66a9abfc9 f3734c639a8048e994a0bc2f9c8699c0 59f259e7067e49c28a8cb7655bc44271 - - default default] 10.0.0.84 "PUT /v2.0/trunks/879a7ba4-5a8c-4365-b633-459c43317e8a/tags HTTP/1.1" status: 200 len: 218 time: 0.0784287
2026-07-09 14:35:11.740 9 INFO neutron.wsgi [None req-7b60a1b5-48ce-4650-94e8-f13d2f3897a3 f3734c639a8048e994a0bc2f9c8699c0 59f259e7067e49c28a8cb7655bc44271 - - default default] 10.0.0.84 "GET /v2.0/trunks/879a7ba4-5a8c-4365-b633-459c43317e8a/tags HTTP/1.1" status: 200 len: 218 time: 0.0290387
2026-07-09 14:35:11.819 10 INFO neutron.wsgi [None req-fb58a8c9-2d80-4499-aeae-d4ec328a5e6f f3734c639a8048e994a0bc2f9c8699c0 59f259e7067e49c28a8cb7655bc44271 - - default default] 10.0.0.84 "PUT /v2.0/trunks/879a7ba4-5a8c-4365-b633-459c43317e8a/tags/green HTTP/1.1" status: 201 len: 201 time: 0.0660610
2026-07-09 14:35:11.859 10 INFO neutron.wsgi [None req-1fcf69bc-612c-4df2-96fb-91a7e2946ff7 f3734c639a8048e994a0bc2f9c8699c0 59f259e7067e49c28a8cb7655bc44271 - - default default] 10.0.0.84 "GET /v2.0/trunks/879a7ba4-5a8c-4365-b633-459c43317e8a/tags HTTP/1.1" status: 200 len: 227 time: 0.0349379
2026-07-09 14:35:11.905 10 INFO neutron.wsgi [None req-f197c1b0-496a-424a-aea9-c9b4dfbf1a4e f3734c639a8048e994a0bc2f9c8699c0 59f259e7067e49c28a8cb7655bc44271 - - default default] 10.0.0.84 "PUT /v2.0/trunks/879a7ba4-5a8c-4365-b633-459c43317e8a/tags/red HTTP/1.1" status: 201 len: 201 time: 0.0359550
2026-07-09 14:35:11.943 10 INFO neutron.wsgi [None req-0e52e4d6-8230-4673-8868-c4edfa4e568f f3734c639a8048e994a0bc2f9c8699c0 59f259e7067e49c28a8cb7655bc44271 - - default default] 10.0.0.84 "GET /v2.0/trunks/879a7ba4-5a8c-4365-b633-459c43317e8a/tags HTTP/1.1" status: 200 len: 227 time: 0.0318656
2026-07-09 14:35:12.003 10 INFO neutron.wsgi [None req-5c90773a-b002-480f-8e4f-3b81c0489b2a f3734c639a8048e994a0bc2f9c8699c0 59f259e7067e49c28a8cb7655bc44271 - - default default] 10.0.0.84 "PUT /v2.0/trunks/879a7ba4-5a8c-4365-b633-459c43317e8a/tags/black.or.white HTTP/1.1" status: 201 len: 201 time: 0.0538063
2026-07-09 14:35:12.053 10 INFO neutron.wsgi [None req-9d75f645-0a1c-441e-894c-3e3a94a9c65a f3734c639a8048e994a0bc2f9c8699c0 59f259e7067e49c28a8cb7655bc44271 - - default default] 10.0.0.84 "GET /v2.0/trunks/879a7ba4-5a8c-4365-b633-459c43317e8a/tags HTTP/1.1" status: 200 len: 245 time: 0.0408375
2026-07-09 14:35:12.158 9 INFO neutron.wsgi [None req-a5442c32-4575-4595-a661-f1a6ec0d28b5 f3734c639a8048e994a0bc2f9c8699c0 59f259e7067e49c28a8cb7655bc44271 - - default default] 10.0.0.84 "PUT /v2.0/trunks/879a7ba4-5a8c-4365-b633-459c43317e8a/tags HTTP/1.1" status: 200 len: 230 time: 0.0999622
2026-07-09 14:35:12.216 10 INFO neutron.wsgi [None req-c033445f-75c8-4529-a5b3-0f7b76b09f8b f3734c639a8048e994a0bc2f9c8699c0 59f259e7067e49c28a8cb7655bc44271 - - default default] 10.0.0.84 "GET /v2.0/trunks/879a7ba4-5a8c-4365-b633-459c43317e8a/tags HTTP/1.1" status: 200 len: 230 time: 0.0449598
2026-07-09 14:35:12.257 10 INFO neutron.wsgi [None req-0832bb72-7ff6-4312-bf2b-4640e45ff505 f3734c639a8048e994a0bc2f9c8699c0 59f259e7067e49c28a8cb7655bc44271 - - default default] 10.0.0.84 "GET /v2.0/trunks/879a7ba4-5a8c-4365-b633-459c43317e8a/tags/red HTTP/1.1" status: 204 len: 168 time: 0.0319636
2026-07-09 14:35:12.302 10 INFO neutron.wsgi [None req-cab3a5c3-e350-43e2-b6d1-495ed7dbe43a f4089352cac14198a44a04a45a5a21d1 8a08566898a74edd8189aa0f383abe1c - - default default] 10.0.0.84 "DELETE /v2.0/security-groups/1fc177d9-cc11-4aa8-8c64-b5f6a8e5e26f HTTP/1.1" status: 204 len: 168 time: 0.2243557
2026-07-09 14:35:12.304 10 INFO neutron.api.v2.resource [None req-0626fe11-6b7e-448d-a531-6e4ba4b21282 f3734c639a8048e994a0bc2f9c8699c0 59f259e7067e49c28a8cb7655bc44271 - - default default] show failed (client error): The resource could not be found.
2026-07-09 14:35:12.304 10 INFO neutron.wsgi [None req-0626fe11-6b7e-448d-a531-6e4ba4b21282 f3734c639a8048e994a0bc2f9c8699c0 59f259e7067e49c28a8cb7655bc44271 - - default default] 10.0.0.84 "GET /v2.0/trunks/879a7ba4-5a8c-4365-b633-459c43317e8a/tags/green HTTP/1.1" status: 404 len: 299 time: 0.0382078
2026-07-09 14:35:12.328 10 INFO neutron.api.v2.resource [None req-951b09ad-4cf4-4cf2-9a91-82b4a43a901b f4089352cac14198a44a04a45a5a21d1 8a08566898a74edd8189aa0f383abe1c - - default default] show failed (client error): The resource could not be found.
2026-07-09 14:35:12.330 10 INFO neutron.wsgi [None req-951b09ad-4cf4-4cf2-9a91-82b4a43a901b f4089352cac14198a44a04a45a5a21d1 8a08566898a74edd8189aa0f383abe1c - - default default] 10.0.0.84 "GET /v2.0/security-groups/1fc177d9-cc11-4aa8-8c64-b5f6a8e5e26f HTTP/1.1" status: 404 len: 347 time: 0.0196109
2026-07-09 14:35:12.395 10 INFO neutron.wsgi [None req-ce4e1187-e48f-4c08-904f-0922f3eda4eb f3734c639a8048e994a0bc2f9c8699c0 59f259e7067e49c28a8cb7655bc44271 - - default default] 10.0.0.84 "DELETE /v2.0/trunks/879a7ba4-5a8c-4365-b633-459c43317e8a/tags/red HTTP/1.1" status: 204 len: 168 time: 0.0845249
2026-07-09 14:35:12.438 10 INFO neutron.wsgi [None req-228a3b6b-8a17-489c-addf-15876072e1e8 f3734c639a8048e994a0bc2f9c8699c0 59f259e7067e49c28a8cb7655bc44271 - - default default] 10.0.0.84 "GET /v2.0/trunks/879a7ba4-5a8c-4365-b633-459c43317e8a/tags HTTP/1.1" status: 200 len: 223 time: 0.0344200
2026-07-09 14:35:12.477 10 INFO neutron.api.v2.resource [None req-c4100b53-0924-4181-9b60-7830c7c527f2 f3734c639a8048e994a0bc2f9c8699c0 59f259e7067e49c28a8cb7655bc44271 - - default default] delete failed (client error): The resource could not be found.
2026-07-09 14:35:12.478 10 INFO neutron.wsgi [None req-c4100b53-0924-4181-9b60-7830c7c527f2 f3734c639a8048e994a0bc2f9c8699c0 59f259e7067e49c28a8cb7655bc44271 - - default default] 10.0.0.84 "DELETE /v2.0/trunks/879a7ba4-5a8c-4365-b633-459c43317e8a/tags/green HTTP/1.1" status: 404 len: 299 time: 0.0331533
2026-07-09 14:35:12.550 10 INFO neutron.wsgi [None req-5f814361-6ebd-423c-98f5-a456e1cfc6e7 f3734c639a8048e994a0bc2f9c8699c0 59f259e7067e49c28a8cb7655bc44271 - - default default] 10.0.0.84 "DELETE /v2.0/trunks/879a7ba4-5a8c-4365-b633-459c43317e8a/tags HTTP/1.1" status: 204 len: 168 time: 0.0668511
2026-07-09 14:35:12.607 10 INFO neutron.wsgi [None req-2e3b4c64-763e-4d0f-a064-124fba8fe3a2 f3734c639a8048e994a0bc2f9c8699c0 59f259e7067e49c28a8cb7655bc44271 - - default default] 10.0.0.84 "GET /v2.0/trunks/879a7ba4-5a8c-4365-b633-459c43317e8a/tags HTTP/1.1" status: 200 len: 205 time: 0.0427628
2026-07-09 14:35:12.658 9 INFO neutron.db.ovn_revision_numbers_db [None req-84717ae9-1f9f-4551-adc1-b62ff680b4d6 199150c440344db3abbdbc559e7ed3e2 e64ea4b67fb94dc9a10b7fe8781cbfc2 - - default default] Successfully bumped revision number for resource 0f357e83-9910-4a53-89a6-1a31aaa09d59 (type: router_ports) to 1
2026-07-09 14:35:12.670 9 INFO neutron.wsgi [None req-e03f8a3f-b2e2-4ef8-a7b9-7b91c8e2e310 f3734c639a8048e994a0bc2f9c8699c0 59f259e7067e49c28a8cb7655bc44271 - - default default] 10.0.0.84 "GET /v2.0/trunks/879a7ba4-5a8c-4365-b633-459c43317e8a HTTP/1.1" status: 200 len: 603 time: 0.0389309
2026-07-09 14:35:12.883 10 INFO neutron.wsgi [None req-f2d17756-cbf7-4eaa-8806-5e88d44df7ea f3734c639a8048e994a0bc2f9c8699c0 59f259e7067e49c28a8cb7655bc44271 - - default default] 10.0.0.84 "GET /v2.0/ports/65c57912-3240-4052-aad4-63b16788b6d4 HTTP/1.1" status: 200 len: 1020 time: 0.2055452
2026-07-09 14:35:12.954 10 INFO neutron.wsgi [None req-24498820-c448-4d01-94ed-e16a9e291124 f4089352cac14198a44a04a45a5a21d1 8a08566898a74edd8189aa0f383abe1c - - default default] 10.0.0.84 "DELETE /v2.0/floatingips/c37f5eca-8929-44a3-be65-402e8e4cea33 HTTP/1.1" status: 204 len: 168 time: 0.6160822
2026-07-09 14:35:12.959 10 INFO neutron.wsgi [-] 10.0.0.137 "GET / HTTP/1.1" status: 200 len: 246 time: 0.0017092
2026-07-09 14:35:12.961 10 INFO neutron.wsgi [-] 10.0.0.137 "GET / HTTP/1.1" status: 200 len: 246 time: 0.0011680
2026-07-09 14:35:12.974 9 INFO neutron.db.ovn_revision_numbers_db [None req-84717ae9-1f9f-4551-adc1-b62ff680b4d6 199150c440344db3abbdbc559e7ed3e2 e64ea4b67fb94dc9a10b7fe8781cbfc2 - - default default] Successfully bumped revision number for resource 0f357e83-9910-4a53-89a6-1a31aaa09d59 (type: ports) to 1
2026-07-09 14:35:13.026 10 INFO neutron.wsgi [None req-601d481b-551e-4d61-88bf-d9219cf33443 f3734c639a8048e994a0bc2f9c8699c0 59f259e7067e49c28a8cb7655bc44271 - - default default] 10.0.0.84 "DELETE /v2.0/trunks/879a7ba4-5a8c-4365-b633-459c43317e8a HTTP/1.1" status: 204 len: 168 time: 0.1351199
2026-07-09 14:35:13.111 9 WARNING neutron.scheduler.dhcp_agent_scheduler [None req-84717ae9-1f9f-4551-adc1-b62ff680b4d6 199150c440344db3abbdbc559e7ed3e2 e64ea4b67fb94dc9a10b7fe8781cbfc2 - - default default] No more DHCP agents
2026-07-09 14:35:13.113 9 WARNING neutron.api.rpc.agentnotifiers.dhcp_rpc_agent_api [None req-84717ae9-1f9f-4551-adc1-b62ff680b4d6 199150c440344db3abbdbc559e7ed3e2 e64ea4b67fb94dc9a10b7fe8781cbfc2 - - default default] Unable to schedule network 3b11b86e-3515-4599-b62c-e86f3d40c57f: no agents available; will retry on subsequent port and subnet creation events.
2026-07-09 14:35:13.244 9 INFO neutron.wsgi [None req-325a641c-11e5-4238-b2e4-fc76347b56db f4089352cac14198a44a04a45a5a21d1 8a08566898a74edd8189aa0f383abe1c - - default default] 10.0.0.84 "DELETE /v2.0/security-groups/01d8d1d9-bdd7-4388-a996-f2647ab060a9 HTTP/1.1" status: 204 len: 168 time: 0.2803879
2026-07-09 14:35:13.445 10 INFO neutron.wsgi [None req-43364ad8-68ef-460d-b412-fba2058670ad f3734c639a8048e994a0bc2f9c8699c0 59f259e7067e49c28a8cb7655bc44271 - - default default] 10.0.0.84 "DELETE /v2.0/ports/65c57912-3240-4052-aad4-63b16788b6d4 HTTP/1.1" status: 204 len: 168 time: 0.4123008
2026-07-09 14:35:13.528 9 INFO neutron.db.ovn_revision_numbers_db [None req-84717ae9-1f9f-4551-adc1-b62ff680b4d6 199150c440344db3abbdbc559e7ed3e2 e64ea4b67fb94dc9a10b7fe8781cbfc2 - - default default] Successfully bumped revision number for resource 0f357e83-9910-4a53-89a6-1a31aaa09d59 (type: router_ports) to 1
2026-07-09 14:35:13.532 9 INFO neutron.wsgi [None req-84717ae9-1f9f-4551-adc1-b62ff680b4d6 199150c440344db3abbdbc559e7ed3e2 e64ea4b67fb94dc9a10b7fe8781cbfc2 - - default default] 10.0.0.84 "PUT /v2.0/routers/5ab819b7-2a50-4c16-954a-253ad49eccee/add_router_interface HTTP/1.1" status: 200 len: 503 time: 4.3593545
2026-07-09 14:35:14.051 10 INFO neutron.services.segments.plugin [-] Segment 1792d17e-99c2-43b7-9800-3ff580bb053a resource provider aggregate not found
2026-07-09 14:35:14.075 10 INFO neutron.services.segments.plugin [-] Segment 1792d17e-99c2-43b7-9800-3ff580bb053a resource provider aggregate not found
2026-07-09 14:35:14.089 10 INFO neutron.services.segments.plugin [-] Segment 1792d17e-99c2-43b7-9800-3ff580bb053a resource provider not found; error: Placement Client Error (4xx): {"errors": [{"status": 404, "title": "Not Found", "detail": "The resource could not be found.\n\n No resource provider with uuid 1792d17e-99c2-43b7-9800-3ff580bb053a found for delete ", "request_id": "req-e3eee080-038f-4b08-908d-5a743ccc0645"}]}
2026-07-09 14:35:14.109 10 INFO neutron.services.segments.plugin [-] Segment 1792d17e-99c2-43b7-9800-3ff580bb053a resource provider not found; error: Placement Client Error (4xx): {"errors": [{"status": 404, "title": "Not Found", "detail": "The resource could not be found.\n\n No resource provider with uuid 1792d17e-99c2-43b7-9800-3ff580bb053a found for delete ", "request_id": "req-ee5f077a-32b2-47f6-b442-3107dce24d7f"}]}
2026-07-09 14:35:14.150 10 INFO neutron.wsgi [None req-197b1066-31c4-43ed-9aa1-424a939f4479 f3734c639a8048e994a0bc2f9c8699c0 59f259e7067e49c28a8cb7655bc44271 - - default default] 10.0.0.84 "DELETE /v2.0/networks/681aaa43-63e4-4ada-b001-f175e0de5b52 HTTP/1.1" status: 204 len: 168 time: 0.6997361
2026-07-09 14:35:14.366 9 WARNING neutron.scheduler.dhcp_agent_scheduler [None req-0fc410d5-c0ad-4bfb-8a1a-3a9b3ce3f62f 199150c440344db3abbdbc559e7ed3e2 e64ea4b67fb94dc9a10b7fe8781cbfc2 - - default default] No more DHCP agents
2026-07-09 14:35:14.371 9 WARNING neutron.api.rpc.agentnotifiers.dhcp_rpc_agent_api [None req-0fc410d5-c0ad-4bfb-8a1a-3a9b3ce3f62f 199150c440344db3abbdbc559e7ed3e2 e64ea4b67fb94dc9a10b7fe8781cbfc2 - - default default] Unable to schedule network 46269987-9939-4fbc-a3de-2b892cb6db01: no agents available; will retry on subsequent port and subnet creation events.
2026-07-09 14:35:14.547 9 WARNING neutron.plugins.ml2.drivers.ovn.mech_driver.ovsdb.ovn_client [None req-c60e288d-308e-40bc-ae3b-5ea198d3e5e5 - - - - - -] No hosting information found for port 8748b4c0-7f1c-43ab-8b40-2478cdf52ffb: RuntimeError: No hosting information found for port 8748b4c0-7f1c-43ab-8b40-2478cdf52ffb
2026-07-09 14:35:14.581 9 INFO neutron.plugins.ml2.drivers.ovn.mech_driver.mech_driver [None req-c60e288d-308e-40bc-ae3b-5ea198d3e5e5 - - - - - -] OVN reports status up for port: 0f357e83-9910-4a53-89a6-1a31aaa09d59
2026-07-09 14:35:14.622 9 INFO neutron.plugins.ml2.plugin [None req-c60e288d-308e-40bc-ae3b-5ea198d3e5e5 - - - - - -] Attempt 1 to provision port 0f357e83-9910-4a53-89a6-1a31aaa09d59
2026-07-09 14:35:14.801 9 INFO neutron.db.ovn_revision_numbers_db [None req-0fc410d5-c0ad-4bfb-8a1a-3a9b3ce3f62f 199150c440344db3abbdbc559e7ed3e2 e64ea4b67fb94dc9a10b7fe8781cbfc2 - - default default] Successfully bumped revision number for resource 8f45f0f6-73a0-4165-9204-9f7b175a70a1 (type: ports) to 1
2026-07-09 14:35:15.198 10 INFO neutron.wsgi [None req-3ae45130-9388-4b84-b681-66b35854c3a6 22165e82e85b47038d5e4c973809c3ac 363969c90b5d4636b34103ca5ae0b718 - - default default] 10.0.0.84 "PUT /v2.0/routers/f4c6679b-d256-43bf-8e04-3080e19762a1/remove_router_interface HTTP/1.1" status: 200 len: 503 time: 1.9075565 /var/lib/openstack/lib/python3.10/site-packages/pycadf/identifier.py:71: UserWarning: Invalid uuid: neutron. To ensure interoperability, identifiers should be a valid uuid. warnings.warn(('Invalid uuid: %s. To ensure interoperability, ' /var/lib/openstack/lib/python3.10/site-packages/pycadf/identifier.py:71: UserWarning: Invalid uuid: neutron. To ensure interoperability, identifiers should be a valid uuid. warnings.warn(('Invalid uuid: %s. To ensure interoperability, '
2026-07-09 14:35:15.310 9 INFO neutron.db.ovn_revision_numbers_db [None req-c60e288d-308e-40bc-ae3b-5ea198d3e5e5 - - - - - -] Successfully bumped revision number for resource 0f357e83-9910-4a53-89a6-1a31aaa09d59 (type: ports) to 2
2026-07-09 14:35:15.550 9 INFO neutron.db.ovn_revision_numbers_db [None req-c60e288d-308e-40bc-ae3b-5ea198d3e5e5 - - - - - -] Successfully bumped revision number for resource 0f357e83-9910-4a53-89a6-1a31aaa09d59 (type: router_ports) to 2
2026-07-09 14:35:15.603 9 INFO neutron.db.ovn_revision_numbers_db [None req-faadcac5-a5a4-4a93-8156-4babebd2e69a 22165e82e85b47038d5e4c973809c3ac 363969c90b5d4636b34103ca5ae0b718 - - default default] Successfully bumped revision number for resource 0c5ecfa1-07fc-4708-b724-83756a800201 (type: security_groups) to 1
2026-07-09 14:35:15.663 9 INFO neutron.db.ovn_revision_numbers_db [None req-faadcac5-a5a4-4a93-8156-4babebd2e69a 22165e82e85b47038d5e4c973809c3ac 363969c90b5d4636b34103ca5ae0b718 - - default default] Successfully bumped revision number for resource 73e19f3e-91eb-4434-89d2-58989d9881ff (type: security_group_rules) to 0
2026-07-09 14:35:15.730 9 INFO neutron.db.ovn_revision_numbers_db [None req-faadcac5-a5a4-4a93-8156-4babebd2e69a 22165e82e85b47038d5e4c973809c3ac 363969c90b5d4636b34103ca5ae0b718 - - default default] Successfully bumped revision number for resource bda5df63-3af3-4ff5-b547-b718d6732f85 (type: security_group_rules) to 0
2026-07-09 14:35:15.760 9 INFO neutron.db.ovn_revision_numbers_db [None req-faadcac5-a5a4-4a93-8156-4babebd2e69a 22165e82e85b47038d5e4c973809c3ac 363969c90b5d4636b34103ca5ae0b718 - - default default] Successfully bumped revision number for resource e71f0706-060e-482e-97e5-ceb82943db87 (type: security_group_rules) to 0
2026-07-09 14:35:15.816 9 INFO neutron.db.ovn_revision_numbers_db [None req-faadcac5-a5a4-4a93-8156-4babebd2e69a 22165e82e85b47038d5e4c973809c3ac 363969c90b5d4636b34103ca5ae0b718 - - default default] Successfully bumped revision number for resource f57d6290-da47-4f94-8ea0-da7466a81962 (type: security_group_rules) to 0
2026-07-09 14:35:15.872 9 INFO neutron.wsgi [None req-faadcac5-a5a4-4a93-8156-4babebd2e69a 22165e82e85b47038d5e4c973809c3ac 363969c90b5d4636b34103ca5ae0b718 - - default default] 10.0.0.84 "GET /v2.0/security-groups?tenant_id=991fc454812b4c63bf80e98366830631&name=default HTTP/1.1" status: 200 len: 2996 time: 0.8534720
2026-07-09 14:35:16.117 10 INFO neutron.plugins.ml2.drivers.ovn.mech_driver.mech_driver [None req-cefe73ac-bf6f-42ae-8ae1-ec5443b32fb1 - - - - - -] OVN reports status up for port: 8f45f0f6-73a0-4165-9204-9f7b175a70a1
2026-07-09 14:35:16.137 10 INFO neutron.plugins.ml2.plugin [None req-cefe73ac-bf6f-42ae-8ae1-ec5443b32fb1 - - - - - -] Attempt 1 to provision port 8f45f0f6-73a0-4165-9204-9f7b175a70a1
2026-07-09 14:35:16.150 9 INFO neutron.db.ovn_revision_numbers_db [None req-0fc410d5-c0ad-4bfb-8a1a-3a9b3ce3f62f 199150c440344db3abbdbc559e7ed3e2 e64ea4b67fb94dc9a10b7fe8781cbfc2 - - default default] Successfully bumped revision number for resource 8f45f0f6-73a0-4165-9204-9f7b175a70a1 (type: router_ports) to 1
2026-07-09 14:35:16.360 9 INFO neutron.wsgi [None req-d6fa274d-a29f-4b9c-ab9c-c09c3da37d83 22165e82e85b47038d5e4c973809c3ac 363969c90b5d4636b34103ca5ae0b718 - - default default] 10.0.0.84 "DELETE /v2.0/security-groups/0c5ecfa1-07fc-4708-b724-83756a800201 HTTP/1.1" status: 204 len: 168 time: 0.4797254
2026-07-09 14:35:16.399 9 INFO neutron.db.ovn_revision_numbers_db [None req-0fc410d5-c0ad-4bfb-8a1a-3a9b3ce3f62f 199150c440344db3abbdbc559e7ed3e2 e64ea4b67fb94dc9a10b7fe8781cbfc2 - - default default] Successfully bumped revision number for resource 8f45f0f6-73a0-4165-9204-9f7b175a70a1 (type: ports) to 1
2026-07-09 14:35:16.507 9 WARNING neutron.scheduler.dhcp_agent_scheduler [None req-0fc410d5-c0ad-4bfb-8a1a-3a9b3ce3f62f 199150c440344db3abbdbc559e7ed3e2 e64ea4b67fb94dc9a10b7fe8781cbfc2 - - default default] No more DHCP agents
2026-07-09 14:35:16.509 9 WARNING neutron.api.rpc.agentnotifiers.dhcp_rpc_agent_api [None req-0fc410d5-c0ad-4bfb-8a1a-3a9b3ce3f62f 199150c440344db3abbdbc559e7ed3e2 e64ea4b67fb94dc9a10b7fe8781cbfc2 - - default default] Unable to schedule network 46269987-9939-4fbc-a3de-2b892cb6db01: no agents available; will retry on subsequent port and subnet creation events.
2026-07-09 14:35:16.587 10 INFO neutron.wsgi [None req-93aa6798-54b5-48b8-9bd0-60cdfba8bba4 22165e82e85b47038d5e4c973809c3ac 363969c90b5d4636b34103ca5ae0b718 - - default default] 10.0.0.84 "GET /v2.0/security-groups?tenant_id=59f259e7067e49c28a8cb7655bc44271&name=default HTTP/1.1" status: 200 len: 2996 time: 0.0854914
2026-07-09 14:35:16.824 10 INFO neutron.db.ovn_revision_numbers_db [None req-cefe73ac-bf6f-42ae-8ae1-ec5443b32fb1 - - - - - -] Successfully bumped revision number for resource 8f45f0f6-73a0-4165-9204-9f7b175a70a1 (type: ports) to 2
