2026-07-09 14:32:24.596 10 INFO neutron.wsgi [None req-4f4a237c-d63e-4d46-95d7-18b1fb8b54a1 3c25b10b56244724a6162dc5327c2365 314f1dba1b3a481890cad9000c97283a - - default default] 10.0.0.84 "GET /v2.0/security-group-rules/0f1d5ad9-5c92-4ec8-843a-1099f75b3e51 HTTP/1.1" status: 200 len: 763 time: 0.0233569
2026-07-09 14:32:24.820 9 INFO neutron.wsgi [None req-8e169733-5bf3-4a7f-8cf6-379c0540cccb 3c25b10b56244724a6162dc5327c2365 314f1dba1b3a481890cad9000c97283a - - default default] 10.0.0.84 "GET /v2.0/security-group-rules HTTP/1.1" status: 200 len: 4113 time: 0.1990979
2026-07-09 14:32:24.936 10 WARNING neutron.scheduler.dhcp_agent_scheduler [None req-95869848-26ec-4dd5-9564-fc8c39dbb256 22165e82e85b47038d5e4c973809c3ac 363969c90b5d4636b34103ca5ae0b718 - - default default] No more DHCP agents
2026-07-09 14:32:24.938 10 WARNING neutron.api.rpc.agentnotifiers.dhcp_rpc_agent_api [None req-95869848-26ec-4dd5-9564-fc8c39dbb256 22165e82e85b47038d5e4c973809c3ac 363969c90b5d4636b34103ca5ae0b718 - - default default] Unable to schedule network 93c27141-a28d-4c14-b2de-02d0b51456b4: no agents available; will retry on subsequent port and subnet creation events.
2026-07-09 14:32:24.963 9 INFO neutron.wsgi [None req-2cb69b54-0383-42cc-ad7b-dffae0556a62 22165e82e85b47038d5e4c973809c3ac 363969c90b5d4636b34103ca5ae0b718 - - default default] 10.0.0.84 "PUT /v2.0/routers/98e9e8a7-c213-4b99-9f68-ecd99a880da6/remove_router_interface HTTP/1.1" status: 200 len: 503 time: 1.8830221
2026-07-09 14:32:24.992 9 INFO neutron.db.ovn_revision_numbers_db [None req-1e3028dd-6689-4a94-8b0c-8d009cccf21e - - - - - -] Successfully bumped revision number for resource 53d6ea68-9b90-4721-947f-23c944aa6231 (type: ports) to 1
2026-07-09 14:32:25.035 10 WARNING neutron_lib.context [None req-a1b2b32d-773f-446a-a763-6758a827bba9 ed302bfd02364bc0ae61560549db5c1d 7db3f713167b4c77b902553c70e2eb5f - - default default] Method 'is_advsvc' is deprecated since 2023.2 release (neutron-lib 3.8.0) and will be removed once support for the old RBAC API policies will be removed from Neutron. Please use method 'is_service_role' instead.
2026-07-09 14:32:25.118 9 INFO neutron.wsgi [None req-a6b0c984-fec2-47b0-b2bf-90494afcca57 3c25b10b56244724a6162dc5327c2365 314f1dba1b3a481890cad9000c97283a - - default default] 10.0.0.84 "DELETE /v2.0/security-group-rules/0f1d5ad9-5c92-4ec8-843a-1099f75b3e51 HTTP/1.1" status: 204 len: 168 time: 0.2894905 /var/lib/openstack/lib/python3.10/site-packages/pycadf/identifier.py:71: UserWarning: Invalid uuid: neutron. To ensure interoperability, identifiers should be a valid uuid. warnings.warn(('Invalid uuid: %s. To ensure interoperability, '
2026-07-09 14:32:25.233 9 INFO neutron.wsgi [None req-48180914-7e9a-466c-802e-5740cac23d22 3c25b10b56244724a6162dc5327c2365 314f1dba1b3a481890cad9000c97283a - - default default] 10.0.0.84 "GET /v2.0/security-group-rules HTTP/1.1" status: 200 len: 3567 time: 0.1092124
2026-07-09 14:32:25.253 10 WARNING neutron_lib.context [None req-457d1c62-5acd-4286-b1bc-4017d6361d17 3c25b10b56244724a6162dc5327c2365 314f1dba1b3a481890cad9000c97283a - - default default] Method 'is_advsvc' is deprecated since 2023.2 release (neutron-lib 3.8.0) and will be removed once support for the old RBAC API policies will be removed from Neutron. Please use method 'is_service_role' instead.
2026-07-09 14:32:25.292 10 INFO neutron.db.ovn_revision_numbers_db [None req-95869848-26ec-4dd5-9564-fc8c39dbb256 22165e82e85b47038d5e4c973809c3ac 363969c90b5d4636b34103ca5ae0b718 - - default default] Successfully bumped revision number for resource 5a2d4978-aa77-4c1b-9f01-499881752ff1 (type: ports) to 1
2026-07-09 14:32:25.342 9 INFO neutron.db.ovn_revision_numbers_db [None req-1e3028dd-6689-4a94-8b0c-8d009cccf21e - - - - - -] Successfully bumped revision number for resource 53d6ea68-9b90-4721-947f-23c944aa6231 (type: router_ports) to 3
2026-07-09 14:32:25.420 10 INFO neutron.db.ovn_revision_numbers_db [None req-a1b2b32d-773f-446a-a763-6758a827bba9 ed302bfd02364bc0ae61560549db5c1d 7db3f713167b4c77b902553c70e2eb5f - - default default] Successfully bumped revision number for resource 8a8d6925-04e2-4d1a-8f0f-ef84092e0ee5 (type: security_groups) to 1
2026-07-09 14:32:25.466 10 INFO neutron.db.ovn_revision_numbers_db [None req-a1b2b32d-773f-446a-a763-6758a827bba9 ed302bfd02364bc0ae61560549db5c1d 7db3f713167b4c77b902553c70e2eb5f - - default default] Successfully bumped revision number for resource 8b013d4e-0d67-4eec-96e2-77aa3d6ab1bd (type: security_group_rules) to 0
2026-07-09 14:32:25.507 10 INFO neutron.db.ovn_revision_numbers_db [None req-a1b2b32d-773f-446a-a763-6758a827bba9 ed302bfd02364bc0ae61560549db5c1d 7db3f713167b4c77b902553c70e2eb5f - - default default] Successfully bumped revision number for resource ca36f3b1-4034-4d12-b822-a8a2cb2242b8 (type: security_group_rules) to 0
2026-07-09 14:32:25.523 9 INFO neutron.db.ovn_revision_numbers_db [None req-1e3028dd-6689-4a94-8b0c-8d009cccf21e - - - - - -] Successfully bumped revision number for resource 53d6ea68-9b90-4721-947f-23c944aa6231 (type: ports) to 2
2026-07-09 14:32:25.536 10 INFO neutron.db.ovn_revision_numbers_db [None req-a1b2b32d-773f-446a-a763-6758a827bba9 ed302bfd02364bc0ae61560549db5c1d 7db3f713167b4c77b902553c70e2eb5f - - default default] Successfully bumped revision number for resource fa140689-98a2-46a1-972d-49139fcd72a0 (type: security_group_rules) to 0
2026-07-09 14:32:25.537 10 INFO neutron.db.ovn_revision_numbers_db [None req-457d1c62-5acd-4286-b1bc-4017d6361d17 3c25b10b56244724a6162dc5327c2365 314f1dba1b3a481890cad9000c97283a - - default default] Successfully bumped revision number for resource 3f5504e3-f021-4a89-b2ac-da9d7de14364 (type: security_group_rules) to 0
2026-07-09 14:32:25.574 10 INFO neutron.db.ovn_revision_numbers_db [None req-a1b2b32d-773f-446a-a763-6758a827bba9 ed302bfd02364bc0ae61560549db5c1d 7db3f713167b4c77b902553c70e2eb5f - - default default] Successfully bumped revision number for resource fe9fbbd5-cc7b-4222-a6f7-7951c4a5ff7d (type: security_group_rules) to 0
2026-07-09 14:32:25.590 10 INFO neutron.wsgi [None req-457d1c62-5acd-4286-b1bc-4017d6361d17 3c25b10b56244724a6162dc5327c2365 314f1dba1b3a481890cad9000c97283a - - default default] 10.0.0.84 "POST /v2.0/security-group-rules HTTP/1.1" status: 201 len: 768 time: 0.3482265
2026-07-09 14:32:25.617 9 INFO neutron.wsgi [None req-6fbcf22b-851b-4756-afee-5f3045b4c5dc 3c25b10b56244724a6162dc5327c2365 314f1dba1b3a481890cad9000c97283a - - default default] 10.0.0.84 "GET /v2.0/security-group-rules/3f5504e3-f021-4a89-b2ac-da9d7de14364 HTTP/1.1" status: 200 len: 763 time: 0.0203571
2026-07-09 14:32:25.658 10 INFO neutron.db.segments_db [None req-a1b2b32d-773f-446a-a763-6758a827bba9 ed302bfd02364bc0ae61560549db5c1d 7db3f713167b4c77b902553c70e2eb5f - - default default] Added segment aa42153b-1877-47a6-9290-6504a95899dc of type geneve for network c61ae5ff-09d6-4194-93eb-e92fde9fe5ac
2026-07-09 14:32:25.679 9 INFO neutron.wsgi [None req-848728aa-9047-40fd-b2aa-d9ca456ccdcb 3c25b10b56244724a6162dc5327c2365 314f1dba1b3a481890cad9000c97283a - - default default] 10.0.0.84 "GET /v2.0/security-group-rules HTTP/1.1" status: 200 len: 4113 time: 0.0555100
2026-07-09 14:32:25.862 9 INFO neutron.db.ovn_revision_numbers_db [None req-1e3028dd-6689-4a94-8b0c-8d009cccf21e - - - - - -] Successfully bumped revision number for resource 53d6ea68-9b90-4721-947f-23c944aa6231 (type: ports) to 4
2026-07-09 14:32:25.872 9 INFO neutron.wsgi [None req-d4ab0473-44ea-4464-ac89-b792aa76dd6b 3c25b10b56244724a6162dc5327c2365 314f1dba1b3a481890cad9000c97283a - - default default] 10.0.0.84 "DELETE /v2.0/security-group-rules/3f5504e3-f021-4a89-b2ac-da9d7de14364 HTTP/1.1" status: 204 len: 168 time: 0.1863472
2026-07-09 14:32:25.955 9 INFO neutron.wsgi [None req-a9c27f38-0744-4f03-a652-3b23558f1b88 3c25b10b56244724a6162dc5327c2365 314f1dba1b3a481890cad9000c97283a - - default default] 10.0.0.84 "GET /v2.0/security-group-rules HTTP/1.1" status: 200 len: 3567 time: 0.0763242
2026-07-09 14:32:25.956 10 INFO neutron.db.ovn_revision_numbers_db [None req-a1b2b32d-773f-446a-a763-6758a827bba9 ed302bfd02364bc0ae61560549db5c1d 7db3f713167b4c77b902553c70e2eb5f - - default default] Successfully bumped revision number for resource c61ae5ff-09d6-4194-93eb-e92fde9fe5ac (type: networks) to 1
2026-07-09 14:32:25.975 10 WARNING neutron_lib.context [None req-3112d953-ba96-4380-ba60-682d2a656e42 3c25b10b56244724a6162dc5327c2365 314f1dba1b3a481890cad9000c97283a - - default default] Method 'is_advsvc' is deprecated since 2023.2 release (neutron-lib 3.8.0) and will be removed once support for the old RBAC API policies will be removed from Neutron. Please use method 'is_service_role' instead.
2026-07-09 14:32:26.079 9 INFO neutron.plugins.ml2.drivers.ovn.mech_driver.mech_driver [None req-c60e288d-308e-40bc-ae3b-5ea198d3e5e5 - - - - - -] OVN reports status up for port: 5a2d4978-aa77-4c1b-9f01-499881752ff1
2026-07-09 14:32:26.098 9 INFO neutron.plugins.ml2.plugin [None req-c60e288d-308e-40bc-ae3b-5ea198d3e5e5 - - - - - -] Attempt 1 to provision port 5a2d4978-aa77-4c1b-9f01-499881752ff1
2026-07-09 14:32:26.209 9 INFO neutron.db.ovn_revision_numbers_db [None req-1e3028dd-6689-4a94-8b0c-8d009cccf21e - - - - - -] Successfully bumped revision number for resource 53d6ea68-9b90-4721-947f-23c944aa6231 (type: router_ports) to 4
2026-07-09 14:32:26.220 10 INFO neutron.db.ovn_revision_numbers_db [None req-95869848-26ec-4dd5-9564-fc8c39dbb256 22165e82e85b47038d5e4c973809c3ac 363969c90b5d4636b34103ca5ae0b718 - - default default] Successfully bumped revision number for resource 5a2d4978-aa77-4c1b-9f01-499881752ff1 (type: router_ports) to 1
2026-07-09 14:32:26.400 10 INFO neutron.db.ovn_revision_numbers_db [None req-3112d953-ba96-4380-ba60-682d2a656e42 3c25b10b56244724a6162dc5327c2365 314f1dba1b3a481890cad9000c97283a - - default default] Successfully bumped revision number for resource 62e93cef-3d68-4311-afd0-080987e6f0a6 (type: security_group_rules) to 0
2026-07-09 14:32:26.473 10 INFO neutron.wsgi [None req-3112d953-ba96-4380-ba60-682d2a656e42 3c25b10b56244724a6162dc5327c2365 314f1dba1b3a481890cad9000c97283a - - default default] 10.0.0.84 "POST /v2.0/security-group-rules HTTP/1.1" status: 201 len: 769 time: 0.5099432
2026-07-09 14:32:26.501 9 INFO neutron.wsgi [None req-0719bec9-9d4d-498a-9324-503b6ef5cc09 3c25b10b56244724a6162dc5327c2365 314f1dba1b3a481890cad9000c97283a - - default default] 10.0.0.84 "GET /v2.0/security-group-rules/62e93cef-3d68-4311-afd0-080987e6f0a6 HTTP/1.1" status: 200 len: 764 time: 0.0189683
2026-07-09 14:32:26.525 9 INFO neutron.db.ovn_revision_numbers_db [None req-c60e288d-308e-40bc-ae3b-5ea198d3e5e5 - - - - - -] Successfully bumped revision number for resource 5a2d4978-aa77-4c1b-9f01-499881752ff1 (type: ports) to 2
2026-07-09 14:32:26.588 9 INFO neutron.wsgi [None req-99b49286-b900-43ee-b713-c960cc334e04 3c25b10b56244724a6162dc5327c2365 314f1dba1b3a481890cad9000c97283a - - default default] 10.0.0.84 "GET /v2.0/security-group-rules HTTP/1.1" status: 200 len: 4114 time: 0.0790665
2026-07-09 14:32:26.653 9 INFO neutron.db.ovn_revision_numbers_db [None req-c60e288d-308e-40bc-ae3b-5ea198d3e5e5 - - - - - -] Successfully bumped revision number for resource 5a2d4978-aa77-4c1b-9f01-499881752ff1 (type: router_ports) to 2
2026-07-09 14:32:26.785 9 INFO neutron.wsgi [None req-6bb3f750-06d8-44fe-baa4-31239651c1ab 3c25b10b56244724a6162dc5327c2365 314f1dba1b3a481890cad9000c97283a - - default default] 10.0.0.84 "DELETE /v2.0/security-group-rules/62e93cef-3d68-4311-afd0-080987e6f0a6 HTTP/1.1" status: 204 len: 168 time: 0.1891718
2026-07-09 14:32:26.792 10 WARNING neutron.scheduler.dhcp_agent_scheduler [None req-a1b2b32d-773f-446a-a763-6758a827bba9 ed302bfd02364bc0ae61560549db5c1d 7db3f713167b4c77b902553c70e2eb5f - - default default] No more DHCP agents
2026-07-09 14:32:26.813 10 WARNING neutron.api.rpc.agentnotifiers.dhcp_rpc_agent_api [None req-a1b2b32d-773f-446a-a763-6758a827bba9 ed302bfd02364bc0ae61560549db5c1d 7db3f713167b4c77b902553c70e2eb5f - - default default] Unable to schedule network c61ae5ff-09d6-4194-93eb-e92fde9fe5ac: no agents available; will retry on subsequent port and subnet creation events.
2026-07-09 14:32:26.838 9 INFO neutron.wsgi [None req-0b32b376-a2a8-4b39-865c-ffe95874d67e 3c25b10b56244724a6162dc5327c2365 314f1dba1b3a481890cad9000c97283a - - default default] 10.0.0.84 "GET /v2.0/security-group-rules HTTP/1.1" status: 200 len: 3567 time: 0.0484555
2026-07-09 14:32:26.953 10 ERROR ovsdbapp.backend.ovs_idl.transaction [None req-95869848-26ec-4dd5-9564-fc8c39dbb256 22165e82e85b47038d5e4c973809c3ac 363969c90b5d4636b34103ca5ae0b718 - - default default]
Traceback (most recent call last): File "/var/lib/openstack/lib/python3.10/site-packages/ovsdbapp/backend/ovs_idl/connection.py", line 118, in run txn.results.put(txn.do_commit())
File "/var/lib/openstack/lib/python3.10/site-packages/ovsdbapp/backend/ovs_idl/transaction.py", line 92, in do_commit command.run_idl(txn)
File "/var/lib/openstack/lib/python3.10/site-packages/neutron/plugins/ml2/drivers/ovn/mech_driver/ovsdb/commands.py", line 823, in run_idl raise ovn_exc.RevisionConflict( neutron.common.ovn.exceptions.RevisionConflict: OVN revision number for 5a2d4978-aa77-4c1b-9f01-499881752ff1 (type: ports) is higher than the given resource. Skipping update 
2026-07-09 14:32:26.953 10 INFO neutron.plugins.ml2.drivers.ovn.mech_driver.ovsdb.impl_idl_ovn [None req-95869848-26ec-4dd5-9564-fc8c39dbb256 22165e82e85b47038d5e4c973809c3ac 363969c90b5d4636b34103ca5ae0b718 - - default default] Transaction aborted. Reason: OVN revision number for 5a2d4978-aa77-4c1b-9f01-499881752ff1 (type: ports) is higher than the given resource. Skipping update
2026-07-09 14:32:26.984 9 INFO neutron.wsgi [None req-f514e486-5a5b-41d0-a105-ac7f50aa5b4b 3c25b10b56244724a6162dc5327c2365 314f1dba1b3a481890cad9000c97283a - - default default] 10.0.0.84 "DELETE /v2.0/security-groups/2e14da07-c510-47d3-903a-e74c12dfe61d HTTP/1.1" status: 204 len: 168 time: 0.1407216
2026-07-09 14:32:27.039 10 INFO neutron.db.ovn_revision_numbers_db [None req-a1b2b32d-773f-446a-a763-6758a827bba9 ed302bfd02364bc0ae61560549db5c1d 7db3f713167b4c77b902553c70e2eb5f - - default default] Successfully bumped revision number for resource 2162876f-4e9c-41cd-b2a2-564a5d52ac3a (type: ports) to 1
2026-07-09 14:32:27.039 9 INFO neutron.wsgi [None req-70c7b797-c98a-4639-a031-c7b700ab5d5c 3c25b10b56244724a6162dc5327c2365 314f1dba1b3a481890cad9000c97283a - - default default] 10.0.0.84 "GET /v2.0/security-groups HTTP/1.1" status: 200 len: 2996 time: 0.0454049
2026-07-09 14:32:27.047 10 INFO neutron.wsgi [None req-1ff18512-d1bf-4e50-8fd6-309802cdacd0 22165e82e85b47038d5e4c973809c3ac 363969c90b5d4636b34103ca5ae0b718 - - default default] 10.0.0.84 "DELETE /v2.0/routers/98e9e8a7-c213-4b99-9f68-ecd99a880da6 HTTP/1.1" status: 204 len: 168 time: 2.0711508
2026-07-09 14:32:27.065 10 WARNING neutron.scheduler.dhcp_agent_scheduler [None req-95869848-26ec-4dd5-9564-fc8c39dbb256 22165e82e85b47038d5e4c973809c3ac 363969c90b5d4636b34103ca5ae0b718 - - default default] No more DHCP agents
2026-07-09 14:32:27.067 10 WARNING neutron.api.rpc.agentnotifiers.dhcp_rpc_agent_api [None req-95869848-26ec-4dd5-9564-fc8c39dbb256 22165e82e85b47038d5e4c973809c3ac 363969c90b5d4636b34103ca5ae0b718 - - default default] Unable to schedule network 93c27141-a28d-4c14-b2de-02d0b51456b4: no agents available; will retry on subsequent port and subnet creation events.
2026-07-09 14:32:27.089 10 INFO neutron.wsgi [None req-a1b2b32d-773f-446a-a763-6758a827bba9 ed302bfd02364bc0ae61560549db5c1d 7db3f713167b4c77b902553c70e2eb5f - - default default] 10.0.0.84 "POST /v2.0/networks HTTP/1.1" status: 201 len: 848 time: 2.2862508
2026-07-09 14:32:27.108 10 WARNING neutron_lib.context [None req-226b08b4-0286-4684-8564-456703d061eb ed302bfd02364bc0ae61560549db5c1d 7db3f713167b4c77b902553c70e2eb5f - - default default] Method 'is_advsvc' is deprecated since 2023.2 release (neutron-lib 3.8.0) and will be removed once support for the old RBAC API policies will be removed from Neutron. Please use method 'is_service_role' instead.
2026-07-09 14:32:27.121 9 INFO neutron.wsgi [None req-15ac29d0-e720-4247-a9cd-5e3c70d98a07 3c25b10b56244724a6162dc5327c2365 314f1dba1b3a481890cad9000c97283a - - default default] 10.0.0.84 "GET /v2.0/security-groups HTTP/1.1" status: 200 len: 2996 time: 0.0637038
2026-07-09 14:32:27.368 9 INFO neutron.wsgi [None req-91af85ee-b099-4da3-b813-d90b36a85a6c 22165e82e85b47038d5e4c973809c3ac 363969c90b5d4636b34103ca5ae0b718 - - default default] 10.0.0.84 "DELETE /v2.0/subnets/d269bfca-c44c-423a-a461-6439fff60165 HTTP/1.1" status: 204 len: 168 time: 0.3092575
2026-07-09 14:32:27.502 10 WARNING neutron.scheduler.dhcp_agent_scheduler [None req-226b08b4-0286-4684-8564-456703d061eb ed302bfd02364bc0ae61560549db5c1d 7db3f713167b4c77b902553c70e2eb5f - - default default] No more DHCP agents
2026-07-09 14:32:27.504 10 WARNING neutron.api.rpc.agentnotifiers.dhcp_rpc_agent_api [None req-226b08b4-0286-4684-8564-456703d061eb ed302bfd02364bc0ae61560549db5c1d 7db3f713167b4c77b902553c70e2eb5f - - default default] Unable to schedule network c61ae5ff-09d6-4194-93eb-e92fde9fe5ac: no agents available; will retry on subsequent port and subnet creation events.
2026-07-09 14:32:27.552 10 INFO neutron.db.ovn_revision_numbers_db [None req-226b08b4-0286-4684-8564-456703d061eb ed302bfd02364bc0ae61560549db5c1d 7db3f713167b4c77b902553c70e2eb5f - - default default] Successfully bumped revision number for resource fb2a4d51-e0c9-4ce8-ae35-7706e43a1d9e (type: subnets) to 0
2026-07-09 14:32:27.575 10 INFO neutron.wsgi [None req-226b08b4-0286-4684-8564-456703d061eb ed302bfd02364bc0ae61560549db5c1d 7db3f713167b4c77b902553c70e2eb5f - - default default] 10.0.0.84 "POST /v2.0/subnets HTTP/1.1" status: 201 len: 802 time: 0.4775233
2026-07-09 14:32:27.591 10 WARNING neutron_lib.context [None req-4d0200fc-2985-44ce-847b-f69f0e37cd1a ed302bfd02364bc0ae61560549db5c1d 7db3f713167b4c77b902553c70e2eb5f - - default default] Method 'is_advsvc' is deprecated since 2023.2 release (neutron-lib 3.8.0) and will be removed once support for the old RBAC API policies will be removed from Neutron. Please use method 'is_service_role' instead.
2026-07-09 14:32:27.697 10 INFO neutron.db.ovn_revision_numbers_db [None req-95869848-26ec-4dd5-9564-fc8c39dbb256 22165e82e85b47038d5e4c973809c3ac 363969c90b5d4636b34103ca5ae0b718 - - default default] Successfully bumped revision number for resource 5a2d4978-aa77-4c1b-9f01-499881752ff1 (type: router_ports) to 2
2026-07-09 14:32:27.700 10 INFO neutron.wsgi [None req-95869848-26ec-4dd5-9564-fc8c39dbb256 22165e82e85b47038d5e4c973809c3ac 363969c90b5d4636b34103ca5ae0b718 - - default default] 10.0.0.84 "PUT /v2.0/routers/46b7f7d2-fde0-43e2-9c4c-88211322d1ad/add_router_interface HTTP/1.1" status: 200 len: 503 time: 3.4069281
2026-07-09 14:32:27.848 9 INFO neutron.services.segments.plugin [-] Segment eff6e996-e87b-4cfb-911c-1d25dad81be2 resource provider aggregate not found
2026-07-09 14:32:27.853 9 INFO neutron.services.segments.plugin [-] Segment eff6e996-e87b-4cfb-911c-1d25dad81be2 resource provider aggregate not found
2026-07-09 14:32:27.875 9 INFO neutron.services.segments.plugin [-] Segment eff6e996-e87b-4cfb-911c-1d25dad81be2 resource provider not found; error: Placement Client Error (4xx): {"errors": [{"status": 404, "title": "Not Found", "detail": "The resource could not be found.\n\n No resource provider with uuid eff6e996-e87b-4cfb-911c-1d25dad81be2 found for delete ", "request_id": "req-d47fa138-c136-47c3-8fb9-38b577c2f945"}]}
2026-07-09 14:32:27.876 9 INFO neutron.services.segments.plugin [-] Segment eff6e996-e87b-4cfb-911c-1d25dad81be2 resource provider not found; error: Placement Client Error (4xx): {"errors": [{"status": 404, "title": "Not Found", "detail": "The resource could not be found.\n\n No resource provider with uuid eff6e996-e87b-4cfb-911c-1d25dad81be2 found for delete ", "request_id": "req-05a2388f-3b90-4eb4-8a98-31540d3ae76a"}]}
2026-07-09 14:32:27.900 9 INFO neutron.wsgi [None req-c9a1405b-2500-4a30-b4ed-809c7a119df4 22165e82e85b47038d5e4c973809c3ac 363969c90b5d4636b34103ca5ae0b718 - - default default] 10.0.0.84 "DELETE /v2.0/networks/ce16bbb1-f223-4be9-ae6d-767c49903dee HTTP/1.1" status: 204 len: 168 time: 0.5204289
2026-07-09 14:32:27.958 9 INFO neutron.wsgi [-] 10.0.0.137 "GET / HTTP/1.1" status: 200 len: 246 time: 0.0017710
2026-07-09 14:32:27.962 9 INFO neutron.wsgi [-] 10.0.0.137 "GET / HTTP/1.1" status: 200 len: 246 time: 0.0029066
2026-07-09 14:32:28.006 9 INFO neutron.wsgi [None req-8fca013a-adc5-4fbb-9ea6-da6818de0d29 22165e82e85b47038d5e4c973809c3ac 363969c90b5d4636b34103ca5ae0b718 - - default default] 10.0.0.84 "GET /v2.0/security-groups?tenant_id=314f1dba1b3a481890cad9000c97283a&name=default HTTP/1.1" status: 200 len: 2996 time: 0.2620585
2026-07-09 14:32:28.119 10 INFO neutron.wsgi [None req-2769a1b4-9c51-4f62-82f3-00de8283a707 22165e82e85b47038d5e4c973809c3ac 363969c90b5d4636b34103ca5ae0b718 - - default default] 10.0.0.84 "GET /v2.0/security-groups?tenant_id=8efbd699a1034ec3ad2f27012626dc0c&name=default HTTP/1.1" status: 200 len: 2996 time: 0.0505073
2026-07-09 14:32:28.231 9 INFO neutron.wsgi [None req-4d45f0eb-795d-4d4d-a4a5-713dbac8c222 22165e82e85b47038d5e4c973809c3ac 363969c90b5d4636b34103ca5ae0b718 - - default default] 10.0.0.84 "DELETE /v2.0/security-groups/a2694216-2006-4dc6-9d20-487fcb25c82d HTTP/1.1" status: 204 len: 168 time: 0.2202196
2026-07-09 14:32:28.284 10 WARNING neutron.scheduler.dhcp_agent_scheduler [None req-4d0200fc-2985-44ce-847b-f69f0e37cd1a ed302bfd02364bc0ae61560549db5c1d 7db3f713167b4c77b902553c70e2eb5f - - default default] No more DHCP agents
2026-07-09 14:32:28.286 10 WARNING neutron.api.rpc.agentnotifiers.dhcp_rpc_agent_api [None req-4d0200fc-2985-44ce-847b-f69f0e37cd1a ed302bfd02364bc0ae61560549db5c1d 7db3f713167b4c77b902553c70e2eb5f - - default default] Unable to schedule network fd0d37e1-c0ea-4337-a781-cd50773bb850: no agents available; will retry on subsequent port and subnet creation events.
2026-07-09 14:32:28.482 10 INFO neutron.wsgi [None req-f79213eb-a378-4c3e-bcc7-e4a516130a7f 22165e82e85b47038d5e4c973809c3ac 363969c90b5d4636b34103ca5ae0b718 - - default default] 10.0.0.84 "DELETE /v2.0/security-groups/95df6ec5-4623-4812-9f7e-85239a236224 HTTP/1.1" status: 204 len: 168 time: 0.3562577
2026-07-09 14:32:28.492 10 INFO neutron.db.ovn_revision_numbers_db [None req-4d0200fc-2985-44ce-847b-f69f0e37cd1a ed302bfd02364bc0ae61560549db5c1d 7db3f713167b4c77b902553c70e2eb5f - - default default] Successfully bumped revision number for resource 23317418-4bca-492d-9cd3-95649156583a (type: ports) to 1
2026-07-09 14:32:29.181 10 INFO neutron.plugins.ml2.drivers.ovn.mech_driver.mech_driver [None req-cefe73ac-bf6f-42ae-8ae1-ec5443b32fb1 - - - - - -] OVN reports status up for port: 23317418-4bca-492d-9cd3-95649156583a
2026-07-09 14:32:29.196 10 INFO neutron.plugins.ml2.plugin [None req-cefe73ac-bf6f-42ae-8ae1-ec5443b32fb1 - - - - - -] Attempt 1 to provision port 23317418-4bca-492d-9cd3-95649156583a
2026-07-09 14:32:29.222 10 INFO neutron.db.ovn_revision_numbers_db [None req-4d0200fc-2985-44ce-847b-f69f0e37cd1a ed302bfd02364bc0ae61560549db5c1d 7db3f713167b4c77b902553c70e2eb5f - - default default] Successfully bumped revision number for resource 23317418-4bca-492d-9cd3-95649156583a (type: router_ports) to 1
2026-07-09 14:32:29.305 10 INFO neutron.db.ovn_revision_numbers_db [None req-4d0200fc-2985-44ce-847b-f69f0e37cd1a ed302bfd02364bc0ae61560549db5c1d 7db3f713167b4c77b902553c70e2eb5f - - default default] Successfully bumped revision number for resource 1cf02dde-2529-436e-a6e5-26b274542bba (type: routers) to 2
2026-07-09 14:32:29.327 10 INFO neutron.wsgi [None req-4d0200fc-2985-44ce-847b-f69f0e37cd1a ed302bfd02364bc0ae61560549db5c1d 7db3f713167b4c77b902553c70e2eb5f - - default default] 10.0.0.84 "POST /v2.0/routers HTTP/1.1" status: 201 len: 875 time: 1.7430835
2026-07-09 14:32:29.965 10 WARNING neutron.scheduler.dhcp_agent_scheduler [None req-aebe1035-4d2c-4d42-9049-46d2f529ae10 ed302bfd02364bc0ae61560549db5c1d 7db3f713167b4c77b902553c70e2eb5f - - default default] No more DHCP agents
2026-07-09 14:32:29.967 10 WARNING neutron.api.rpc.agentnotifiers.dhcp_rpc_agent_api [None req-aebe1035-4d2c-4d42-9049-46d2f529ae10 ed302bfd02364bc0ae61560549db5c1d 7db3f713167b4c77b902553c70e2eb5f - - default default] Unable to schedule network c61ae5ff-09d6-4194-93eb-e92fde9fe5ac: no agents available; will retry on subsequent port and subnet creation events.
2026-07-09 14:32:30.402 10 INFO neutron.wsgi [req-f1ce5f39-1912-4e14-a87d-13d6207d7718 req-037957b2-ccdf-414f-992d-0b94938e6b3d 76b98904e2c84620b890519891aa9420 c408b1b6f8744d19858e317d6950a76e - - default default] 10.0.0.128 "GET /v2.0/networks?id=93c27141-a28d-4c14-b2de-02d0b51456b4 HTTP/1.1" status: 200 len: 871 time: 0.1112478
2026-07-09 14:32:30.427 10 INFO neutron.wsgi [req-f1ce5f39-1912-4e14-a87d-13d6207d7718 req-58c4922b-928c-48dd-9ba6-38662dfce2af 76b98904e2c84620b890519891aa9420 c408b1b6f8744d19858e317d6950a76e - - default default] 10.0.0.128 "GET /v2.0/quotas/c408b1b6f8744d19858e317d6950a76e HTTP/1.1" status: 200 len: 386 time: 0.0158715
2026-07-09 14:32:30.537 10 INFO neutron.db.ovn_revision_numbers_db [None req-aebe1035-4d2c-4d42-9049-46d2f529ae10 ed302bfd02364bc0ae61560549db5c1d 7db3f713167b4c77b902553c70e2eb5f - - default default] Successfully bumped revision number for resource 0b61232f-dcd0-4237-8b16-12675717df70 (type: ports) to 1
2026-07-09 14:32:30.584 10 INFO neutron.wsgi [req-f1ce5f39-1912-4e14-a87d-13d6207d7718 req-6aa02813-f871-460e-9e26-1b950958b518 76b98904e2c84620b890519891aa9420 c408b1b6f8744d19858e317d6950a76e - - default default] 10.0.0.128 "GET /v2.0/ports?tenant_id=c408b1b6f8744d19858e317d6950a76e&fields=id HTTP/1.1" status: 200 len: 302 time: 0.1451237
2026-07-09 14:32:30.699 10 INFO neutron.wsgi [req-f1ce5f39-1912-4e14-a87d-13d6207d7718 req-d3450b28-e484-4892-a5cf-2df3240ca640 1d5fcf759944402684510e42b4778f58 db2e5f1105f74b2fa122d3dd783d2b5f - - 74f1ce842aef429182ec85dbc71b8ded 74f1ce842aef429182ec85dbc71b8ded] 10.0.0.128 "GET /v2.0/networks/93c27141-a28d-4c14-b2de-02d0b51456b4?fields=segments HTTP/1.1" status: 200 len: 212 time: 0.1051118
2026-07-09 14:32:30.824 10 INFO neutron.wsgi [req-f1ce5f39-1912-4e14-a87d-13d6207d7718 req-27405a56-5305-46b7-af6c-994d662e4238 1d5fcf759944402684510e42b4778f58 db2e5f1105f74b2fa122d3dd783d2b5f - - 74f1ce842aef429182ec85dbc71b8ded 74f1ce842aef429182ec85dbc71b8ded] 10.0.0.128 "GET /v2.0/networks/93c27141-a28d-4c14-b2de-02d0b51456b4?fields=provider%3Aphysical_network&fields=provider%3Anetwork_type HTTP/1.1" status: 200 len: 277 time: 0.1092350
2026-07-09 14:32:30.862 9 INFO neutron.db.ovn_revision_numbers_db [None req-8b03fddd-fdb5-48aa-b2d7-c600e6084c91 22165e82e85b47038d5e4c973809c3ac 363969c90b5d4636b34103ca5ae0b718 - - default default] Successfully bumped revision number for resource 5eb5c303-c0f7-4746-933f-37fb66b2a118 (type: security_groups) to 1
2026-07-09 14:32:30.879 9 INFO neutron.db.ovn_revision_numbers_db [None req-8b03fddd-fdb5-48aa-b2d7-c600e6084c91 22165e82e85b47038d5e4c973809c3ac 363969c90b5d4636b34103ca5ae0b718 - - default default] Successfully bumped revision number for resource 07d97af6-e568-4a22-9b56-634be629b881 (type: security_group_rules) to 0
2026-07-09 14:32:30.895 9 INFO neutron.db.ovn_revision_numbers_db [None req-8b03fddd-fdb5-48aa-b2d7-c600e6084c91 22165e82e85b47038d5e4c973809c3ac 363969c90b5d4636b34103ca5ae0b718 - - default default] Successfully bumped revision number for resource 0c8eef76-871a-499f-89f1-e481e9f13124 (type: security_group_rules) to 0
2026-07-09 14:32:30.916 9 INFO neutron.db.ovn_revision_numbers_db [None req-8b03fddd-fdb5-48aa-b2d7-c600e6084c91 22165e82e85b47038d5e4c973809c3ac 363969c90b5d4636b34103ca5ae0b718 - - default default] Successfully bumped revision number for resource 12cdb7b0-f00f-47d3-b76e-78ca8368d983 (type: security_group_rules) to 0
2026-07-09 14:32:30.934 9 INFO neutron.db.ovn_revision_numbers_db [None req-8b03fddd-fdb5-48aa-b2d7-c600e6084c91 22165e82e85b47038d5e4c973809c3ac 363969c90b5d4636b34103ca5ae0b718 - - default default] Successfully bumped revision number for resource 454cf40a-b6a0-4162-8428-91ef66027cf8 (type: security_group_rules) to 0
2026-07-09 14:32:30.984 9 INFO neutron.db.segments_db [None req-8b03fddd-fdb5-48aa-b2d7-c600e6084c91 22165e82e85b47038d5e4c973809c3ac 363969c90b5d4636b34103ca5ae0b718 - - default default] Added segment 790866c8-69ed-49b1-badf-5d556bbd8891 of type geneve for network 5d5a9fe4-0477-4ae6-8879-a8743a8e236c
2026-07-09 14:32:30.992 10 INFO neutron.wsgi [req-c750719c-ef23-4252-96a9-d5513b6f6dcf req-b46a2833-b7c4-4c99-b118-36ac9b9c2549 76b98904e2c84620b890519891aa9420 c408b1b6f8744d19858e317d6950a76e - - default default] 10.0.0.128 "GET /v2.0/ports?device_id=8f856973-30c7-4465-b3f4-9c8930c6453d HTTP/1.1" status: 200 len: 210 time: 0.0432549
2026-07-09 14:32:31.183 9 INFO neutron.db.ovn_revision_numbers_db [None req-8b03fddd-fdb5-48aa-b2d7-c600e6084c91 22165e82e85b47038d5e4c973809c3ac 363969c90b5d4636b34103ca5ae0b718 - - default default] Successfully bumped revision number for resource 5d5a9fe4-0477-4ae6-8879-a8743a8e236c (type: networks) to 1
2026-07-09 14:32:31.295 10 INFO neutron.db.ovn_revision_numbers_db [None req-aebe1035-4d2c-4d42-9049-46d2f529ae10 ed302bfd02364bc0ae61560549db5c1d 7db3f713167b4c77b902553c70e2eb5f - - default default] Successfully bumped revision number for resource 0b61232f-dcd0-4237-8b16-12675717df70 (type: router_ports) to 1
2026-07-09 14:32:31.331 9 WARNING neutron.plugins.ml2.drivers.ovn.mech_driver.ovsdb.ovn_client [None req-c60e288d-308e-40bc-ae3b-5ea198d3e5e5 - - - - - -] No hosting information found for port 5a2d4978-aa77-4c1b-9f01-499881752ff1: RuntimeError: No hosting information found for port 5a2d4978-aa77-4c1b-9f01-499881752ff1
2026-07-09 14:32:31.397 9 WARNING neutron.scheduler.dhcp_agent_scheduler [None req-8b03fddd-fdb5-48aa-b2d7-c600e6084c91 22165e82e85b47038d5e4c973809c3ac 363969c90b5d4636b34103ca5ae0b718 - - default default] No more DHCP agents
2026-07-09 14:32:31.404 9 WARNING neutron.api.rpc.agentnotifiers.dhcp_rpc_agent_api [None req-8b03fddd-fdb5-48aa-b2d7-c600e6084c91 22165e82e85b47038d5e4c973809c3ac 363969c90b5d4636b34103ca5ae0b718 - - default default] Unable to schedule network 5d5a9fe4-0477-4ae6-8879-a8743a8e236c: no agents available; will retry on subsequent port and subnet creation events.
2026-07-09 14:32:31.500 9 INFO neutron.db.ovn_revision_numbers_db [None req-8b03fddd-fdb5-48aa-b2d7-c600e6084c91 22165e82e85b47038d5e4c973809c3ac 363969c90b5d4636b34103ca5ae0b718 - - default default] Successfully bumped revision number for resource 1cb77890-b51a-4a37-a550-43527e590f51 (type: ports) to 1
2026-07-09 14:32:31.504 10 INFO neutron.db.ovn_revision_numbers_db [None req-aebe1035-4d2c-4d42-9049-46d2f529ae10 ed302bfd02364bc0ae61560549db5c1d 7db3f713167b4c77b902553c70e2eb5f - - default default] Successfully bumped revision number for resource 0b61232f-dcd0-4237-8b16-12675717df70 (type: ports) to 1
2026-07-09 14:32:31.526 9 INFO neutron.wsgi [None req-8b03fddd-fdb5-48aa-b2d7-c600e6084c91 22165e82e85b47038d5e4c973809c3ac 363969c90b5d4636b34103ca5ae0b718 - - default default] 10.0.0.84 "POST /v2.0/networks HTTP/1.1" status: 201 len: 946 time: 1.0650592
2026-07-09 14:32:31.594 10 WARNING neutron.scheduler.dhcp_agent_scheduler [None req-aebe1035-4d2c-4d42-9049-46d2f529ae10 ed302bfd02364bc0ae61560549db5c1d 7db3f713167b4c77b902553c70e2eb5f - - default default] No more DHCP agents
2026-07-09 14:32:31.596 10 WARNING neutron.api.rpc.agentnotifiers.dhcp_rpc_agent_api [None req-aebe1035-4d2c-4d42-9049-46d2f529ae10 ed302bfd02364bc0ae61560549db5c1d 7db3f713167b4c77b902553c70e2eb5f - - default default] Unable to schedule network c61ae5ff-09d6-4194-93eb-e92fde9fe5ac: no agents available; will retry on subsequent port and subnet creation events.
2026-07-09 14:32:31.740 9 WARNING neutron.scheduler.dhcp_agent_scheduler [None req-c0cda899-a416-435b-917b-2d0c4d62b52f 22165e82e85b47038d5e4c973809c3ac 363969c90b5d4636b34103ca5ae0b718 - - default default] No more DHCP agents
2026-07-09 14:32:31.743 9 WARNING neutron.api.rpc.agentnotifiers.dhcp_rpc_agent_api [None req-c0cda899-a416-435b-917b-2d0c4d62b52f 22165e82e85b47038d5e4c973809c3ac 363969c90b5d4636b34103ca5ae0b718 - - default default] Unable to schedule network 5d5a9fe4-0477-4ae6-8879-a8743a8e236c: no agents available; will retry on subsequent port and subnet creation events.
2026-07-09 14:32:31.798 10 INFO neutron.wsgi [req-f1ce5f39-1912-4e14-a87d-13d6207d7718 req-05aecff1-bef6-4488-a4fa-8b5f9bc78e61 76b98904e2c84620b890519891aa9420 c408b1b6f8744d19858e317d6950a76e - - default default] 199.19.213.105 "GET /v2.0/networks?id=93c27141-a28d-4c14-b2de-02d0b51456b4 HTTP/1.1" status: 200 len: 871 time: 0.1092622
2026-07-09 14:32:31.815 10 WARNING neutron_lib.context [req-f1ce5f39-1912-4e14-a87d-13d6207d7718 req-8d6750e9-dc9e-407c-a099-b1fc83148002 76b98904e2c84620b890519891aa9420 c408b1b6f8744d19858e317d6950a76e - - default default] Method 'is_advsvc' is deprecated since 2023.2 release (neutron-lib 3.8.0) and will be removed once support for the old RBAC API policies will be removed from Neutron. Please use method 'is_service_role' instead.
2026-07-09 14:32:32.053 10 INFO neutron.db.ovn_revision_numbers_db [None req-aebe1035-4d2c-4d42-9049-46d2f529ae10 ed302bfd02364bc0ae61560549db5c1d 7db3f713167b4c77b902553c70e2eb5f - - default default] Successfully bumped revision number for resource 0b61232f-dcd0-4237-8b16-12675717df70 (type: router_ports) to 1
2026-07-09 14:32:32.056 10 INFO neutron.wsgi [None req-aebe1035-4d2c-4d42-9049-46d2f529ae10 ed302bfd02364bc0ae61560549db5c1d 7db3f713167b4c77b902553c70e2eb5f - - default default] 10.0.0.84 "PUT /v2.0/routers/1cf02dde-2529-436e-a6e5-26b274542bba/add_router_interface HTTP/1.1" status: 200 len: 503 time: 2.7231841
2026-07-09 14:32:32.071 9 WARNING neutron_lib.context [None req-87ebad0f-b973-4dc0-ba9a-1aba1173a7c3 ed302bfd02364bc0ae61560549db5c1d 7db3f713167b4c77b902553c70e2eb5f - - default default] Method 'is_advsvc' is deprecated since 2023.2 release (neutron-lib 3.8.0) and will be removed once support for the old RBAC API policies will be removed from Neutron. Please use method 'is_service_role' instead.
2026-07-09 14:32:32.098 10 INFO neutron.wsgi [req-45cbcb2c-5a02-4099-a0fa-6673af417a44 req-469e7531-2273-4283-81d2-66101ab7376e 76b98904e2c84620b890519891aa9420 c408b1b6f8744d19858e317d6950a76e - - default default] 10.0.0.128 "GET /v2.0/ports?device_id=8f856973-30c7-4465-b3f4-9c8930c6453d HTTP/1.1" status: 200 len: 210 time: 0.0409787
2026-07-09 14:32:32.316 10 WARNING neutron.scheduler.dhcp_agent_scheduler [req-f1ce5f39-1912-4e14-a87d-13d6207d7718 req-8d6750e9-dc9e-407c-a099-b1fc83148002 76b98904e2c84620b890519891aa9420 c408b1b6f8744d19858e317d6950a76e - - default default] No more DHCP agents
2026-07-09 14:32:32.319 10 WARNING neutron.api.rpc.agentnotifiers.dhcp_rpc_agent_api [req-f1ce5f39-1912-4e14-a87d-13d6207d7718 req-8d6750e9-dc9e-407c-a099-b1fc83148002 76b98904e2c84620b890519891aa9420 c408b1b6f8744d19858e317d6950a76e - - default default] Unable to schedule network 93c27141-a28d-4c14-b2de-02d0b51456b4: no agents available; will retry on subsequent port and subnet creation events.
2026-07-09 14:32:32.510 10 INFO neutron.db.ovn_revision_numbers_db [req-f1ce5f39-1912-4e14-a87d-13d6207d7718 req-8d6750e9-dc9e-407c-a099-b1fc83148002 76b98904e2c84620b890519891aa9420 c408b1b6f8744d19858e317d6950a76e - - default default] Successfully bumped revision number for resource 8e0e813e-7af2-4910-b6ef-769a1e4408d8 (type: ports) to 1
2026-07-09 14:32:32.536 10 INFO neutron.wsgi [req-f1ce5f39-1912-4e14-a87d-13d6207d7718 req-8d6750e9-dc9e-407c-a099-b1fc83148002 76b98904e2c84620b890519891aa9420 c408b1b6f8744d19858e317d6950a76e - - default default] 199.19.213.105 "POST /v2.0/ports HTTP/1.1" status: 201 len: 1158 time: 0.7285800 /var/lib/openstack/lib/python3.10/site-packages/pycadf/identifier.py:71: UserWarning: Invalid uuid: neutron. To ensure interoperability, identifiers should be a valid uuid. warnings.warn(('Invalid uuid: %s. To ensure interoperability, '
2026-07-09 14:32:32.833 9 INFO neutron.db.ovn_revision_numbers_db [None req-c0cda899-a416-435b-917b-2d0c4d62b52f 22165e82e85b47038d5e4c973809c3ac 363969c90b5d4636b34103ca5ae0b718 - - default default] Successfully bumped revision number for resource 1cb77890-b51a-4a37-a550-43527e590f51 (type: ports) to 2
2026-07-09 14:32:32.893 9 INFO neutron.db.ovn_revision_numbers_db [None req-c0cda899-a416-435b-917b-2d0c4d62b52f 22165e82e85b47038d5e4c973809c3ac 363969c90b5d4636b34103ca5ae0b718 - - default default] Successfully bumped revision number for resource 8d126f73-7d2d-4593-9b24-97ba31a44caa (type: subnets) to 0
2026-07-09 14:32:32.914 9 INFO neutron.wsgi [None req-c0cda899-a416-435b-917b-2d0c4d62b52f 22165e82e85b47038d5e4c973809c3ac 363969c90b5d4636b34103ca5ae0b718 - - default default] 10.0.0.84 "POST /v2.0/subnets HTTP/1.1" status: 201 len: 866 time: 1.3811402 /var/lib/openstack/lib/python3.10/site-packages/pycadf/identifier.py:71: UserWarning: Invalid uuid: neutron. To ensure interoperability, identifiers should be a valid uuid. warnings.warn(('Invalid uuid: %s. To ensure interoperability, '
2026-07-09 14:32:32.956 9 WARNING neutron.scheduler.dhcp_agent_scheduler [None req-87ebad0f-b973-4dc0-ba9a-1aba1173a7c3 ed302bfd02364bc0ae61560549db5c1d 7db3f713167b4c77b902553c70e2eb5f - - default default] No more DHCP agents
2026-07-09 14:32:32.960 9 WARNING neutron.api.rpc.agentnotifiers.dhcp_rpc_agent_api [None req-87ebad0f-b973-4dc0-ba9a-1aba1173a7c3 ed302bfd02364bc0ae61560549db5c1d 7db3f713167b4c77b902553c70e2eb5f - - default default] Unable to schedule network c61ae5ff-09d6-4194-93eb-e92fde9fe5ac: no agents available; will retry on subsequent port and subnet creation events.
2026-07-09 14:32:33.112 10 INFO neutron.db.ovn_revision_numbers_db [req-f1ce5f39-1912-4e14-a87d-13d6207d7718 req-90247355-99dc-44d3-a00f-e533b70f73c9 1d5fcf759944402684510e42b4778f58 db2e5f1105f74b2fa122d3dd783d2b5f - - 74f1ce842aef429182ec85dbc71b8ded 74f1ce842aef429182ec85dbc71b8ded] Successfully bumped revision number for resource 8e0e813e-7af2-4910-b6ef-769a1e4408d8 (type: ports) to 2
2026-07-09 14:32:33.178 9 INFO neutron.db.ovn_revision_numbers_db [None req-87ebad0f-b973-4dc0-ba9a-1aba1173a7c3 ed302bfd02364bc0ae61560549db5c1d 7db3f713167b4c77b902553c70e2eb5f - - default default] Successfully bumped revision number for resource 83b8a88a-b50a-4649-858b-226660a27889 (type: ports) to 1
2026-07-09 14:32:33.207 9 INFO neutron.wsgi [None req-87ebad0f-b973-4dc0-ba9a-1aba1173a7c3 ed302bfd02364bc0ae61560549db5c1d 7db3f713167b4c77b902553c70e2eb5f - - default default] 10.0.0.84 "POST /v2.0/ports HTTP/1.1" status: 201 len: 1154 time: 1.1463375 /var/lib/openstack/lib/python3.10/site-packages/pycadf/identifier.py:71: UserWarning: Invalid uuid: neutron. To ensure interoperability, identifiers should be a valid uuid. warnings.warn(('Invalid uuid: %s. To ensure interoperability, '
2026-07-09 14:32:33.221 9 WARNING neutron_lib.context [None req-28947b9a-6028-4ccf-a093-c7dae920afbf ed302bfd02364bc0ae61560549db5c1d 7db3f713167b4c77b902553c70e2eb5f - - default default] Method 'is_advsvc' is deprecated since 2023.2 release (neutron-lib 3.8.0) and will be removed once support for the old RBAC API policies will be removed from Neutron. Please use method 'is_service_role' instead.
2026-07-09 14:32:33.273 10 INFO neutron.wsgi [req-b3c0cdc2-42a1-4ba5-924b-e240e68765c8 req-59997cf2-d573-4fab-bb79-f6984fc5e9d9 76b98904e2c84620b890519891aa9420 c408b1b6f8744d19858e317d6950a76e - - default default] 10.0.0.128 "GET /v2.0/ports?device_id=8f856973-30c7-4465-b3f4-9c8930c6453d HTTP/1.1" status: 200 len: 1168 time: 0.0708091
2026-07-09 14:32:33.388 10 INFO neutron.wsgi [req-b3c0cdc2-42a1-4ba5-924b-e240e68765c8 req-6fe317c2-c396-4a81-8172-a226ba8044ee 76b98904e2c84620b890519891aa9420 c408b1b6f8744d19858e317d6950a76e - - default default] 10.0.0.128 "GET /v2.0/security-groups?id=247ba84b-aa68-43bb-a8fa-3dc66552bcf9&fields=id&fields=name HTTP/1.1" status: 200 len: 286 time: 0.1073852
2026-07-09 14:32:33.523 9 INFO neutron.db.ovn_revision_numbers_db [None req-afd2fb07-356b-4547-bcb5-2c4be717a1a1 22165e82e85b47038d5e4c973809c3ac 363969c90b5d4636b34103ca5ae0b718 - - default default] Successfully bumped revision number for resource 2a5787ca-319b-4939-8013-340a900c0e8b (type: security_groups) to 1
2026-07-09 14:32:33.565 9 INFO neutron.db.ovn_revision_numbers_db [None req-afd2fb07-356b-4547-bcb5-2c4be717a1a1 22165e82e85b47038d5e4c973809c3ac 363969c90b5d4636b34103ca5ae0b718 - - default default] Successfully bumped revision number for resource 1e37fbfb-ed25-442e-b184-a183254a9a0b (type: security_group_rules) to 0
2026-07-09 14:32:33.565 10 INFO neutron.db.ovn_revision_numbers_db [req-f1ce5f39-1912-4e14-a87d-13d6207d7718 req-90247355-99dc-44d3-a00f-e533b70f73c9 1d5fcf759944402684510e42b4778f58 db2e5f1105f74b2fa122d3dd783d2b5f - - 74f1ce842aef429182ec85dbc71b8ded 74f1ce842aef429182ec85dbc71b8ded] Successfully bumped revision number for resource 8e0e813e-7af2-4910-b6ef-769a1e4408d8 (type: ports) to 2
2026-07-09 14:32:33.589 9 INFO neutron.db.ovn_revision_numbers_db [None req-afd2fb07-356b-4547-bcb5-2c4be717a1a1 22165e82e85b47038d5e4c973809c3ac 363969c90b5d4636b34103ca5ae0b718 - - default default] Successfully bumped revision number for resource 7a25aa9d-ffcd-46b0-8112-3dd2b375b47b (type: security_group_rules) to 0
2026-07-09 14:32:33.601 10 INFO neutron.wsgi [req-f1ce5f39-1912-4e14-a87d-13d6207d7718 req-90247355-99dc-44d3-a00f-e533b70f73c9 1d5fcf759944402684510e42b4778f58 db2e5f1105f74b2fa122d3dd783d2b5f - - 74f1ce842aef429182ec85dbc71b8ded 74f1ce842aef429182ec85dbc71b8ded] 199.19.213.105 "PUT /v2.0/ports/8e0e813e-7af2-4910-b6ef-769a1e4408d8 HTTP/1.1" status: 200 len: 1376 time: 1.0556674
2026-07-09 14:32:33.622 9 INFO neutron.db.ovn_revision_numbers_db [None req-afd2fb07-356b-4547-bcb5-2c4be717a1a1 22165e82e85b47038d5e4c973809c3ac 363969c90b5d4636b34103ca5ae0b718 - - default default] Successfully bumped revision number for resource 8bce8583-7d74-4566-ad63-fa0eba386195 (type: security_group_rules) to 0
2026-07-09 14:32:33.639 10 INFO neutron.notifiers.nova [-] Nova event matching ['req-80357775-9c4d-495c-9d72-a2f082af6180'] response: {'name': 'network-changed', 'server_uuid': '8f856973-30c7-4465-b3f4-9c8930c6453d', 'tag': '8e0e813e-7af2-4910-b6ef-769a1e4408d8', 'status': 'completed', 'code': 200}
2026-07-09 14:32:33.651 9 INFO neutron.db.ovn_revision_numbers_db [None req-afd2fb07-356b-4547-bcb5-2c4be717a1a1 22165e82e85b47038d5e4c973809c3ac 363969c90b5d4636b34103ca5ae0b718 - - default default] Successfully bumped revision number for resource f7e0187f-4058-4183-b82f-8852db59c207 (type: security_group_rules) to 0 /var/lib/openstack/lib/python3.10/site-packages/pycadf/identifier.py:71: UserWarning: Invalid uuid: neutron. To ensure interoperability, identifiers should be a valid uuid. warnings.warn(('Invalid uuid: %s. To ensure interoperability, '
2026-07-09 14:32:33.688 10 WARNING neutron.scheduler.dhcp_agent_scheduler [None req-d7c298fc-0042-47c7-af2f-00b9312824f6 22165e82e85b47038d5e4c973809c3ac 363969c90b5d4636b34103ca5ae0b718 - - default default] No more DHCP agents
2026-07-09 14:32:33.694 9 INFO neutron.wsgi [None req-afd2fb07-356b-4547-bcb5-2c4be717a1a1 22165e82e85b47038d5e4c973809c3ac 363969c90b5d4636b34103ca5ae0b718 - - default default] 10.0.0.84 "GET /v2.0/security-groups?tenant_id=e1062b76e467439fa1839bccc62eb87e&name=default HTTP/1.1" status: 200 len: 2996 time: 0.5958970
2026-07-09 14:32:33.697 10 WARNING neutron.api.rpc.agentnotifiers.dhcp_rpc_agent_api [None req-d7c298fc-0042-47c7-af2f-00b9312824f6 22165e82e85b47038d5e4c973809c3ac 363969c90b5d4636b34103ca5ae0b718 - - default default] Unable to schedule network fd0d37e1-c0ea-4337-a781-cd50773bb850: no agents available; will retry on subsequent port and subnet creation events.
2026-07-09 14:32:33.702 9 WARNING neutron.scheduler.dhcp_agent_scheduler [None req-28947b9a-6028-4ccf-a093-c7dae920afbf ed302bfd02364bc0ae61560549db5c1d 7db3f713167b4c77b902553c70e2eb5f - - default default] No more DHCP agents
2026-07-09 14:32:33.708 9 WARNING neutron.api.rpc.agentnotifiers.dhcp_rpc_agent_api [None req-28947b9a-6028-4ccf-a093-c7dae920afbf ed302bfd02364bc0ae61560549db5c1d 7db3f713167b4c77b902553c70e2eb5f - - default default] Unable to schedule network c61ae5ff-09d6-4194-93eb-e92fde9fe5ac: no agents available; will retry on subsequent port and subnet creation events. /var/lib/openstack/lib/python3.10/site-packages/pycadf/identifier.py:71: UserWarning: Invalid uuid: neutron. To ensure interoperability, identifiers should be a valid uuid. warnings.warn(('Invalid uuid: %s. To ensure interoperability, '
2026-07-09 14:32:33.713 10 INFO neutron.wsgi [req-f1ce5f39-1912-4e14-a87d-13d6207d7718 req-59c876fc-c4a0-4977-bcdb-e8303830ceb5 1d5fcf759944402684510e42b4778f58 db2e5f1105f74b2fa122d3dd783d2b5f - - 74f1ce842aef429182ec85dbc71b8ded 74f1ce842aef429182ec85dbc71b8ded] 199.19.213.105 "GET /v2.0/ports?tenant_id=c408b1b6f8744d19858e317d6950a76e&device_id=8f856973-30c7-4465-b3f4-9c8930c6453d HTTP/1.1" status: 200 len: 1407 time: 0.0661085
2026-07-09 14:32:33.766 10 INFO neutron.wsgi [req-f1ce5f39-1912-4e14-a87d-13d6207d7718 req-5efe85b5-5f8d-4593-aced-cc5362456f60 1d5fcf759944402684510e42b4778f58 db2e5f1105f74b2fa122d3dd783d2b5f - - 74f1ce842aef429182ec85dbc71b8ded 74f1ce842aef429182ec85dbc71b8ded] 199.19.213.105 "GET /v2.0/floatingips?fixed_ip_address=10.100.0.6&port_id=8e0e813e-7af2-4910-b6ef-769a1e4408d8 HTTP/1.1" status: 200 len: 217 time: 0.0305824
2026-07-09 14:32:33.816 10 INFO neutron.wsgi [req-f1ce5f39-1912-4e14-a87d-13d6207d7718 req-0bd832d8-96ce-48fa-84bc-0fc4b5c92b98 1d5fcf759944402684510e42b4778f58 db2e5f1105f74b2fa122d3dd783d2b5f - - 74f1ce842aef429182ec85dbc71b8ded 74f1ce842aef429182ec85dbc71b8ded] 199.19.213.105 "GET /v2.0/subnets?id=0f9a4077-726f-4bb6-926f-ae08877359b9 HTTP/1.1" status: 200 len: 865 time: 0.0450084
2026-07-09 14:32:33.856 10 INFO neutron.wsgi [req-f1ce5f39-1912-4e14-a87d-13d6207d7718 req-f48f51e5-03f7-4e63-8dc3-d88d8c3160d5 1d5fcf759944402684510e42b4778f58 db2e5f1105f74b2fa122d3dd783d2b5f - - 74f1ce842aef429182ec85dbc71b8ded 74f1ce842aef429182ec85dbc71b8ded] 199.19.213.105 "GET /v2.0/ports?network_id=93c27141-a28d-4c14-b2de-02d0b51456b4&device_owner=network%3Adhcp HTTP/1.1" status: 200 len: 210 time: 0.0279369
2026-07-09 14:32:33.973 9 INFO neutron.db.ovn_revision_numbers_db [None req-28947b9a-6028-4ccf-a093-c7dae920afbf ed302bfd02364bc0ae61560549db5c1d 7db3f713167b4c77b902553c70e2eb5f - - default default] Successfully bumped revision number for resource 6292a5d7-a0c1-4264-bff7-8a70026ddf5d (type: ports) to 1
2026-07-09 14:32:34.010 9 INFO neutron.wsgi [None req-28947b9a-6028-4ccf-a093-c7dae920afbf ed302bfd02364bc0ae61560549db5c1d 7db3f713167b4c77b902553c70e2eb5f - - default default] 10.0.0.84 "POST /v2.0/ports HTTP/1.1" status: 201 len: 1158 time: 0.7961264 /var/lib/openstack/lib/python3.10/site-packages/pycadf/identifier.py:71: UserWarning: Invalid uuid: neutron. To ensure interoperability, identifiers should be a valid uuid. warnings.warn(('Invalid uuid: %s. To ensure interoperability, '
2026-07-09 14:32:34.026 9 WARNING neutron_lib.context [None req-dfb99de8-e15d-46af-9f0d-9effe8d36bd9 ed302bfd02364bc0ae61560549db5c1d 7db3f713167b4c77b902553c70e2eb5f - - default default] Method 'is_advsvc' is deprecated since 2023.2 release (neutron-lib 3.8.0) and will be removed once support for the old RBAC API policies will be removed from Neutron. Please use method 'is_service_role' instead.
2026-07-09 14:32:34.080 9 INFO neutron.wsgi [None req-4b1ea5fd-de10-4597-acf6-3de31eb21de6 22165e82e85b47038d5e4c973809c3ac 363969c90b5d4636b34103ca5ae0b718 - - default default] 10.0.0.84 "DELETE /v2.0/security-groups/2a5787ca-319b-4939-8013-340a900c0e8b HTTP/1.1" status: 204 len: 168 time: 0.3747141
2026-07-09 14:32:34.290 10 INFO neutron.wsgi [req-f1ce5f39-1912-4e14-a87d-13d6207d7718 req-422891ee-4252-414c-bc2a-bcc75e10994b 1d5fcf759944402684510e42b4778f58 db2e5f1105f74b2fa122d3dd783d2b5f - - 74f1ce842aef429182ec85dbc71b8ded 74f1ce842aef429182ec85dbc71b8ded] 199.19.213.105 "GET /v2.0/networks/93c27141-a28d-4c14-b2de-02d0b51456b4?fields=segments HTTP/1.1" status: 200 len: 212 time: 0.4257896
2026-07-09 14:32:34.322 10 INFO neutron.db.ovn_revision_numbers_db [None req-d7c298fc-0042-47c7-af2f-00b9312824f6 22165e82e85b47038d5e4c973809c3ac 363969c90b5d4636b34103ca5ae0b718 - - default default] Successfully bumped revision number for resource 7c34edd4-4361-401f-9b20-4313d79ead8a (type: ports) to 1
2026-07-09 14:32:34.393 9 WARNING neutron.scheduler.dhcp_agent_scheduler [None req-dfb99de8-e15d-46af-9f0d-9effe8d36bd9 ed302bfd02364bc0ae61560549db5c1d 7db3f713167b4c77b902553c70e2eb5f - - default default] No more DHCP agents
2026-07-09 14:32:34.401 9 WARNING neutron.api.rpc.agentnotifiers.dhcp_rpc_agent_api [None req-dfb99de8-e15d-46af-9f0d-9effe8d36bd9 ed302bfd02364bc0ae61560549db5c1d 7db3f713167b4c77b902553c70e2eb5f - - default default] Unable to schedule network fd0d37e1-c0ea-4337-a781-cd50773bb850: no agents available; will retry on subsequent port and subnet creation events.
2026-07-09 14:32:34.405 10 INFO neutron.wsgi [req-f1ce5f39-1912-4e14-a87d-13d6207d7718 req-d01db0f8-0578-4697-b340-b7620189cd5e 1d5fcf759944402684510e42b4778f58 db2e5f1105f74b2fa122d3dd783d2b5f - - 74f1ce842aef429182ec85dbc71b8ded 74f1ce842aef429182ec85dbc71b8ded] 199.19.213.105 "GET /v2.0/networks/93c27141-a28d-4c14-b2de-02d0b51456b4?fields=provider%3Aphysical_network&fields=provider%3Anetwork_type HTTP/1.1" status: 200 len: 277 time: 0.1087615
2026-07-09 14:32:34.437 9 INFO neutron.db.ovn_revision_numbers_db [None req-6aaac316-6bac-4a5d-ab1c-433636c727f1 22165e82e85b47038d5e4c973809c3ac 363969c90b5d4636b34103ca5ae0b718 - - default default] Successfully bumped revision number for resource 0c42c182-2104-4493-b9b8-5f3f8291f786 (type: security_groups) to 1
