2026-07-09 14:33:17.458 10 INFO neutron.wsgi [req-b24586d1-f654-483f-9add-f1801af9b3fd req-15b7e411-7048-4c4c-83dc-6fdfb3636845 1d5fcf759944402684510e42b4778f58 db2e5f1105f74b2fa122d3dd783d2b5f - - 74f1ce842aef429182ec85dbc71b8ded 74f1ce842aef429182ec85dbc71b8ded] 199.19.213.105 "GET /v2.0/networks?id=5d5a9fe4-0477-4ae6-8879-a8743a8e236c HTTP/1.1" status: 200 len: 974 time: 0.0894630
2026-07-09 14:33:17.558 10 INFO neutron.wsgi [req-b24586d1-f654-483f-9add-f1801af9b3fd req-2c5061b0-10cd-46d5-ad2d-71567156862c 1d5fcf759944402684510e42b4778f58 db2e5f1105f74b2fa122d3dd783d2b5f - - 74f1ce842aef429182ec85dbc71b8ded 74f1ce842aef429182ec85dbc71b8ded] 199.19.213.105 "GET /v2.0/floatingips?fixed_ip_address=10.100.0.8&port_id=df89e329-3548-4d39-84a0-44325b474409 HTTP/1.1" status: 200 len: 1059 time: 0.0807366
2026-07-09 14:33:17.626 10 INFO neutron.wsgi [None req-66f76c54-2e76-4bea-920f-a7901c37afc1 ad360d696acd484586ad237c80ba4e0c 8a90a4664c6e490e96a7182cbebe395f - - default default] 10.0.0.84 "PUT /v2.0/routers/84029f35-6fee-4268-af38-eafeda647cb9/remove_router_interface HTTP/1.1" status: 200 len: 503 time: 0.9752295 /var/lib/openstack/lib/python3.10/site-packages/pycadf/identifier.py:71: UserWarning: Invalid uuid: neutron. To ensure interoperability, identifiers should be a valid uuid. warnings.warn(('Invalid uuid: %s. To ensure interoperability, '
2026-07-09 14:33:17.643 9 INFO neutron.wsgi [req-95c2fd43-86ec-497c-8d9a-516fab1fc688 req-ff31a1e3-cd24-4984-a7d8-d121125d2faf 1d5fcf759944402684510e42b4778f58 db2e5f1105f74b2fa122d3dd783d2b5f - - 74f1ce842aef429182ec85dbc71b8ded 74f1ce842aef429182ec85dbc71b8ded] 10.0.0.213 "GET /v2.0/ports?device_id=182bdb34-3c4b-43c9-aa07-449f3fdef8ba HTTP/1.1" status: 200 len: 1413 time: 0.0518332
2026-07-09 14:33:17.653 10 INFO neutron.wsgi [req-b24586d1-f654-483f-9add-f1801af9b3fd req-792176e7-1540-4c26-97eb-6e8c4e25370c 1d5fcf759944402684510e42b4778f58 db2e5f1105f74b2fa122d3dd783d2b5f - - 74f1ce842aef429182ec85dbc71b8ded 74f1ce842aef429182ec85dbc71b8ded] 199.19.213.105 "GET /v2.0/subnets?id=8d126f73-7d2d-4593-9b24-97ba31a44caa HTTP/1.1" status: 200 len: 869 time: 0.0891585
2026-07-09 14:33:17.709 9 INFO neutron.wsgi [req-95c2fd43-86ec-497c-8d9a-516fab1fc688 req-6f60aea8-040a-4354-8dd8-444f4bad4836 1d5fcf759944402684510e42b4778f58 db2e5f1105f74b2fa122d3dd783d2b5f - - 74f1ce842aef429182ec85dbc71b8ded 74f1ce842aef429182ec85dbc71b8ded] 10.0.0.213 "GET /v2.0/security-groups?id=ee3efde9-2e0f-493c-93df-73ba42c6a526&fields=id&fields=name HTTP/1.1" status: 200 len: 313 time: 0.0583365
2026-07-09 14:33:18.005 10 INFO neutron.wsgi [req-b24586d1-f654-483f-9add-f1801af9b3fd req-46350cc8-ef27-4521-8347-387705f08c9d 1d5fcf759944402684510e42b4778f58 db2e5f1105f74b2fa122d3dd783d2b5f - - 74f1ce842aef429182ec85dbc71b8ded 74f1ce842aef429182ec85dbc71b8ded] 199.19.213.105 "GET /v2.0/ports?network_id=5d5a9fe4-0477-4ae6-8879-a8743a8e236c&device_owner=network%3Adhcp HTTP/1.1" status: 200 len: 210 time: 0.0230968
2026-07-09 14:33:18.091 10 INFO neutron.wsgi [None req-a8624d36-84c9-47c3-8abc-2f1e049e7527 ad360d696acd484586ad237c80ba4e0c 8a90a4664c6e490e96a7182cbebe395f - - default default] 10.0.0.84 "GET /v2.0/ports/6a5f897e-eefb-4aa6-a406-6c4b9f8ea33a HTTP/1.1" status: 200 len: 1137 time: 0.4584024
2026-07-09 14:33:18.122 10 INFO neutron.wsgi [req-b24586d1-f654-483f-9add-f1801af9b3fd req-3d08d55c-2ed4-4ad5-bb30-2b89fd37ff89 1d5fcf759944402684510e42b4778f58 db2e5f1105f74b2fa122d3dd783d2b5f - - 74f1ce842aef429182ec85dbc71b8ded 74f1ce842aef429182ec85dbc71b8ded] 199.19.213.105 "GET /v2.0/networks/5d5a9fe4-0477-4ae6-8879-a8743a8e236c?fields=segments HTTP/1.1" status: 200 len: 212 time: 0.1022003
2026-07-09 14:33:18.215 10 INFO neutron.wsgi [req-b24586d1-f654-483f-9add-f1801af9b3fd req-c3d3fbec-8b35-474f-b3ec-c937c3ba5cf7 1d5fcf759944402684510e42b4778f58 db2e5f1105f74b2fa122d3dd783d2b5f - - 74f1ce842aef429182ec85dbc71b8ded 74f1ce842aef429182ec85dbc71b8ded] 199.19.213.105 "GET /v2.0/networks/5d5a9fe4-0477-4ae6-8879-a8743a8e236c?fields=provider%3Aphysical_network&fields=provider%3Anetwork_type HTTP/1.1" status: 200 len: 277 time: 0.0757501
2026-07-09 14:33:18.930 10 INFO neutron.wsgi [None req-8bc88c8c-4006-432a-be18-caa53f3f2117 ad360d696acd484586ad237c80ba4e0c 8a90a4664c6e490e96a7182cbebe395f - - default default] 10.0.0.84 "PUT /v2.0/routers/84029f35-6fee-4268-af38-eafeda647cb9/remove_router_interface HTTP/1.1" status: 200 len: 503 time: 0.8332498 /var/lib/openstack/lib/python3.10/site-packages/pycadf/identifier.py:71: UserWarning: Invalid uuid: neutron. To ensure interoperability, identifiers should be a valid uuid. warnings.warn(('Invalid uuid: %s. To ensure interoperability, '
2026-07-09 14:33:18.984 10 INFO neutron.wsgi [None req-94bab9e4-6c3e-488c-839e-48f4ed7c58c5 ad360d696acd484586ad237c80ba4e0c 8a90a4664c6e490e96a7182cbebe395f - - default default] 10.0.0.84 "GET /v2.0/ports?device_id=84029f35-6fee-4268-af38-eafeda647cb9 HTTP/1.1" status: 200 len: 205 time: 0.0477576
2026-07-09 14:33:19.041 10 INFO neutron.wsgi [None req-dde5af36-727e-4dde-9189-3bb4c616f553 95d1f074b76a43348d4c9448d7211d44 49e3cbdbc4864fd4922be9d1abd92f01 - - default default] 10.0.0.84 "GET /v2.0/ports?project_id=268062d4b94f450d9a6a418ca47e6a56&network_id=ff115c92-1f32-478f-a21d-838421af20e5 HTTP/1.1" status: 200 len: 3514 time: 0.0879655
2026-07-09 14:33:19.305 10 INFO neutron.wsgi [None req-a70d3e21-d76f-4a2d-9ed7-07b40f577460 95d1f074b76a43348d4c9448d7211d44 49e3cbdbc4864fd4922be9d1abd92f01 - - default default] 10.0.0.84 "GET /v2.0/subnets?network_id=fd0d37e1-c0ea-4337-a781-cd50773bb850 HTTP/1.1" status: 200 len: 838 time: 0.0545299
2026-07-09 14:33:19.382 9 INFO neutron.wsgi [None req-f2e9b235-213c-4f4b-9e31-51bfff551c76 ad360d696acd484586ad237c80ba4e0c 8a90a4664c6e490e96a7182cbebe395f - - default default] 10.0.0.84 "DELETE /v2.0/routers/84029f35-6fee-4268-af38-eafeda647cb9 HTTP/1.1" status: 204 len: 168 time: 0.3899159
2026-07-09 14:33:19.651 10 INFO neutron.db.l3_db [None req-a008d510-de93-470c-8b69-5d85c54d7903 00e9a183fbcd4f7fa6786289b11904d8 268062d4b94f450d9a6a418ca47e6a56 - - default default] Floating IP 3ae153ab-279d-43ce-8ee3-6ceb95c244dc disassociated. External IP: 10.96.250.205, port: 923d35c8-8fbf-44dc-9bdf-1293a3d0de93.
2026-07-09 14:33:19.652 9 INFO neutron.wsgi [None req-5b4bbccd-541d-4bbc-9e77-55c57187ed0a ad360d696acd484586ad237c80ba4e0c 8a90a4664c6e490e96a7182cbebe395f - - default default] 10.0.0.84 "DELETE /v2.0/subnets/e4c958e9-8dc1-4476-952c-65cd7c8400cc HTTP/1.1" status: 204 len: 168 time: 0.2636092
2026-07-09 14:33:19.714 10 INFO neutron.db.ovn_revision_numbers_db [None req-a008d510-de93-470c-8b69-5d85c54d7903 00e9a183fbcd4f7fa6786289b11904d8 268062d4b94f450d9a6a418ca47e6a56 - - default default] Successfully bumped revision number for resource 3ae153ab-279d-43ce-8ee3-6ceb95c244dc (type: floatingips) to 2
2026-07-09 14:33:19.821 10 INFO neutron.wsgi [None req-a008d510-de93-470c-8b69-5d85c54d7903 00e9a183fbcd4f7fa6786289b11904d8 268062d4b94f450d9a6a418ca47e6a56 - - default default] 10.0.0.84 "PUT /v2.0/floatingips/3ae153ab-279d-43ce-8ee3-6ceb95c244dc HTTP/1.1" status: 200 len: 748 time: 0.3807738
2026-07-09 14:33:19.864 10 INFO neutron.notifiers.nova [-] Nova event matching ['req-466ddcf1-b3f1-4592-84b1-4819cc17f887'] response: {'name': 'network-changed', 'server_uuid': '182bdb34-3c4b-43c9-aa07-449f3fdef8ba', 'tag': '923d35c8-8fbf-44dc-9bdf-1293a3d0de93', 'status': 'completed', 'code': 200}
2026-07-09 14:33:19.876 9 INFO neutron.wsgi [None req-506fadee-853f-4907-9c47-0a99058f9985 00e9a183fbcd4f7fa6786289b11904d8 268062d4b94f450d9a6a418ca47e6a56 - - default default] 10.0.0.84 "GET /v2.0/floatingips/3ae153ab-279d-43ce-8ee3-6ceb95c244dc HTTP/1.1" status: 200 len: 746 time: 0.0490892
2026-07-09 14:33:19.940 10 INFO neutron.wsgi [req-983f3fdd-3947-4e82-b926-d068e5645aae req-64697c1b-c654-452a-9f7b-10f30d162ff9 1d5fcf759944402684510e42b4778f58 db2e5f1105f74b2fa122d3dd783d2b5f - - 74f1ce842aef429182ec85dbc71b8ded 74f1ce842aef429182ec85dbc71b8ded] 199.19.213.105 "GET /v2.0/ports?tenant_id=268062d4b94f450d9a6a418ca47e6a56&device_id=182bdb34-3c4b-43c9-aa07-449f3fdef8ba HTTP/1.1" status: 200 len: 1413 time: 0.0472519
2026-07-09 14:33:19.971 9 INFO neutron.wsgi [None req-2b96430a-da07-4f9d-b185-37bba4383b70 ad360d696acd484586ad237c80ba4e0c 8a90a4664c6e490e96a7182cbebe395f - - default default] 10.0.0.84 "DELETE /v2.0/subnets/881efae9-c046-4f2c-a86b-1463017f58c8 HTTP/1.1" status: 204 len: 168 time: 0.3084180
2026-07-09 14:33:20.027 10 INFO neutron.wsgi [req-983f3fdd-3947-4e82-b926-d068e5645aae req-16901551-179f-41dc-968e-33994afd24c1 1d5fcf759944402684510e42b4778f58 db2e5f1105f74b2fa122d3dd783d2b5f - - 74f1ce842aef429182ec85dbc71b8ded 74f1ce842aef429182ec85dbc71b8ded] 199.19.213.105 "GET /v2.0/networks?id=ff115c92-1f32-478f-a21d-838421af20e5 HTTP/1.1" status: 200 len: 959 time: 0.0807340
2026-07-09 14:33:20.060 10 INFO neutron.wsgi [req-983f3fdd-3947-4e82-b926-d068e5645aae req-91f7fc4f-e8b4-4f9f-8d7f-e50f984904e7 1d5fcf759944402684510e42b4778f58 db2e5f1105f74b2fa122d3dd783d2b5f - - 74f1ce842aef429182ec85dbc71b8ded 74f1ce842aef429182ec85dbc71b8ded] 199.19.213.105 "GET /v2.0/floatingips?fixed_ip_address=10.100.0.14&port_id=923d35c8-8fbf-44dc-9bdf-1293a3d0de93 HTTP/1.1" status: 200 len: 217 time: 0.0281169
2026-07-09 14:33:20.110 10 INFO neutron.wsgi [req-983f3fdd-3947-4e82-b926-d068e5645aae req-814afe5f-e733-49d3-8aa6-d8b1e656c7e7 1d5fcf759944402684510e42b4778f58 db2e5f1105f74b2fa122d3dd783d2b5f - - 74f1ce842aef429182ec85dbc71b8ded 74f1ce842aef429182ec85dbc71b8ded] 199.19.213.105 "GET /v2.0/subnets?id=f6b72f9f-85d0-4e0e-b367-05b34a21d2e4 HTTP/1.1" status: 200 len: 853 time: 0.0435081
2026-07-09 14:33:20.149 10 INFO neutron.wsgi [req-983f3fdd-3947-4e82-b926-d068e5645aae req-0b710e15-e121-4874-8ec5-56a97d940da1 1d5fcf759944402684510e42b4778f58 db2e5f1105f74b2fa122d3dd783d2b5f - - 74f1ce842aef429182ec85dbc71b8ded 74f1ce842aef429182ec85dbc71b8ded] 199.19.213.105 "GET /v2.0/ports?network_id=ff115c92-1f32-478f-a21d-838421af20e5&device_owner=network%3Adhcp HTTP/1.1" status: 200 len: 210 time: 0.0305371
2026-07-09 14:33:20.237 10 INFO neutron.wsgi [req-983f3fdd-3947-4e82-b926-d068e5645aae req-349eac31-3a3a-4d0d-b41f-71bf9635facb 1d5fcf759944402684510e42b4778f58 db2e5f1105f74b2fa122d3dd783d2b5f - - 74f1ce842aef429182ec85dbc71b8ded 74f1ce842aef429182ec85dbc71b8ded] 199.19.213.105 "GET /v2.0/networks/ff115c92-1f32-478f-a21d-838421af20e5?fields=segments HTTP/1.1" status: 200 len: 212 time: 0.0818703
2026-07-09 14:33:20.329 10 INFO neutron.wsgi [req-983f3fdd-3947-4e82-b926-d068e5645aae req-f56e8565-8ec3-4113-a50a-d2d171644768 1d5fcf759944402684510e42b4778f58 db2e5f1105f74b2fa122d3dd783d2b5f - - 74f1ce842aef429182ec85dbc71b8ded 74f1ce842aef429182ec85dbc71b8ded] 199.19.213.105 "GET /v2.0/networks/ff115c92-1f32-478f-a21d-838421af20e5?fields=provider%3Aphysical_network&fields=provider%3Anetwork_type HTTP/1.1" status: 200 len: 277 time: 0.0823529
2026-07-09 14:33:20.435 9 INFO neutron.services.segments.plugin [-] Segment 07009321-c39b-4373-be6e-4f679654aec4 resource provider aggregate not found
2026-07-09 14:33:20.451 9 INFO neutron.services.segments.plugin [-] Segment 07009321-c39b-4373-be6e-4f679654aec4 resource provider aggregate not found
2026-07-09 14:33:20.470 9 INFO neutron.services.segments.plugin [-] Segment 07009321-c39b-4373-be6e-4f679654aec4 resource provider not found; error: Placement Client Error (4xx): {"errors": [{"status": 404, "title": "Not Found", "detail": "The resource could not be found.\n\n No resource provider with uuid 07009321-c39b-4373-be6e-4f679654aec4 found for delete ", "request_id": "req-84f44918-4ac3-4f51-9b63-c9812bee9a1d"}]}
2026-07-09 14:33:20.471 9 INFO neutron.services.segments.plugin [-] Segment 07009321-c39b-4373-be6e-4f679654aec4 resource provider not found; error: Placement Client Error (4xx): {"errors": [{"status": 404, "title": "Not Found", "detail": "The resource could not be found.\n\n No resource provider with uuid 07009321-c39b-4373-be6e-4f679654aec4 found for delete ", "request_id": "req-ec362aab-e9e7-45a0-bc5c-0ff81711fd83"}]}
2026-07-09 14:33:20.502 9 INFO neutron.wsgi [None req-e1497e1d-900a-44fb-bece-2b1512af8e7d ad360d696acd484586ad237c80ba4e0c 8a90a4664c6e490e96a7182cbebe395f - - default default] 10.0.0.84 "DELETE /v2.0/networks/f133441d-845e-422e-af74-ab4b09637d41 HTTP/1.1" status: 204 len: 168 time: 0.5235751
2026-07-09 14:33:20.940 9 WARNING neutron_lib.context [None req-0d104201-87f6-438c-ab3a-921c6c4d9fa5 00e9a183fbcd4f7fa6786289b11904d8 268062d4b94f450d9a6a418ca47e6a56 - - default default] Method 'is_advsvc' is deprecated since 2023.2 release (neutron-lib 3.8.0) and will be removed once support for the old RBAC API policies will be removed from Neutron. Please use method 'is_service_role' instead.
2026-07-09 14:33:21.043 9 INFO neutron.wsgi [None req-66828509-2730-42a8-bc41-d08632c7b7b5 ad360d696acd484586ad237c80ba4e0c 8a90a4664c6e490e96a7182cbebe395f - - default default] 10.0.0.84 "DELETE /v2.0/networks/18f65815-d8a8-4373-bb27-62ff2fb08e3a HTTP/1.1" status: 204 len: 168 time: 0.5347836
2026-07-09 14:33:21.059 10 WARNING neutron_lib.context [None req-90ba4468-69a7-4d03-bb9e-92620a2aea5d ad360d696acd484586ad237c80ba4e0c 8a90a4664c6e490e96a7182cbebe395f - - default default] Method 'is_advsvc' is deprecated since 2023.2 release (neutron-lib 3.8.0) and will be removed once support for the old RBAC API policies will be removed from Neutron. Please use method 'is_service_role' instead.
2026-07-09 14:33:21.105 9 INFO neutron.db.ovn_revision_numbers_db [None req-0d104201-87f6-438c-ab3a-921c6c4d9fa5 00e9a183fbcd4f7fa6786289b11904d8 268062d4b94f450d9a6a418ca47e6a56 - - default default] Successfully bumped revision number for resource 74540323-3524-4e78-9371-fd43e3a34086 (type: security_groups) to 1
2026-07-09 14:33:21.130 9 INFO neutron.db.ovn_revision_numbers_db [None req-0d104201-87f6-438c-ab3a-921c6c4d9fa5 00e9a183fbcd4f7fa6786289b11904d8 268062d4b94f450d9a6a418ca47e6a56 - - default default] Successfully bumped revision number for resource 31d4e9c7-94d7-4679-b50a-8b833317509e (type: security_group_rules) to 0
2026-07-09 14:33:21.154 9 INFO neutron.db.ovn_revision_numbers_db [None req-0d104201-87f6-438c-ab3a-921c6c4d9fa5 00e9a183fbcd4f7fa6786289b11904d8 268062d4b94f450d9a6a418ca47e6a56 - - default default] Successfully bumped revision number for resource 613e2278-fe2d-475c-8f85-a587a8d4e44e (type: security_group_rules) to 0
2026-07-09 14:33:21.171 10 INFO neutron.db.segments_db [None req-90ba4468-69a7-4d03-bb9e-92620a2aea5d ad360d696acd484586ad237c80ba4e0c 8a90a4664c6e490e96a7182cbebe395f - - default default] Added segment 0f7aa99d-f79c-41bb-8c1c-8b4a62e8ae3f of type geneve for network fcf93b22-9f3a-4d46-8f40-9ee1f70e9ea3
2026-07-09 14:33:21.175 9 INFO neutron.wsgi [None req-0d104201-87f6-438c-ab3a-921c6c4d9fa5 00e9a183fbcd4f7fa6786289b11904d8 268062d4b94f450d9a6a418ca47e6a56 - - default default] 10.0.0.84 "POST /v2.0/security-groups HTTP/1.1" status: 201 len: 1811 time: 0.2410598
2026-07-09 14:33:21.194 10 WARNING neutron_lib.context [None req-1c9c93b6-6de9-4aea-a8f6-8e3ebd0d66a5 00e9a183fbcd4f7fa6786289b11904d8 268062d4b94f450d9a6a418ca47e6a56 - - default default] Method 'is_advsvc' is deprecated since 2023.2 release (neutron-lib 3.8.0) and will be removed once support for the old RBAC API policies will be removed from Neutron. Please use method 'is_service_role' instead.
2026-07-09 14:33:21.388 10 INFO neutron.db.ovn_revision_numbers_db [None req-90ba4468-69a7-4d03-bb9e-92620a2aea5d ad360d696acd484586ad237c80ba4e0c 8a90a4664c6e490e96a7182cbebe395f - - default default] Successfully bumped revision number for resource fcf93b22-9f3a-4d46-8f40-9ee1f70e9ea3 (type: networks) to 1
2026-07-09 14:33:21.474 10 INFO neutron.db.ovn_revision_numbers_db [None req-1c9c93b6-6de9-4aea-a8f6-8e3ebd0d66a5 00e9a183fbcd4f7fa6786289b11904d8 268062d4b94f450d9a6a418ca47e6a56 - - default default] Successfully bumped revision number for resource 8d3a6d16-350e-4f2a-a191-833c10d5a9a1 (type: security_group_rules) to 0
2026-07-09 14:33:21.548 10 INFO neutron.wsgi [None req-1c9c93b6-6de9-4aea-a8f6-8e3ebd0d66a5 00e9a183fbcd4f7fa6786289b11904d8 268062d4b94f450d9a6a418ca47e6a56 - - default default] 10.0.0.84 "POST /v2.0/security-group-rules HTTP/1.1" status: 201 len: 764 time: 0.3675506
2026-07-09 14:33:21.553 9 WARNING neutron.plugins.ml2.drivers.ovn.mech_driver.ovsdb.ovn_client [None req-c60e288d-308e-40bc-ae3b-5ea198d3e5e5 - - - - - -] No port found with ID 9e635c6e-97d7-4754-bc8a-9d0cd26ffbc8: RuntimeError: No port found with ID 9e635c6e-97d7-4754-bc8a-9d0cd26ffbc8
2026-07-09 14:33:21.564 10 WARNING neutron_lib.context [None req-67807ff5-2f07-4460-8f3a-9d20be722031 00e9a183fbcd4f7fa6786289b11904d8 268062d4b94f450d9a6a418ca47e6a56 - - default default] Method 'is_advsvc' is deprecated since 2023.2 release (neutron-lib 3.8.0) and will be removed once support for the old RBAC API policies will be removed from Neutron. Please use method 'is_service_role' instead.
2026-07-09 14:33:21.772 10 WARNING neutron.scheduler.dhcp_agent_scheduler [None req-90ba4468-69a7-4d03-bb9e-92620a2aea5d ad360d696acd484586ad237c80ba4e0c 8a90a4664c6e490e96a7182cbebe395f - - default default] No more DHCP agents
2026-07-09 14:33:21.775 10 WARNING neutron.api.rpc.agentnotifiers.dhcp_rpc_agent_api [None req-90ba4468-69a7-4d03-bb9e-92620a2aea5d ad360d696acd484586ad237c80ba4e0c 8a90a4664c6e490e96a7182cbebe395f - - default default] Unable to schedule network fcf93b22-9f3a-4d46-8f40-9ee1f70e9ea3: no agents available; will retry on subsequent port and subnet creation events.
2026-07-09 14:33:21.867 10 INFO neutron.db.ovn_revision_numbers_db [None req-67807ff5-2f07-4460-8f3a-9d20be722031 00e9a183fbcd4f7fa6786289b11904d8 268062d4b94f450d9a6a418ca47e6a56 - - default default] Successfully bumped revision number for resource 434dd16c-15bf-4488-8be6-9e7312165d51 (type: security_group_rules) to 0
2026-07-09 14:33:21.909 10 INFO neutron.wsgi [None req-67807ff5-2f07-4460-8f3a-9d20be722031 00e9a183fbcd4f7fa6786289b11904d8 268062d4b94f450d9a6a418ca47e6a56 - - default default] 10.0.0.84 "POST /v2.0/security-group-rules HTTP/1.1" status: 201 len: 763 time: 0.3541095
2026-07-09 14:33:21.910 10 INFO neutron.db.ovn_revision_numbers_db [None req-90ba4468-69a7-4d03-bb9e-92620a2aea5d ad360d696acd484586ad237c80ba4e0c 8a90a4664c6e490e96a7182cbebe395f - - default default] Successfully bumped revision number for resource f8ce327e-59f7-4a53-a91d-045af03bb68f (type: ports) to 1 /var/lib/openstack/lib/python3.10/site-packages/pycadf/identifier.py:71: UserWarning: Invalid uuid: neutron. To ensure interoperability, identifiers should be a valid uuid. warnings.warn(('Invalid uuid: %s. To ensure interoperability, '
2026-07-09 14:33:21.928 9 WARNING neutron_lib.context [None req-cebb981a-6f29-4b23-a8df-45d74a7d5506 00e9a183fbcd4f7fa6786289b11904d8 268062d4b94f450d9a6a418ca47e6a56 - - default default] Method 'is_advsvc' is deprecated since 2023.2 release (neutron-lib 3.8.0) and will be removed once support for the old RBAC API policies will be removed from Neutron. Please use method 'is_service_role' instead.
2026-07-09 14:33:21.936 10 INFO neutron.wsgi [None req-90ba4468-69a7-4d03-bb9e-92620a2aea5d ad360d696acd484586ad237c80ba4e0c 8a90a4664c6e490e96a7182cbebe395f - - default default] 10.0.0.84 "POST /v2.0/networks HTTP/1.1" status: 201 len: 829 time: 0.8851297
2026-07-09 14:33:21.947 10 WARNING neutron_lib.context [None req-3cba6064-3fb8-47b4-be2b-b2e7a9cacf19 ad360d696acd484586ad237c80ba4e0c 8a90a4664c6e490e96a7182cbebe395f - - default default] Method 'is_advsvc' is deprecated since 2023.2 release (neutron-lib 3.8.0) and will be removed once support for the old RBAC API policies will be removed from Neutron. Please use method 'is_service_role' instead.
2026-07-09 14:33:21.960 9 WARNING neutron_lib.context [None req-8a2d4877-8b61-4c4d-921c-ee510fbfe2f3 5e8d9f7422fb45448a4fbe460a435b12 051a7760e54948bab4f64c1dafbae88e - - default default] Method 'is_advsvc' is deprecated since 2023.2 release (neutron-lib 3.8.0) and will be removed once support for the old RBAC API policies will be removed from Neutron. Please use method 'is_service_role' instead.
2026-07-09 14:33:22.169 9 INFO neutron.db.ovn_revision_numbers_db [None req-cebb981a-6f29-4b23-a8df-45d74a7d5506 00e9a183fbcd4f7fa6786289b11904d8 268062d4b94f450d9a6a418ca47e6a56 - - default default] Successfully bumped revision number for resource bcc7b602-098b-4d0f-841c-68e058ea5259 (type: security_group_rules) to 0
2026-07-09 14:33:22.181 9 INFO neutron.db.ovn_revision_numbers_db [None req-8a2d4877-8b61-4c4d-921c-ee510fbfe2f3 5e8d9f7422fb45448a4fbe460a435b12 051a7760e54948bab4f64c1dafbae88e - - default default] Successfully bumped revision number for resource acd376f0-4452-40af-b21f-e2f759d5a204 (type: security_groups) to 1
2026-07-09 14:33:22.198 9 INFO neutron.wsgi [None req-cebb981a-6f29-4b23-a8df-45d74a7d5506 00e9a183fbcd4f7fa6786289b11904d8 268062d4b94f450d9a6a418ca47e6a56 - - default default] 10.0.0.84 "POST /v2.0/security-group-rules HTTP/1.1" status: 201 len: 769 time: 0.2791204
2026-07-09 14:33:22.203 9 INFO neutron.db.ovn_revision_numbers_db [None req-8a2d4877-8b61-4c4d-921c-ee510fbfe2f3 5e8d9f7422fb45448a4fbe460a435b12 051a7760e54948bab4f64c1dafbae88e - - default default] Successfully bumped revision number for resource 6fbfaf4c-63f2-47df-9498-51b14aa7305d (type: security_group_rules) to 0
2026-07-09 14:33:22.210 10 WARNING neutron_lib.context [None req-1bb30bf9-12ab-46ce-a05b-71e271810514 00e9a183fbcd4f7fa6786289b11904d8 268062d4b94f450d9a6a418ca47e6a56 - - default default] Method 'is_advsvc' is deprecated since 2023.2 release (neutron-lib 3.8.0) and will be removed once support for the old RBAC API policies will be removed from Neutron. Please use method 'is_service_role' instead.
2026-07-09 14:33:22.220 9 INFO neutron.db.ovn_revision_numbers_db [None req-8a2d4877-8b61-4c4d-921c-ee510fbfe2f3 5e8d9f7422fb45448a4fbe460a435b12 051a7760e54948bab4f64c1dafbae88e - - default default] Successfully bumped revision number for resource 8e8d71c6-bc26-47fb-bd55-8bbf7def7de2 (type: security_group_rules) to 0
2026-07-09 14:33:22.249 9 INFO neutron.db.ovn_revision_numbers_db [None req-8a2d4877-8b61-4c4d-921c-ee510fbfe2f3 5e8d9f7422fb45448a4fbe460a435b12 051a7760e54948bab4f64c1dafbae88e - - default default] Successfully bumped revision number for resource d8ec5996-5860-422e-93dd-6be9f1ed0369 (type: security_group_rules) to 0
2026-07-09 14:33:22.252 10 WARNING neutron.scheduler.dhcp_agent_scheduler [None req-3cba6064-3fb8-47b4-be2b-b2e7a9cacf19 ad360d696acd484586ad237c80ba4e0c 8a90a4664c6e490e96a7182cbebe395f - - default default] No more DHCP agents
2026-07-09 14:33:22.258 10 WARNING neutron.api.rpc.agentnotifiers.dhcp_rpc_agent_api [None req-3cba6064-3fb8-47b4-be2b-b2e7a9cacf19 ad360d696acd484586ad237c80ba4e0c 8a90a4664c6e490e96a7182cbebe395f - - default default] Unable to schedule network fcf93b22-9f3a-4d46-8f40-9ee1f70e9ea3: no agents available; will retry on subsequent port and subnet creation events.
2026-07-09 14:33:22.269 9 INFO neutron.db.ovn_revision_numbers_db [None req-8a2d4877-8b61-4c4d-921c-ee510fbfe2f3 5e8d9f7422fb45448a4fbe460a435b12 051a7760e54948bab4f64c1dafbae88e - - default default] Successfully bumped revision number for resource e78952e3-d885-4ccb-a485-ad1862ead1b7 (type: security_group_rules) to 0
2026-07-09 14:33:22.320 9 INFO neutron.db.segments_db [None req-8a2d4877-8b61-4c4d-921c-ee510fbfe2f3 5e8d9f7422fb45448a4fbe460a435b12 051a7760e54948bab4f64c1dafbae88e - - default default] Added segment f03f083a-939c-4def-9cce-fc4f8ae35eff of type geneve for network 653336a9-2d95-467f-8225-2d09e4f1e0f8
2026-07-09 14:33:22.469 10 INFO neutron.db.ovn_revision_numbers_db [None req-1bb30bf9-12ab-46ce-a05b-71e271810514 00e9a183fbcd4f7fa6786289b11904d8 268062d4b94f450d9a6a418ca47e6a56 - - default default] Successfully bumped revision number for resource d485c760-88e5-42c7-a232-144acb1d4b82 (type: security_group_rules) to 0
2026-07-09 14:33:22.503 9 INFO neutron.services.segments.plugin [-] Segment 86089387-1c31-4b20-a88f-7245413ae94d resource provider aggregate not found
2026-07-09 14:33:22.509 9 INFO neutron.services.segments.plugin [-] Segment 86089387-1c31-4b20-a88f-7245413ae94d resource provider aggregate not found
2026-07-09 14:33:22.512 10 INFO neutron.wsgi [None req-1bb30bf9-12ab-46ce-a05b-71e271810514 00e9a183fbcd4f7fa6786289b11904d8 268062d4b94f450d9a6a418ca47e6a56 - - default default] 10.0.0.84 "POST /v2.0/security-group-rules HTTP/1.1" status: 201 len: 768 time: 0.3070898
2026-07-09 14:33:22.521 9 WARNING neutron_lib.context [None req-cfdbcbc3-f394-4e65-bdef-20f5ba2dac42 00e9a183fbcd4f7fa6786289b11904d8 268062d4b94f450d9a6a418ca47e6a56 - - default default] Method 'is_advsvc' is deprecated since 2023.2 release (neutron-lib 3.8.0) and will be removed once support for the old RBAC API policies will be removed from Neutron. Please use method 'is_service_role' instead.
2026-07-09 14:33:22.526 9 INFO neutron.services.segments.plugin [-] Segment 86089387-1c31-4b20-a88f-7245413ae94d resource provider not found; error: Placement Client Error (4xx): {"errors": [{"status": 404, "title": "Not Found", "detail": "The resource could not be found.\n\n No resource provider with uuid 86089387-1c31-4b20-a88f-7245413ae94d found for delete ", "request_id": "req-e17e975d-d344-4f88-993f-f4c276310668"}]}
2026-07-09 14:33:22.528 9 INFO neutron.db.ovn_revision_numbers_db [None req-8a2d4877-8b61-4c4d-921c-ee510fbfe2f3 5e8d9f7422fb45448a4fbe460a435b12 051a7760e54948bab4f64c1dafbae88e - - default default] Successfully bumped revision number for resource 653336a9-2d95-467f-8225-2d09e4f1e0f8 (type: networks) to 1
2026-07-09 14:33:22.534 9 INFO neutron.services.segments.plugin [-] Segment 86089387-1c31-4b20-a88f-7245413ae94d resource provider not found; error: Placement Client Error (4xx): {"errors": [{"status": 404, "title": "Not Found", "detail": "The resource could not be found.\n\n No resource provider with uuid 86089387-1c31-4b20-a88f-7245413ae94d found for delete ", "request_id": "req-28562ed8-7975-4a98-9f32-701a14894668"}]}
2026-07-09 14:33:22.572 9 INFO neutron.db.securitygroups_db [None req-cfdbcbc3-f394-4e65-bdef-20f5ba2dac42 00e9a183fbcd4f7fa6786289b11904d8 268062d4b94f450d9a6a418ca47e6a56 - - default default] Project 268062d4b94f450d9a6a418ca47e6a56 added a security group rule with legacy IPv6 ICMP protocol name icmp, ipv6-icmp should be used instead. It was automatically converted.
2026-07-09 14:33:22.819 9 INFO neutron.db.ovn_revision_numbers_db [None req-cfdbcbc3-f394-4e65-bdef-20f5ba2dac42 00e9a183fbcd4f7fa6786289b11904d8 268062d4b94f450d9a6a418ca47e6a56 - - default default] Successfully bumped revision number for resource 9ee5c061-48b8-4ae9-a358-7226902e59a4 (type: security_group_rules) to 0
2026-07-09 14:33:22.873 9 WARNING neutron.scheduler.dhcp_agent_scheduler [None req-8a2d4877-8b61-4c4d-921c-ee510fbfe2f3 5e8d9f7422fb45448a4fbe460a435b12 051a7760e54948bab4f64c1dafbae88e - - default default] No more DHCP agents
2026-07-09 14:33:22.876 9 WARNING neutron.api.rpc.agentnotifiers.dhcp_rpc_agent_api [None req-8a2d4877-8b61-4c4d-921c-ee510fbfe2f3 5e8d9f7422fb45448a4fbe460a435b12 051a7760e54948bab4f64c1dafbae88e - - default default] Unable to schedule network 653336a9-2d95-467f-8225-2d09e4f1e0f8: no agents available; will retry on subsequent port and subnet creation events.
2026-07-09 14:33:22.882 9 INFO neutron.wsgi [None req-cfdbcbc3-f394-4e65-bdef-20f5ba2dac42 00e9a183fbcd4f7fa6786289b11904d8 268062d4b94f450d9a6a418ca47e6a56 - - default default] 10.0.0.84 "POST /v2.0/security-group-rules HTTP/1.1" status: 201 len: 774 time: 0.3649590
2026-07-09 14:33:22.883 10 INFO neutron.db.ovn_revision_numbers_db [None req-3cba6064-3fb8-47b4-be2b-b2e7a9cacf19 ad360d696acd484586ad237c80ba4e0c 8a90a4664c6e490e96a7182cbebe395f - - default default] Successfully bumped revision number for resource f8ce327e-59f7-4a53-a91d-045af03bb68f (type: ports) to 2
2026-07-09 14:33:22.892 10 WARNING neutron_lib.context [None req-93329540-62c2-4796-8151-3161d8e04df1 00e9a183fbcd4f7fa6786289b11904d8 268062d4b94f450d9a6a418ca47e6a56 - - default default] Method 'is_advsvc' is deprecated since 2023.2 release (neutron-lib 3.8.0) and will be removed once support for the old RBAC API policies will be removed from Neutron. Please use method 'is_service_role' instead.
2026-07-09 14:33:22.920 10 INFO neutron.db.securitygroups_db [None req-93329540-62c2-4796-8151-3161d8e04df1 00e9a183fbcd4f7fa6786289b11904d8 268062d4b94f450d9a6a418ca47e6a56 - - default default] Project 268062d4b94f450d9a6a418ca47e6a56 added a security group rule with legacy IPv6 ICMP protocol name icmp, ipv6-icmp should be used instead. It was automatically converted.
2026-07-09 14:33:22.941 10 INFO neutron.db.ovn_revision_numbers_db [None req-3cba6064-3fb8-47b4-be2b-b2e7a9cacf19 ad360d696acd484586ad237c80ba4e0c 8a90a4664c6e490e96a7182cbebe395f - - default default] Successfully bumped revision number for resource 2bfe3847-6872-4ac9-853c-f641299a051d (type: subnets) to 0
2026-07-09 14:33:22.966 10 INFO neutron.wsgi [None req-3cba6064-3fb8-47b4-be2b-b2e7a9cacf19 ad360d696acd484586ad237c80ba4e0c 8a90a4664c6e490e96a7182cbebe395f - - default default] 10.0.0.84 "POST /v2.0/subnets HTTP/1.1" status: 201 len: 801 time: 1.0253747
2026-07-09 14:33:22.980 9 WARNING neutron_lib.context [None req-b1691930-55fd-4bfb-840c-67e033251df5 ad360d696acd484586ad237c80ba4e0c 8a90a4664c6e490e96a7182cbebe395f - - default default] Method 'is_advsvc' is deprecated since 2023.2 release (neutron-lib 3.8.0) and will be removed once support for the old RBAC API policies will be removed from Neutron. Please use method 'is_service_role' instead.
2026-07-09 14:33:22.984 9 INFO neutron.db.ovn_revision_numbers_db [None req-8a2d4877-8b61-4c4d-921c-ee510fbfe2f3 5e8d9f7422fb45448a4fbe460a435b12 051a7760e54948bab4f64c1dafbae88e - - default default] Successfully bumped revision number for resource 36434261-a6fd-47dc-80df-92610a65098a (type: ports) to 1
2026-07-09 14:33:23.018 9 INFO neutron.wsgi [None req-8a2d4877-8b61-4c4d-921c-ee510fbfe2f3 5e8d9f7422fb45448a4fbe460a435b12 051a7760e54948bab4f64c1dafbae88e - - default default] 10.0.0.84 "POST /v2.0/networks HTTP/1.1" status: 201 len: 830 time: 1.3544121
2026-07-09 14:33:23.031 9 WARNING neutron_lib.context [None req-622a6150-8342-44c2-a40c-9a97a835434b 5e8d9f7422fb45448a4fbe460a435b12 051a7760e54948bab4f64c1dafbae88e - - default default] Method 'is_advsvc' is deprecated since 2023.2 release (neutron-lib 3.8.0) and will be removed once support for the old RBAC API policies will be removed from Neutron. Please use method 'is_service_role' instead.
2026-07-09 14:33:23.051 10 INFO neutron.db.ovn_revision_numbers_db [None req-93329540-62c2-4796-8151-3161d8e04df1 00e9a183fbcd4f7fa6786289b11904d8 268062d4b94f450d9a6a418ca47e6a56 - - default default] Successfully bumped revision number for resource bc67fe09-e732-4545-bce3-7331d1d79809 (type: security_group_rules) to 0
2026-07-09 14:33:23.090 10 INFO neutron.wsgi [None req-93329540-62c2-4796-8151-3161d8e04df1 00e9a183fbcd4f7fa6786289b11904d8 268062d4b94f450d9a6a418ca47e6a56 - - default default] 10.0.0.84 "POST /v2.0/security-group-rules HTTP/1.1" status: 201 len: 773 time: 0.2027953
2026-07-09 14:33:23.231 9 INFO neutron.db.ovn_revision_numbers_db [None req-b1691930-55fd-4bfb-840c-67e033251df5 ad360d696acd484586ad237c80ba4e0c 8a90a4664c6e490e96a7182cbebe395f - - default default] Successfully bumped revision number for resource 35e68ab9-6c80-407f-a3f1-71845a428c43 (type: routers) to 1
2026-07-09 14:33:23.256 9 INFO neutron.wsgi [req-37b16ec7-83f7-42f8-a1a0-b2b3e4aaed5b req-679b82ca-b82b-4781-bc64-fa214bcbb27c 1d5fcf759944402684510e42b4778f58 db2e5f1105f74b2fa122d3dd783d2b5f - - 74f1ce842aef429182ec85dbc71b8ded 74f1ce842aef429182ec85dbc71b8ded] 10.0.0.213 "GET /v2.0/ports?device_id=e719dea6-fb1d-45e8-9e1e-51bca51dd2f6 HTTP/1.1" status: 200 len: 1409 time: 0.0591450
2026-07-09 14:33:23.267 9 INFO neutron.wsgi [None req-b1691930-55fd-4bfb-840c-67e033251df5 ad360d696acd484586ad237c80ba4e0c 8a90a4664c6e490e96a7182cbebe395f - - default default] 10.0.0.84 "POST /v2.0/routers HTTP/1.1" status: 201 len: 686 time: 0.2940083
2026-07-09 14:33:23.282 10 WARNING neutron_lib.context [None req-ba9cb6f8-9fc6-4e96-bf86-18de847f3299 ad360d696acd484586ad237c80ba4e0c 8a90a4664c6e490e96a7182cbebe395f - - default default] Method 'is_advsvc' is deprecated since 2023.2 release (neutron-lib 3.8.0) and will be removed once support for the old RBAC API policies will be removed from Neutron. Please use method 'is_service_role' instead.
2026-07-09 14:33:23.344 9 INFO neutron.wsgi [req-37b16ec7-83f7-42f8-a1a0-b2b3e4aaed5b req-c9d9f5a3-35c0-42e5-ba06-6ddb36ac067e 1d5fcf759944402684510e42b4778f58 db2e5f1105f74b2fa122d3dd783d2b5f - - 74f1ce842aef429182ec85dbc71b8ded 74f1ce842aef429182ec85dbc71b8ded] 10.0.0.213 "GET /v2.0/security-groups?id=e96cf451-ff19-407f-aee5-e876929c3428&fields=id&fields=name HTTP/1.1" status: 200 len: 312 time: 0.0747352
2026-07-09 14:33:23.442 9 WARNING neutron.scheduler.dhcp_agent_scheduler [None req-622a6150-8342-44c2-a40c-9a97a835434b 5e8d9f7422fb45448a4fbe460a435b12 051a7760e54948bab4f64c1dafbae88e - - default default] No more DHCP agents
2026-07-09 14:33:23.444 9 WARNING neutron.api.rpc.agentnotifiers.dhcp_rpc_agent_api [None req-622a6150-8342-44c2-a40c-9a97a835434b 5e8d9f7422fb45448a4fbe460a435b12 051a7760e54948bab4f64c1dafbae88e - - default default] Unable to schedule network 653336a9-2d95-467f-8225-2d09e4f1e0f8: no agents available; will retry on subsequent port and subnet creation events. /var/lib/openstack/lib/python3.10/site-packages/pycadf/identifier.py:71: UserWarning: Invalid uuid: neutron. To ensure interoperability, identifiers should be a valid uuid. warnings.warn(('Invalid uuid: %s. To ensure interoperability, '
2026-07-09 14:33:23.576 9 INFO neutron.db.ovn_revision_numbers_db [None req-622a6150-8342-44c2-a40c-9a97a835434b 5e8d9f7422fb45448a4fbe460a435b12 051a7760e54948bab4f64c1dafbae88e - - default default] Successfully bumped revision number for resource bedb63e7-55c4-41ee-b57d-639e5eebfe5b (type: ports) to 1
2026-07-09 14:33:23.612 9 INFO neutron.wsgi [None req-622a6150-8342-44c2-a40c-9a97a835434b 5e8d9f7422fb45448a4fbe460a435b12 051a7760e54948bab4f64c1dafbae88e - - default default] 10.0.0.84 "POST /v2.0/ports HTTP/1.1" status: 201 len: 942 time: 0.5865045
2026-07-09 14:33:23.627 9 WARNING neutron_lib.context [None req-c8290f9c-66e3-48da-813e-04229c3c8b4c 5e8d9f7422fb45448a4fbe460a435b12 051a7760e54948bab4f64c1dafbae88e - - default default] Method 'is_advsvc' is deprecated since 2023.2 release (neutron-lib 3.8.0) and will be removed once support for the old RBAC API policies will be removed from Neutron. Please use method 'is_service_role' instead.
2026-07-09 14:33:23.643 9 INFO neutron.wsgi [None req-b9aba4ad-25a7-49ff-beca-416bdbf7ad81 00e9a183fbcd4f7fa6786289b11904d8 268062d4b94f450d9a6a418ca47e6a56 - - default default] 10.0.0.84 "GET /v2.0/networks HTTP/1.1" status: 200 len: 1493 time: 0.1667871
2026-07-09 14:33:23.687 10 WARNING neutron.scheduler.dhcp_agent_scheduler [None req-ba9cb6f8-9fc6-4e96-bf86-18de847f3299 ad360d696acd484586ad237c80ba4e0c 8a90a4664c6e490e96a7182cbebe395f - - default default] No more DHCP agents
2026-07-09 14:33:23.690 10 WARNING neutron.api.rpc.agentnotifiers.dhcp_rpc_agent_api [None req-ba9cb6f8-9fc6-4e96-bf86-18de847f3299 ad360d696acd484586ad237c80ba4e0c 8a90a4664c6e490e96a7182cbebe395f - - default default] Unable to schedule network fcf93b22-9f3a-4d46-8f40-9ee1f70e9ea3: no agents available; will retry on subsequent port and subnet creation events.
2026-07-09 14:33:23.742 9 INFO neutron.db.segments_db [None req-c8290f9c-66e3-48da-813e-04229c3c8b4c 5e8d9f7422fb45448a4fbe460a435b12 051a7760e54948bab4f64c1dafbae88e - - default default] Added segment 16968e32-d44d-4a6e-9459-0307eac7d4f9 of type geneve for network acc9cb47-855c-41b1-a4a0-0c1e77af4499 /var/lib/openstack/lib/python3.10/site-packages/pycadf/identifier.py:71: UserWarning: Invalid uuid: neutron. To ensure interoperability, identifiers should be a valid uuid. warnings.warn(('Invalid uuid: %s. To ensure interoperability, '
2026-07-09 14:33:23.813 10 INFO neutron.wsgi [req-5a6c21cd-2178-4190-8760-f6b08cae2f28 req-ba498c5a-0a58-4306-afdf-f740bf9ed619 00e9a183fbcd4f7fa6786289b11904d8 268062d4b94f450d9a6a418ca47e6a56 - - default default] 10.0.0.128 "GET /v2.0/security-groups?name=tempest-secgroup-smoke-1343043634&fields=id&tenant_id=268062d4b94f450d9a6a418ca47e6a56 HTTP/1.1" status: 200 len: 267 time: 0.0768509
2026-07-09 14:33:23.922 10 INFO neutron.wsgi [req-5a6c21cd-2178-4190-8760-f6b08cae2f28 req-2adcbd8d-19ac-4b78-be5b-87c5b9934965 00e9a183fbcd4f7fa6786289b11904d8 268062d4b94f450d9a6a418ca47e6a56 - - default default] 10.0.0.128 "GET /v2.0/networks?id=ff115c92-1f32-478f-a21d-838421af20e5 HTTP/1.1" status: 200 len: 860 time: 0.0983281
2026-07-09 14:33:23.952 9 INFO neutron.db.ovn_revision_numbers_db [None req-c8290f9c-66e3-48da-813e-04229c3c8b4c 5e8d9f7422fb45448a4fbe460a435b12 051a7760e54948bab4f64c1dafbae88e - - default default] Successfully bumped revision number for resource acc9cb47-855c-41b1-a4a0-0c1e77af4499 (type: networks) to 1
2026-07-09 14:33:23.959 10 INFO neutron.wsgi [req-5a6c21cd-2178-4190-8760-f6b08cae2f28 req-f9704627-eada-4bee-8fa8-2730027aa123 00e9a183fbcd4f7fa6786289b11904d8 268062d4b94f450d9a6a418ca47e6a56 - - default default] 10.0.0.128 "GET /v2.0/quotas/268062d4b94f450d9a6a418ca47e6a56 HTTP/1.1" status: 200 len: 386 time: 0.0267534
2026-07-09 14:33:23.999 10 INFO neutron.db.ovn_revision_numbers_db [None req-ba9cb6f8-9fc6-4e96-bf86-18de847f3299 ad360d696acd484586ad237c80ba4e0c 8a90a4664c6e490e96a7182cbebe395f - - default default] Successfully bumped revision number for resource 6618945b-674a-4440-bff9-217011a3ee80 (type: ports) to 1
2026-07-09 14:33:24.033 10 INFO neutron.wsgi [None req-ba9cb6f8-9fc6-4e96-bf86-18de847f3299 ad360d696acd484586ad237c80ba4e0c 8a90a4664c6e490e96a7182cbebe395f - - default default] 10.0.0.84 "POST /v2.0/ports HTTP/1.1" status: 201 len: 1147 time: 0.7572312
2026-07-09 14:33:24.098 10 INFO neutron.wsgi [req-5a6c21cd-2178-4190-8760-f6b08cae2f28 req-b6635719-018b-4ac7-b0d4-b1a857348e17 00e9a183fbcd4f7fa6786289b11904d8 268062d4b94f450d9a6a418ca47e6a56 - - default default] 10.0.0.128 "GET /v2.0/ports?tenant_id=268062d4b94f450d9a6a418ca47e6a56&fields=id HTTP/1.1" status: 200 len: 348 time: 0.1307137
2026-07-09 14:33:24.173 10 INFO neutron.wsgi [req-5a6c21cd-2178-4190-8760-f6b08cae2f28 req-cdf61da4-f0d8-4a0a-a9da-f6eeee77d11e 1d5fcf759944402684510e42b4778f58 db2e5f1105f74b2fa122d3dd783d2b5f - - 74f1ce842aef429182ec85dbc71b8ded 74f1ce842aef429182ec85dbc71b8ded] 10.0.0.128 "GET /v2.0/networks/ff115c92-1f32-478f-a21d-838421af20e5?fields=segments HTTP/1.1" status: 200 len: 212 time: 0.0607264
2026-07-09 14:33:24.252 10 INFO neutron.wsgi [req-5a6c21cd-2178-4190-8760-f6b08cae2f28 req-3dc5cb5d-1079-4ebf-9405-c722be55652c 1d5fcf759944402684510e42b4778f58 db2e5f1105f74b2fa122d3dd783d2b5f - - 74f1ce842aef429182ec85dbc71b8ded 74f1ce842aef429182ec85dbc71b8ded] 10.0.0.128 "GET /v2.0/networks/ff115c92-1f32-478f-a21d-838421af20e5?fields=provider%3Aphysical_network&fields=provider%3Anetwork_type HTTP/1.1" status: 200 len: 277 time: 0.0680830
2026-07-09 14:33:24.389 10 INFO neutron.wsgi [req-92eb08c4-9f5e-4114-b11d-f948886c2e6f req-9f3d6794-c524-460d-8f58-4db8e7873181 00e9a183fbcd4f7fa6786289b11904d8 268062d4b94f450d9a6a418ca47e6a56 - - default default] 10.0.0.128 "GET /v2.0/ports?device_id=eb07ad5f-38e6-446a-b937-d02b27b1ee99 HTTP/1.1" status: 200 len: 210 time: 0.0276423
2026-07-09 14:33:24.643 9 WARNING neutron.scheduler.dhcp_agent_scheduler [None req-c8290f9c-66e3-48da-813e-04229c3c8b4c 5e8d9f7422fb45448a4fbe460a435b12 051a7760e54948bab4f64c1dafbae88e - - default default] No more DHCP agents
2026-07-09 14:33:24.646 9 WARNING neutron.api.rpc.agentnotifiers.dhcp_rpc_agent_api [None req-c8290f9c-66e3-48da-813e-04229c3c8b4c 5e8d9f7422fb45448a4fbe460a435b12 051a7760e54948bab4f64c1dafbae88e - - default default] Unable to schedule network acc9cb47-855c-41b1-a4a0-0c1e77af4499: no agents available; will retry on subsequent port and subnet creation events.
2026-07-09 14:33:24.825 9 INFO neutron.db.ovn_revision_numbers_db [None req-c8290f9c-66e3-48da-813e-04229c3c8b4c 5e8d9f7422fb45448a4fbe460a435b12 051a7760e54948bab4f64c1dafbae88e - - default default] Successfully bumped revision number for resource 8aa43cf0-cee2-4927-bfd0-8461dd0755d2 (type: ports) to 1
2026-07-09 14:33:24.865 9 INFO neutron.wsgi [None req-c8290f9c-66e3-48da-813e-04229c3c8b4c 5e8d9f7422fb45448a4fbe460a435b12 051a7760e54948bab4f64c1dafbae88e - - default default] 10.0.0.84 "POST /v2.0/networks HTTP/1.1" status: 201 len: 831 time: 1.2468295
2026-07-09 14:33:24.876 9 WARNING neutron_lib.context [None req-beab9c6c-3691-491e-a9cb-b8fd3c4b7c7d 5e8d9f7422fb45448a4fbe460a435b12 051a7760e54948bab4f64c1dafbae88e - - default default] Method 'is_advsvc' is deprecated since 2023.2 release (neutron-lib 3.8.0) and will be removed once support for the old RBAC API policies will be removed from Neutron. Please use method 'is_service_role' instead.
2026-07-09 14:33:24.956 9 INFO neutron.plugins.ml2.drivers.ovn.mech_driver.mech_driver [None req-c60e288d-308e-40bc-ae3b-5ea198d3e5e5 - - - - - -] OVN reports status up for port: 6618945b-674a-4440-bff9-217011a3ee80
2026-07-09 14:33:24.975 9 INFO neutron.plugins.ml2.plugin [None req-c60e288d-308e-40bc-ae3b-5ea198d3e5e5 - - - - - -] Attempt 1 to provision port 6618945b-674a-4440-bff9-217011a3ee80
2026-07-09 14:33:25.010 9 INFO neutron.db.ovn_revision_numbers_db [None req-6413740d-d7fc-4fb3-bedc-c79bc0a415ec ad360d696acd484586ad237c80ba4e0c 8a90a4664c6e490e96a7182cbebe395f - - default default] Successfully bumped revision number for resource 6618945b-674a-4440-bff9-217011a3ee80 (type: router_ports) to 2
2026-07-09 14:33:25.299 10 INFO neutron.wsgi [req-5a6c21cd-2178-4190-8760-f6b08cae2f28 req-b43c79fc-0db1-4f01-b420-2398e567f7f8 00e9a183fbcd4f7fa6786289b11904d8 268062d4b94f450d9a6a418ca47e6a56 - - default default] 199.19.213.105 "GET /v2.0/networks?id=ff115c92-1f32-478f-a21d-838421af20e5 HTTP/1.1" status: 200 len: 860 time: 0.0720222
2026-07-09 14:33:25.369 10 INFO neutron.wsgi [req-5a6c21cd-2178-4190-8760-f6b08cae2f28 req-f380d7d0-4ad4-4966-95b6-2c8ba3d6bde9 00e9a183fbcd4f7fa6786289b11904d8 268062d4b94f450d9a6a418ca47e6a56 - - default default] 199.19.213.105 "GET /v2.0/security-groups?fields=id&fields=name&tenant_id=268062d4b94f450d9a6a418ca47e6a56 HTTP/1.1" status: 200 len: 473 time: 0.0630851
2026-07-09 14:33:25.381 10 WARNING neutron_lib.context [req-5a6c21cd-2178-4190-8760-f6b08cae2f28 req-216a4144-2761-43ce-98c4-297d77f11063 00e9a183fbcd4f7fa6786289b11904d8 268062d4b94f450d9a6a418ca47e6a56 - - default default] Method 'is_advsvc' is deprecated since 2023.2 release (neutron-lib 3.8.0) and will be removed once support for the old RBAC API policies will be removed from Neutron. Please use method 'is_service_role' instead.
2026-07-09 14:33:25.409 9 WARNING neutron.scheduler.dhcp_agent_scheduler [None req-beab9c6c-3691-491e-a9cb-b8fd3c4b7c7d 5e8d9f7422fb45448a4fbe460a435b12 051a7760e54948bab4f64c1dafbae88e - - default default] No more DHCP agents
2026-07-09 14:33:25.422 9 WARNING neutron.api.rpc.agentnotifiers.dhcp_rpc_agent_api [None req-beab9c6c-3691-491e-a9cb-b8fd3c4b7c7d 5e8d9f7422fb45448a4fbe460a435b12 051a7760e54948bab4f64c1dafbae88e - - default default] Unable to schedule network acc9cb47-855c-41b1-a4a0-0c1e77af4499: no agents available; will retry on subsequent port and subnet creation events.
2026-07-09 14:33:25.526 9 INFO neutron.db.ovn_revision_numbers_db [None req-6413740d-d7fc-4fb3-bedc-c79bc0a415ec ad360d696acd484586ad237c80ba4e0c 8a90a4664c6e490e96a7182cbebe395f - - default default] Successfully bumped revision number for resource 6618945b-674a-4440-bff9-217011a3ee80 (type: ports) to 2
2026-07-09 14:33:25.611 9 INFO neutron.db.ovn_revision_numbers_db [None req-beab9c6c-3691-491e-a9cb-b8fd3c4b7c7d 5e8d9f7422fb45448a4fbe460a435b12 051a7760e54948bab4f64c1dafbae88e - - default default] Successfully bumped revision number for resource 2b6bca2f-cd6b-4c98-814b-d97248b8cea2 (type: ports) to 1
2026-07-09 14:33:25.640 9 INFO neutron.db.ovn_revision_numbers_db [None req-c60e288d-308e-40bc-ae3b-5ea198d3e5e5 - - - - - -] Successfully bumped revision number for resource 6618945b-674a-4440-bff9-217011a3ee80 (type: ports) to 3
2026-07-09 14:33:25.662 9 INFO neutron.wsgi [None req-beab9c6c-3691-491e-a9cb-b8fd3c4b7c7d 5e8d9f7422fb45448a4fbe460a435b12 051a7760e54948bab4f64c1dafbae88e - - default default] 10.0.0.84 "POST /v2.0/ports HTTP/1.1" status: 201 len: 942 time: 0.7919426 /var/lib/openstack/lib/python3.10/site-packages/pycadf/identifier.py:71: UserWarning: Invalid uuid: neutron. To ensure interoperability, identifiers should be a valid uuid. warnings.warn(('Invalid uuid: %s. To ensure interoperability, '
2026-07-09 14:33:25.717 9 WARNING neutron_lib.context [None req-1b0d0eba-a887-4b50-a1e7-93026bf356e8 5e8d9f7422fb45448a4fbe460a435b12 051a7760e54948bab4f64c1dafbae88e - - default default] Method 'is_advsvc' is deprecated since 2023.2 release (neutron-lib 3.8.0) and will be removed once support for the old RBAC API policies will be removed from Neutron. Please use method 'is_service_role' instead.
2026-07-09 14:33:25.788 10 INFO neutron.wsgi [req-6fca2722-7141-4315-9992-1f8fef1ff836 req-b1d7c867-4ffc-4474-871c-f70f7337d9e6 00e9a183fbcd4f7fa6786289b11904d8 268062d4b94f450d9a6a418ca47e6a56 - - default default] 10.0.0.128 "GET /v2.0/ports?device_id=eb07ad5f-38e6-446a-b937-d02b27b1ee99 HTTP/1.1" status: 200 len: 210 time: 0.0344973
2026-07-09 14:33:25.872 9 INFO neutron.db.ovn_revision_numbers_db [None req-c60e288d-308e-40bc-ae3b-5ea198d3e5e5 - - - - - -] Successfully bumped revision number for resource 6618945b-674a-4440-bff9-217011a3ee80 (type: router_ports) to 3
2026-07-09 14:33:25.897 9 INFO neutron.db.segments_db [None req-1b0d0eba-a887-4b50-a1e7-93026bf356e8 5e8d9f7422fb45448a4fbe460a435b12 051a7760e54948bab4f64c1dafbae88e - - default default] Added segment 514918cb-dc21-4f6b-bb1a-1439a1cab3f8 of type geneve for network 5705886b-75d5-4ea6-bbf1-b3e3a175d96b
2026-07-09 14:33:26.165 9 INFO neutron.db.ovn_revision_numbers_db [None req-1b0d0eba-a887-4b50-a1e7-93026bf356e8 5e8d9f7422fb45448a4fbe460a435b12 051a7760e54948bab4f64c1dafbae88e - - default default] Successfully bumped revision number for resource 5705886b-75d5-4ea6-bbf1-b3e3a175d96b (type: networks) to 1
2026-07-09 14:33:26.184 10 WARNING neutron.scheduler.dhcp_agent_scheduler [req-5a6c21cd-2178-4190-8760-f6b08cae2f28 req-216a4144-2761-43ce-98c4-297d77f11063 00e9a183fbcd4f7fa6786289b11904d8 268062d4b94f450d9a6a418ca47e6a56 - - default default] No more DHCP agents
2026-07-09 14:33:26.188 10 WARNING neutron.api.rpc.agentnotifiers.dhcp_rpc_agent_api [req-5a6c21cd-2178-4190-8760-f6b08cae2f28 req-216a4144-2761-43ce-98c4-297d77f11063 00e9a183fbcd4f7fa6786289b11904d8 268062d4b94f450d9a6a418ca47e6a56 - - default default] Unable to schedule network ff115c92-1f32-478f-a21d-838421af20e5: no agents available; will retry on subsequent port and subnet creation events.
2026-07-09 14:33:26.432 10 INFO neutron.db.ovn_revision_numbers_db [req-5a6c21cd-2178-4190-8760-f6b08cae2f28 req-216a4144-2761-43ce-98c4-297d77f11063 00e9a183fbcd4f7fa6786289b11904d8 268062d4b94f450d9a6a418ca47e6a56 - - default default] Successfully bumped revision number for resource d774ce48-89fd-428e-b837-b2bc6aa619d9 (type: ports) to 1
2026-07-09 14:33:26.460 10 INFO neutron.wsgi [req-5a6c21cd-2178-4190-8760-f6b08cae2f28 req-216a4144-2761-43ce-98c4-297d77f11063 00e9a183fbcd4f7fa6786289b11904d8 268062d4b94f450d9a6a418ca47e6a56 - - default default] 199.19.213.105 "POST /v2.0/ports HTTP/1.1" status: 201 len: 1162 time: 1.0851436 /var/lib/openstack/lib/python3.10/site-packages/pycadf/identifier.py:71: UserWarning: Invalid uuid: neutron. To ensure interoperability, identifiers should be a valid uuid. warnings.warn(('Invalid uuid: %s. To ensure interoperability, '
2026-07-09 14:33:26.502 9 WARNING neutron.scheduler.dhcp_agent_scheduler [None req-1b0d0eba-a887-4b50-a1e7-93026bf356e8 5e8d9f7422fb45448a4fbe460a435b12 051a7760e54948bab4f64c1dafbae88e - - default default] No more DHCP agents
2026-07-09 14:33:26.508 9 WARNING neutron.api.rpc.agentnotifiers.dhcp_rpc_agent_api [None req-1b0d0eba-a887-4b50-a1e7-93026bf356e8 5e8d9f7422fb45448a4fbe460a435b12 051a7760e54948bab4f64c1dafbae88e - - default default] Unable to schedule network 5705886b-75d5-4ea6-bbf1-b3e3a175d96b: no agents available; will retry on subsequent port and subnet creation events.
2026-07-09 14:33:26.620 9 INFO neutron.db.ovn_revision_numbers_db [None req-1b0d0eba-a887-4b50-a1e7-93026bf356e8 5e8d9f7422fb45448a4fbe460a435b12 051a7760e54948bab4f64c1dafbae88e - - default default] Successfully bumped revision number for resource 43a21637-c228-4bd1-ac0d-92a4982a3cf0 (type: ports) to 1
2026-07-09 14:33:26.627 9 INFO neutron.db.ovn_revision_numbers_db [None req-6413740d-d7fc-4fb3-bedc-c79bc0a415ec ad360d696acd484586ad237c80ba4e0c 8a90a4664c6e490e96a7182cbebe395f - - default default] Successfully bumped revision number for resource 6618945b-674a-4440-bff9-217011a3ee80 (type: ports) to 3
2026-07-09 14:33:26.650 9 INFO neutron.wsgi [None req-1b0d0eba-a887-4b50-a1e7-93026bf356e8 5e8d9f7422fb45448a4fbe460a435b12 051a7760e54948bab4f64c1dafbae88e - - default default] 10.0.0.84 "POST /v2.0/networks HTTP/1.1" status: 201 len: 831 time: 0.9540458
2026-07-09 14:33:26.665 10 WARNING neutron_lib.context [None req-d3ff3c5d-8590-44bd-8f6c-8fa74cbcfeba 5e8d9f7422fb45448a4fbe460a435b12 051a7760e54948bab4f64c1dafbae88e - - default default] Method 'is_advsvc' is deprecated since 2023.2 release (neutron-lib 3.8.0) and will be removed once support for the old RBAC API policies will be removed from Neutron. Please use method 'is_service_role' instead.
