2026-07-09 14:30:42.163 9 INFO neutron.wsgi [req-25210ff2-7bba-4039-b218-bd5bace1704b req-16e9f613-3f9f-44fb-8c28-6b40294e065e 1d5fcf759944402684510e42b4778f58 db2e5f1105f74b2fa122d3dd783d2b5f - - 74f1ce842aef429182ec85dbc71b8ded 74f1ce842aef429182ec85dbc71b8ded] 199.19.213.105 "GET /v2.0/networks/0862c814-491b-4db1-be73-610dafd14afd?fields=segments HTTP/1.1" status: 200 len: 212 time: 0.1449821
2026-07-09 14:30:42.221 9 WARNING neutron.plugins.ml2.drivers.ovn.mech_driver.ovsdb.ovn_client [None req-c60e288d-308e-40bc-ae3b-5ea198d3e5e5 - - - - - -] No port found with ID 7f3500a1-fe46-492b-af59-cb13daa0c998: RuntimeError: No port found with ID 7f3500a1-fe46-492b-af59-cb13daa0c998
2026-07-09 14:30:42.324 9 INFO neutron.wsgi [req-25210ff2-7bba-4039-b218-bd5bace1704b req-356bad92-285b-4da8-b60e-95d9b0f266d3 1d5fcf759944402684510e42b4778f58 db2e5f1105f74b2fa122d3dd783d2b5f - - 74f1ce842aef429182ec85dbc71b8ded 74f1ce842aef429182ec85dbc71b8ded] 199.19.213.105 "GET /v2.0/networks/0862c814-491b-4db1-be73-610dafd14afd?fields=provider%3Aphysical_network&fields=provider%3Anetwork_type HTTP/1.1" status: 200 len: 277 time: 0.1519897
2026-07-09 14:30:42.338 10 INFO neutron.wsgi [None req-05dc3d16-50b2-409f-859a-d39ec448a878 22165e82e85b47038d5e4c973809c3ac 363969c90b5d4636b34103ca5ae0b718 - - default default] 10.0.0.84 "DELETE /v2.0/security-groups/4b0ca5af-a24f-403f-be6f-3b285761b255 HTTP/1.1" status: 204 len: 168 time: 0.6257601
2026-07-09 14:30:42.493 9 INFO neutron.wsgi [req-ca44e6cd-b828-4740-930c-270ac13d37d3 req-63035a4c-f352-46e3-899d-93196d5958dc 1d5fcf759944402684510e42b4778f58 db2e5f1105f74b2fa122d3dd783d2b5f - - 74f1ce842aef429182ec85dbc71b8ded 74f1ce842aef429182ec85dbc71b8ded] 199.19.213.105 "GET /v2.0/ports?tenant_id=717c84078568463db1cf702f8bbd6e13&device_id=551cf16d-a06a-4829-b824-8bd108b82723 HTTP/1.1" status: 200 len: 1411 time: 0.1051421
2026-07-09 14:30:42.577 10 INFO neutron.wsgi [req-87cde140-81e8-40b2-8321-28f5e108c0a5 req-fd66de0b-d680-4b2b-8253-f585dfad7e02 2db008ed8845407e8e8ab9c7d6c2a8a2 717c84078568463db1cf702f8bbd6e13 - - default default] 10.0.0.128 "GET /v2.0/ports?device_id=551cf16d-a06a-4829-b824-8bd108b82723 HTTP/1.1" status: 200 len: 1172 time: 0.0585017
2026-07-09 14:30:42.607 9 INFO neutron.wsgi [None req-c0883daf-6e76-4aa6-a8ae-d3f9dcc84043 22165e82e85b47038d5e4c973809c3ac 363969c90b5d4636b34103ca5ae0b718 - - default default] 10.0.0.84 "DELETE /v2.0/networks/00933312-669a-40d4-9fdd-cf01e75fff16 HTTP/1.1" status: 204 len: 168 time: 1.1068954
2026-07-09 14:30:42.632 9 INFO neutron.wsgi [req-ca44e6cd-b828-4740-930c-270ac13d37d3 req-1b54642c-e0ff-438b-8ca3-27ce47a93224 1d5fcf759944402684510e42b4778f58 db2e5f1105f74b2fa122d3dd783d2b5f - - 74f1ce842aef429182ec85dbc71b8ded 74f1ce842aef429182ec85dbc71b8ded] 199.19.213.105 "GET /v2.0/networks?id=0862c814-491b-4db1-be73-610dafd14afd HTTP/1.1" status: 200 len: 972 time: 0.0844107
2026-07-09 14:30:42.665 10 INFO neutron.wsgi [req-87cde140-81e8-40b2-8321-28f5e108c0a5 req-f18f0eba-58a4-4988-893c-45236ac368e7 2db008ed8845407e8e8ab9c7d6c2a8a2 717c84078568463db1cf702f8bbd6e13 - - default default] 10.0.0.128 "GET /v2.0/security-groups?id=ba4bcd20-e89c-4880-bda8-bd976caa4d25&fields=id&fields=name HTTP/1.1" status: 200 len: 313 time: 0.0808580
2026-07-09 14:30:42.674 9 INFO neutron.wsgi [req-ca44e6cd-b828-4740-930c-270ac13d37d3 req-ebf8546b-2ca2-41de-8cb9-feb3b6bdb19e 1d5fcf759944402684510e42b4778f58 db2e5f1105f74b2fa122d3dd783d2b5f - - 74f1ce842aef429182ec85dbc71b8ded 74f1ce842aef429182ec85dbc71b8ded] 199.19.213.105 "GET /v2.0/floatingips?fixed_ip_address=10.100.0.13&port_id=5a50f9f9-5cd5-4145-893e-ae4bfd102de2 HTTP/1.1" status: 200 len: 217 time: 0.0338140
2026-07-09 14:30:42.749 9 INFO neutron.wsgi [req-ca44e6cd-b828-4740-930c-270ac13d37d3 req-3131786d-c229-441e-b16d-e36d0123ad3f 1d5fcf759944402684510e42b4778f58 db2e5f1105f74b2fa122d3dd783d2b5f - - 74f1ce842aef429182ec85dbc71b8ded 74f1ce842aef429182ec85dbc71b8ded] 199.19.213.105 "GET /v2.0/subnets?id=ca9730c3-82e6-45a2-b611-4fb3ca5b7dff HTTP/1.1" status: 200 len: 868 time: 0.0633717
2026-07-09 14:30:42.800 9 INFO neutron.wsgi [req-ca44e6cd-b828-4740-930c-270ac13d37d3 req-771d999d-b49f-465a-a04e-6efab52fc099 1d5fcf759944402684510e42b4778f58 db2e5f1105f74b2fa122d3dd783d2b5f - - 74f1ce842aef429182ec85dbc71b8ded 74f1ce842aef429182ec85dbc71b8ded] 199.19.213.105 "GET /v2.0/ports?network_id=0862c814-491b-4db1-be73-610dafd14afd&device_owner=network%3Adhcp HTTP/1.1" status: 200 len: 210 time: 0.0444958
2026-07-09 14:30:42.900 9 INFO neutron.wsgi [req-ca44e6cd-b828-4740-930c-270ac13d37d3 req-9761daf8-102a-4a46-a643-57046c51ee59 1d5fcf759944402684510e42b4778f58 db2e5f1105f74b2fa122d3dd783d2b5f - - 74f1ce842aef429182ec85dbc71b8ded 74f1ce842aef429182ec85dbc71b8ded] 199.19.213.105 "GET /v2.0/networks/0862c814-491b-4db1-be73-610dafd14afd?fields=segments HTTP/1.1" status: 200 len: 212 time: 0.0925336
2026-07-09 14:30:42.940 9 INFO neutron.wsgi [None req-14bf15b3-842b-438e-bf0a-45c9f23cd1c8 22165e82e85b47038d5e4c973809c3ac 363969c90b5d4636b34103ca5ae0b718 - - default default] 10.0.0.84 "GET /v2.0/security-groups?tenant_id=12a7d7a4415b4ef0aaebc3d17e7941df&name=default HTTP/1.1" status: 200 len: 2992 time: 0.0829070
2026-07-09 14:30:42.958 9 INFO neutron.wsgi [-] 10.0.0.137 "GET / HTTP/1.1" status: 200 len: 246 time: 0.0017726
2026-07-09 14:30:42.960 9 INFO neutron.wsgi [-] 10.0.0.137 "GET / HTTP/1.1" status: 200 len: 246 time: 0.0010102
2026-07-09 14:30:43.015 9 INFO neutron.wsgi [req-ca44e6cd-b828-4740-930c-270ac13d37d3 req-a02ffb07-3145-419a-a22e-5633e3896045 1d5fcf759944402684510e42b4778f58 db2e5f1105f74b2fa122d3dd783d2b5f - - 74f1ce842aef429182ec85dbc71b8ded 74f1ce842aef429182ec85dbc71b8ded] 199.19.213.105 "GET /v2.0/networks/0862c814-491b-4db1-be73-610dafd14afd?fields=provider%3Aphysical_network&fields=provider%3Anetwork_type HTTP/1.1" status: 200 len: 277 time: 0.1065359
2026-07-09 14:30:43.097 9 INFO neutron.services.segments.plugin [-] Segment 03dd94e4-74d2-431c-8d95-f214238fc2d5 resource provider aggregate not found
2026-07-09 14:30:43.119 9 INFO neutron.services.segments.plugin [-] Segment 03dd94e4-74d2-431c-8d95-f214238fc2d5 resource provider not found; error: Placement Client Error (4xx): {"errors": [{"status": 404, "title": "Not Found", "detail": "The resource could not be found.\n\n No resource provider with uuid 03dd94e4-74d2-431c-8d95-f214238fc2d5 found for delete ", "request_id": "req-5cea5c75-0a12-42cf-89a4-d70800521dc5"}]}
2026-07-09 14:30:43.124 9 INFO neutron.services.segments.plugin [-] Segment 03dd94e4-74d2-431c-8d95-f214238fc2d5 resource provider aggregate not found
2026-07-09 14:30:43.142 9 INFO neutron.services.segments.plugin [-] Segment 03dd94e4-74d2-431c-8d95-f214238fc2d5 resource provider not found; error: Placement Client Error (4xx): {"errors": [{"status": 404, "title": "Not Found", "detail": "The resource could not be found.\n\n No resource provider with uuid 03dd94e4-74d2-431c-8d95-f214238fc2d5 found for delete ", "request_id": "req-c99eb36b-57a4-430d-b3dc-996910fc6918"}]}
2026-07-09 14:30:43.348 10 INFO neutron.wsgi [None req-16d08546-8cf7-4f6f-896b-83e89f74d946 22165e82e85b47038d5e4c973809c3ac 363969c90b5d4636b34103ca5ae0b718 - - default default] 10.0.0.84 "DELETE /v2.0/security-groups/ab4d6e8e-61db-4c37-bb38-e7fe5a0f158e HTTP/1.1" status: 204 len: 168 time: 0.4030614
2026-07-09 14:30:43.364 10 INFO neutron.wsgi [None req-cdd41b5b-dd6d-4110-89df-c470fbdedc28 22165e82e85b47038d5e4c973809c3ac 363969c90b5d4636b34103ca5ae0b718 - - default default] 10.0.0.84 "DELETE /v2.0/routers/9b9485c3-ccac-4de4-b52a-648719037485 HTTP/1.1" status: 204 len: 168 time: 1.3002758
2026-07-09 14:30:43.653 10 INFO neutron.wsgi [None req-9bdee248-677a-4bb2-85ba-19196617c1c4 22165e82e85b47038d5e4c973809c3ac 363969c90b5d4636b34103ca5ae0b718 - - default default] 10.0.0.84 "DELETE /v2.0/subnets/20755500-4329-4221-ab8c-69b372f33524 HTTP/1.1" status: 204 len: 168 time: 0.2815795
2026-07-09 14:30:43.794 10 INFO neutron.wsgi [req-14fe0687-1734-4002-bd4a-fc161c9bca66 req-a34df4a3-305b-448a-a044-42189bb9e6f6 2db008ed8845407e8e8ab9c7d6c2a8a2 717c84078568463db1cf702f8bbd6e13 - - default default] 10.0.0.128 "GET /v2.0/ports?device_id=551cf16d-a06a-4829-b824-8bd108b82723 HTTP/1.1" status: 200 len: 1172 time: 0.0526984
2026-07-09 14:30:43.884 10 INFO neutron.wsgi [req-14fe0687-1734-4002-bd4a-fc161c9bca66 req-46723f0b-3c69-4863-be9c-557b9f26c29a 2db008ed8845407e8e8ab9c7d6c2a8a2 717c84078568463db1cf702f8bbd6e13 - - default default] 10.0.0.128 "GET /v2.0/security-groups?id=ba4bcd20-e89c-4880-bda8-bd976caa4d25&fields=id&fields=name HTTP/1.1" status: 200 len: 313 time: 0.0810370
2026-07-09 14:30:44.468 10 INFO neutron.wsgi [None req-a9813c1c-a3c1-4f65-afd4-37d72d3f18de 22165e82e85b47038d5e4c973809c3ac 363969c90b5d4636b34103ca5ae0b718 - - default default] 10.0.0.84 "DELETE /v2.0/networks/f6be12d8-54e8-40d8-b946-2b2315846614 HTTP/1.1" status: 204 len: 168 time: 0.8075628
2026-07-09 14:30:44.726 9 INFO neutron.wsgi [None req-9a15406f-f1a1-49d8-b45c-16f3171a26ad 22165e82e85b47038d5e4c973809c3ac 363969c90b5d4636b34103ca5ae0b718 - - default default] 10.0.0.84 "GET /v2.0/security-groups?tenant_id=e0d799da256549149fbf543b67538f94&name=default HTTP/1.1" status: 200 len: 2992 time: 0.0670617
2026-07-09 14:30:45.007 10 INFO neutron.wsgi [req-39b3dc12-6b5e-4c81-b7f8-d60855e999fa req-e5a0ef87-1aac-42b4-a3bc-aae566e30987 2db008ed8845407e8e8ab9c7d6c2a8a2 717c84078568463db1cf702f8bbd6e13 - - default default] 10.0.0.128 "GET /v2.0/ports?device_id=551cf16d-a06a-4829-b824-8bd108b82723 HTTP/1.1" status: 200 len: 1172 time: 0.0511172
2026-07-09 14:30:45.084 10 INFO neutron.wsgi [req-39b3dc12-6b5e-4c81-b7f8-d60855e999fa req-bda878c4-7482-450d-96ac-9eff592708e8 2db008ed8845407e8e8ab9c7d6c2a8a2 717c84078568463db1cf702f8bbd6e13 - - default default] 10.0.0.128 "GET /v2.0/security-groups?id=ba4bcd20-e89c-4880-bda8-bd976caa4d25&fields=id&fields=name HTTP/1.1" status: 200 len: 313 time: 0.0671175
2026-07-09 14:30:45.096 10 INFO neutron.wsgi [None req-910700f3-4ac6-43fa-9be7-007fe850f7ec 22165e82e85b47038d5e4c973809c3ac 363969c90b5d4636b34103ca5ae0b718 - - default default] 10.0.0.84 "DELETE /v2.0/security-groups/7cbc0b69-ead2-4cd6-9d83-d85fc4495d47 HTTP/1.1" status: 204 len: 168 time: 0.3613114
2026-07-09 14:30:45.171 10 INFO neutron.services.segments.plugin [-] Segment 45a6e2f5-a7d1-4148-9b8b-c86b9cc6b765 resource provider aggregate not found
2026-07-09 14:30:45.194 10 INFO neutron.services.segments.plugin [-] Segment 45a6e2f5-a7d1-4148-9b8b-c86b9cc6b765 resource provider not found; error: Placement Client Error (4xx): {"errors": [{"status": 404, "title": "Not Found", "detail": "The resource could not be found.\n\n No resource provider with uuid 45a6e2f5-a7d1-4148-9b8b-c86b9cc6b765 found for delete ", "request_id": "req-47c7faa1-7a1b-46b7-abe7-d71709638b7f"}]}
2026-07-09 14:30:45.220 10 INFO neutron.services.segments.plugin [-] Segment 45a6e2f5-a7d1-4148-9b8b-c86b9cc6b765 resource provider aggregate not found
2026-07-09 14:30:45.242 10 INFO neutron.services.segments.plugin [-] Segment 45a6e2f5-a7d1-4148-9b8b-c86b9cc6b765 resource provider not found; error: Placement Client Error (4xx): {"errors": [{"status": 404, "title": "Not Found", "detail": "The resource could not be found.\n\n No resource provider with uuid 45a6e2f5-a7d1-4148-9b8b-c86b9cc6b765 found for delete ", "request_id": "req-a530437e-48d2-478a-8951-ba9689f25f29"}]}
2026-07-09 14:30:45.586 10 INFO neutron.plugins.ml2.drivers.ovn.mech_driver.mech_driver [None req-cefe73ac-bf6f-42ae-8ae1-ec5443b32fb1 - - - - - -] OVN reports status up for port: 5a50f9f9-5cd5-4145-893e-ae4bfd102de2
2026-07-09 14:30:45.630 10 INFO neutron.plugins.ml2.plugin [None req-cefe73ac-bf6f-42ae-8ae1-ec5443b32fb1 - - - - - -] Attempt 1 to provision port 5a50f9f9-5cd5-4145-893e-ae4bfd102de2
2026-07-09 14:30:45.669 9 INFO neutron.db.ovn_revision_numbers_db [None req-5b37ddb4-bddb-4aea-b623-cf8eaff05083 22165e82e85b47038d5e4c973809c3ac 363969c90b5d4636b34103ca5ae0b718 - - default default] Successfully bumped revision number for resource 2800a199-a1f4-4902-990e-403a6f5a4c7a (type: security_groups) to 1
2026-07-09 14:30:45.710 9 INFO neutron.db.ovn_revision_numbers_db [None req-5b37ddb4-bddb-4aea-b623-cf8eaff05083 22165e82e85b47038d5e4c973809c3ac 363969c90b5d4636b34103ca5ae0b718 - - default default] Successfully bumped revision number for resource 094394a6-1b45-4d5b-a394-d5ed2adfa2b9 (type: security_group_rules) to 0
2026-07-09 14:30:45.733 9 INFO neutron.db.ovn_revision_numbers_db [None req-5b37ddb4-bddb-4aea-b623-cf8eaff05083 22165e82e85b47038d5e4c973809c3ac 363969c90b5d4636b34103ca5ae0b718 - - default default] Successfully bumped revision number for resource 346691e2-af11-41e3-a4fd-22a3f8743be0 (type: security_group_rules) to 0
2026-07-09 14:30:45.748 9 INFO neutron.db.ovn_revision_numbers_db [None req-5b37ddb4-bddb-4aea-b623-cf8eaff05083 22165e82e85b47038d5e4c973809c3ac 363969c90b5d4636b34103ca5ae0b718 - - default default] Successfully bumped revision number for resource 83f35370-28d9-4504-9169-eba49f94f7c6 (type: security_group_rules) to 0
2026-07-09 14:30:45.774 9 INFO neutron.db.ovn_revision_numbers_db [None req-5b37ddb4-bddb-4aea-b623-cf8eaff05083 22165e82e85b47038d5e4c973809c3ac 363969c90b5d4636b34103ca5ae0b718 - - default default] Successfully bumped revision number for resource c3b8cdf1-aea4-49d6-8328-0b79542242b1 (type: security_group_rules) to 0
2026-07-09 14:30:45.849 9 INFO neutron.db.segments_db [None req-5b37ddb4-bddb-4aea-b623-cf8eaff05083 22165e82e85b47038d5e4c973809c3ac 363969c90b5d4636b34103ca5ae0b718 - - default default] Added segment 0e01b7d5-235b-4043-b37d-6c1d8fb78ad1 of type geneve for network 22e24bfe-4563-4abf-9229-a40331ea6c08
2026-07-09 14:30:46.030 9 INFO neutron.db.ovn_revision_numbers_db [None req-5b37ddb4-bddb-4aea-b623-cf8eaff05083 22165e82e85b47038d5e4c973809c3ac 363969c90b5d4636b34103ca5ae0b718 - - default default] Successfully bumped revision number for resource 22e24bfe-4563-4abf-9229-a40331ea6c08 (type: networks) to 1
2026-07-09 14:30:46.036 10 INFO neutron.db.ovn_revision_numbers_db [None req-cefe73ac-bf6f-42ae-8ae1-ec5443b32fb1 - - - - - -] Successfully bumped revision number for resource 5a50f9f9-5cd5-4145-893e-ae4bfd102de2 (type: ports) to 4 /var/lib/openstack/lib/python3.10/site-packages/pycadf/identifier.py:71: UserWarning: Invalid uuid: neutron. To ensure interoperability, identifiers should be a valid uuid. warnings.warn(('Invalid uuid: %s. To ensure interoperability, '
2026-07-09 14:30:46.263 9 WARNING neutron.scheduler.dhcp_agent_scheduler [None req-5b37ddb4-bddb-4aea-b623-cf8eaff05083 22165e82e85b47038d5e4c973809c3ac 363969c90b5d4636b34103ca5ae0b718 - - default default] No more DHCP agents
2026-07-09 14:30:46.264 9 WARNING neutron.api.rpc.agentnotifiers.dhcp_rpc_agent_api [None req-5b37ddb4-bddb-4aea-b623-cf8eaff05083 22165e82e85b47038d5e4c973809c3ac 363969c90b5d4636b34103ca5ae0b718 - - default default] Unable to schedule network 22e24bfe-4563-4abf-9229-a40331ea6c08: no agents available; will retry on subsequent port and subnet creation events.
2026-07-09 14:30:46.279 10 INFO neutron.wsgi [req-a88858c5-77a7-4cf9-aeb4-0db49b087295 req-be218273-88d1-4045-bbd7-1e77b5bc952e 2db008ed8845407e8e8ab9c7d6c2a8a2 717c84078568463db1cf702f8bbd6e13 - - default default] 10.0.0.128 "GET /v2.0/ports?device_id=551cf16d-a06a-4829-b824-8bd108b82723 HTTP/1.1" status: 200 len: 1174 time: 0.1086442
2026-07-09 14:30:46.334 10 INFO neutron.wsgi [req-a88858c5-77a7-4cf9-aeb4-0db49b087295 req-cf6348a1-409d-406a-b9c2-d2eee780856d 2db008ed8845407e8e8ab9c7d6c2a8a2 717c84078568463db1cf702f8bbd6e13 - - default default] 10.0.0.128 "GET /v2.0/security-groups?id=ba4bcd20-e89c-4880-bda8-bd976caa4d25&fields=id&fields=name HTTP/1.1" status: 200 len: 313 time: 0.0490255
2026-07-09 14:30:46.378 9 INFO neutron.db.ovn_revision_numbers_db [None req-5b37ddb4-bddb-4aea-b623-cf8eaff05083 22165e82e85b47038d5e4c973809c3ac 363969c90b5d4636b34103ca5ae0b718 - - default default] Successfully bumped revision number for resource 6396f7fe-1046-4daf-aba7-8e4c8c9326fd (type: ports) to 1
2026-07-09 14:30:46.426 9 INFO neutron.wsgi [None req-5b37ddb4-bddb-4aea-b623-cf8eaff05083 22165e82e85b47038d5e4c973809c3ac 363969c90b5d4636b34103ca5ae0b718 - - default default] 10.0.0.84 "POST /v2.0/networks HTTP/1.1" status: 201 len: 952 time: 1.1066601
2026-07-09 14:30:46.471 10 INFO neutron.notifiers.nova [-] Nova event matching ['req-893c8bd3-4f9c-4382-9cd8-e4cd2890edde'] response: {'server_uuid': '551cf16d-a06a-4829-b824-8bd108b82723', 'name': 'network-vif-plugged', 'status': 'completed', 'tag': '5a50f9f9-5cd5-4145-893e-ae4bfd102de2', 'code': 200}
2026-07-09 14:30:46.663 9 WARNING neutron.scheduler.dhcp_agent_scheduler [None req-50e32c2c-6a45-4f19-b7bb-ef136d469f1c 22165e82e85b47038d5e4c973809c3ac 363969c90b5d4636b34103ca5ae0b718 - - default default] No more DHCP agents
2026-07-09 14:30:46.669 9 WARNING neutron.api.rpc.agentnotifiers.dhcp_rpc_agent_api [None req-50e32c2c-6a45-4f19-b7bb-ef136d469f1c 22165e82e85b47038d5e4c973809c3ac 363969c90b5d4636b34103ca5ae0b718 - - default default] Unable to schedule network 22e24bfe-4563-4abf-9229-a40331ea6c08: no agents available; will retry on subsequent port and subnet creation events.
2026-07-09 14:30:47.453 9 INFO neutron.db.ovn_revision_numbers_db [None req-50e32c2c-6a45-4f19-b7bb-ef136d469f1c 22165e82e85b47038d5e4c973809c3ac 363969c90b5d4636b34103ca5ae0b718 - - default default] Successfully bumped revision number for resource 6396f7fe-1046-4daf-aba7-8e4c8c9326fd (type: ports) to 2
2026-07-09 14:30:47.487 10 INFO neutron.wsgi [req-7aaabc6f-fd10-4014-a7e3-d958f70b255b req-42eb9c5c-7cdb-44d0-860b-306586bb3c3e 2db008ed8845407e8e8ab9c7d6c2a8a2 717c84078568463db1cf702f8bbd6e13 - - default default] 10.0.0.128 "GET /v2.0/ports?device_id=551cf16d-a06a-4829-b824-8bd108b82723 HTTP/1.1" status: 200 len: 1174 time: 0.0678301
2026-07-09 14:30:47.510 10 INFO neutron.db.ovn_revision_numbers_db [None req-5843357e-0055-467a-9b65-c88c436e8f59 22165e82e85b47038d5e4c973809c3ac 363969c90b5d4636b34103ca5ae0b718 - - default default] Successfully bumped revision number for resource a081214d-540b-4a3f-ac18-041413028954 (type: security_groups) to 1
2026-07-09 14:30:47.514 9 INFO neutron.db.ovn_revision_numbers_db [None req-50e32c2c-6a45-4f19-b7bb-ef136d469f1c 22165e82e85b47038d5e4c973809c3ac 363969c90b5d4636b34103ca5ae0b718 - - default default] Successfully bumped revision number for resource de0c8b07-5b56-40c0-bda1-264996700ae5 (type: subnets) to 0
2026-07-09 14:30:47.544 10 INFO neutron.wsgi [req-7aaabc6f-fd10-4014-a7e3-d958f70b255b req-f4ce9a20-5cfe-4201-af9b-28f0d680612e 2db008ed8845407e8e8ab9c7d6c2a8a2 717c84078568463db1cf702f8bbd6e13 - - default default] 10.0.0.128 "GET /v2.0/security-groups?id=ba4bcd20-e89c-4880-bda8-bd976caa4d25&fields=id&fields=name HTTP/1.1" status: 200 len: 313 time: 0.0485904
2026-07-09 14:30:47.552 10 INFO neutron.db.ovn_revision_numbers_db [None req-5843357e-0055-467a-9b65-c88c436e8f59 22165e82e85b47038d5e4c973809c3ac 363969c90b5d4636b34103ca5ae0b718 - - default default] Successfully bumped revision number for resource 1c765eb2-bafc-4107-af89-6c6e8ac1c166 (type: security_group_rules) to 0
2026-07-09 14:30:47.553 9 INFO neutron.wsgi [None req-50e32c2c-6a45-4f19-b7bb-ef136d469f1c 22165e82e85b47038d5e4c973809c3ac 363969c90b5d4636b34103ca5ae0b718 - - default default] 10.0.0.84 "POST /v2.0/subnets HTTP/1.1" status: 201 len: 872 time: 1.1225319
2026-07-09 14:30:47.577 10 INFO neutron.db.ovn_revision_numbers_db [None req-5843357e-0055-467a-9b65-c88c436e8f59 22165e82e85b47038d5e4c973809c3ac 363969c90b5d4636b34103ca5ae0b718 - - default default] Successfully bumped revision number for resource 36808f40-f452-4f11-9ce0-2e166450b4af (type: security_group_rules) to 0
2026-07-09 14:30:47.597 10 INFO neutron.db.ovn_revision_numbers_db [None req-5843357e-0055-467a-9b65-c88c436e8f59 22165e82e85b47038d5e4c973809c3ac 363969c90b5d4636b34103ca5ae0b718 - - default default] Successfully bumped revision number for resource 532b683e-0aaf-43ef-8ca3-621c1e6b0768 (type: security_group_rules) to 0
2026-07-09 14:30:47.615 10 INFO neutron.db.ovn_revision_numbers_db [None req-5843357e-0055-467a-9b65-c88c436e8f59 22165e82e85b47038d5e4c973809c3ac 363969c90b5d4636b34103ca5ae0b718 - - default default] Successfully bumped revision number for resource ec518793-bf23-4b7f-9fa3-295fb5e8f748 (type: security_group_rules) to 0
2026-07-09 14:30:47.691 10 INFO neutron.db.segments_db [None req-5843357e-0055-467a-9b65-c88c436e8f59 22165e82e85b47038d5e4c973809c3ac 363969c90b5d4636b34103ca5ae0b718 - - default default] Added segment 80241c78-5b1b-4d61-8751-0ff39ba88f5b of type geneve for network 34ebec14-9d43-4b45-9c1b-232a5f75c8e0
2026-07-09 14:30:47.715 10 INFO neutron.wsgi [req-538dcec5-c7d3-4e6d-96cf-11e9301fb503 req-84c9e1de-307f-499e-ae71-09f43e33b8e3 2db008ed8845407e8e8ab9c7d6c2a8a2 717c84078568463db1cf702f8bbd6e13 - - default default] 10.0.0.128 "GET /v2.0/ports?device_id=551cf16d-a06a-4829-b824-8bd108b82723 HTTP/1.1" status: 200 len: 1174 time: 0.0594668
2026-07-09 14:30:48.072 10 INFO neutron.db.ovn_revision_numbers_db [None req-5843357e-0055-467a-9b65-c88c436e8f59 22165e82e85b47038d5e4c973809c3ac 363969c90b5d4636b34103ca5ae0b718 - - default default] Successfully bumped revision number for resource 34ebec14-9d43-4b45-9c1b-232a5f75c8e0 (type: networks) to 1
2026-07-09 14:30:48.142 9 WARNING neutron.scheduler.dhcp_agent_scheduler [None req-a8951c99-6fe5-4301-b351-2a514a054270 22165e82e85b47038d5e4c973809c3ac 363969c90b5d4636b34103ca5ae0b718 - - default default] No more DHCP agents
2026-07-09 14:30:48.146 9 WARNING neutron.api.rpc.agentnotifiers.dhcp_rpc_agent_api [None req-a8951c99-6fe5-4301-b351-2a514a054270 22165e82e85b47038d5e4c973809c3ac 363969c90b5d4636b34103ca5ae0b718 - - default default] Unable to schedule network fd0d37e1-c0ea-4337-a781-cd50773bb850: no agents available; will retry on subsequent port and subnet creation events.
2026-07-09 14:30:48.340 9 INFO neutron.db.ovn_revision_numbers_db [None req-a8951c99-6fe5-4301-b351-2a514a054270 22165e82e85b47038d5e4c973809c3ac 363969c90b5d4636b34103ca5ae0b718 - - default default] Successfully bumped revision number for resource 5d0aae7a-4b4f-45cd-9659-ffc68569a688 (type: ports) to 1
2026-07-09 14:30:48.527 10 INFO neutron.notifiers.nova [-] Nova event matching ['req-6832805a-5fad-4a57-8db4-b7f19db6c7ec'] response: {'server_uuid': '551cf16d-a06a-4829-b824-8bd108b82723', 'name': 'network-vif-plugged', 'status': 'completed', 'tag': '5a50f9f9-5cd5-4145-893e-ae4bfd102de2', 'code': 200}
2026-07-09 14:30:48.552 10 INFO neutron.db.l3_db [None req-39131711-1c50-4cb5-b3eb-cf0f2f56bb51 2db008ed8845407e8e8ab9c7d6c2a8a2 717c84078568463db1cf702f8bbd6e13 - - default default] Floating IP 9a820974-3242-4047-b44c-b3429fdf4531 associated. External IP: 10.96.250.211, port: 5a50f9f9-5cd5-4145-893e-ae4bfd102de2.
2026-07-09 14:30:48.710 10 WARNING neutron.scheduler.dhcp_agent_scheduler [None req-5843357e-0055-467a-9b65-c88c436e8f59 22165e82e85b47038d5e4c973809c3ac 363969c90b5d4636b34103ca5ae0b718 - - default default] No more DHCP agents
2026-07-09 14:30:48.732 10 WARNING neutron.api.rpc.agentnotifiers.dhcp_rpc_agent_api [None req-5843357e-0055-467a-9b65-c88c436e8f59 22165e82e85b47038d5e4c973809c3ac 363969c90b5d4636b34103ca5ae0b718 - - default default] Unable to schedule network 34ebec14-9d43-4b45-9c1b-232a5f75c8e0: no agents available; will retry on subsequent port and subnet creation events.
2026-07-09 14:30:48.937 10 INFO neutron.db.ovn_revision_numbers_db [None req-5843357e-0055-467a-9b65-c88c436e8f59 22165e82e85b47038d5e4c973809c3ac 363969c90b5d4636b34103ca5ae0b718 - - default default] Successfully bumped revision number for resource ed134ac3-c727-4fbb-8fea-b555f682e770 (type: ports) to 1
2026-07-09 14:30:49.037 10 INFO neutron.wsgi [None req-5843357e-0055-467a-9b65-c88c436e8f59 22165e82e85b47038d5e4c973809c3ac 363969c90b5d4636b34103ca5ae0b718 - - default default] 10.0.0.84 "POST /v2.0/networks HTTP/1.1" status: 201 len: 938 time: 2.0258560
2026-07-09 14:30:49.051 10 INFO neutron.db.ovn_revision_numbers_db [None req-39131711-1c50-4cb5-b3eb-cf0f2f56bb51 2db008ed8845407e8e8ab9c7d6c2a8a2 717c84078568463db1cf702f8bbd6e13 - - default default] Successfully bumped revision number for resource 9a820974-3242-4047-b44c-b3429fdf4531 (type: floatingips) to 1
2026-07-09 14:30:49.095 10 INFO neutron.db.ovn_revision_numbers_db [None req-4d752c67-4a28-42ea-bb51-81f3afa220b7 22165e82e85b47038d5e4c973809c3ac 363969c90b5d4636b34103ca5ae0b718 - - default default] Successfully bumped revision number for resource 59abb14b-e0a1-41c0-868e-f2a77c7044ec (type: security_groups) to 1
2026-07-09 14:30:49.133 10 INFO neutron.db.ovn_revision_numbers_db [None req-4d752c67-4a28-42ea-bb51-81f3afa220b7 22165e82e85b47038d5e4c973809c3ac 363969c90b5d4636b34103ca5ae0b718 - - default default] Successfully bumped revision number for resource 0e17bb88-fa76-48cd-b2d0-1d05750c136c (type: security_group_rules) to 0
2026-07-09 14:30:49.154 10 INFO neutron.db.ovn_revision_numbers_db [None req-4d752c67-4a28-42ea-bb51-81f3afa220b7 22165e82e85b47038d5e4c973809c3ac 363969c90b5d4636b34103ca5ae0b718 - - default default] Successfully bumped revision number for resource 25961aca-1751-4c17-b7ce-4ab01cdff0a1 (type: security_group_rules) to 0
2026-07-09 14:30:49.185 10 INFO neutron.db.ovn_revision_numbers_db [None req-4d752c67-4a28-42ea-bb51-81f3afa220b7 22165e82e85b47038d5e4c973809c3ac 363969c90b5d4636b34103ca5ae0b718 - - default default] Successfully bumped revision number for resource 466d74d4-d7f3-4a8e-b3c9-1fec682e8d2d (type: security_group_rules) to 0
2026-07-09 14:30:49.217 10 INFO neutron.db.ovn_revision_numbers_db [None req-4d752c67-4a28-42ea-bb51-81f3afa220b7 22165e82e85b47038d5e4c973809c3ac 363969c90b5d4636b34103ca5ae0b718 - - default default] Successfully bumped revision number for resource 930624f3-8097-4ab8-b8a2-ace6d4c9c088 (type: security_group_rules) to 0
2026-07-09 14:30:49.233 10 INFO neutron.db.ovn_revision_numbers_db [None req-39131711-1c50-4cb5-b3eb-cf0f2f56bb51 2db008ed8845407e8e8ab9c7d6c2a8a2 717c84078568463db1cf702f8bbd6e13 - - default default] Successfully bumped revision number for resource 9a820974-3242-4047-b44c-b3429fdf4531 (type: floatingips) to 2
2026-07-09 14:30:49.271 10 INFO neutron.wsgi [None req-4d752c67-4a28-42ea-bb51-81f3afa220b7 22165e82e85b47038d5e4c973809c3ac 363969c90b5d4636b34103ca5ae0b718 - - default default] 10.0.0.84 "GET /v2.0/security-groups?tenant_id=06652123b61f4a7c8fe7b30a52d60f5d&name=default HTTP/1.1" status: 200 len: 2996 time: 1.0211289
2026-07-09 14:30:49.272 10 INFO neutron.wsgi [None req-39131711-1c50-4cb5-b3eb-cf0f2f56bb51 2db008ed8845407e8e8ab9c7d6c2a8a2 717c84078568463db1cf702f8bbd6e13 - - default default] 10.0.0.84 "PUT /v2.0/floatingips/9a820974-3242-4047-b44c-b3429fdf4531 HTTP/1.1" status: 200 len: 1050 time: 1.5393484 /var/lib/openstack/lib/python3.10/site-packages/pycadf/identifier.py:71: UserWarning: Invalid uuid: neutron. To ensure interoperability, identifiers should be a valid uuid. warnings.warn(('Invalid uuid: %s. To ensure interoperability, '
2026-07-09 14:30:49.366 10 INFO neutron.wsgi [req-4b191fc7-ab93-41f7-86cd-137819619589 req-127e7aaf-64a5-420d-9d9a-32d4ae0422dd 2db008ed8845407e8e8ab9c7d6c2a8a2 717c84078568463db1cf702f8bbd6e13 - - default default] 10.0.0.128 "GET /v2.0/ports?device_id=551cf16d-a06a-4829-b824-8bd108b82723 HTTP/1.1" status: 200 len: 1174 time: 0.0558517
2026-07-09 14:30:49.370 9 WARNING neutron.scheduler.dhcp_agent_scheduler [None req-88eebb19-f40d-48d5-843d-66306b761e92 22165e82e85b47038d5e4c973809c3ac 363969c90b5d4636b34103ca5ae0b718 - - default default] No more DHCP agents
2026-07-09 14:30:49.384 9 WARNING neutron.api.rpc.agentnotifiers.dhcp_rpc_agent_api [None req-88eebb19-f40d-48d5-843d-66306b761e92 22165e82e85b47038d5e4c973809c3ac 363969c90b5d4636b34103ca5ae0b718 - - default default] Unable to schedule network 34ebec14-9d43-4b45-9c1b-232a5f75c8e0: no agents available; will retry on subsequent port and subnet creation events.
2026-07-09 14:30:49.447 10 INFO neutron.plugins.ml2.drivers.ovn.mech_driver.mech_driver [None req-cefe73ac-bf6f-42ae-8ae1-ec5443b32fb1 - - - - - -] OVN reports status up for port: 5d0aae7a-4b4f-45cd-9659-ffc68569a688
2026-07-09 14:30:49.451 10 INFO neutron.wsgi [req-4b191fc7-ab93-41f7-86cd-137819619589 req-26d56eee-a056-4830-8496-3a20679a37b0 2db008ed8845407e8e8ab9c7d6c2a8a2 717c84078568463db1cf702f8bbd6e13 - - default default] 10.0.0.128 "GET /v2.0/security-groups?id=ba4bcd20-e89c-4880-bda8-bd976caa4d25&fields=id&fields=name HTTP/1.1" status: 200 len: 313 time: 0.0762970
2026-07-09 14:30:49.469 10 INFO neutron.plugins.ml2.plugin [None req-cefe73ac-bf6f-42ae-8ae1-ec5443b32fb1 - - - - - -] Attempt 1 to provision port 5d0aae7a-4b4f-45cd-9659-ffc68569a688
2026-07-09 14:30:49.477 9 INFO neutron.plugins.ml2.drivers.ovn.mech_driver.ovsdb.ovsdb_monitor [None req-1e3028dd-6689-4a94-8b0c-8d009cccf21e - - - - - -] Router 91210f71-20f4-4bf5-ac92-0fd59d7dfbf3 is bound to host instance
2026-07-09 14:30:49.518 9 INFO neutron.db.ovn_revision_numbers_db [None req-a8951c99-6fe5-4301-b351-2a514a054270 22165e82e85b47038d5e4c973809c3ac 363969c90b5d4636b34103ca5ae0b718 - - default default] Successfully bumped revision number for resource 5d0aae7a-4b4f-45cd-9659-ffc68569a688 (type: router_ports) to 1
2026-07-09 14:30:49.622 10 INFO neutron.wsgi [None req-60005a55-103d-4464-b81b-7e0be0089e98 22165e82e85b47038d5e4c973809c3ac 363969c90b5d4636b34103ca5ae0b718 - - default default] 10.0.0.84 "DELETE /v2.0/security-groups/59abb14b-e0a1-41c0-868e-f2a77c7044ec HTTP/1.1" status: 204 len: 168 time: 0.3470750
2026-07-09 14:30:49.720 9 INFO neutron.db.ovn_revision_numbers_db [None req-a8951c99-6fe5-4301-b351-2a514a054270 22165e82e85b47038d5e4c973809c3ac 363969c90b5d4636b34103ca5ae0b718 - - default default] Successfully bumped revision number for resource 91210f71-20f4-4bf5-ac92-0fd59d7dfbf3 (type: routers) to 2
2026-07-09 14:30:49.751 9 INFO neutron.wsgi [None req-a8951c99-6fe5-4301-b351-2a514a054270 22165e82e85b47038d5e4c973809c3ac 363969c90b5d4636b34103ca5ae0b718 - - default default] 10.0.0.84 "POST /v2.0/routers HTTP/1.1" status: 201 len: 883 time: 2.1891334
2026-07-09 14:30:49.942 10 INFO neutron.wsgi [req-c54857f4-031f-452d-a9b3-97ac68e3ac61 req-02663735-e883-4930-865c-bdb70ec519d7 2db008ed8845407e8e8ab9c7d6c2a8a2 717c84078568463db1cf702f8bbd6e13 - - default default] 10.0.0.128 "GET /v2.0/ports?device_id=551cf16d-a06a-4829-b824-8bd108b82723 HTTP/1.1" status: 200 len: 1174 time: 0.0531006
2026-07-09 14:30:50.003 10 INFO neutron.wsgi [req-c54857f4-031f-452d-a9b3-97ac68e3ac61 req-c4cd809e-fbda-4e7c-bb63-ceec9fe1cd34 2db008ed8845407e8e8ab9c7d6c2a8a2 717c84078568463db1cf702f8bbd6e13 - - default default] 10.0.0.128 "GET /v2.0/security-groups?id=ba4bcd20-e89c-4880-bda8-bd976caa4d25&fields=id&fields=name HTTP/1.1" status: 200 len: 313 time: 0.0521803
2026-07-09 14:30:50.412 10 WARNING neutron.scheduler.dhcp_agent_scheduler [None req-8c7ecc65-3c7c-45c0-9e64-12e3ce7925e5 22165e82e85b47038d5e4c973809c3ac 363969c90b5d4636b34103ca5ae0b718 - - default default] No more DHCP agents
2026-07-09 14:30:50.416 10 WARNING neutron.api.rpc.agentnotifiers.dhcp_rpc_agent_api [None req-8c7ecc65-3c7c-45c0-9e64-12e3ce7925e5 22165e82e85b47038d5e4c973809c3ac 363969c90b5d4636b34103ca5ae0b718 - - default default] Unable to schedule network 22e24bfe-4563-4abf-9229-a40331ea6c08: no agents available; will retry on subsequent port and subnet creation events.
2026-07-09 14:30:50.419 9 INFO neutron.wsgi [req-55f1adfd-8258-4ff5-a814-2ee69fbc199d req-5a7c5af4-8394-46bc-83ca-bc8bf0b94fa3 2db008ed8845407e8e8ab9c7d6c2a8a2 717c84078568463db1cf702f8bbd6e13 - - default default] 199.19.213.105 "GET /v2.0/ports?device_id=551cf16d-a06a-4829-b824-8bd108b82723 HTTP/1.1" status: 200 len: 1174 time: 0.1865044
2026-07-09 14:30:50.478 9 INFO neutron.db.ovn_revision_numbers_db [None req-88eebb19-f40d-48d5-843d-66306b761e92 22165e82e85b47038d5e4c973809c3ac 363969c90b5d4636b34103ca5ae0b718 - - default default] Successfully bumped revision number for resource ed134ac3-c727-4fbb-8fea-b555f682e770 (type: ports) to 2
2026-07-09 14:30:50.557 9 INFO neutron.db.ovn_revision_numbers_db [None req-1e3028dd-6689-4a94-8b0c-8d009cccf21e - - - - - -] Successfully bumped revision number for resource 5d0aae7a-4b4f-45cd-9659-ffc68569a688 (type: ports) to 1
2026-07-09 14:30:50.573 9 INFO neutron.db.ovn_revision_numbers_db [None req-88eebb19-f40d-48d5-843d-66306b761e92 22165e82e85b47038d5e4c973809c3ac 363969c90b5d4636b34103ca5ae0b718 - - default default] Successfully bumped revision number for resource bb463beb-62b5-4e5f-934a-975cb98862de (type: subnets) to 0
2026-07-09 14:30:50.589 10 INFO neutron.notifiers.nova [-] Nova event matching ['req-be47d307-0b81-41e7-bae3-a8075696403c'] response: {'name': 'network-changed', 'server_uuid': '551cf16d-a06a-4829-b824-8bd108b82723', 'tag': '5a50f9f9-5cd5-4145-893e-ae4bfd102de2', 'status': 'completed', 'code': 200}
2026-07-09 14:30:50.589 9 INFO neutron.wsgi [None req-88eebb19-f40d-48d5-843d-66306b761e92 22165e82e85b47038d5e4c973809c3ac 363969c90b5d4636b34103ca5ae0b718 - - default default] 10.0.0.84 "POST /v2.0/subnets HTTP/1.1" status: 201 len: 859 time: 1.5458450
2026-07-09 14:30:50.983 10 INFO neutron.wsgi [req-51973b96-dbf6-43f4-8907-0310005ffedb req-ae061c63-1c60-40a5-a3ab-4c0a01e8137c 1d5fcf759944402684510e42b4778f58 db2e5f1105f74b2fa122d3dd783d2b5f - - 74f1ce842aef429182ec85dbc71b8ded 74f1ce842aef429182ec85dbc71b8ded] 199.19.213.105 "GET /v2.0/ports?tenant_id=717c84078568463db1cf702f8bbd6e13&device_id=551cf16d-a06a-4829-b824-8bd108b82723 HTTP/1.1" status: 200 len: 1413 time: 0.3612263
2026-07-09 14:30:50.993 10 INFO neutron.db.ovn_revision_numbers_db [None req-8c7ecc65-3c7c-45c0-9e64-12e3ce7925e5 22165e82e85b47038d5e4c973809c3ac 363969c90b5d4636b34103ca5ae0b718 - - default default] Successfully bumped revision number for resource 325c2cc2-e466-43a0-a32c-4eb680b8bd29 (type: ports) to 1
2026-07-09 14:30:51.194 10 INFO neutron.wsgi [req-5922ee70-c697-4a07-b8b3-5ea758733e37 req-5a1a534a-a8b7-48ea-923c-871039941b8a 2db008ed8845407e8e8ab9c7d6c2a8a2 717c84078568463db1cf702f8bbd6e13 - - default default] 10.0.0.128 "GET /v2.0/ports?device_id=551cf16d-a06a-4829-b824-8bd108b82723 HTTP/1.1" status: 200 len: 1174 time: 0.1067963
2026-07-09 14:30:51.201 10 INFO neutron.wsgi [req-51973b96-dbf6-43f4-8907-0310005ffedb req-a06600fe-ee42-400b-8cee-d7f7e516b690 1d5fcf759944402684510e42b4778f58 db2e5f1105f74b2fa122d3dd783d2b5f - - 74f1ce842aef429182ec85dbc71b8ded 74f1ce842aef429182ec85dbc71b8ded] 199.19.213.105 "GET /v2.0/networks?id=0862c814-491b-4db1-be73-610dafd14afd HTTP/1.1" status: 200 len: 972 time: 0.2092402
2026-07-09 14:30:51.342 9 INFO neutron.db.ovn_revision_numbers_db [None req-1e3028dd-6689-4a94-8b0c-8d009cccf21e - - - - - -] Successfully bumped revision number for resource 5d0aae7a-4b4f-45cd-9659-ffc68569a688 (type: router_ports) to 3
2026-07-09 14:30:51.360 10 INFO neutron.wsgi [req-5922ee70-c697-4a07-b8b3-5ea758733e37 req-9c5a09ec-7755-49ee-8c3a-3b85c0805c93 2db008ed8845407e8e8ab9c7d6c2a8a2 717c84078568463db1cf702f8bbd6e13 - - default default] 10.0.0.128 "GET /v2.0/security-groups?id=ba4bcd20-e89c-4880-bda8-bd976caa4d25&fields=id&fields=name HTTP/1.1" status: 200 len: 313 time: 0.1492395
2026-07-09 14:30:51.364 9 INFO neutron.db.l3_db [req-55f1adfd-8258-4ff5-a814-2ee69fbc199d req-460b2077-eaa6-4128-9c85-8440556a3d93 2db008ed8845407e8e8ab9c7d6c2a8a2 717c84078568463db1cf702f8bbd6e13 - - default default] Floating IP 9a820974-3242-4047-b44c-b3429fdf4531 disassociated. External IP: 10.96.250.211, port: 5a50f9f9-5cd5-4145-893e-ae4bfd102de2.
2026-07-09 14:30:51.367 10 INFO neutron.wsgi [req-51973b96-dbf6-43f4-8907-0310005ffedb req-04f03b97-5c42-47bd-a802-2ae2cd124889 1d5fcf759944402684510e42b4778f58 db2e5f1105f74b2fa122d3dd783d2b5f - - 74f1ce842aef429182ec85dbc71b8ded 74f1ce842aef429182ec85dbc71b8ded] 199.19.213.105 "GET /v2.0/floatingips?fixed_ip_address=10.100.0.13&port_id=5a50f9f9-5cd5-4145-893e-ae4bfd102de2 HTTP/1.1" status: 200 len: 1060 time: 0.1551607
2026-07-09 14:30:51.474 10 INFO neutron.wsgi [req-51973b96-dbf6-43f4-8907-0310005ffedb req-8c9dc185-31f4-427c-acfc-41f0d4fc8d46 1d5fcf759944402684510e42b4778f58 db2e5f1105f74b2fa122d3dd783d2b5f - - 74f1ce842aef429182ec85dbc71b8ded 74f1ce842aef429182ec85dbc71b8ded] 199.19.213.105 "GET /v2.0/subnets?id=ca9730c3-82e6-45a2-b611-4fb3ca5b7dff HTTP/1.1" status: 200 len: 868 time: 0.0975444
2026-07-09 14:30:51.536 10 INFO neutron.wsgi [req-51973b96-dbf6-43f4-8907-0310005ffedb req-8534eff4-b17a-4e32-beee-5dc1da57ef55 1d5fcf759944402684510e42b4778f58 db2e5f1105f74b2fa122d3dd783d2b5f - - 74f1ce842aef429182ec85dbc71b8ded 74f1ce842aef429182ec85dbc71b8ded] 199.19.213.105 "GET /v2.0/ports?network_id=0862c814-491b-4db1-be73-610dafd14afd&device_owner=network%3Adhcp HTTP/1.1" status: 200 len: 210 time: 0.0420878
2026-07-09 14:30:51.614 9 INFO neutron.db.ovn_revision_numbers_db [None req-1e3028dd-6689-4a94-8b0c-8d009cccf21e - - - - - -] Successfully bumped revision number for resource 5d0aae7a-4b4f-45cd-9659-ffc68569a688 (type: ports) to 2
2026-07-09 14:30:51.674 9 INFO neutron.wsgi [req-55f1adfd-8258-4ff5-a814-2ee69fbc199d req-460b2077-eaa6-4128-9c85-8440556a3d93 2db008ed8845407e8e8ab9c7d6c2a8a2 717c84078568463db1cf702f8bbd6e13 - - default default] 199.19.213.105 "DELETE /v2.0/ports/5a50f9f9-5cd5-4145-893e-ae4bfd102de2 HTTP/1.1" status: 204 len: 173 time: 1.2487342
2026-07-09 14:30:51.698 10 INFO neutron.wsgi [req-51973b96-dbf6-43f4-8907-0310005ffedb req-c0359d8d-0031-47ad-b81f-2f36f79b4846 1d5fcf759944402684510e42b4778f58 db2e5f1105f74b2fa122d3dd783d2b5f - - 74f1ce842aef429182ec85dbc71b8ded 74f1ce842aef429182ec85dbc71b8ded] 199.19.213.105 "GET /v2.0/networks/0862c814-491b-4db1-be73-610dafd14afd?fields=segments HTTP/1.1" status: 200 len: 212 time: 0.1537328
2026-07-09 14:30:51.739 9 INFO neutron.notifiers.nova [-] Nova event matching ['req-0741acf6-6036-4b06-9d93-cceb01b9223d'] response: {'server_uuid': '551cf16d-a06a-4829-b824-8bd108b82723', 'name': 'network-vif-deleted', 'tag': '5a50f9f9-5cd5-4145-893e-ae4bfd102de2', 'status': 'completed', 'code': 200}
2026-07-09 14:30:51.896 10 INFO neutron.wsgi [req-51973b96-dbf6-43f4-8907-0310005ffedb req-5430208b-136e-4f49-835d-bd360042f1a1 1d5fcf759944402684510e42b4778f58 db2e5f1105f74b2fa122d3dd783d2b5f - - 74f1ce842aef429182ec85dbc71b8ded 74f1ce842aef429182ec85dbc71b8ded] 199.19.213.105 "GET /v2.0/networks/0862c814-491b-4db1-be73-610dafd14afd?fields=provider%3Aphysical_network&fields=provider%3Anetwork_type HTTP/1.1" status: 200 len: 277 time: 0.1718371
2026-07-09 14:30:51.918 10 INFO neutron.wsgi [None req-6f77d139-fa58-4960-a1e2-654b10bf850c 545ed4ccd2ba4e48bd77c04eb614ef35 080e6be615554ea39dd209161455f4d5 - - default default] 10.0.0.84 "GET /v2.0/extensions HTTP/1.1" status: 200 len: 16975 time: 0.3045523
2026-07-09 14:30:51.933 10 INFO neutron.wsgi [None req-13b7f149-1008-43dc-9e47-cc35e9092ef1 545ed4ccd2ba4e48bd77c04eb614ef35 080e6be615554ea39dd209161455f4d5 - - default default] 10.0.0.84 "GET /v2.0/extensions/address-group HTTP/1.1" status: 200 len: 353 time: 0.0076845
2026-07-09 14:30:51.951 9 INFO neutron.wsgi [None req-a80e2ef4-6c6e-4557-b9be-a773003cacf1 545ed4ccd2ba4e48bd77c04eb614ef35 080e6be615554ea39dd209161455f4d5 - - default default] 10.0.0.84 "GET /v2.0/extensions/address-scope HTTP/1.1" status: 200 len: 357 time: 0.0078120
2026-07-09 14:30:51.966 10 INFO neutron.wsgi [None req-5dbe5555-40c0-4b37-822f-7d636f441b46 545ed4ccd2ba4e48bd77c04eb614ef35 080e6be615554ea39dd209161455f4d5 - - default default] 10.0.0.84 "GET /v2.0/extensions/agent HTTP/1.1" status: 200 len: 347 time: 0.0092928
2026-07-09 14:30:51.983 10 INFO neutron.wsgi [None req-b6e95e95-e1c5-4f96-bd0f-715cc02fee57 545ed4ccd2ba4e48bd77c04eb614ef35 080e6be615554ea39dd209161455f4d5 - - default default] 10.0.0.84 "GET /v2.0/extensions/allowed-address-pairs HTTP/1.1" status: 200 len: 378 time: 0.0107608
2026-07-09 14:30:52.006 9 INFO neutron.wsgi [None req-4e312853-5814-49d8-b538-93017bece897 545ed4ccd2ba4e48bd77c04eb614ef35 080e6be615554ea39dd209161455f4d5 - - default default] 10.0.0.84 "GET /v2.0/extensions/auto-allocated-topology HTTP/1.1" status: 200 len: 394 time: 0.0147417
2026-07-09 14:30:52.018 9 INFO neutron.wsgi [None req-ec448a86-c631-4829-826d-6d3bafb9969b 545ed4ccd2ba4e48bd77c04eb614ef35 080e6be615554ea39dd209161455f4d5 - - default default] 10.0.0.84 "GET /v2.0/extensions/availability_zone HTTP/1.1" status: 200 len: 372 time: 0.0050385
2026-07-09 14:30:52.029 9 INFO neutron.wsgi [None req-5078f3a5-c286-4f83-95b0-e39918dca913 545ed4ccd2ba4e48bd77c04eb614ef35 080e6be615554ea39dd209161455f4d5 - - default default] 10.0.0.84 "GET /v2.0/extensions/default-subnetpools HTTP/1.1" status: 200 len: 405 time: 0.0066152
2026-07-09 14:30:52.039 9 INFO neutron.wsgi [None req-a1f905fb-9bad-4cca-b8c2-0d818daa7b46 545ed4ccd2ba4e48bd77c04eb614ef35 080e6be615554ea39dd209161455f4d5 - - default default] 10.0.0.84 "GET /v2.0/extensions/dhcp_agent_scheduler HTTP/1.1" status: 200 len: 381 time: 0.0047626
2026-07-09 14:30:52.047 9 INFO neutron.wsgi [None req-308cd680-41a9-466c-b095-ee911d1b8851 545ed4ccd2ba4e48bd77c04eb614ef35 080e6be615554ea39dd209161455f4d5 - - default default] 10.0.0.84 "GET /v2.0/extensions/dns-integration HTTP/1.1" status: 200 len: 366 time: 0.0039430
2026-07-09 14:30:52.050 9 INFO neutron.db.ovn_revision_numbers_db [None req-1e3028dd-6689-4a94-8b0c-8d009cccf21e - - - - - -] Successfully bumped revision number for resource 5d0aae7a-4b4f-45cd-9659-ffc68569a688 (type: ports) to 4
2026-07-09 14:30:52.062 10 WARNING neutron.scheduler.dhcp_agent_scheduler [None req-de696f02-905f-4777-a6d1-9eb79e0fc5aa 22165e82e85b47038d5e4c973809c3ac 363969c90b5d4636b34103ca5ae0b718 - - default default] No more DHCP agents
2026-07-09 14:30:52.066 9 INFO neutron.wsgi [None req-ed13c5e0-dbc8-4af5-a1e2-0b67bfb18829 545ed4ccd2ba4e48bd77c04eb614ef35 080e6be615554ea39dd209161455f4d5 - - default default] 10.0.0.84 "GET /v2.0/extensions/dns-domain-ports HTTP/1.1" status: 200 len: 399 time: 0.0069795
2026-07-09 14:30:52.068 10 WARNING neutron.api.rpc.agentnotifiers.dhcp_rpc_agent_api [None req-de696f02-905f-4777-a6d1-9eb79e0fc5aa 22165e82e85b47038d5e4c973809c3ac 363969c90b5d4636b34103ca5ae0b718 - - default default] Unable to schedule network fd0d37e1-c0ea-4337-a781-cd50773bb850: no agents available; will retry on subsequent port and subnet creation events.
2026-07-09 14:30:52.077 9 INFO neutron.wsgi [None req-4250ae4e-085e-4893-816a-9177cb598a15 545ed4ccd2ba4e48bd77c04eb614ef35 080e6be615554ea39dd209161455f4d5 - - default default] 10.0.0.84 "GET /v2.0/extensions/dns-integration-domain-keywords HTTP/1.1" status: 200 len: 477 time: 0.0045462
2026-07-09 14:30:52.096 10 INFO neutron.wsgi [None req-5b494e7d-5c96-48fe-9f78-2b7a1a4161f9 545ed4ccd2ba4e48bd77c04eb614ef35 080e6be615554ea39dd209161455f4d5 - - default default] 10.0.0.84 "GET /v2.0/extensions/empty-string-filtering HTTP/1.1" status: 200 len: 413 time: 0.0082827
2026-07-09 14:30:52.111 9 INFO neutron.wsgi [None req-6a90ca4b-7732-4f8b-9f0f-e29e5feb8ee2 545ed4ccd2ba4e48bd77c04eb614ef35 080e6be615554ea39dd209161455f4d5 - - default default] 10.0.0.84 "GET /v2.0/extensions/external-net HTTP/1.1" status: 200 len: 394 time: 0.0080516
2026-07-09 14:30:52.136 10 INFO neutron.wsgi [None req-6cb03c2f-648e-4a74-9089-9dc899a5297f 545ed4ccd2ba4e48bd77c04eb614ef35 080e6be615554ea39dd209161455f4d5 - - default default] 10.0.0.84 "GET /v2.0/extensions/extra_dhcp_opt HTTP/1.1" status: 200 len: 498 time: 0.0152254
2026-07-09 14:30:52.152 10 INFO neutron.wsgi [None req-670879d9-eb0c-4ef0-9bde-06dda3349866 545ed4ccd2ba4e48bd77c04eb614ef35 080e6be615554ea39dd209161455f4d5 - - default default] 10.0.0.84 "GET /v2.0/extensions/extraroute HTTP/1.1" status: 200 len: 375 time: 0.0080502
2026-07-09 14:30:52.180 10 INFO neutron.db.ovn_revision_numbers_db [None req-8c7ecc65-3c7c-45c0-9e64-12e3ce7925e5 22165e82e85b47038d5e4c973809c3ac 363969c90b5d4636b34103ca5ae0b718 - - default default] Successfully bumped revision number for resource 325c2cc2-e466-43a0-a32c-4eb680b8bd29 (type: router_ports) to 1
2026-07-09 14:30:52.191 9 INFO neutron.wsgi [None req-3021154c-ff20-43e5-8e3f-939573965bdf 545ed4ccd2ba4e48bd77c04eb614ef35 080e6be615554ea39dd209161455f4d5 - - default default] 10.0.0.84 "GET /v2.0/extensions/filter-validation HTTP/1.1" status: 200 len: 392 time: 0.0216303
2026-07-09 14:30:52.205 9 INFO neutron.wsgi [None req-e17da194-fd3b-4570-94bf-e06ca0aa03cc 545ed4ccd2ba4e48bd77c04eb614ef35 080e6be615554ea39dd209161455f4d5 - - default default] 10.0.0.84 "GET /v2.0/extensions/floating-ip-port-forwarding-detail HTTP/1.1" status: 200 len: 465 time: 0.0059237
2026-07-09 14:30:52.222 9 INFO neutron.wsgi [None req-f64e77a1-8d23-48c7-8312-701126002b6b 545ed4ccd2ba4e48bd77c04eb614ef35 080e6be615554ea39dd209161455f4d5 - - default default] 10.0.0.84 "GET /v2.0/extensions/fip-port-details HTTP/1.1" status: 200 len: 406 time: 0.0125670
2026-07-09 14:30:52.232 9 INFO neutron.wsgi [None req-d64204fd-138a-4175-ab64-859cfbd62d11 545ed4ccd2ba4e48bd77c04eb614ef35 080e6be615554ea39dd209161455f4d5 - - default default] 10.0.0.84 "GET /v2.0/extensions/flavors HTTP/1.1" status: 200 len: 387 time: 0.0040879
2026-07-09 14:30:52.244 9 INFO neutron.wsgi [None req-1fbaf56e-9e48-46e7-a955-fe656724df1f 545ed4ccd2ba4e48bd77c04eb614ef35 080e6be615554ea39dd209161455f4d5 - - default default] 10.0.0.84 "GET /v2.0/extensions/floatingip-pools HTTP/1.1" status: 200 len: 382 time: 0.0068243
2026-07-09 14:30:52.255 9 INFO neutron.wsgi [None req-dafa5245-c73d-44d3-87da-0690b0426a7d 545ed4ccd2ba4e48bd77c04eb614ef35 080e6be615554ea39dd209161455f4d5 - - default default] 10.0.0.84 "GET /v2.0/extensions/ip_allocation HTTP/1.1" status: 200 len: 356 time: 0.0045726
2026-07-09 14:30:52.267 9 INFO neutron.wsgi [None req-582b68e7-d7c6-44f6-ada9-2ffbef6a2ecd 545ed4ccd2ba4e48bd77c04eb614ef35 080e6be615554ea39dd209161455f4d5 - - default default] 10.0.0.84 "GET /v2.0/extensions/l2_adjacency HTTP/1.1" status: 200 len: 372 time: 0.0069375
2026-07-09 14:30:52.277 9 INFO neutron.wsgi [None req-b83d9839-8f47-448b-88bd-687584ad3e14 545ed4ccd2ba4e48bd77c04eb614ef35 080e6be615554ea39dd209161455f4d5 - - default default] 10.0.0.84 "GET /v2.0/extensions/router HTTP/1.1" status: 200 len: 450 time: 0.0043135
2026-07-09 14:30:52.288 9 INFO neutron.wsgi [None req-6c0eb564-55c8-4653-8032-950b7a2d1266 545ed4ccd2ba4e48bd77c04eb614ef35 080e6be615554ea39dd209161455f4d5 - - default default] 10.0.0.84 "GET /v2.0/extensions/ext-gw-mode HTTP/1.1" status: 200 len: 462 time: 0.0073833
2026-07-09 14:30:52.299 9 INFO neutron.wsgi [None req-c645d5f8-ba30-4b2f-8b82-beca15fb4469 545ed4ccd2ba4e48bd77c04eb614ef35 080e6be615554ea39dd209161455f4d5 - - default default] 10.0.0.84 "GET /v2.0/extensions/logging HTTP/1.1" status: 200 len: 407 time: 0.0047109
2026-07-09 14:30:52.313 10 INFO neutron.wsgi [None req-787f57fd-f35f-4eb9-a7ee-2a6d488bdc09 545ed4ccd2ba4e48bd77c04eb614ef35 080e6be615554ea39dd209161455f4d5 - - default default] 10.0.0.84 "GET /v2.0/extensions/multi-provider HTTP/1.1" status: 200 len: 406 time: 0.0084493
2026-07-09 14:30:52.326 9 INFO neutron.wsgi [None req-5f93c1fd-622e-48c9-9229-9664f3593604 545ed4ccd2ba4e48bd77c04eb614ef35 080e6be615554ea39dd209161455f4d5 - - default default] 10.0.0.84 "GET /v2.0/extensions/net-mtu HTTP/1.1" status: 200 len: 370 time: 0.0083377
2026-07-09 14:30:52.343 10 INFO neutron.wsgi [None req-ad3fbe60-d99c-417b-b100-72ece2088f21 545ed4ccd2ba4e48bd77c04eb614ef35 080e6be615554ea39dd209161455f4d5 - - default default] 10.0.0.84 "GET /v2.0/extensions/net-mtu-writable HTTP/1.1" status: 200 len: 401 time: 0.0115929
2026-07-09 14:30:52.398 9 INFO neutron.db.ovn_revision_numbers_db [None req-1e3028dd-6689-4a94-8b0c-8d009cccf21e - - - - - -] Successfully bumped revision number for resource 5d0aae7a-4b4f-45cd-9659-ffc68569a688 (type: router_ports) to 4
2026-07-09 14:30:52.630 10 INFO neutron.wsgi [None req-6856eae9-6ace-449c-9a00-741550a78c63 545ed4ccd2ba4e48bd77c04eb614ef35 080e6be615554ea39dd209161455f4d5 - - default default] 10.0.0.84 "GET /v2.0/extensions/network_availability_zone HTTP/1.1" status: 200 len: 394 time: 0.2812729
2026-07-09 14:30:52.639 9 INFO neutron.wsgi [None req-2da374e0-d1bf-4686-a9c7-b89265732cbc 2db008ed8845407e8e8ab9c7d6c2a8a2 717c84078568463db1cf702f8bbd6e13 - - default default] 10.0.0.84 "DELETE /v2.0/security-groups/ba4bcd20-e89c-4880-bda8-bd976caa4d25 HTTP/1.1" status: 204 len: 168 time: 0.1749797
2026-07-09 14:30:52.657 10 INFO neutron.wsgi [None req-62914856-b366-4459-b52d-af1ebaf27df9 545ed4ccd2ba4e48bd77c04eb614ef35 080e6be615554ea39dd209161455f4d5 - - default default] 10.0.0.84 "GET /v2.0/extensions/network-ip-availability HTTP/1.1" status: 200 len: 410 time: 0.0172141
2026-07-09 14:30:52.658 9 INFO neutron.api.v2.resource [None req-0bea6d79-fbc1-4c59-baaf-60c096c825ed 2db008ed8845407e8e8ab9c7d6c2a8a2 717c84078568463db1cf702f8bbd6e13 - - default default] show failed (client error): The resource could not be found.
2026-07-09 14:30:52.660 9 INFO neutron.wsgi [None req-0bea6d79-fbc1-4c59-baaf-60c096c825ed 2db008ed8845407e8e8ab9c7d6c2a8a2 717c84078568463db1cf702f8bbd6e13 - - default default] 10.0.0.84 "GET /v2.0/security-groups/ba4bcd20-e89c-4880-bda8-bd976caa4d25 HTTP/1.1" status: 404 len: 347 time: 0.0141642
2026-07-09 14:30:52.676 9 INFO neutron.wsgi [None req-bf39ad20-0d7d-4385-b82a-6070f9a73602 545ed4ccd2ba4e48bd77c04eb614ef35 080e6be615554ea39dd209161455f4d5 - - default default] 10.0.0.84 "GET /v2.0/extensions/pagination HTTP/1.1" status: 200 len: 386 time: 0.0113966
2026-07-09 14:30:52.692 9 INFO neutron.wsgi [None req-2f62cb8e-9e4a-428f-96ba-eb670ded73a0 545ed4ccd2ba4e48bd77c04eb614ef35 080e6be615554ea39dd209161455f4d5 - - default default] 10.0.0.84 "GET /v2.0/extensions/port-device-profile HTTP/1.1" status: 200 len: 383 time: 0.0067732
