2026-07-09 14:32:14.206 10 INFO neutron.wsgi [req-d0a0b96c-acc1-43e4-86a1-05bfd92fc7b0 req-6b712bd4-6ddd-491b-ade7-004f8ee9141c 30f4bfa4ba894a4988ee70202b9e10f3 8efbd699a1034ec3ad2f27012626dc0c - - default default] 10.0.0.128 "GET /v2.0/security-groups?id=9969eea1-abab-4ffc-9657-f3853b9e77c4&fields=id&fields=name HTTP/1.1" status: 200 len: 313 time: 0.0428481
2026-07-09 14:32:14.375 9 WARNING neutron.scheduler.dhcp_agent_scheduler [None req-3d2f1bc4-1272-4bf1-b336-dc202649562c b2c9045588c8453db673f4fa93ecf57b 27117f2646a941e69b836074d81c63a9 - - default default] No more DHCP agents
2026-07-09 14:32:14.380 9 WARNING neutron.api.rpc.agentnotifiers.dhcp_rpc_agent_api [None req-3d2f1bc4-1272-4bf1-b336-dc202649562c b2c9045588c8453db673f4fa93ecf57b 27117f2646a941e69b836074d81c63a9 - - default default] Unable to schedule network fd0d37e1-c0ea-4337-a781-cd50773bb850: no agents available; will retry on subsequent port and subnet creation events.
2026-07-09 14:32:14.604 9 INFO neutron.db.ovn_revision_numbers_db [None req-3d2f1bc4-1272-4bf1-b336-dc202649562c b2c9045588c8453db673f4fa93ecf57b 27117f2646a941e69b836074d81c63a9 - - default default] Successfully bumped revision number for resource 2c0ecfac-8ab2-4d92-bd01-92c8d251c7b1 (type: ports) to 1
2026-07-09 14:32:15.333 10 INFO neutron.wsgi [req-96697868-7196-4db4-9dde-53fb3648604c req-bc21f7d5-d5b6-4d1c-b3e9-8bb65fa31709 30f4bfa4ba894a4988ee70202b9e10f3 8efbd699a1034ec3ad2f27012626dc0c - - default default] 10.0.0.128 "GET /v2.0/ports?device_id=f5f1b602-0309-4210-8752-dd49370b6321 HTTP/1.1" status: 200 len: 1168 time: 0.0524139
2026-07-09 14:32:15.379 9 INFO neutron.plugins.ml2.drivers.ovn.mech_driver.mech_driver [None req-c60e288d-308e-40bc-ae3b-5ea198d3e5e5 - - - - - -] OVN reports status up for port: 2c0ecfac-8ab2-4d92-bd01-92c8d251c7b1
2026-07-09 14:32:15.397 10 INFO neutron.wsgi [req-96697868-7196-4db4-9dde-53fb3648604c req-d5fe803c-a37e-4040-9d43-f7cd6d7b28ac 30f4bfa4ba894a4988ee70202b9e10f3 8efbd699a1034ec3ad2f27012626dc0c - - default default] 10.0.0.128 "GET /v2.0/security-groups?id=9969eea1-abab-4ffc-9657-f3853b9e77c4&fields=id&fields=name HTTP/1.1" status: 200 len: 313 time: 0.0561235
2026-07-09 14:32:15.405 9 INFO neutron.plugins.ml2.plugin [None req-c60e288d-308e-40bc-ae3b-5ea198d3e5e5 - - - - - -] Attempt 1 to provision port 2c0ecfac-8ab2-4d92-bd01-92c8d251c7b1
2026-07-09 14:32:15.453 9 INFO neutron.db.ovn_revision_numbers_db [None req-3d2f1bc4-1272-4bf1-b336-dc202649562c b2c9045588c8453db673f4fa93ecf57b 27117f2646a941e69b836074d81c63a9 - - default default] Successfully bumped revision number for resource 2c0ecfac-8ab2-4d92-bd01-92c8d251c7b1 (type: router_ports) to 1
2026-07-09 14:32:15.557 9 INFO neutron.db.ovn_revision_numbers_db [None req-3d2f1bc4-1272-4bf1-b336-dc202649562c b2c9045588c8453db673f4fa93ecf57b 27117f2646a941e69b836074d81c63a9 - - default default] Successfully bumped revision number for resource d676bbd2-de60-4cde-b88c-d5a8308f3d78 (type: routers) to 2
2026-07-09 14:32:15.576 9 INFO neutron.wsgi [None req-3d2f1bc4-1272-4bf1-b336-dc202649562c b2c9045588c8453db673f4fa93ecf57b 27117f2646a941e69b836074d81c63a9 - - default default] 10.0.0.84 "POST /v2.0/routers HTTP/1.1" status: 201 len: 871 time: 1.8881636
2026-07-09 14:32:15.678 9 INFO neutron.wsgi [None req-7c37fd87-db2e-46de-8d63-251fab64b691 b2c9045588c8453db673f4fa93ecf57b 27117f2646a941e69b836074d81c63a9 - - default default] 10.0.0.84 "GET /v2.0/routers/d676bbd2-de60-4cde-b88c-d5a8308f3d78 HTTP/1.1" status: 200 len: 872 time: 0.0960064
2026-07-09 14:32:15.865 9 INFO neutron.wsgi [None req-f5139d50-dbf8-411f-9946-dc081538b01c b2c9045588c8453db673f4fa93ecf57b 27117f2646a941e69b836074d81c63a9 - - default default] 10.0.0.84 "GET /v2.0/routers HTTP/1.1" status: 200 len: 875 time: 0.1785171
2026-07-09 14:32:16.043 10 WARNING neutron.plugins.ml2.drivers.ovn.mech_driver.ovsdb.ovn_client [None req-cefe73ac-bf6f-42ae-8ae1-ec5443b32fb1 - - - - - -] No port found with ID 3e6811bd-7330-4ad0-994e-c64e765541e1: RuntimeError: No port found with ID 3e6811bd-7330-4ad0-994e-c64e765541e1
2026-07-09 14:32:16.044 10 INFO neutron.plugins.ml2.drivers.ovn.mech_driver.mech_driver [None req-cefe73ac-bf6f-42ae-8ae1-ec5443b32fb1 - - - - - -] OVN reports status up for port: 3f723dd2-264c-4bb2-b521-502dfcf1f3b4
2026-07-09 14:32:16.064 10 INFO neutron.plugins.ml2.plugin [None req-cefe73ac-bf6f-42ae-8ae1-ec5443b32fb1 - - - - - -] Attempt 1 to provision port 3f723dd2-264c-4bb2-b521-502dfcf1f3b4
2026-07-09 14:32:16.313 10 INFO neutron.notifiers.nova [-] Nova event matching ['req-bb107162-6ea4-4d9d-8716-81e41315633e'] response: {'server_uuid': 'f5f1b602-0309-4210-8752-dd49370b6321', 'name': 'network-vif-plugged', 'status': 'completed', 'tag': '3f723dd2-264c-4bb2-b521-502dfcf1f3b4', 'code': 200}
2026-07-09 14:32:16.328 10 INFO neutron.db.ovn_revision_numbers_db [None req-f688bc29-2cd2-45a2-9787-7b4d832230a5 22165e82e85b47038d5e4c973809c3ac 363969c90b5d4636b34103ca5ae0b718 - - default default] Successfully bumped revision number for resource afb3167b-e425-40bd-873b-2d15a1cfb154 (type: security_groups) to 1
2026-07-09 14:32:16.371 10 INFO neutron.db.ovn_revision_numbers_db [None req-f688bc29-2cd2-45a2-9787-7b4d832230a5 22165e82e85b47038d5e4c973809c3ac 363969c90b5d4636b34103ca5ae0b718 - - default default] Successfully bumped revision number for resource 46054113-70e6-4951-8b6a-54402068ba05 (type: security_group_rules) to 0
2026-07-09 14:32:16.399 10 INFO neutron.db.ovn_revision_numbers_db [None req-f688bc29-2cd2-45a2-9787-7b4d832230a5 22165e82e85b47038d5e4c973809c3ac 363969c90b5d4636b34103ca5ae0b718 - - default default] Successfully bumped revision number for resource 7666f66e-98aa-4905-8a44-1e37c6af7313 (type: security_group_rules) to 0
2026-07-09 14:32:16.451 10 INFO neutron.db.ovn_revision_numbers_db [None req-f688bc29-2cd2-45a2-9787-7b4d832230a5 22165e82e85b47038d5e4c973809c3ac 363969c90b5d4636b34103ca5ae0b718 - - default default] Successfully bumped revision number for resource 87114c60-3ac5-435d-ae4f-8f214d0e134e (type: security_group_rules) to 0
2026-07-09 14:32:16.531 10 INFO neutron.db.ovn_revision_numbers_db [None req-f688bc29-2cd2-45a2-9787-7b4d832230a5 22165e82e85b47038d5e4c973809c3ac 363969c90b5d4636b34103ca5ae0b718 - - default default] Successfully bumped revision number for resource 9fc483cc-0fbf-43ea-9d37-fe91fe0142ee (type: security_group_rules) to 0
2026-07-09 14:32:16.595 10 INFO neutron.wsgi [None req-f688bc29-2cd2-45a2-9787-7b4d832230a5 22165e82e85b47038d5e4c973809c3ac 363969c90b5d4636b34103ca5ae0b718 - - default default] 10.0.0.84 "GET /v2.0/security-groups?tenant_id=0dee239a0e044aa089ffc8ec31fcccd8&name=default HTTP/1.1" status: 200 len: 2996 time: 0.7933800
2026-07-09 14:32:16.688 10 INFO neutron.wsgi [req-c17be947-b3ea-4446-a102-80edd15f0a56 req-f4b9bef6-13e4-449c-bdf1-86b7070c79b3 30f4bfa4ba894a4988ee70202b9e10f3 8efbd699a1034ec3ad2f27012626dc0c - - default default] 10.0.0.128 "GET /v2.0/ports?device_id=f5f1b602-0309-4210-8752-dd49370b6321 HTTP/1.1" status: 200 len: 1170 time: 0.2105086
2026-07-09 14:32:16.788 10 INFO neutron.wsgi [req-c17be947-b3ea-4446-a102-80edd15f0a56 req-b4da5196-52c6-4dab-a53d-970dde8e9cbc 30f4bfa4ba894a4988ee70202b9e10f3 8efbd699a1034ec3ad2f27012626dc0c - - default default] 10.0.0.128 "GET /v2.0/security-groups?id=9969eea1-abab-4ffc-9657-f3853b9e77c4&fields=id&fields=name HTTP/1.1" status: 200 len: 313 time: 0.0955265
2026-07-09 14:32:16.794 10 INFO neutron.db.ovn_revision_numbers_db [None req-cefe73ac-bf6f-42ae-8ae1-ec5443b32fb1 - - - - - -] Successfully bumped revision number for resource 3f723dd2-264c-4bb2-b521-502dfcf1f3b4 (type: ports) to 4
2026-07-09 14:32:16.842 10 INFO neutron.db.ovn_revision_numbers_db [None req-95f797d8-302a-4c21-ae4b-bc9fd7d096a8 b2c9045588c8453db673f4fa93ecf57b 27117f2646a941e69b836074d81c63a9 - - default default] Successfully bumped revision number for resource d676bbd2-de60-4cde-b88c-d5a8308f3d78 (type: routers) to 3
2026-07-09 14:32:16.845 10 INFO neutron.wsgi [None req-95f797d8-302a-4c21-ae4b-bc9fd7d096a8 b2c9045588c8453db673f4fa93ecf57b 27117f2646a941e69b836074d81c63a9 - - default default] 10.0.0.84 "PUT /v2.0/routers/d676bbd2-de60-4cde-b88c-d5a8308f3d78 HTTP/1.1" status: 200 len: 879 time: 0.9733512
2026-07-09 14:32:16.925 9 INFO neutron.db.ovn_revision_numbers_db [None req-67f6c1f3-78e7-4e0d-9199-1d08c6d528bf 22165e82e85b47038d5e4c973809c3ac 363969c90b5d4636b34103ca5ae0b718 - - default default] Successfully bumped revision number for resource 16b98923-4313-43c3-bf88-4aa8245c512b (type: security_groups) to 1
2026-07-09 14:32:16.950 9 INFO neutron.db.ovn_revision_numbers_db [None req-67f6c1f3-78e7-4e0d-9199-1d08c6d528bf 22165e82e85b47038d5e4c973809c3ac 363969c90b5d4636b34103ca5ae0b718 - - default default] Successfully bumped revision number for resource 879f1eec-bf66-4749-b93a-3ef54ba57bd4 (type: security_group_rules) to 0
2026-07-09 14:32:16.957 10 INFO neutron.wsgi [None req-e594c3c2-82d7-4c5f-8e48-c04d3aa5de95 b2c9045588c8453db673f4fa93ecf57b 27117f2646a941e69b836074d81c63a9 - - default default] 10.0.0.84 "GET /v2.0/routers/d676bbd2-de60-4cde-b88c-d5a8308f3d78 HTTP/1.1" status: 200 len: 879 time: 0.1066396 /var/lib/openstack/lib/python3.10/site-packages/pycadf/identifier.py:71: UserWarning: Invalid uuid: neutron. To ensure interoperability, identifiers should be a valid uuid. warnings.warn(('Invalid uuid: %s. To ensure interoperability, '
2026-07-09 14:32:16.975 9 INFO neutron.db.ovn_revision_numbers_db [None req-67f6c1f3-78e7-4e0d-9199-1d08c6d528bf 22165e82e85b47038d5e4c973809c3ac 363969c90b5d4636b34103ca5ae0b718 - - default default] Successfully bumped revision number for resource 8d3b1abf-313d-4b95-ab29-d4c1656408b4 (type: security_group_rules) to 0
2026-07-09 14:32:16.990 10 INFO neutron.wsgi [None req-ebb1efb1-acc5-4ccb-bef7-b0cf2840aa92 b2c9045588c8453db673f4fa93ecf57b 27117f2646a941e69b836074d81c63a9 - - default default] 10.0.0.84 "GET /v2.0/ports?device_id=d676bbd2-de60-4cde-b88c-d5a8308f3d78 HTTP/1.1" status: 200 len: 205 time: 0.0272179
2026-07-09 14:32:16.994 9 INFO neutron.db.ovn_revision_numbers_db [None req-67f6c1f3-78e7-4e0d-9199-1d08c6d528bf 22165e82e85b47038d5e4c973809c3ac 363969c90b5d4636b34103ca5ae0b718 - - default default] Successfully bumped revision number for resource a2dba673-1585-4de4-824c-49a6fdf258cf (type: security_group_rules) to 0
2026-07-09 14:32:17.035 9 INFO neutron.db.ovn_revision_numbers_db [None req-67f6c1f3-78e7-4e0d-9199-1d08c6d528bf 22165e82e85b47038d5e4c973809c3ac 363969c90b5d4636b34103ca5ae0b718 - - default default] Successfully bumped revision number for resource b4083563-bcb5-44c0-8e3e-4651503c01cd (type: security_group_rules) to 0
2026-07-09 14:32:17.400 9 INFO neutron.wsgi [None req-971d02e7-1ab2-4e14-8109-fce901c72d34 22165e82e85b47038d5e4c973809c3ac 363969c90b5d4636b34103ca5ae0b718 - - default default] 10.0.0.84 "DELETE /v2.0/security-groups/afb3167b-e425-40bd-873b-2d15a1cfb154 HTTP/1.1" status: 204 len: 168 time: 0.7976058
2026-07-09 14:32:17.404 9 INFO neutron.wsgi [None req-67f6c1f3-78e7-4e0d-9199-1d08c6d528bf 22165e82e85b47038d5e4c973809c3ac 363969c90b5d4636b34103ca5ae0b718 - - default default] 10.0.0.84 "GET /v2.0/security-groups?tenant_id=7b9d5c90b98a496aa616fea175ecdbab&name=default HTTP/1.1" status: 200 len: 2996 time: 0.9097631
2026-07-09 14:32:17.680 10 INFO neutron.wsgi [None req-51a4a3c6-6d40-4603-a9af-6fae1035c652 22165e82e85b47038d5e4c973809c3ac 363969c90b5d4636b34103ca5ae0b718 - - default default] 10.0.0.84 "DELETE /v2.0/security-groups/16b98923-4313-43c3-bf88-4aa8245c512b HTTP/1.1" status: 204 len: 168 time: 0.2712383
2026-07-09 14:32:17.930 10 INFO neutron.wsgi [req-22647733-e62f-497e-9f22-24a7c73673b0 req-28dd97a8-a006-4bbb-8c19-0dbffdbf6574 30f4bfa4ba894a4988ee70202b9e10f3 8efbd699a1034ec3ad2f27012626dc0c - - default default] 10.0.0.128 "GET /v2.0/ports?device_id=f5f1b602-0309-4210-8752-dd49370b6321 HTTP/1.1" status: 200 len: 1170 time: 0.0537248
2026-07-09 14:32:17.993 10 INFO neutron.wsgi [req-22647733-e62f-497e-9f22-24a7c73673b0 req-79ac9197-ef52-4248-afa7-0c1370315257 30f4bfa4ba894a4988ee70202b9e10f3 8efbd699a1034ec3ad2f27012626dc0c - - default default] 10.0.0.128 "GET /v2.0/security-groups?id=9969eea1-abab-4ffc-9657-f3853b9e77c4&fields=id&fields=name HTTP/1.1" status: 200 len: 313 time: 0.0534060
2026-07-09 14:32:18.114 10 INFO neutron.wsgi [req-879932b8-ca65-4472-99eb-d4658ca77729 req-4feef6d7-d32c-45fe-9e1a-dec540f28fa3 30f4bfa4ba894a4988ee70202b9e10f3 8efbd699a1034ec3ad2f27012626dc0c - - default default] 10.0.0.128 "GET /v2.0/ports?device_id=f5f1b602-0309-4210-8752-dd49370b6321 HTTP/1.1" status: 200 len: 1170 time: 0.0587726
2026-07-09 14:32:18.171 9 INFO neutron.db.ovn_revision_numbers_db [None req-19ef31e6-b9f4-4524-9f61-233ae9f0b1ee 22165e82e85b47038d5e4c973809c3ac 363969c90b5d4636b34103ca5ae0b718 - - default default] Successfully bumped revision number for resource 4f9baa89-91d4-43f7-a94e-9216f61d7f91 (type: security_groups) to 1
2026-07-09 14:32:18.203 9 INFO neutron.db.ovn_revision_numbers_db [None req-19ef31e6-b9f4-4524-9f61-233ae9f0b1ee 22165e82e85b47038d5e4c973809c3ac 363969c90b5d4636b34103ca5ae0b718 - - default default] Successfully bumped revision number for resource 76faf8a1-2620-42b8-9a2c-cb9efcc72971 (type: security_group_rules) to 0
2026-07-09 14:32:18.234 9 INFO neutron.db.ovn_revision_numbers_db [None req-19ef31e6-b9f4-4524-9f61-233ae9f0b1ee 22165e82e85b47038d5e4c973809c3ac 363969c90b5d4636b34103ca5ae0b718 - - default default] Successfully bumped revision number for resource a33aff3b-8939-4ee4-93c9-ba4a118d26a4 (type: security_group_rules) to 0
2026-07-09 14:32:18.257 9 INFO neutron.db.ovn_revision_numbers_db [None req-19ef31e6-b9f4-4524-9f61-233ae9f0b1ee 22165e82e85b47038d5e4c973809c3ac 363969c90b5d4636b34103ca5ae0b718 - - default default] Successfully bumped revision number for resource b54b7057-1edf-4e1e-aaa4-5022d46385ba (type: security_group_rules) to 0
2026-07-09 14:32:18.280 9 INFO neutron.db.ovn_revision_numbers_db [None req-19ef31e6-b9f4-4524-9f61-233ae9f0b1ee 22165e82e85b47038d5e4c973809c3ac 363969c90b5d4636b34103ca5ae0b718 - - default default] Successfully bumped revision number for resource fd8ab48e-09fd-47d5-aa33-04729794ed06 (type: security_group_rules) to 0
2026-07-09 14:32:18.326 9 INFO neutron.wsgi [None req-19ef31e6-b9f4-4524-9f61-233ae9f0b1ee 22165e82e85b47038d5e4c973809c3ac 363969c90b5d4636b34103ca5ae0b718 - - default default] 10.0.0.84 "GET /v2.0/security-groups?tenant_id=820728efcb2f48a99f80d869f85a2e4d&name=default HTTP/1.1" status: 200 len: 2996 time: 0.4286222
2026-07-09 14:32:18.653 10 INFO neutron.notifiers.nova [-] Nova event matching ['req-0ed2843f-df75-4670-9902-b083ab68acd3'] response: {'server_uuid': 'f5f1b602-0309-4210-8752-dd49370b6321', 'name': 'network-vif-plugged', 'status': 'completed', 'tag': '3f723dd2-264c-4bb2-b521-502dfcf1f3b4', 'code': 200}
2026-07-09 14:32:18.679 9 INFO neutron.wsgi [None req-6acf2847-0fd4-410c-8829-104c58c2c5d7 b2c9045588c8453db673f4fa93ecf57b 27117f2646a941e69b836074d81c63a9 - - default default] 10.0.0.84 "DELETE /v2.0/routers/d676bbd2-de60-4cde-b88c-d5a8308f3d78 HTTP/1.1" status: 204 len: 168 time: 1.6824546
2026-07-09 14:32:18.717 9 INFO neutron.wsgi [None req-6cdf3ec7-0ba9-45e5-a472-ed31dae3b54a b2c9045588c8453db673f4fa93ecf57b 27117f2646a941e69b836074d81c63a9 - - default default] 10.0.0.84 "GET /v2.0/ports?device_id=d676bbd2-de60-4cde-b88c-d5a8308f3d78 HTTP/1.1" status: 200 len: 205 time: 0.0322173
2026-07-09 14:32:18.756 9 INFO neutron.api.v2.resource [None req-e0ab73d4-86f8-4d48-b8d9-1c8109dc5723 b2c9045588c8453db673f4fa93ecf57b 27117f2646a941e69b836074d81c63a9 - - default default] delete failed (client error): The resource could not be found.
2026-07-09 14:32:18.758 9 INFO neutron.wsgi [None req-e0ab73d4-86f8-4d48-b8d9-1c8109dc5723 b2c9045588c8453db673f4fa93ecf57b 27117f2646a941e69b836074d81c63a9 - - default default] 10.0.0.84 "DELETE /v2.0/routers/d676bbd2-de60-4cde-b88c-d5a8308f3d78 HTTP/1.1" status: 404 len: 336 time: 0.0318155
2026-07-09 14:32:18.801 9 INFO neutron.wsgi [None req-02bb0146-ec55-4184-923a-85dd5e824e23 b2c9045588c8453db673f4fa93ecf57b 27117f2646a941e69b836074d81c63a9 - - default default] 10.0.0.84 "GET /v2.0/ports?device_id=ec042e37-d693-4d90-9684-6fd43f77adb6 HTTP/1.1" status: 200 len: 205 time: 0.0368190
2026-07-09 14:32:18.839 9 INFO neutron.api.v2.resource [None req-3d5b7ab5-4f48-475a-875b-b47354657213 b2c9045588c8453db673f4fa93ecf57b 27117f2646a941e69b836074d81c63a9 - - default default] delete failed (client error): The resource could not be found.
2026-07-09 14:32:18.841 9 INFO neutron.wsgi [None req-3d5b7ab5-4f48-475a-875b-b47354657213 b2c9045588c8453db673f4fa93ecf57b 27117f2646a941e69b836074d81c63a9 - - default default] 10.0.0.84 "DELETE /v2.0/routers/ec042e37-d693-4d90-9684-6fd43f77adb6 HTTP/1.1" status: 404 len: 336 time: 0.0313172
2026-07-09 14:32:18.862 9 INFO neutron.pecan_wsgi.hooks.translation [None req-96dcabd4-e92b-428f-b348-eb89446b306f b2c9045588c8453db673f4fa93ecf57b 27117f2646a941e69b836074d81c63a9 - - default default] DELETE failed (client error): The resource could not be found.
2026-07-09 14:32:18.865 9 INFO neutron.wsgi [None req-96dcabd4-e92b-428f-b348-eb89446b306f b2c9045588c8453db673f4fa93ecf57b 27117f2646a941e69b836074d81c63a9 - - default default] 10.0.0.84 "DELETE /v2.0/subnets/8e7cdb1e-8e78-469f-8549-f90dea7d9f36 HTTP/1.1" status: 404 len: 337 time: 0.0206556
2026-07-09 14:32:18.895 9 INFO neutron.wsgi [None req-915e6047-f819-4b98-ad32-663bacc4abd3 b2c9045588c8453db673f4fa93ecf57b 27117f2646a941e69b836074d81c63a9 - - default default] 10.0.0.84 "GET /v2.0/ports?device_id=30c92c9e-3c3e-402f-a5b9-399aedc12709 HTTP/1.1" status: 200 len: 205 time: 0.0246460
2026-07-09 14:32:18.905 10 INFO neutron.db.l3_db [None req-3cee2cee-c234-4970-9874-1bec4835963d 30f4bfa4ba894a4988ee70202b9e10f3 8efbd699a1034ec3ad2f27012626dc0c - - default default] Floating IP 39767c39-5458-4932-9931-972beae63f35 associated. External IP: 10.96.250.216, port: 3f723dd2-264c-4bb2-b521-502dfcf1f3b4.
2026-07-09 14:32:18.929 9 INFO neutron.api.v2.resource [None req-36ed4307-c57a-49f6-8d82-f8e30a0fbc6a b2c9045588c8453db673f4fa93ecf57b 27117f2646a941e69b836074d81c63a9 - - default default] delete failed (client error): The resource could not be found.
2026-07-09 14:32:18.931 9 INFO neutron.wsgi [None req-36ed4307-c57a-49f6-8d82-f8e30a0fbc6a b2c9045588c8453db673f4fa93ecf57b 27117f2646a941e69b836074d81c63a9 - - default default] 10.0.0.84 "DELETE /v2.0/routers/30c92c9e-3c3e-402f-a5b9-399aedc12709 HTTP/1.1" status: 404 len: 336 time: 0.0313520
2026-07-09 14:32:18.952 9 INFO neutron.wsgi [None req-8976eb6b-7d33-403a-9ed4-ed723d8eee0b 22165e82e85b47038d5e4c973809c3ac 363969c90b5d4636b34103ca5ae0b718 - - default default] 10.0.0.84 "DELETE /v2.0/security-groups/4f9baa89-91d4-43f7-a94e-9216f61d7f91 HTTP/1.1" status: 204 len: 168 time: 0.6188142
2026-07-09 14:32:18.962 10 INFO neutron.pecan_wsgi.hooks.translation [None req-dea46731-da18-4947-8a22-609788fb24a9 b2c9045588c8453db673f4fa93ecf57b 27117f2646a941e69b836074d81c63a9 - - default default] DELETE failed (client error): The resource could not be found.
2026-07-09 14:32:18.966 10 INFO neutron.wsgi [None req-dea46731-da18-4947-8a22-609788fb24a9 b2c9045588c8453db673f4fa93ecf57b 27117f2646a941e69b836074d81c63a9 - - default default] 10.0.0.84 "DELETE /v2.0/subnets/51640f3a-bc55-4e22-b842-0c07bed11c62 HTTP/1.1" status: 404 len: 337 time: 0.0258372
2026-07-09 14:32:18.999 9 INFO neutron.wsgi [None req-b1abcf8b-10a7-4fc0-911f-2ab8189df95b b2c9045588c8453db673f4fa93ecf57b 27117f2646a941e69b836074d81c63a9 - - default default] 10.0.0.84 "GET /v2.0/ports?device_id=44944dbc-2e27-4098-924d-357c369909d0 HTTP/1.1" status: 200 len: 205 time: 0.0267336
2026-07-09 14:32:19.035 9 INFO neutron.api.v2.resource [None req-52a62d25-4638-4d2e-9fc8-7dcc57d91c58 b2c9045588c8453db673f4fa93ecf57b 27117f2646a941e69b836074d81c63a9 - - default default] delete failed (client error): The resource could not be found.
2026-07-09 14:32:19.037 9 INFO neutron.wsgi [None req-52a62d25-4638-4d2e-9fc8-7dcc57d91c58 b2c9045588c8453db673f4fa93ecf57b 27117f2646a941e69b836074d81c63a9 - - default default] 10.0.0.84 "DELETE /v2.0/routers/44944dbc-2e27-4098-924d-357c369909d0 HTTP/1.1" status: 404 len: 336 time: 0.0333383
2026-07-09 14:32:19.069 9 INFO neutron.pecan_wsgi.hooks.translation [None req-e2ee5635-1909-4de5-bc3b-5a11edff1cf9 b2c9045588c8453db673f4fa93ecf57b 27117f2646a941e69b836074d81c63a9 - - default default] DELETE failed (client error): The resource could not be found.
2026-07-09 14:32:19.073 9 INFO neutron.wsgi [None req-e2ee5635-1909-4de5-bc3b-5a11edff1cf9 b2c9045588c8453db673f4fa93ecf57b 27117f2646a941e69b836074d81c63a9 - - default default] 10.0.0.84 "DELETE /v2.0/subnets/551bbfc6-2437-43d2-8654-618eef62ac87 HTTP/1.1" status: 404 len: 337 time: 0.0295169
2026-07-09 14:32:19.102 9 INFO neutron.pecan_wsgi.hooks.translation [None req-6aaf0962-0a58-46d4-9ca1-90548bbb600d b2c9045588c8453db673f4fa93ecf57b 27117f2646a941e69b836074d81c63a9 - - default default] DELETE failed (client error): The resource could not be found.
2026-07-09 14:32:19.106 9 INFO neutron.wsgi [None req-6aaf0962-0a58-46d4-9ca1-90548bbb600d b2c9045588c8453db673f4fa93ecf57b 27117f2646a941e69b836074d81c63a9 - - default default] 10.0.0.84 "DELETE /v2.0/subnets/8146acdf-7071-4ade-b066-47aa72369542 HTTP/1.1" status: 404 len: 337 time: 0.0275126
2026-07-09 14:32:19.216 10 INFO neutron.db.ovn_revision_numbers_db [None req-3cee2cee-c234-4970-9874-1bec4835963d 30f4bfa4ba894a4988ee70202b9e10f3 8efbd699a1034ec3ad2f27012626dc0c - - default default] Successfully bumped revision number for resource 39767c39-5458-4932-9931-972beae63f35 (type: floatingips) to 1
2026-07-09 14:32:19.379 10 INFO neutron.db.ovn_revision_numbers_db [None req-3cee2cee-c234-4970-9874-1bec4835963d 30f4bfa4ba894a4988ee70202b9e10f3 8efbd699a1034ec3ad2f27012626dc0c - - default default] Successfully bumped revision number for resource 39767c39-5458-4932-9931-972beae63f35 (type: floatingips) to 2
2026-07-09 14:32:19.415 10 INFO neutron.wsgi [None req-3cee2cee-c234-4970-9874-1bec4835963d 30f4bfa4ba894a4988ee70202b9e10f3 8efbd699a1034ec3ad2f27012626dc0c - - default default] 10.0.0.84 "PUT /v2.0/floatingips/39767c39-5458-4932-9931-972beae63f35 HTTP/1.1" status: 200 len: 1049 time: 1.2821538 /var/lib/openstack/lib/python3.10/site-packages/pycadf/identifier.py:71: UserWarning: Invalid uuid: neutron. To ensure interoperability, identifiers should be a valid uuid. warnings.warn(('Invalid uuid: %s. To ensure interoperability, '
2026-07-09 14:32:19.544 10 INFO neutron.wsgi [req-52a48859-7223-47d7-8fcd-f9b92a423b9a req-d1bef8ae-4699-4f9d-a601-537960d02ef4 30f4bfa4ba894a4988ee70202b9e10f3 8efbd699a1034ec3ad2f27012626dc0c - - default default] 10.0.0.128 "GET /v2.0/ports?device_id=f5f1b602-0309-4210-8752-dd49370b6321 HTTP/1.1" status: 200 len: 1170 time: 0.0677524
2026-07-09 14:32:19.596 10 INFO neutron.wsgi [req-52a48859-7223-47d7-8fcd-f9b92a423b9a req-ab863edd-6690-4cd5-9738-4a0ae5182fd7 30f4bfa4ba894a4988ee70202b9e10f3 8efbd699a1034ec3ad2f27012626dc0c - - default default] 10.0.0.128 "GET /v2.0/security-groups?id=9969eea1-abab-4ffc-9657-f3853b9e77c4&fields=id&fields=name HTTP/1.1" status: 200 len: 313 time: 0.0450811
2026-07-09 14:32:19.783 9 INFO neutron.db.ovn_revision_numbers_db [None req-de7fc0e9-be07-4d5f-a0e7-1df1893c6135 22165e82e85b47038d5e4c973809c3ac 363969c90b5d4636b34103ca5ae0b718 - - default default] Successfully bumped revision number for resource 247ba84b-aa68-43bb-a8fa-3dc66552bcf9 (type: security_groups) to 1
2026-07-09 14:32:19.801 9 INFO neutron.db.ovn_revision_numbers_db [None req-de7fc0e9-be07-4d5f-a0e7-1df1893c6135 22165e82e85b47038d5e4c973809c3ac 363969c90b5d4636b34103ca5ae0b718 - - default default] Successfully bumped revision number for resource 0bf2f174-4b48-4b33-bc16-03493a70c3fd (type: security_group_rules) to 0
2026-07-09 14:32:19.818 9 INFO neutron.db.ovn_revision_numbers_db [None req-de7fc0e9-be07-4d5f-a0e7-1df1893c6135 22165e82e85b47038d5e4c973809c3ac 363969c90b5d4636b34103ca5ae0b718 - - default default] Successfully bumped revision number for resource 4fdacc18-70d4-4115-9f52-a5133bf55781 (type: security_group_rules) to 0
2026-07-09 14:32:19.835 10 INFO neutron.wsgi [None req-f1be64a1-eacc-4f30-8825-cc0572984026 22165e82e85b47038d5e4c973809c3ac 363969c90b5d4636b34103ca5ae0b718 - - default default] 10.0.0.84 "GET /v2.0/security-groups?tenant_id=27117f2646a941e69b836074d81c63a9&name=default HTTP/1.1" status: 200 len: 2996 time: 0.1436183
2026-07-09 14:32:19.836 9 INFO neutron.db.ovn_revision_numbers_db [None req-de7fc0e9-be07-4d5f-a0e7-1df1893c6135 22165e82e85b47038d5e4c973809c3ac 363969c90b5d4636b34103ca5ae0b718 - - default default] Successfully bumped revision number for resource 5f54bf67-69ee-4f09-bc91-587d210bac23 (type: security_group_rules) to 0
2026-07-09 14:32:19.870 9 INFO neutron.db.ovn_revision_numbers_db [None req-de7fc0e9-be07-4d5f-a0e7-1df1893c6135 22165e82e85b47038d5e4c973809c3ac 363969c90b5d4636b34103ca5ae0b718 - - default default] Successfully bumped revision number for resource b79b44e4-5af2-4efd-b4cf-ae770a776fc7 (type: security_group_rules) to 0
2026-07-09 14:32:19.938 9 INFO neutron.db.segments_db [None req-de7fc0e9-be07-4d5f-a0e7-1df1893c6135 22165e82e85b47038d5e4c973809c3ac 363969c90b5d4636b34103ca5ae0b718 - - default default] Added segment f525978e-b2c2-4b72-bf19-04d0475350c1 of type geneve for network 93c27141-a28d-4c14-b2de-02d0b51456b4
2026-07-09 14:32:19.968 10 INFO neutron.plugins.ml2.drivers.ovn.mech_driver.mech_driver [None req-cefe73ac-bf6f-42ae-8ae1-ec5443b32fb1 - - - - - -] OVN reports status down for port: 3f723dd2-264c-4bb2-b521-502dfcf1f3b4
2026-07-09 14:32:20.020 10 INFO neutron.wsgi [req-2b98d302-2c40-496d-a763-3a791efb0b27 req-6bcf5f17-3cfb-42ad-be21-ab96d67797bd 30f4bfa4ba894a4988ee70202b9e10f3 8efbd699a1034ec3ad2f27012626dc0c - - default default] 10.0.0.128 "GET /v2.0/ports?device_id=f5f1b602-0309-4210-8752-dd49370b6321 HTTP/1.1" status: 200 len: 1170 time: 0.0933068
2026-07-09 14:32:20.118 10 INFO neutron.wsgi [req-2b98d302-2c40-496d-a763-3a791efb0b27 req-f84abe3f-a92b-41e7-9c5b-4e6909c44ad0 30f4bfa4ba894a4988ee70202b9e10f3 8efbd699a1034ec3ad2f27012626dc0c - - default default] 10.0.0.128 "GET /v2.0/security-groups?id=9969eea1-abab-4ffc-9657-f3853b9e77c4&fields=id&fields=name HTTP/1.1" status: 200 len: 313 time: 0.0890973
2026-07-09 14:32:20.139 9 WARNING neutron.plugins.ml2.drivers.ovn.mech_driver.ovsdb.ovn_client [None req-c60e288d-308e-40bc-ae3b-5ea198d3e5e5 - - - - - -] No port found with ID 2c0ecfac-8ab2-4d92-bd01-92c8d251c7b1: RuntimeError: No port found with ID 2c0ecfac-8ab2-4d92-bd01-92c8d251c7b1
2026-07-09 14:32:20.200 9 INFO neutron.db.ovn_revision_numbers_db [None req-de7fc0e9-be07-4d5f-a0e7-1df1893c6135 22165e82e85b47038d5e4c973809c3ac 363969c90b5d4636b34103ca5ae0b718 - - default default] Successfully bumped revision number for resource 93c27141-a28d-4c14-b2de-02d0b51456b4 (type: networks) to 1
2026-07-09 14:32:20.212 10 INFO neutron.wsgi [None req-0bedbe8a-b81b-4b28-bff7-347a0654ebbf 22165e82e85b47038d5e4c973809c3ac 363969c90b5d4636b34103ca5ae0b718 - - default default] 10.0.0.84 "DELETE /v2.0/security-groups/ee4857b9-a779-463d-9679-c00d1224269f HTTP/1.1" status: 204 len: 168 time: 0.3733308
2026-07-09 14:32:20.424 10 INFO neutron.db.ovn_revision_numbers_db [None req-cefe73ac-bf6f-42ae-8ae1-ec5443b32fb1 - - - - - -] Successfully bumped revision number for resource 3f723dd2-264c-4bb2-b521-502dfcf1f3b4 (type: ports) to 5
2026-07-09 14:32:20.438 9 INFO neutron.wsgi [req-8c5049d4-24fd-4ea5-a378-87043bb6c46c req-95a72bb6-25a6-467a-a542-f252659469a5 30f4bfa4ba894a4988ee70202b9e10f3 8efbd699a1034ec3ad2f27012626dc0c - - default default] 199.19.213.105 "GET /v2.0/ports?device_id=f5f1b602-0309-4210-8752-dd49370b6321 HTTP/1.1" status: 200 len: 1168 time: 0.1745081
2026-07-09 14:32:20.486 9 WARNING neutron.scheduler.dhcp_agent_scheduler [None req-de7fc0e9-be07-4d5f-a0e7-1df1893c6135 22165e82e85b47038d5e4c973809c3ac 363969c90b5d4636b34103ca5ae0b718 - - default default] No more DHCP agents
2026-07-09 14:32:20.491 9 WARNING neutron.api.rpc.agentnotifiers.dhcp_rpc_agent_api [None req-de7fc0e9-be07-4d5f-a0e7-1df1893c6135 22165e82e85b47038d5e4c973809c3ac 363969c90b5d4636b34103ca5ae0b718 - - default default] Unable to schedule network 93c27141-a28d-4c14-b2de-02d0b51456b4: no agents available; will retry on subsequent port and subnet creation events.
2026-07-09 14:32:20.651 9 INFO neutron.db.ovn_revision_numbers_db [None req-de7fc0e9-be07-4d5f-a0e7-1df1893c6135 22165e82e85b47038d5e4c973809c3ac 363969c90b5d4636b34103ca5ae0b718 - - default default] Successfully bumped revision number for resource b32c5f9f-acfa-4383-9926-ad6039e0c468 (type: ports) to 1
2026-07-09 14:32:20.692 9 INFO neutron.wsgi [None req-de7fc0e9-be07-4d5f-a0e7-1df1893c6135 22165e82e85b47038d5e4c973809c3ac 363969c90b5d4636b34103ca5ae0b718 - - default default] 10.0.0.84 "POST /v2.0/networks HTTP/1.1" status: 201 len: 942 time: 1.4192820
2026-07-09 14:32:20.702 10 INFO neutron.notifiers.nova [-] Nova event matching ['req-9f264e71-bd51-4935-900c-de9e93c36b9d'] response: {'name': 'network-changed', 'server_uuid': 'f5f1b602-0309-4210-8752-dd49370b6321', 'tag': '3f723dd2-264c-4bb2-b521-502dfcf1f3b4', 'status': 'completed', 'code': 200}
2026-07-09 14:32:20.702 10 INFO neutron.notifiers.nova [-] Nova event matching ['req-9f264e71-bd51-4935-900c-de9e93c36b9d'] response: {'server_uuid': 'f5f1b602-0309-4210-8752-dd49370b6321', 'name': 'network-vif-unplugged', 'status': 'completed', 'tag': '3f723dd2-264c-4bb2-b521-502dfcf1f3b4', 'code': 200}
2026-07-09 14:32:20.702 10 INFO neutron.notifiers.nova [-] Nova event matching ['req-9f264e71-bd51-4935-900c-de9e93c36b9d'] response: {'server_uuid': 'f5f1b602-0309-4210-8752-dd49370b6321', 'name': 'network-vif-plugged', 'status': 'completed', 'tag': '3f723dd2-264c-4bb2-b521-502dfcf1f3b4', 'code': 200} /var/lib/openstack/lib/python3.10/site-packages/pycadf/identifier.py:71: UserWarning: Invalid uuid: neutron. To ensure interoperability, identifiers should be a valid uuid. warnings.warn(('Invalid uuid: %s. To ensure interoperability, '
2026-07-09 14:32:20.811 10 INFO neutron.wsgi [req-51087dea-8983-41c0-b4a5-127357b4c474 req-7eb92c1e-fc27-4725-9289-1de3ca389aef 1d5fcf759944402684510e42b4778f58 db2e5f1105f74b2fa122d3dd783d2b5f - - 74f1ce842aef429182ec85dbc71b8ded 74f1ce842aef429182ec85dbc71b8ded] 199.19.213.105 "GET /v2.0/ports?tenant_id=8efbd699a1034ec3ad2f27012626dc0c&device_id=f5f1b602-0309-4210-8752-dd49370b6321 HTTP/1.1" status: 200 len: 1407 time: 0.0852637
2026-07-09 14:32:20.914 10 INFO neutron.wsgi [req-51087dea-8983-41c0-b4a5-127357b4c474 req-a3712deb-963d-4db2-a384-f0971aa66408 1d5fcf759944402684510e42b4778f58 db2e5f1105f74b2fa122d3dd783d2b5f - - 74f1ce842aef429182ec85dbc71b8ded 74f1ce842aef429182ec85dbc71b8ded] 199.19.213.105 "GET /v2.0/networks?id=ce16bbb1-f223-4be9-ae6d-767c49903dee HTTP/1.1" status: 200 len: 977 time: 0.0973864
2026-07-09 14:32:20.920 9 INFO neutron.db.l3_db [req-8c5049d4-24fd-4ea5-a378-87043bb6c46c req-88393877-1969-41e6-8f29-574e80cea269 30f4bfa4ba894a4988ee70202b9e10f3 8efbd699a1034ec3ad2f27012626dc0c - - default default] Floating IP 39767c39-5458-4932-9931-972beae63f35 disassociated. External IP: 10.96.250.216, port: 3f723dd2-264c-4bb2-b521-502dfcf1f3b4.
2026-07-09 14:32:21.048 10 INFO neutron.wsgi [req-51087dea-8983-41c0-b4a5-127357b4c474 req-5813bbfb-ebcd-4cc7-ab26-51e483f75d6c 1d5fcf759944402684510e42b4778f58 db2e5f1105f74b2fa122d3dd783d2b5f - - 74f1ce842aef429182ec85dbc71b8ded 74f1ce842aef429182ec85dbc71b8ded] 199.19.213.105 "GET /v2.0/floatingips?fixed_ip_address=10.100.0.3&port_id=3f723dd2-264c-4bb2-b521-502dfcf1f3b4 HTTP/1.1" status: 200 len: 1057 time: 0.1215804 /var/lib/openstack/lib/python3.10/site-packages/pycadf/identifier.py:71: UserWarning: Invalid uuid: neutron. To ensure interoperability, identifiers should be a valid uuid. warnings.warn(('Invalid uuid: %s. To ensure interoperability, '
2026-07-09 14:32:21.082 10 WARNING neutron.scheduler.dhcp_agent_scheduler [None req-ad0fb65c-caee-46a9-891a-fc9e3c16f857 22165e82e85b47038d5e4c973809c3ac 363969c90b5d4636b34103ca5ae0b718 - - default default] No more DHCP agents
2026-07-09 14:32:21.087 10 WARNING neutron.api.rpc.agentnotifiers.dhcp_rpc_agent_api [None req-ad0fb65c-caee-46a9-891a-fc9e3c16f857 22165e82e85b47038d5e4c973809c3ac 363969c90b5d4636b34103ca5ae0b718 - - default default] Unable to schedule network 93c27141-a28d-4c14-b2de-02d0b51456b4: no agents available; will retry on subsequent port and subnet creation events.
2026-07-09 14:32:21.142 10 INFO neutron.wsgi [req-51087dea-8983-41c0-b4a5-127357b4c474 req-c2877b80-0408-400b-894a-3e82f83f2da7 1d5fcf759944402684510e42b4778f58 db2e5f1105f74b2fa122d3dd783d2b5f - - 74f1ce842aef429182ec85dbc71b8ded 74f1ce842aef429182ec85dbc71b8ded] 199.19.213.105 "GET /v2.0/subnets?id=d269bfca-c44c-423a-a461-6439fff60165 HTTP/1.1" status: 200 len: 872 time: 0.0876496
2026-07-09 14:32:21.170 9 INFO neutron.wsgi [req-8c5049d4-24fd-4ea5-a378-87043bb6c46c req-88393877-1969-41e6-8f29-574e80cea269 30f4bfa4ba894a4988ee70202b9e10f3 8efbd699a1034ec3ad2f27012626dc0c - - default default] 199.19.213.105 "DELETE /v2.0/ports/3f723dd2-264c-4bb2-b521-502dfcf1f3b4 HTTP/1.1" status: 204 len: 173 time: 0.7203586
2026-07-09 14:32:21.198 10 INFO neutron.wsgi [req-51087dea-8983-41c0-b4a5-127357b4c474 req-396d0b38-21f7-4efd-a1b3-e0f69925d5ca 1d5fcf759944402684510e42b4778f58 db2e5f1105f74b2fa122d3dd783d2b5f - - 74f1ce842aef429182ec85dbc71b8ded 74f1ce842aef429182ec85dbc71b8ded] 199.19.213.105 "GET /v2.0/ports?network_id=ce16bbb1-f223-4be9-ae6d-767c49903dee&device_owner=network%3Adhcp HTTP/1.1" status: 200 len: 210 time: 0.0492024
2026-07-09 14:32:21.231 9 INFO neutron.notifiers.nova [-] Nova event matching ['req-53844251-3d58-4183-90c5-947a396cf58c'] response: {'server_uuid': 'f5f1b602-0309-4210-8752-dd49370b6321', 'name': 'network-vif-deleted', 'tag': '3f723dd2-264c-4bb2-b521-502dfcf1f3b4', 'status': 'completed', 'code': 200}
2026-07-09 14:32:21.251 10 INFO neutron.wsgi [req-a766c07c-8702-4de7-a3d7-fe5ac427a71d req-f69dddbc-9629-4019-a639-78e5ab730aa3 30f4bfa4ba894a4988ee70202b9e10f3 8efbd699a1034ec3ad2f27012626dc0c - - default default] 10.0.0.128 "GET /v2.0/ports?device_id=f5f1b602-0309-4210-8752-dd49370b6321 HTTP/1.1" status: 200 len: 210 time: 0.0498106
2026-07-09 14:32:21.344 10 INFO neutron.wsgi [req-51087dea-8983-41c0-b4a5-127357b4c474 req-1f4810d4-7c74-4844-b35e-bce2af70b1eb 1d5fcf759944402684510e42b4778f58 db2e5f1105f74b2fa122d3dd783d2b5f - - 74f1ce842aef429182ec85dbc71b8ded 74f1ce842aef429182ec85dbc71b8ded] 199.19.213.105 "GET /v2.0/networks/ce16bbb1-f223-4be9-ae6d-767c49903dee?fields=segments HTTP/1.1" status: 200 len: 212 time: 0.1319530
2026-07-09 14:32:21.463 10 INFO neutron.wsgi [req-51087dea-8983-41c0-b4a5-127357b4c474 req-069a36dc-0895-4bf4-a699-79921969fb63 1d5fcf759944402684510e42b4778f58 db2e5f1105f74b2fa122d3dd783d2b5f - - 74f1ce842aef429182ec85dbc71b8ded 74f1ce842aef429182ec85dbc71b8ded] 199.19.213.105 "GET /v2.0/networks/ce16bbb1-f223-4be9-ae6d-767c49903dee?fields=provider%3Aphysical_network&fields=provider%3Anetwork_type HTTP/1.1" status: 200 len: 277 time: 0.1077151
2026-07-09 14:32:21.928 10 INFO neutron.db.ovn_revision_numbers_db [None req-ad0fb65c-caee-46a9-891a-fc9e3c16f857 22165e82e85b47038d5e4c973809c3ac 363969c90b5d4636b34103ca5ae0b718 - - default default] Successfully bumped revision number for resource b32c5f9f-acfa-4383-9926-ad6039e0c468 (type: ports) to 2
2026-07-09 14:32:21.970 10 INFO neutron.db.ovn_revision_numbers_db [None req-ad0fb65c-caee-46a9-891a-fc9e3c16f857 22165e82e85b47038d5e4c973809c3ac 363969c90b5d4636b34103ca5ae0b718 - - default default] Successfully bumped revision number for resource 0f9a4077-726f-4bb6-926f-ae08877359b9 (type: subnets) to 0
2026-07-09 14:32:21.989 10 INFO neutron.wsgi [None req-ad0fb65c-caee-46a9-891a-fc9e3c16f857 22165e82e85b47038d5e4c973809c3ac 363969c90b5d4636b34103ca5ae0b718 - - default default] 10.0.0.84 "POST /v2.0/subnets HTTP/1.1" status: 201 len: 862 time: 1.2918239
2026-07-09 14:32:22.322 10 INFO neutron.db.ovn_revision_numbers_db [None req-f2024d6f-03bd-4646-8e9c-a5a1ce73136e 22165e82e85b47038d5e4c973809c3ac 363969c90b5d4636b34103ca5ae0b718 - - default default] Successfully bumped revision number for resource 5a81bacd-ef6c-4ab8-9c55-657905f4c3e3 (type: security_groups) to 1
2026-07-09 14:32:22.353 10 INFO neutron.db.ovn_revision_numbers_db [None req-f2024d6f-03bd-4646-8e9c-a5a1ce73136e 22165e82e85b47038d5e4c973809c3ac 363969c90b5d4636b34103ca5ae0b718 - - default default] Successfully bumped revision number for resource 2f6960c5-bcf6-40b3-9741-8f6e0d228ab5 (type: security_group_rules) to 0
2026-07-09 14:32:22.377 10 INFO neutron.db.ovn_revision_numbers_db [None req-f2024d6f-03bd-4646-8e9c-a5a1ce73136e 22165e82e85b47038d5e4c973809c3ac 363969c90b5d4636b34103ca5ae0b718 - - default default] Successfully bumped revision number for resource 9a5a2373-ab87-4188-8b7b-06ccc477837a (type: security_group_rules) to 0
2026-07-09 14:32:22.397 10 INFO neutron.db.ovn_revision_numbers_db [None req-f2024d6f-03bd-4646-8e9c-a5a1ce73136e 22165e82e85b47038d5e4c973809c3ac 363969c90b5d4636b34103ca5ae0b718 - - default default] Successfully bumped revision number for resource b841a78d-1334-46a0-990b-b8c63e9fafe1 (type: security_group_rules) to 0
2026-07-09 14:32:22.400 9 WARNING neutron_lib.context [None req-88d8e993-e06a-46d9-917e-f99780245347 3c25b10b56244724a6162dc5327c2365 314f1dba1b3a481890cad9000c97283a - - default default] Method 'is_advsvc' is deprecated since 2023.2 release (neutron-lib 3.8.0) and will be removed once support for the old RBAC API policies will be removed from Neutron. Please use method 'is_service_role' instead.
2026-07-09 14:32:22.422 10 INFO neutron.db.ovn_revision_numbers_db [None req-f2024d6f-03bd-4646-8e9c-a5a1ce73136e 22165e82e85b47038d5e4c973809c3ac 363969c90b5d4636b34103ca5ae0b718 - - default default] Successfully bumped revision number for resource e1aeedad-38d3-403c-8b75-1d74cbacbee1 (type: security_group_rules) to 0
2026-07-09 14:32:22.462 10 INFO neutron.wsgi [None req-f2024d6f-03bd-4646-8e9c-a5a1ce73136e 22165e82e85b47038d5e4c973809c3ac 363969c90b5d4636b34103ca5ae0b718 - - default default] 10.0.0.84 "GET /v2.0/security-groups?tenant_id=70a78b75a318475b93e1072c238bead5&name=default HTTP/1.1" status: 200 len: 2996 time: 0.7047820
2026-07-09 14:32:22.526 9 INFO neutron.wsgi [None req-db472dab-c04f-491b-90b2-62510638a4c3 30f4bfa4ba894a4988ee70202b9e10f3 8efbd699a1034ec3ad2f27012626dc0c - - default default] 10.0.0.84 "DELETE /v2.0/security-groups/9969eea1-abab-4ffc-9657-f3853b9e77c4 HTTP/1.1" status: 204 len: 168 time: 0.1852424
2026-07-09 14:32:22.572 10 INFO neutron.api.v2.resource [None req-90a1616b-36bd-431d-8867-0eae371a6fa4 30f4bfa4ba894a4988ee70202b9e10f3 8efbd699a1034ec3ad2f27012626dc0c - - default default] show failed (client error): The resource could not be found.
2026-07-09 14:32:22.574 10 INFO neutron.wsgi [None req-90a1616b-36bd-431d-8867-0eae371a6fa4 30f4bfa4ba894a4988ee70202b9e10f3 8efbd699a1034ec3ad2f27012626dc0c - - default default] 10.0.0.84 "GET /v2.0/security-groups/9969eea1-abab-4ffc-9657-f3853b9e77c4 HTTP/1.1" status: 404 len: 347 time: 0.0348570
2026-07-09 14:32:22.589 9 INFO neutron.db.ovn_revision_numbers_db [None req-88d8e993-e06a-46d9-917e-f99780245347 3c25b10b56244724a6162dc5327c2365 314f1dba1b3a481890cad9000c97283a - - default default] Successfully bumped revision number for resource a2694216-2006-4dc6-9d20-487fcb25c82d (type: security_groups) to 1
2026-07-09 14:32:22.634 9 INFO neutron.db.ovn_revision_numbers_db [None req-88d8e993-e06a-46d9-917e-f99780245347 3c25b10b56244724a6162dc5327c2365 314f1dba1b3a481890cad9000c97283a - - default default] Successfully bumped revision number for resource 16482753-b540-4ecb-bcac-1711d0be508f (type: security_group_rules) to 0
2026-07-09 14:32:22.660 9 INFO neutron.db.ovn_revision_numbers_db [None req-88d8e993-e06a-46d9-917e-f99780245347 3c25b10b56244724a6162dc5327c2365 314f1dba1b3a481890cad9000c97283a - - default default] Successfully bumped revision number for resource 30153387-d773-400d-bae7-572511d3747c (type: security_group_rules) to 0
2026-07-09 14:32:22.678 10 WARNING neutron.scheduler.dhcp_agent_scheduler [None req-2e8f6974-1191-4769-93d3-9c3c34ef38a8 22165e82e85b47038d5e4c973809c3ac 363969c90b5d4636b34103ca5ae0b718 - - default default] No more DHCP agents
2026-07-09 14:32:22.684 10 WARNING neutron.api.rpc.agentnotifiers.dhcp_rpc_agent_api [None req-2e8f6974-1191-4769-93d3-9c3c34ef38a8 22165e82e85b47038d5e4c973809c3ac 363969c90b5d4636b34103ca5ae0b718 - - default default] Unable to schedule network fd0d37e1-c0ea-4337-a781-cd50773bb850: no agents available; will retry on subsequent port and subnet creation events.
2026-07-09 14:32:22.686 9 INFO neutron.db.ovn_revision_numbers_db [None req-88d8e993-e06a-46d9-917e-f99780245347 3c25b10b56244724a6162dc5327c2365 314f1dba1b3a481890cad9000c97283a - - default default] Successfully bumped revision number for resource 7a4cc450-7510-48f2-85be-c6f6b274b160 (type: security_group_rules) to 0
2026-07-09 14:32:22.710 9 INFO neutron.db.ovn_revision_numbers_db [None req-88d8e993-e06a-46d9-917e-f99780245347 3c25b10b56244724a6162dc5327c2365 314f1dba1b3a481890cad9000c97283a - - default default] Successfully bumped revision number for resource a0999621-bc6a-4c29-8e1c-d2770c7acccc (type: security_group_rules) to 0
2026-07-09 14:32:22.886 9 INFO neutron.db.ovn_revision_numbers_db [None req-88d8e993-e06a-46d9-917e-f99780245347 3c25b10b56244724a6162dc5327c2365 314f1dba1b3a481890cad9000c97283a - - default default] Successfully bumped revision number for resource e4604eb2-8bab-4368-8544-21a8ee703dad (type: security_groups) to 1
2026-07-09 14:32:22.904 9 INFO neutron.db.ovn_revision_numbers_db [None req-88d8e993-e06a-46d9-917e-f99780245347 3c25b10b56244724a6162dc5327c2365 314f1dba1b3a481890cad9000c97283a - - default default] Successfully bumped revision number for resource af380b8c-17f4-4360-ac02-5f024ed5b6ec (type: security_group_rules) to 0
2026-07-09 14:32:22.933 9 INFO neutron.db.ovn_revision_numbers_db [None req-88d8e993-e06a-46d9-917e-f99780245347 3c25b10b56244724a6162dc5327c2365 314f1dba1b3a481890cad9000c97283a - - default default] Successfully bumped revision number for resource fedc7f23-1ba2-44ac-b551-70ff2c692009 (type: security_group_rules) to 0
2026-07-09 14:32:22.950 10 INFO neutron.wsgi [None req-bcac9240-f471-4f44-8928-09954c72b978 22165e82e85b47038d5e4c973809c3ac 363969c90b5d4636b34103ca5ae0b718 - - default default] 10.0.0.84 "DELETE /v2.0/security-groups/5a81bacd-ef6c-4ab8-9c55-657905f4c3e3 HTTP/1.1" status: 204 len: 168 time: 0.4825141
2026-07-09 14:32:22.957 10 INFO neutron.db.ovn_revision_numbers_db [None req-2e8f6974-1191-4769-93d3-9c3c34ef38a8 22165e82e85b47038d5e4c973809c3ac 363969c90b5d4636b34103ca5ae0b718 - - default default] Successfully bumped revision number for resource 53d6ea68-9b90-4721-947f-23c944aa6231 (type: ports) to 1
2026-07-09 14:32:22.963 9 INFO neutron.wsgi [None req-88d8e993-e06a-46d9-917e-f99780245347 3c25b10b56244724a6162dc5327c2365 314f1dba1b3a481890cad9000c97283a - - default default] 10.0.0.84 "POST /v2.0/security-groups HTTP/1.1" status: 201 len: 1761 time: 0.7111673
2026-07-09 14:32:23.031 9 INFO neutron.wsgi [None req-8ba0a180-a5ee-42dd-b7ea-f50c2caf0273 3c25b10b56244724a6162dc5327c2365 314f1dba1b3a481890cad9000c97283a - - default default] 10.0.0.84 "GET /v2.0/security-groups HTTP/1.1" status: 200 len: 4539 time: 0.0568089
2026-07-09 14:32:23.075 9 INFO neutron.wsgi [None req-04f453f6-8e8f-48c5-84bc-8e8554349356 30f4bfa4ba894a4988ee70202b9e10f3 8efbd699a1034ec3ad2f27012626dc0c - - default default] 10.0.0.84 "DELETE /v2.0/floatingips/39767c39-5458-4932-9931-972beae63f35 HTTP/1.1" status: 204 len: 168 time: 0.4930656
2026-07-09 14:32:23.220 10 INFO neutron.db.ovn_revision_numbers_db [None req-01fee658-fbd4-429f-b6d5-0f64e3f3434f 3c25b10b56244724a6162dc5327c2365 314f1dba1b3a481890cad9000c97283a - - default default] Successfully bumped revision number for resource e4604eb2-8bab-4368-8544-21a8ee703dad (type: security_groups) to 2
2026-07-09 14:32:23.224 10 INFO neutron.wsgi [None req-01fee658-fbd4-429f-b6d5-0f64e3f3434f 3c25b10b56244724a6162dc5327c2365 314f1dba1b3a481890cad9000c97283a - - default default] 10.0.0.84 "PUT /v2.0/security-groups/e4604eb2-8bab-4368-8544-21a8ee703dad HTTP/1.1" status: 200 len: 1795 time: 0.1851094
2026-07-09 14:32:23.278 9 INFO neutron.wsgi [None req-a7deb16e-e47f-4295-a1cc-44be01f1ebb8 3c25b10b56244724a6162dc5327c2365 314f1dba1b3a481890cad9000c97283a - - default default] 10.0.0.84 "GET /v2.0/security-groups/e4604eb2-8bab-4368-8544-21a8ee703dad HTTP/1.1" status: 200 len: 1795 time: 0.0489523
2026-07-09 14:32:23.468 9 INFO neutron.wsgi [None req-45384bc9-a558-403a-835a-28e182ca95ab 3c25b10b56244724a6162dc5327c2365 314f1dba1b3a481890cad9000c97283a - - default default] 10.0.0.84 "DELETE /v2.0/security-groups/e4604eb2-8bab-4368-8544-21a8ee703dad HTTP/1.1" status: 204 len: 168 time: 0.1848218
2026-07-09 14:32:23.547 10 INFO neutron.wsgi [None req-881d93d6-1d3f-486a-9863-eb9ef9c2df41 3c25b10b56244724a6162dc5327c2365 314f1dba1b3a481890cad9000c97283a - - default default] 10.0.0.84 "GET /v2.0/security-groups HTTP/1.1" status: 200 len: 2996 time: 0.0750904
2026-07-09 14:32:23.575 10 INFO neutron.api.v2.resource [None req-e68502fe-7b45-4532-a69e-2c4b46931013 3c25b10b56244724a6162dc5327c2365 314f1dba1b3a481890cad9000c97283a - - default default] delete failed (client error): The resource could not be found.
2026-07-09 14:32:23.577 10 INFO neutron.wsgi [None req-e68502fe-7b45-4532-a69e-2c4b46931013 3c25b10b56244724a6162dc5327c2365 314f1dba1b3a481890cad9000c97283a - - default default] 10.0.0.84 "DELETE /v2.0/security-groups/e4604eb2-8bab-4368-8544-21a8ee703dad HTTP/1.1" status: 404 len: 347 time: 0.0144753
2026-07-09 14:32:23.588 10 WARNING neutron_lib.context [None req-9d8bf50d-f8e9-4367-8119-2fab37506b6f 3c25b10b56244724a6162dc5327c2365 314f1dba1b3a481890cad9000c97283a - - default default] Method 'is_advsvc' is deprecated since 2023.2 release (neutron-lib 3.8.0) and will be removed once support for the old RBAC API policies will be removed from Neutron. Please use method 'is_service_role' instead.
2026-07-09 14:32:23.725 10 INFO neutron.plugins.ml2.drivers.ovn.mech_driver.mech_driver [None req-cefe73ac-bf6f-42ae-8ae1-ec5443b32fb1 - - - - - -] OVN reports status up for port: 53d6ea68-9b90-4721-947f-23c944aa6231
2026-07-09 14:32:23.738 9 INFO neutron.plugins.ml2.drivers.ovn.mech_driver.ovsdb.ovsdb_monitor [None req-1e3028dd-6689-4a94-8b0c-8d009cccf21e - - - - - -] Router 46b7f7d2-fde0-43e2-9c4c-88211322d1ad is bound to host instance
2026-07-09 14:32:23.768 10 INFO neutron.plugins.ml2.plugin [None req-cefe73ac-bf6f-42ae-8ae1-ec5443b32fb1 - - - - - -] Attempt 1 to provision port 53d6ea68-9b90-4721-947f-23c944aa6231
2026-07-09 14:32:23.829 10 INFO neutron.db.ovn_revision_numbers_db [None req-2e8f6974-1191-4769-93d3-9c3c34ef38a8 22165e82e85b47038d5e4c973809c3ac 363969c90b5d4636b34103ca5ae0b718 - - default default] Successfully bumped revision number for resource 53d6ea68-9b90-4721-947f-23c944aa6231 (type: router_ports) to 1
2026-07-09 14:32:23.852 10 INFO neutron.db.ovn_revision_numbers_db [None req-9d8bf50d-f8e9-4367-8119-2fab37506b6f 3c25b10b56244724a6162dc5327c2365 314f1dba1b3a481890cad9000c97283a - - default default] Successfully bumped revision number for resource 2e14da07-c510-47d3-903a-e74c12dfe61d (type: security_groups) to 1
2026-07-09 14:32:24.219 10 INFO neutron.db.ovn_revision_numbers_db [None req-9d8bf50d-f8e9-4367-8119-2fab37506b6f 3c25b10b56244724a6162dc5327c2365 314f1dba1b3a481890cad9000c97283a - - default default] Successfully bumped revision number for resource 73752fdb-979d-4404-aa59-87de9e30f31b (type: security_group_rules) to 0
2026-07-09 14:32:24.239 10 INFO neutron.db.ovn_revision_numbers_db [None req-9d8bf50d-f8e9-4367-8119-2fab37506b6f 3c25b10b56244724a6162dc5327c2365 314f1dba1b3a481890cad9000c97283a - - default default] Successfully bumped revision number for resource a2b0f7c9-f5d2-4dab-9c88-a949bf531ca8 (type: security_group_rules) to 0
2026-07-09 14:32:24.254 10 INFO neutron.db.ovn_revision_numbers_db [None req-2e8f6974-1191-4769-93d3-9c3c34ef38a8 22165e82e85b47038d5e4c973809c3ac 363969c90b5d4636b34103ca5ae0b718 - - default default] Successfully bumped revision number for resource 46b7f7d2-fde0-43e2-9c4c-88211322d1ad (type: routers) to 2
2026-07-09 14:32:24.266 10 INFO neutron.wsgi [None req-9d8bf50d-f8e9-4367-8119-2fab37506b6f 3c25b10b56244724a6162dc5327c2365 314f1dba1b3a481890cad9000c97283a - - default default] 10.0.0.84 "POST /v2.0/security-groups HTTP/1.1" status: 201 len: 1761 time: 0.6832364
2026-07-09 14:32:24.275 10 WARNING neutron_lib.context [None req-3c8dfe77-cf84-4b56-b9e2-3ef73e4b3321 3c25b10b56244724a6162dc5327c2365 314f1dba1b3a481890cad9000c97283a - - default default] Method 'is_advsvc' is deprecated since 2023.2 release (neutron-lib 3.8.0) and will be removed once support for the old RBAC API policies will be removed from Neutron. Please use method 'is_service_role' instead.
2026-07-09 14:32:24.281 10 INFO neutron.wsgi [None req-2e8f6974-1191-4769-93d3-9c3c34ef38a8 22165e82e85b47038d5e4c973809c3ac 363969c90b5d4636b34103ca5ae0b718 - - default default] 10.0.0.84 "POST /v2.0/routers HTTP/1.1" status: 201 len: 873 time: 2.2803075
2026-07-09 14:32:24.528 10 INFO neutron.db.ovn_revision_numbers_db [None req-3c8dfe77-cf84-4b56-b9e2-3ef73e4b3321 3c25b10b56244724a6162dc5327c2365 314f1dba1b3a481890cad9000c97283a - - default default] Successfully bumped revision number for resource 0f1d5ad9-5c92-4ec8-843a-1099f75b3e51 (type: security_group_rules) to 0
2026-07-09 14:32:24.566 10 INFO neutron.wsgi [None req-3c8dfe77-cf84-4b56-b9e2-3ef73e4b3321 3c25b10b56244724a6162dc5327c2365 314f1dba1b3a481890cad9000c97283a - - default default] 10.0.0.84 "POST /v2.0/security-group-rules HTTP/1.1" status: 201 len: 768 time: 0.2958226
