2026-07-09 14:33:47.634 9 WARNING neutron_lib.context [None req-02f4e9a9-26ef-4a20-ae35-11dbac40ced0 9cfbeb0147844896bba287b96279e84a 3522832897f84b47848921cedafbfa85 - - default default] Method 'is_advsvc' is deprecated since 2023.2 release (neutron-lib 3.8.0) and will be removed once support for the old RBAC API policies will be removed from Neutron. Please use method 'is_service_role' instead.
2026-07-09 14:33:47.693 9 INFO neutron.api.v2.resource [None req-92b0af7f-6999-4ad2-98a9-86eed726c5ae d87ee8260ec5439faa508f44438d39c3 dea529cdb5bf416a8a441bc603d2b819 - - default default] delete failed (client error): The resource could not be found.
2026-07-09 14:33:47.695 9 INFO neutron.wsgi [None req-92b0af7f-6999-4ad2-98a9-86eed726c5ae d87ee8260ec5439faa508f44438d39c3 dea529cdb5bf416a8a441bc603d2b819 - - default default] 10.0.0.84 "DELETE /v2.0/floatingips/e6e25de6-3d94-4c56-8140-14fe32f58b9c/tags/green HTTP/1.1" status: 404 len: 299 time: 0.0546725
2026-07-09 14:33:47.720 10 INFO neutron.wsgi [None req-a8f46e92-734e-473e-b613-889a95576d33 00e9a183fbcd4f7fa6786289b11904d8 268062d4b94f450d9a6a418ca47e6a56 - - default default] 10.0.0.84 "DELETE /v2.0/floatingips/3ae153ab-279d-43ce-8ee3-6ceb95c244dc HTTP/1.1" status: 204 len: 168 time: 0.4948111
2026-07-09 14:33:47.771 9 INFO neutron.wsgi [None req-cae64503-5d49-4bf9-b62a-6c2f0c31a1c9 d87ee8260ec5439faa508f44438d39c3 dea529cdb5bf416a8a441bc603d2b819 - - default default] 10.0.0.84 "DELETE /v2.0/floatingips/e6e25de6-3d94-4c56-8140-14fe32f58b9c/tags HTTP/1.1" status: 204 len: 168 time: 0.0711479 /var/lib/openstack/lib/python3.10/site-packages/pycadf/identifier.py:71: UserWarning: Invalid uuid: neutron. To ensure interoperability, identifiers should be a valid uuid. warnings.warn(('Invalid uuid: %s. To ensure interoperability, '
2026-07-09 14:33:47.833 10 INFO neutron.wsgi [None req-80905c61-def1-42f2-b81f-ca666a3d1e32 d87ee8260ec5439faa508f44438d39c3 dea529cdb5bf416a8a441bc603d2b819 - - default default] 10.0.0.84 "GET /v2.0/floatingips/e6e25de6-3d94-4c56-8140-14fe32f58b9c/tags HTTP/1.1" status: 200 len: 205 time: 0.0537868
2026-07-09 14:33:47.855 9 INFO neutron.db.ovn_revision_numbers_db [None req-02f4e9a9-26ef-4a20-ae35-11dbac40ced0 9cfbeb0147844896bba287b96279e84a 3522832897f84b47848921cedafbfa85 - - default default] Successfully bumped revision number for resource 0ae3dac4-51fb-4b44-ae40-7023854ec1a0 (type: security_groups) to 1
2026-07-09 14:33:47.874 9 INFO neutron.db.ovn_revision_numbers_db [None req-02f4e9a9-26ef-4a20-ae35-11dbac40ced0 9cfbeb0147844896bba287b96279e84a 3522832897f84b47848921cedafbfa85 - - default default] Successfully bumped revision number for resource 664aa41f-d9cf-46f5-8db6-db5f23820d60 (type: security_group_rules) to 0
2026-07-09 14:33:47.893 9 INFO neutron.db.ovn_revision_numbers_db [None req-02f4e9a9-26ef-4a20-ae35-11dbac40ced0 9cfbeb0147844896bba287b96279e84a 3522832897f84b47848921cedafbfa85 - - default default] Successfully bumped revision number for resource 7d920b44-4d2c-44d5-b98e-6752fbf8b4e2 (type: security_group_rules) to 0
2026-07-09 14:33:47.920 9 INFO neutron.db.ovn_revision_numbers_db [None req-02f4e9a9-26ef-4a20-ae35-11dbac40ced0 9cfbeb0147844896bba287b96279e84a 3522832897f84b47848921cedafbfa85 - - default default] Successfully bumped revision number for resource b5e8386d-1098-4740-8b6e-c6d04c94f227 (type: security_group_rules) to 0
2026-07-09 14:33:47.945 9 INFO neutron.plugins.ml2.drivers.ovn.mech_driver.mech_driver [None req-c60e288d-308e-40bc-ae3b-5ea198d3e5e5 - - - - - -] OVN reports status down for port: 923d35c8-8fbf-44dc-9bdf-1293a3d0de93
2026-07-09 14:33:47.948 9 INFO neutron.db.ovn_revision_numbers_db [None req-02f4e9a9-26ef-4a20-ae35-11dbac40ced0 9cfbeb0147844896bba287b96279e84a 3522832897f84b47848921cedafbfa85 - - default default] Successfully bumped revision number for resource fd89b688-0acc-4966-81cc-6b84d0f96bc3 (type: security_group_rules) to 0
2026-07-09 14:33:47.968 10 INFO neutron.wsgi [req-0f762d77-c100-44f3-8d0c-b1516e090675 req-08167dae-eb76-4bc9-a43c-07cce6fa00de 00e9a183fbcd4f7fa6786289b11904d8 268062d4b94f450d9a6a418ca47e6a56 - - default default] 10.0.0.128 "GET /v2.0/ports?device_id=182bdb34-3c4b-43c9-aa07-449f3fdef8ba HTTP/1.1" status: 200 len: 1174 time: 0.0689569
2026-07-09 14:33:48.061 10 INFO neutron.wsgi [req-0f762d77-c100-44f3-8d0c-b1516e090675 req-2c5cdc40-5fa9-487a-a55e-1594fb52ce05 00e9a183fbcd4f7fa6786289b11904d8 268062d4b94f450d9a6a418ca47e6a56 - - default default] 10.0.0.128 "GET /v2.0/security-groups?id=ee3efde9-2e0f-493c-93df-73ba42c6a526&fields=id&fields=name HTTP/1.1" status: 200 len: 313 time: 0.0846975
2026-07-09 14:33:48.141 9 INFO neutron.db.ovn_revision_numbers_db [None req-02f4e9a9-26ef-4a20-ae35-11dbac40ced0 9cfbeb0147844896bba287b96279e84a 3522832897f84b47848921cedafbfa85 - - default default] Successfully bumped revision number for resource 34b8f181-e587-4cfa-9bcc-a48a6920a35a (type: security_groups) to 1
2026-07-09 14:33:48.169 9 INFO neutron.db.ovn_revision_numbers_db [None req-02f4e9a9-26ef-4a20-ae35-11dbac40ced0 9cfbeb0147844896bba287b96279e84a 3522832897f84b47848921cedafbfa85 - - default default] Successfully bumped revision number for resource 72eae690-149e-4942-bf95-cfea2239d98e (type: security_group_rules) to 0
2026-07-09 14:33:48.196 9 INFO neutron.db.ovn_revision_numbers_db [None req-02f4e9a9-26ef-4a20-ae35-11dbac40ced0 9cfbeb0147844896bba287b96279e84a 3522832897f84b47848921cedafbfa85 - - default default] Successfully bumped revision number for resource ffe26b37-f954-4485-a5bd-676410cbfa80 (type: security_group_rules) to 0
2026-07-09 14:33:48.220 9 INFO neutron.wsgi [None req-02f4e9a9-26ef-4a20-ae35-11dbac40ced0 9cfbeb0147844896bba287b96279e84a 3522832897f84b47848921cedafbfa85 - - default default] 10.0.0.84 "POST /v2.0/security-groups HTTP/1.1" status: 201 len: 1761 time: 0.8360615
2026-07-09 14:33:48.278 9 INFO neutron.wsgi [req-f18d6990-2e76-4622-90ae-9248bb3ce0cd req-e99bab13-3875-4128-abd1-0486633e26ed 00e9a183fbcd4f7fa6786289b11904d8 268062d4b94f450d9a6a418ca47e6a56 - - default default] 199.19.213.105 "GET /v2.0/ports?device_id=182bdb34-3c4b-43c9-aa07-449f3fdef8ba HTTP/1.1" status: 200 len: 1172 time: 0.0540180
2026-07-09 14:33:48.292 10 INFO neutron.wsgi [None req-5fb9fb84-271b-4440-a5bb-c36bda486abe 9cfbeb0147844896bba287b96279e84a 3522832897f84b47848921cedafbfa85 - - default default] 10.0.0.84 "GET /v2.0/security-groups HTTP/1.1" status: 200 len: 4539 time: 0.0650604
2026-07-09 14:33:48.345 10 INFO neutron.wsgi [None req-f779aca8-8444-469f-9aeb-f9e778c232dc d87ee8260ec5439faa508f44438d39c3 dea529cdb5bf416a8a441bc603d2b819 - - default default] 10.0.0.84 "DELETE /v2.0/floatingips/e6e25de6-3d94-4c56-8140-14fe32f58b9c HTTP/1.1" status: 204 len: 168 time: 0.5032928
2026-07-09 14:33:48.451 10 WARNING neutron_lib.context [None req-a25bcd71-1a0c-4b46-ba86-ae77259459ea 990a3465ac004b2e8d92952d29a76d32 3e42f6ee036349ada4e6a60f5bdf8a68 - - default default] Method 'is_advsvc' is deprecated since 2023.2 release (neutron-lib 3.8.0) and will be removed once support for the old RBAC API policies will be removed from Neutron. Please use method 'is_service_role' instead.
2026-07-09 14:33:48.451 9 INFO neutron.db.ovn_revision_numbers_db [None req-c60e288d-308e-40bc-ae3b-5ea198d3e5e5 - - - - - -] Successfully bumped revision number for resource 923d35c8-8fbf-44dc-9bdf-1293a3d0de93 (type: ports) to 5
2026-07-09 14:33:48.492 9 INFO neutron.db.ovn_revision_numbers_db [None req-aa928204-9637-4e88-a6dd-3b32ed251969 9cfbeb0147844896bba287b96279e84a 3522832897f84b47848921cedafbfa85 - - default default] Successfully bumped revision number for resource 34b8f181-e587-4cfa-9bcc-a48a6920a35a (type: security_groups) to 2
2026-07-09 14:33:48.496 9 INFO neutron.wsgi [None req-aa928204-9637-4e88-a6dd-3b32ed251969 9cfbeb0147844896bba287b96279e84a 3522832897f84b47848921cedafbfa85 - - default default] 10.0.0.84 "PUT /v2.0/security-groups/34b8f181-e587-4cfa-9bcc-a48a6920a35a HTTP/1.1" status: 200 len: 1794 time: 0.1955814
2026-07-09 14:33:48.552 10 INFO neutron.wsgi [None req-1d9ad2dc-9b25-4312-923a-b5ae3aaa10de 9cfbeb0147844896bba287b96279e84a 3522832897f84b47848921cedafbfa85 - - default default] 10.0.0.84 "GET /v2.0/security-groups/34b8f181-e587-4cfa-9bcc-a48a6920a35a HTTP/1.1" status: 200 len: 1794 time: 0.0489144
2026-07-09 14:33:48.643 10 INFO neutron.db.ovn_revision_numbers_db [None req-a25bcd71-1a0c-4b46-ba86-ae77259459ea 990a3465ac004b2e8d92952d29a76d32 3e42f6ee036349ada4e6a60f5bdf8a68 - - default default] Successfully bumped revision number for resource 7977d931-0848-4a4d-95d5-db9ed4c814c8 (type: security_groups) to 1
2026-07-09 14:33:48.666 10 INFO neutron.db.ovn_revision_numbers_db [None req-a25bcd71-1a0c-4b46-ba86-ae77259459ea 990a3465ac004b2e8d92952d29a76d32 3e42f6ee036349ada4e6a60f5bdf8a68 - - default default] Successfully bumped revision number for resource 23a4319f-1fe3-4994-99fa-9d71a5bbf140 (type: security_group_rules) to 0
2026-07-09 14:33:48.689 10 INFO neutron.db.ovn_revision_numbers_db [None req-a25bcd71-1a0c-4b46-ba86-ae77259459ea 990a3465ac004b2e8d92952d29a76d32 3e42f6ee036349ada4e6a60f5bdf8a68 - - default default] Successfully bumped revision number for resource 57e3787d-7ca4-4ba2-958f-ec504b207103 (type: security_group_rules) to 0
2026-07-09 14:33:48.707 10 INFO neutron.db.ovn_revision_numbers_db [None req-a25bcd71-1a0c-4b46-ba86-ae77259459ea 990a3465ac004b2e8d92952d29a76d32 3e42f6ee036349ada4e6a60f5bdf8a68 - - default default] Successfully bumped revision number for resource 755a98c7-39d4-4495-928b-37e0e74835e5 (type: security_group_rules) to 0
2026-07-09 14:33:48.726 10 INFO neutron.db.ovn_revision_numbers_db [None req-a25bcd71-1a0c-4b46-ba86-ae77259459ea 990a3465ac004b2e8d92952d29a76d32 3e42f6ee036349ada4e6a60f5bdf8a68 - - default default] Successfully bumped revision number for resource cd6b6de4-0b97-4860-a0a5-a372f1fcfbf0 (type: security_group_rules) to 0
2026-07-09 14:33:48.732 10 INFO neutron.wsgi [None req-d1fc17b8-d8fc-451c-9610-f1c5fe21e65e 9cfbeb0147844896bba287b96279e84a 3522832897f84b47848921cedafbfa85 - - default default] 10.0.0.84 "DELETE /v2.0/security-groups/34b8f181-e587-4cfa-9bcc-a48a6920a35a HTTP/1.1" status: 204 len: 168 time: 0.1698146 /var/lib/openstack/lib/python3.10/site-packages/pycadf/identifier.py:71: UserWarning: Invalid uuid: neutron. To ensure interoperability, identifiers should be a valid uuid. warnings.warn(('Invalid uuid: %s. To ensure interoperability, '
2026-07-09 14:33:48.788 10 INFO neutron.db.segments_db [None req-a25bcd71-1a0c-4b46-ba86-ae77259459ea 990a3465ac004b2e8d92952d29a76d32 3e42f6ee036349ada4e6a60f5bdf8a68 - - default default] Added segment 35f38398-1817-4632-8835-7acd5ba2826f of type geneve for network dd5ebbaa-f679-4aa0-b59e-948ff59f2d06
2026-07-09 14:33:48.808 9 INFO neutron.wsgi [req-f18d6990-2e76-4622-90ae-9248bb3ce0cd req-424b9e03-500a-4165-8b38-73e9368060ba 00e9a183fbcd4f7fa6786289b11904d8 268062d4b94f450d9a6a418ca47e6a56 - - default default] 199.19.213.105 "DELETE /v2.0/ports/923d35c8-8fbf-44dc-9bdf-1293a3d0de93 HTTP/1.1" status: 204 len: 173 time: 0.5240343
2026-07-09 14:33:48.819 9 INFO neutron.wsgi [None req-0f0496f2-8941-4ae7-9ee1-fb4a0c952adb 9cfbeb0147844896bba287b96279e84a 3522832897f84b47848921cedafbfa85 - - default default] 10.0.0.84 "GET /v2.0/security-groups HTTP/1.1" status: 200 len: 2996 time: 0.0746477
2026-07-09 14:33:48.844 10 INFO neutron.api.v2.resource [None req-4d40e52d-4a85-4034-a938-a8c3f33f02de 9cfbeb0147844896bba287b96279e84a 3522832897f84b47848921cedafbfa85 - - default default] delete failed (client error): The resource could not be found.
2026-07-09 14:33:48.846 10 INFO neutron.wsgi [None req-4d40e52d-4a85-4034-a938-a8c3f33f02de 9cfbeb0147844896bba287b96279e84a 3522832897f84b47848921cedafbfa85 - - default default] 10.0.0.84 "DELETE /v2.0/security-groups/34b8f181-e587-4cfa-9bcc-a48a6920a35a HTTP/1.1" status: 404 len: 347 time: 0.0174894
2026-07-09 14:33:48.863 9 WARNING neutron_lib.context [None req-63c4f9ae-204c-4a4e-8c1c-789bf1e7b822 9cfbeb0147844896bba287b96279e84a 3522832897f84b47848921cedafbfa85 - - default default] Method 'is_advsvc' is deprecated since 2023.2 release (neutron-lib 3.8.0) and will be removed once support for the old RBAC API policies will be removed from Neutron. Please use method 'is_service_role' instead.
2026-07-09 14:33:48.869 9 INFO neutron.notifiers.nova [-] Nova event matching ['req-d5f88323-db53-4940-b89d-eeb57878c7fa'] response: {'server_uuid': '182bdb34-3c4b-43c9-aa07-449f3fdef8ba', 'name': 'network-vif-unplugged', 'status': 'completed', 'tag': '923d35c8-8fbf-44dc-9bdf-1293a3d0de93', 'code': 200}
2026-07-09 14:33:48.870 9 INFO neutron.notifiers.nova [-] Nova event matching ['req-d5f88323-db53-4940-b89d-eeb57878c7fa'] response: {'server_uuid': '182bdb34-3c4b-43c9-aa07-449f3fdef8ba', 'name': 'network-vif-plugged', 'status': 'completed', 'tag': '923d35c8-8fbf-44dc-9bdf-1293a3d0de93', 'code': 200}
2026-07-09 14:33:48.870 9 INFO neutron.notifiers.nova [-] Nova event matching ['req-d5f88323-db53-4940-b89d-eeb57878c7fa'] response: {'server_uuid': '182bdb34-3c4b-43c9-aa07-449f3fdef8ba', 'name': 'network-vif-deleted', 'tag': '923d35c8-8fbf-44dc-9bdf-1293a3d0de93', 'status': 'completed', 'code': 200}
2026-07-09 14:33:48.984 10 INFO neutron.db.ovn_revision_numbers_db [None req-a25bcd71-1a0c-4b46-ba86-ae77259459ea 990a3465ac004b2e8d92952d29a76d32 3e42f6ee036349ada4e6a60f5bdf8a68 - - default default] Successfully bumped revision number for resource dd5ebbaa-f679-4aa0-b59e-948ff59f2d06 (type: networks) to 1
2026-07-09 14:33:49.021 9 INFO neutron.db.ovn_revision_numbers_db [None req-63c4f9ae-204c-4a4e-8c1c-789bf1e7b822 9cfbeb0147844896bba287b96279e84a 3522832897f84b47848921cedafbfa85 - - default default] Successfully bumped revision number for resource 18423e31-da89-436b-bd5e-99e30158496d (type: security_groups) to 1
2026-07-09 14:33:49.040 9 INFO neutron.db.ovn_revision_numbers_db [None req-63c4f9ae-204c-4a4e-8c1c-789bf1e7b822 9cfbeb0147844896bba287b96279e84a 3522832897f84b47848921cedafbfa85 - - default default] Successfully bumped revision number for resource 16ec45c9-f487-4248-8f05-44459447bd68 (type: security_group_rules) to 0
2026-07-09 14:33:49.065 9 INFO neutron.db.ovn_revision_numbers_db [None req-63c4f9ae-204c-4a4e-8c1c-789bf1e7b822 9cfbeb0147844896bba287b96279e84a 3522832897f84b47848921cedafbfa85 - - default default] Successfully bumped revision number for resource c8603954-950b-403d-8254-47fd9a49daf3 (type: security_group_rules) to 0
2026-07-09 14:33:49.107 9 INFO neutron.wsgi [None req-63c4f9ae-204c-4a4e-8c1c-789bf1e7b822 9cfbeb0147844896bba287b96279e84a 3522832897f84b47848921cedafbfa85 - - default default] 10.0.0.84 "POST /v2.0/security-groups HTTP/1.1" status: 201 len: 1760 time: 0.2499933
2026-07-09 14:33:49.122 9 WARNING neutron_lib.context [None req-d8e37275-e6c3-4c7a-998c-2ad6110a81d4 9cfbeb0147844896bba287b96279e84a 3522832897f84b47848921cedafbfa85 - - default default] Method 'is_advsvc' is deprecated since 2023.2 release (neutron-lib 3.8.0) and will be removed once support for the old RBAC API policies will be removed from Neutron. Please use method 'is_service_role' instead.
2026-07-09 14:33:49.201 10 INFO neutron.wsgi [req-1265b81f-a371-45dc-8d11-138576c4093f req-c6ac5a9b-6910-4703-a57f-e63cb3655677 00e9a183fbcd4f7fa6786289b11904d8 268062d4b94f450d9a6a418ca47e6a56 - - default default] 10.0.0.128 "GET /v2.0/ports?device_id=182bdb34-3c4b-43c9-aa07-449f3fdef8ba HTTP/1.1" status: 200 len: 210 time: 0.0366490
2026-07-09 14:33:49.210 10 WARNING neutron.scheduler.dhcp_agent_scheduler [None req-a25bcd71-1a0c-4b46-ba86-ae77259459ea 990a3465ac004b2e8d92952d29a76d32 3e42f6ee036349ada4e6a60f5bdf8a68 - - default default] No more DHCP agents
2026-07-09 14:33:49.214 10 WARNING neutron.api.rpc.agentnotifiers.dhcp_rpc_agent_api [None req-a25bcd71-1a0c-4b46-ba86-ae77259459ea 990a3465ac004b2e8d92952d29a76d32 3e42f6ee036349ada4e6a60f5bdf8a68 - - default default] Unable to schedule network dd5ebbaa-f679-4aa0-b59e-948ff59f2d06: no agents available; will retry on subsequent port and subnet creation events.
2026-07-09 14:33:49.310 9 INFO neutron.db.ovn_revision_numbers_db [None req-d8e37275-e6c3-4c7a-998c-2ad6110a81d4 9cfbeb0147844896bba287b96279e84a 3522832897f84b47848921cedafbfa85 - - default default] Successfully bumped revision number for resource cb383f8a-fc02-4715-8048-96f469df086d (type: security_group_rules) to 0
2026-07-09 14:33:49.322 10 INFO neutron.db.ovn_revision_numbers_db [None req-a25bcd71-1a0c-4b46-ba86-ae77259459ea 990a3465ac004b2e8d92952d29a76d32 3e42f6ee036349ada4e6a60f5bdf8a68 - - default default] Successfully bumped revision number for resource 20074549-3a1f-4821-a9da-68a766f26d1c (type: ports) to 1
2026-07-09 14:33:49.348 10 INFO neutron.wsgi [None req-a25bcd71-1a0c-4b46-ba86-ae77259459ea 990a3465ac004b2e8d92952d29a76d32 3e42f6ee036349ada4e6a60f5bdf8a68 - - default default] 10.0.0.84 "POST /v2.0/networks HTTP/1.1" status: 201 len: 848 time: 1.0116804
2026-07-09 14:33:49.352 9 INFO neutron.wsgi [None req-d8e37275-e6c3-4c7a-998c-2ad6110a81d4 9cfbeb0147844896bba287b96279e84a 3522832897f84b47848921cedafbfa85 - - default default] 10.0.0.84 "POST /v2.0/security-group-rules HTTP/1.1" status: 201 len: 768 time: 0.2388489
2026-07-09 14:33:49.360 10 WARNING neutron_lib.context [None req-aa9a0158-baec-4abe-85b2-5feefc866ffe 990a3465ac004b2e8d92952d29a76d32 3e42f6ee036349ada4e6a60f5bdf8a68 - - default default] Method 'is_advsvc' is deprecated since 2023.2 release (neutron-lib 3.8.0) and will be removed once support for the old RBAC API policies will be removed from Neutron. Please use method 'is_service_role' instead.
2026-07-09 14:33:49.389 9 INFO neutron.wsgi [None req-78089adb-089e-4ee0-990f-439a9ba649be 9cfbeb0147844896bba287b96279e84a 3522832897f84b47848921cedafbfa85 - - default default] 10.0.0.84 "GET /v2.0/security-group-rules/cb383f8a-fc02-4715-8048-96f469df086d HTTP/1.1" status: 200 len: 763 time: 0.0292585
2026-07-09 14:33:49.439 9 INFO neutron.db.ovn_revision_numbers_db [None req-17486809-045e-4978-8a0e-b32c82b6392a 22165e82e85b47038d5e4c973809c3ac 363969c90b5d4636b34103ca5ae0b718 - - default default] Successfully bumped revision number for resource 2e61ec4b-7887-4bb9-a33b-5494ad78b0ae (type: security_groups) to 1
2026-07-09 14:33:49.457 9 INFO neutron.db.ovn_revision_numbers_db [None req-17486809-045e-4978-8a0e-b32c82b6392a 22165e82e85b47038d5e4c973809c3ac 363969c90b5d4636b34103ca5ae0b718 - - default default] Successfully bumped revision number for resource 13c240e5-a206-4807-b458-f3170902d7d9 (type: security_group_rules) to 0
2026-07-09 14:33:49.477 9 INFO neutron.db.ovn_revision_numbers_db [None req-17486809-045e-4978-8a0e-b32c82b6392a 22165e82e85b47038d5e4c973809c3ac 363969c90b5d4636b34103ca5ae0b718 - - default default] Successfully bumped revision number for resource 5b22c8a6-f613-4a23-8d06-fa86c6d23213 (type: security_group_rules) to 0
2026-07-09 14:33:49.500 9 INFO neutron.db.ovn_revision_numbers_db [None req-17486809-045e-4978-8a0e-b32c82b6392a 22165e82e85b47038d5e4c973809c3ac 363969c90b5d4636b34103ca5ae0b718 - - default default] Successfully bumped revision number for resource 7df6191f-125f-437b-badb-1d0e4fc0c40a (type: security_group_rules) to 0
2026-07-09 14:33:49.524 9 INFO neutron.db.ovn_revision_numbers_db [None req-17486809-045e-4978-8a0e-b32c82b6392a 22165e82e85b47038d5e4c973809c3ac 363969c90b5d4636b34103ca5ae0b718 - - default default] Successfully bumped revision number for resource f343519c-b52a-4922-8b50-8e7f6e2f2144 (type: security_group_rules) to 0
2026-07-09 14:33:49.526 10 INFO neutron.wsgi [None req-c4cc90bd-a274-4461-932b-f42527258427 9cfbeb0147844896bba287b96279e84a 3522832897f84b47848921cedafbfa85 - - default default] 10.0.0.84 "GET /v2.0/security-group-rules HTTP/1.1" status: 200 len: 4113 time: 0.1307163
2026-07-09 14:33:49.560 9 INFO neutron.wsgi [None req-17486809-045e-4978-8a0e-b32c82b6392a 22165e82e85b47038d5e4c973809c3ac 363969c90b5d4636b34103ca5ae0b718 - - default default] 10.0.0.84 "GET /v2.0/security-groups?tenant_id=dea529cdb5bf416a8a441bc603d2b819&name=default HTTP/1.1" status: 200 len: 2996 time: 0.4063230
2026-07-09 14:33:49.802 10 WARNING neutron.scheduler.dhcp_agent_scheduler [None req-aa9a0158-baec-4abe-85b2-5feefc866ffe 990a3465ac004b2e8d92952d29a76d32 3e42f6ee036349ada4e6a60f5bdf8a68 - - default default] No more DHCP agents
2026-07-09 14:33:49.807 10 WARNING neutron.api.rpc.agentnotifiers.dhcp_rpc_agent_api [None req-aa9a0158-baec-4abe-85b2-5feefc866ffe 990a3465ac004b2e8d92952d29a76d32 3e42f6ee036349ada4e6a60f5bdf8a68 - - default default] Unable to schedule network dd5ebbaa-f679-4aa0-b59e-948ff59f2d06: no agents available; will retry on subsequent port and subnet creation events.
2026-07-09 14:33:49.838 10 INFO neutron.wsgi [None req-46d9c899-85a4-4ce4-9706-b87297877d2d 9cfbeb0147844896bba287b96279e84a 3522832897f84b47848921cedafbfa85 - - default default] 10.0.0.84 "DELETE /v2.0/security-group-rules/cb383f8a-fc02-4715-8048-96f469df086d HTTP/1.1" status: 204 len: 168 time: 0.3057151
2026-07-09 14:33:49.931 9 INFO neutron.wsgi [None req-341eec2e-577e-43d6-9188-3aed2fe7718e 9cfbeb0147844896bba287b96279e84a 3522832897f84b47848921cedafbfa85 - - default default] 10.0.0.84 "GET /v2.0/security-group-rules HTTP/1.1" status: 200 len: 3567 time: 0.0816550 /var/lib/openstack/lib/python3.10/site-packages/pycadf/identifier.py:71: UserWarning: Invalid uuid: neutron. To ensure interoperability, identifiers should be a valid uuid. warnings.warn(('Invalid uuid: %s. To ensure interoperability, '
2026-07-09 14:33:49.943 10 WARNING neutron_lib.context [None req-779ab15e-bd85-41fa-9655-ab292f10994b 9cfbeb0147844896bba287b96279e84a 3522832897f84b47848921cedafbfa85 - - default default] Method 'is_advsvc' is deprecated since 2023.2 release (neutron-lib 3.8.0) and will be removed once support for the old RBAC API policies will be removed from Neutron. Please use method 'is_service_role' instead.
2026-07-09 14:33:49.957 10 INFO neutron.db.ovn_revision_numbers_db [None req-aa9a0158-baec-4abe-85b2-5feefc866ffe 990a3465ac004b2e8d92952d29a76d32 3e42f6ee036349ada4e6a60f5bdf8a68 - - default default] Successfully bumped revision number for resource 18851513-438c-4f3a-9365-54ef04fe2531 (type: ports) to 1
2026-07-09 14:33:49.993 10 INFO neutron.wsgi [None req-aa9a0158-baec-4abe-85b2-5feefc866ffe 990a3465ac004b2e8d92952d29a76d32 3e42f6ee036349ada4e6a60f5bdf8a68 - - default default] 10.0.0.84 "POST /v2.0/ports HTTP/1.1" status: 201 len: 977 time: 0.6398063
2026-07-09 14:33:50.007 10 WARNING neutron_lib.context [None req-da562b2f-74b3-45a0-8f87-974b7a6202db 990a3465ac004b2e8d92952d29a76d32 3e42f6ee036349ada4e6a60f5bdf8a68 - - default default] Method 'is_advsvc' is deprecated since 2023.2 release (neutron-lib 3.8.0) and will be removed once support for the old RBAC API policies will be removed from Neutron. Please use method 'is_service_role' instead.
2026-07-09 14:33:50.053 10 INFO neutron.wsgi [None req-a8955557-29ea-4a04-90a3-b1f2cd182f8b 22165e82e85b47038d5e4c973809c3ac 363969c90b5d4636b34103ca5ae0b718 - - default default] 10.0.0.84 "DELETE /v2.0/security-groups/2e61ec4b-7887-4bb9-a33b-5494ad78b0ae HTTP/1.1" status: 204 len: 168 time: 0.4866073
2026-07-09 14:33:50.114 10 INFO neutron.db.segments_db [None req-da562b2f-74b3-45a0-8f87-974b7a6202db 990a3465ac004b2e8d92952d29a76d32 3e42f6ee036349ada4e6a60f5bdf8a68 - - default default] Added segment bbde3240-3329-43c6-bd63-77ac80e00d35 of type geneve for network 08ca7c2a-9bb8-4c78-b147-b40b90c8eaf0
2026-07-09 14:33:50.125 10 INFO neutron.db.ovn_revision_numbers_db [None req-779ab15e-bd85-41fa-9655-ab292f10994b 9cfbeb0147844896bba287b96279e84a 3522832897f84b47848921cedafbfa85 - - default default] Successfully bumped revision number for resource b2f2d12a-17da-4656-a77c-5b07512d9d4c (type: security_group_rules) to 0
2026-07-09 14:33:50.175 10 INFO neutron.wsgi [None req-779ab15e-bd85-41fa-9655-ab292f10994b 9cfbeb0147844896bba287b96279e84a 3522832897f84b47848921cedafbfa85 - - default default] 10.0.0.84 "POST /v2.0/security-group-rules HTTP/1.1" status: 201 len: 768 time: 0.2381544
2026-07-09 14:33:50.196 9 INFO neutron.wsgi [None req-c55bfa78-6a43-4fc3-a3d2-a4ce4352cbc3 9cfbeb0147844896bba287b96279e84a 3522832897f84b47848921cedafbfa85 - - default default] 10.0.0.84 "GET /v2.0/security-group-rules/b2f2d12a-17da-4656-a77c-5b07512d9d4c HTTP/1.1" status: 200 len: 763 time: 0.0165966
2026-07-09 14:33:50.246 9 INFO neutron.wsgi [None req-f48a7d3b-e040-4d95-82d1-50a9db349f19 9cfbeb0147844896bba287b96279e84a 3522832897f84b47848921cedafbfa85 - - default default] 10.0.0.84 "GET /v2.0/security-group-rules HTTP/1.1" status: 200 len: 4113 time: 0.0450175
2026-07-09 14:33:50.321 10 INFO neutron.db.ovn_revision_numbers_db [None req-da562b2f-74b3-45a0-8f87-974b7a6202db 990a3465ac004b2e8d92952d29a76d32 3e42f6ee036349ada4e6a60f5bdf8a68 - - default default] Successfully bumped revision number for resource 08ca7c2a-9bb8-4c78-b147-b40b90c8eaf0 (type: networks) to 1
2026-07-09 14:33:50.348 9 INFO neutron.db.ovn_revision_numbers_db [None req-58a72943-22a5-4210-b648-f6b5fa2bfdc8 22165e82e85b47038d5e4c973809c3ac 363969c90b5d4636b34103ca5ae0b718 - - default default] Successfully bumped revision number for resource e15c6a8a-2330-440f-b559-9777328c0541 (type: security_groups) to 1
2026-07-09 14:33:50.369 9 INFO neutron.db.ovn_revision_numbers_db [None req-58a72943-22a5-4210-b648-f6b5fa2bfdc8 22165e82e85b47038d5e4c973809c3ac 363969c90b5d4636b34103ca5ae0b718 - - default default] Successfully bumped revision number for resource 0a31c911-f277-4cc1-881e-5a945e809ff8 (type: security_group_rules) to 0
2026-07-09 14:33:50.398 9 INFO neutron.db.ovn_revision_numbers_db [None req-58a72943-22a5-4210-b648-f6b5fa2bfdc8 22165e82e85b47038d5e4c973809c3ac 363969c90b5d4636b34103ca5ae0b718 - - default default] Successfully bumped revision number for resource a3b4ba9a-cebd-4288-bbdb-89efaa5d2974 (type: security_group_rules) to 0
2026-07-09 14:33:50.415 9 INFO neutron.db.ovn_revision_numbers_db [None req-58a72943-22a5-4210-b648-f6b5fa2bfdc8 22165e82e85b47038d5e4c973809c3ac 363969c90b5d4636b34103ca5ae0b718 - - default default] Successfully bumped revision number for resource da4076da-1a76-4d38-bb1d-7bd05dee07dc (type: security_group_rules) to 0
2026-07-09 14:33:50.421 9 INFO neutron.wsgi [None req-2f65dd84-af64-4a18-a380-7f1b425d4bf2 9cfbeb0147844896bba287b96279e84a 3522832897f84b47848921cedafbfa85 - - default default] 10.0.0.84 "DELETE /v2.0/security-group-rules/b2f2d12a-17da-4656-a77c-5b07512d9d4c HTTP/1.1" status: 204 len: 168 time: 0.1666784
2026-07-09 14:33:50.436 9 INFO neutron.db.ovn_revision_numbers_db [None req-58a72943-22a5-4210-b648-f6b5fa2bfdc8 22165e82e85b47038d5e4c973809c3ac 363969c90b5d4636b34103ca5ae0b718 - - default default] Successfully bumped revision number for resource e2fd8579-2a74-4c09-97a6-f0687cfdbbdc (type: security_group_rules) to 0
2026-07-09 14:33:50.470 9 INFO neutron.wsgi [None req-58a72943-22a5-4210-b648-f6b5fa2bfdc8 22165e82e85b47038d5e4c973809c3ac 363969c90b5d4636b34103ca5ae0b718 - - default default] 10.0.0.84 "GET /v2.0/security-groups?tenant_id=7b042a4eb6564b37bc9162face077523&name=default HTTP/1.1" status: 200 len: 2996 time: 0.3058517
2026-07-09 14:33:50.482 9 INFO neutron.wsgi [None req-bb83fb7d-f4fc-40d7-8ab3-9caf4dec4c74 00e9a183fbcd4f7fa6786289b11904d8 268062d4b94f450d9a6a418ca47e6a56 - - default default] 10.0.0.84 "DELETE /v2.0/security-groups/ee3efde9-2e0f-493c-93df-73ba42c6a526 HTTP/1.1" status: 204 len: 168 time: 0.1979427
2026-07-09 14:33:50.488 9 INFO neutron.wsgi [None req-4c182ce9-d77d-444d-a35d-45644df80cf8 9cfbeb0147844896bba287b96279e84a 3522832897f84b47848921cedafbfa85 - - default default] 10.0.0.84 "GET /v2.0/security-group-rules HTTP/1.1" status: 200 len: 3567 time: 0.0617535
2026-07-09 14:33:50.499 9 WARNING neutron_lib.context [None req-3aa0bb61-f5fc-47a0-8d75-841020241fd9 9cfbeb0147844896bba287b96279e84a 3522832897f84b47848921cedafbfa85 - - default default] Method 'is_advsvc' is deprecated since 2023.2 release (neutron-lib 3.8.0) and will be removed once support for the old RBAC API policies will be removed from Neutron. Please use method 'is_service_role' instead.
2026-07-09 14:33:50.516 9 INFO neutron.db.securitygroups_db [None req-3aa0bb61-f5fc-47a0-8d75-841020241fd9 9cfbeb0147844896bba287b96279e84a 3522832897f84b47848921cedafbfa85 - - default default] Project 3522832897f84b47848921cedafbfa85 added a security group rule with legacy IPv6 ICMP protocol name icmp, ipv6-icmp should be used instead. It was automatically converted.
2026-07-09 14:33:50.550 10 WARNING neutron.scheduler.dhcp_agent_scheduler [None req-da562b2f-74b3-45a0-8f87-974b7a6202db 990a3465ac004b2e8d92952d29a76d32 3e42f6ee036349ada4e6a60f5bdf8a68 - - default default] No more DHCP agents
2026-07-09 14:33:50.555 10 WARNING neutron.api.rpc.agentnotifiers.dhcp_rpc_agent_api [None req-da562b2f-74b3-45a0-8f87-974b7a6202db 990a3465ac004b2e8d92952d29a76d32 3e42f6ee036349ada4e6a60f5bdf8a68 - - default default] Unable to schedule network 08ca7c2a-9bb8-4c78-b147-b40b90c8eaf0: no agents available; will retry on subsequent port and subnet creation events.
2026-07-09 14:33:50.708 10 INFO neutron.db.ovn_revision_numbers_db [None req-da562b2f-74b3-45a0-8f87-974b7a6202db 990a3465ac004b2e8d92952d29a76d32 3e42f6ee036349ada4e6a60f5bdf8a68 - - default default] Successfully bumped revision number for resource 222df753-6f04-4964-9e76-beae59fc87c1 (type: ports) to 1
2026-07-09 14:33:50.744 10 INFO neutron.wsgi [None req-da562b2f-74b3-45a0-8f87-974b7a6202db 990a3465ac004b2e8d92952d29a76d32 3e42f6ee036349ada4e6a60f5bdf8a68 - - default default] 10.0.0.84 "POST /v2.0/networks HTTP/1.1" status: 201 len: 835 time: 0.7439768
2026-07-09 14:33:50.757 10 WARNING neutron_lib.context [None req-d44dd077-de52-4fbb-b7aa-0988cf8fe9a0 990a3465ac004b2e8d92952d29a76d32 3e42f6ee036349ada4e6a60f5bdf8a68 - - default default] Method 'is_advsvc' is deprecated since 2023.2 release (neutron-lib 3.8.0) and will be removed once support for the old RBAC API policies will be removed from Neutron. Please use method 'is_service_role' instead.
2026-07-09 14:33:50.892 10 INFO neutron.wsgi [None req-bed4ef2f-ba59-439b-90fd-f35b375bdb68 22165e82e85b47038d5e4c973809c3ac 363969c90b5d4636b34103ca5ae0b718 - - default default] 10.0.0.84 "DELETE /v2.0/security-groups/e15c6a8a-2330-440f-b559-9777328c0541 HTTP/1.1" status: 204 len: 168 time: 0.4157019
2026-07-09 14:33:51.072 10 WARNING neutron.scheduler.dhcp_agent_scheduler [None req-d44dd077-de52-4fbb-b7aa-0988cf8fe9a0 990a3465ac004b2e8d92952d29a76d32 3e42f6ee036349ada4e6a60f5bdf8a68 - - default default] No more DHCP agents
2026-07-09 14:33:51.078 10 WARNING neutron.api.rpc.agentnotifiers.dhcp_rpc_agent_api [None req-d44dd077-de52-4fbb-b7aa-0988cf8fe9a0 990a3465ac004b2e8d92952d29a76d32 3e42f6ee036349ada4e6a60f5bdf8a68 - - default default] Unable to schedule network 08ca7c2a-9bb8-4c78-b147-b40b90c8eaf0: no agents available; will retry on subsequent port and subnet creation events.
2026-07-09 14:33:51.090 9 INFO neutron.db.ovn_revision_numbers_db [None req-3aa0bb61-f5fc-47a0-8d75-841020241fd9 9cfbeb0147844896bba287b96279e84a 3522832897f84b47848921cedafbfa85 - - default default] Successfully bumped revision number for resource 8bfea497-b9a7-4827-8e64-edae23fcbb9a (type: security_group_rules) to 0
2026-07-09 14:33:51.117 10 INFO neutron.db.ovn_revision_numbers_db [None req-d44dd077-de52-4fbb-b7aa-0988cf8fe9a0 990a3465ac004b2e8d92952d29a76d32 3e42f6ee036349ada4e6a60f5bdf8a68 - - default default] Successfully bumped revision number for resource a113aa09-56ac-418d-a5cb-79a581ee6c33 (type: subnets) to 0
2026-07-09 14:33:51.133 9 INFO neutron.wsgi [None req-3aa0bb61-f5fc-47a0-8d75-841020241fd9 9cfbeb0147844896bba287b96279e84a 3522832897f84b47848921cedafbfa85 - - default default] 10.0.0.84 "POST /v2.0/security-group-rules HTTP/1.1" status: 201 len: 774 time: 0.6389673
2026-07-09 14:33:51.150 10 INFO neutron.wsgi [None req-d44dd077-de52-4fbb-b7aa-0988cf8fe9a0 990a3465ac004b2e8d92952d29a76d32 3e42f6ee036349ada4e6a60f5bdf8a68 - - default default] 10.0.0.84 "POST /v2.0/subnets HTTP/1.1" status: 201 len: 821 time: 0.3992758
2026-07-09 14:33:51.165 10 WARNING neutron_lib.context [None req-1f61e523-5285-4bd0-89fd-831947b3d3df 990a3465ac004b2e8d92952d29a76d32 3e42f6ee036349ada4e6a60f5bdf8a68 - - default default] Method 'is_advsvc' is deprecated since 2023.2 release (neutron-lib 3.8.0) and will be removed once support for the old RBAC API policies will be removed from Neutron. Please use method 'is_service_role' instead.
2026-07-09 14:33:51.170 10 INFO neutron.wsgi [None req-22aa7848-9fc2-491e-bf2c-d4ba545ffde2 9cfbeb0147844896bba287b96279e84a 3522832897f84b47848921cedafbfa85 - - default default] 10.0.0.84 "GET /v2.0/security-group-rules/8bfea497-b9a7-4827-8e64-edae23fcbb9a HTTP/1.1" status: 200 len: 769 time: 0.0309360
2026-07-09 14:33:51.233 10 INFO neutron.wsgi [None req-d1244bc2-7c88-4578-a468-be3c25e2cca9 9cfbeb0147844896bba287b96279e84a 3522832897f84b47848921cedafbfa85 - - default default] 10.0.0.84 "GET /v2.0/security-group-rules HTTP/1.1" status: 200 len: 4119 time: 0.0546458
2026-07-09 14:33:51.433 10 INFO neutron.wsgi [None req-038b3ab1-8dce-4805-a7d1-3be83658ec89 9cfbeb0147844896bba287b96279e84a 3522832897f84b47848921cedafbfa85 - - default default] 10.0.0.84 "DELETE /v2.0/security-group-rules/8bfea497-b9a7-4827-8e64-edae23fcbb9a HTTP/1.1" status: 204 len: 168 time: 0.1927702
2026-07-09 14:33:51.494 10 INFO neutron.wsgi [None req-f7b07a0b-b26f-4abb-8fff-85963f0cdb37 9cfbeb0147844896bba287b96279e84a 3522832897f84b47848921cedafbfa85 - - default default] 10.0.0.84 "GET /v2.0/security-group-rules HTTP/1.1" status: 200 len: 3567 time: 0.0553493
2026-07-09 14:33:51.648 10 WARNING neutron.scheduler.dhcp_agent_scheduler [None req-1f61e523-5285-4bd0-89fd-831947b3d3df 990a3465ac004b2e8d92952d29a76d32 3e42f6ee036349ada4e6a60f5bdf8a68 - - default default] No more DHCP agents
2026-07-09 14:33:51.651 10 WARNING neutron.api.rpc.agentnotifiers.dhcp_rpc_agent_api [None req-1f61e523-5285-4bd0-89fd-831947b3d3df 990a3465ac004b2e8d92952d29a76d32 3e42f6ee036349ada4e6a60f5bdf8a68 - - default default] Unable to schedule network 08ca7c2a-9bb8-4c78-b147-b40b90c8eaf0: no agents available; will retry on subsequent port and subnet creation events.
2026-07-09 14:33:51.711 10 INFO neutron.wsgi [None req-074111cc-55ce-41dc-9b04-b36abe70065e 9cfbeb0147844896bba287b96279e84a 3522832897f84b47848921cedafbfa85 - - default default] 10.0.0.84 "DELETE /v2.0/security-groups/18423e31-da89-436b-bd5e-99e30158496d HTTP/1.1" status: 204 len: 168 time: 0.2103050
2026-07-09 14:33:51.781 9 INFO neutron.wsgi [None req-843e19d9-4c1e-4715-b108-daf576d157d1 9cfbeb0147844896bba287b96279e84a 3522832897f84b47848921cedafbfa85 - - default default] 10.0.0.84 "GET /v2.0/security-groups HTTP/1.1" status: 200 len: 2996 time: 0.0641699 /var/lib/openstack/lib/python3.10/site-packages/pycadf/identifier.py:71: UserWarning: Invalid uuid: neutron. To ensure interoperability, identifiers should be a valid uuid. warnings.warn(('Invalid uuid: %s. To ensure interoperability, '
2026-07-09 14:33:51.839 10 INFO neutron.db.ovn_revision_numbers_db [None req-1f61e523-5285-4bd0-89fd-831947b3d3df 990a3465ac004b2e8d92952d29a76d32 3e42f6ee036349ada4e6a60f5bdf8a68 - - default default] Successfully bumped revision number for resource 196b4096-a303-4b15-8c9d-40d05412eb18 (type: ports) to 1
2026-07-09 14:33:51.856 10 INFO neutron.wsgi [None req-2c332913-7f77-459e-812e-1f5b5611ff41 9cfbeb0147844896bba287b96279e84a 3522832897f84b47848921cedafbfa85 - - default default] 10.0.0.84 "GET /v2.0/security-groups HTTP/1.1" status: 200 len: 2996 time: 0.0623524
2026-07-09 14:33:51.872 10 INFO neutron.wsgi [None req-1f61e523-5285-4bd0-89fd-831947b3d3df 990a3465ac004b2e8d92952d29a76d32 3e42f6ee036349ada4e6a60f5bdf8a68 - - default default] 10.0.0.84 "POST /v2.0/ports HTTP/1.1" status: 201 len: 1165 time: 0.7136056
2026-07-09 14:33:51.986 9 INFO neutron.wsgi [None req-f0585dce-c7f2-4003-9ef7-5af5998f5e17 00e9a183fbcd4f7fa6786289b11904d8 268062d4b94f450d9a6a418ca47e6a56 - - default default] 10.0.0.84 "PUT /v2.0/routers/c644f97d-4f44-47fc-9a38-9520e5ecdf46/remove_router_interface HTTP/1.1" status: 200 len: 503 time: 1.4653220 /var/lib/openstack/lib/python3.10/site-packages/pycadf/identifier.py:71: UserWarning: Invalid uuid: neutron. To ensure interoperability, identifiers should be a valid uuid. warnings.warn(('Invalid uuid: %s. To ensure interoperability, '
2026-07-09 14:33:52.211 10 INFO neutron.wsgi [None req-278f3a1f-8f98-4b06-8079-30ab33bcb04d 990a3465ac004b2e8d92952d29a76d32 3e42f6ee036349ada4e6a60f5bdf8a68 - - default default] 10.0.0.84 "DELETE /v2.0/ports/196b4096-a303-4b15-8c9d-40d05412eb18 HTTP/1.1" status: 204 len: 168 time: 0.3334315
2026-07-09 14:33:52.238 10 INFO neutron.pecan_wsgi.hooks.translation [None req-47429b20-89ea-48c6-b15d-535cb26fc145 990a3465ac004b2e8d92952d29a76d32 3e42f6ee036349ada4e6a60f5bdf8a68 - - default default] DELETE failed (client error): The resource could not be found.
2026-07-09 14:33:52.242 10 INFO neutron.wsgi [None req-47429b20-89ea-48c6-b15d-535cb26fc145 990a3465ac004b2e8d92952d29a76d32 3e42f6ee036349ada4e6a60f5bdf8a68 - - default default] 10.0.0.84 "DELETE /v2.0/ports/196b4096-a303-4b15-8c9d-40d05412eb18 HTTP/1.1" status: 404 len: 333 time: 0.0259051
2026-07-09 14:33:52.258 9 INFO neutron.wsgi [None req-dae70185-18c3-4e5b-8e2a-1e2b29732da6 00e9a183fbcd4f7fa6786289b11904d8 268062d4b94f450d9a6a418ca47e6a56 - - default default] 10.0.0.84 "DELETE /v2.0/subnets/f6b72f9f-85d0-4e0e-b367-05b34a21d2e4 HTTP/1.1" status: 204 len: 168 time: 0.2642362
2026-07-09 14:33:52.270 10 INFO neutron.pecan_wsgi.hooks.translation [None req-5cdb68ce-2527-4c97-a91e-ddae3f077f31 990a3465ac004b2e8d92952d29a76d32 3e42f6ee036349ada4e6a60f5bdf8a68 - - default default] GET failed (client error): The resource could not be found.
2026-07-09 14:33:52.272 10 INFO neutron.wsgi [None req-5cdb68ce-2527-4c97-a91e-ddae3f077f31 990a3465ac004b2e8d92952d29a76d32 3e42f6ee036349ada4e6a60f5bdf8a68 - - default default] 10.0.0.84 "GET /v2.0/ports/196b4096-a303-4b15-8c9d-40d05412eb18 HTTP/1.1" status: 404 len: 333 time: 0.0247762
2026-07-09 14:33:52.501 10 INFO neutron.wsgi [None req-8fdb4c3d-ceab-4d55-976e-170eded0d0ef 990a3465ac004b2e8d92952d29a76d32 3e42f6ee036349ada4e6a60f5bdf8a68 - - default default] 10.0.0.84 "DELETE /v2.0/subnets/a113aa09-56ac-418d-a5cb-79a581ee6c33 HTTP/1.1" status: 204 len: 168 time: 0.2231209
2026-07-09 14:33:53.050 10 INFO neutron.wsgi [None req-563ad178-f8a8-4103-bc6a-3e671898da6b 22165e82e85b47038d5e4c973809c3ac 363969c90b5d4636b34103ca5ae0b718 - - default default] 10.0.0.84 "GET /v2.0/security-groups?tenant_id=3522832897f84b47848921cedafbfa85&name=default HTTP/1.1" status: 200 len: 2996 time: 0.6683080
2026-07-09 14:33:53.314 10 INFO neutron.services.segments.plugin [-] Segment bbde3240-3329-43c6-bd63-77ac80e00d35 resource provider aggregate not found
2026-07-09 14:33:53.336 10 INFO neutron.services.segments.plugin [-] Segment bbde3240-3329-43c6-bd63-77ac80e00d35 resource provider aggregate not found
2026-07-09 14:33:53.358 10 INFO neutron.services.segments.plugin [-] Segment bbde3240-3329-43c6-bd63-77ac80e00d35 resource provider not found; error: Placement Client Error (4xx): {"errors": [{"status": 404, "title": "Not Found", "detail": "The resource could not be found.\n\n No resource provider with uuid bbde3240-3329-43c6-bd63-77ac80e00d35 found for delete ", "request_id": "req-3b6461c6-9f96-4ee4-bd4b-8addc8d3a28b"}]}
2026-07-09 14:33:53.363 10 INFO neutron.services.segments.plugin [-] Segment bbde3240-3329-43c6-bd63-77ac80e00d35 resource provider not found; error: Placement Client Error (4xx): {"errors": [{"status": 404, "title": "Not Found", "detail": "The resource could not be found.\n\n No resource provider with uuid bbde3240-3329-43c6-bd63-77ac80e00d35 found for delete ", "request_id": "req-6115c12d-712e-4474-a0b7-b612b924129a"}]}
2026-07-09 14:33:53.371 9 INFO neutron.wsgi [None req-820a15c5-4d44-4517-ac2c-c1b7afb01b6c 00e9a183fbcd4f7fa6786289b11904d8 268062d4b94f450d9a6a418ca47e6a56 - - default default] 10.0.0.84 "DELETE /v2.0/routers/c644f97d-4f44-47fc-9a38-9520e5ecdf46 HTTP/1.1" status: 204 len: 168 time: 1.1064517
2026-07-09 14:33:53.403 10 INFO neutron.wsgi [None req-130178dc-25b4-45dd-ba6b-6821f28be704 990a3465ac004b2e8d92952d29a76d32 3e42f6ee036349ada4e6a60f5bdf8a68 - - default default] 10.0.0.84 "DELETE /v2.0/networks/08ca7c2a-9bb8-4c78-b147-b40b90c8eaf0 HTTP/1.1" status: 204 len: 168 time: 0.8969662
2026-07-09 14:33:53.423 10 WARNING neutron_lib.context [None req-e6866fe7-9278-4f68-a6e6-0146f9381033 990a3465ac004b2e8d92952d29a76d32 3e42f6ee036349ada4e6a60f5bdf8a68 - - default default] Method 'is_advsvc' is deprecated since 2023.2 release (neutron-lib 3.8.0) and will be removed once support for the old RBAC API policies will be removed from Neutron. Please use method 'is_service_role' instead.
2026-07-09 14:33:53.520 10 INFO neutron.db.segments_db [None req-e6866fe7-9278-4f68-a6e6-0146f9381033 990a3465ac004b2e8d92952d29a76d32 3e42f6ee036349ada4e6a60f5bdf8a68 - - default default] Added segment c62a0824-a6a1-4de7-b280-092a57b5188b of type geneve for network db1305a6-e1db-4363-9fae-c68c6891815f
2026-07-09 14:33:53.530 9 INFO neutron.wsgi [None req-0d8f96fb-3989-4b14-be9e-3420ff837e74 22165e82e85b47038d5e4c973809c3ac 363969c90b5d4636b34103ca5ae0b718 - - default default] 10.0.0.84 "DELETE /v2.0/security-groups/0ae3dac4-51fb-4b44-ae40-7023854ec1a0 HTTP/1.1" status: 204 len: 168 time: 0.4717205
2026-07-09 14:33:53.727 10 INFO neutron.db.ovn_revision_numbers_db [None req-e6866fe7-9278-4f68-a6e6-0146f9381033 990a3465ac004b2e8d92952d29a76d32 3e42f6ee036349ada4e6a60f5bdf8a68 - - default default] Successfully bumped revision number for resource db1305a6-e1db-4363-9fae-c68c6891815f (type: networks) to 1
2026-07-09 14:33:53.835 9 INFO neutron.services.segments.plugin [-] Segment 725fa1de-64b9-4382-bf70-3f2e7a8bdd53 resource provider aggregate not found
2026-07-09 14:33:53.855 9 INFO neutron.services.segments.plugin [-] Segment 725fa1de-64b9-4382-bf70-3f2e7a8bdd53 resource provider aggregate not found
2026-07-09 14:33:53.861 9 INFO neutron.services.segments.plugin [-] Segment 725fa1de-64b9-4382-bf70-3f2e7a8bdd53 resource provider not found; error: Placement Client Error (4xx): {"errors": [{"status": 404, "title": "Not Found", "detail": "The resource could not be found.\n\n No resource provider with uuid 725fa1de-64b9-4382-bf70-3f2e7a8bdd53 found for delete ", "request_id": "req-55948eb4-4a94-48f0-94c7-c167a4ae3964"}]}
2026-07-09 14:33:53.873 9 INFO neutron.services.segments.plugin [-] Segment 725fa1de-64b9-4382-bf70-3f2e7a8bdd53 resource provider not found; error: Placement Client Error (4xx): {"errors": [{"status": 404, "title": "Not Found", "detail": "The resource could not be found.\n\n No resource provider with uuid 725fa1de-64b9-4382-bf70-3f2e7a8bdd53 found for delete ", "request_id": "req-d40d9f33-3cd3-4bc4-9726-0178d1f9f4d6"}]}
2026-07-09 14:33:53.904 9 INFO neutron.wsgi [None req-1a9ca35a-8251-488c-94b8-aa22c2cd5909 00e9a183fbcd4f7fa6786289b11904d8 268062d4b94f450d9a6a418ca47e6a56 - - default default] 10.0.0.84 "DELETE /v2.0/networks/ff115c92-1f32-478f-a21d-838421af20e5 HTTP/1.1" status: 204 len: 168 time: 0.5254388
2026-07-09 14:33:53.990 10 WARNING neutron.scheduler.dhcp_agent_scheduler [None req-e6866fe7-9278-4f68-a6e6-0146f9381033 990a3465ac004b2e8d92952d29a76d32 3e42f6ee036349ada4e6a60f5bdf8a68 - - default default] No more DHCP agents
2026-07-09 14:33:53.994 10 WARNING neutron.api.rpc.agentnotifiers.dhcp_rpc_agent_api [None req-e6866fe7-9278-4f68-a6e6-0146f9381033 990a3465ac004b2e8d92952d29a76d32 3e42f6ee036349ada4e6a60f5bdf8a68 - - default default] Unable to schedule network db1305a6-e1db-4363-9fae-c68c6891815f: no agents available; will retry on subsequent port and subnet creation events.
2026-07-09 14:33:54.087 10 INFO neutron.db.ovn_revision_numbers_db [None req-e6866fe7-9278-4f68-a6e6-0146f9381033 990a3465ac004b2e8d92952d29a76d32 3e42f6ee036349ada4e6a60f5bdf8a68 - - default default] Successfully bumped revision number for resource 2c601518-b656-47a6-bf3b-ff223a65b028 (type: ports) to 1
2026-07-09 14:33:54.111 10 INFO neutron.wsgi [None req-e6866fe7-9278-4f68-a6e6-0146f9381033 990a3465ac004b2e8d92952d29a76d32 3e42f6ee036349ada4e6a60f5bdf8a68 - - default default] 10.0.0.84 "POST /v2.0/networks HTTP/1.1" status: 201 len: 834 time: 0.6968379
2026-07-09 14:33:54.123 10 WARNING neutron_lib.context [None req-eef979a9-8a82-41f5-8e78-9a2dca7293df 990a3465ac004b2e8d92952d29a76d32 3e42f6ee036349ada4e6a60f5bdf8a68 - - default default] Method 'is_advsvc' is deprecated since 2023.2 release (neutron-lib 3.8.0) and will be removed once support for the old RBAC API policies will be removed from Neutron. Please use method 'is_service_role' instead.
2026-07-09 14:33:54.413 10 WARNING neutron.scheduler.dhcp_agent_scheduler [None req-eef979a9-8a82-41f5-8e78-9a2dca7293df 990a3465ac004b2e8d92952d29a76d32 3e42f6ee036349ada4e6a60f5bdf8a68 - - default default] No more DHCP agents
2026-07-09 14:33:54.415 10 WARNING neutron.api.rpc.agentnotifiers.dhcp_rpc_agent_api [None req-eef979a9-8a82-41f5-8e78-9a2dca7293df 990a3465ac004b2e8d92952d29a76d32 3e42f6ee036349ada4e6a60f5bdf8a68 - - default default] Unable to schedule network db1305a6-e1db-4363-9fae-c68c6891815f: no agents available; will retry on subsequent port and subnet creation events.
2026-07-09 14:33:54.455 10 INFO neutron.db.ovn_revision_numbers_db [None req-eef979a9-8a82-41f5-8e78-9a2dca7293df 990a3465ac004b2e8d92952d29a76d32 3e42f6ee036349ada4e6a60f5bdf8a68 - - default default] Successfully bumped revision number for resource 62cfb8f6-1fe2-4e61-a89a-44ed01e38869 (type: subnets) to 0
2026-07-09 14:33:54.474 10 INFO neutron.wsgi [None req-eef979a9-8a82-41f5-8e78-9a2dca7293df 990a3465ac004b2e8d92952d29a76d32 3e42f6ee036349ada4e6a60f5bdf8a68 - - default default] 10.0.0.84 "POST /v2.0/subnets HTTP/1.1" status: 201 len: 821 time: 0.3563602
2026-07-09 14:33:54.489 10 WARNING neutron_lib.context [None req-723591e1-552b-43ac-883c-12854d4dc0e9 990a3465ac004b2e8d92952d29a76d32 3e42f6ee036349ada4e6a60f5bdf8a68 - - default default] Method 'is_advsvc' is deprecated since 2023.2 release (neutron-lib 3.8.0) and will be removed once support for the old RBAC API policies will be removed from Neutron. Please use method 'is_service_role' instead.
2026-07-09 14:33:54.528 9 WARNING neutron_lib.context [None req-17465030-4fb8-4525-9761-3ccd069ff4c8 5953064a0015408186b49ce707b8abb3 b2529b82f7394e3b838aaf641ebde788 - - default default] Method 'is_advsvc' is deprecated since 2023.2 release (neutron-lib 3.8.0) and will be removed once support for the old RBAC API policies will be removed from Neutron. Please use method 'is_service_role' instead.
2026-07-09 14:33:54.743 9 INFO neutron.db.ovn_revision_numbers_db [None req-17465030-4fb8-4525-9761-3ccd069ff4c8 5953064a0015408186b49ce707b8abb3 b2529b82f7394e3b838aaf641ebde788 - - default default] Successfully bumped revision number for resource e806e1e7-1a5b-48b8-95b5-fef4e575c11a (type: security_groups) to 1
2026-07-09 14:33:54.770 9 INFO neutron.db.ovn_revision_numbers_db [None req-17465030-4fb8-4525-9761-3ccd069ff4c8 5953064a0015408186b49ce707b8abb3 b2529b82f7394e3b838aaf641ebde788 - - default default] Successfully bumped revision number for resource 27c46598-8f9d-45a3-b9ac-d7f27cac6f2d (type: security_group_rules) to 0
2026-07-09 14:33:54.797 9 INFO neutron.db.ovn_revision_numbers_db [None req-17465030-4fb8-4525-9761-3ccd069ff4c8 5953064a0015408186b49ce707b8abb3 b2529b82f7394e3b838aaf641ebde788 - - default default] Successfully bumped revision number for resource 4a0f226f-4b4f-4eb0-9c0c-22ab333cd03b (type: security_group_rules) to 0
2026-07-09 14:33:54.817 9 INFO neutron.db.ovn_revision_numbers_db [None req-17465030-4fb8-4525-9761-3ccd069ff4c8 5953064a0015408186b49ce707b8abb3 b2529b82f7394e3b838aaf641ebde788 - - default default] Successfully bumped revision number for resource 791aa3e1-9263-4d13-b39c-8a1e70004a99 (type: security_group_rules) to 0
2026-07-09 14:33:54.833 9 INFO neutron.db.ovn_revision_numbers_db [None req-17465030-4fb8-4525-9761-3ccd069ff4c8 5953064a0015408186b49ce707b8abb3 b2529b82f7394e3b838aaf641ebde788 - - default default] Successfully bumped revision number for resource c5f3ff1d-7a43-4c19-84ca-5555f08d16b1 (type: security_group_rules) to 0
2026-07-09 14:33:54.898 9 INFO neutron.db.segments_db [None req-17465030-4fb8-4525-9761-3ccd069ff4c8 5953064a0015408186b49ce707b8abb3 b2529b82f7394e3b838aaf641ebde788 - - default default] Added segment 2677ff3d-caf4-4bb9-a277-190baa88d952 of type geneve for network 7d046daf-fa1f-4586-b2c5-df92acf6fb17
2026-07-09 14:33:54.940 10 WARNING neutron.scheduler.dhcp_agent_scheduler [None req-723591e1-552b-43ac-883c-12854d4dc0e9 990a3465ac004b2e8d92952d29a76d32 3e42f6ee036349ada4e6a60f5bdf8a68 - - default default] No more DHCP agents
2026-07-09 14:33:54.947 10 WARNING neutron.api.rpc.agentnotifiers.dhcp_rpc_agent_api [None req-723591e1-552b-43ac-883c-12854d4dc0e9 990a3465ac004b2e8d92952d29a76d32 3e42f6ee036349ada4e6a60f5bdf8a68 - - default default] Unable to schedule network db1305a6-e1db-4363-9fae-c68c6891815f: no agents available; will retry on subsequent port and subnet creation events.
2026-07-09 14:33:55.021 10 INFO neutron.db.ovn_revision_numbers_db [None req-d25b94ff-4488-4d41-981e-27ce35210471 22165e82e85b47038d5e4c973809c3ac 363969c90b5d4636b34103ca5ae0b718 - - default default] Successfully bumped revision number for resource 823c40a5-3516-4d8c-9529-d4ea1c2fbf50 (type: security_groups) to 1
2026-07-09 14:33:55.023 9 INFO neutron.wsgi [None req-ac34e9bc-a196-4778-86df-1c0608ab3a2b 22165e82e85b47038d5e4c973809c3ac 363969c90b5d4636b34103ca5ae0b718 - - default default] 10.0.0.225 "GET /v2.0/networks HTTP/1.1" status: 200 len: 3822 time: 0.1833100
