2026-07-09 14:31:09.204 10 INFO neutron.db.segments_db [None req-1e5078f2-21a6-4f1a-86ab-f8131027dc72 98b1da9942d14b6e82b816790443b407 d32855bcf5724ca0878032a44ca03dc8 - - default default] Added segment e5399ac4-1c9e-4e1f-8969-481e3ffa18d5 of type geneve for network b01a3b1b-85b6-4a16-a56e-94b1468406d7
2026-07-09 14:31:09.234 9 INFO neutron.wsgi [None req-f7e1077d-0abf-4c97-81e5-502f3c39dee8 22165e82e85b47038d5e4c973809c3ac 363969c90b5d4636b34103ca5ae0b718 - - default default] 10.0.0.84 "GET /v2.0/security-groups?tenant_id=8292c1b50b2b4e2991d4e82716cce430&name=default HTTP/1.1" status: 200 len: 2996 time: 0.8893664
2026-07-09 14:31:09.308 9 INFO neutron.wsgi [req-40ba515d-37c7-49db-9e54-ef7ad162e681 req-d1d7ae43-401f-4a53-bc20-95dc74fbd2e8 1d5fcf759944402684510e42b4778f58 db2e5f1105f74b2fa122d3dd783d2b5f - - 74f1ce842aef429182ec85dbc71b8ded 74f1ce842aef429182ec85dbc71b8ded] 199.19.213.105 "GET /v2.0/networks/34ebec14-9d43-4b45-9c1b-232a5f75c8e0?fields=segments HTTP/1.1" status: 200 len: 212 time: 0.1060021
2026-07-09 14:31:09.408 9 INFO neutron.wsgi [req-40ba515d-37c7-49db-9e54-ef7ad162e681 req-8f4d64f1-896c-4ef8-b608-7e3e4695fe7e 1d5fcf759944402684510e42b4778f58 db2e5f1105f74b2fa122d3dd783d2b5f - - 74f1ce842aef429182ec85dbc71b8ded 74f1ce842aef429182ec85dbc71b8ded] 199.19.213.105 "GET /v2.0/networks/34ebec14-9d43-4b45-9c1b-232a5f75c8e0?fields=provider%3Aphysical_network&fields=provider%3Anetwork_type HTTP/1.1" status: 200 len: 277 time: 0.0928953
2026-07-09 14:31:09.669 10 INFO neutron.db.ovn_revision_numbers_db [None req-cefe73ac-bf6f-42ae-8ae1-ec5443b32fb1 - - - - - -] Successfully bumped revision number for resource d06e6c43-87b1-45be-89d7-d50ade81176c (type: ports) to 4
2026-07-09 14:31:09.821 10 INFO neutron.db.l3_db [None req-7cfe084e-ecbd-42db-9089-a721acef4344 dd531e2fe7e446889c1e9ba3e836391a 8916314615ef47668cc65535ec3ba97d - - default default] Floating IP 6d205ce1-1d25-4e85-aa51-29c9490a332d associated. External IP: 10.96.250.211, port: b0e76efa-91ab-49c0-b47e-888df46fe2d4.
2026-07-09 14:31:09.837 10 INFO neutron.db.ovn_revision_numbers_db [None req-1e5078f2-21a6-4f1a-86ab-f8131027dc72 98b1da9942d14b6e82b816790443b407 d32855bcf5724ca0878032a44ca03dc8 - - default default] Successfully bumped revision number for resource b01a3b1b-85b6-4a16-a56e-94b1468406d7 (type: networks) to 1
2026-07-09 14:31:10.590 10 INFO neutron.wsgi [req-0e7827f7-c54f-4818-a3db-a0c614761bdb req-c88851e1-9a13-437b-9915-474fc943f342 92ba927e9f684dd3865083dd63141abd ad4945a1ab3f43a08020c4d4c849e52a - - default default] 10.0.0.128 "GET /v2.0/ports?device_id=636086ca-1da6-4dd8-b606-1fd9547bd35b HTTP/1.1" status: 200 len: 1174 time: 0.6871634 /var/lib/openstack/lib/python3.10/site-packages/pycadf/identifier.py:71: UserWarning: Invalid uuid: neutron. To ensure interoperability, identifiers should be a valid uuid. warnings.warn(('Invalid uuid: %s. To ensure interoperability, '
2026-07-09 14:31:10.724 10 INFO neutron.wsgi [None req-71eb6cc8-3eb5-4dda-95d0-41a27b9e599e 22165e82e85b47038d5e4c973809c3ac 363969c90b5d4636b34103ca5ae0b718 - - default default] 10.0.0.84 "DELETE /v2.0/security-groups/f6789bde-7f49-4cae-a29e-58e18b766b2d HTTP/1.1" status: 204 len: 168 time: 1.4782696
2026-07-09 14:31:10.735 10 INFO neutron.wsgi [req-0e7827f7-c54f-4818-a3db-a0c614761bdb req-0a026b7c-5972-4ce1-807c-a190438ac889 92ba927e9f684dd3865083dd63141abd ad4945a1ab3f43a08020c4d4c849e52a - - default default] 10.0.0.128 "GET /v2.0/security-groups?id=ce09d796-c142-4a0d-91b4-c3284e31a0bd&fields=id&fields=name HTTP/1.1" status: 200 len: 312 time: 0.1326423
2026-07-09 14:31:10.813 10 WARNING neutron.scheduler.dhcp_agent_scheduler [None req-1e5078f2-21a6-4f1a-86ab-f8131027dc72 98b1da9942d14b6e82b816790443b407 d32855bcf5724ca0878032a44ca03dc8 - - default default] No more DHCP agents
2026-07-09 14:31:10.822 10 WARNING neutron.api.rpc.agentnotifiers.dhcp_rpc_agent_api [None req-1e5078f2-21a6-4f1a-86ab-f8131027dc72 98b1da9942d14b6e82b816790443b407 d32855bcf5724ca0878032a44ca03dc8 - - default default] Unable to schedule network b01a3b1b-85b6-4a16-a56e-94b1468406d7: no agents available; will retry on subsequent port and subnet creation events.
2026-07-09 14:31:10.875 10 INFO neutron.db.ovn_revision_numbers_db [None req-7cfe084e-ecbd-42db-9089-a721acef4344 dd531e2fe7e446889c1e9ba3e836391a 8916314615ef47668cc65535ec3ba97d - - default default] Successfully bumped revision number for resource 6d205ce1-1d25-4e85-aa51-29c9490a332d (type: floatingips) to 1
2026-07-09 14:31:10.954 10 INFO neutron.wsgi [req-b84d36d8-7b79-400d-b12b-29eb3661d8c3 req-cf3ba327-b6ca-4539-9097-097d3d540863 92ba927e9f684dd3865083dd63141abd ad4945a1ab3f43a08020c4d4c849e52a - - default default] 10.0.0.128 "GET /v2.0/ports?device_id=636086ca-1da6-4dd8-b606-1fd9547bd35b HTTP/1.1" status: 200 len: 1174 time: 0.1017869 /var/lib/openstack/lib/python3.10/site-packages/pycadf/identifier.py:71: UserWarning: Invalid uuid: neutron. To ensure interoperability, identifiers should be a valid uuid. warnings.warn(('Invalid uuid: %s. To ensure interoperability, '
2026-07-09 14:31:11.048 10 INFO neutron.db.ovn_revision_numbers_db [None req-1e5078f2-21a6-4f1a-86ab-f8131027dc72 98b1da9942d14b6e82b816790443b407 d32855bcf5724ca0878032a44ca03dc8 - - default default] Successfully bumped revision number for resource 19047748-eb7e-4122-818d-002ecaad54b2 (type: ports) to 1
2026-07-09 14:31:11.080 10 INFO neutron.notifiers.nova [-] Nova event matching ['req-bf24befa-9c62-4da4-a579-53ad81229e03'] response: {'server_uuid': '636086ca-1da6-4dd8-b606-1fd9547bd35b', 'name': 'network-vif-plugged', 'status': 'completed', 'tag': 'd06e6c43-87b1-45be-89d7-d50ade81176c', 'code': 200}
2026-07-09 14:31:11.085 10 INFO neutron.wsgi [None req-1e5078f2-21a6-4f1a-86ab-f8131027dc72 98b1da9942d14b6e82b816790443b407 d32855bcf5724ca0878032a44ca03dc8 - - default default] 10.0.0.84 "POST /v2.0/networks HTTP/1.1" status: 201 len: 852 time: 2.0832703
2026-07-09 14:31:11.144 10 INFO neutron.db.ovn_revision_numbers_db [None req-7cfe084e-ecbd-42db-9089-a721acef4344 dd531e2fe7e446889c1e9ba3e836391a 8916314615ef47668cc65535ec3ba97d - - default default] Successfully bumped revision number for resource 6d205ce1-1d25-4e85-aa51-29c9490a332d (type: floatingips) to 2
2026-07-09 14:31:11.182 10 INFO neutron.wsgi [None req-7cfe084e-ecbd-42db-9089-a721acef4344 dd531e2fe7e446889c1e9ba3e836391a 8916314615ef47668cc65535ec3ba97d - - default default] 10.0.0.84 "PUT /v2.0/floatingips/6d205ce1-1d25-4e85-aa51-29c9490a332d HTTP/1.1" status: 200 len: 1049 time: 2.0869083
2026-07-09 14:31:11.350 10 INFO neutron.wsgi [req-25beaa15-ded4-4f7d-b93b-8b320f8f595e req-8f77b9e5-2da9-45d1-b79b-02cbf5caea3f dd531e2fe7e446889c1e9ba3e836391a 8916314615ef47668cc65535ec3ba97d - - default default] 10.0.0.128 "GET /v2.0/ports?device_id=d57ce37b-a17a-45d4-b23f-e7178eea4471 HTTP/1.1" status: 200 len: 1170 time: 0.1136549
2026-07-09 14:31:11.419 10 INFO neutron.wsgi [req-25beaa15-ded4-4f7d-b93b-8b320f8f595e req-26e04789-70ca-4d84-89d3-97c29460af51 dd531e2fe7e446889c1e9ba3e836391a 8916314615ef47668cc65535ec3ba97d - - default default] 10.0.0.128 "GET /v2.0/security-groups?id=e3bc59d1-d13c-4bb0-a3e4-f31acb65cf09&fields=id&fields=name HTTP/1.1" status: 200 len: 313 time: 0.0623062
2026-07-09 14:31:11.449 9 INFO neutron.db.l3_db [None req-248ed6b5-34c3-40a4-99c1-99861194b042 92ba927e9f684dd3865083dd63141abd ad4945a1ab3f43a08020c4d4c849e52a - - default default] Floating IP 8c5013e2-4607-442d-a656-4061a03bbbbe associated. External IP: 10.96.250.220, port: d06e6c43-87b1-45be-89d7-d50ade81176c. /var/lib/openstack/lib/python3.10/site-packages/pycadf/identifier.py:71: UserWarning: Invalid uuid: neutron. To ensure interoperability, identifiers should be a valid uuid. warnings.warn(('Invalid uuid: %s. To ensure interoperability, '
2026-07-09 14:31:11.784 10 WARNING neutron_lib.context [None req-4fcae36b-4d98-4b83-9c49-4e0dd1fff1e5 98b1da9942d14b6e82b816790443b407 d32855bcf5724ca0878032a44ca03dc8 - - default default] Method 'is_advsvc' is deprecated since 2023.2 release (neutron-lib 3.8.0) and will be removed once support for the old RBAC API policies will be removed from Neutron. Please use method 'is_service_role' instead.
2026-07-09 14:31:11.788 9 INFO neutron.db.ovn_revision_numbers_db [None req-248ed6b5-34c3-40a4-99c1-99861194b042 92ba927e9f684dd3865083dd63141abd ad4945a1ab3f43a08020c4d4c849e52a - - default default] Successfully bumped revision number for resource 8c5013e2-4607-442d-a656-4061a03bbbbe (type: floatingips) to 1
2026-07-09 14:31:11.886 10 WARNING neutron_lib.context [None req-4fcae36b-4d98-4b83-9c49-4e0dd1fff1e5 98b1da9942d14b6e82b816790443b407 d32855bcf5724ca0878032a44ca03dc8 - - default default] Method 'is_advsvc' is deprecated since 2023.2 release (neutron-lib 3.8.0) and will be removed once support for the old RBAC API policies will be removed from Neutron. Please use method 'is_service_role' instead.
2026-07-09 14:31:11.988 9 INFO neutron.db.ovn_revision_numbers_db [None req-248ed6b5-34c3-40a4-99c1-99861194b042 92ba927e9f684dd3865083dd63141abd ad4945a1ab3f43a08020c4d4c849e52a - - default default] Successfully bumped revision number for resource 8c5013e2-4607-442d-a656-4061a03bbbbe (type: floatingips) to 2
2026-07-09 14:31:12.032 9 INFO neutron.wsgi [None req-248ed6b5-34c3-40a4-99c1-99861194b042 92ba927e9f684dd3865083dd63141abd ad4945a1ab3f43a08020c4d4c849e52a - - default default] 10.0.0.84 "PUT /v2.0/floatingips/8c5013e2-4607-442d-a656-4061a03bbbbe HTTP/1.1" status: 200 len: 1050 time: 1.0544789
2026-07-09 14:31:12.093 9 INFO neutron.notifiers.nova [-] Nova event matching ['req-3ea5a847-b163-4200-8631-8385c947adea'] response: {'name': 'network-changed', 'server_uuid': '636086ca-1da6-4dd8-b606-1fd9547bd35b', 'tag': 'd06e6c43-87b1-45be-89d7-d50ade81176c', 'status': 'completed', 'code': 200}
2026-07-09 14:31:12.177 9 INFO neutron.wsgi [req-354df43e-1769-4d5e-9f95-b50e15917592 req-06e20715-2cb3-4861-9b7a-68b9bdf67a82 1d5fcf759944402684510e42b4778f58 db2e5f1105f74b2fa122d3dd783d2b5f - - 74f1ce842aef429182ec85dbc71b8ded 74f1ce842aef429182ec85dbc71b8ded] 199.19.213.105 "GET /v2.0/ports?tenant_id=ad4945a1ab3f43a08020c4d4c849e52a&device_id=636086ca-1da6-4dd8-b606-1fd9547bd35b HTTP/1.1" status: 200 len: 1413 time: 0.0528991
2026-07-09 14:31:12.182 10 INFO neutron.wsgi [req-43c9bc4d-bed7-4e52-8c9a-cbc9c6ca41fa req-c969d289-9618-4a2a-9473-09c8486b38c2 92ba927e9f684dd3865083dd63141abd ad4945a1ab3f43a08020c4d4c849e52a - - default default] 10.0.0.128 "GET /v2.0/ports?device_id=636086ca-1da6-4dd8-b606-1fd9547bd35b HTTP/1.1" status: 200 len: 1174 time: 0.0656760
2026-07-09 14:31:12.269 9 INFO neutron.wsgi [req-354df43e-1769-4d5e-9f95-b50e15917592 req-a5cf98ae-6407-4a85-94bb-1de0a76b03c1 1d5fcf759944402684510e42b4778f58 db2e5f1105f74b2fa122d3dd783d2b5f - - 74f1ce842aef429182ec85dbc71b8ded 74f1ce842aef429182ec85dbc71b8ded] 199.19.213.105 "GET /v2.0/networks?id=34ebec14-9d43-4b45-9c1b-232a5f75c8e0 HTTP/1.1" status: 200 len: 966 time: 0.0832710
2026-07-09 14:31:12.284 10 INFO neutron.wsgi [req-43c9bc4d-bed7-4e52-8c9a-cbc9c6ca41fa req-4ada60cb-d0cc-4116-ab29-b0572048ca26 92ba927e9f684dd3865083dd63141abd ad4945a1ab3f43a08020c4d4c849e52a - - default default] 10.0.0.128 "GET /v2.0/security-groups?id=ce09d796-c142-4a0d-91b4-c3284e31a0bd&fields=id&fields=name HTTP/1.1" status: 200 len: 312 time: 0.0925100
2026-07-09 14:31:12.356 9 INFO neutron.wsgi [req-354df43e-1769-4d5e-9f95-b50e15917592 req-3c8ff8ca-ffd2-4f74-ab7d-210232e17c55 1d5fcf759944402684510e42b4778f58 db2e5f1105f74b2fa122d3dd783d2b5f - - 74f1ce842aef429182ec85dbc71b8ded 74f1ce842aef429182ec85dbc71b8ded] 199.19.213.105 "GET /v2.0/floatingips?fixed_ip_address=10.100.0.14&port_id=d06e6c43-87b1-45be-89d7-d50ade81176c HTTP/1.1" status: 200 len: 1060 time: 0.0792835
2026-07-09 14:31:12.409 9 INFO neutron.wsgi [req-354df43e-1769-4d5e-9f95-b50e15917592 req-b5ded3d8-5a94-444a-a12e-9a2ae5bb4d8a 1d5fcf759944402684510e42b4778f58 db2e5f1105f74b2fa122d3dd783d2b5f - - 74f1ce842aef429182ec85dbc71b8ded 74f1ce842aef429182ec85dbc71b8ded] 199.19.213.105 "GET /v2.0/subnets?id=bb463beb-62b5-4e5f-934a-975cb98862de HTTP/1.1" status: 200 len: 862 time: 0.0466790
2026-07-09 14:31:12.447 9 INFO neutron.wsgi [req-354df43e-1769-4d5e-9f95-b50e15917592 req-2b7a6454-21c3-47a7-8b3a-9fa834f01984 1d5fcf759944402684510e42b4778f58 db2e5f1105f74b2fa122d3dd783d2b5f - - 74f1ce842aef429182ec85dbc71b8ded 74f1ce842aef429182ec85dbc71b8ded] 199.19.213.105 "GET /v2.0/ports?network_id=34ebec14-9d43-4b45-9c1b-232a5f75c8e0&device_owner=network%3Adhcp HTTP/1.1" status: 200 len: 210 time: 0.0288942
2026-07-09 14:31:12.538 9 INFO neutron.wsgi [req-354df43e-1769-4d5e-9f95-b50e15917592 req-3785824a-14ff-4b22-a2e9-ce550f06fea7 1d5fcf759944402684510e42b4778f58 db2e5f1105f74b2fa122d3dd783d2b5f - - 74f1ce842aef429182ec85dbc71b8ded 74f1ce842aef429182ec85dbc71b8ded] 199.19.213.105 "GET /v2.0/networks/34ebec14-9d43-4b45-9c1b-232a5f75c8e0?fields=segments HTTP/1.1" status: 200 len: 212 time: 0.0836844
2026-07-09 14:31:12.621 10 WARNING neutron.scheduler.dhcp_agent_scheduler [None req-4fcae36b-4d98-4b83-9c49-4e0dd1fff1e5 98b1da9942d14b6e82b816790443b407 d32855bcf5724ca0878032a44ca03dc8 - - default default] No more DHCP agents
2026-07-09 14:31:12.627 10 WARNING neutron.api.rpc.agentnotifiers.dhcp_rpc_agent_api [None req-4fcae36b-4d98-4b83-9c49-4e0dd1fff1e5 98b1da9942d14b6e82b816790443b407 d32855bcf5724ca0878032a44ca03dc8 - - default default] Unable to schedule network f403a7d4-8dd4-4c64-b0ca-f04ecc8319de: no agents available; will retry on subsequent port and subnet creation events.
2026-07-09 14:31:12.650 9 INFO neutron.wsgi [req-354df43e-1769-4d5e-9f95-b50e15917592 req-5b101e73-69ed-4c28-84d5-90434ac801f4 1d5fcf759944402684510e42b4778f58 db2e5f1105f74b2fa122d3dd783d2b5f - - 74f1ce842aef429182ec85dbc71b8ded 74f1ce842aef429182ec85dbc71b8ded] 199.19.213.105 "GET /v2.0/networks/34ebec14-9d43-4b45-9c1b-232a5f75c8e0?fields=provider%3Aphysical_network&fields=provider%3Anetwork_type HTTP/1.1" status: 200 len: 277 time: 0.1049621
2026-07-09 14:31:12.703 10 INFO neutron.plugins.ml2.drivers.ovn.mech_driver.mech_driver [None req-cefe73ac-bf6f-42ae-8ae1-ec5443b32fb1 - - - - - -] OVN reports status down for port: d06e6c43-87b1-45be-89d7-d50ade81176c
2026-07-09 14:31:12.725 10 INFO neutron.db.ovn_revision_numbers_db [None req-4fcae36b-4d98-4b83-9c49-4e0dd1fff1e5 98b1da9942d14b6e82b816790443b407 d32855bcf5724ca0878032a44ca03dc8 - - default default] Successfully bumped revision number for resource a629b7ca-8bbf-4c44-aab3-7be5368c061d (type: subnets) to 0
2026-07-09 14:31:12.734 10 INFO neutron.wsgi [req-0db8d338-ac03-4e39-aa0b-7d7b3b10de38 req-177a6040-4f32-40bd-afe5-b14bf66313bc 92ba927e9f684dd3865083dd63141abd ad4945a1ab3f43a08020c4d4c849e52a - - default default] 10.0.0.128 "GET /v2.0/ports?device_id=636086ca-1da6-4dd8-b606-1fd9547bd35b HTTP/1.1" status: 200 len: 1174 time: 0.0714607
2026-07-09 14:31:12.760 10 WARNING neutron.scheduler.dhcp_agent_scheduler [None req-4fcae36b-4d98-4b83-9c49-4e0dd1fff1e5 98b1da9942d14b6e82b816790443b407 d32855bcf5724ca0878032a44ca03dc8 - - default default] No more DHCP agents
2026-07-09 14:31:12.764 10 WARNING neutron.api.rpc.agentnotifiers.dhcp_rpc_agent_api [None req-4fcae36b-4d98-4b83-9c49-4e0dd1fff1e5 98b1da9942d14b6e82b816790443b407 d32855bcf5724ca0878032a44ca03dc8 - - default default] Unable to schedule network b01a3b1b-85b6-4a16-a56e-94b1468406d7: no agents available; will retry on subsequent port and subnet creation events.
2026-07-09 14:31:12.884 10 INFO neutron.wsgi [req-0db8d338-ac03-4e39-aa0b-7d7b3b10de38 req-4b296855-664b-4f8c-8b7a-18d3f27c963c 92ba927e9f684dd3865083dd63141abd ad4945a1ab3f43a08020c4d4c849e52a - - default default] 10.0.0.128 "GET /v2.0/security-groups?id=ce09d796-c142-4a0d-91b4-c3284e31a0bd&fields=id&fields=name HTTP/1.1" status: 200 len: 312 time: 0.1230526
2026-07-09 14:31:12.901 10 INFO neutron.db.ovn_revision_numbers_db [None req-4fcae36b-4d98-4b83-9c49-4e0dd1fff1e5 98b1da9942d14b6e82b816790443b407 d32855bcf5724ca0878032a44ca03dc8 - - default default] Successfully bumped revision number for resource 4df7121a-7df6-40f8-8316-05fce4ccdf82 (type: subnets) to 0
2026-07-09 14:31:12.932 10 INFO neutron.wsgi [None req-4fcae36b-4d98-4b83-9c49-4e0dd1fff1e5 98b1da9942d14b6e82b816790443b407 d32855bcf5724ca0878032a44ca03dc8 - - default default] 10.0.0.84 "POST /v2.0/subnets HTTP/1.1" status: 201 len: 1476 time: 1.1601710
2026-07-09 14:31:12.961 9 INFO neutron.wsgi [-] 10.0.0.137 "GET / HTTP/1.1" status: 200 len: 246 time: 0.0036836
2026-07-09 14:31:12.970 9 INFO neutron.wsgi [-] 10.0.0.137 "GET / HTTP/1.1" status: 200 len: 246 time: 0.0040145
2026-07-09 14:31:13.045 10 INFO neutron.wsgi [None req-3ca06bba-20cd-4fae-8684-a8b730d8327a 98b1da9942d14b6e82b816790443b407 d32855bcf5724ca0878032a44ca03dc8 - - default default] 10.0.0.84 "GET /v2.0/subnets HTTP/1.1" status: 200 len: 2084 time: 0.1055481
2026-07-09 14:31:13.139 10 INFO neutron.notifiers.nova [-] Nova event matching ['req-283afc70-2ea6-43ae-aebe-22ab41d62a42'] response: {'name': 'network-changed', 'server_uuid': 'd57ce37b-a17a-45d4-b23f-e7178eea4471', 'tag': 'b0e76efa-91ab-49c0-b47e-888df46fe2d4', 'status': 'completed', 'code': 200}
2026-07-09 14:31:13.140 10 INFO neutron.notifiers.nova [-] Nova event matching ['req-283afc70-2ea6-43ae-aebe-22ab41d62a42'] response: {'server_uuid': '636086ca-1da6-4dd8-b606-1fd9547bd35b', 'name': 'network-vif-unplugged', 'status': 'completed', 'tag': 'd06e6c43-87b1-45be-89d7-d50ade81176c', 'code': 200}
2026-07-09 14:31:13.227 9 INFO neutron.wsgi [req-f4228a6c-21b5-4348-bd42-c47d9431168b req-90e71a75-32e6-496f-b98b-2788cbe793e6 92ba927e9f684dd3865083dd63141abd ad4945a1ab3f43a08020c4d4c849e52a - - default default] 199.19.213.105 "GET /v2.0/ports?device_id=636086ca-1da6-4dd8-b606-1fd9547bd35b HTTP/1.1" status: 200 len: 1172 time: 0.1975896
2026-07-09 14:31:13.240 10 INFO neutron.wsgi [req-ff2d5ec4-83b5-482b-b290-b102a8b22a17 req-e848d18d-c65c-46f6-ad5e-bec4855a684c 1d5fcf759944402684510e42b4778f58 db2e5f1105f74b2fa122d3dd783d2b5f - - 74f1ce842aef429182ec85dbc71b8ded 74f1ce842aef429182ec85dbc71b8ded] 199.19.213.105 "GET /v2.0/ports?tenant_id=8916314615ef47668cc65535ec3ba97d&device_id=d57ce37b-a17a-45d4-b23f-e7178eea4471 HTTP/1.1" status: 200 len: 1409 time: 0.0687745
2026-07-09 14:31:13.332 10 INFO neutron.db.ovn_revision_numbers_db [None req-cefe73ac-bf6f-42ae-8ae1-ec5443b32fb1 - - - - - -] Successfully bumped revision number for resource d06e6c43-87b1-45be-89d7-d50ade81176c (type: ports) to 5
2026-07-09 14:31:13.347 10 INFO neutron.wsgi [req-ff2d5ec4-83b5-482b-b290-b102a8b22a17 req-ec2e5f35-dde7-4ff2-95c9-80f36880ad30 1d5fcf759944402684510e42b4778f58 db2e5f1105f74b2fa122d3dd783d2b5f - - 74f1ce842aef429182ec85dbc71b8ded 74f1ce842aef429182ec85dbc71b8ded] 199.19.213.105 "GET /v2.0/networks?id=22e24bfe-4563-4abf-9229-a40331ea6c08 HTTP/1.1" status: 200 len: 980 time: 0.1023519
2026-07-09 14:31:13.428 10 INFO neutron.wsgi [req-ff2d5ec4-83b5-482b-b290-b102a8b22a17 req-09178142-b6f2-40b1-b20d-e1a1b95c1e5c 1d5fcf759944402684510e42b4778f58 db2e5f1105f74b2fa122d3dd783d2b5f - - 74f1ce842aef429182ec85dbc71b8ded 74f1ce842aef429182ec85dbc71b8ded] 199.19.213.105 "GET /v2.0/floatingips?fixed_ip_address=10.100.0.3&port_id=b0e76efa-91ab-49c0-b47e-888df46fe2d4 HTTP/1.1" status: 200 len: 1059 time: 0.0684707
2026-07-09 14:31:13.435 9 INFO neutron.wsgi [None req-a36d376b-31d8-4c3a-a0a7-61d2441329f0 98b1da9942d14b6e82b816790443b407 d32855bcf5724ca0878032a44ca03dc8 - - default default] 10.0.0.84 "DELETE /v2.0/subnets/a629b7ca-8bbf-4c44-aab3-7be5368c061d HTTP/1.1" status: 204 len: 168 time: 0.3715370 /var/lib/openstack/lib/python3.10/site-packages/pycadf/identifier.py:71: UserWarning: Invalid uuid: neutron. To ensure interoperability, identifiers should be a valid uuid. warnings.warn(('Invalid uuid: %s. To ensure interoperability, '
2026-07-09 14:31:13.487 10 INFO neutron.wsgi [req-ff2d5ec4-83b5-482b-b290-b102a8b22a17 req-ca4ddd9b-275f-437c-9c2c-16148471ce3c 1d5fcf759944402684510e42b4778f58 db2e5f1105f74b2fa122d3dd783d2b5f - - 74f1ce842aef429182ec85dbc71b8ded 74f1ce842aef429182ec85dbc71b8ded] 199.19.213.105 "GET /v2.0/subnets?id=de0c8b07-5b56-40c0-bda1-264996700ae5 HTTP/1.1" status: 200 len: 875 time: 0.0491226
2026-07-09 14:31:13.522 10 INFO neutron.wsgi [req-ff2d5ec4-83b5-482b-b290-b102a8b22a17 req-ac229fa1-c10c-4cf6-8f6c-152979a87d8e 1d5fcf759944402684510e42b4778f58 db2e5f1105f74b2fa122d3dd783d2b5f - - 74f1ce842aef429182ec85dbc71b8ded 74f1ce842aef429182ec85dbc71b8ded] 199.19.213.105 "GET /v2.0/ports?network_id=22e24bfe-4563-4abf-9229-a40331ea6c08&device_owner=network%3Adhcp HTTP/1.1" status: 200 len: 210 time: 0.0289757
2026-07-09 14:31:13.611 10 INFO neutron.wsgi [req-ff2d5ec4-83b5-482b-b290-b102a8b22a17 req-0f8de8a4-eb47-4704-8ee3-e46b9635d835 1d5fcf759944402684510e42b4778f58 db2e5f1105f74b2fa122d3dd783d2b5f - - 74f1ce842aef429182ec85dbc71b8ded 74f1ce842aef429182ec85dbc71b8ded] 199.19.213.105 "GET /v2.0/networks/22e24bfe-4563-4abf-9229-a40331ea6c08?fields=segments HTTP/1.1" status: 200 len: 212 time: 0.0759375
2026-07-09 14:31:13.716 10 INFO neutron.wsgi [req-ff2d5ec4-83b5-482b-b290-b102a8b22a17 req-65de2497-206c-47a3-b6c9-41848b05d143 1d5fcf759944402684510e42b4778f58 db2e5f1105f74b2fa122d3dd783d2b5f - - 74f1ce842aef429182ec85dbc71b8ded 74f1ce842aef429182ec85dbc71b8ded] 199.19.213.105 "GET /v2.0/networks/22e24bfe-4563-4abf-9229-a40331ea6c08?fields=provider%3Aphysical_network&fields=provider%3Anetwork_type HTTP/1.1" status: 200 len: 277 time: 0.0994244
2026-07-09 14:31:13.789 9 INFO neutron.wsgi [None req-2b75e3da-4caa-4fa0-aaca-e701e739edc3 98b1da9942d14b6e82b816790443b407 d32855bcf5724ca0878032a44ca03dc8 - - default default] 10.0.0.84 "DELETE /v2.0/subnets/4df7121a-7df6-40f8-8316-05fce4ccdf82 HTTP/1.1" status: 204 len: 168 time: 0.3480043
2026-07-09 14:31:13.855 9 INFO neutron.db.l3_db [req-f4228a6c-21b5-4348-bd42-c47d9431168b req-2f0105fd-4e69-4165-85f4-0f61b6d5cafa 92ba927e9f684dd3865083dd63141abd ad4945a1ab3f43a08020c4d4c849e52a - - default default] Floating IP 8c5013e2-4607-442d-a656-4061a03bbbbe disassociated. External IP: 10.96.250.220, port: d06e6c43-87b1-45be-89d7-d50ade81176c.
2026-07-09 14:31:13.901 9 INFO neutron.wsgi [None req-94a26e5c-8361-4f87-92e1-3ebfe0c8c4c4 98b1da9942d14b6e82b816790443b407 d32855bcf5724ca0878032a44ca03dc8 - - default default] 10.0.0.84 "GET /v2.0/subnets HTTP/1.1" status: 200 len: 820 time: 0.1011353 /var/lib/openstack/lib/python3.10/site-packages/pycadf/identifier.py:71: UserWarning: Invalid uuid: neutron. To ensure interoperability, identifiers should be a valid uuid. warnings.warn(('Invalid uuid: %s. To ensure interoperability, '
2026-07-09 14:31:14.065 10 INFO neutron.wsgi [req-bfc68e6d-5507-4e6e-9d37-b0dc5ef58092 req-502e0a2a-6751-475e-a6ee-d239b932a5d8 92ba927e9f684dd3865083dd63141abd ad4945a1ab3f43a08020c4d4c849e52a - - default default] 10.0.0.128 "GET /v2.0/ports?device_id=636086ca-1da6-4dd8-b606-1fd9547bd35b HTTP/1.1" status: 200 len: 1172 time: 0.0620224
2026-07-09 14:31:14.097 9 INFO neutron.wsgi [req-f4228a6c-21b5-4348-bd42-c47d9431168b req-2f0105fd-4e69-4165-85f4-0f61b6d5cafa 92ba927e9f684dd3865083dd63141abd ad4945a1ab3f43a08020c4d4c849e52a - - default default] 199.19.213.105 "DELETE /v2.0/ports/d06e6c43-87b1-45be-89d7-d50ade81176c HTTP/1.1" status: 204 len: 173 time: 0.8636718
2026-07-09 14:31:14.139 10 INFO neutron.wsgi [req-bfc68e6d-5507-4e6e-9d37-b0dc5ef58092 req-ec68ee7c-54e7-4d92-b3b4-918c7599395c 92ba927e9f684dd3865083dd63141abd ad4945a1ab3f43a08020c4d4c849e52a - - default default] 10.0.0.128 "GET /v2.0/security-groups?id=ce09d796-c142-4a0d-91b4-c3284e31a0bd&fields=id&fields=name HTTP/1.1" status: 200 len: 312 time: 0.0649388
2026-07-09 14:31:14.149 9 INFO neutron.notifiers.nova [-] Nova event matching ['req-05d0fc46-f07a-46c9-835b-f4896d7d0741'] response: {'server_uuid': '636086ca-1da6-4dd8-b606-1fd9547bd35b', 'name': 'network-vif-deleted', 'tag': 'd06e6c43-87b1-45be-89d7-d50ade81176c', 'status': 'completed', 'code': 200}
2026-07-09 14:31:14.450 10 INFO neutron.services.segments.plugin [-] Segment e5399ac4-1c9e-4e1f-8969-481e3ffa18d5 resource provider aggregate not found
2026-07-09 14:31:14.458 10 INFO neutron.services.segments.plugin [-] Segment e5399ac4-1c9e-4e1f-8969-481e3ffa18d5 resource provider aggregate not found
2026-07-09 14:31:14.481 10 INFO neutron.services.segments.plugin [-] Segment e5399ac4-1c9e-4e1f-8969-481e3ffa18d5 resource provider not found; error: Placement Client Error (4xx): {"errors": [{"status": 404, "title": "Not Found", "detail": "The resource could not be found.\n\n No resource provider with uuid e5399ac4-1c9e-4e1f-8969-481e3ffa18d5 found for delete ", "request_id": "req-71f1139b-82ef-4602-b2a1-12e4412f3345"}]}
2026-07-09 14:31:14.495 10 INFO neutron.services.segments.plugin [-] Segment e5399ac4-1c9e-4e1f-8969-481e3ffa18d5 resource provider not found; error: Placement Client Error (4xx): {"errors": [{"status": 404, "title": "Not Found", "detail": "The resource could not be found.\n\n No resource provider with uuid e5399ac4-1c9e-4e1f-8969-481e3ffa18d5 found for delete ", "request_id": "req-c33dd9f3-33ea-467d-89fb-9b88e1f4a17c"}]}
2026-07-09 14:31:14.531 10 INFO neutron.wsgi [None req-5a4374de-cfef-4d33-82e3-8d18dc12a2eb 98b1da9942d14b6e82b816790443b407 d32855bcf5724ca0878032a44ca03dc8 - - default default] 10.0.0.84 "DELETE /v2.0/networks/b01a3b1b-85b6-4a16-a56e-94b1468406d7 HTTP/1.1" status: 204 len: 168 time: 0.6196506
2026-07-09 14:31:15.188 10 INFO neutron.notifiers.nova [-] Nova event matching ['req-abd1d798-83ba-428b-97a8-268b6903109e'] response: {'server_uuid': '636086ca-1da6-4dd8-b606-1fd9547bd35b', 'name': 'network-vif-plugged', 'status': 'completed', 'tag': 'd06e6c43-87b1-45be-89d7-d50ade81176c', 'code': 200}
2026-07-09 14:31:15.382 9 INFO neutron.services.segments.plugin [-] Segment c0450a42-d177-4d3c-954d-a5e9ab9c9646 resource provider aggregate not found
2026-07-09 14:31:15.405 10 INFO neutron.wsgi [None req-70418555-499f-4dbd-bf84-90ba14c5a4d1 92ba927e9f684dd3865083dd63141abd ad4945a1ab3f43a08020c4d4c849e52a - - default default] 10.0.0.84 "DELETE /v2.0/security-groups/ce09d796-c142-4a0d-91b4-c3284e31a0bd HTTP/1.1" status: 204 len: 168 time: 0.1550634
2026-07-09 14:31:15.410 9 INFO neutron.services.segments.plugin [-] Segment c0450a42-d177-4d3c-954d-a5e9ab9c9646 resource provider aggregate not found
2026-07-09 14:31:15.428 9 INFO neutron.services.segments.plugin [-] Segment c0450a42-d177-4d3c-954d-a5e9ab9c9646 resource provider not found; error: Placement Client Error (4xx): {"errors": [{"status": 404, "title": "Not Found", "detail": "The resource could not be found.\n\n No resource provider with uuid c0450a42-d177-4d3c-954d-a5e9ab9c9646 found for delete ", "request_id": "req-291a8b0a-86d2-40ad-bee5-d92a9c4e84a9"}]}
2026-07-09 14:31:15.429 10 INFO neutron.api.v2.resource [None req-fd804932-eafc-4ec3-8fa7-96f3009d433f 92ba927e9f684dd3865083dd63141abd ad4945a1ab3f43a08020c4d4c849e52a - - default default] show failed (client error): The resource could not be found.
2026-07-09 14:31:15.431 10 INFO neutron.wsgi [None req-fd804932-eafc-4ec3-8fa7-96f3009d433f 92ba927e9f684dd3865083dd63141abd ad4945a1ab3f43a08020c4d4c849e52a - - default default] 10.0.0.84 "GET /v2.0/security-groups/ce09d796-c142-4a0d-91b4-c3284e31a0bd HTTP/1.1" status: 404 len: 347 time: 0.0149899
2026-07-09 14:31:15.434 9 INFO neutron.services.segments.plugin [-] Segment c0450a42-d177-4d3c-954d-a5e9ab9c9646 resource provider not found; error: Placement Client Error (4xx): {"errors": [{"status": 404, "title": "Not Found", "detail": "The resource could not be found.\n\n No resource provider with uuid c0450a42-d177-4d3c-954d-a5e9ab9c9646 found for delete ", "request_id": "req-0e16e740-8aee-4c04-a25a-db16a9bf9740"}]}
2026-07-09 14:31:15.497 9 INFO neutron.wsgi [None req-4df6eab9-d3f3-4df9-a8c7-c9ee225d2eb7 98b1da9942d14b6e82b816790443b407 d32855bcf5724ca0878032a44ca03dc8 - - default default] 10.0.0.84 "DELETE /v2.0/networks/f403a7d4-8dd4-4c64-b0ca-f04ecc8319de HTTP/1.1" status: 204 len: 168 time: 0.9604325
2026-07-09 14:31:15.944 9 INFO neutron.wsgi [None req-a1b9567c-a112-4e22-aa97-89d67683aba2 92ba927e9f684dd3865083dd63141abd ad4945a1ab3f43a08020c4d4c849e52a - - default default] 10.0.0.84 "DELETE /v2.0/floatingips/8c5013e2-4607-442d-a656-4061a03bbbbe HTTP/1.1" status: 204 len: 168 time: 0.5071056
2026-07-09 14:31:16.117 10 INFO neutron.wsgi [None req-f59762c9-c8fb-480a-b655-cf3fa91c4d62 98b1da9942d14b6e82b816790443b407 d32855bcf5724ca0878032a44ca03dc8 - - default default] 10.0.0.84 "DELETE /v2.0/networks/89fc2d4d-e55f-4213-a0e7-40661d16417d HTTP/1.1" status: 204 len: 168 time: 0.6134384
2026-07-09 14:31:16.315 9 INFO neutron.wsgi [req-0aea3ef6-2e7e-4d11-8f94-1ea9c882b4de req-7f032b01-fafa-4f5f-9139-c6fc71f65c38 1d5fcf759944402684510e42b4778f58 db2e5f1105f74b2fa122d3dd783d2b5f - - 74f1ce842aef429182ec85dbc71b8ded 74f1ce842aef429182ec85dbc71b8ded] 199.19.213.105 "GET /v2.0/ports?device_id=d57ce37b-a17a-45d4-b23f-e7178eea4471&fields=binding%3Ahost_id&fields=binding%3Avif_type HTTP/1.1" status: 200 len: 265 time: 0.0940490
2026-07-09 14:31:16.433 9 INFO neutron.wsgi [req-0aea3ef6-2e7e-4d11-8f94-1ea9c882b4de req-de62bb67-d8ae-490c-9bb4-8e7126adb40d 1d5fcf759944402684510e42b4778f58 db2e5f1105f74b2fa122d3dd783d2b5f - - 74f1ce842aef429182ec85dbc71b8ded 74f1ce842aef429182ec85dbc71b8ded] 199.19.213.105 "GET /v2.0/ports?tenant_id=8916314615ef47668cc65535ec3ba97d&device_id=d57ce37b-a17a-45d4-b23f-e7178eea4471 HTTP/1.1" status: 200 len: 1409 time: 0.0540636
2026-07-09 14:31:16.512 10 INFO neutron.services.segments.plugin [-] Segment 8e3f0420-94db-4f5b-a765-cd6e35f83207 resource provider aggregate not found
2026-07-09 14:31:16.533 10 INFO neutron.services.segments.plugin [-] Segment 8e3f0420-94db-4f5b-a765-cd6e35f83207 resource provider aggregate not found
2026-07-09 14:31:16.539 10 INFO neutron.services.segments.plugin [-] Segment 8e3f0420-94db-4f5b-a765-cd6e35f83207 resource provider not found; error: Placement Client Error (4xx): {"errors": [{"status": 404, "title": "Not Found", "detail": "The resource could not be found.\n\n No resource provider with uuid 8e3f0420-94db-4f5b-a765-cd6e35f83207 found for delete ", "request_id": "req-3f1f8593-3a0f-4d86-b48c-717369a1eaa0"}]}
2026-07-09 14:31:16.553 10 INFO neutron.services.segments.plugin [-] Segment 8e3f0420-94db-4f5b-a765-cd6e35f83207 resource provider not found; error: Placement Client Error (4xx): {"errors": [{"status": 404, "title": "Not Found", "detail": "The resource could not be found.\n\n No resource provider with uuid 8e3f0420-94db-4f5b-a765-cd6e35f83207 found for delete ", "request_id": "req-e4a3890b-0816-4e29-85b7-389704101e9c"}]}
2026-07-09 14:31:16.603 9 INFO neutron.wsgi [req-0aea3ef6-2e7e-4d11-8f94-1ea9c882b4de req-9fc33914-a623-490c-a96f-34d93092f0fa 1d5fcf759944402684510e42b4778f58 db2e5f1105f74b2fa122d3dd783d2b5f - - 74f1ce842aef429182ec85dbc71b8ded 74f1ce842aef429182ec85dbc71b8ded] 199.19.213.105 "GET /v2.0/networks?id=22e24bfe-4563-4abf-9229-a40331ea6c08 HTTP/1.1" status: 200 len: 980 time: 0.1286988
2026-07-09 14:31:16.693 10 INFO neutron.wsgi [None req-ff563c5d-ebea-465d-a7e6-6655231f0491 98b1da9942d14b6e82b816790443b407 d32855bcf5724ca0878032a44ca03dc8 - - default default] 10.0.0.84 "DELETE /v2.0/networks/f8d03d1d-dff2-430c-b538-7d9aa57c04bf HTTP/1.1" status: 204 len: 168 time: 0.5702858
2026-07-09 14:31:16.727 9 INFO neutron.wsgi [req-0aea3ef6-2e7e-4d11-8f94-1ea9c882b4de req-d3b75b6a-b5ce-4cde-b40c-3d4d091366d5 1d5fcf759944402684510e42b4778f58 db2e5f1105f74b2fa122d3dd783d2b5f - - 74f1ce842aef429182ec85dbc71b8ded 74f1ce842aef429182ec85dbc71b8ded] 199.19.213.105 "GET /v2.0/floatingips?fixed_ip_address=10.100.0.3&port_id=b0e76efa-91ab-49c0-b47e-888df46fe2d4 HTTP/1.1" status: 200 len: 1059 time: 0.1046066
2026-07-09 14:31:16.787 9 INFO neutron.wsgi [req-0aea3ef6-2e7e-4d11-8f94-1ea9c882b4de req-23252306-017f-471f-9970-d4a257be08cf 1d5fcf759944402684510e42b4778f58 db2e5f1105f74b2fa122d3dd783d2b5f - - 74f1ce842aef429182ec85dbc71b8ded 74f1ce842aef429182ec85dbc71b8ded] 199.19.213.105 "GET /v2.0/subnets?id=de0c8b07-5b56-40c0-bda1-264996700ae5 HTTP/1.1" status: 200 len: 875 time: 0.0485818
2026-07-09 14:31:16.833 9 INFO neutron.wsgi [req-0aea3ef6-2e7e-4d11-8f94-1ea9c882b4de req-e8c1cb19-776c-4617-9a34-6156b48560c8 1d5fcf759944402684510e42b4778f58 db2e5f1105f74b2fa122d3dd783d2b5f - - 74f1ce842aef429182ec85dbc71b8ded 74f1ce842aef429182ec85dbc71b8ded] 199.19.213.105 "GET /v2.0/ports?network_id=22e24bfe-4563-4abf-9229-a40331ea6c08&device_owner=network%3Adhcp HTTP/1.1" status: 200 len: 210 time: 0.0374534
2026-07-09 14:31:16.952 9 INFO neutron.wsgi [req-0aea3ef6-2e7e-4d11-8f94-1ea9c882b4de req-30111466-2001-45a0-a624-52a1e2ff9d40 1d5fcf759944402684510e42b4778f58 db2e5f1105f74b2fa122d3dd783d2b5f - - 74f1ce842aef429182ec85dbc71b8ded 74f1ce842aef429182ec85dbc71b8ded] 199.19.213.105 "GET /v2.0/networks/22e24bfe-4563-4abf-9229-a40331ea6c08?fields=segments HTTP/1.1" status: 200 len: 212 time: 0.1103580
2026-07-09 14:31:17.073 9 INFO neutron.wsgi [req-0aea3ef6-2e7e-4d11-8f94-1ea9c882b4de req-ec157a4d-20bd-428b-bd9f-72223bac181e 1d5fcf759944402684510e42b4778f58 db2e5f1105f74b2fa122d3dd783d2b5f - - 74f1ce842aef429182ec85dbc71b8ded 74f1ce842aef429182ec85dbc71b8ded] 199.19.213.105 "GET /v2.0/networks/22e24bfe-4563-4abf-9229-a40331ea6c08?fields=provider%3Aphysical_network&fields=provider%3Anetwork_type HTTP/1.1" status: 200 len: 277 time: 0.1090753
2026-07-09 14:31:17.749 9 INFO neutron.wsgi [None req-3e6cdd7b-5d20-4924-bfc4-d3af7125104e 22165e82e85b47038d5e4c973809c3ac 363969c90b5d4636b34103ca5ae0b718 - - default default] 10.0.0.84 "PUT /v2.0/routers/c8288569-ac13-49ae-9730-932226b29846/remove_router_interface HTTP/1.1" status: 200 len: 503 time: 1.7988784
2026-07-09 14:31:17.764 10 INFO neutron.wsgi [None req-eeac5fe0-0fee-49ec-9c0b-466b9a6b547e 22165e82e85b47038d5e4c973809c3ac 363969c90b5d4636b34103ca5ae0b718 - - default default] 10.0.0.84 "GET /v2.0/security-groups?tenant_id=d32855bcf5724ca0878032a44ca03dc8&name=default HTTP/1.1" status: 200 len: 2996 time: 0.2902355 /var/lib/openstack/lib/python3.10/site-packages/pycadf/identifier.py:71: UserWarning: Invalid uuid: neutron. To ensure interoperability, identifiers should be a valid uuid. warnings.warn(('Invalid uuid: %s. To ensure interoperability, '
2026-07-09 14:31:18.081 9 INFO neutron.wsgi [None req-045b5848-d561-4902-8caa-93f95fd9865f 22165e82e85b47038d5e4c973809c3ac 363969c90b5d4636b34103ca5ae0b718 - - default default] 10.0.0.84 "DELETE /v2.0/security-groups/49fcdb12-6c70-4711-a123-6fca3a0a19dc HTTP/1.1" status: 204 len: 168 time: 0.3114903
2026-07-09 14:31:18.580 10 INFO neutron.services.segments.plugin [-] Segment d7aa2fb6-8be9-40df-a048-55b787cc55ad resource provider aggregate not found
2026-07-09 14:31:18.592 10 INFO neutron.services.segments.plugin [-] Segment d7aa2fb6-8be9-40df-a048-55b787cc55ad resource provider aggregate not found
2026-07-09 14:31:18.606 10 INFO neutron.services.segments.plugin [-] Segment d7aa2fb6-8be9-40df-a048-55b787cc55ad resource provider not found; error: Placement Client Error (4xx): {"errors": [{"status": 404, "title": "Not Found", "detail": "The resource could not be found.\n\n No resource provider with uuid d7aa2fb6-8be9-40df-a048-55b787cc55ad found for delete ", "request_id": "req-e0b67880-3f58-4c4e-859a-0717e1857e6e"}]}
2026-07-09 14:31:18.609 9 INFO neutron.db.ovn_revision_numbers_db [None req-e447924d-0f29-490d-bcbe-3b763fc753e2 22165e82e85b47038d5e4c973809c3ac 363969c90b5d4636b34103ca5ae0b718 - - default default] Successfully bumped revision number for resource 5731495a-fccf-498c-9ac3-11705174b6f0 (type: security_groups) to 1
2026-07-09 14:31:18.617 10 INFO neutron.services.segments.plugin [-] Segment d7aa2fb6-8be9-40df-a048-55b787cc55ad resource provider not found; error: Placement Client Error (4xx): {"errors": [{"status": 404, "title": "Not Found", "detail": "The resource could not be found.\n\n No resource provider with uuid d7aa2fb6-8be9-40df-a048-55b787cc55ad found for delete ", "request_id": "req-1a50c82b-fdaa-4e7a-87d4-4a1b38440044"}]}
2026-07-09 14:31:18.635 9 INFO neutron.db.ovn_revision_numbers_db [None req-e447924d-0f29-490d-bcbe-3b763fc753e2 22165e82e85b47038d5e4c973809c3ac 363969c90b5d4636b34103ca5ae0b718 - - default default] Successfully bumped revision number for resource 426a4841-c370-4ae6-add7-a50d245d035f (type: security_group_rules) to 0
2026-07-09 14:31:18.657 9 INFO neutron.db.ovn_revision_numbers_db [None req-e447924d-0f29-490d-bcbe-3b763fc753e2 22165e82e85b47038d5e4c973809c3ac 363969c90b5d4636b34103ca5ae0b718 - - default default] Successfully bumped revision number for resource 8080269e-b96f-4ee0-92a3-79b8ecca8b94 (type: security_group_rules) to 0
2026-07-09 14:31:18.679 9 INFO neutron.db.ovn_revision_numbers_db [None req-e447924d-0f29-490d-bcbe-3b763fc753e2 22165e82e85b47038d5e4c973809c3ac 363969c90b5d4636b34103ca5ae0b718 - - default default] Successfully bumped revision number for resource 935c0fac-5eee-481a-83c7-1aaf39a65a5b (type: security_group_rules) to 0
2026-07-09 14:31:18.709 9 INFO neutron.db.ovn_revision_numbers_db [None req-e447924d-0f29-490d-bcbe-3b763fc753e2 22165e82e85b47038d5e4c973809c3ac 363969c90b5d4636b34103ca5ae0b718 - - default default] Successfully bumped revision number for resource d663dac7-f30a-41c6-acee-5e98a6220372 (type: security_group_rules) to 0
2026-07-09 14:31:18.766 9 INFO neutron.wsgi [None req-e447924d-0f29-490d-bcbe-3b763fc753e2 22165e82e85b47038d5e4c973809c3ac 363969c90b5d4636b34103ca5ae0b718 - - default default] 10.0.0.84 "GET /v2.0/security-groups?tenant_id=dcf62e651edc434db2af195a8df5a5c1&name=default HTTP/1.1" status: 200 len: 2996 time: 0.6421363
2026-07-09 14:31:19.145 9 INFO neutron.wsgi [None req-2153d50b-2916-4b4b-b7bb-09f1817f780f 22165e82e85b47038d5e4c973809c3ac 363969c90b5d4636b34103ca5ae0b718 - - default default] 10.0.0.84 "DELETE /v2.0/security-groups/5731495a-fccf-498c-9ac3-11705174b6f0 HTTP/1.1" status: 204 len: 168 time: 0.3685071
2026-07-09 14:31:19.510 10 INFO neutron.wsgi [None req-1421dbd9-cd26-4c67-931a-da6e7cd22a0a 22165e82e85b47038d5e4c973809c3ac 363969c90b5d4636b34103ca5ae0b718 - - default default] 10.0.0.84 "DELETE /v2.0/routers/c8288569-ac13-49ae-9730-932226b29846 HTTP/1.1" status: 204 len: 168 time: 1.7508969
2026-07-09 14:31:19.513 9 INFO neutron.db.ovn_revision_numbers_db [None req-004ec56e-6153-4598-a5bb-726c6e7092b5 22165e82e85b47038d5e4c973809c3ac 363969c90b5d4636b34103ca5ae0b718 - - default default] Successfully bumped revision number for resource 48aa0d73-5a97-443c-b1c3-036242d90720 (type: security_groups) to 1
2026-07-09 14:31:19.536 9 INFO neutron.db.ovn_revision_numbers_db [None req-004ec56e-6153-4598-a5bb-726c6e7092b5 22165e82e85b47038d5e4c973809c3ac 363969c90b5d4636b34103ca5ae0b718 - - default default] Successfully bumped revision number for resource 286564e6-e011-4f34-9ac0-b55b69535ded (type: security_group_rules) to 0
2026-07-09 14:31:19.567 9 INFO neutron.db.ovn_revision_numbers_db [None req-004ec56e-6153-4598-a5bb-726c6e7092b5 22165e82e85b47038d5e4c973809c3ac 363969c90b5d4636b34103ca5ae0b718 - - default default] Successfully bumped revision number for resource 8edcd7c4-1ebb-4b36-8e2b-98d601a85060 (type: security_group_rules) to 0
2026-07-09 14:31:19.592 9 INFO neutron.db.ovn_revision_numbers_db [None req-004ec56e-6153-4598-a5bb-726c6e7092b5 22165e82e85b47038d5e4c973809c3ac 363969c90b5d4636b34103ca5ae0b718 - - default default] Successfully bumped revision number for resource 9e19c19b-805f-4950-869a-94cc7ab99b47 (type: security_group_rules) to 0
2026-07-09 14:31:19.608 9 INFO neutron.db.ovn_revision_numbers_db [None req-004ec56e-6153-4598-a5bb-726c6e7092b5 22165e82e85b47038d5e4c973809c3ac 363969c90b5d4636b34103ca5ae0b718 - - default default] Successfully bumped revision number for resource db8ba286-0e01-4627-b386-1000fbbec890 (type: security_group_rules) to 0
2026-07-09 14:31:19.647 9 INFO neutron.wsgi [None req-004ec56e-6153-4598-a5bb-726c6e7092b5 22165e82e85b47038d5e4c973809c3ac 363969c90b5d4636b34103ca5ae0b718 - - default default] 10.0.0.84 "GET /v2.0/security-groups?tenant_id=b40847fc3ed34ae18a0fc7e6108a3baa&name=default HTTP/1.1" status: 200 len: 2996 time: 0.2915103
2026-07-09 14:31:19.829 10 INFO neutron.wsgi [None req-fb9f477c-3984-4521-ba97-c6ecc5aa93da 22165e82e85b47038d5e4c973809c3ac 363969c90b5d4636b34103ca5ae0b718 - - default default] 10.0.0.84 "DELETE /v2.0/subnets/bb463beb-62b5-4e5f-934a-975cb98862de HTTP/1.1" status: 204 len: 168 time: 0.3124747
2026-07-09 14:31:20.099 9 INFO neutron.wsgi [None req-65984b07-2108-4eb6-b0ab-e57b446ffadf 22165e82e85b47038d5e4c973809c3ac 363969c90b5d4636b34103ca5ae0b718 - - default default] 10.0.0.84 "DELETE /v2.0/security-groups/48aa0d73-5a97-443c-b1c3-036242d90720 HTTP/1.1" status: 204 len: 168 time: 0.4452357
2026-07-09 14:31:20.506 10 INFO neutron.wsgi [None req-a5cf4545-d225-42e5-991d-1eb3340e13b6 22165e82e85b47038d5e4c973809c3ac 363969c90b5d4636b34103ca5ae0b718 - - default default] 10.0.0.84 "DELETE /v2.0/networks/34ebec14-9d43-4b45-9c1b-232a5f75c8e0 HTTP/1.1" status: 204 len: 168 time: 0.6670113
2026-07-09 14:31:20.525 9 WARNING neutron_lib.context [None req-97dc1e59-f978-439f-9a69-910a69f6a623 ae8e100f98f74db58361f4d55c2a7e62 5917353082e742049f257f5588f0f4ab - - default default] Method 'is_advsvc' is deprecated since 2023.2 release (neutron-lib 3.8.0) and will be removed once support for the old RBAC API policies will be removed from Neutron. Please use method 'is_service_role' instead.
2026-07-09 14:31:20.525 9 WARNING neutron_lib.context [None req-97dc1e59-f978-439f-9a69-910a69f6a623 ae8e100f98f74db58361f4d55c2a7e62 5917353082e742049f257f5588f0f4ab - - default default] Method 'is_advsvc' is deprecated since 2023.2 release (neutron-lib 3.8.0) and will be removed once support for the old RBAC API policies will be removed from Neutron. Please use method 'is_service_role' instead.
2026-07-09 14:31:20.634 10 INFO neutron.services.segments.plugin [-] Segment 80241c78-5b1b-4d61-8751-0ff39ba88f5b resource provider aggregate not found
2026-07-09 14:31:20.642 10 INFO neutron.services.segments.plugin [-] Segment 80241c78-5b1b-4d61-8751-0ff39ba88f5b resource provider aggregate not found
2026-07-09 14:31:20.664 10 INFO neutron.services.segments.plugin [-] Segment 80241c78-5b1b-4d61-8751-0ff39ba88f5b resource provider not found; error: Placement Client Error (4xx): {"errors": [{"status": 404, "title": "Not Found", "detail": "The resource could not be found.\n\n No resource provider with uuid 80241c78-5b1b-4d61-8751-0ff39ba88f5b found for delete ", "request_id": "req-6509cbec-9390-467c-9295-78e554be6001"}]}
2026-07-09 14:31:20.671 10 INFO neutron.services.segments.plugin [-] Segment 80241c78-5b1b-4d61-8751-0ff39ba88f5b resource provider not found; error: Placement Client Error (4xx): {"errors": [{"status": 404, "title": "Not Found", "detail": "The resource could not be found.\n\n No resource provider with uuid 80241c78-5b1b-4d61-8751-0ff39ba88f5b found for delete ", "request_id": "req-c2434ce1-bff2-4dad-b60c-57b73d3d318b"}]}
2026-07-09 14:31:20.767 9 INFO neutron.db.ovn_revision_numbers_db [None req-97dc1e59-f978-439f-9a69-910a69f6a623 ae8e100f98f74db58361f4d55c2a7e62 5917353082e742049f257f5588f0f4ab - - default default] Successfully bumped revision number for resource 7c1c6a57-e8d5-4a85-848e-f567629e289f (type: security_groups) to 1
2026-07-09 14:31:20.784 9 INFO neutron.db.ovn_revision_numbers_db [None req-97dc1e59-f978-439f-9a69-910a69f6a623 ae8e100f98f74db58361f4d55c2a7e62 5917353082e742049f257f5588f0f4ab - - default default] Successfully bumped revision number for resource 1de30a2d-477a-4601-b44a-6714f129454d (type: security_group_rules) to 0
2026-07-09 14:31:20.802 10 INFO neutron.wsgi [None req-e4f14c6a-9b4c-4e2e-af9b-7141f32f3477 22165e82e85b47038d5e4c973809c3ac 363969c90b5d4636b34103ca5ae0b718 - - default default] 10.0.0.84 "GET /v2.0/security-groups?tenant_id=ad4945a1ab3f43a08020c4d4c849e52a&name=default HTTP/1.1" status: 200 len: 2996 time: 0.0568156
2026-07-09 14:31:20.805 9 INFO neutron.db.ovn_revision_numbers_db [None req-97dc1e59-f978-439f-9a69-910a69f6a623 ae8e100f98f74db58361f4d55c2a7e62 5917353082e742049f257f5588f0f4ab - - default default] Successfully bumped revision number for resource 2e722a6b-831d-472a-88ab-8ca89b148fae (type: security_group_rules) to 0
2026-07-09 14:31:20.839 9 INFO neutron.db.ovn_revision_numbers_db [None req-97dc1e59-f978-439f-9a69-910a69f6a623 ae8e100f98f74db58361f4d55c2a7e62 5917353082e742049f257f5588f0f4ab - - default default] Successfully bumped revision number for resource c8a9b203-9888-4050-933f-397056d90688 (type: security_group_rules) to 0
2026-07-09 14:31:20.863 9 INFO neutron.db.ovn_revision_numbers_db [None req-97dc1e59-f978-439f-9a69-910a69f6a623 ae8e100f98f74db58361f4d55c2a7e62 5917353082e742049f257f5588f0f4ab - - default default] Successfully bumped revision number for resource cb3108d4-bea1-4183-8f26-3e3b49c167d0 (type: security_group_rules) to 0
2026-07-09 14:31:20.947 9 INFO neutron.db.segments_db [None req-97dc1e59-f978-439f-9a69-910a69f6a623 ae8e100f98f74db58361f4d55c2a7e62 5917353082e742049f257f5588f0f4ab - - default default] Added segment 35122aa4-6ca2-4c15-a248-7c6f846b1e8c of type geneve for network 57020e52-a4cf-4f25-aa4b-c41e1ea49652
2026-07-09 14:31:21.086 10 INFO neutron.wsgi [None req-5b362568-a498-4cc7-887f-f6fb0b8e042d 22165e82e85b47038d5e4c973809c3ac 363969c90b5d4636b34103ca5ae0b718 - - default default] 10.0.0.84 "DELETE /v2.0/security-groups/a081214d-540b-4a3f-ac18-041413028954 HTTP/1.1" status: 204 len: 168 time: 0.2774367
2026-07-09 14:31:21.100 9 INFO neutron.db.segments_db [None req-97dc1e59-f978-439f-9a69-910a69f6a623 ae8e100f98f74db58361f4d55c2a7e62 5917353082e742049f257f5588f0f4ab - - default default] Added segment ac827722-014e-41cf-a202-b98304ed2315 of type geneve for network 36c7fc9f-85cb-480a-9c62-adcef7d2bec5
2026-07-09 14:31:21.164 10 INFO neutron.wsgi [req-b0248c19-d1b9-4964-9495-a9de4a3afa5b req-5d4f3c5e-1b7d-4adb-89f4-4743e6602bb1 1d5fcf759944402684510e42b4778f58 db2e5f1105f74b2fa122d3dd783d2b5f - - 74f1ce842aef429182ec85dbc71b8ded 74f1ce842aef429182ec85dbc71b8ded] 10.0.0.213 "GET /v2.0/ports?device_id=d57ce37b-a17a-45d4-b23f-e7178eea4471 HTTP/1.1" status: 200 len: 1409 time: 0.4646919
2026-07-09 14:31:21.230 10 INFO neutron.wsgi [req-b0248c19-d1b9-4964-9495-a9de4a3afa5b req-63024a73-9c6a-4fae-9986-9a1ba739b446 1d5fcf759944402684510e42b4778f58 db2e5f1105f74b2fa122d3dd783d2b5f - - 74f1ce842aef429182ec85dbc71b8ded 74f1ce842aef429182ec85dbc71b8ded] 10.0.0.213 "GET /v2.0/security-groups?id=e3bc59d1-d13c-4bb0-a3e4-f31acb65cf09&fields=id&fields=name HTTP/1.1" status: 200 len: 313 time: 0.0594938
2026-07-09 14:31:21.331 9 INFO neutron.db.ovn_revision_numbers_db [None req-97dc1e59-f978-439f-9a69-910a69f6a623 ae8e100f98f74db58361f4d55c2a7e62 5917353082e742049f257f5588f0f4ab - - default default] Successfully bumped revision number for resource 57020e52-a4cf-4f25-aa4b-c41e1ea49652 (type: networks) to 1
2026-07-09 14:31:21.664 9 WARNING neutron.scheduler.dhcp_agent_scheduler [None req-97dc1e59-f978-439f-9a69-910a69f6a623 ae8e100f98f74db58361f4d55c2a7e62 5917353082e742049f257f5588f0f4ab - - default default] No more DHCP agents
2026-07-09 14:31:21.665 9 WARNING neutron.api.rpc.agentnotifiers.dhcp_rpc_agent_api [None req-97dc1e59-f978-439f-9a69-910a69f6a623 ae8e100f98f74db58361f4d55c2a7e62 5917353082e742049f257f5588f0f4ab - - default default] Unable to schedule network 57020e52-a4cf-4f25-aa4b-c41e1ea49652: no agents available; will retry on subsequent port and subnet creation events.
2026-07-09 14:31:21.796 9 INFO neutron.db.ovn_revision_numbers_db [None req-97dc1e59-f978-439f-9a69-910a69f6a623 ae8e100f98f74db58361f4d55c2a7e62 5917353082e742049f257f5588f0f4ab - - default default] Successfully bumped revision number for resource fd034daf-28c8-4549-a776-0be43c8efb2e (type: ports) to 1
2026-07-09 14:31:21.907 9 INFO neutron.db.ovn_revision_numbers_db [None req-97dc1e59-f978-439f-9a69-910a69f6a623 ae8e100f98f74db58361f4d55c2a7e62 5917353082e742049f257f5588f0f4ab - - default default] Successfully bumped revision number for resource 36c7fc9f-85cb-480a-9c62-adcef7d2bec5 (type: networks) to 1
2026-07-09 14:31:22.211 9 WARNING neutron.scheduler.dhcp_agent_scheduler [None req-97dc1e59-f978-439f-9a69-910a69f6a623 ae8e100f98f74db58361f4d55c2a7e62 5917353082e742049f257f5588f0f4ab - - default default] No more DHCP agents
2026-07-09 14:31:22.212 9 WARNING neutron.api.rpc.agentnotifiers.dhcp_rpc_agent_api [None req-97dc1e59-f978-439f-9a69-910a69f6a623 ae8e100f98f74db58361f4d55c2a7e62 5917353082e742049f257f5588f0f4ab - - default default] Unable to schedule network 36c7fc9f-85cb-480a-9c62-adcef7d2bec5: no agents available; will retry on subsequent port and subnet creation events.
2026-07-09 14:31:22.345 9 INFO neutron.db.ovn_revision_numbers_db [None req-97dc1e59-f978-439f-9a69-910a69f6a623 ae8e100f98f74db58361f4d55c2a7e62 5917353082e742049f257f5588f0f4ab - - default default] Successfully bumped revision number for resource 469ba006-e5d3-4842-bb64-7bf3a0214853 (type: ports) to 1
2026-07-09 14:31:22.375 9 INFO neutron.wsgi [None req-97dc1e59-f978-439f-9a69-910a69f6a623 ae8e100f98f74db58361f4d55c2a7e62 5917353082e742049f257f5588f0f4ab - - default default] 10.0.0.84 "POST /v2.0/networks HTTP/1.1" status: 201 len: 1445 time: 2.1591032
2026-07-09 14:31:22.518 9 INFO neutron.wsgi [None req-9efd7829-a04d-4bc2-aed8-c1f4a90e5301 ae8e100f98f74db58361f4d55c2a7e62 5917353082e742049f257f5588f0f4ab - - default default] 10.0.0.84 "GET /v2.0/networks HTTP/1.1" status: 200 len: 2051 time: 0.1370842
2026-07-09 14:31:23.185 9 INFO neutron.services.segments.plugin [-] Segment 35122aa4-6ca2-4c15-a248-7c6f846b1e8c resource provider aggregate not found
2026-07-09 14:31:23.193 9 INFO neutron.services.segments.plugin [-] Segment 35122aa4-6ca2-4c15-a248-7c6f846b1e8c resource provider aggregate not found
