2026-07-09 14:31:23.217 9 INFO neutron.services.segments.plugin [-] Segment 35122aa4-6ca2-4c15-a248-7c6f846b1e8c resource provider not found; error: Placement Client Error (4xx): {"errors": [{"status": 404, "title": "Not Found", "detail": "The resource could not be found.\n\n No resource provider with uuid 35122aa4-6ca2-4c15-a248-7c6f846b1e8c found for delete ", "request_id": "req-a3a2a714-66cb-44b5-bdf3-cebea21fa24a"}]}
2026-07-09 14:31:23.224 9 INFO neutron.services.segments.plugin [-] Segment 35122aa4-6ca2-4c15-a248-7c6f846b1e8c resource provider not found; error: Placement Client Error (4xx): {"errors": [{"status": 404, "title": "Not Found", "detail": "The resource could not be found.\n\n No resource provider with uuid 35122aa4-6ca2-4c15-a248-7c6f846b1e8c found for delete ", "request_id": "req-07a86a1a-764d-4998-b5a5-8a0bc9bb7378"}]}
2026-07-09 14:31:23.260 9 INFO neutron.wsgi [None req-96e829f1-9f3c-4e6f-9209-e00ba1418d73 ae8e100f98f74db58361f4d55c2a7e62 5917353082e742049f257f5588f0f4ab - - default default] 10.0.0.84 "DELETE /v2.0/networks/57020e52-a4cf-4f25-aa4b-c41e1ea49652 HTTP/1.1" status: 204 len: 168 time: 0.7313595
2026-07-09 14:31:23.824 10 INFO neutron.services.segments.plugin [-] Segment ac827722-014e-41cf-a202-b98304ed2315 resource provider aggregate not found
2026-07-09 14:31:23.835 10 INFO neutron.services.segments.plugin [-] Segment ac827722-014e-41cf-a202-b98304ed2315 resource provider aggregate not found
2026-07-09 14:31:23.844 10 INFO neutron.db.ovn_revision_numbers_db [None req-57f52a00-f0ce-40fe-9511-a60451cc14aa 22165e82e85b47038d5e4c973809c3ac 363969c90b5d4636b34103ca5ae0b718 - - default default] Successfully bumped revision number for resource 6c8b2955-dd4e-463f-8d43-7fe92fcf2aaf (type: security_groups) to 1
2026-07-09 14:31:23.855 10 INFO neutron.services.segments.plugin [-] Segment ac827722-014e-41cf-a202-b98304ed2315 resource provider not found; error: Placement Client Error (4xx): {"errors": [{"status": 404, "title": "Not Found", "detail": "The resource could not be found.\n\n No resource provider with uuid ac827722-014e-41cf-a202-b98304ed2315 found for delete ", "request_id": "req-4cdbf4a7-1c54-49fb-9662-98eb68878da7"}]}
2026-07-09 14:31:23.858 10 INFO neutron.services.segments.plugin [-] Segment ac827722-014e-41cf-a202-b98304ed2315 resource provider not found; error: Placement Client Error (4xx): {"errors": [{"status": 404, "title": "Not Found", "detail": "The resource could not be found.\n\n No resource provider with uuid ac827722-014e-41cf-a202-b98304ed2315 found for delete ", "request_id": "req-e8e7b20a-8f17-4b8b-b5ba-993ab84a37f7"}]}
2026-07-09 14:31:23.863 10 INFO neutron.db.ovn_revision_numbers_db [None req-57f52a00-f0ce-40fe-9511-a60451cc14aa 22165e82e85b47038d5e4c973809c3ac 363969c90b5d4636b34103ca5ae0b718 - - default default] Successfully bumped revision number for resource 34545cec-1568-4f49-b3ac-01b7683eb4de (type: security_group_rules) to 0
2026-07-09 14:31:23.891 10 INFO neutron.db.ovn_revision_numbers_db [None req-57f52a00-f0ce-40fe-9511-a60451cc14aa 22165e82e85b47038d5e4c973809c3ac 363969c90b5d4636b34103ca5ae0b718 - - default default] Successfully bumped revision number for resource 5fa54f64-18c2-4519-90ae-73ef6ea6704c (type: security_group_rules) to 0
2026-07-09 14:31:23.905 10 INFO neutron.wsgi [None req-70a50eda-5d27-48bb-8c8f-bfbb73258acd ae8e100f98f74db58361f4d55c2a7e62 5917353082e742049f257f5588f0f4ab - - default default] 10.0.0.84 "DELETE /v2.0/networks/36c7fc9f-85cb-480a-9c62-adcef7d2bec5 HTTP/1.1" status: 204 len: 168 time: 0.6382148
2026-07-09 14:31:23.929 10 INFO neutron.db.ovn_revision_numbers_db [None req-57f52a00-f0ce-40fe-9511-a60451cc14aa 22165e82e85b47038d5e4c973809c3ac 363969c90b5d4636b34103ca5ae0b718 - - default default] Successfully bumped revision number for resource d17bed03-7f86-4e3b-bcc1-61499502d430 (type: security_group_rules) to 0
2026-07-09 14:31:23.953 10 INFO neutron.db.ovn_revision_numbers_db [None req-57f52a00-f0ce-40fe-9511-a60451cc14aa 22165e82e85b47038d5e4c973809c3ac 363969c90b5d4636b34103ca5ae0b718 - - default default] Successfully bumped revision number for resource e8867212-6e33-434c-826f-4381fcf1851a (type: security_group_rules) to 0
2026-07-09 14:31:24.038 9 INFO neutron.wsgi [None req-715f60da-d93a-44db-a6ae-920c430e574a ae8e100f98f74db58361f4d55c2a7e62 5917353082e742049f257f5588f0f4ab - - default default] 10.0.0.84 "GET /v2.0/networks HTTP/1.1" status: 200 len: 845 time: 0.1261213
2026-07-09 14:31:24.039 10 INFO neutron.db.segments_db [None req-57f52a00-f0ce-40fe-9511-a60451cc14aa 22165e82e85b47038d5e4c973809c3ac 363969c90b5d4636b34103ca5ae0b718 - - default default] Added segment 6106dd9d-fa1c-4289-8b61-90251701d738 of type geneve for network 6b784816-7331-474b-a78d-a99448877996
2026-07-09 14:31:24.059 10 WARNING neutron_lib.context [None req-6d1f8d21-37af-4a4a-b369-16da98fafe9f ae8e100f98f74db58361f4d55c2a7e62 5917353082e742049f257f5588f0f4ab - - default default] Method 'is_advsvc' is deprecated since 2023.2 release (neutron-lib 3.8.0) and will be removed once support for the old RBAC API policies will be removed from Neutron. Please use method 'is_service_role' instead.
2026-07-09 14:31:24.243 10 INFO neutron.db.segments_db [None req-6d1f8d21-37af-4a4a-b369-16da98fafe9f ae8e100f98f74db58361f4d55c2a7e62 5917353082e742049f257f5588f0f4ab - - default default] Added segment b4a262a2-28bf-46e8-82e9-df883d2f05c6 of type geneve for network 0ebca4cd-59e1-45da-a28f-1593f6d74657
2026-07-09 14:31:24.309 10 INFO neutron.db.ovn_revision_numbers_db [None req-57f52a00-f0ce-40fe-9511-a60451cc14aa 22165e82e85b47038d5e4c973809c3ac 363969c90b5d4636b34103ca5ae0b718 - - default default] Successfully bumped revision number for resource 6b784816-7331-474b-a78d-a99448877996 (type: networks) to 1
2026-07-09 14:31:24.578 10 INFO neutron.db.ovn_revision_numbers_db [None req-6d1f8d21-37af-4a4a-b369-16da98fafe9f ae8e100f98f74db58361f4d55c2a7e62 5917353082e742049f257f5588f0f4ab - - default default] Successfully bumped revision number for resource 0ebca4cd-59e1-45da-a28f-1593f6d74657 (type: networks) to 1
2026-07-09 14:31:24.703 10 WARNING neutron.scheduler.dhcp_agent_scheduler [None req-57f52a00-f0ce-40fe-9511-a60451cc14aa 22165e82e85b47038d5e4c973809c3ac 363969c90b5d4636b34103ca5ae0b718 - - default default] No more DHCP agents
2026-07-09 14:31:24.729 10 WARNING neutron.api.rpc.agentnotifiers.dhcp_rpc_agent_api [None req-57f52a00-f0ce-40fe-9511-a60451cc14aa 22165e82e85b47038d5e4c973809c3ac 363969c90b5d4636b34103ca5ae0b718 - - default default] Unable to schedule network 6b784816-7331-474b-a78d-a99448877996: no agents available; will retry on subsequent port and subnet creation events.
2026-07-09 14:31:24.973 10 INFO neutron.wsgi [req-a6175a0e-9b48-4f39-803e-6e40bd868cb6 req-aa09bdce-a35c-4701-a968-47a0194aed20 dd531e2fe7e446889c1e9ba3e836391a 8916314615ef47668cc65535ec3ba97d - - default default] 10.0.0.128 "GET /v2.0/ports?device_id=d57ce37b-a17a-45d4-b23f-e7178eea4471 HTTP/1.1" status: 200 len: 1170 time: 0.2224879
2026-07-09 14:31:24.988 10 INFO neutron.db.ovn_revision_numbers_db [None req-57f52a00-f0ce-40fe-9511-a60451cc14aa 22165e82e85b47038d5e4c973809c3ac 363969c90b5d4636b34103ca5ae0b718 - - default default] Successfully bumped revision number for resource 4ed45790-a997-4a0a-9f7f-5b0608ed8032 (type: ports) to 1
2026-07-09 14:31:25.035 10 WARNING neutron.scheduler.dhcp_agent_scheduler [None req-6d1f8d21-37af-4a4a-b369-16da98fafe9f ae8e100f98f74db58361f4d55c2a7e62 5917353082e742049f257f5588f0f4ab - - default default] No more DHCP agents
2026-07-09 14:31:25.040 10 INFO neutron.wsgi [None req-57f52a00-f0ce-40fe-9511-a60451cc14aa 22165e82e85b47038d5e4c973809c3ac 363969c90b5d4636b34103ca5ae0b718 - - default default] 10.0.0.84 "POST /v2.0/networks HTTP/1.1" status: 201 len: 947 time: 1.8159950
2026-07-09 14:31:25.043 10 WARNING neutron.api.rpc.agentnotifiers.dhcp_rpc_agent_api [None req-6d1f8d21-37af-4a4a-b369-16da98fafe9f ae8e100f98f74db58361f4d55c2a7e62 5917353082e742049f257f5588f0f4ab - - default default] Unable to schedule network 0ebca4cd-59e1-45da-a28f-1593f6d74657: no agents available; will retry on subsequent port and subnet creation events.
2026-07-09 14:31:25.125 10 INFO neutron.wsgi [req-eca4b8a3-b673-4778-9843-f5015e208fcb req-4cc04801-434e-4745-b255-3b6bcc85a3b0 dd531e2fe7e446889c1e9ba3e836391a 8916314615ef47668cc65535ec3ba97d - - default default] 10.0.0.128 "GET /v2.0/ports/b0e76efa-91ab-49c0-b47e-888df46fe2d4 HTTP/1.1" status: 200 len: 1167 time: 0.0714116
2026-07-09 14:31:25.179 10 INFO neutron.db.ovn_revision_numbers_db [None req-6d1f8d21-37af-4a4a-b369-16da98fafe9f ae8e100f98f74db58361f4d55c2a7e62 5917353082e742049f257f5588f0f4ab - - default default] Successfully bumped revision number for resource c10331d6-77c2-44b4-995b-e3501757e718 (type: ports) to 1
2026-07-09 14:31:25.220 10 INFO neutron.wsgi [None req-6d1f8d21-37af-4a4a-b369-16da98fafe9f ae8e100f98f74db58361f4d55c2a7e62 5917353082e742049f257f5588f0f4ab - - default default] 10.0.0.84 "POST /v2.0/networks HTTP/1.1" status: 201 len: 849 time: 1.1703398
2026-07-09 14:31:25.234 10 WARNING neutron_lib.context [None req-64af7a56-b87f-4455-a763-4371c2ce032a ae8e100f98f74db58361f4d55c2a7e62 5917353082e742049f257f5588f0f4ab - - default default] Method 'is_advsvc' is deprecated since 2023.2 release (neutron-lib 3.8.0) and will be removed once support for the old RBAC API policies will be removed from Neutron. Please use method 'is_service_role' instead.
2026-07-09 14:31:25.316 9 WARNING neutron.scheduler.dhcp_agent_scheduler [None req-7ebf4aee-bed8-4a42-bb34-e4c2155498bb 22165e82e85b47038d5e4c973809c3ac 363969c90b5d4636b34103ca5ae0b718 - - default default] No more DHCP agents
2026-07-09 14:31:25.319 9 WARNING neutron.api.rpc.agentnotifiers.dhcp_rpc_agent_api [None req-7ebf4aee-bed8-4a42-bb34-e4c2155498bb 22165e82e85b47038d5e4c973809c3ac 363969c90b5d4636b34103ca5ae0b718 - - default default] Unable to schedule network 6b784816-7331-474b-a78d-a99448877996: no agents available; will retry on subsequent port and subnet creation events.
2026-07-09 14:31:25.354 10 INFO neutron.db.segments_db [None req-64af7a56-b87f-4455-a763-4371c2ce032a ae8e100f98f74db58361f4d55c2a7e62 5917353082e742049f257f5588f0f4ab - - default default] Added segment 53393650-f696-4e33-a6da-bdde50332f24 of type geneve for network 9db58842-9236-4604-8db0-52a5ccc1cba9
2026-07-09 14:31:25.550 10 INFO neutron.db.ovn_revision_numbers_db [None req-64af7a56-b87f-4455-a763-4371c2ce032a ae8e100f98f74db58361f4d55c2a7e62 5917353082e742049f257f5588f0f4ab - - default default] Successfully bumped revision number for resource 9db58842-9236-4604-8db0-52a5ccc1cba9 (type: networks) to 1
2026-07-09 14:31:25.847 10 WARNING neutron.scheduler.dhcp_agent_scheduler [None req-64af7a56-b87f-4455-a763-4371c2ce032a ae8e100f98f74db58361f4d55c2a7e62 5917353082e742049f257f5588f0f4ab - - default default] No more DHCP agents
2026-07-09 14:31:25.857 10 WARNING neutron.api.rpc.agentnotifiers.dhcp_rpc_agent_api [None req-64af7a56-b87f-4455-a763-4371c2ce032a ae8e100f98f74db58361f4d55c2a7e62 5917353082e742049f257f5588f0f4ab - - default default] Unable to schedule network 9db58842-9236-4604-8db0-52a5ccc1cba9: no agents available; will retry on subsequent port and subnet creation events.
2026-07-09 14:31:25.885 9 INFO neutron.wsgi [req-9e098e4c-00d0-4b18-943b-2567d25f938c req-d0ac7d66-facc-45fe-9308-eed6daa8857e dd531e2fe7e446889c1e9ba3e836391a 8916314615ef47668cc65535ec3ba97d - - default default] 199.19.213.105 "GET /v2.0/subnets?network_id=22e24bfe-4563-4abf-9229-a40331ea6c08 HTTP/1.1" status: 200 len: 857 time: 0.5481400
2026-07-09 14:31:26.003 10 INFO neutron.db.ovn_revision_numbers_db [None req-64af7a56-b87f-4455-a763-4371c2ce032a ae8e100f98f74db58361f4d55c2a7e62 5917353082e742049f257f5588f0f4ab - - default default] Successfully bumped revision number for resource d43940d4-ff08-496a-b8be-fe1aaa14e647 (type: ports) to 1
2026-07-09 14:31:26.050 10 INFO neutron.wsgi [None req-64af7a56-b87f-4455-a763-4371c2ce032a ae8e100f98f74db58361f4d55c2a7e62 5917353082e742049f257f5588f0f4ab - - default default] 10.0.0.84 "POST /v2.0/networks HTTP/1.1" status: 201 len: 848 time: 0.8231411
2026-07-09 14:31:26.067 10 WARNING neutron_lib.context [None req-6156b8eb-fbb6-440f-9bae-4f759e02bb7e ae8e100f98f74db58361f4d55c2a7e62 5917353082e742049f257f5588f0f4ab - - default default] Method 'is_advsvc' is deprecated since 2023.2 release (neutron-lib 3.8.0) and will be removed once support for the old RBAC API policies will be removed from Neutron. Please use method 'is_service_role' instead.
2026-07-09 14:31:26.132 9 INFO neutron.wsgi [req-9e098e4c-00d0-4b18-943b-2567d25f938c req-f2453173-a41c-49bc-ab8f-a55af7a73f53 dd531e2fe7e446889c1e9ba3e836391a 8916314615ef47668cc65535ec3ba97d - - default default] 199.19.213.105 "GET /v2.0/ports?device_id=d57ce37b-a17a-45d4-b23f-e7178eea4471&device_owner=compute%3Anova&network_id=22e24bfe-4563-4abf-9229-a40331ea6c08 HTTP/1.1" status: 200 len: 1170 time: 0.2410700
2026-07-09 14:31:26.174 10 WARNING neutron_lib.context [None req-6156b8eb-fbb6-440f-9bae-4f759e02bb7e ae8e100f98f74db58361f4d55c2a7e62 5917353082e742049f257f5588f0f4ab - - default default] Method 'is_advsvc' is deprecated since 2023.2 release (neutron-lib 3.8.0) and will be removed once support for the old RBAC API policies will be removed from Neutron. Please use method 'is_service_role' instead.
2026-07-09 14:31:26.866 10 WARNING neutron.scheduler.dhcp_agent_scheduler [None req-6156b8eb-fbb6-440f-9bae-4f759e02bb7e ae8e100f98f74db58361f4d55c2a7e62 5917353082e742049f257f5588f0f4ab - - default default] No more DHCP agents
2026-07-09 14:31:26.870 10 WARNING neutron.api.rpc.agentnotifiers.dhcp_rpc_agent_api [None req-6156b8eb-fbb6-440f-9bae-4f759e02bb7e ae8e100f98f74db58361f4d55c2a7e62 5917353082e742049f257f5588f0f4ab - - default default] Unable to schedule network 0ebca4cd-59e1-45da-a28f-1593f6d74657: no agents available; will retry on subsequent port and subnet creation events.
2026-07-09 14:31:27.028 10 INFO neutron.db.ovn_revision_numbers_db [None req-6156b8eb-fbb6-440f-9bae-4f759e02bb7e ae8e100f98f74db58361f4d55c2a7e62 5917353082e742049f257f5588f0f4ab - - default default] Successfully bumped revision number for resource abe73903-3943-4b82-8e64-86da90409bae (type: ports) to 1
2026-07-09 14:31:27.036 9 INFO neutron.db.ovn_revision_numbers_db [None req-7ebf4aee-bed8-4a42-bb34-e4c2155498bb 22165e82e85b47038d5e4c973809c3ac 363969c90b5d4636b34103ca5ae0b718 - - default default] Successfully bumped revision number for resource 4ed45790-a997-4a0a-9f7f-5b0608ed8032 (type: ports) to 2
2026-07-09 14:31:27.077 10 WARNING neutron.scheduler.dhcp_agent_scheduler [None req-6156b8eb-fbb6-440f-9bae-4f759e02bb7e ae8e100f98f74db58361f4d55c2a7e62 5917353082e742049f257f5588f0f4ab - - default default] No more DHCP agents
2026-07-09 14:31:27.079 10 WARNING neutron.api.rpc.agentnotifiers.dhcp_rpc_agent_api [None req-6156b8eb-fbb6-440f-9bae-4f759e02bb7e ae8e100f98f74db58361f4d55c2a7e62 5917353082e742049f257f5588f0f4ab - - default default] Unable to schedule network 9db58842-9236-4604-8db0-52a5ccc1cba9: no agents available; will retry on subsequent port and subnet creation events.
2026-07-09 14:31:27.100 9 INFO neutron.db.ovn_revision_numbers_db [None req-7ebf4aee-bed8-4a42-bb34-e4c2155498bb 22165e82e85b47038d5e4c973809c3ac 363969c90b5d4636b34103ca5ae0b718 - - default default] Successfully bumped revision number for resource d440a44a-b146-4837-9839-776709685731 (type: subnets) to 0
2026-07-09 14:31:27.127 9 INFO neutron.wsgi [None req-7ebf4aee-bed8-4a42-bb34-e4c2155498bb 22165e82e85b47038d5e4c973809c3ac 363969c90b5d4636b34103ca5ae0b718 - - default default] 10.0.0.84 "POST /v2.0/subnets HTTP/1.1" status: 201 len: 867 time: 2.0808306 /var/lib/openstack/lib/python3.10/site-packages/pycadf/identifier.py:71: UserWarning: Invalid uuid: neutron. To ensure interoperability, identifiers should be a valid uuid. warnings.warn(('Invalid uuid: %s. To ensure interoperability, ' /var/lib/openstack/lib/python3.10/site-packages/pycadf/identifier.py:71: UserWarning: Invalid uuid: neutron. To ensure interoperability, identifiers should be a valid uuid. warnings.warn(('Invalid uuid: %s. To ensure interoperability, '
2026-07-09 14:31:27.172 9 INFO neutron.db.ovn_revision_numbers_db [req-9e098e4c-00d0-4b18-943b-2567d25f938c req-f9e04519-3c83-4533-9962-2ee607df963b dd531e2fe7e446889c1e9ba3e836391a 8916314615ef47668cc65535ec3ba97d - - default default] Successfully bumped revision number for resource b0e76efa-91ab-49c0-b47e-888df46fe2d4 (type: ports) to 5
2026-07-09 14:31:27.195 9 INFO neutron.wsgi [req-9e098e4c-00d0-4b18-943b-2567d25f938c req-f9e04519-3c83-4533-9962-2ee607df963b dd531e2fe7e446889c1e9ba3e836391a 8916314615ef47668cc65535ec3ba97d - - default default] 199.19.213.105 "PUT /v2.0/ports/b0e76efa-91ab-49c0-b47e-888df46fe2d4 HTTP/1.1" status: 200 len: 1349 time: 1.0535305
2026-07-09 14:31:27.257 9 INFO neutron.notifiers.nova [-] Nova event matching ['req-421d3c90-8463-4508-aa1c-66f07a215667'] response: {'name': 'network-changed', 'server_uuid': 'd57ce37b-a17a-45d4-b23f-e7178eea4471', 'tag': 'b0e76efa-91ab-49c0-b47e-888df46fe2d4', 'status': 'completed', 'code': 200}
2026-07-09 14:31:27.286 10 INFO neutron.db.ovn_revision_numbers_db [None req-6156b8eb-fbb6-440f-9bae-4f759e02bb7e ae8e100f98f74db58361f4d55c2a7e62 5917353082e742049f257f5588f0f4ab - - default default] Successfully bumped revision number for resource e4e6d923-9077-409b-8b04-bf4a73d69bb6 (type: ports) to 1
2026-07-09 14:31:27.294 9 INFO neutron.wsgi [req-9e098e4c-00d0-4b18-943b-2567d25f938c req-79a3a7e4-fb97-4b19-9ff7-a88476fe76ed 1d5fcf759944402684510e42b4778f58 db2e5f1105f74b2fa122d3dd783d2b5f - - 74f1ce842aef429182ec85dbc71b8ded 74f1ce842aef429182ec85dbc71b8ded] 199.19.213.105 "GET /v2.0/ports?tenant_id=8916314615ef47668cc65535ec3ba97d&device_id=d57ce37b-a17a-45d4-b23f-e7178eea4471 HTTP/1.1" status: 200 len: 1590 time: 0.0700696
2026-07-09 14:31:27.343 10 INFO neutron.wsgi [None req-6156b8eb-fbb6-440f-9bae-4f759e02bb7e ae8e100f98f74db58361f4d55c2a7e62 5917353082e742049f257f5588f0f4ab - - default default] 10.0.0.84 "POST /v2.0/ports HTTP/1.1" status: 201 len: 1705 time: 1.2846251
2026-07-09 14:31:27.447 9 INFO neutron.wsgi [req-9e098e4c-00d0-4b18-943b-2567d25f938c req-b4ae10db-f9de-4b0a-b006-4144efc1969c 1d5fcf759944402684510e42b4778f58 db2e5f1105f74b2fa122d3dd783d2b5f - - 74f1ce842aef429182ec85dbc71b8ded 74f1ce842aef429182ec85dbc71b8ded] 199.19.213.105 "GET /v2.0/networks?id=22e24bfe-4563-4abf-9229-a40331ea6c08 HTTP/1.1" status: 200 len: 980 time: 0.1460602
2026-07-09 14:31:27.473 9 INFO neutron.db.ovn_revision_numbers_db [None req-4e96c689-d68c-4275-85bc-48fd9cc3ed49 22165e82e85b47038d5e4c973809c3ac 363969c90b5d4636b34103ca5ae0b718 - - default default] Successfully bumped revision number for resource 88a96849-b6c7-4bf0-834c-e4bfd945b4a7 (type: security_groups) to 1
2026-07-09 14:31:27.492 9 INFO neutron.wsgi [req-9e098e4c-00d0-4b18-943b-2567d25f938c req-3484383d-535d-4b0d-b1b0-26a7892a7fdb 1d5fcf759944402684510e42b4778f58 db2e5f1105f74b2fa122d3dd783d2b5f - - 74f1ce842aef429182ec85dbc71b8ded 74f1ce842aef429182ec85dbc71b8ded] 199.19.213.105 "GET /v2.0/floatingips?fixed_ip_address=10.100.0.13&port_id=b0e76efa-91ab-49c0-b47e-888df46fe2d4 HTTP/1.1" status: 200 len: 217 time: 0.0340517
2026-07-09 14:31:27.558 9 INFO neutron.db.ovn_revision_numbers_db [None req-4e96c689-d68c-4275-85bc-48fd9cc3ed49 22165e82e85b47038d5e4c973809c3ac 363969c90b5d4636b34103ca5ae0b718 - - default default] Successfully bumped revision number for resource 02c2e07c-8986-484c-89b2-60503c8a5a5d (type: security_group_rules) to 0
2026-07-09 14:31:27.621 9 INFO neutron.db.ovn_revision_numbers_db [None req-4e96c689-d68c-4275-85bc-48fd9cc3ed49 22165e82e85b47038d5e4c973809c3ac 363969c90b5d4636b34103ca5ae0b718 - - default default] Successfully bumped revision number for resource 304d1f92-940d-4575-829a-98df6401b09f (type: security_group_rules) to 0
2026-07-09 14:31:27.628 9 INFO neutron.wsgi [req-9e098e4c-00d0-4b18-943b-2567d25f938c req-92198dbe-96a5-4354-b3d1-7fef91520a20 1d5fcf759944402684510e42b4778f58 db2e5f1105f74b2fa122d3dd783d2b5f - - 74f1ce842aef429182ec85dbc71b8ded 74f1ce842aef429182ec85dbc71b8ded] 199.19.213.105 "GET /v2.0/floatingips?fixed_ip_address=10.100.0.3&port_id=b0e76efa-91ab-49c0-b47e-888df46fe2d4 HTTP/1.1" status: 200 len: 1059 time: 0.1282742
2026-07-09 14:31:27.679 9 INFO neutron.wsgi [None req-f8d850e2-2eee-4dc3-83be-83bd12f627de ae8e100f98f74db58361f4d55c2a7e62 5917353082e742049f257f5588f0f4ab - - default default] 10.0.0.84 "GET /v2.0/ports HTTP/1.1" status: 200 len: 3212 time: 0.3203390
2026-07-09 14:31:27.682 9 INFO neutron.db.ovn_revision_numbers_db [None req-4e96c689-d68c-4275-85bc-48fd9cc3ed49 22165e82e85b47038d5e4c973809c3ac 363969c90b5d4636b34103ca5ae0b718 - - default default] Successfully bumped revision number for resource 3a3db587-f5d3-40a0-aa6a-e526ff4bb832 (type: security_group_rules) to 0
2026-07-09 14:31:27.727 9 INFO neutron.wsgi [req-9e098e4c-00d0-4b18-943b-2567d25f938c req-6e52a9c3-39de-42a8-9957-3fd4806c6306 1d5fcf759944402684510e42b4778f58 db2e5f1105f74b2fa122d3dd783d2b5f - - 74f1ce842aef429182ec85dbc71b8ded 74f1ce842aef429182ec85dbc71b8ded] 199.19.213.105 "GET /v2.0/subnets?id=de0c8b07-5b56-40c0-bda1-264996700ae5 HTTP/1.1" status: 200 len: 875 time: 0.0855348
2026-07-09 14:31:27.755 9 INFO neutron.db.ovn_revision_numbers_db [None req-4e96c689-d68c-4275-85bc-48fd9cc3ed49 22165e82e85b47038d5e4c973809c3ac 363969c90b5d4636b34103ca5ae0b718 - - default default] Successfully bumped revision number for resource 47baed36-fd44-4b78-a831-3f34487d2edf (type: security_group_rules) to 0
2026-07-09 14:31:27.777 9 INFO neutron.wsgi [req-9e098e4c-00d0-4b18-943b-2567d25f938c req-46ceca16-4e06-46c3-942e-8af4a7396039 1d5fcf759944402684510e42b4778f58 db2e5f1105f74b2fa122d3dd783d2b5f - - 74f1ce842aef429182ec85dbc71b8ded 74f1ce842aef429182ec85dbc71b8ded] 199.19.213.105 "GET /v2.0/ports?network_id=22e24bfe-4563-4abf-9229-a40331ea6c08&device_owner=network%3Adhcp HTTP/1.1" status: 200 len: 210 time: 0.0432279
2026-07-09 14:31:27.778 10 WARNING neutron.scheduler.dhcp_agent_scheduler [None req-9565285d-eb03-4bfd-82f2-e183eabcd65e 22165e82e85b47038d5e4c973809c3ac 363969c90b5d4636b34103ca5ae0b718 - - default default] No more DHCP agents
2026-07-09 14:31:27.789 10 WARNING neutron.api.rpc.agentnotifiers.dhcp_rpc_agent_api [None req-9565285d-eb03-4bfd-82f2-e183eabcd65e 22165e82e85b47038d5e4c973809c3ac 363969c90b5d4636b34103ca5ae0b718 - - default default] Unable to schedule network fd0d37e1-c0ea-4337-a781-cd50773bb850: no agents available; will retry on subsequent port and subnet creation events.
2026-07-09 14:31:27.825 9 INFO neutron.wsgi [None req-4e96c689-d68c-4275-85bc-48fd9cc3ed49 22165e82e85b47038d5e4c973809c3ac 363969c90b5d4636b34103ca5ae0b718 - - default default] 10.0.0.84 "GET /v2.0/security-groups?tenant_id=56fa422c82d14340a58edb3830e91118&name=default HTTP/1.1" status: 200 len: 2996 time: 0.9169574
2026-07-09 14:31:27.899 9 INFO neutron.wsgi [req-9e098e4c-00d0-4b18-943b-2567d25f938c req-f6afabfb-57b2-435d-b1d5-b1198c6858f3 1d5fcf759944402684510e42b4778f58 db2e5f1105f74b2fa122d3dd783d2b5f - - 74f1ce842aef429182ec85dbc71b8ded 74f1ce842aef429182ec85dbc71b8ded] 199.19.213.105 "GET /v2.0/networks/22e24bfe-4563-4abf-9229-a40331ea6c08?fields=segments HTTP/1.1" status: 200 len: 212 time: 0.1133733
2026-07-09 14:31:27.962 9 INFO neutron.wsgi [-] 10.0.0.137 "GET / HTTP/1.1" status: 200 len: 246 time: 0.0020928
2026-07-09 14:31:27.964 9 INFO neutron.wsgi [-] 10.0.0.137 "GET / HTTP/1.1" status: 200 len: 246 time: 0.0011911
2026-07-09 14:31:28.014 9 INFO neutron.wsgi [req-9e098e4c-00d0-4b18-943b-2567d25f938c req-fe528ad0-4343-489f-b8af-607ab69da517 1d5fcf759944402684510e42b4778f58 db2e5f1105f74b2fa122d3dd783d2b5f - - 74f1ce842aef429182ec85dbc71b8ded 74f1ce842aef429182ec85dbc71b8ded] 199.19.213.105 "GET /v2.0/networks/22e24bfe-4563-4abf-9229-a40331ea6c08?fields=provider%3Aphysical_network&fields=provider%3Anetwork_type HTTP/1.1" status: 200 len: 277 time: 0.0972850
2026-07-09 14:31:28.180 9 INFO neutron.wsgi [None req-1506f34b-cf90-4f6e-8192-729d84885009 ae8e100f98f74db58361f4d55c2a7e62 5917353082e742049f257f5588f0f4ab - - default default] 10.0.0.84 "DELETE /v2.0/ports/abe73903-3943-4b82-8e64-86da90409bae HTTP/1.1" status: 204 len: 168 time: 0.4919531
2026-07-09 14:31:28.188 9 INFO neutron.wsgi [req-1711180e-a6a5-4a8d-8aad-bf33f5200cf7 req-04e31ef2-1dc6-4267-9dc7-f08e9916fec1 1d5fcf759944402684510e42b4778f58 db2e5f1105f74b2fa122d3dd783d2b5f - - 74f1ce842aef429182ec85dbc71b8ded 74f1ce842aef429182ec85dbc71b8ded] 199.19.213.105 "GET /v2.0/ports?tenant_id=8916314615ef47668cc65535ec3ba97d&device_id=d57ce37b-a17a-45d4-b23f-e7178eea4471 HTTP/1.1" status: 200 len: 1590 time: 0.0447485
2026-07-09 14:31:28.219 15 INFO neutron.plugins.ml2.drivers.ovn.mech_driver.ovsdb.maintenance [None req-a90e54e8-8536-4194-be4d-6e6e28ab81d8 - - - - - -] Maintenance task: Synchronization finished (took 0.98 seconds)
2026-07-09 14:31:28.303 9 INFO neutron.wsgi [req-1711180e-a6a5-4a8d-8aad-bf33f5200cf7 req-755a7dbc-7b9c-47f2-9bc5-9b5f4de286ae 1d5fcf759944402684510e42b4778f58 db2e5f1105f74b2fa122d3dd783d2b5f - - 74f1ce842aef429182ec85dbc71b8ded 74f1ce842aef429182ec85dbc71b8ded] 199.19.213.105 "GET /v2.0/networks?id=22e24bfe-4563-4abf-9229-a40331ea6c08 HTTP/1.1" status: 200 len: 980 time: 0.1037877
2026-07-09 14:31:28.342 9 INFO neutron.wsgi [req-1711180e-a6a5-4a8d-8aad-bf33f5200cf7 req-e9fb3c9f-cc80-4911-8026-aad2754141fb 1d5fcf759944402684510e42b4778f58 db2e5f1105f74b2fa122d3dd783d2b5f - - 74f1ce842aef429182ec85dbc71b8ded 74f1ce842aef429182ec85dbc71b8ded] 199.19.213.105 "GET /v2.0/floatingips?fixed_ip_address=10.100.0.13&port_id=b0e76efa-91ab-49c0-b47e-888df46fe2d4 HTTP/1.1" status: 200 len: 217 time: 0.0303714
2026-07-09 14:31:28.416 9 INFO neutron.wsgi [req-1711180e-a6a5-4a8d-8aad-bf33f5200cf7 req-ae3ea55b-0cbe-4d66-b1fe-2af7811a0ce4 1d5fcf759944402684510e42b4778f58 db2e5f1105f74b2fa122d3dd783d2b5f - - 74f1ce842aef429182ec85dbc71b8ded 74f1ce842aef429182ec85dbc71b8ded] 199.19.213.105 "GET /v2.0/floatingips?fixed_ip_address=10.100.0.3&port_id=b0e76efa-91ab-49c0-b47e-888df46fe2d4 HTTP/1.1" status: 200 len: 1059 time: 0.0682960
2026-07-09 14:31:28.470 10 INFO neutron.db.ovn_revision_numbers_db [None req-9565285d-eb03-4bfd-82f2-e183eabcd65e 22165e82e85b47038d5e4c973809c3ac 363969c90b5d4636b34103ca5ae0b718 - - default default] Successfully bumped revision number for resource 26e3aa8b-54b5-4905-aa4a-81dcf8ef3ac0 (type: ports) to 1
2026-07-09 14:31:28.489 9 INFO neutron.wsgi [req-1711180e-a6a5-4a8d-8aad-bf33f5200cf7 req-abe0a52a-a53c-4cd0-8a7d-ef9363fb0597 1d5fcf759944402684510e42b4778f58 db2e5f1105f74b2fa122d3dd783d2b5f - - 74f1ce842aef429182ec85dbc71b8ded 74f1ce842aef429182ec85dbc71b8ded] 199.19.213.105 "GET /v2.0/subnets?id=de0c8b07-5b56-40c0-bda1-264996700ae5 HTTP/1.1" status: 200 len: 875 time: 0.0555480
2026-07-09 14:31:28.527 9 INFO neutron.wsgi [req-1711180e-a6a5-4a8d-8aad-bf33f5200cf7 req-25e46599-366e-4404-866f-c3ff7e037b3c 1d5fcf759944402684510e42b4778f58 db2e5f1105f74b2fa122d3dd783d2b5f - - 74f1ce842aef429182ec85dbc71b8ded 74f1ce842aef429182ec85dbc71b8ded] 199.19.213.105 "GET /v2.0/ports?network_id=22e24bfe-4563-4abf-9229-a40331ea6c08&device_owner=network%3Adhcp HTTP/1.1" status: 200 len: 210 time: 0.0306952
2026-07-09 14:31:28.610 9 INFO neutron.wsgi [None req-0ae297f1-f59b-4526-b734-af106df161df ae8e100f98f74db58361f4d55c2a7e62 5917353082e742049f257f5588f0f4ab - - default default] 10.0.0.84 "DELETE /v2.0/ports/e4e6d923-9077-409b-8b04-bf4a73d69bb6 HTTP/1.1" status: 204 len: 168 time: 0.4209630
2026-07-09 14:31:28.641 9 INFO neutron.wsgi [req-1711180e-a6a5-4a8d-8aad-bf33f5200cf7 req-83576e79-9d26-40d7-b9c9-f3fad3f528fc 1d5fcf759944402684510e42b4778f58 db2e5f1105f74b2fa122d3dd783d2b5f - - 74f1ce842aef429182ec85dbc71b8ded 74f1ce842aef429182ec85dbc71b8ded] 199.19.213.105 "GET /v2.0/networks/22e24bfe-4563-4abf-9229-a40331ea6c08?fields=segments HTTP/1.1" status: 200 len: 212 time: 0.0994968
2026-07-09 14:31:28.655 10 INFO neutron.wsgi [req-fce9f000-5039-48de-b359-6d2057cab90a req-49606ee7-0bc1-42a4-bba0-3181e0c950e4 dd531e2fe7e446889c1e9ba3e836391a 8916314615ef47668cc65535ec3ba97d - - default default] 10.0.0.128 "GET /v2.0/ports?device_id=d57ce37b-a17a-45d4-b23f-e7178eea4471 HTTP/1.1" status: 200 len: 1352 time: 0.0778015
2026-07-09 14:31:28.673 9 INFO neutron.wsgi [None req-844b11f3-8431-49a1-afb5-9ba8c15629e1 ae8e100f98f74db58361f4d55c2a7e62 5917353082e742049f257f5588f0f4ab - - default default] 10.0.0.84 "GET /v2.0/ports HTTP/1.1" status: 200 len: 1718 time: 0.0591888
2026-07-09 14:31:28.690 10 INFO neutron.wsgi [None req-ee7575ef-a017-4b36-a70e-a34892e7a735 22165e82e85b47038d5e4c973809c3ac 363969c90b5d4636b34103ca5ae0b718 - - default default] 10.0.0.84 "DELETE /v2.0/security-groups/88a96849-b6c7-4bf0-834c-e4bfd945b4a7 HTTP/1.1" status: 204 len: 168 time: 0.8585844
2026-07-09 14:31:28.701 9 WARNING neutron_lib.context [None req-11be11cf-8b3c-4269-918c-5d788676eddc ae8e100f98f74db58361f4d55c2a7e62 5917353082e742049f257f5588f0f4ab - - default default] Method 'is_advsvc' is deprecated since 2023.2 release (neutron-lib 3.8.0) and will be removed once support for the old RBAC API policies will be removed from Neutron. Please use method 'is_service_role' instead.
2026-07-09 14:31:28.731 10 INFO neutron.wsgi [req-fce9f000-5039-48de-b359-6d2057cab90a req-0fe7abea-5c85-47a1-8326-1da2dd2cb5d8 dd531e2fe7e446889c1e9ba3e836391a 8916314615ef47668cc65535ec3ba97d - - default default] 10.0.0.128 "GET /v2.0/security-groups?id=e3bc59d1-d13c-4bb0-a3e4-f31acb65cf09&fields=id&fields=name HTTP/1.1" status: 200 len: 313 time: 0.0662432
2026-07-09 14:31:28.781 9 INFO neutron.wsgi [req-1711180e-a6a5-4a8d-8aad-bf33f5200cf7 req-45b96766-9db3-4560-b1ec-6937fe47a992 1d5fcf759944402684510e42b4778f58 db2e5f1105f74b2fa122d3dd783d2b5f - - 74f1ce842aef429182ec85dbc71b8ded 74f1ce842aef429182ec85dbc71b8ded] 199.19.213.105 "GET /v2.0/networks/22e24bfe-4563-4abf-9229-a40331ea6c08?fields=provider%3Aphysical_network&fields=provider%3Anetwork_type HTTP/1.1" status: 200 len: 277 time: 0.1335547
2026-07-09 14:31:28.835 9 INFO neutron.db.segments_db [None req-11be11cf-8b3c-4269-918c-5d788676eddc ae8e100f98f74db58361f4d55c2a7e62 5917353082e742049f257f5588f0f4ab - - default default] Added segment e52f5b1a-a28b-4785-8699-72754050b13b of type geneve for network a69921f3-c456-413c-bbfb-724ef95a931c
2026-07-09 14:31:28.983 9 INFO neutron.wsgi [req-9970d1ee-de80-4c81-9e34-6aea246f6db4 req-a53abad5-1bd2-4bb9-bbc6-ce3e5ff82bcd dd531e2fe7e446889c1e9ba3e836391a 8916314615ef47668cc65535ec3ba97d - - default default] 199.19.213.105 "GET /v2.0/ports?device_id=d57ce37b-a17a-45d4-b23f-e7178eea4471&device_owner=compute%3Anova&fixed_ips=ip_address%3D10.100.0.13 HTTP/1.1" status: 200 len: 1352 time: 0.1052625
2026-07-09 14:31:29.135 9 INFO neutron.db.ovn_revision_numbers_db [None req-11be11cf-8b3c-4269-918c-5d788676eddc ae8e100f98f74db58361f4d55c2a7e62 5917353082e742049f257f5588f0f4ab - - default default] Successfully bumped revision number for resource a69921f3-c456-413c-bbfb-724ef95a931c (type: networks) to 1
2026-07-09 14:31:29.209 9 INFO neutron.db.ovn_revision_numbers_db [None req-8d40c0da-bd16-4c33-94f2-b61f569d9cbe 22165e82e85b47038d5e4c973809c3ac 363969c90b5d4636b34103ca5ae0b718 - - default default] Successfully bumped revision number for resource e40d45d2-b946-4c29-b772-08d13563e449 (type: security_groups) to 1
2026-07-09 14:31:29.262 9 INFO neutron.db.ovn_revision_numbers_db [None req-8d40c0da-bd16-4c33-94f2-b61f569d9cbe 22165e82e85b47038d5e4c973809c3ac 363969c90b5d4636b34103ca5ae0b718 - - default default] Successfully bumped revision number for resource 4824a81a-f47d-4f31-a446-dbde6d0bfc75 (type: security_group_rules) to 0
2026-07-09 14:31:29.309 9 INFO neutron.db.ovn_revision_numbers_db [None req-8d40c0da-bd16-4c33-94f2-b61f569d9cbe 22165e82e85b47038d5e4c973809c3ac 363969c90b5d4636b34103ca5ae0b718 - - default default] Successfully bumped revision number for resource a34f7a00-9952-455d-84da-77d6192db2f6 (type: security_group_rules) to 0
2026-07-09 14:31:29.345 9 INFO neutron.plugins.ml2.drivers.ovn.mech_driver.mech_driver [None req-c60e288d-308e-40bc-ae3b-5ea198d3e5e5 - - - - - -] OVN reports status up for port: 26e3aa8b-54b5-4905-aa4a-81dcf8ef3ac0
2026-07-09 14:31:29.371 9 INFO neutron.plugins.ml2.drivers.ovn.mech_driver.ovsdb.ovsdb_monitor [None req-1e3028dd-6689-4a94-8b0c-8d009cccf21e - - - - - -] Router 173b1e66-8125-48bf-b8ef-345f706aa2a1 is bound to host instance
2026-07-09 14:31:29.375 9 INFO neutron.db.ovn_revision_numbers_db [None req-8d40c0da-bd16-4c33-94f2-b61f569d9cbe 22165e82e85b47038d5e4c973809c3ac 363969c90b5d4636b34103ca5ae0b718 - - default default] Successfully bumped revision number for resource a52fa51d-0dda-4b6f-bc2e-4448458d5e42 (type: security_group_rules) to 0
2026-07-09 14:31:29.378 9 INFO neutron.plugins.ml2.plugin [None req-c60e288d-308e-40bc-ae3b-5ea198d3e5e5 - - - - - -] Attempt 1 to provision port 26e3aa8b-54b5-4905-aa4a-81dcf8ef3ac0
2026-07-09 14:31:29.381 10 INFO neutron.db.ovn_revision_numbers_db [None req-9565285d-eb03-4bfd-82f2-e183eabcd65e 22165e82e85b47038d5e4c973809c3ac 363969c90b5d4636b34103ca5ae0b718 - - default default] Successfully bumped revision number for resource 26e3aa8b-54b5-4905-aa4a-81dcf8ef3ac0 (type: router_ports) to 1
2026-07-09 14:31:29.506 10 INFO neutron.db.ovn_revision_numbers_db [None req-9565285d-eb03-4bfd-82f2-e183eabcd65e 22165e82e85b47038d5e4c973809c3ac 363969c90b5d4636b34103ca5ae0b718 - - default default] Successfully bumped revision number for resource 173b1e66-8125-48bf-b8ef-345f706aa2a1 (type: routers) to 2
2026-07-09 14:31:29.524 10 INFO neutron.wsgi [None req-9565285d-eb03-4bfd-82f2-e183eabcd65e 22165e82e85b47038d5e4c973809c3ac 363969c90b5d4636b34103ca5ae0b718 - - default default] 10.0.0.84 "POST /v2.0/routers HTTP/1.1" status: 201 len: 878 time: 2.3910792
2026-07-09 14:31:29.892 9 INFO neutron.db.ovn_revision_numbers_db [None req-8d40c0da-bd16-4c33-94f2-b61f569d9cbe 22165e82e85b47038d5e4c973809c3ac 363969c90b5d4636b34103ca5ae0b718 - - default default] Successfully bumped revision number for resource c0ca7b35-709b-4c3d-8e91-045a6d8fa466 (type: security_group_rules) to 0
2026-07-09 14:31:29.997 9 INFO neutron.wsgi [None req-8d40c0da-bd16-4c33-94f2-b61f569d9cbe 22165e82e85b47038d5e4c973809c3ac 363969c90b5d4636b34103ca5ae0b718 - - default default] 10.0.0.84 "GET /v2.0/security-groups?tenant_id=76ad4bb2b7dc4005812a1ea5ed1775d8&name=default HTTP/1.1" status: 200 len: 2996 time: 1.1500168
2026-07-09 14:31:30.148 9 WARNING neutron.scheduler.dhcp_agent_scheduler [None req-11be11cf-8b3c-4269-918c-5d788676eddc ae8e100f98f74db58361f4d55c2a7e62 5917353082e742049f257f5588f0f4ab - - default default] No more DHCP agents
2026-07-09 14:31:30.164 9 WARNING neutron.api.rpc.agentnotifiers.dhcp_rpc_agent_api [None req-11be11cf-8b3c-4269-918c-5d788676eddc ae8e100f98f74db58361f4d55c2a7e62 5917353082e742049f257f5588f0f4ab - - default default] Unable to schedule network a69921f3-c456-413c-bbfb-724ef95a931c: no agents available; will retry on subsequent port and subnet creation events.
2026-07-09 14:31:30.278 10 WARNING neutron.scheduler.dhcp_agent_scheduler [None req-d8916081-b1c9-4ae7-9918-bd5058e5a6af 22165e82e85b47038d5e4c973809c3ac 363969c90b5d4636b34103ca5ae0b718 - - default default] No more DHCP agents
2026-07-09 14:31:30.285 10 WARNING neutron.api.rpc.agentnotifiers.dhcp_rpc_agent_api [None req-d8916081-b1c9-4ae7-9918-bd5058e5a6af 22165e82e85b47038d5e4c973809c3ac 363969c90b5d4636b34103ca5ae0b718 - - default default] Unable to schedule network 6b784816-7331-474b-a78d-a99448877996: no agents available; will retry on subsequent port and subnet creation events.
2026-07-09 14:31:30.381 9 INFO neutron.db.ovn_revision_numbers_db [None req-11be11cf-8b3c-4269-918c-5d788676eddc ae8e100f98f74db58361f4d55c2a7e62 5917353082e742049f257f5588f0f4ab - - default default] Successfully bumped revision number for resource c519b7da-3fa2-41bd-988e-c7cc17678ac8 (type: ports) to 1
2026-07-09 14:31:30.407 10 INFO neutron.wsgi [None req-4b4f75ab-0abd-4aa6-a582-bb105e4376ef 22165e82e85b47038d5e4c973809c3ac 363969c90b5d4636b34103ca5ae0b718 - - default default] 10.0.0.84 "DELETE /v2.0/security-groups/e40d45d2-b946-4c29-b772-08d13563e449 HTTP/1.1" status: 204 len: 168 time: 0.4007435
2026-07-09 14:31:30.463 9 INFO neutron.wsgi [None req-11be11cf-8b3c-4269-918c-5d788676eddc ae8e100f98f74db58361f4d55c2a7e62 5917353082e742049f257f5588f0f4ab - - default default] 10.0.0.84 "POST /v2.0/networks HTTP/1.1" status: 201 len: 848 time: 1.7797964
2026-07-09 14:31:30.475 10 WARNING neutron_lib.context [None req-1a50db7c-84e8-4c53-87b8-2ebacebd699e ae8e100f98f74db58361f4d55c2a7e62 5917353082e742049f257f5588f0f4ab - - default default] Method 'is_advsvc' is deprecated since 2023.2 release (neutron-lib 3.8.0) and will be removed once support for the old RBAC API policies will be removed from Neutron. Please use method 'is_service_role' instead.
2026-07-09 14:31:30.564 10 INFO neutron.db.ovn_revision_numbers_db [None req-d8916081-b1c9-4ae7-9918-bd5058e5a6af 22165e82e85b47038d5e4c973809c3ac 363969c90b5d4636b34103ca5ae0b718 - - default default] Successfully bumped revision number for resource 62261a9e-c3d3-441f-a077-1d86d1139416 (type: ports) to 1
2026-07-09 14:31:30.626 10 INFO neutron.db.segments_db [None req-1a50db7c-84e8-4c53-87b8-2ebacebd699e ae8e100f98f74db58361f4d55c2a7e62 5917353082e742049f257f5588f0f4ab - - default default] Added segment 706d3a24-dfc2-480f-8334-e35c2b68c10a of type geneve for network cbeca797-0c6f-43c3-8368-a430ac30c916
2026-07-09 14:31:30.659 9 INFO neutron.db.ovn_revision_numbers_db [req-9970d1ee-de80-4c81-9e34-6aea246f6db4 req-cbcc8ea9-df29-4b17-95b9-e2c2c3faafad dd531e2fe7e446889c1e9ba3e836391a 8916314615ef47668cc65535ec3ba97d - - default default] Successfully bumped revision number for resource b0e76efa-91ab-49c0-b47e-888df46fe2d4 (type: ports) to 6
2026-07-09 14:31:30.680 9 INFO neutron.wsgi [req-9970d1ee-de80-4c81-9e34-6aea246f6db4 req-cbcc8ea9-df29-4b17-95b9-e2c2c3faafad dd531e2fe7e446889c1e9ba3e836391a 8916314615ef47668cc65535ec3ba97d - - default default] 199.19.213.105 "PUT /v2.0/ports/b0e76efa-91ab-49c0-b47e-888df46fe2d4 HTTP/1.1" status: 200 len: 1167 time: 1.6911311 /var/lib/openstack/lib/python3.10/site-packages/pycadf/identifier.py:71: UserWarning: Invalid uuid: neutron. To ensure interoperability, identifiers should be a valid uuid. warnings.warn(('Invalid uuid: %s. To ensure interoperability, '
2026-07-09 14:31:30.773 9 INFO neutron.notifiers.nova [-] Nova event matching ['req-06b94195-72e2-477c-8c0d-41f6b31cc8f9'] response: {'name': 'network-changed', 'server_uuid': 'd57ce37b-a17a-45d4-b23f-e7178eea4471', 'tag': 'b0e76efa-91ab-49c0-b47e-888df46fe2d4', 'status': 'completed', 'code': 200}
2026-07-09 14:31:30.798 9 INFO neutron.wsgi [req-9970d1ee-de80-4c81-9e34-6aea246f6db4 req-70aa23e3-e5b7-49b6-81f1-2534bc48d1dd 1d5fcf759944402684510e42b4778f58 db2e5f1105f74b2fa122d3dd783d2b5f - - 74f1ce842aef429182ec85dbc71b8ded 74f1ce842aef429182ec85dbc71b8ded] 199.19.213.105 "GET /v2.0/ports?tenant_id=8916314615ef47668cc65535ec3ba97d&device_id=d57ce37b-a17a-45d4-b23f-e7178eea4471 HTTP/1.1" status: 200 len: 1409 time: 0.0676453
2026-07-09 14:31:30.931 9 INFO neutron.wsgi [req-9970d1ee-de80-4c81-9e34-6aea246f6db4 req-bdd56f15-846b-47d8-bccb-918080d59253 1d5fcf759944402684510e42b4778f58 db2e5f1105f74b2fa122d3dd783d2b5f - - 74f1ce842aef429182ec85dbc71b8ded 74f1ce842aef429182ec85dbc71b8ded] 199.19.213.105 "GET /v2.0/networks?id=22e24bfe-4563-4abf-9229-a40331ea6c08 HTTP/1.1" status: 200 len: 980 time: 0.1049247
2026-07-09 14:31:30.953 10 INFO neutron.db.ovn_revision_numbers_db [None req-1a50db7c-84e8-4c53-87b8-2ebacebd699e ae8e100f98f74db58361f4d55c2a7e62 5917353082e742049f257f5588f0f4ab - - default default] Successfully bumped revision number for resource cbeca797-0c6f-43c3-8368-a430ac30c916 (type: networks) to 1
2026-07-09 14:31:31.016 9 INFO neutron.wsgi [req-9970d1ee-de80-4c81-9e34-6aea246f6db4 req-816deeec-a73e-40ee-b636-9ca7a13d6140 1d5fcf759944402684510e42b4778f58 db2e5f1105f74b2fa122d3dd783d2b5f - - 74f1ce842aef429182ec85dbc71b8ded 74f1ce842aef429182ec85dbc71b8ded] 199.19.213.105 "GET /v2.0/floatingips?fixed_ip_address=10.100.0.3&port_id=b0e76efa-91ab-49c0-b47e-888df46fe2d4 HTTP/1.1" status: 200 len: 1059 time: 0.0751233
2026-07-09 14:31:31.078 9 INFO neutron.wsgi [req-9970d1ee-de80-4c81-9e34-6aea246f6db4 req-3c160f3c-1a46-47fc-bea6-46f3547950fa 1d5fcf759944402684510e42b4778f58 db2e5f1105f74b2fa122d3dd783d2b5f - - 74f1ce842aef429182ec85dbc71b8ded 74f1ce842aef429182ec85dbc71b8ded] 199.19.213.105 "GET /v2.0/subnets?id=de0c8b07-5b56-40c0-bda1-264996700ae5 HTTP/1.1" status: 200 len: 875 time: 0.0517139
2026-07-09 14:31:31.098 9 INFO neutron.db.ovn_revision_numbers_db [None req-1e3028dd-6689-4a94-8b0c-8d009cccf21e - - - - - -] Successfully bumped revision number for resource 26e3aa8b-54b5-4905-aa4a-81dcf8ef3ac0 (type: ports) to 1
2026-07-09 14:31:31.110 9 INFO neutron.wsgi [req-9970d1ee-de80-4c81-9e34-6aea246f6db4 req-d4be7bde-e7e3-4d29-b916-bd40f13f7f2a 1d5fcf759944402684510e42b4778f58 db2e5f1105f74b2fa122d3dd783d2b5f - - 74f1ce842aef429182ec85dbc71b8ded 74f1ce842aef429182ec85dbc71b8ded] 199.19.213.105 "GET /v2.0/ports?network_id=22e24bfe-4563-4abf-9229-a40331ea6c08&device_owner=network%3Adhcp HTTP/1.1" status: 200 len: 210 time: 0.0233715
2026-07-09 14:31:31.214 9 INFO neutron.wsgi [req-9970d1ee-de80-4c81-9e34-6aea246f6db4 req-7af9ee41-131b-4192-9503-ec78a36d2d73 1d5fcf759944402684510e42b4778f58 db2e5f1105f74b2fa122d3dd783d2b5f - - 74f1ce842aef429182ec85dbc71b8ded 74f1ce842aef429182ec85dbc71b8ded] 199.19.213.105 "GET /v2.0/networks/22e24bfe-4563-4abf-9229-a40331ea6c08?fields=segments HTTP/1.1" status: 200 len: 212 time: 0.0931127
2026-07-09 14:31:31.296 10 WARNING neutron.scheduler.dhcp_agent_scheduler [None req-1a50db7c-84e8-4c53-87b8-2ebacebd699e ae8e100f98f74db58361f4d55c2a7e62 5917353082e742049f257f5588f0f4ab - - default default] No more DHCP agents
2026-07-09 14:31:31.304 10 WARNING neutron.api.rpc.agentnotifiers.dhcp_rpc_agent_api [None req-1a50db7c-84e8-4c53-87b8-2ebacebd699e ae8e100f98f74db58361f4d55c2a7e62 5917353082e742049f257f5588f0f4ab - - default default] Unable to schedule network cbeca797-0c6f-43c3-8368-a430ac30c916: no agents available; will retry on subsequent port and subnet creation events.
2026-07-09 14:31:31.355 9 INFO neutron.wsgi [req-9970d1ee-de80-4c81-9e34-6aea246f6db4 req-c6061647-aae1-4eb7-83bd-c80122150111 1d5fcf759944402684510e42b4778f58 db2e5f1105f74b2fa122d3dd783d2b5f - - 74f1ce842aef429182ec85dbc71b8ded 74f1ce842aef429182ec85dbc71b8ded] 199.19.213.105 "GET /v2.0/networks/22e24bfe-4563-4abf-9229-a40331ea6c08?fields=provider%3Aphysical_network&fields=provider%3Anetwork_type HTTP/1.1" status: 200 len: 277 time: 0.1336207
2026-07-09 14:31:31.399 10 INFO neutron.db.ovn_revision_numbers_db [None req-d8916081-b1c9-4ae7-9918-bd5058e5a6af 22165e82e85b47038d5e4c973809c3ac 363969c90b5d4636b34103ca5ae0b718 - - default default] Successfully bumped revision number for resource 62261a9e-c3d3-441f-a077-1d86d1139416 (type: router_ports) to 1
2026-07-09 14:31:31.467 9 INFO neutron.wsgi [req-608b651d-06d2-4cf4-a0d4-b2dd6b2c7197 req-aefbda34-46c9-4947-8a13-19510a57efe0 1d5fcf759944402684510e42b4778f58 db2e5f1105f74b2fa122d3dd783d2b5f - - 74f1ce842aef429182ec85dbc71b8ded 74f1ce842aef429182ec85dbc71b8ded] 199.19.213.105 "GET /v2.0/ports?tenant_id=8916314615ef47668cc65535ec3ba97d&device_id=d57ce37b-a17a-45d4-b23f-e7178eea4471 HTTP/1.1" status: 200 len: 1409 time: 0.0562050
2026-07-09 14:31:31.492 10 INFO neutron.db.ovn_revision_numbers_db [None req-1a50db7c-84e8-4c53-87b8-2ebacebd699e ae8e100f98f74db58361f4d55c2a7e62 5917353082e742049f257f5588f0f4ab - - default default] Successfully bumped revision number for resource 18bd4154-45d1-4826-ad5f-4487df923839 (type: ports) to 1
2026-07-09 14:31:31.528 10 INFO neutron.wsgi [None req-1a50db7c-84e8-4c53-87b8-2ebacebd699e ae8e100f98f74db58361f4d55c2a7e62 5917353082e742049f257f5588f0f4ab - - default default] 10.0.0.84 "POST /v2.0/networks HTTP/1.1" status: 201 len: 848 time: 1.0589111
2026-07-09 14:31:31.534 9 INFO neutron.db.ovn_revision_numbers_db [None req-1e3028dd-6689-4a94-8b0c-8d009cccf21e - - - - - -] Successfully bumped revision number for resource 26e3aa8b-54b5-4905-aa4a-81dcf8ef3ac0 (type: router_ports) to 3
2026-07-09 14:31:31.566 9 INFO neutron.wsgi [req-608b651d-06d2-4cf4-a0d4-b2dd6b2c7197 req-e2466102-c7d4-480d-b013-999fbc9e5d9c 1d5fcf759944402684510e42b4778f58 db2e5f1105f74b2fa122d3dd783d2b5f - - 74f1ce842aef429182ec85dbc71b8ded 74f1ce842aef429182ec85dbc71b8ded] 199.19.213.105 "GET /v2.0/networks?id=22e24bfe-4563-4abf-9229-a40331ea6c08 HTTP/1.1" status: 200 len: 980 time: 0.0885339
2026-07-09 14:31:31.575 10 WARNING neutron_lib.context [None req-a89d2aa9-5cfd-4016-bf24-a1b5366ce495 ae8e100f98f74db58361f4d55c2a7e62 5917353082e742049f257f5588f0f4ab - - default default] Method 'is_advsvc' is deprecated since 2023.2 release (neutron-lib 3.8.0) and will be removed once support for the old RBAC API policies will be removed from Neutron. Please use method 'is_service_role' instead.
2026-07-09 14:31:31.648 9 INFO neutron.wsgi [req-608b651d-06d2-4cf4-a0d4-b2dd6b2c7197 req-c5b2ed64-320c-426b-8614-95a8a9de1bec 1d5fcf759944402684510e42b4778f58 db2e5f1105f74b2fa122d3dd783d2b5f - - 74f1ce842aef429182ec85dbc71b8ded 74f1ce842aef429182ec85dbc71b8ded] 199.19.213.105 "GET /v2.0/floatingips?fixed_ip_address=10.100.0.3&port_id=b0e76efa-91ab-49c0-b47e-888df46fe2d4 HTTP/1.1" status: 200 len: 1059 time: 0.0706940
2026-07-09 14:31:31.704 9 INFO neutron.wsgi [req-608b651d-06d2-4cf4-a0d4-b2dd6b2c7197 req-462df330-5626-4323-a059-eb800dc82532 1d5fcf759944402684510e42b4778f58 db2e5f1105f74b2fa122d3dd783d2b5f - - 74f1ce842aef429182ec85dbc71b8ded 74f1ce842aef429182ec85dbc71b8ded] 199.19.213.105 "GET /v2.0/subnets?id=de0c8b07-5b56-40c0-bda1-264996700ae5 HTTP/1.1" status: 200 len: 875 time: 0.0508373
2026-07-09 14:31:31.751 9 INFO neutron.wsgi [req-608b651d-06d2-4cf4-a0d4-b2dd6b2c7197 req-58a3dfb8-2928-4033-89dd-73247e4cb93d 1d5fcf759944402684510e42b4778f58 db2e5f1105f74b2fa122d3dd783d2b5f - - 74f1ce842aef429182ec85dbc71b8ded 74f1ce842aef429182ec85dbc71b8ded] 199.19.213.105 "GET /v2.0/ports?network_id=22e24bfe-4563-4abf-9229-a40331ea6c08&device_owner=network%3Adhcp HTTP/1.1" status: 200 len: 210 time: 0.0337918
2026-07-09 14:31:31.836 9 INFO neutron.db.ovn_revision_numbers_db [None req-1e3028dd-6689-4a94-8b0c-8d009cccf21e - - - - - -] Successfully bumped revision number for resource 26e3aa8b-54b5-4905-aa4a-81dcf8ef3ac0 (type: ports) to 2
2026-07-09 14:31:31.874 9 INFO neutron.wsgi [req-608b651d-06d2-4cf4-a0d4-b2dd6b2c7197 req-5f448718-878d-47ea-9063-1ec375f622ab 1d5fcf759944402684510e42b4778f58 db2e5f1105f74b2fa122d3dd783d2b5f - - 74f1ce842aef429182ec85dbc71b8ded 74f1ce842aef429182ec85dbc71b8ded] 199.19.213.105 "GET /v2.0/networks/22e24bfe-4563-4abf-9229-a40331ea6c08?fields=segments HTTP/1.1" status: 200 len: 212 time: 0.1053109
2026-07-09 14:31:31.959 10 WARNING neutron_lib.context [None req-a89d2aa9-5cfd-4016-bf24-a1b5366ce495 ae8e100f98f74db58361f4d55c2a7e62 5917353082e742049f257f5588f0f4ab - - default default] Method 'is_advsvc' is deprecated since 2023.2 release (neutron-lib 3.8.0) and will be removed once support for the old RBAC API policies will be removed from Neutron. Please use method 'is_service_role' instead.
2026-07-09 14:31:31.992 9 INFO neutron.wsgi [req-608b651d-06d2-4cf4-a0d4-b2dd6b2c7197 req-10862c40-6f0e-46da-b6cb-d340013f334c 1d5fcf759944402684510e42b4778f58 db2e5f1105f74b2fa122d3dd783d2b5f - - 74f1ce842aef429182ec85dbc71b8ded 74f1ce842aef429182ec85dbc71b8ded] 199.19.213.105 "GET /v2.0/networks/22e24bfe-4563-4abf-9229-a40331ea6c08?fields=provider%3Aphysical_network&fields=provider%3Anetwork_type HTTP/1.1" status: 200 len: 277 time: 0.1022816
2026-07-09 14:31:32.045 10 INFO neutron.db.ovn_revision_numbers_db [None req-d8916081-b1c9-4ae7-9918-bd5058e5a6af 22165e82e85b47038d5e4c973809c3ac 363969c90b5d4636b34103ca5ae0b718 - - default default] Successfully bumped revision number for resource 62261a9e-c3d3-441f-a077-1d86d1139416 (type: ports) to 1
2026-07-09 14:31:32.206 10 WARNING neutron.scheduler.dhcp_agent_scheduler [None req-d8916081-b1c9-4ae7-9918-bd5058e5a6af 22165e82e85b47038d5e4c973809c3ac 363969c90b5d4636b34103ca5ae0b718 - - default default] No more DHCP agents
2026-07-09 14:31:32.208 10 WARNING neutron.api.rpc.agentnotifiers.dhcp_rpc_agent_api [None req-d8916081-b1c9-4ae7-9918-bd5058e5a6af 22165e82e85b47038d5e4c973809c3ac 363969c90b5d4636b34103ca5ae0b718 - - default default] Unable to schedule network 6b784816-7331-474b-a78d-a99448877996: no agents available; will retry on subsequent port and subnet creation events.
2026-07-09 14:31:32.282 9 INFO neutron.db.ovn_revision_numbers_db [None req-1e3028dd-6689-4a94-8b0c-8d009cccf21e - - - - - -] Successfully bumped revision number for resource 26e3aa8b-54b5-4905-aa4a-81dcf8ef3ac0 (type: ports) to 4
2026-07-09 14:31:32.373 10 INFO neutron.plugins.ml2.drivers.ovn.mech_driver.mech_driver [None req-cefe73ac-bf6f-42ae-8ae1-ec5443b32fb1 - - - - - -] OVN reports status down for port: b0e76efa-91ab-49c0-b47e-888df46fe2d4
2026-07-09 14:31:32.507 10 INFO neutron.wsgi [req-48b08b77-2914-4b4d-83f2-142ba442123e req-f89c4098-7c40-4f6b-a9d8-05b3f7383c97 dd531e2fe7e446889c1e9ba3e836391a 8916314615ef47668cc65535ec3ba97d - - default default] 10.0.0.128 "GET /v2.0/ports?device_id=d57ce37b-a17a-45d4-b23f-e7178eea4471 HTTP/1.1" status: 200 len: 1170 time: 0.2041426
2026-07-09 14:31:32.611 9 INFO neutron.db.ovn_revision_numbers_db [None req-1e3028dd-6689-4a94-8b0c-8d009cccf21e - - - - - -] Successfully bumped revision number for resource 26e3aa8b-54b5-4905-aa4a-81dcf8ef3ac0 (type: router_ports) to 4
