Apr 21 13:32:19.746898 np0000168710 nova-scheduler[109631]: DEBUG cotyledon.oslo_config_glue [-] vnc.novncproxy_port = 6080 {{(pid=109631) log_opt_values /opt/stack/data/venv/lib/python3.12/site-packages/oslo_config/cfg.py:3006}}
Apr 21 13:32:19.746898 np0000168710 nova-scheduler[109631]: DEBUG cotyledon.oslo_config_glue [-] vnc.server_listen = 127.0.0.1 {{(pid=109631) log_opt_values /opt/stack/data/venv/lib/python3.12/site-packages/oslo_config/cfg.py:3006}}
Apr 21 13:32:19.746898 np0000168710 nova-scheduler[109631]: DEBUG cotyledon.oslo_config_glue [-] vnc.server_proxyclient_address = 127.0.0.1 {{(pid=109631) log_opt_values /opt/stack/data/venv/lib/python3.12/site-packages/oslo_config/cfg.py:3006}}
Apr 21 13:32:19.746898 np0000168710 nova-scheduler[109631]: DEBUG cotyledon.oslo_config_glue [-] vnc.vencrypt_ca_certs = None {{(pid=109631) log_opt_values /opt/stack/data/venv/lib/python3.12/site-packages/oslo_config/cfg.py:3006}}
Apr 21 13:32:19.747151 np0000168710 nova-scheduler[109631]: DEBUG cotyledon.oslo_config_glue [-] vnc.vencrypt_client_cert = None {{(pid=109631) log_opt_values /opt/stack/data/venv/lib/python3.12/site-packages/oslo_config/cfg.py:3006}}
Apr 21 13:32:19.747151 np0000168710 nova-scheduler[109631]: DEBUG cotyledon.oslo_config_glue [-] vnc.vencrypt_client_key = None {{(pid=109631) log_opt_values /opt/stack/data/venv/lib/python3.12/site-packages/oslo_config/cfg.py:3006}}
Apr 21 13:32:19.747151 np0000168710 nova-scheduler[109631]: DEBUG cotyledon.oslo_config_glue [-] workarounds.disable_compute_service_check_for_ffu = False {{(pid=109631) log_opt_values /opt/stack/data/venv/lib/python3.12/site-packages/oslo_config/cfg.py:3006}}
Apr 21 13:32:19.747151 np0000168710 nova-scheduler[109631]: DEBUG cotyledon.oslo_config_glue [-] workarounds.disable_deep_image_inspection = False {{(pid=109631) log_opt_values /opt/stack/data/venv/lib/python3.12/site-packages/oslo_config/cfg.py:3006}}
Apr 21 13:32:19.747151 np0000168710 nova-scheduler[109631]: DEBUG cotyledon.oslo_config_glue [-] workarounds.disable_fallback_pcpu_query = False {{(pid=109631) log_opt_values /opt/stack/data/venv/lib/python3.12/site-packages/oslo_config/cfg.py:3006}}
Apr 21 13:32:19.747151 np0000168710 nova-scheduler[109631]: DEBUG cotyledon.oslo_config_glue [-] workarounds.disable_group_policy_check_upcall = False {{(pid=109631) log_opt_values /opt/stack/data/venv/lib/python3.12/site-packages/oslo_config/cfg.py:3006}}
Apr 21 13:32:19.747151 np0000168710 nova-scheduler[109631]: DEBUG cotyledon.oslo_config_glue [-] workarounds.disable_libvirt_livesnapshot = False {{(pid=109631) log_opt_values /opt/stack/data/venv/lib/python3.12/site-packages/oslo_config/cfg.py:3006}}
Apr 21 13:32:19.747151 np0000168710 nova-scheduler[109631]: DEBUG cotyledon.oslo_config_glue [-] workarounds.disable_rootwrap = False {{(pid=109631) log_opt_values /opt/stack/data/venv/lib/python3.12/site-packages/oslo_config/cfg.py:3006}}
Apr 21 13:32:19.747151 np0000168710 nova-scheduler[109631]: DEBUG cotyledon.oslo_config_glue [-] workarounds.enable_numa_live_migration = False {{(pid=109631) log_opt_values /opt/stack/data/venv/lib/python3.12/site-packages/oslo_config/cfg.py:3006}}
Apr 21 13:32:19.747396 np0000168710 nova-scheduler[109631]: DEBUG cotyledon.oslo_config_glue [-] workarounds.enable_qemu_monitor_announce_self = False {{(pid=109631) log_opt_values /opt/stack/data/venv/lib/python3.12/site-packages/oslo_config/cfg.py:3006}}
Apr 21 13:32:19.747396 np0000168710 nova-scheduler[109631]: DEBUG cotyledon.oslo_config_glue [-] workarounds.ensure_libvirt_rbd_instance_dir_cleanup = False {{(pid=109631) log_opt_values /opt/stack/data/venv/lib/python3.12/site-packages/oslo_config/cfg.py:3006}}
Apr 21 13:32:19.747396 np0000168710 nova-scheduler[109631]: DEBUG cotyledon.oslo_config_glue [-] workarounds.handle_virt_lifecycle_events = True {{(pid=109631) log_opt_values /opt/stack/data/venv/lib/python3.12/site-packages/oslo_config/cfg.py:3006}}
Apr 21 13:32:19.747396 np0000168710 nova-scheduler[109631]: DEBUG cotyledon.oslo_config_glue [-] workarounds.libvirt_disable_apic = False {{(pid=109631) log_opt_values /opt/stack/data/venv/lib/python3.12/site-packages/oslo_config/cfg.py:3006}}
Apr 21 13:32:19.747396 np0000168710 nova-scheduler[109631]: DEBUG cotyledon.oslo_config_glue [-] workarounds.never_download_image_if_on_rbd = False {{(pid=109631) log_opt_values /opt/stack/data/venv/lib/python3.12/site-packages/oslo_config/cfg.py:3006}}
Apr 21 13:32:19.747396 np0000168710 nova-scheduler[109631]: DEBUG cotyledon.oslo_config_glue [-] workarounds.qemu_monitor_announce_self_count = 3 {{(pid=109631) log_opt_values /opt/stack/data/venv/lib/python3.12/site-packages/oslo_config/cfg.py:3006}}
Apr 21 13:32:19.747396 np0000168710 nova-scheduler[109631]: DEBUG cotyledon.oslo_config_glue [-] workarounds.qemu_monitor_announce_self_interval = 1 {{(pid=109631) log_opt_values /opt/stack/data/venv/lib/python3.12/site-packages/oslo_config/cfg.py:3006}}
Apr 21 13:32:19.747396 np0000168710 nova-scheduler[109631]: DEBUG cotyledon.oslo_config_glue [-] workarounds.reserve_disk_resource_for_image_cache = False {{(pid=109631) log_opt_values /opt/stack/data/venv/lib/python3.12/site-packages/oslo_config/cfg.py:3006}}
Apr 21 13:32:19.747396 np0000168710 nova-scheduler[109631]: DEBUG cotyledon.oslo_config_glue [-] workarounds.skip_cpu_compare_at_startup = False {{(pid=109631) log_opt_values /opt/stack/data/venv/lib/python3.12/site-packages/oslo_config/cfg.py:3006}}
Apr 21 13:32:19.747622 np0000168710 nova-scheduler[109631]: DEBUG cotyledon.oslo_config_glue [-] workarounds.skip_cpu_compare_on_dest = False {{(pid=109631) log_opt_values /opt/stack/data/venv/lib/python3.12/site-packages/oslo_config/cfg.py:3006}}
Apr 21 13:32:19.747622 np0000168710 nova-scheduler[109631]: DEBUG cotyledon.oslo_config_glue [-] workarounds.skip_hypervisor_version_check_on_lm = False {{(pid=109631) log_opt_values /opt/stack/data/venv/lib/python3.12/site-packages/oslo_config/cfg.py:3006}}
Apr 21 13:32:19.747622 np0000168710 nova-scheduler[109631]: DEBUG cotyledon.oslo_config_glue [-] workarounds.skip_reserve_in_use_ironic_nodes = False {{(pid=109631) log_opt_values /opt/stack/data/venv/lib/python3.12/site-packages/oslo_config/cfg.py:3006}}
Apr 21 13:32:19.747622 np0000168710 nova-scheduler[109631]: DEBUG cotyledon.oslo_config_glue [-] workarounds.unified_limits_count_pcpu_as_vcpu = False {{(pid=109631) log_opt_values /opt/stack/data/venv/lib/python3.12/site-packages/oslo_config/cfg.py:3006}}
Apr 21 13:32:19.747622 np0000168710 nova-scheduler[109631]: DEBUG cotyledon.oslo_config_glue [-] workarounds.wait_for_vif_plugged_event_during_hard_reboot = [] {{(pid=109631) log_opt_values /opt/stack/data/venv/lib/python3.12/site-packages/oslo_config/cfg.py:3006}}
Apr 21 13:32:19.747622 np0000168710 nova-scheduler[109631]: DEBUG cotyledon.oslo_config_glue [-] wsgi.api_paste_config = /etc/nova/api-paste.ini {{(pid=109631) log_opt_values /opt/stack/data/venv/lib/python3.12/site-packages/oslo_config/cfg.py:3006}}
Apr 21 13:32:19.747622 np0000168710 nova-scheduler[109631]: DEBUG cotyledon.oslo_config_glue [-] wsgi.secure_proxy_ssl_header = None {{(pid=109631) log_opt_values /opt/stack/data/venv/lib/python3.12/site-packages/oslo_config/cfg.py:3006}}
Apr 21 13:32:19.747622 np0000168710 nova-scheduler[109631]: DEBUG cotyledon.oslo_config_glue [-] zvm.ca_file = None {{(pid=109631) log_opt_values /opt/stack/data/venv/lib/python3.12/site-packages/oslo_config/cfg.py:3006}}
Apr 21 13:32:19.747622 np0000168710 nova-scheduler[109631]: DEBUG cotyledon.oslo_config_glue [-] zvm.cloud_connector_url = None {{(pid=109631) log_opt_values /opt/stack/data/venv/lib/python3.12/site-packages/oslo_config/cfg.py:3006}}
Apr 21 13:32:19.747843 np0000168710 nova-scheduler[109631]: DEBUG cotyledon.oslo_config_glue [-] zvm.image_tmp_path = /opt/stack/data/nova/images {{(pid=109631) log_opt_values /opt/stack/data/venv/lib/python3.12/site-packages/oslo_config/cfg.py:3006}}
Apr 21 13:32:19.747843 np0000168710 nova-scheduler[109631]: DEBUG cotyledon.oslo_config_glue [-] zvm.reachable_timeout = 300 {{(pid=109631) log_opt_values /opt/stack/data/venv/lib/python3.12/site-packages/oslo_config/cfg.py:3006}}
Apr 21 13:32:19.747843 np0000168710 nova-scheduler[109631]: DEBUG cotyledon.oslo_config_glue [-] oslo_versionedobjects.fatal_exception_format_errors = False {{(pid=109631) log_opt_values /opt/stack/data/venv/lib/python3.12/site-packages/oslo_config/cfg.py:3006}}
Apr 21 13:32:19.747843 np0000168710 nova-scheduler[109631]: DEBUG cotyledon.oslo_config_glue [-] oslo_middleware.http_basic_auth_user_file = /etc/htpasswd {{(pid=109631) log_opt_values /opt/stack/data/venv/lib/python3.12/site-packages/oslo_config/cfg.py:3006}}
Apr 21 13:32:19.747843 np0000168710 nova-scheduler[109631]: DEBUG cotyledon.oslo_config_glue [-] oslo_messaging_metrics.metrics_buffer_size = 1000 {{(pid=109631) log_opt_values /opt/stack/data/venv/lib/python3.12/site-packages/oslo_config/cfg.py:3006}}
Apr 21 13:32:19.747843 np0000168710 nova-scheduler[109631]: DEBUG cotyledon.oslo_config_glue [-] oslo_messaging_metrics.metrics_enabled = False {{(pid=109631) log_opt_values /opt/stack/data/venv/lib/python3.12/site-packages/oslo_config/cfg.py:3006}}
Apr 21 13:32:19.747843 np0000168710 nova-scheduler[109631]: DEBUG cotyledon.oslo_config_glue [-] oslo_messaging_metrics.metrics_process_name = {{(pid=109631) log_opt_values /opt/stack/data/venv/lib/python3.12/site-packages/oslo_config/cfg.py:3006}}
Apr 21 13:32:19.747843 np0000168710 nova-scheduler[109631]: DEBUG cotyledon.oslo_config_glue [-] oslo_messaging_metrics.metrics_socket_file = /var/tmp/metrics_collector.sock {{(pid=109631) log_opt_values /opt/stack/data/venv/lib/python3.12/site-packages/oslo_config/cfg.py:3006}}
Apr 21 13:32:19.748195 np0000168710 nova-scheduler[109631]: DEBUG cotyledon.oslo_config_glue [-] oslo_messaging_metrics.metrics_thread_stop_timeout = 10 {{(pid=109631) log_opt_values /opt/stack/data/venv/lib/python3.12/site-packages/oslo_config/cfg.py:3006}}
Apr 21 13:32:19.748195 np0000168710 nova-scheduler[109631]: DEBUG cotyledon.oslo_config_glue [-] profiler.connection_string = messaging:// {{(pid=109631) log_opt_values /opt/stack/data/venv/lib/python3.12/site-packages/oslo_config/cfg.py:3006}}
Apr 21 13:32:19.748195 np0000168710 nova-scheduler[109631]: DEBUG cotyledon.oslo_config_glue [-] profiler.enabled = False {{(pid=109631) log_opt_values /opt/stack/data/venv/lib/python3.12/site-packages/oslo_config/cfg.py:3006}}
Apr 21 13:32:19.748195 np0000168710 nova-scheduler[109631]: DEBUG cotyledon.oslo_config_glue [-] profiler.es_doc_type = notification {{(pid=109631) log_opt_values /opt/stack/data/venv/lib/python3.12/site-packages/oslo_config/cfg.py:3006}}
Apr 21 13:32:19.748195 np0000168710 nova-scheduler[109631]: DEBUG cotyledon.oslo_config_glue [-] profiler.es_scroll_size = 10000 {{(pid=109631) log_opt_values /opt/stack/data/venv/lib/python3.12/site-packages/oslo_config/cfg.py:3006}}
Apr 21 13:32:19.748195 np0000168710 nova-scheduler[109631]: DEBUG cotyledon.oslo_config_glue [-] profiler.es_scroll_time = 2m {{(pid=109631) log_opt_values /opt/stack/data/venv/lib/python3.12/site-packages/oslo_config/cfg.py:3006}}
Apr 21 13:32:19.748195 np0000168710 nova-scheduler[109631]: DEBUG cotyledon.oslo_config_glue [-] profiler.filter_error_trace = False {{(pid=109631) log_opt_values /opt/stack/data/venv/lib/python3.12/site-packages/oslo_config/cfg.py:3006}}
Apr 21 13:32:19.748195 np0000168710 nova-scheduler[109631]: DEBUG cotyledon.oslo_config_glue [-] profiler.hmac_keys = **** {{(pid=109631) log_opt_values /opt/stack/data/venv/lib/python3.12/site-packages/oslo_config/cfg.py:3006}}
Apr 21 13:32:19.748195 np0000168710 nova-scheduler[109631]: DEBUG cotyledon.oslo_config_glue [-] profiler.sentinel_service_name = mymaster {{(pid=109631) log_opt_values /opt/stack/data/venv/lib/python3.12/site-packages/oslo_config/cfg.py:3006}}
Apr 21 13:32:19.748481 np0000168710 nova-scheduler[109631]: DEBUG cotyledon.oslo_config_glue [-] profiler.socket_timeout = 0.1 {{(pid=109631) log_opt_values /opt/stack/data/venv/lib/python3.12/site-packages/oslo_config/cfg.py:3006}}
Apr 21 13:32:19.748481 np0000168710 nova-scheduler[109631]: DEBUG cotyledon.oslo_config_glue [-] profiler.trace_requests = False {{(pid=109631) log_opt_values /opt/stack/data/venv/lib/python3.12/site-packages/oslo_config/cfg.py:3006}}
Apr 21 13:32:19.748481 np0000168710 nova-scheduler[109631]: DEBUG cotyledon.oslo_config_glue [-] profiler.trace_sqlalchemy = False {{(pid=109631) log_opt_values /opt/stack/data/venv/lib/python3.12/site-packages/oslo_config/cfg.py:3006}}
Apr 21 13:32:19.748481 np0000168710 nova-scheduler[109631]: DEBUG cotyledon.oslo_config_glue [-] profiler_jaeger.process_tags = {} {{(pid=109631) log_opt_values /opt/stack/data/venv/lib/python3.12/site-packages/oslo_config/cfg.py:3006}}
Apr 21 13:32:19.748481 np0000168710 nova-scheduler[109631]: DEBUG cotyledon.oslo_config_glue [-] profiler_jaeger.service_name_prefix = None {{(pid=109631) log_opt_values /opt/stack/data/venv/lib/python3.12/site-packages/oslo_config/cfg.py:3006}}
Apr 21 13:32:19.748481 np0000168710 nova-scheduler[109631]: DEBUG cotyledon.oslo_config_glue [-] profiler_otlp.service_name_prefix = None {{(pid=109631) log_opt_values /opt/stack/data/venv/lib/python3.12/site-packages/oslo_config/cfg.py:3006}}
Apr 21 13:32:19.748481 np0000168710 nova-scheduler[109631]: DEBUG cotyledon.oslo_config_glue [-] oslo_messaging_rabbit.amqp_auto_delete = False {{(pid=109631) log_opt_values /opt/stack/data/venv/lib/python3.12/site-packages/oslo_config/cfg.py:3006}}
Apr 21 13:32:19.748481 np0000168710 nova-scheduler[109631]: DEBUG cotyledon.oslo_config_glue [-] oslo_messaging_rabbit.amqp_durable_queues = False {{(pid=109631) log_opt_values /opt/stack/data/venv/lib/python3.12/site-packages/oslo_config/cfg.py:3006}}
Apr 21 13:32:19.748481 np0000168710 nova-scheduler[109631]: DEBUG cotyledon.oslo_config_glue [-] oslo_messaging_rabbit.conn_pool_min_size = 2 {{(pid=109631) log_opt_values /opt/stack/data/venv/lib/python3.12/site-packages/oslo_config/cfg.py:3006}}
Apr 21 13:32:19.748699 np0000168710 nova-scheduler[109631]: DEBUG cotyledon.oslo_config_glue [-] oslo_messaging_rabbit.conn_pool_ttl = 1200 {{(pid=109631) log_opt_values /opt/stack/data/venv/lib/python3.12/site-packages/oslo_config/cfg.py:3006}}
Apr 21 13:32:19.748699 np0000168710 nova-scheduler[109631]: DEBUG cotyledon.oslo_config_glue [-] oslo_messaging_rabbit.direct_mandatory_flag = True {{(pid=109631) log_opt_values /opt/stack/data/venv/lib/python3.12/site-packages/oslo_config/cfg.py:3006}}
Apr 21 13:32:19.748699 np0000168710 nova-scheduler[109631]: DEBUG cotyledon.oslo_config_glue [-] oslo_messaging_rabbit.enable_cancel_on_failover = False {{(pid=109631) log_opt_values /opt/stack/data/venv/lib/python3.12/site-packages/oslo_config/cfg.py:3006}}
Apr 21 13:32:19.748699 np0000168710 nova-scheduler[109631]: DEBUG cotyledon.oslo_config_glue [-] oslo_messaging_rabbit.heartbeat_in_pthread = False {{(pid=109631) log_opt_values /opt/stack/data/venv/lib/python3.12/site-packages/oslo_config/cfg.py:3006}}
Apr 21 13:32:19.748699 np0000168710 nova-scheduler[109631]: DEBUG cotyledon.oslo_config_glue [-] oslo_messaging_rabbit.heartbeat_rate = 3 {{(pid=109631) log_opt_values /opt/stack/data/venv/lib/python3.12/site-packages/oslo_config/cfg.py:3006}}
Apr 21 13:32:19.748699 np0000168710 nova-scheduler[109631]: DEBUG cotyledon.oslo_config_glue [-] oslo_messaging_rabbit.heartbeat_timeout_threshold = 60 {{(pid=109631) log_opt_values /opt/stack/data/venv/lib/python3.12/site-packages/oslo_config/cfg.py:3006}}
Apr 21 13:32:19.748699 np0000168710 nova-scheduler[109631]: DEBUG cotyledon.oslo_config_glue [-] oslo_messaging_rabbit.hostname = np0000168710 {{(pid=109631) log_opt_values /opt/stack/data/venv/lib/python3.12/site-packages/oslo_config/cfg.py:3006}}
Apr 21 13:32:19.748699 np0000168710 nova-scheduler[109631]: DEBUG cotyledon.oslo_config_glue [-] oslo_messaging_rabbit.kombu_compression = None {{(pid=109631) log_opt_values /opt/stack/data/venv/lib/python3.12/site-packages/oslo_config/cfg.py:3006}}
Apr 21 13:32:19.748699 np0000168710 nova-scheduler[109631]: DEBUG cotyledon.oslo_config_glue [-] oslo_messaging_rabbit.kombu_failover_strategy = round-robin {{(pid=109631) log_opt_values /opt/stack/data/venv/lib/python3.12/site-packages/oslo_config/cfg.py:3006}}
Apr 21 13:32:19.748924 np0000168710 nova-scheduler[109631]: DEBUG cotyledon.oslo_config_glue [-] oslo_messaging_rabbit.kombu_missing_consumer_retry_timeout = 60 {{(pid=109631) log_opt_values /opt/stack/data/venv/lib/python3.12/site-packages/oslo_config/cfg.py:3006}}
Apr 21 13:32:19.748924 np0000168710 nova-scheduler[109631]: DEBUG cotyledon.oslo_config_glue [-] oslo_messaging_rabbit.kombu_reconnect_delay = 1.0 {{(pid=109631) log_opt_values /opt/stack/data/venv/lib/python3.12/site-packages/oslo_config/cfg.py:3006}}
Apr 21 13:32:19.748924 np0000168710 nova-scheduler[109631]: DEBUG cotyledon.oslo_config_glue [-] oslo_messaging_rabbit.kombu_reconnect_splay = 0.0 {{(pid=109631) log_opt_values /opt/stack/data/venv/lib/python3.12/site-packages/oslo_config/cfg.py:3006}}
Apr 21 13:32:19.748924 np0000168710 nova-scheduler[109631]: DEBUG cotyledon.oslo_config_glue [-] oslo_messaging_rabbit.processname = nova-scheduler {{(pid=109631) log_opt_values /opt/stack/data/venv/lib/python3.12/site-packages/oslo_config/cfg.py:3006}}
Apr 21 13:32:19.748924 np0000168710 nova-scheduler[109631]: DEBUG cotyledon.oslo_config_glue [-] oslo_messaging_rabbit.rabbit_ha_queues = False {{(pid=109631) log_opt_values /opt/stack/data/venv/lib/python3.12/site-packages/oslo_config/cfg.py:3006}}
Apr 21 13:32:19.748924 np0000168710 nova-scheduler[109631]: DEBUG cotyledon.oslo_config_glue [-] oslo_messaging_rabbit.rabbit_interval_max = 30 {{(pid=109631) log_opt_values /opt/stack/data/venv/lib/python3.12/site-packages/oslo_config/cfg.py:3006}}
Apr 21 13:32:19.748924 np0000168710 nova-scheduler[109631]: DEBUG cotyledon.oslo_config_glue [-] oslo_messaging_rabbit.rabbit_login_method = AMQPLAIN {{(pid=109631) log_opt_values /opt/stack/data/venv/lib/python3.12/site-packages/oslo_config/cfg.py:3006}}
Apr 21 13:32:19.748924 np0000168710 nova-scheduler[109631]: DEBUG cotyledon.oslo_config_glue [-] oslo_messaging_rabbit.rabbit_qos_prefetch_count = 0 {{(pid=109631) log_opt_values /opt/stack/data/venv/lib/python3.12/site-packages/oslo_config/cfg.py:3006}}
Apr 21 13:32:19.749138 np0000168710 nova-scheduler[109631]: DEBUG cotyledon.oslo_config_glue [-] oslo_messaging_rabbit.rabbit_quorum_delivery_limit = 0 {{(pid=109631) log_opt_values /opt/stack/data/venv/lib/python3.12/site-packages/oslo_config/cfg.py:3006}}
Apr 21 13:32:19.749138 np0000168710 nova-scheduler[109631]: DEBUG cotyledon.oslo_config_glue [-] oslo_messaging_rabbit.rabbit_quorum_max_memory_bytes = 0 {{(pid=109631) log_opt_values /opt/stack/data/venv/lib/python3.12/site-packages/oslo_config/cfg.py:3006}}
Apr 21 13:32:19.749138 np0000168710 nova-scheduler[109631]: DEBUG cotyledon.oslo_config_glue [-] oslo_messaging_rabbit.rabbit_quorum_max_memory_length = 0 {{(pid=109631) log_opt_values /opt/stack/data/venv/lib/python3.12/site-packages/oslo_config/cfg.py:3006}}
Apr 21 13:32:19.749138 np0000168710 nova-scheduler[109631]: DEBUG cotyledon.oslo_config_glue [-] oslo_messaging_rabbit.rabbit_quorum_queue = False {{(pid=109631) log_opt_values /opt/stack/data/venv/lib/python3.12/site-packages/oslo_config/cfg.py:3006}}
Apr 21 13:32:19.749138 np0000168710 nova-scheduler[109631]: DEBUG cotyledon.oslo_config_glue [-] oslo_messaging_rabbit.rabbit_retry_backoff = 2 {{(pid=109631) log_opt_values /opt/stack/data/venv/lib/python3.12/site-packages/oslo_config/cfg.py:3006}}
Apr 21 13:32:19.749138 np0000168710 nova-scheduler[109631]: DEBUG cotyledon.oslo_config_glue [-] oslo_messaging_rabbit.rabbit_retry_interval = 1 {{(pid=109631) log_opt_values /opt/stack/data/venv/lib/python3.12/site-packages/oslo_config/cfg.py:3006}}
Apr 21 13:32:19.749138 np0000168710 nova-scheduler[109631]: DEBUG cotyledon.oslo_config_glue [-] oslo_messaging_rabbit.rabbit_stream_fanout = False {{(pid=109631) log_opt_values /opt/stack/data/venv/lib/python3.12/site-packages/oslo_config/cfg.py:3006}}
Apr 21 13:32:19.749138 np0000168710 nova-scheduler[109631]: DEBUG cotyledon.oslo_config_glue [-] oslo_messaging_rabbit.rabbit_transient_queues_ttl = 1800 {{(pid=109631) log_opt_values /opt/stack/data/venv/lib/python3.12/site-packages/oslo_config/cfg.py:3006}}
Apr 21 13:32:19.749410 np0000168710 nova-scheduler[109631]: DEBUG cotyledon.oslo_config_glue [-] oslo_messaging_rabbit.rabbit_transient_quorum_queue = False {{(pid=109631) log_opt_values /opt/stack/data/venv/lib/python3.12/site-packages/oslo_config/cfg.py:3006}}
Apr 21 13:32:19.749410 np0000168710 nova-scheduler[109631]: DEBUG cotyledon.oslo_config_glue [-] oslo_messaging_rabbit.rpc_conn_pool_size = 30 {{(pid=109631) log_opt_values /opt/stack/data/venv/lib/python3.12/site-packages/oslo_config/cfg.py:3006}}
Apr 21 13:32:19.749410 np0000168710 nova-scheduler[109631]: DEBUG cotyledon.oslo_config_glue [-] oslo_messaging_rabbit.ssl = False {{(pid=109631) log_opt_values /opt/stack/data/venv/lib/python3.12/site-packages/oslo_config/cfg.py:3006}}
Apr 21 13:32:19.749487 np0000168710 nova-scheduler[109620]: DEBUG oslo_db.sqlalchemy.engines [None req-e4f62c79-d232-4300-b71a-2d78e5cd64c0 None None] MySQL server mode set to STRICT_TRANS_TABLES,STRICT_ALL_TABLES,NO_ZERO_IN_DATE,NO_ZERO_DATE,ERROR_FOR_DIVISION_BY_ZERO,TRADITIONAL,NO_ENGINE_SUBSTITUTION {{(pid=109620) _check_effective_sql_mode /opt/stack/data/venv/lib/python3.12/site-packages/oslo_db/sqlalchemy/engines.py:325}}
Apr 21 13:32:19.749519 np0000168710 nova-scheduler[109631]: DEBUG cotyledon.oslo_config_glue [-] oslo_messaging_rabbit.ssl_ca_file = {{(pid=109631) log_opt_values /opt/stack/data/venv/lib/python3.12/site-packages/oslo_config/cfg.py:3006}}
Apr 21 13:32:19.749519 np0000168710 nova-scheduler[109631]: DEBUG cotyledon.oslo_config_glue [-] oslo_messaging_rabbit.ssl_cert_file = {{(pid=109631) log_opt_values /opt/stack/data/venv/lib/python3.12/site-packages/oslo_config/cfg.py:3006}}
Apr 21 13:32:19.749519 np0000168710 nova-scheduler[109631]: DEBUG cotyledon.oslo_config_glue [-] oslo_messaging_rabbit.ssl_enforce_fips_mode = False {{(pid=109631) log_opt_values /opt/stack/data/venv/lib/python3.12/site-packages/oslo_config/cfg.py:3006}}
Apr 21 13:32:19.749519 np0000168710 nova-scheduler[109631]: DEBUG cotyledon.oslo_config_glue [-] oslo_messaging_rabbit.ssl_key_file = {{(pid=109631) log_opt_values /opt/stack/data/venv/lib/python3.12/site-packages/oslo_config/cfg.py:3006}}
Apr 21 13:32:19.749519 np0000168710 nova-scheduler[109631]: DEBUG cotyledon.oslo_config_glue [-] oslo_messaging_rabbit.ssl_version = {{(pid=109631) log_opt_values /opt/stack/data/venv/lib/python3.12/site-packages/oslo_config/cfg.py:3006}}
Apr 21 13:32:19.749519 np0000168710 nova-scheduler[109631]: DEBUG cotyledon.oslo_config_glue [-] oslo_messaging_rabbit.use_queue_manager = False {{(pid=109631) log_opt_values /opt/stack/data/venv/lib/python3.12/site-packages/oslo_config/cfg.py:3006}}
Apr 21 13:32:19.749519 np0000168710 nova-scheduler[109631]: DEBUG cotyledon.oslo_config_glue [-] oslo_messaging_notifications.driver = ['messagingv2'] {{(pid=109631) log_opt_values /opt/stack/data/venv/lib/python3.12/site-packages/oslo_config/cfg.py:3006}}
Apr 21 13:32:19.749519 np0000168710 nova-scheduler[109631]: DEBUG cotyledon.oslo_config_glue [-] oslo_messaging_notifications.retry = -1 {{(pid=109631) log_opt_values /opt/stack/data/venv/lib/python3.12/site-packages/oslo_config/cfg.py:3006}}
Apr 21 13:32:19.749519 np0000168710 nova-scheduler[109631]: DEBUG cotyledon.oslo_config_glue [-] oslo_messaging_notifications.topics = ['notifications'] {{(pid=109631) log_opt_values /opt/stack/data/venv/lib/python3.12/site-packages/oslo_config/cfg.py:3006}}
Apr 21 13:32:19.749738 np0000168710 nova-scheduler[109631]: DEBUG cotyledon.oslo_config_glue [-] oslo_messaging_notifications.transport_url = **** {{(pid=109631) log_opt_values /opt/stack/data/venv/lib/python3.12/site-packages/oslo_config/cfg.py:3006}}
Apr 21 13:32:19.749738 np0000168710 nova-scheduler[109631]: DEBUG cotyledon.oslo_config_glue [-] oslo_limit.auth_section = None {{(pid=109631) log_opt_values /opt/stack/data/venv/lib/python3.12/site-packages/oslo_config/cfg.py:3006}}
Apr 21 13:32:19.749738 np0000168710 nova-scheduler[109631]: DEBUG cotyledon.oslo_config_glue [-] oslo_limit.auth_type = None {{(pid=109631) log_opt_values /opt/stack/data/venv/lib/python3.12/site-packages/oslo_config/cfg.py:3006}}
Apr 21 13:32:19.749738 np0000168710 nova-scheduler[109631]: DEBUG cotyledon.oslo_config_glue [-] oslo_limit.cafile = None {{(pid=109631) log_opt_values /opt/stack/data/venv/lib/python3.12/site-packages/oslo_config/cfg.py:3006}}
Apr 21 13:32:19.749738 np0000168710 nova-scheduler[109631]: DEBUG cotyledon.oslo_config_glue [-] oslo_limit.certfile = None {{(pid=109631) log_opt_values /opt/stack/data/venv/lib/python3.12/site-packages/oslo_config/cfg.py:3006}}
Apr 21 13:32:19.749738 np0000168710 nova-scheduler[109631]: DEBUG cotyledon.oslo_config_glue [-] oslo_limit.collect_timing = False {{(pid=109631) log_opt_values /opt/stack/data/venv/lib/python3.12/site-packages/oslo_config/cfg.py:3006}}
Apr 21 13:32:19.749738 np0000168710 nova-scheduler[109631]: DEBUG cotyledon.oslo_config_glue [-] oslo_limit.connect_retries = None {{(pid=109631) log_opt_values /opt/stack/data/venv/lib/python3.12/site-packages/oslo_config/cfg.py:3006}}
Apr 21 13:32:19.749738 np0000168710 nova-scheduler[109631]: DEBUG cotyledon.oslo_config_glue [-] oslo_limit.connect_retry_delay = None {{(pid=109631) log_opt_values /opt/stack/data/venv/lib/python3.12/site-packages/oslo_config/cfg.py:3006}}
Apr 21 13:32:19.749738 np0000168710 nova-scheduler[109631]: DEBUG cotyledon.oslo_config_glue [-] oslo_limit.endpoint_id = None {{(pid=109631) log_opt_values /opt/stack/data/venv/lib/python3.12/site-packages/oslo_config/cfg.py:3006}}
Apr 21 13:32:19.749963 np0000168710 nova-scheduler[109631]: DEBUG cotyledon.oslo_config_glue [-] oslo_limit.endpoint_interface = public {{(pid=109631) log_opt_values /opt/stack/data/venv/lib/python3.12/site-packages/oslo_config/cfg.py:3006}}
Apr 21 13:32:19.749963 np0000168710 nova-scheduler[109631]: DEBUG cotyledon.oslo_config_glue [-] oslo_limit.endpoint_override = None {{(pid=109631) log_opt_values /opt/stack/data/venv/lib/python3.12/site-packages/oslo_config/cfg.py:3006}}
Apr 21 13:32:19.749963 np0000168710 nova-scheduler[109631]: DEBUG cotyledon.oslo_config_glue [-] oslo_limit.endpoint_region_name = None {{(pid=109631) log_opt_values /opt/stack/data/venv/lib/python3.12/site-packages/oslo_config/cfg.py:3006}}
Apr 21 13:32:19.750033 np0000168710 nova-scheduler[109613]: DEBUG dbcounter [-] [109613] Writer thread running {{(pid=109613) stat_writer /opt/stack/data/venv/lib/python3.12/site-packages/dbcounter.py:102}}
Apr 21 13:32:19.750139 np0000168710 nova-scheduler[109631]: DEBUG cotyledon.oslo_config_glue [-] oslo_limit.endpoint_service_name = None {{(pid=109631) log_opt_values /opt/stack/data/venv/lib/python3.12/site-packages/oslo_config/cfg.py:3006}}
Apr 21 13:32:19.750139 np0000168710 nova-scheduler[109631]: DEBUG cotyledon.oslo_config_glue [-] oslo_limit.endpoint_service_type = None {{(pid=109631) log_opt_values /opt/stack/data/venv/lib/python3.12/site-packages/oslo_config/cfg.py:3006}}
Apr 21 13:32:19.750139 np0000168710 nova-scheduler[109631]: DEBUG cotyledon.oslo_config_glue [-] oslo_limit.insecure = False {{(pid=109631) log_opt_values /opt/stack/data/venv/lib/python3.12/site-packages/oslo_config/cfg.py:3006}}
Apr 21 13:32:19.750139 np0000168710 nova-scheduler[109631]: DEBUG cotyledon.oslo_config_glue [-] oslo_limit.keyfile = None {{(pid=109631) log_opt_values /opt/stack/data/venv/lib/python3.12/site-packages/oslo_config/cfg.py:3006}}
Apr 21 13:32:19.750139 np0000168710 nova-scheduler[109631]: DEBUG cotyledon.oslo_config_glue [-] oslo_limit.max_version = None {{(pid=109631) log_opt_values /opt/stack/data/venv/lib/python3.12/site-packages/oslo_config/cfg.py:3006}}
Apr 21 13:32:19.750139 np0000168710 nova-scheduler[109631]: DEBUG cotyledon.oslo_config_glue [-] oslo_limit.min_version = None {{(pid=109631) log_opt_values /opt/stack/data/venv/lib/python3.12/site-packages/oslo_config/cfg.py:3006}}
Apr 21 13:32:19.750139 np0000168710 nova-scheduler[109631]: DEBUG cotyledon.oslo_config_glue [-] oslo_limit.region_name = None {{(pid=109631) log_opt_values /opt/stack/data/venv/lib/python3.12/site-packages/oslo_config/cfg.py:3006}}
Apr 21 13:32:19.750139 np0000168710 nova-scheduler[109631]: DEBUG cotyledon.oslo_config_glue [-] oslo_limit.retriable_status_codes = None {{(pid=109631) log_opt_values /opt/stack/data/venv/lib/python3.12/site-packages/oslo_config/cfg.py:3006}}
Apr 21 13:32:19.750139 np0000168710 nova-scheduler[109631]: DEBUG cotyledon.oslo_config_glue [-] oslo_limit.service_name = None {{(pid=109631) log_opt_values /opt/stack/data/venv/lib/python3.12/site-packages/oslo_config/cfg.py:3006}}
Apr 21 13:32:19.750377 np0000168710 nova-scheduler[109631]: DEBUG cotyledon.oslo_config_glue [-] oslo_limit.service_type = None {{(pid=109631) log_opt_values /opt/stack/data/venv/lib/python3.12/site-packages/oslo_config/cfg.py:3006}}
Apr 21 13:32:19.750377 np0000168710 nova-scheduler[109631]: DEBUG cotyledon.oslo_config_glue [-] oslo_limit.split_loggers = False {{(pid=109631) log_opt_values /opt/stack/data/venv/lib/python3.12/site-packages/oslo_config/cfg.py:3006}}
Apr 21 13:32:19.750377 np0000168710 nova-scheduler[109631]: DEBUG cotyledon.oslo_config_glue [-] oslo_limit.status_code_retries = None {{(pid=109631) log_opt_values /opt/stack/data/venv/lib/python3.12/site-packages/oslo_config/cfg.py:3006}}
Apr 21 13:32:19.750377 np0000168710 nova-scheduler[109631]: DEBUG cotyledon.oslo_config_glue [-] oslo_limit.status_code_retry_delay = None {{(pid=109631) log_opt_values /opt/stack/data/venv/lib/python3.12/site-packages/oslo_config/cfg.py:3006}}
Apr 21 13:32:19.750377 np0000168710 nova-scheduler[109631]: DEBUG cotyledon.oslo_config_glue [-] oslo_limit.timeout = None {{(pid=109631) log_opt_values /opt/stack/data/venv/lib/python3.12/site-packages/oslo_config/cfg.py:3006}}
Apr 21 13:32:19.750377 np0000168710 nova-scheduler[109631]: DEBUG cotyledon.oslo_config_glue [-] oslo_limit.valid_interfaces = None {{(pid=109631) log_opt_values /opt/stack/data/venv/lib/python3.12/site-packages/oslo_config/cfg.py:3006}}
Apr 21 13:32:19.750377 np0000168710 nova-scheduler[109631]: DEBUG cotyledon.oslo_config_glue [-] oslo_limit.version = None {{(pid=109631) log_opt_values /opt/stack/data/venv/lib/python3.12/site-packages/oslo_config/cfg.py:3006}}
Apr 21 13:32:19.750377 np0000168710 nova-scheduler[109631]: DEBUG cotyledon.oslo_config_glue [-] oslo_reports.file_event_handler = None {{(pid=109631) log_opt_values /opt/stack/data/venv/lib/python3.12/site-packages/oslo_config/cfg.py:3006}}
Apr 21 13:32:19.750377 np0000168710 nova-scheduler[109631]: DEBUG cotyledon.oslo_config_glue [-] oslo_reports.file_event_handler_interval = 1 {{(pid=109631) log_opt_values /opt/stack/data/venv/lib/python3.12/site-packages/oslo_config/cfg.py:3006}}
Apr 21 13:32:19.750609 np0000168710 nova-scheduler[109631]: DEBUG cotyledon.oslo_config_glue [-] oslo_reports.log_dir = None {{(pid=109631) log_opt_values /opt/stack/data/venv/lib/python3.12/site-packages/oslo_config/cfg.py:3006}}
Apr 21 13:32:19.750609 np0000168710 nova-scheduler[109631]: DEBUG cotyledon.oslo_config_glue [-] ******************************************************************************** {{(pid=109631) log_opt_values /opt/stack/data/venv/lib/python3.12/site-packages/oslo_config/cfg.py:3013}}
Apr 21 13:32:19.750609 np0000168710 nova-scheduler[109631]: DEBUG cotyledon._service_worker [-] Run service ServiceWrapper(3) [109631] {{(pid=109631) wait_forever /opt/stack/data/venv/lib/python3.12/site-packages/cotyledon/_service_worker.py:218}}
Apr 21 13:32:19.750609 np0000168710 nova-scheduler[109631]: INFO nova.service [-] Starting scheduler node (version 33.1.0)
Apr 21 13:32:19.750609 np0000168710 nova-scheduler[109631]: INFO dbcounter [None req-27e6b257-f866-4e1f-af1c-136549861ee3 None None] Registered counter for database nova_cell0
Apr 21 13:32:19.750735 np0000168710 nova-scheduler[109604]: DEBUG nova.service [None req-bcddebcf-a093-4b17-856f-ede74f4112dc None None] Creating RPC server for service: nova-scheduler on topic: scheduler {{(pid=109604) start /opt/stack/nova/nova/service.py:195}}
Apr 21 13:32:19.752819 np0000168710 nova-scheduler[109620]: DEBUG dbcounter [-] [109620] Writer thread running {{(pid=109620) stat_writer /opt/stack/data/venv/lib/python3.12/site-packages/dbcounter.py:102}}
Apr 21 13:32:19.755136 np0000168710 nova-scheduler[109631]: DEBUG oslo_db.sqlalchemy.engines [None req-27e6b257-f866-4e1f-af1c-136549861ee3 None None] MySQL server mode set to STRICT_TRANS_TABLES,STRICT_ALL_TABLES,NO_ZERO_IN_DATE,NO_ZERO_DATE,ERROR_FOR_DIVISION_BY_ZERO,TRADITIONAL,NO_ENGINE_SUBSTITUTION {{(pid=109631) _check_effective_sql_mode /opt/stack/data/venv/lib/python3.12/site-packages/oslo_db/sqlalchemy/engines.py:325}}
Apr 21 13:32:19.757636 np0000168710 nova-scheduler[109620]: DEBUG nova.service [None req-e4f62c79-d232-4300-b71a-2d78e5cd64c0 None None] Creating RPC server for service: nova-scheduler on topic: scheduler {{(pid=109620) start /opt/stack/nova/nova/service.py:195}}
Apr 21 13:32:19.764321 np0000168710 nova-scheduler[109613]: DEBUG nova.service [None req-fe70c444-7a22-4900-9469-d943ea29d366 None None] Creating RPC server for service: nova-scheduler on topic: scheduler {{(pid=109613) start /opt/stack/nova/nova/service.py:195}}
Apr 21 13:32:19.769071 np0000168710 nova-scheduler[109631]: DEBUG dbcounter [-] [109631] Writer thread running {{(pid=109631) stat_writer /opt/stack/data/venv/lib/python3.12/site-packages/dbcounter.py:102}}
Apr 21 13:32:19.772969 np0000168710 nova-scheduler[109631]: DEBUG nova.service [None req-27e6b257-f866-4e1f-af1c-136549861ee3 None None] Creating RPC server for service: nova-scheduler on topic: scheduler {{(pid=109631) start /opt/stack/nova/nova/service.py:195}}
Apr 21 13:32:19.784622 np0000168710 nova-scheduler[109604]: DEBUG nova.service [None req-bcddebcf-a093-4b17-856f-ede74f4112dc None None] Join ServiceGroup membership for this service scheduler {{(pid=109604) start /opt/stack/nova/nova/service.py:221}}
Apr 21 13:32:19.784845 np0000168710 nova-scheduler[109604]: DEBUG nova.servicegroup.drivers.db [None req-bcddebcf-a093-4b17-856f-ede74f4112dc None None] DB_Driver: join new ServiceGroup member np0000168710 to the scheduler group, service = {{(pid=109604) join /opt/stack/nova/nova/servicegroup/drivers/db.py:44}}
Apr 21 13:32:19.785486 np0000168710 nova-scheduler[109613]: DEBUG nova.service [None req-fe70c444-7a22-4900-9469-d943ea29d366 None None] Join ServiceGroup membership for this service scheduler {{(pid=109613) start /opt/stack/nova/nova/service.py:221}}
Apr 21 13:32:19.785799 np0000168710 nova-scheduler[109613]: DEBUG nova.servicegroup.drivers.db [None req-fe70c444-7a22-4900-9469-d943ea29d366 None None] DB_Driver: join new ServiceGroup member np0000168710 to the scheduler group, service = {{(pid=109613) join /opt/stack/nova/nova/servicegroup/drivers/db.py:44}}
Apr 21 13:32:19.794734 np0000168710 nova-scheduler[109620]: DEBUG nova.service [None req-e4f62c79-d232-4300-b71a-2d78e5cd64c0 None None] Join ServiceGroup membership for this service scheduler {{(pid=109620) start /opt/stack/nova/nova/service.py:221}}
Apr 21 13:32:19.794940 np0000168710 nova-scheduler[109620]: DEBUG nova.servicegroup.drivers.db [None req-e4f62c79-d232-4300-b71a-2d78e5cd64c0 None None] DB_Driver: join new ServiceGroup member np0000168710 to the scheduler group, service = {{(pid=109620) join /opt/stack/nova/nova/servicegroup/drivers/db.py:44}}
Apr 21 13:32:19.797259 np0000168710 nova-scheduler[109631]: DEBUG nova.service [None req-27e6b257-f866-4e1f-af1c-136549861ee3 None None] Join ServiceGroup membership for this service scheduler {{(pid=109631) start /opt/stack/nova/nova/service.py:221}}
Apr 21 13:32:19.798139 np0000168710 nova-scheduler[109631]: DEBUG nova.servicegroup.drivers.db [None req-27e6b257-f866-4e1f-af1c-136549861ee3 None None] DB_Driver: join new ServiceGroup member np0000168710 to the scheduler group, service = {{(pid=109631) join /opt/stack/nova/nova/servicegroup/drivers/db.py:44}}
Apr 21 13:32:23.799106 np0000168710 nova-scheduler[109620]: DEBUG oslo.service.backend._threading.loopingcall [None req-e1cbef9a-584a-4a3b-ac9a-38fc632d29f3 None None] Dynamic interval looping call 'nova.service.Service.periodic_tasks' sleeping for 60.00 seconds {{(pid=109620) _run_loop /opt/stack/data/venv/lib/python3.12/site-packages/oslo_service/backend/_threading/loopingcall.py:125}}
Apr 21 13:32:24.813122 np0000168710 nova-scheduler[109613]: DEBUG oslo.service.backend._threading.loopingcall [-] Fixed interval looping call 'nova.servicegroup.drivers.db.DbDriver._report_state' sleeping for 119.97 seconds {{(pid=109613) _run_loop /opt/stack/data/venv/lib/python3.12/site-packages/oslo_service/backend/_threading/loopingcall.py:125}}
Apr 21 13:32:24.813604 np0000168710 nova-scheduler[109604]: DEBUG oslo.service.backend._threading.loopingcall [-] Fixed interval looping call 'nova.servicegroup.drivers.db.DbDriver._report_state' sleeping for 119.97 seconds {{(pid=109604) _run_loop /opt/stack/data/venv/lib/python3.12/site-packages/oslo_service/backend/_threading/loopingcall.py:125}}
Apr 21 13:32:24.816955 np0000168710 nova-scheduler[109620]: DEBUG oslo.service.backend._threading.loopingcall [-] Fixed interval looping call 'nova.servicegroup.drivers.db.DbDriver._report_state' sleeping for 119.98 seconds {{(pid=109620) _run_loop /opt/stack/data/venv/lib/python3.12/site-packages/oslo_service/backend/_threading/loopingcall.py:125}}
Apr 21 13:32:24.823297 np0000168710 nova-scheduler[109631]: DEBUG oslo.service.backend._threading.loopingcall [-] Fixed interval looping call 'nova.servicegroup.drivers.db.DbDriver._report_state' sleeping for 119.98 seconds {{(pid=109631) _run_loop /opt/stack/data/venv/lib/python3.12/site-packages/oslo_service/backend/_threading/loopingcall.py:125}}
Apr 21 13:32:28.365929 np0000168710 nova-scheduler[108901]: DEBUG dbcounter [-] [108901] Writing DB stats nova_api:SELECT=3 {{(pid=108901) stat_writer /opt/stack/data/venv/lib/python3.12/site-packages/dbcounter.py:115}}
Apr 21 13:32:28.473784 np0000168710 nova-scheduler[108901]: DEBUG dbcounter [-] [108901] Writing DB stats nova_cell0:SELECT=1 {{(pid=108901) stat_writer /opt/stack/data/venv/lib/python3.12/site-packages/dbcounter.py:115}}
Apr 21 13:32:28.478539 np0000168710 nova-scheduler[108901]: DEBUG dbcounter [-] [108901] Writing DB stats nova_cell1:SELECT=1 {{(pid=108901) stat_writer /opt/stack/data/venv/lib/python3.12/site-packages/dbcounter.py:115}}
Apr 21 13:32:34.802113 np0000168710 nova-scheduler[109613]: DEBUG dbcounter [-] [109613] Writing DB stats nova_cell0:SELECT=5,nova_cell0:INSERT=1,nova_cell0:UPDATE=1 {{(pid=109613) stat_writer /opt/stack/data/venv/lib/python3.12/site-packages/dbcounter.py:115}}
Apr 21 13:32:34.804593 np0000168710 nova-scheduler[109604]: DEBUG dbcounter [-] [109604] Writing DB stats nova_cell0:SELECT=4,nova_cell0:INSERT=1,nova_cell0:UPDATE=1 {{(pid=109604) stat_writer /opt/stack/data/venv/lib/python3.12/site-packages/dbcounter.py:115}}
Apr 21 13:32:34.815486 np0000168710 nova-scheduler[109620]: DEBUG dbcounter [-] [109620] Writing DB stats nova_cell0:SELECT=3,nova_cell0:UPDATE=1 {{(pid=109620) stat_writer /opt/stack/data/venv/lib/python3.12/site-packages/dbcounter.py:115}}
Apr 21 13:32:34.818405 np0000168710 nova-scheduler[109631]: DEBUG dbcounter [-] [109631] Writing DB stats nova_cell0:SELECT=3 {{(pid=109631) stat_writer /opt/stack/data/venv/lib/python3.12/site-packages/dbcounter.py:115}}
Apr 21 13:32:37.802919 np0000168710 nova-scheduler[109631]: DEBUG oslo.service.backend._threading.loopingcall [None req-60c0b555-31d7-45de-9302-21db8cc6e270 None None] Dynamic interval looping call 'nova.service.Service.periodic_tasks' sleeping for 60.00 seconds {{(pid=109631) _run_loop /opt/stack/data/venv/lib/python3.12/site-packages/oslo_service/backend/_threading/loopingcall.py:125}}
Apr 21 13:32:50.789091 np0000168710 nova-scheduler[109604]: DEBUG oslo.service.backend._threading.loopingcall [None req-e1763f72-e54a-48c2-a0e8-2591a2d5987b None None] Dynamic interval looping call 'nova.service.Service.periodic_tasks' sleeping for 60.00 seconds {{(pid=109604) _run_loop /opt/stack/data/venv/lib/python3.12/site-packages/oslo_service/backend/_threading/loopingcall.py:125}}
Apr 21 13:33:00.788637 np0000168710 nova-scheduler[109613]: DEBUG oslo.service.backend._threading.loopingcall [None req-a5aa4806-9c23-440b-b7d2-0b5d7e35271a None None] Dynamic interval looping call 'nova.service.Service.periodic_tasks' sleeping for 60.00 seconds {{(pid=109613) _run_loop /opt/stack/data/venv/lib/python3.12/site-packages/oslo_service/backend/_threading/loopingcall.py:125}}
Apr 21 13:33:23.800142 np0000168710 nova-scheduler[109620]: DEBUG oslo.service.backend._threading.loopingcall [None req-e1cbef9a-584a-4a3b-ac9a-38fc632d29f3 None None] Dynamic interval looping call 'nova.service.Service.periodic_tasks' sleeping for 60.00 seconds {{(pid=109620) _run_loop /opt/stack/data/venv/lib/python3.12/site-packages/oslo_service/backend/_threading/loopingcall.py:125}}
Apr 21 13:33:37.803952 np0000168710 nova-scheduler[109631]: DEBUG oslo.service.backend._threading.loopingcall [None req-60c0b555-31d7-45de-9302-21db8cc6e270 None None] Dynamic interval looping call 'nova.service.Service.periodic_tasks' sleeping for 60.00 seconds {{(pid=109631) _run_loop /opt/stack/data/venv/lib/python3.12/site-packages/oslo_service/backend/_threading/loopingcall.py:125}}
Apr 21 13:33:50.790463 np0000168710 nova-scheduler[109604]: DEBUG oslo.service.backend._threading.loopingcall [None req-e1763f72-e54a-48c2-a0e8-2591a2d5987b None None] Dynamic interval looping call 'nova.service.Service.periodic_tasks' sleeping for 60.00 seconds {{(pid=109604) _run_loop /opt/stack/data/venv/lib/python3.12/site-packages/oslo_service/backend/_threading/loopingcall.py:125}}
Apr 21 13:34:00.790305 np0000168710 nova-scheduler[109613]: DEBUG oslo.service.backend._threading.loopingcall [None req-a5aa4806-9c23-440b-b7d2-0b5d7e35271a None None] Dynamic interval looping call 'nova.service.Service.periodic_tasks' sleeping for 60.00 seconds {{(pid=109613) _run_loop /opt/stack/data/venv/lib/python3.12/site-packages/oslo_service/backend/_threading/loopingcall.py:125}}
Apr 21 13:34:23.801979 np0000168710 nova-scheduler[109620]: DEBUG oslo.service.backend._threading.loopingcall [None req-e1cbef9a-584a-4a3b-ac9a-38fc632d29f3 None None] Dynamic interval looping call 'nova.service.Service.periodic_tasks' sleeping for 60.00 seconds {{(pid=109620) _run_loop /opt/stack/data/venv/lib/python3.12/site-packages/oslo_service/backend/_threading/loopingcall.py:125}}
Apr 21 13:34:24.797709 np0000168710 nova-scheduler[109604]: DEBUG oslo.service.backend._threading.loopingcall [-] Fixed interval looping call 'nova.servicegroup.drivers.db.DbDriver._report_state' sleeping for 119.99 seconds {{(pid=109604) _run_loop /opt/stack/data/venv/lib/python3.12/site-packages/oslo_service/backend/_threading/loopingcall.py:125}}
Apr 21 13:34:24.798573 np0000168710 nova-scheduler[109613]: DEBUG oslo.service.backend._threading.loopingcall [-] Fixed interval looping call 'nova.servicegroup.drivers.db.DbDriver._report_state' sleeping for 119.99 seconds {{(pid=109613) _run_loop /opt/stack/data/venv/lib/python3.12/site-packages/oslo_service/backend/_threading/loopingcall.py:125}}
Apr 21 13:34:24.804401 np0000168710 nova-scheduler[109620]: DEBUG oslo.service.backend._threading.loopingcall [-] Fixed interval looping call 'nova.servicegroup.drivers.db.DbDriver._report_state' sleeping for 119.99 seconds {{(pid=109620) _run_loop /opt/stack/data/venv/lib/python3.12/site-packages/oslo_service/backend/_threading/loopingcall.py:125}}
Apr 21 13:34:24.810348 np0000168710 nova-scheduler[109631]: DEBUG oslo.service.backend._threading.loopingcall [-] Fixed interval looping call 'nova.servicegroup.drivers.db.DbDriver._report_state' sleeping for 119.99 seconds {{(pid=109631) _run_loop /opt/stack/data/venv/lib/python3.12/site-packages/oslo_service/backend/_threading/loopingcall.py:125}}
Apr 21 13:34:34.790211 np0000168710 nova-scheduler[109604]: DEBUG dbcounter [-] [109604] Writing DB stats nova_cell0:SELECT=1,nova_cell0:UPDATE=1 {{(pid=109604) stat_writer /opt/stack/data/venv/lib/python3.12/site-packages/dbcounter.py:115}}
Apr 21 13:34:34.791048 np0000168710 nova-scheduler[109613]: DEBUG dbcounter [-] [109613] Writing DB stats nova_cell0:SELECT=1,nova_cell0:UPDATE=1 {{(pid=109613) stat_writer /opt/stack/data/venv/lib/python3.12/site-packages/dbcounter.py:115}}
Apr 21 13:34:34.801170 np0000168710 nova-scheduler[109620]: DEBUG dbcounter [-] [109620] Writing DB stats nova_cell0:SELECT=1 {{(pid=109620) stat_writer /opt/stack/data/venv/lib/python3.12/site-packages/dbcounter.py:115}}
Apr 21 13:34:34.806792 np0000168710 nova-scheduler[109631]: DEBUG dbcounter [-] [109631] Writing DB stats nova_cell0:SELECT=1 {{(pid=109631) stat_writer /opt/stack/data/venv/lib/python3.12/site-packages/dbcounter.py:115}}
Apr 21 13:34:37.805090 np0000168710 nova-scheduler[109631]: DEBUG oslo.service.backend._threading.loopingcall [None req-60c0b555-31d7-45de-9302-21db8cc6e270 None None] Dynamic interval looping call 'nova.service.Service.periodic_tasks' sleeping for 60.00 seconds {{(pid=109631) _run_loop /opt/stack/data/venv/lib/python3.12/site-packages/oslo_service/backend/_threading/loopingcall.py:125}}
Apr 21 13:34:50.791358 np0000168710 nova-scheduler[109604]: DEBUG oslo.service.backend._threading.loopingcall [None req-e1763f72-e54a-48c2-a0e8-2591a2d5987b None None] Dynamic interval looping call 'nova.service.Service.periodic_tasks' sleeping for 60.00 seconds {{(pid=109604) _run_loop /opt/stack/data/venv/lib/python3.12/site-packages/oslo_service/backend/_threading/loopingcall.py:125}}
Apr 21 13:35:00.791119 np0000168710 nova-scheduler[109613]: DEBUG oslo.service.backend._threading.loopingcall [None req-a5aa4806-9c23-440b-b7d2-0b5d7e35271a None None] Dynamic interval looping call 'nova.service.Service.periodic_tasks' sleeping for 60.00 seconds {{(pid=109613) _run_loop /opt/stack/data/venv/lib/python3.12/site-packages/oslo_service/backend/_threading/loopingcall.py:125}}
Apr 21 13:35:23.803100 np0000168710 nova-scheduler[109620]: DEBUG oslo.service.backend._threading.loopingcall [None req-e1cbef9a-584a-4a3b-ac9a-38fc632d29f3 None None] Dynamic interval looping call 'nova.service.Service.periodic_tasks' sleeping for 60.00 seconds {{(pid=109620) _run_loop /opt/stack/data/venv/lib/python3.12/site-packages/oslo_service/backend/_threading/loopingcall.py:125}}
Apr 21 13:35:37.805936 np0000168710 nova-scheduler[109631]: DEBUG oslo.service.backend._threading.loopingcall [None req-60c0b555-31d7-45de-9302-21db8cc6e270 None None] Dynamic interval looping call 'nova.service.Service.periodic_tasks' sleeping for 60.00 seconds {{(pid=109631) _run_loop /opt/stack/data/venv/lib/python3.12/site-packages/oslo_service/backend/_threading/loopingcall.py:125}}
Apr 21 13:35:50.792142 np0000168710 nova-scheduler[109604]: DEBUG oslo.service.backend._threading.loopingcall [None req-e1763f72-e54a-48c2-a0e8-2591a2d5987b None None] Dynamic interval looping call 'nova.service.Service.periodic_tasks' sleeping for 60.00 seconds {{(pid=109604) _run_loop /opt/stack/data/venv/lib/python3.12/site-packages/oslo_service/backend/_threading/loopingcall.py:125}}
Apr 21 13:36:00.792145 np0000168710 nova-scheduler[109613]: DEBUG oslo.service.backend._threading.loopingcall [None req-a5aa4806-9c23-440b-b7d2-0b5d7e35271a None None] Dynamic interval looping call 'nova.service.Service.periodic_tasks' sleeping for 60.00 seconds {{(pid=109613) _run_loop /opt/stack/data/venv/lib/python3.12/site-packages/oslo_service/backend/_threading/loopingcall.py:125}}
Apr 21 13:36:23.803929 np0000168710 nova-scheduler[109620]: DEBUG oslo.service.backend._threading.loopingcall [None req-e1cbef9a-584a-4a3b-ac9a-38fc632d29f3 None None] Dynamic interval looping call 'nova.service.Service.periodic_tasks' sleeping for 60.00 seconds {{(pid=109620) _run_loop /opt/stack/data/venv/lib/python3.12/site-packages/oslo_service/backend/_threading/loopingcall.py:125}}
Apr 21 13:36:24.806318 np0000168710 nova-scheduler[109613]: DEBUG oslo.service.backend._threading.loopingcall [-] Fixed interval looping call 'nova.servicegroup.drivers.db.DbDriver._report_state' sleeping for 119.98 seconds {{(pid=109613) _run_loop /opt/stack/data/venv/lib/python3.12/site-packages/oslo_service/backend/_threading/loopingcall.py:125}}
Apr 21 13:36:24.807605 np0000168710 nova-scheduler[109604]: DEBUG oslo.service.backend._threading.loopingcall [-] Fixed interval looping call 'nova.servicegroup.drivers.db.DbDriver._report_state' sleeping for 119.98 seconds {{(pid=109604) _run_loop /opt/stack/data/venv/lib/python3.12/site-packages/oslo_service/backend/_threading/loopingcall.py:125}}
Apr 21 13:36:24.808566 np0000168710 nova-scheduler[109620]: DEBUG oslo.service.backend._threading.loopingcall [-] Fixed interval looping call 'nova.servicegroup.drivers.db.DbDriver._report_state' sleeping for 119.99 seconds {{(pid=109620) _run_loop /opt/stack/data/venv/lib/python3.12/site-packages/oslo_service/backend/_threading/loopingcall.py:125}}
Apr 21 13:36:24.811994 np0000168710 nova-scheduler[109631]: DEBUG oslo.service.backend._threading.loopingcall [-] Fixed interval looping call 'nova.servicegroup.drivers.db.DbDriver._report_state' sleeping for 119.99 seconds {{(pid=109631) _run_loop /opt/stack/data/venv/lib/python3.12/site-packages/oslo_service/backend/_threading/loopingcall.py:125}}
