Apr 21 13:32:19.228802 np0000168710 systemd[1]: Starting devstack@n-api-meta.service - Devstack devstack@n-api-meta.service...
Apr 21 13:32:19.237956 np0000168710 devstack@n-api-meta.service[109509]: [uWSGI] getting INI configuration from /etc/nova/nova-metadata-uwsgi.ini
Apr 21 13:32:19.238633 np0000168710 devstack@n-api-meta.service[109509]: open("./http_plugin.so"): No such file or directory [core/utils.c line 3709]
Apr 21 13:32:19.238633 np0000168710 devstack@n-api-meta.service[109509]: !!! UNABLE to load uWSGI plugin: ./http_plugin.so: cannot open shared object file: No such file or directory !!!
Apr 21 13:32:19.238633 np0000168710 devstack@n-api-meta.service[109509]: open("./python3_plugin.so"): No such file or directory [core/utils.c line 3709]
Apr 21 13:32:19.238633 np0000168710 devstack@n-api-meta.service[109509]: !!! UNABLE to load uWSGI plugin: ./python3_plugin.so: cannot open shared object file: No such file or directory !!!
Apr 21 13:32:19.238633 np0000168710 devstack@n-api-meta.service[109509]: *** Starting uWSGI 2.0.31 (64bit) on [Tue Apr 21 13:32:19 2026] ***
Apr 21 13:32:19.238633 np0000168710 devstack@n-api-meta.service[109509]: compiled with version: 13.3.0 on 21 April 2026 13:21:08
Apr 21 13:32:19.238633 np0000168710 devstack@n-api-meta.service[109509]: os: Linux-6.8.0-110-generic #110-Ubuntu SMP PREEMPT_DYNAMIC Thu Mar 19 15:09:20 UTC 2026
Apr 21 13:32:19.238633 np0000168710 devstack@n-api-meta.service[109509]: nodename: np0000168710
Apr 21 13:32:19.238633 np0000168710 devstack@n-api-meta.service[109509]: machine: x86_64
Apr 21 13:32:19.238633 np0000168710 devstack@n-api-meta.service[109509]: clock source: unix
Apr 21 13:32:19.238633 np0000168710 devstack@n-api-meta.service[109509]: pcre jit disabled
Apr 21 13:32:19.238633 np0000168710 devstack@n-api-meta.service[109509]: detected number of CPU cores: 16
Apr 21 13:32:19.238633 np0000168710 devstack@n-api-meta.service[109509]: current working directory: /
Apr 21 13:32:19.238633 np0000168710 devstack@n-api-meta.service[109509]: detected binary path: /opt/stack/data/venv/bin/uwsgi
Apr 21 13:32:19.238633 np0000168710 devstack@n-api-meta.service[109509]: your processes number limit is 256917
Apr 21 13:32:19.238633 np0000168710 devstack@n-api-meta.service[109509]: your memory page size is 4096 bytes
Apr 21 13:32:19.238633 np0000168710 devstack@n-api-meta.service[109509]: detected max file descriptor number: 2048
Apr 21 13:32:19.238633 np0000168710 devstack@n-api-meta.service[109509]: lock engine: pthread robust mutexes
Apr 21 13:32:19.238633 np0000168710 devstack@n-api-meta.service[109509]: thunder lock: enabled
Apr 21 13:32:19.239628 np0000168710 devstack@n-api-meta.service[109509]: uWSGI http bound on 0.0.0.0:8775 fd 5
Apr 21 13:32:19.239628 np0000168710 devstack@n-api-meta.service[109509]: uwsgi socket 0 bound to TCP address 127.0.0.1:43853 (port auto-assigned) fd 4
Apr 21 13:32:19.239628 np0000168710 devstack@n-api-meta.service[109509]: Python version: 3.12.3 (main, Mar 3 2026, 12:15:18) [GCC 13.3.0]
Apr 21 13:32:19.239628 np0000168710 devstack@n-api-meta.service[109509]: PEP 405 virtualenv detected: /opt/stack/data/venv
Apr 21 13:32:19.239628 np0000168710 devstack@n-api-meta.service[109509]: Set PythonHome to /opt/stack/data/venv
Apr 21 13:32:19.274577 np0000168710 devstack@n-api-meta.service[109509]: Python main interpreter initialized at 0x7aa61eca3668
Apr 21 13:32:19.274577 np0000168710 devstack@n-api-meta.service[109509]: python threads support enabled
Apr 21 13:32:19.274577 np0000168710 devstack@n-api-meta.service[109509]: your server socket listen backlog is limited to 100 connections
Apr 21 13:32:19.274577 np0000168710 devstack@n-api-meta.service[109509]: your mercy for graceful operations on workers is 80 seconds
Apr 21 13:32:19.275059 np0000168710 devstack@n-api-meta.service[109509]: mapped 671795 bytes (656 KB) for 4 cores
Apr 21 13:32:19.275211 np0000168710 devstack@n-api-meta.service[109509]: *** Operational MODE: preforking ***
Apr 21 13:32:19.275444 np0000168710 devstack@n-api-meta.service[109509]: *** uWSGI is running in multiple interpreter mode ***
Apr 21 13:32:19.275444 np0000168710 devstack@n-api-meta.service[109509]: spawned uWSGI master process (pid: 109509)
Apr 21 13:32:19.275644 np0000168710 systemd[1]: Started devstack@n-api-meta.service - Devstack devstack@n-api-meta.service.
Apr 21 13:32:19.276202 np0000168710 devstack@n-api-meta.service[109509]: spawned uWSGI worker 1 (pid: 109510, cores: 1)
Apr 21 13:32:19.276792 np0000168710 devstack@n-api-meta.service[109509]: spawned uWSGI worker 2 (pid: 109511, cores: 1)
Apr 21 13:32:19.277443 np0000168710 devstack@n-api-meta.service[109509]: spawned uWSGI worker 3 (pid: 109512, cores: 1)
Apr 21 13:32:19.277956 np0000168710 devstack@n-api-meta.service[109509]: spawned uWSGI worker 4 (pid: 109513, cores: 1)
Apr 21 13:32:19.278508 np0000168710 devstack@n-api-meta.service[109509]: spawned uWSGI http 1 (pid: 109514)
Apr 21 13:32:19.278508 np0000168710 devstack@n-api-meta.service[109509]: running "unix_signal:15 gracefully_kill_them_all" (master-start)...
Apr 21 13:32:19.606546 np0000168710 devstack@n-api-meta.service[109510]: /opt/stack/data/venv/lib/python3.12/site-packages/oslo_concurrency/lockutils.py:41: EventletDeprecationWarning:
Apr 21 13:32:19.606546 np0000168710 devstack@n-api-meta.service[109510]: Eventlet is deprecated. It is currently being maintained in bugfix mode, and
Apr 21 13:32:19.606546 np0000168710 devstack@n-api-meta.service[109510]: we strongly recommend against using it for new projects.
Apr 21 13:32:19.606546 np0000168710 devstack@n-api-meta.service[109510]: If you are already using Eventlet, we recommend migrating to a different
Apr 21 13:32:19.606546 np0000168710 devstack@n-api-meta.service[109510]: framework. For more detail see
Apr 21 13:32:19.606546 np0000168710 devstack@n-api-meta.service[109510]: https://eventlet.readthedocs.io/en/latest/asyncio/migration.html
Apr 21 13:32:19.606546 np0000168710 devstack@n-api-meta.service[109510]: import eventlet
Apr 21 13:32:19.614923 np0000168710 devstack@n-api-meta.service[109511]: /opt/stack/data/venv/lib/python3.12/site-packages/oslo_concurrency/lockutils.py:41: EventletDeprecationWarning:
Apr 21 13:32:19.614923 np0000168710 devstack@n-api-meta.service[109511]: Eventlet is deprecated. It is currently being maintained in bugfix mode, and
Apr 21 13:32:19.614923 np0000168710 devstack@n-api-meta.service[109511]: we strongly recommend against using it for new projects.
Apr 21 13:32:19.614923 np0000168710 devstack@n-api-meta.service[109511]: If you are already using Eventlet, we recommend migrating to a different
Apr 21 13:32:19.614923 np0000168710 devstack@n-api-meta.service[109511]: framework. For more detail see
Apr 21 13:32:19.614923 np0000168710 devstack@n-api-meta.service[109511]: https://eventlet.readthedocs.io/en/latest/asyncio/migration.html
Apr 21 13:32:19.614923 np0000168710 devstack@n-api-meta.service[109511]: import eventlet
Apr 21 13:32:19.630729 np0000168710 devstack@n-api-meta.service[109512]: /opt/stack/data/venv/lib/python3.12/site-packages/oslo_concurrency/lockutils.py:41: EventletDeprecationWarning:
Apr 21 13:32:19.630729 np0000168710 devstack@n-api-meta.service[109512]: Eventlet is deprecated. It is currently being maintained in bugfix mode, and
Apr 21 13:32:19.630729 np0000168710 devstack@n-api-meta.service[109512]: we strongly recommend against using it for new projects.
Apr 21 13:32:19.630729 np0000168710 devstack@n-api-meta.service[109512]: If you are already using Eventlet, we recommend migrating to a different
Apr 21 13:32:19.630729 np0000168710 devstack@n-api-meta.service[109512]: framework. For more detail see
Apr 21 13:32:19.630729 np0000168710 devstack@n-api-meta.service[109512]: https://eventlet.readthedocs.io/en/latest/asyncio/migration.html
Apr 21 13:32:19.630729 np0000168710 devstack@n-api-meta.service[109512]: import eventlet
Apr 21 13:32:19.633888 np0000168710 devstack@n-api-meta.service[109513]: /opt/stack/data/venv/lib/python3.12/site-packages/oslo_concurrency/lockutils.py:41: EventletDeprecationWarning:
Apr 21 13:32:19.633888 np0000168710 devstack@n-api-meta.service[109513]: Eventlet is deprecated. It is currently being maintained in bugfix mode, and
Apr 21 13:32:19.633888 np0000168710 devstack@n-api-meta.service[109513]: we strongly recommend against using it for new projects.
Apr 21 13:32:19.633888 np0000168710 devstack@n-api-meta.service[109513]: If you are already using Eventlet, we recommend migrating to a different
Apr 21 13:32:19.633888 np0000168710 devstack@n-api-meta.service[109513]: framework. For more detail see
Apr 21 13:32:19.633888 np0000168710 devstack@n-api-meta.service[109513]: https://eventlet.readthedocs.io/en/latest/asyncio/migration.html
Apr 21 13:32:19.633888 np0000168710 devstack@n-api-meta.service[109513]: import eventlet
Apr 21 13:32:19.656836 np0000168710 devstack@n-api-meta.service[109510]: Service is starting with native threading. This is currently experimental. Do not use it in production without first testing it in pre-production.
Apr 21 13:32:19.668806 np0000168710 devstack@n-api-meta.service[109511]: Service is starting with native threading. This is currently experimental. Do not use it in production without first testing it in pre-production.
Apr 21 13:32:19.694786 np0000168710 devstack@n-api-meta.service[109512]: Service is starting with native threading. This is currently experimental. Do not use it in production without first testing it in pre-production.
Apr 21 13:32:19.699756 np0000168710 devstack@n-api-meta.service[109513]: Service is starting with native threading. This is currently experimental. Do not use it in production without first testing it in pre-production.
Apr 21 13:32:21.196022 np0000168710 devstack@n-api-meta.service[109510]: INFO dbcounter [None req-5c86f168-2d58-42d2-8e4f-ead39a6f2547 None None] Registered counter for database nova_api
Apr 21 13:32:21.197855 np0000168710 devstack@n-api-meta.service[109512]: INFO dbcounter [None req-d08283cb-4a27-4dde-8159-f08b15120195 None None] Registered counter for database nova_api
Apr 21 13:32:21.212950 np0000168710 devstack@n-api-meta.service[109512]: DEBUG oslo_db.sqlalchemy.engines [None req-d08283cb-4a27-4dde-8159-f08b15120195 None None] MySQL server mode set to STRICT_TRANS_TABLES,STRICT_ALL_TABLES,NO_ZERO_IN_DATE,NO_ZERO_DATE,ERROR_FOR_DIVISION_BY_ZERO,TRADITIONAL,NO_ENGINE_SUBSTITUTION {{(pid=109512) _check_effective_sql_mode /opt/stack/data/venv/lib/python3.12/site-packages/oslo_db/sqlalchemy/engines.py:325}}
Apr 21 13:32:21.217942 np0000168710 devstack@n-api-meta.service[109510]: DEBUG oslo_db.sqlalchemy.engines [None req-5c86f168-2d58-42d2-8e4f-ead39a6f2547 None None] MySQL server mode set to STRICT_TRANS_TABLES,STRICT_ALL_TABLES,NO_ZERO_IN_DATE,NO_ZERO_DATE,ERROR_FOR_DIVISION_BY_ZERO,TRADITIONAL,NO_ENGINE_SUBSTITUTION {{(pid=109510) _check_effective_sql_mode /opt/stack/data/venv/lib/python3.12/site-packages/oslo_db/sqlalchemy/engines.py:325}}
Apr 21 13:32:21.222108 np0000168710 devstack@n-api-meta.service[109511]: INFO dbcounter [None req-00773c61-fdee-4a74-83c1-69e0a829af0a None None] Registered counter for database nova_api
Apr 21 13:32:21.241494 np0000168710 devstack@n-api-meta.service[109511]: DEBUG oslo_db.sqlalchemy.engines [None req-00773c61-fdee-4a74-83c1-69e0a829af0a None None] MySQL server mode set to STRICT_TRANS_TABLES,STRICT_ALL_TABLES,NO_ZERO_IN_DATE,NO_ZERO_DATE,ERROR_FOR_DIVISION_BY_ZERO,TRADITIONAL,NO_ENGINE_SUBSTITUTION {{(pid=109511) _check_effective_sql_mode /opt/stack/data/venv/lib/python3.12/site-packages/oslo_db/sqlalchemy/engines.py:325}}
Apr 21 13:32:21.248261 np0000168710 devstack@n-api-meta.service[109512]: DEBUG dbcounter [-] [109512] Writer thread running {{(pid=109512) stat_writer /opt/stack/data/venv/lib/python3.12/site-packages/dbcounter.py:102}}
Apr 21 13:32:21.249793 np0000168710 devstack@n-api-meta.service[109512]: DEBUG nova.context [None req-d08283cb-4a27-4dde-8159-f08b15120195 None None] Found 2 cells: 00000000-0000-0000-0000-000000000000(cell0),e8b4cb01-580c-40cc-9f1e-3bd2a2cc096f(cell1) {{(pid=109512) load_cells /opt/stack/nova/nova/context.py:509}}
Apr 21 13:32:21.250028 np0000168710 devstack@n-api-meta.service[109512]: INFO nova.utils [None req-d08283cb-4a27-4dde-8159-f08b15120195 None None] The cell worker thread pool MainProcess.cell_worker is initialized
Apr 21 13:32:21.251914 np0000168710 devstack@n-api-meta.service[109512]: DEBUG oslo_concurrency.lockutils [None req-d08283cb-4a27-4dde-8159-f08b15120195 None None] Acquiring lock "00000000-0000-0000-0000-000000000000" by "nova.context.set_target_cell..get_or_set_cached_cell_and_set_connections" {{(pid=109512) inner /opt/stack/data/venv/lib/python3.12/site-packages/oslo_concurrency/lockutils.py:506}}
Apr 21 13:32:21.252152 np0000168710 devstack@n-api-meta.service[109512]: DEBUG oslo_concurrency.lockutils [None req-d08283cb-4a27-4dde-8159-f08b15120195 None None] Lock "00000000-0000-0000-0000-000000000000" acquired by "nova.context.set_target_cell..get_or_set_cached_cell_and_set_connections" :: waited 0.000s {{(pid=109512) inner /opt/stack/data/venv/lib/python3.12/site-packages/oslo_concurrency/lockutils.py:519}}
Apr 21 13:32:21.252422 np0000168710 devstack@n-api-meta.service[109512]: DEBUG oslo_concurrency.lockutils [None req-d08283cb-4a27-4dde-8159-f08b15120195 None None] Lock "00000000-0000-0000-0000-000000000000" "released" by "nova.context.set_target_cell..get_or_set_cached_cell_and_set_connections" :: held 0.000s {{(pid=109512) inner /opt/stack/data/venv/lib/python3.12/site-packages/oslo_concurrency/lockutils.py:538}}
Apr 21 13:32:21.253148 np0000168710 devstack@n-api-meta.service[109512]: DEBUG oslo_concurrency.lockutils [None req-d08283cb-4a27-4dde-8159-f08b15120195 None None] Acquiring lock "e8b4cb01-580c-40cc-9f1e-3bd2a2cc096f" by "nova.context.set_target_cell..get_or_set_cached_cell_and_set_connections" {{(pid=109512) inner /opt/stack/data/venv/lib/python3.12/site-packages/oslo_concurrency/lockutils.py:506}}
Apr 21 13:32:21.253315 np0000168710 devstack@n-api-meta.service[109512]: DEBUG oslo_concurrency.lockutils [None req-d08283cb-4a27-4dde-8159-f08b15120195 None None] Lock "e8b4cb01-580c-40cc-9f1e-3bd2a2cc096f" acquired by "nova.context.set_target_cell..get_or_set_cached_cell_and_set_connections" :: waited 0.000s {{(pid=109512) inner /opt/stack/data/venv/lib/python3.12/site-packages/oslo_concurrency/lockutils.py:519}}
Apr 21 13:32:21.254134 np0000168710 devstack@n-api-meta.service[109512]: DEBUG oslo_concurrency.lockutils [None req-d08283cb-4a27-4dde-8159-f08b15120195 None None] Lock "e8b4cb01-580c-40cc-9f1e-3bd2a2cc096f" "released" by "nova.context.set_target_cell..get_or_set_cached_cell_and_set_connections" :: held 0.001s {{(pid=109512) inner /opt/stack/data/venv/lib/python3.12/site-packages/oslo_concurrency/lockutils.py:538}}
Apr 21 13:32:21.256530 np0000168710 devstack@n-api-meta.service[109512]: INFO dbcounter [None req-d08283cb-4a27-4dde-8159-f08b15120195 None None] Registered counter for database nova_cell0
Apr 21 13:32:21.258870 np0000168710 devstack@n-api-meta.service[109513]: INFO dbcounter [None req-da0a257e-37ae-4f81-a393-c2bdeb5f5858 None None] Registered counter for database nova_api
Apr 21 13:32:21.259965 np0000168710 devstack@n-api-meta.service[109510]: DEBUG dbcounter [-] [109510] Writer thread running {{(pid=109510) stat_writer /opt/stack/data/venv/lib/python3.12/site-packages/dbcounter.py:102}}
Apr 21 13:32:21.260424 np0000168710 devstack@n-api-meta.service[109512]: INFO dbcounter [None req-d08283cb-4a27-4dde-8159-f08b15120195 None None] Registered counter for database nova_cell1
Apr 21 13:32:21.264520 np0000168710 devstack@n-api-meta.service[109510]: DEBUG nova.context [None req-5c86f168-2d58-42d2-8e4f-ead39a6f2547 None None] Found 2 cells: 00000000-0000-0000-0000-000000000000(cell0),e8b4cb01-580c-40cc-9f1e-3bd2a2cc096f(cell1) {{(pid=109510) load_cells /opt/stack/nova/nova/context.py:509}}
Apr 21 13:32:21.265084 np0000168710 devstack@n-api-meta.service[109510]: INFO nova.utils [None req-5c86f168-2d58-42d2-8e4f-ead39a6f2547 None None] The cell worker thread pool MainProcess.cell_worker is initialized
Apr 21 13:32:21.267713 np0000168710 devstack@n-api-meta.service[109512]: DEBUG oslo_db.sqlalchemy.engines [None req-d08283cb-4a27-4dde-8159-f08b15120195 None None] MySQL server mode set to STRICT_TRANS_TABLES,STRICT_ALL_TABLES,NO_ZERO_IN_DATE,NO_ZERO_DATE,ERROR_FOR_DIVISION_BY_ZERO,TRADITIONAL,NO_ENGINE_SUBSTITUTION {{(pid=109512) _check_effective_sql_mode /opt/stack/data/venv/lib/python3.12/site-packages/oslo_db/sqlalchemy/engines.py:325}}
Apr 21 13:32:21.270322 np0000168710 devstack@n-api-meta.service[109510]: DEBUG oslo_concurrency.lockutils [None req-5c86f168-2d58-42d2-8e4f-ead39a6f2547 None None] Acquiring lock "00000000-0000-0000-0000-000000000000" by "nova.context.set_target_cell..get_or_set_cached_cell_and_set_connections" {{(pid=109510) inner /opt/stack/data/venv/lib/python3.12/site-packages/oslo_concurrency/lockutils.py:506}}
Apr 21 13:32:21.270620 np0000168710 devstack@n-api-meta.service[109510]: DEBUG oslo_concurrency.lockutils [None req-5c86f168-2d58-42d2-8e4f-ead39a6f2547 None None] Lock "00000000-0000-0000-0000-000000000000" acquired by "nova.context.set_target_cell..get_or_set_cached_cell_and_set_connections" :: waited 0.000s {{(pid=109510) inner /opt/stack/data/venv/lib/python3.12/site-packages/oslo_concurrency/lockutils.py:519}}
Apr 21 13:32:21.271185 np0000168710 devstack@n-api-meta.service[109510]: DEBUG oslo_concurrency.lockutils [None req-5c86f168-2d58-42d2-8e4f-ead39a6f2547 None None] Lock "00000000-0000-0000-0000-000000000000" "released" by "nova.context.set_target_cell..get_or_set_cached_cell_and_set_connections" :: held 0.001s {{(pid=109510) inner /opt/stack/data/venv/lib/python3.12/site-packages/oslo_concurrency/lockutils.py:538}}
Apr 21 13:32:21.272837 np0000168710 devstack@n-api-meta.service[109510]: DEBUG oslo_concurrency.lockutils [None req-5c86f168-2d58-42d2-8e4f-ead39a6f2547 None None] Acquiring lock "e8b4cb01-580c-40cc-9f1e-3bd2a2cc096f" by "nova.context.set_target_cell..get_or_set_cached_cell_and_set_connections" {{(pid=109510) inner /opt/stack/data/venv/lib/python3.12/site-packages/oslo_concurrency/lockutils.py:506}}
Apr 21 13:32:21.272837 np0000168710 devstack@n-api-meta.service[109510]: DEBUG oslo_concurrency.lockutils [None req-5c86f168-2d58-42d2-8e4f-ead39a6f2547 None None] Lock "e8b4cb01-580c-40cc-9f1e-3bd2a2cc096f" acquired by "nova.context.set_target_cell..get_or_set_cached_cell_and_set_connections" :: waited 0.000s {{(pid=109510) inner /opt/stack/data/venv/lib/python3.12/site-packages/oslo_concurrency/lockutils.py:519}}
Apr 21 13:32:21.274531 np0000168710 devstack@n-api-meta.service[109510]: DEBUG oslo_concurrency.lockutils [None req-5c86f168-2d58-42d2-8e4f-ead39a6f2547 None None] Lock "e8b4cb01-580c-40cc-9f1e-3bd2a2cc096f" "released" by "nova.context.set_target_cell..get_or_set_cached_cell_and_set_connections" :: held 0.002s {{(pid=109510) inner /opt/stack/data/venv/lib/python3.12/site-packages/oslo_concurrency/lockutils.py:538}}
Apr 21 13:32:21.278170 np0000168710 devstack@n-api-meta.service[109510]: INFO dbcounter [None req-5c86f168-2d58-42d2-8e4f-ead39a6f2547 None None] Registered counter for database nova_cell0
Apr 21 13:32:21.284251 np0000168710 devstack@n-api-meta.service[109510]: INFO dbcounter [None req-5c86f168-2d58-42d2-8e4f-ead39a6f2547 None None] Registered counter for database nova_cell1
Apr 21 13:32:21.292559 np0000168710 devstack@n-api-meta.service[109511]: DEBUG dbcounter [-] [109511] Writer thread running {{(pid=109511) stat_writer /opt/stack/data/venv/lib/python3.12/site-packages/dbcounter.py:102}}
Apr 21 13:32:21.315885 np0000168710 devstack@n-api-meta.service[109511]: DEBUG nova.context [None req-00773c61-fdee-4a74-83c1-69e0a829af0a None None] Found 2 cells: 00000000-0000-0000-0000-000000000000(cell0),e8b4cb01-580c-40cc-9f1e-3bd2a2cc096f(cell1) {{(pid=109511) load_cells /opt/stack/nova/nova/context.py:509}}
Apr 21 13:32:21.317280 np0000168710 devstack@n-api-meta.service[109511]: INFO nova.utils [None req-00773c61-fdee-4a74-83c1-69e0a829af0a None None] The cell worker thread pool MainProcess.cell_worker is initialized
Apr 21 13:32:21.319041 np0000168710 devstack@n-api-meta.service[109511]: DEBUG oslo_concurrency.lockutils [None req-00773c61-fdee-4a74-83c1-69e0a829af0a None None] Acquiring lock "00000000-0000-0000-0000-000000000000" by "nova.context.set_target_cell..get_or_set_cached_cell_and_set_connections" {{(pid=109511) inner /opt/stack/data/venv/lib/python3.12/site-packages/oslo_concurrency/lockutils.py:506}}
Apr 21 13:32:21.319301 np0000168710 devstack@n-api-meta.service[109511]: DEBUG oslo_concurrency.lockutils [None req-00773c61-fdee-4a74-83c1-69e0a829af0a None None] Lock "00000000-0000-0000-0000-000000000000" acquired by "nova.context.set_target_cell..get_or_set_cached_cell_and_set_connections" :: waited 0.000s {{(pid=109511) inner /opt/stack/data/venv/lib/python3.12/site-packages/oslo_concurrency/lockutils.py:519}}
Apr 21 13:32:21.319831 np0000168710 devstack@n-api-meta.service[109511]: DEBUG oslo_concurrency.lockutils [None req-00773c61-fdee-4a74-83c1-69e0a829af0a None None] Lock "00000000-0000-0000-0000-000000000000" "released" by "nova.context.set_target_cell..get_or_set_cached_cell_and_set_connections" :: held 0.001s {{(pid=109511) inner /opt/stack/data/venv/lib/python3.12/site-packages/oslo_concurrency/lockutils.py:538}}
Apr 21 13:32:21.321069 np0000168710 devstack@n-api-meta.service[109511]: DEBUG oslo_concurrency.lockutils [None req-00773c61-fdee-4a74-83c1-69e0a829af0a None None] Acquiring lock "e8b4cb01-580c-40cc-9f1e-3bd2a2cc096f" by "nova.context.set_target_cell..get_or_set_cached_cell_and_set_connections" {{(pid=109511) inner /opt/stack/data/venv/lib/python3.12/site-packages/oslo_concurrency/lockutils.py:506}}
Apr 21 13:32:21.321290 np0000168710 devstack@n-api-meta.service[109511]: DEBUG oslo_concurrency.lockutils [None req-00773c61-fdee-4a74-83c1-69e0a829af0a None None] Lock "e8b4cb01-580c-40cc-9f1e-3bd2a2cc096f" acquired by "nova.context.set_target_cell..get_or_set_cached_cell_and_set_connections" :: waited 0.000s {{(pid=109511) inner /opt/stack/data/venv/lib/python3.12/site-packages/oslo_concurrency/lockutils.py:519}}
Apr 21 13:32:21.322553 np0000168710 devstack@n-api-meta.service[109511]: DEBUG oslo_concurrency.lockutils [None req-00773c61-fdee-4a74-83c1-69e0a829af0a None None] Lock "e8b4cb01-580c-40cc-9f1e-3bd2a2cc096f" "released" by "nova.context.set_target_cell..get_or_set_cached_cell_and_set_connections" :: held 0.001s {{(pid=109511) inner /opt/stack/data/venv/lib/python3.12/site-packages/oslo_concurrency/lockutils.py:538}}
Apr 21 13:32:21.322658 np0000168710 devstack@n-api-meta.service[109512]: DEBUG oslo_db.sqlalchemy.engines [None req-d08283cb-4a27-4dde-8159-f08b15120195 None None] MySQL server mode set to STRICT_TRANS_TABLES,STRICT_ALL_TABLES,NO_ZERO_IN_DATE,NO_ZERO_DATE,ERROR_FOR_DIVISION_BY_ZERO,TRADITIONAL,NO_ENGINE_SUBSTITUTION {{(pid=109512) _check_effective_sql_mode /opt/stack/data/venv/lib/python3.12/site-packages/oslo_db/sqlalchemy/engines.py:325}}
Apr 21 13:32:21.326188 np0000168710 devstack@n-api-meta.service[109511]: INFO dbcounter [None req-00773c61-fdee-4a74-83c1-69e0a829af0a None None] Registered counter for database nova_cell0
Apr 21 13:32:21.327358 np0000168710 devstack@n-api-meta.service[109513]: DEBUG oslo_db.sqlalchemy.engines [None req-da0a257e-37ae-4f81-a393-c2bdeb5f5858 None None] MySQL server mode set to STRICT_TRANS_TABLES,STRICT_ALL_TABLES,NO_ZERO_IN_DATE,NO_ZERO_DATE,ERROR_FOR_DIVISION_BY_ZERO,TRADITIONAL,NO_ENGINE_SUBSTITUTION {{(pid=109513) _check_effective_sql_mode /opt/stack/data/venv/lib/python3.12/site-packages/oslo_db/sqlalchemy/engines.py:325}}
Apr 21 13:32:21.331343 np0000168710 devstack@n-api-meta.service[109511]: INFO dbcounter [None req-00773c61-fdee-4a74-83c1-69e0a829af0a None None] Registered counter for database nova_cell1
Apr 21 13:32:21.331666 np0000168710 devstack@n-api-meta.service[109510]: DEBUG oslo_db.sqlalchemy.engines [None req-5c86f168-2d58-42d2-8e4f-ead39a6f2547 None None] MySQL server mode set to STRICT_TRANS_TABLES,STRICT_ALL_TABLES,NO_ZERO_IN_DATE,NO_ZERO_DATE,ERROR_FOR_DIVISION_BY_ZERO,TRADITIONAL,NO_ENGINE_SUBSTITUTION {{(pid=109510) _check_effective_sql_mode /opt/stack/data/venv/lib/python3.12/site-packages/oslo_db/sqlalchemy/engines.py:325}}
Apr 21 13:32:21.336209 np0000168710 devstack@n-api-meta.service[109510]: DEBUG oslo_db.sqlalchemy.engines [None req-5c86f168-2d58-42d2-8e4f-ead39a6f2547 None None] MySQL server mode set to STRICT_TRANS_TABLES,STRICT_ALL_TABLES,NO_ZERO_IN_DATE,NO_ZERO_DATE,ERROR_FOR_DIVISION_BY_ZERO,TRADITIONAL,NO_ENGINE_SUBSTITUTION {{(pid=109510) _check_effective_sql_mode /opt/stack/data/venv/lib/python3.12/site-packages/oslo_db/sqlalchemy/engines.py:325}}
Apr 21 13:32:21.342864 np0000168710 devstack@n-api-meta.service[109511]: DEBUG oslo_db.sqlalchemy.engines [None req-00773c61-fdee-4a74-83c1-69e0a829af0a None None] MySQL server mode set to STRICT_TRANS_TABLES,STRICT_ALL_TABLES,NO_ZERO_IN_DATE,NO_ZERO_DATE,ERROR_FOR_DIVISION_BY_ZERO,TRADITIONAL,NO_ENGINE_SUBSTITUTION {{(pid=109511) _check_effective_sql_mode /opt/stack/data/venv/lib/python3.12/site-packages/oslo_db/sqlalchemy/engines.py:325}}
Apr 21 13:32:21.350688 np0000168710 devstack@n-api-meta.service[109511]: DEBUG oslo_db.sqlalchemy.engines [None req-00773c61-fdee-4a74-83c1-69e0a829af0a None None] MySQL server mode set to STRICT_TRANS_TABLES,STRICT_ALL_TABLES,NO_ZERO_IN_DATE,NO_ZERO_DATE,ERROR_FOR_DIVISION_BY_ZERO,TRADITIONAL,NO_ENGINE_SUBSTITUTION {{(pid=109511) _check_effective_sql_mode /opt/stack/data/venv/lib/python3.12/site-packages/oslo_db/sqlalchemy/engines.py:325}}
Apr 21 13:32:21.371102 np0000168710 devstack@n-api-meta.service[109512]: DEBUG dbcounter [-] [109512] Writer thread running {{(pid=109512) stat_writer /opt/stack/data/venv/lib/python3.12/site-packages/dbcounter.py:102}}
Apr 21 13:32:21.373042 np0000168710 devstack@n-api-meta.service[109513]: DEBUG dbcounter [-] [109513] Writer thread running {{(pid=109513) stat_writer /opt/stack/data/venv/lib/python3.12/site-packages/dbcounter.py:102}}
Apr 21 13:32:21.375846 np0000168710 devstack@n-api-meta.service[109513]: DEBUG nova.context [None req-da0a257e-37ae-4f81-a393-c2bdeb5f5858 None None] Found 2 cells: 00000000-0000-0000-0000-000000000000(cell0),e8b4cb01-580c-40cc-9f1e-3bd2a2cc096f(cell1) {{(pid=109513) load_cells /opt/stack/nova/nova/context.py:509}}
Apr 21 13:32:21.376090 np0000168710 devstack@n-api-meta.service[109513]: INFO nova.utils [None req-da0a257e-37ae-4f81-a393-c2bdeb5f5858 None None] The cell worker thread pool MainProcess.cell_worker is initialized
Apr 21 13:32:21.377811 np0000168710 devstack@n-api-meta.service[109512]: DEBUG dbcounter [-] [109512] Writer thread running {{(pid=109512) stat_writer /opt/stack/data/venv/lib/python3.12/site-packages/dbcounter.py:102}}
Apr 21 13:32:21.378144 np0000168710 devstack@n-api-meta.service[109513]: DEBUG oslo_concurrency.lockutils [None req-da0a257e-37ae-4f81-a393-c2bdeb5f5858 None None] Acquiring lock "00000000-0000-0000-0000-000000000000" by "nova.context.set_target_cell..get_or_set_cached_cell_and_set_connections" {{(pid=109513) inner /opt/stack/data/venv/lib/python3.12/site-packages/oslo_concurrency/lockutils.py:506}}
Apr 21 13:32:21.378337 np0000168710 devstack@n-api-meta.service[109513]: DEBUG oslo_concurrency.lockutils [None req-da0a257e-37ae-4f81-a393-c2bdeb5f5858 None None] Lock "00000000-0000-0000-0000-000000000000" acquired by "nova.context.set_target_cell..get_or_set_cached_cell_and_set_connections" :: waited 0.000s {{(pid=109513) inner /opt/stack/data/venv/lib/python3.12/site-packages/oslo_concurrency/lockutils.py:519}}
Apr 21 13:32:21.378703 np0000168710 devstack@n-api-meta.service[109513]: DEBUG oslo_concurrency.lockutils [None req-da0a257e-37ae-4f81-a393-c2bdeb5f5858 None None] Lock "00000000-0000-0000-0000-000000000000" "released" by "nova.context.set_target_cell..get_or_set_cached_cell_and_set_connections" :: held 0.000s {{(pid=109513) inner /opt/stack/data/venv/lib/python3.12/site-packages/oslo_concurrency/lockutils.py:538}}
Apr 21 13:32:21.379512 np0000168710 devstack@n-api-meta.service[109513]: DEBUG oslo_concurrency.lockutils [None req-da0a257e-37ae-4f81-a393-c2bdeb5f5858 None None] Acquiring lock "e8b4cb01-580c-40cc-9f1e-3bd2a2cc096f" by "nova.context.set_target_cell..get_or_set_cached_cell_and_set_connections" {{(pid=109513) inner /opt/stack/data/venv/lib/python3.12/site-packages/oslo_concurrency/lockutils.py:506}}
Apr 21 13:32:21.379651 np0000168710 devstack@n-api-meta.service[109513]: DEBUG oslo_concurrency.lockutils [None req-da0a257e-37ae-4f81-a393-c2bdeb5f5858 None None] Lock "e8b4cb01-580c-40cc-9f1e-3bd2a2cc096f" acquired by "nova.context.set_target_cell..get_or_set_cached_cell_and_set_connections" :: waited 0.000s {{(pid=109513) inner /opt/stack/data/venv/lib/python3.12/site-packages/oslo_concurrency/lockutils.py:519}}
Apr 21 13:32:21.380515 np0000168710 devstack@n-api-meta.service[109513]: DEBUG oslo_concurrency.lockutils [None req-da0a257e-37ae-4f81-a393-c2bdeb5f5858 None None] Lock "e8b4cb01-580c-40cc-9f1e-3bd2a2cc096f" "released" by "nova.context.set_target_cell..get_or_set_cached_cell_and_set_connections" :: held 0.001s {{(pid=109513) inner /opt/stack/data/venv/lib/python3.12/site-packages/oslo_concurrency/lockutils.py:538}}
Apr 21 13:32:21.382613 np0000168710 devstack@n-api-meta.service[109512]: INFO dbcounter [None req-d08283cb-4a27-4dde-8159-f08b15120195 None None] Registered counter for database nova_cell0
Apr 21 13:32:21.383530 np0000168710 devstack@n-api-meta.service[109513]: INFO dbcounter [None req-da0a257e-37ae-4f81-a393-c2bdeb5f5858 None None] Registered counter for database nova_cell0
Apr 21 13:32:21.390039 np0000168710 devstack@n-api-meta.service[109513]: INFO dbcounter [None req-da0a257e-37ae-4f81-a393-c2bdeb5f5858 None None] Registered counter for database nova_cell1
Apr 21 13:32:21.393344 np0000168710 devstack@n-api-meta.service[109512]: DEBUG oslo_db.sqlalchemy.engines [None req-d08283cb-4a27-4dde-8159-f08b15120195 None None] MySQL server mode set to STRICT_TRANS_TABLES,STRICT_ALL_TABLES,NO_ZERO_IN_DATE,NO_ZERO_DATE,ERROR_FOR_DIVISION_BY_ZERO,TRADITIONAL,NO_ENGINE_SUBSTITUTION {{(pid=109512) _check_effective_sql_mode /opt/stack/data/venv/lib/python3.12/site-packages/oslo_db/sqlalchemy/engines.py:325}}
Apr 21 13:32:21.400302 np0000168710 devstack@n-api-meta.service[109513]: DEBUG oslo_db.sqlalchemy.engines [None req-da0a257e-37ae-4f81-a393-c2bdeb5f5858 None None] MySQL server mode set to STRICT_TRANS_TABLES,STRICT_ALL_TABLES,NO_ZERO_IN_DATE,NO_ZERO_DATE,ERROR_FOR_DIVISION_BY_ZERO,TRADITIONAL,NO_ENGINE_SUBSTITUTION {{(pid=109513) _check_effective_sql_mode /opt/stack/data/venv/lib/python3.12/site-packages/oslo_db/sqlalchemy/engines.py:325}}
Apr 21 13:32:21.403091 np0000168710 devstack@n-api-meta.service[109512]: DEBUG dbcounter [-] [109512] Writer thread running {{(pid=109512) stat_writer /opt/stack/data/venv/lib/python3.12/site-packages/dbcounter.py:102}}
Apr 21 13:32:21.416999 np0000168710 devstack@n-api-meta.service[109513]: DEBUG oslo_db.sqlalchemy.engines [None req-da0a257e-37ae-4f81-a393-c2bdeb5f5858 None None] MySQL server mode set to STRICT_TRANS_TABLES,STRICT_ALL_TABLES,NO_ZERO_IN_DATE,NO_ZERO_DATE,ERROR_FOR_DIVISION_BY_ZERO,TRADITIONAL,NO_ENGINE_SUBSTITUTION {{(pid=109513) _check_effective_sql_mode /opt/stack/data/venv/lib/python3.12/site-packages/oslo_db/sqlalchemy/engines.py:325}}
Apr 21 13:32:21.441055 np0000168710 devstack@n-api-meta.service[109510]: DEBUG dbcounter [-] [109510] Writer thread running {{(pid=109510) stat_writer /opt/stack/data/venv/lib/python3.12/site-packages/dbcounter.py:102}}
Apr 21 13:32:21.441757 np0000168710 devstack@n-api-meta.service[109510]: DEBUG dbcounter [-] [109510] Writer thread running {{(pid=109510) stat_writer /opt/stack/data/venv/lib/python3.12/site-packages/dbcounter.py:102}}
Apr 21 13:32:21.449994 np0000168710 devstack@n-api-meta.service[109510]: INFO dbcounter [None req-5c86f168-2d58-42d2-8e4f-ead39a6f2547 None None] Registered counter for database nova_cell0
Apr 21 13:32:21.452586 np0000168710 devstack@n-api-meta.service[109512]: WARNING nova.api.metadata.handler [None req-d08283cb-4a27-4dde-8159-f08b15120195 None None] metadata_proxy_shared_secret is not configured, the metadata information returned by the proxy cannot be trusted
Apr 21 13:32:21.455095 np0000168710 devstack@n-api-meta.service[109512]: DEBUG nova.api.openstack.wsgi_app [None req-d08283cb-4a27-4dde-8159-f08b15120195 None None] ******************************************************************************** {{(pid=109512) log_opt_values /opt/stack/data/venv/lib/python3.12/site-packages/oslo_config/cfg.py:2979}}
Apr 21 13:32:21.455189 np0000168710 devstack@n-api-meta.service[109512]: DEBUG nova.api.openstack.wsgi_app [None req-d08283cb-4a27-4dde-8159-f08b15120195 None None] Configuration options gathered from: {{(pid=109512) log_opt_values /opt/stack/data/venv/lib/python3.12/site-packages/oslo_config/cfg.py:2980}}
Apr 21 13:32:21.455437 np0000168710 devstack@n-api-meta.service[109512]: DEBUG nova.api.openstack.wsgi_app [None req-d08283cb-4a27-4dde-8159-f08b15120195 None None] command line args: [] {{(pid=109512) log_opt_values /opt/stack/data/venv/lib/python3.12/site-packages/oslo_config/cfg.py:2981}}
Apr 21 13:32:21.455649 np0000168710 devstack@n-api-meta.service[109512]: DEBUG nova.api.openstack.wsgi_app [None req-d08283cb-4a27-4dde-8159-f08b15120195 None None] config files: ['/etc/nova/api-paste.ini', '/etc/nova/nova.conf'] {{(pid=109512) log_opt_values /opt/stack/data/venv/lib/python3.12/site-packages/oslo_config/cfg.py:2982}}
Apr 21 13:32:21.455757 np0000168710 devstack@n-api-meta.service[109512]: DEBUG nova.api.openstack.wsgi_app [None req-d08283cb-4a27-4dde-8159-f08b15120195 None None] ================================================================================ {{(pid=109512) log_opt_values /opt/stack/data/venv/lib/python3.12/site-packages/oslo_config/cfg.py:2987}}
Apr 21 13:32:21.455944 np0000168710 devstack@n-api-meta.service[109512]: DEBUG nova.api.openstack.wsgi_app [None req-d08283cb-4a27-4dde-8159-f08b15120195 None None] allow_resize_to_same_host = True {{(pid=109512) log_opt_values /opt/stack/data/venv/lib/python3.12/site-packages/oslo_config/cfg.py:2995}}
Apr 21 13:32:21.456092 np0000168710 devstack@n-api-meta.service[109512]: DEBUG nova.api.openstack.wsgi_app [None req-d08283cb-4a27-4dde-8159-f08b15120195 None None] arq_binding_timeout = 300 {{(pid=109512) log_opt_values /opt/stack/data/venv/lib/python3.12/site-packages/oslo_config/cfg.py:2995}}
Apr 21 13:32:21.456221 np0000168710 devstack@n-api-meta.service[109512]: DEBUG nova.api.openstack.wsgi_app [None req-d08283cb-4a27-4dde-8159-f08b15120195 None None] block_device_allocate_retries = 60 {{(pid=109512) log_opt_values /opt/stack/data/venv/lib/python3.12/site-packages/oslo_config/cfg.py:2995}}
Apr 21 13:32:21.456385 np0000168710 devstack@n-api-meta.service[109512]: DEBUG nova.api.openstack.wsgi_app [None req-d08283cb-4a27-4dde-8159-f08b15120195 None None] block_device_allocate_retries_interval = 3 {{(pid=109512) log_opt_values /opt/stack/data/venv/lib/python3.12/site-packages/oslo_config/cfg.py:2995}}
Apr 21 13:32:21.456514 np0000168710 devstack@n-api-meta.service[109512]: DEBUG nova.api.openstack.wsgi_app [None req-d08283cb-4a27-4dde-8159-f08b15120195 None None] cell_worker_thread_pool_size = 5 {{(pid=109512) log_opt_values /opt/stack/data/venv/lib/python3.12/site-packages/oslo_config/cfg.py:2995}}
Apr 21 13:32:21.456650 np0000168710 devstack@n-api-meta.service[109512]: DEBUG nova.api.openstack.wsgi_app [None req-d08283cb-4a27-4dde-8159-f08b15120195 None None] cert = self.pem {{(pid=109512) log_opt_values /opt/stack/data/venv/lib/python3.12/site-packages/oslo_config/cfg.py:2995}}
Apr 21 13:32:21.456810 np0000168710 devstack@n-api-meta.service[109512]: DEBUG nova.api.openstack.wsgi_app [None req-d08283cb-4a27-4dde-8159-f08b15120195 None None] compute_driver = libvirt.LibvirtDriver {{(pid=109512) log_opt_values /opt/stack/data/venv/lib/python3.12/site-packages/oslo_config/cfg.py:2995}}
Apr 21 13:32:21.456942 np0000168710 devstack@n-api-meta.service[109512]: DEBUG nova.api.openstack.wsgi_app [None req-d08283cb-4a27-4dde-8159-f08b15120195 None None] compute_monitors = [] {{(pid=109512) log_opt_values /opt/stack/data/venv/lib/python3.12/site-packages/oslo_config/cfg.py:2995}}
Apr 21 13:32:21.457075 np0000168710 devstack@n-api-meta.service[109512]: DEBUG nova.api.openstack.wsgi_app [None req-d08283cb-4a27-4dde-8159-f08b15120195 None None] config_dir = [] {{(pid=109512) log_opt_values /opt/stack/data/venv/lib/python3.12/site-packages/oslo_config/cfg.py:2995}}
Apr 21 13:32:21.457214 np0000168710 devstack@n-api-meta.service[109512]: DEBUG nova.api.openstack.wsgi_app [None req-d08283cb-4a27-4dde-8159-f08b15120195 None None] config_drive_format = iso9660 {{(pid=109512) log_opt_values /opt/stack/data/venv/lib/python3.12/site-packages/oslo_config/cfg.py:2995}}
Apr 21 13:32:21.457343 np0000168710 devstack@n-api-meta.service[109512]: DEBUG nova.api.openstack.wsgi_app [None req-d08283cb-4a27-4dde-8159-f08b15120195 None None] config_file = ['/etc/nova/api-paste.ini', '/etc/nova/nova.conf'] {{(pid=109512) log_opt_values /opt/stack/data/venv/lib/python3.12/site-packages/oslo_config/cfg.py:2995}}
Apr 21 13:32:21.457474 np0000168710 devstack@n-api-meta.service[109512]: DEBUG nova.api.openstack.wsgi_app [None req-d08283cb-4a27-4dde-8159-f08b15120195 None None] config_source = [] {{(pid=109512) log_opt_values /opt/stack/data/venv/lib/python3.12/site-packages/oslo_config/cfg.py:2995}}
Apr 21 13:32:21.459399 np0000168710 devstack@n-api-meta.service[109512]: DEBUG nova.api.openstack.wsgi_app [None req-d08283cb-4a27-4dde-8159-f08b15120195 None None] console_host = np0000168710 {{(pid=109512) log_opt_values /opt/stack/data/venv/lib/python3.12/site-packages/oslo_config/cfg.py:2995}}
Apr 21 13:32:21.459558 np0000168710 devstack@n-api-meta.service[109512]: DEBUG nova.api.openstack.wsgi_app [None req-d08283cb-4a27-4dde-8159-f08b15120195 None None] control_exchange = nova {{(pid=109512) log_opt_values /opt/stack/data/venv/lib/python3.12/site-packages/oslo_config/cfg.py:2995}}
Apr 21 13:32:21.459669 np0000168710 devstack@n-api-meta.service[109511]: DEBUG dbcounter [-] [109511] Writer thread running {{(pid=109511) stat_writer /opt/stack/data/venv/lib/python3.12/site-packages/dbcounter.py:102}}
Apr 21 13:32:21.459766 np0000168710 devstack@n-api-meta.service[109512]: DEBUG nova.api.openstack.wsgi_app [None req-d08283cb-4a27-4dde-8159-f08b15120195 None None] cpu_allocation_ratio = None {{(pid=109512) log_opt_values /opt/stack/data/venv/lib/python3.12/site-packages/oslo_config/cfg.py:2995}}
Apr 21 13:32:21.459977 np0000168710 devstack@n-api-meta.service[109512]: DEBUG nova.api.openstack.wsgi_app [None req-d08283cb-4a27-4dde-8159-f08b15120195 None None] daemon = False {{(pid=109512) log_opt_values /opt/stack/data/venv/lib/python3.12/site-packages/oslo_config/cfg.py:2995}}
Apr 21 13:32:21.460098 np0000168710 devstack@n-api-meta.service[109511]: DEBUG dbcounter [-] [109511] Writer thread running {{(pid=109511) stat_writer /opt/stack/data/venv/lib/python3.12/site-packages/dbcounter.py:102}}
Apr 21 13:32:21.460189 np0000168710 devstack@n-api-meta.service[109512]: DEBUG nova.api.openstack.wsgi_app [None req-d08283cb-4a27-4dde-8159-f08b15120195 None None] debug = True {{(pid=109512) log_opt_values /opt/stack/data/venv/lib/python3.12/site-packages/oslo_config/cfg.py:2995}}
Apr 21 13:32:21.460628 np0000168710 devstack@n-api-meta.service[109512]: DEBUG nova.api.openstack.wsgi_app [None req-d08283cb-4a27-4dde-8159-f08b15120195 None None] default_access_ip_network_name = None {{(pid=109512) log_opt_values /opt/stack/data/venv/lib/python3.12/site-packages/oslo_config/cfg.py:2995}}
Apr 21 13:32:21.460785 np0000168710 devstack@n-api-meta.service[109512]: DEBUG nova.api.openstack.wsgi_app [None req-d08283cb-4a27-4dde-8159-f08b15120195 None None] default_availability_zone = nova {{(pid=109512) log_opt_values /opt/stack/data/venv/lib/python3.12/site-packages/oslo_config/cfg.py:2995}}
Apr 21 13:32:21.461000 np0000168710 devstack@n-api-meta.service[109512]: DEBUG nova.api.openstack.wsgi_app [None req-d08283cb-4a27-4dde-8159-f08b15120195 None None] default_ephemeral_format = ext4 {{(pid=109512) log_opt_values /opt/stack/data/venv/lib/python3.12/site-packages/oslo_config/cfg.py:2995}}
Apr 21 13:32:21.461134 np0000168710 devstack@n-api-meta.service[109512]: DEBUG nova.api.openstack.wsgi_app [None req-d08283cb-4a27-4dde-8159-f08b15120195 None None] default_green_pool_size = 1000 {{(pid=109512) log_opt_values /opt/stack/data/venv/lib/python3.12/site-packages/oslo_config/cfg.py:2995}}
Apr 21 13:32:21.461441 np0000168710 devstack@n-api-meta.service[109512]: DEBUG nova.api.openstack.wsgi_app [None req-d08283cb-4a27-4dde-8159-f08b15120195 None None] default_log_levels = ['amqp=WARN', 'boto=WARN', 'sqlalchemy=WARN', 'suds=INFO', 'oslo.messaging=INFO', 'oslo_messaging=INFO', 'iso8601=WARN', 'requests.packages.urllib3.connectionpool=WARN', 'urllib3.connectionpool=WARN', 'websocket=WARN', 'requests.packages.urllib3.util.retry=WARN', 'urllib3.util.retry=WARN', 'keystonemiddleware=WARN', 'routes.middleware=WARN', 'stevedore=WARN', 'taskflow=WARN', 'keystoneauth=WARN', 'oslo.cache=INFO', 'oslo_policy=INFO', 'dogpile.core.dogpile=INFO', 'glanceclient=WARN', 'oslo.privsep.daemon=INFO'] {{(pid=109512) log_opt_values /opt/stack/data/venv/lib/python3.12/site-packages/oslo_config/cfg.py:2995}}
Apr 21 13:32:21.461654 np0000168710 devstack@n-api-meta.service[109510]: DEBUG oslo_db.sqlalchemy.engines [None req-5c86f168-2d58-42d2-8e4f-ead39a6f2547 None None] MySQL server mode set to STRICT_TRANS_TABLES,STRICT_ALL_TABLES,NO_ZERO_IN_DATE,NO_ZERO_DATE,ERROR_FOR_DIVISION_BY_ZERO,TRADITIONAL,NO_ENGINE_SUBSTITUTION {{(pid=109510) _check_effective_sql_mode /opt/stack/data/venv/lib/python3.12/site-packages/oslo_db/sqlalchemy/engines.py:325}}
Apr 21 13:32:21.461759 np0000168710 devstack@n-api-meta.service[109512]: DEBUG nova.api.openstack.wsgi_app [None req-d08283cb-4a27-4dde-8159-f08b15120195 None None] default_schedule_zone = None {{(pid=109512) log_opt_values /opt/stack/data/venv/lib/python3.12/site-packages/oslo_config/cfg.py:2995}}
Apr 21 13:32:21.461759 np0000168710 devstack@n-api-meta.service[109512]: DEBUG nova.api.openstack.wsgi_app [None req-d08283cb-4a27-4dde-8159-f08b15120195 None None] default_thread_pool_size = 10 {{(pid=109512) log_opt_values /opt/stack/data/venv/lib/python3.12/site-packages/oslo_config/cfg.py:2995}}
Apr 21 13:32:21.461956 np0000168710 devstack@n-api-meta.service[109512]: DEBUG nova.api.openstack.wsgi_app [None req-d08283cb-4a27-4dde-8159-f08b15120195 None None] disk_allocation_ratio = None {{(pid=109512) log_opt_values /opt/stack/data/venv/lib/python3.12/site-packages/oslo_config/cfg.py:2995}}
Apr 21 13:32:21.462148 np0000168710 devstack@n-api-meta.service[109512]: DEBUG nova.api.openstack.wsgi_app [None req-d08283cb-4a27-4dde-8159-f08b15120195 None None] enable_new_services = True {{(pid=109512) log_opt_values /opt/stack/data/venv/lib/python3.12/site-packages/oslo_config/cfg.py:2995}}
Apr 21 13:32:21.462274 np0000168710 devstack@n-api-meta.service[109512]: DEBUG nova.api.openstack.wsgi_app [None req-d08283cb-4a27-4dde-8159-f08b15120195 None None] flat_injected = False {{(pid=109512) log_opt_values /opt/stack/data/venv/lib/python3.12/site-packages/oslo_config/cfg.py:2995}}
Apr 21 13:32:21.462497 np0000168710 devstack@n-api-meta.service[109512]: DEBUG nova.api.openstack.wsgi_app [None req-d08283cb-4a27-4dde-8159-f08b15120195 None None] force_config_drive = False {{(pid=109512) log_opt_values /opt/stack/data/venv/lib/python3.12/site-packages/oslo_config/cfg.py:2995}}
Apr 21 13:32:21.462605 np0000168710 devstack@n-api-meta.service[109512]: DEBUG nova.api.openstack.wsgi_app [None req-d08283cb-4a27-4dde-8159-f08b15120195 None None] force_raw_images = True {{(pid=109512) log_opt_values /opt/stack/data/venv/lib/python3.12/site-packages/oslo_config/cfg.py:2995}}
Apr 21 13:32:21.462873 np0000168710 devstack@n-api-meta.service[109512]: DEBUG nova.api.openstack.wsgi_app [None req-d08283cb-4a27-4dde-8159-f08b15120195 None None] graceful_shutdown_timeout = 5 {{(pid=109512) log_opt_values /opt/stack/data/venv/lib/python3.12/site-packages/oslo_config/cfg.py:2995}}
Apr 21 13:32:21.463676 np0000168710 devstack@n-api-meta.service[109512]: DEBUG nova.api.openstack.wsgi_app [None req-d08283cb-4a27-4dde-8159-f08b15120195 None None] heal_instance_info_cache_interval = -1 {{(pid=109512) log_opt_values /opt/stack/data/venv/lib/python3.12/site-packages/oslo_config/cfg.py:2995}}
Apr 21 13:32:21.463934 np0000168710 devstack@n-api-meta.service[109512]: DEBUG nova.api.openstack.wsgi_app [None req-d08283cb-4a27-4dde-8159-f08b15120195 None None] host = np0000168710 {{(pid=109512) log_opt_values /opt/stack/data/venv/lib/python3.12/site-packages/oslo_config/cfg.py:2995}}
Apr 21 13:32:21.464239 np0000168710 devstack@n-api-meta.service[109512]: DEBUG nova.api.openstack.wsgi_app [None req-d08283cb-4a27-4dde-8159-f08b15120195 None None] initial_cpu_allocation_ratio = 4.0 {{(pid=109512) log_opt_values /opt/stack/data/venv/lib/python3.12/site-packages/oslo_config/cfg.py:2995}}
Apr 21 13:32:21.464697 np0000168710 devstack@n-api-meta.service[109512]: DEBUG nova.api.openstack.wsgi_app [None req-d08283cb-4a27-4dde-8159-f08b15120195 None None] initial_disk_allocation_ratio = 1.0 {{(pid=109512) log_opt_values /opt/stack/data/venv/lib/python3.12/site-packages/oslo_config/cfg.py:2995}}
Apr 21 13:32:21.465028 np0000168710 devstack@n-api-meta.service[109512]: DEBUG nova.api.openstack.wsgi_app [None req-d08283cb-4a27-4dde-8159-f08b15120195 None None] initial_ram_allocation_ratio = 1.0 {{(pid=109512) log_opt_values /opt/stack/data/venv/lib/python3.12/site-packages/oslo_config/cfg.py:2995}}
Apr 21 13:32:21.465273 np0000168710 devstack@n-api-meta.service[109512]: DEBUG nova.api.openstack.wsgi_app [None req-d08283cb-4a27-4dde-8159-f08b15120195 None None] injected_network_template = /opt/stack/nova/nova/virt/interfaces.template {{(pid=109512) log_opt_values /opt/stack/data/venv/lib/python3.12/site-packages/oslo_config/cfg.py:2995}}
Apr 21 13:32:21.465448 np0000168710 devstack@n-api-meta.service[109512]: DEBUG nova.api.openstack.wsgi_app [None req-d08283cb-4a27-4dde-8159-f08b15120195 None None] instance_build_timeout = 0 {{(pid=109512) log_opt_values /opt/stack/data/venv/lib/python3.12/site-packages/oslo_config/cfg.py:2995}}
Apr 21 13:32:21.465670 np0000168710 devstack@n-api-meta.service[109512]: DEBUG nova.api.openstack.wsgi_app [None req-d08283cb-4a27-4dde-8159-f08b15120195 None None] instance_delete_interval = 300 {{(pid=109512) log_opt_values /opt/stack/data/venv/lib/python3.12/site-packages/oslo_config/cfg.py:2995}}
Apr 21 13:32:21.465851 np0000168710 devstack@n-api-meta.service[109512]: DEBUG nova.api.openstack.wsgi_app [None req-d08283cb-4a27-4dde-8159-f08b15120195 None None] instance_format = [instance: %(uuid)s] {{(pid=109512) log_opt_values /opt/stack/data/venv/lib/python3.12/site-packages/oslo_config/cfg.py:2995}}
Apr 21 13:32:21.466041 np0000168710 devstack@n-api-meta.service[109512]: DEBUG nova.api.openstack.wsgi_app [None req-d08283cb-4a27-4dde-8159-f08b15120195 None None] instance_name_template = instance-%08x {{(pid=109512) log_opt_values /opt/stack/data/venv/lib/python3.12/site-packages/oslo_config/cfg.py:2995}}
Apr 21 13:32:21.466211 np0000168710 devstack@n-api-meta.service[109512]: DEBUG nova.api.openstack.wsgi_app [None req-d08283cb-4a27-4dde-8159-f08b15120195 None None] instance_usage_audit = False {{(pid=109512) log_opt_values /opt/stack/data/venv/lib/python3.12/site-packages/oslo_config/cfg.py:2995}}
Apr 21 13:32:21.466413 np0000168710 devstack@n-api-meta.service[109512]: DEBUG nova.api.openstack.wsgi_app [None req-d08283cb-4a27-4dde-8159-f08b15120195 None None] instance_usage_audit_period = month {{(pid=109512) log_opt_values /opt/stack/data/venv/lib/python3.12/site-packages/oslo_config/cfg.py:2995}}
Apr 21 13:32:21.466601 np0000168710 devstack@n-api-meta.service[109512]: DEBUG nova.api.openstack.wsgi_app [None req-d08283cb-4a27-4dde-8159-f08b15120195 None None] instance_uuid_format = [instance: %(uuid)s] {{(pid=109512) log_opt_values /opt/stack/data/venv/lib/python3.12/site-packages/oslo_config/cfg.py:2995}}
Apr 21 13:32:21.466779 np0000168710 devstack@n-api-meta.service[109512]: DEBUG nova.api.openstack.wsgi_app [None req-d08283cb-4a27-4dde-8159-f08b15120195 None None] instances_path = /opt/stack/data/nova/instances {{(pid=109512) log_opt_values /opt/stack/data/venv/lib/python3.12/site-packages/oslo_config/cfg.py:2995}}
Apr 21 13:32:21.466969 np0000168710 devstack@n-api-meta.service[109512]: DEBUG nova.api.openstack.wsgi_app [None req-d08283cb-4a27-4dde-8159-f08b15120195 None None] internal_service_availability_zone = internal {{(pid=109512) log_opt_values /opt/stack/data/venv/lib/python3.12/site-packages/oslo_config/cfg.py:2995}}
Apr 21 13:32:21.467144 np0000168710 devstack@n-api-meta.service[109512]: DEBUG nova.api.openstack.wsgi_app [None req-d08283cb-4a27-4dde-8159-f08b15120195 None None] key = None {{(pid=109512) log_opt_values /opt/stack/data/venv/lib/python3.12/site-packages/oslo_config/cfg.py:2995}}
Apr 21 13:32:21.467340 np0000168710 devstack@n-api-meta.service[109512]: DEBUG nova.api.openstack.wsgi_app [None req-d08283cb-4a27-4dde-8159-f08b15120195 None None] live_migration_retry_count = 30 {{(pid=109512) log_opt_values /opt/stack/data/venv/lib/python3.12/site-packages/oslo_config/cfg.py:2995}}
