Feb 19 01:36:46.758939 np0000156449 devstack@m-api.service[99495]: DEBUG manila.api.openstack.wsgi [None req-248e47fc-d7f4-4ef8-aceb-87597450b446 c_rally_53e7a5e6_9zumVOWd c_rally_53e7a5e6_wwkYhg3d] Calling method 'ShareMixin.show' {{(pid=99495) _process_stack /opt/stack/manila/manila/api/openstack/wsgi.py:798}}
Feb 19 01:36:46.775675 np0000156449 devstack@m-api.service[99495]: INFO manila.api.openstack.wsgi [None req-248e47fc-d7f4-4ef8-aceb-87597450b446 c_rally_53e7a5e6_9zumVOWd c_rally_53e7a5e6_wwkYhg3d] https://199.204.45.209/share/v1/b9b9119ffcfd411f85e9d06d32e7d310/shares/f1258a72-1b63-43b2-bcb2-3eed282fe5a4 returned with HTTP 200
Feb 19 01:36:46.775675 np0000156449 devstack@m-api.service[99495]: [pid: 99495|app: 0|req: 75/151] 199.204.45.209 () {66 vars in 1487 bytes} [Thu Feb 19 01:36:46 2026] GET /share/v1/b9b9119ffcfd411f85e9d06d32e7d310/shares/f1258a72-1b63-43b2-bcb2-3eed282fe5a4 => generated 1222 bytes in 19 msecs (HTTP/1.1 200) 7 headers in 297 bytes (1 switches on core 0)
Feb 19 01:36:46.784836 np0000156449 devstack@m-api.service[99496]: INFO manila.api.openstack.wsgi [None req-bafb36dc-44cd-4d6b-9d86-6c0e23dec002 c_rally_53e7a5e6_gdYccpbH c_rally_53e7a5e6_myqNHT0h] GET https://199.204.45.209/share/v1/a59ff28384cf45b38419506b901b4a90/shares/detail?is_public=True
Feb 19 01:36:46.784836 np0000156449 devstack@m-api.service[99496]: DEBUG manila.api.openstack.wsgi [None req-bafb36dc-44cd-4d6b-9d86-6c0e23dec002 c_rally_53e7a5e6_gdYccpbH c_rally_53e7a5e6_myqNHT0h] No Content-Type provided in request {{(pid=99496) get_body /opt/stack/manila/manila/api/openstack/wsgi.py:648}}
Feb 19 01:36:46.784836 np0000156449 devstack@m-api.service[99496]: DEBUG manila.api.openstack.wsgi [None req-bafb36dc-44cd-4d6b-9d86-6c0e23dec002 c_rally_53e7a5e6_gdYccpbH c_rally_53e7a5e6_myqNHT0h] Calling method 'ShareMixin.detail' {{(pid=99496) _process_stack /opt/stack/manila/manila/api/openstack/wsgi.py:798}}
Feb 19 01:36:46.784979 np0000156449 devstack@m-api.service[99496]: DEBUG manila.api.common [None req-bafb36dc-44cd-4d6b-9d86-6c0e23dec002 c_rally_53e7a5e6_gdYccpbH c_rally_53e7a5e6_myqNHT0h] Removing options '' from query {{(pid=99496) remove_invalid_options /opt/stack/manila/manila/api/common.py:440}}
Feb 19 01:36:46.785062 np0000156449 devstack@m-api.service[99496]: DEBUG manila.share.api [None req-bafb36dc-44cd-4d6b-9d86-6c0e23dec002 c_rally_53e7a5e6_gdYccpbH c_rally_53e7a5e6_myqNHT0h] Searching for shares by: {'is_public': 'True'} {{(pid=99496) _get_all /opt/stack/manila/manila/share/api.py:2372}}
Feb 19 01:36:46.805214 np0000156449 devstack@m-api.service[99496]: INFO manila.api.openstack.wsgi [None req-bafb36dc-44cd-4d6b-9d86-6c0e23dec002 c_rally_53e7a5e6_gdYccpbH c_rally_53e7a5e6_myqNHT0h] https://199.204.45.209/share/v1/a59ff28384cf45b38419506b901b4a90/shares/detail?is_public=True returned with HTTP 200
Feb 19 01:36:46.805708 np0000156449 devstack@m-api.service[99496]: [pid: 99496|app: 0|req: 77/152] 199.204.45.209 () {66 vars in 1426 bytes} [Thu Feb 19 01:36:46 2026] GET /share/v1/a59ff28384cf45b38419506b901b4a90/shares/detail?is_public=True => generated 6077 bytes in 25 msecs (HTTP/1.1 200) 7 headers in 297 bytes (1 switches on core 0)
Feb 19 01:36:46.985341 np0000156449 devstack@m-api.service[99495]: INFO manila.api.openstack.wsgi [None req-2e38fc3c-b9b9-44a2-84e5-7fc5e1396e57 c_rally_53e7a5e6_9zumVOWd c_rally_53e7a5e6_wwkYhg3d] GET https://199.204.45.209/share/v1/b9b9119ffcfd411f85e9d06d32e7d310/shares/2f9c0d42-e7fb-4083-b8b0-410cea840023
Feb 19 01:36:46.985465 np0000156449 devstack@m-api.service[99495]: DEBUG manila.api.openstack.wsgi [None req-2e38fc3c-b9b9-44a2-84e5-7fc5e1396e57 c_rally_53e7a5e6_9zumVOWd c_rally_53e7a5e6_wwkYhg3d] No Content-Type provided in request {{(pid=99495) get_body /opt/stack/manila/manila/api/openstack/wsgi.py:648}}
Feb 19 01:36:46.985666 np0000156449 devstack@m-api.service[99495]: DEBUG manila.api.openstack.wsgi [None req-2e38fc3c-b9b9-44a2-84e5-7fc5e1396e57 c_rally_53e7a5e6_9zumVOWd c_rally_53e7a5e6_wwkYhg3d] Calling method 'ShareMixin.show' {{(pid=99495) _process_stack /opt/stack/manila/manila/api/openstack/wsgi.py:798}}
Feb 19 01:36:46.998710 np0000156449 devstack@m-api.service[99495]: INFO manila.api.openstack.wsgi [None req-2e38fc3c-b9b9-44a2-84e5-7fc5e1396e57 c_rally_53e7a5e6_9zumVOWd c_rally_53e7a5e6_wwkYhg3d] https://199.204.45.209/share/v1/b9b9119ffcfd411f85e9d06d32e7d310/shares/2f9c0d42-e7fb-4083-b8b0-410cea840023 returned with HTTP 200
Feb 19 01:36:47.001790 np0000156449 devstack@m-api.service[99495]: [pid: 99495|app: 0|req: 76/153] 199.204.45.209 () {66 vars in 1487 bytes} [Thu Feb 19 01:36:46 2026] GET /share/v1/b9b9119ffcfd411f85e9d06d32e7d310/shares/2f9c0d42-e7fb-4083-b8b0-410cea840023 => generated 1222 bytes in 18 msecs (HTTP/1.1 200) 7 headers in 297 bytes (1 switches on core 0)
Feb 19 01:36:47.007605 np0000156449 devstack@m-api.service[99496]: INFO manila.api.openstack.wsgi [None req-30ab0106-562c-4ad1-bad4-48850fe1e4ac c_rally_53e7a5e6_gdYccpbH c_rally_53e7a5e6_myqNHT0h] GET https://199.204.45.209/share/v1/a59ff28384cf45b38419506b901b4a90/shares/detail?is_public=True
Feb 19 01:36:47.007796 np0000156449 devstack@m-api.service[99496]: DEBUG manila.api.openstack.wsgi [None req-30ab0106-562c-4ad1-bad4-48850fe1e4ac c_rally_53e7a5e6_gdYccpbH c_rally_53e7a5e6_myqNHT0h] No Content-Type provided in request {{(pid=99496) get_body /opt/stack/manila/manila/api/openstack/wsgi.py:648}}
Feb 19 01:36:47.007916 np0000156449 devstack@m-api.service[99496]: DEBUG manila.api.openstack.wsgi [None req-30ab0106-562c-4ad1-bad4-48850fe1e4ac c_rally_53e7a5e6_gdYccpbH c_rally_53e7a5e6_myqNHT0h] Calling method 'ShareMixin.detail' {{(pid=99496) _process_stack /opt/stack/manila/manila/api/openstack/wsgi.py:798}}
Feb 19 01:36:47.008618 np0000156449 devstack@m-api.service[99496]: DEBUG manila.api.common [None req-30ab0106-562c-4ad1-bad4-48850fe1e4ac c_rally_53e7a5e6_gdYccpbH c_rally_53e7a5e6_myqNHT0h] Removing options '' from query {{(pid=99496) remove_invalid_options /opt/stack/manila/manila/api/common.py:440}}
Feb 19 01:36:47.008746 np0000156449 devstack@m-api.service[99496]: DEBUG manila.share.api [None req-30ab0106-562c-4ad1-bad4-48850fe1e4ac c_rally_53e7a5e6_gdYccpbH c_rally_53e7a5e6_myqNHT0h] Searching for shares by: {'is_public': 'True'} {{(pid=99496) _get_all /opt/stack/manila/manila/share/api.py:2372}}
Feb 19 01:36:47.028545 np0000156449 devstack@m-api.service[99496]: INFO manila.api.openstack.wsgi [None req-30ab0106-562c-4ad1-bad4-48850fe1e4ac c_rally_53e7a5e6_gdYccpbH c_rally_53e7a5e6_myqNHT0h] https://199.204.45.209/share/v1/a59ff28384cf45b38419506b901b4a90/shares/detail?is_public=True returned with HTTP 200
Feb 19 01:36:47.028912 np0000156449 devstack@m-api.service[99496]: [pid: 99496|app: 0|req: 78/154] 199.204.45.209 () {66 vars in 1426 bytes} [Thu Feb 19 01:36:47 2026] GET /share/v1/a59ff28384cf45b38419506b901b4a90/shares/detail?is_public=True => generated 6077 bytes in 23 msecs (HTTP/1.1 200) 7 headers in 297 bytes (1 switches on core 0)
Feb 19 01:36:47.176960 np0000156449 devstack@m-api.service[99495]: INFO manila.api.openstack.wsgi [None req-56787e6d-33b9-4e16-9f98-eb680c57d01e c_rally_53e7a5e6_gdYccpbH c_rally_53e7a5e6_myqNHT0h] GET https://199.204.45.209/share/v1/a59ff28384cf45b38419506b901b4a90/shares/a6bfb7bc-aaf0-4b7d-bfe8-f96238351a91
Feb 19 01:36:47.177204 np0000156449 devstack@m-api.service[99495]: DEBUG manila.api.openstack.wsgi [None req-56787e6d-33b9-4e16-9f98-eb680c57d01e c_rally_53e7a5e6_gdYccpbH c_rally_53e7a5e6_myqNHT0h] No Content-Type provided in request {{(pid=99495) get_body /opt/stack/manila/manila/api/openstack/wsgi.py:648}}
Feb 19 01:36:47.177427 np0000156449 devstack@m-api.service[99495]: DEBUG manila.api.openstack.wsgi [None req-56787e6d-33b9-4e16-9f98-eb680c57d01e c_rally_53e7a5e6_gdYccpbH c_rally_53e7a5e6_myqNHT0h] Calling method 'ShareMixin.show' {{(pid=99495) _process_stack /opt/stack/manila/manila/api/openstack/wsgi.py:798}}
Feb 19 01:36:47.201270 np0000156449 devstack@m-api.service[99495]: INFO manila.api.openstack.wsgi [None req-56787e6d-33b9-4e16-9f98-eb680c57d01e c_rally_53e7a5e6_gdYccpbH c_rally_53e7a5e6_myqNHT0h] https://199.204.45.209/share/v1/a59ff28384cf45b38419506b901b4a90/shares/a6bfb7bc-aaf0-4b7d-bfe8-f96238351a91 returned with HTTP 200
Feb 19 01:36:47.202687 np0000156449 devstack@m-api.service[99495]: [pid: 99495|app: 0|req: 77/155] 199.204.45.209 () {66 vars in 1487 bytes} [Thu Feb 19 01:36:47 2026] GET /share/v1/a59ff28384cf45b38419506b901b4a90/shares/a6bfb7bc-aaf0-4b7d-bfe8-f96238351a91 => generated 1222 bytes in 28 msecs (HTTP/1.1 200) 7 headers in 297 bytes (1 switches on core 0)
Feb 19 01:36:47.363694 np0000156449 devstack@m-api.service[99496]: INFO manila.api.openstack.wsgi [None req-32c1f1a5-73c0-47da-bf85-14b260ab3b09 c_rally_53e7a5e6_gdYccpbH c_rally_53e7a5e6_myqNHT0h] GET https://199.204.45.209/share/v1/a59ff28384cf45b38419506b901b4a90/shares/detail?is_public=True
Feb 19 01:36:47.363694 np0000156449 devstack@m-api.service[99496]: DEBUG manila.api.openstack.wsgi [None req-32c1f1a5-73c0-47da-bf85-14b260ab3b09 c_rally_53e7a5e6_gdYccpbH c_rally_53e7a5e6_myqNHT0h] No Content-Type provided in request {{(pid=99496) get_body /opt/stack/manila/manila/api/openstack/wsgi.py:648}}
Feb 19 01:36:47.363694 np0000156449 devstack@m-api.service[99496]: DEBUG manila.api.openstack.wsgi [None req-32c1f1a5-73c0-47da-bf85-14b260ab3b09 c_rally_53e7a5e6_gdYccpbH c_rally_53e7a5e6_myqNHT0h] Calling method 'ShareMixin.detail' {{(pid=99496) _process_stack /opt/stack/manila/manila/api/openstack/wsgi.py:798}}
Feb 19 01:36:47.363694 np0000156449 devstack@m-api.service[99496]: DEBUG manila.api.common [None req-32c1f1a5-73c0-47da-bf85-14b260ab3b09 c_rally_53e7a5e6_gdYccpbH c_rally_53e7a5e6_myqNHT0h] Removing options '' from query {{(pid=99496) remove_invalid_options /opt/stack/manila/manila/api/common.py:440}}
Feb 19 01:36:47.363694 np0000156449 devstack@m-api.service[99496]: DEBUG manila.share.api [None req-32c1f1a5-73c0-47da-bf85-14b260ab3b09 c_rally_53e7a5e6_gdYccpbH c_rally_53e7a5e6_myqNHT0h] Searching for shares by: {'is_public': 'True'} {{(pid=99496) _get_all /opt/stack/manila/manila/share/api.py:2372}}
Feb 19 01:36:47.387194 np0000156449 devstack@m-api.service[99496]: INFO manila.api.openstack.wsgi [None req-32c1f1a5-73c0-47da-bf85-14b260ab3b09 c_rally_53e7a5e6_gdYccpbH c_rally_53e7a5e6_myqNHT0h] https://199.204.45.209/share/v1/a59ff28384cf45b38419506b901b4a90/shares/detail?is_public=True returned with HTTP 200
Feb 19 01:36:47.387774 np0000156449 devstack@m-api.service[99496]: [pid: 99496|app: 0|req: 79/156] 199.204.45.209 () {66 vars in 1426 bytes} [Thu Feb 19 01:36:47 2026] GET /share/v1/a59ff28384cf45b38419506b901b4a90/shares/detail?is_public=True => generated 6077 bytes in 28 msecs (HTTP/1.1 200) 7 headers in 297 bytes (1 switches on core 0)
Feb 19 01:36:47.730683 np0000156449 devstack@m-api.service[99495]: INFO manila.api.openstack.wsgi [None req-23c48a32-3f4f-4c91-b02b-91b96870d71b c_rally_53e7a5e6_9zumVOWd c_rally_53e7a5e6_wwkYhg3d] GET https://199.204.45.209/share/v1/b9b9119ffcfd411f85e9d06d32e7d310/shares/detail?is_public=True
Feb 19 01:36:47.730683 np0000156449 devstack@m-api.service[99495]: DEBUG manila.api.openstack.wsgi [None req-23c48a32-3f4f-4c91-b02b-91b96870d71b c_rally_53e7a5e6_9zumVOWd c_rally_53e7a5e6_wwkYhg3d] No Content-Type provided in request {{(pid=99495) get_body /opt/stack/manila/manila/api/openstack/wsgi.py:648}}
Feb 19 01:36:47.730683 np0000156449 devstack@m-api.service[99495]: DEBUG manila.api.openstack.wsgi [None req-23c48a32-3f4f-4c91-b02b-91b96870d71b c_rally_53e7a5e6_9zumVOWd c_rally_53e7a5e6_wwkYhg3d] Calling method 'ShareMixin.detail' {{(pid=99495) _process_stack /opt/stack/manila/manila/api/openstack/wsgi.py:798}}
Feb 19 01:36:47.731527 np0000156449 devstack@m-api.service[99495]: DEBUG manila.api.common [None req-23c48a32-3f4f-4c91-b02b-91b96870d71b c_rally_53e7a5e6_9zumVOWd c_rally_53e7a5e6_wwkYhg3d] Removing options '' from query {{(pid=99495) remove_invalid_options /opt/stack/manila/manila/api/common.py:440}}
Feb 19 01:36:47.731527 np0000156449 devstack@m-api.service[99495]: DEBUG manila.share.api [None req-23c48a32-3f4f-4c91-b02b-91b96870d71b c_rally_53e7a5e6_9zumVOWd c_rally_53e7a5e6_wwkYhg3d] Searching for shares by: {'is_public': 'True'} {{(pid=99495) _get_all /opt/stack/manila/manila/share/api.py:2372}}
Feb 19 01:36:47.761282 np0000156449 devstack@m-api.service[99495]: INFO manila.api.openstack.wsgi [None req-23c48a32-3f4f-4c91-b02b-91b96870d71b c_rally_53e7a5e6_9zumVOWd c_rally_53e7a5e6_wwkYhg3d] https://199.204.45.209/share/v1/b9b9119ffcfd411f85e9d06d32e7d310/shares/detail?is_public=True returned with HTTP 200
Feb 19 01:36:47.761923 np0000156449 devstack@m-api.service[99495]: [pid: 99495|app: 0|req: 78/157] 199.204.45.209 () {66 vars in 1426 bytes} [Thu Feb 19 01:36:47 2026] GET /share/v1/b9b9119ffcfd411f85e9d06d32e7d310/shares/detail?is_public=True => generated 6077 bytes in 33 msecs (HTTP/1.1 200) 7 headers in 297 bytes (1 switches on core 0)
Feb 19 01:36:47.823702 np0000156449 devstack@m-api.service[99496]: INFO manila.api.openstack.wsgi [None req-1eeae597-d17a-49b7-8491-9361c7dd7c43 c_rally_53e7a5e6_9zumVOWd c_rally_53e7a5e6_wwkYhg3d] GET https://199.204.45.209/share/v1/b9b9119ffcfd411f85e9d06d32e7d310/shares/detail?is_public=True
Feb 19 01:36:47.823702 np0000156449 devstack@m-api.service[99496]: DEBUG manila.api.openstack.wsgi [None req-1eeae597-d17a-49b7-8491-9361c7dd7c43 c_rally_53e7a5e6_9zumVOWd c_rally_53e7a5e6_wwkYhg3d] No Content-Type provided in request {{(pid=99496) get_body /opt/stack/manila/manila/api/openstack/wsgi.py:648}}
Feb 19 01:36:47.823702 np0000156449 devstack@m-api.service[99496]: DEBUG manila.api.openstack.wsgi [None req-1eeae597-d17a-49b7-8491-9361c7dd7c43 c_rally_53e7a5e6_9zumVOWd c_rally_53e7a5e6_wwkYhg3d] Calling method 'ShareMixin.detail' {{(pid=99496) _process_stack /opt/stack/manila/manila/api/openstack/wsgi.py:798}}
Feb 19 01:36:47.823702 np0000156449 devstack@m-api.service[99496]: DEBUG manila.api.common [None req-1eeae597-d17a-49b7-8491-9361c7dd7c43 c_rally_53e7a5e6_9zumVOWd c_rally_53e7a5e6_wwkYhg3d] Removing options '' from query {{(pid=99496) remove_invalid_options /opt/stack/manila/manila/api/common.py:440}}
Feb 19 01:36:47.823702 np0000156449 devstack@m-api.service[99496]: DEBUG manila.share.api [None req-1eeae597-d17a-49b7-8491-9361c7dd7c43 c_rally_53e7a5e6_9zumVOWd c_rally_53e7a5e6_wwkYhg3d] Searching for shares by: {'is_public': 'True'} {{(pid=99496) _get_all /opt/stack/manila/manila/share/api.py:2372}}
Feb 19 01:36:47.846307 np0000156449 devstack@m-api.service[99496]: INFO manila.api.openstack.wsgi [None req-1eeae597-d17a-49b7-8491-9361c7dd7c43 c_rally_53e7a5e6_9zumVOWd c_rally_53e7a5e6_wwkYhg3d] https://199.204.45.209/share/v1/b9b9119ffcfd411f85e9d06d32e7d310/shares/detail?is_public=True returned with HTTP 200
Feb 19 01:36:47.847757 np0000156449 devstack@m-api.service[99496]: [pid: 99496|app: 0|req: 80/158] 199.204.45.209 () {66 vars in 1426 bytes} [Thu Feb 19 01:36:47 2026] GET /share/v1/b9b9119ffcfd411f85e9d06d32e7d310/shares/detail?is_public=True => generated 6077 bytes in 26 msecs (HTTP/1.1 200) 7 headers in 297 bytes (1 switches on core 0)
Feb 19 01:36:48.001495 np0000156449 devstack@m-api.service[99495]: INFO manila.api.openstack.wsgi [None req-dd12149f-439e-4713-9f53-25d7ffc450a6 c_rally_53e7a5e6_gdYccpbH c_rally_53e7a5e6_myqNHT0h] GET https://199.204.45.209/share/v1/a59ff28384cf45b38419506b901b4a90/shares/detail?is_public=True
Feb 19 01:36:48.001714 np0000156449 devstack@m-api.service[99495]: DEBUG manila.api.openstack.wsgi [None req-dd12149f-439e-4713-9f53-25d7ffc450a6 c_rally_53e7a5e6_gdYccpbH c_rally_53e7a5e6_myqNHT0h] No Content-Type provided in request {{(pid=99495) get_body /opt/stack/manila/manila/api/openstack/wsgi.py:648}}
Feb 19 01:36:48.001939 np0000156449 devstack@m-api.service[99495]: DEBUG manila.api.openstack.wsgi [None req-dd12149f-439e-4713-9f53-25d7ffc450a6 c_rally_53e7a5e6_gdYccpbH c_rally_53e7a5e6_myqNHT0h] Calling method 'ShareMixin.detail' {{(pid=99495) _process_stack /opt/stack/manila/manila/api/openstack/wsgi.py:798}}
Feb 19 01:36:48.002864 np0000156449 devstack@m-api.service[99495]: DEBUG manila.api.common [None req-dd12149f-439e-4713-9f53-25d7ffc450a6 c_rally_53e7a5e6_gdYccpbH c_rally_53e7a5e6_myqNHT0h] Removing options '' from query {{(pid=99495) remove_invalid_options /opt/stack/manila/manila/api/common.py:440}}
Feb 19 01:36:48.003007 np0000156449 devstack@m-api.service[99495]: DEBUG manila.share.api [None req-dd12149f-439e-4713-9f53-25d7ffc450a6 c_rally_53e7a5e6_gdYccpbH c_rally_53e7a5e6_myqNHT0h] Searching for shares by: {'is_public': 'True'} {{(pid=99495) _get_all /opt/stack/manila/manila/share/api.py:2372}}
Feb 19 01:36:48.023369 np0000156449 devstack@m-api.service[99495]: INFO manila.api.openstack.wsgi [None req-dd12149f-439e-4713-9f53-25d7ffc450a6 c_rally_53e7a5e6_gdYccpbH c_rally_53e7a5e6_myqNHT0h] https://199.204.45.209/share/v1/a59ff28384cf45b38419506b901b4a90/shares/detail?is_public=True returned with HTTP 200
Feb 19 01:36:48.023762 np0000156449 devstack@m-api.service[99495]: [pid: 99495|app: 0|req: 79/159] 199.204.45.209 () {66 vars in 1426 bytes} [Thu Feb 19 01:36:47 2026] GET /share/v1/a59ff28384cf45b38419506b901b4a90/shares/detail?is_public=True => generated 6077 bytes in 24 msecs (HTTP/1.1 200) 7 headers in 297 bytes (1 switches on core 0)
Feb 19 01:36:48.172700 np0000156449 devstack@m-api.service[99496]: INFO manila.api.openstack.wsgi [None req-988af81a-ea4b-4c9d-8587-7af3280e7f8d c_rally_53e7a5e6_9zumVOWd c_rally_53e7a5e6_wwkYhg3d] GET https://199.204.45.209/share/v1/b9b9119ffcfd411f85e9d06d32e7d310/shares/detail?is_public=True
Feb 19 01:36:48.172700 np0000156449 devstack@m-api.service[99496]: DEBUG manila.api.openstack.wsgi [None req-988af81a-ea4b-4c9d-8587-7af3280e7f8d c_rally_53e7a5e6_9zumVOWd c_rally_53e7a5e6_wwkYhg3d] No Content-Type provided in request {{(pid=99496) get_body /opt/stack/manila/manila/api/openstack/wsgi.py:648}}
Feb 19 01:36:48.172700 np0000156449 devstack@m-api.service[99496]: DEBUG manila.api.openstack.wsgi [None req-988af81a-ea4b-4c9d-8587-7af3280e7f8d c_rally_53e7a5e6_9zumVOWd c_rally_53e7a5e6_wwkYhg3d] Calling method 'ShareMixin.detail' {{(pid=99496) _process_stack /opt/stack/manila/manila/api/openstack/wsgi.py:798}}
Feb 19 01:36:48.172924 np0000156449 devstack@m-api.service[99496]: DEBUG manila.api.common [None req-988af81a-ea4b-4c9d-8587-7af3280e7f8d c_rally_53e7a5e6_9zumVOWd c_rally_53e7a5e6_wwkYhg3d] Removing options '' from query {{(pid=99496) remove_invalid_options /opt/stack/manila/manila/api/common.py:440}}
Feb 19 01:36:48.173033 np0000156449 devstack@m-api.service[99496]: DEBUG manila.share.api [None req-988af81a-ea4b-4c9d-8587-7af3280e7f8d c_rally_53e7a5e6_9zumVOWd c_rally_53e7a5e6_wwkYhg3d] Searching for shares by: {'is_public': 'True'} {{(pid=99496) _get_all /opt/stack/manila/manila/share/api.py:2372}}
Feb 19 01:36:48.194561 np0000156449 devstack@m-api.service[99496]: INFO manila.api.openstack.wsgi [None req-988af81a-ea4b-4c9d-8587-7af3280e7f8d c_rally_53e7a5e6_9zumVOWd c_rally_53e7a5e6_wwkYhg3d] https://199.204.45.209/share/v1/b9b9119ffcfd411f85e9d06d32e7d310/shares/detail?is_public=True returned with HTTP 200
Feb 19 01:36:48.194939 np0000156449 devstack@m-api.service[99496]: [pid: 99496|app: 0|req: 81/160] 199.204.45.209 () {66 vars in 1426 bytes} [Thu Feb 19 01:36:48 2026] GET /share/v1/b9b9119ffcfd411f85e9d06d32e7d310/shares/detail?is_public=True => generated 6077 bytes in 25 msecs (HTTP/1.1 200) 7 headers in 297 bytes (1 switches on core 0)
Feb 19 01:36:48.393741 np0000156449 devstack@m-api.service[99495]: INFO manila.api.openstack.wsgi [None req-412345da-9818-4eb6-9cbf-a48b4fccd217 c_rally_53e7a5e6_gdYccpbH c_rally_53e7a5e6_myqNHT0h] GET https://199.204.45.209/share/v1/a59ff28384cf45b38419506b901b4a90/shares/detail?is_public=True
Feb 19 01:36:48.393741 np0000156449 devstack@m-api.service[99495]: DEBUG manila.api.openstack.wsgi [None req-412345da-9818-4eb6-9cbf-a48b4fccd217 c_rally_53e7a5e6_gdYccpbH c_rally_53e7a5e6_myqNHT0h] No Content-Type provided in request {{(pid=99495) get_body /opt/stack/manila/manila/api/openstack/wsgi.py:648}}
Feb 19 01:36:48.393741 np0000156449 devstack@m-api.service[99495]: DEBUG manila.api.openstack.wsgi [None req-412345da-9818-4eb6-9cbf-a48b4fccd217 c_rally_53e7a5e6_gdYccpbH c_rally_53e7a5e6_myqNHT0h] Calling method 'ShareMixin.detail' {{(pid=99495) _process_stack /opt/stack/manila/manila/api/openstack/wsgi.py:798}}
Feb 19 01:36:48.395535 np0000156449 devstack@m-api.service[99495]: DEBUG manila.api.common [None req-412345da-9818-4eb6-9cbf-a48b4fccd217 c_rally_53e7a5e6_gdYccpbH c_rally_53e7a5e6_myqNHT0h] Removing options '' from query {{(pid=99495) remove_invalid_options /opt/stack/manila/manila/api/common.py:440}}
Feb 19 01:36:48.395960 np0000156449 devstack@m-api.service[99495]: DEBUG manila.share.api [None req-412345da-9818-4eb6-9cbf-a48b4fccd217 c_rally_53e7a5e6_gdYccpbH c_rally_53e7a5e6_myqNHT0h] Searching for shares by: {'is_public': 'True'} {{(pid=99495) _get_all /opt/stack/manila/manila/share/api.py:2372}}
Feb 19 01:36:48.415036 np0000156449 devstack@m-api.service[99495]: INFO manila.api.openstack.wsgi [None req-412345da-9818-4eb6-9cbf-a48b4fccd217 c_rally_53e7a5e6_gdYccpbH c_rally_53e7a5e6_myqNHT0h] https://199.204.45.209/share/v1/a59ff28384cf45b38419506b901b4a90/shares/detail?is_public=True returned with HTTP 200
Feb 19 01:36:48.415547 np0000156449 devstack@m-api.service[99495]: [pid: 99495|app: 0|req: 80/161] 199.204.45.209 () {66 vars in 1426 bytes} [Thu Feb 19 01:36:48 2026] GET /share/v1/a59ff28384cf45b38419506b901b4a90/shares/detail?is_public=True => generated 6077 bytes in 26 msecs (HTTP/1.1 200) 7 headers in 297 bytes (1 switches on core 0)
Feb 19 01:36:48.534671 np0000156449 devstack@m-api.service[99496]: INFO manila.api.openstack.wsgi [None req-dae3d6fa-f169-4afe-986e-a893655f0779 c_rally_53e7a5e6_9zumVOWd c_rally_53e7a5e6_wwkYhg3d] GET https://199.204.45.209/share/v1/b9b9119ffcfd411f85e9d06d32e7d310/shares/detail?is_public=True
Feb 19 01:36:48.534809 np0000156449 devstack@m-api.service[99496]: DEBUG manila.api.openstack.wsgi [None req-dae3d6fa-f169-4afe-986e-a893655f0779 c_rally_53e7a5e6_9zumVOWd c_rally_53e7a5e6_wwkYhg3d] No Content-Type provided in request {{(pid=99496) get_body /opt/stack/manila/manila/api/openstack/wsgi.py:648}}
Feb 19 01:36:48.534970 np0000156449 devstack@m-api.service[99496]: DEBUG manila.api.openstack.wsgi [None req-dae3d6fa-f169-4afe-986e-a893655f0779 c_rally_53e7a5e6_9zumVOWd c_rally_53e7a5e6_wwkYhg3d] Calling method 'ShareMixin.detail' {{(pid=99496) _process_stack /opt/stack/manila/manila/api/openstack/wsgi.py:798}}
Feb 19 01:36:48.535737 np0000156449 devstack@m-api.service[99496]: DEBUG manila.api.common [None req-dae3d6fa-f169-4afe-986e-a893655f0779 c_rally_53e7a5e6_9zumVOWd c_rally_53e7a5e6_wwkYhg3d] Removing options '' from query {{(pid=99496) remove_invalid_options /opt/stack/manila/manila/api/common.py:440}}
Feb 19 01:36:48.535880 np0000156449 devstack@m-api.service[99496]: DEBUG manila.share.api [None req-dae3d6fa-f169-4afe-986e-a893655f0779 c_rally_53e7a5e6_9zumVOWd c_rally_53e7a5e6_wwkYhg3d] Searching for shares by: {'is_public': 'True'} {{(pid=99496) _get_all /opt/stack/manila/manila/share/api.py:2372}}
Feb 19 01:36:48.558105 np0000156449 devstack@m-api.service[99496]: INFO manila.api.openstack.wsgi [None req-dae3d6fa-f169-4afe-986e-a893655f0779 c_rally_53e7a5e6_9zumVOWd c_rally_53e7a5e6_wwkYhg3d] https://199.204.45.209/share/v1/b9b9119ffcfd411f85e9d06d32e7d310/shares/detail?is_public=True returned with HTTP 200
Feb 19 01:36:48.558705 np0000156449 devstack@m-api.service[99496]: [pid: 99496|app: 0|req: 82/162] 199.204.45.209 () {66 vars in 1426 bytes} [Thu Feb 19 01:36:48 2026] GET /share/v1/b9b9119ffcfd411f85e9d06d32e7d310/shares/detail?is_public=True => generated 6077 bytes in 26 msecs (HTTP/1.1 200) 7 headers in 297 bytes (1 switches on core 0)
Feb 19 01:36:49.031665 np0000156449 devstack@m-api.service[99495]: INFO manila.api.openstack.wsgi [None req-25ed56a7-8a7b-4052-b099-852c41d02823 c_rally_53e7a5e6_9zumVOWd c_rally_53e7a5e6_wwkYhg3d] GET https://199.204.45.209/share/v1/b9b9119ffcfd411f85e9d06d32e7d310/shares/detail?is_public=True
Feb 19 01:36:49.031665 np0000156449 devstack@m-api.service[99495]: DEBUG manila.api.openstack.wsgi [None req-25ed56a7-8a7b-4052-b099-852c41d02823 c_rally_53e7a5e6_9zumVOWd c_rally_53e7a5e6_wwkYhg3d] No Content-Type provided in request {{(pid=99495) get_body /opt/stack/manila/manila/api/openstack/wsgi.py:648}}
Feb 19 01:36:49.031665 np0000156449 devstack@m-api.service[99495]: DEBUG manila.api.openstack.wsgi [None req-25ed56a7-8a7b-4052-b099-852c41d02823 c_rally_53e7a5e6_9zumVOWd c_rally_53e7a5e6_wwkYhg3d] Calling method 'ShareMixin.detail' {{(pid=99495) _process_stack /opt/stack/manila/manila/api/openstack/wsgi.py:798}}
Feb 19 01:36:49.032315 np0000156449 devstack@m-api.service[99495]: DEBUG manila.api.common [None req-25ed56a7-8a7b-4052-b099-852c41d02823 c_rally_53e7a5e6_9zumVOWd c_rally_53e7a5e6_wwkYhg3d] Removing options '' from query {{(pid=99495) remove_invalid_options /opt/stack/manila/manila/api/common.py:440}}
Feb 19 01:36:49.032584 np0000156449 devstack@m-api.service[99495]: DEBUG manila.share.api [None req-25ed56a7-8a7b-4052-b099-852c41d02823 c_rally_53e7a5e6_9zumVOWd c_rally_53e7a5e6_wwkYhg3d] Searching for shares by: {'is_public': 'True'} {{(pid=99495) _get_all /opt/stack/manila/manila/share/api.py:2372}}
Feb 19 01:36:49.056132 np0000156449 devstack@m-api.service[99495]: INFO manila.api.openstack.wsgi [None req-25ed56a7-8a7b-4052-b099-852c41d02823 c_rally_53e7a5e6_9zumVOWd c_rally_53e7a5e6_wwkYhg3d] https://199.204.45.209/share/v1/b9b9119ffcfd411f85e9d06d32e7d310/shares/detail?is_public=True returned with HTTP 200
Feb 19 01:36:49.056732 np0000156449 devstack@m-api.service[99495]: [pid: 99495|app: 0|req: 81/163] 199.204.45.209 () {66 vars in 1426 bytes} [Thu Feb 19 01:36:48 2026] GET /share/v1/b9b9119ffcfd411f85e9d06d32e7d310/shares/detail?is_public=True => generated 6077 bytes in 201 msecs (HTTP/1.1 200) 7 headers in 297 bytes (1 switches on core 0)
Feb 19 01:36:49.497869 np0000156449 devstack@m-api.service[99496]: INFO manila.api.openstack.wsgi [None req-30100346-f96a-48ce-953f-20fb2ee4c953 c_rally_53e7a5e6_gdYccpbH c_rally_53e7a5e6_myqNHT0h] GET https://199.204.45.209/share/v1/a59ff28384cf45b38419506b901b4a90/shares/detail?is_public=True
Feb 19 01:36:49.498318 np0000156449 devstack@m-api.service[99496]: DEBUG manila.api.openstack.wsgi [None req-30100346-f96a-48ce-953f-20fb2ee4c953 c_rally_53e7a5e6_gdYccpbH c_rally_53e7a5e6_myqNHT0h] No Content-Type provided in request {{(pid=99496) get_body /opt/stack/manila/manila/api/openstack/wsgi.py:648}}
Feb 19 01:36:49.498318 np0000156449 devstack@m-api.service[99496]: DEBUG manila.api.openstack.wsgi [None req-30100346-f96a-48ce-953f-20fb2ee4c953 c_rally_53e7a5e6_gdYccpbH c_rally_53e7a5e6_myqNHT0h] Calling method 'ShareMixin.detail' {{(pid=99496) _process_stack /opt/stack/manila/manila/api/openstack/wsgi.py:798}}
Feb 19 01:36:49.498872 np0000156449 devstack@m-api.service[99496]: DEBUG manila.api.common [None req-30100346-f96a-48ce-953f-20fb2ee4c953 c_rally_53e7a5e6_gdYccpbH c_rally_53e7a5e6_myqNHT0h] Removing options '' from query {{(pid=99496) remove_invalid_options /opt/stack/manila/manila/api/common.py:440}}
Feb 19 01:36:49.498974 np0000156449 devstack@m-api.service[99496]: DEBUG manila.share.api [None req-30100346-f96a-48ce-953f-20fb2ee4c953 c_rally_53e7a5e6_gdYccpbH c_rally_53e7a5e6_myqNHT0h] Searching for shares by: {'is_public': 'True'} {{(pid=99496) _get_all /opt/stack/manila/manila/share/api.py:2372}}
Feb 19 01:36:49.517943 np0000156449 devstack@m-api.service[99496]: INFO manila.api.openstack.wsgi [None req-30100346-f96a-48ce-953f-20fb2ee4c953 c_rally_53e7a5e6_gdYccpbH c_rally_53e7a5e6_myqNHT0h] https://199.204.45.209/share/v1/a59ff28384cf45b38419506b901b4a90/shares/detail?is_public=True returned with HTTP 200
Feb 19 01:36:49.518290 np0000156449 devstack@m-api.service[99496]: [pid: 99496|app: 0|req: 83/164] 199.204.45.209 () {66 vars in 1426 bytes} [Thu Feb 19 01:36:49 2026] GET /share/v1/a59ff28384cf45b38419506b901b4a90/shares/detail?is_public=True => generated 6077 bytes in 206 msecs (HTTP/1.1 200) 7 headers in 297 bytes (1 switches on core 0)
Feb 19 01:36:51.251661 np0000156449 devstack@m-api.service[99496]: INFO manila.api.openstack.wsgi [None req-85cca4fc-bcdf-42a2-8b15-d8df9da06f77 c_rally_53e7a5e6_9zumVOWd c_rally_53e7a5e6_wwkYhg3d] DELETE https://199.204.45.209/share/v1/b9b9119ffcfd411f85e9d06d32e7d310/shares/f1258a72-1b63-43b2-bcb2-3eed282fe5a4
Feb 19 01:36:51.251661 np0000156449 devstack@m-api.service[99496]: DEBUG manila.api.openstack.wsgi [None req-85cca4fc-bcdf-42a2-8b15-d8df9da06f77 c_rally_53e7a5e6_9zumVOWd c_rally_53e7a5e6_wwkYhg3d] No Content-Type provided in request {{(pid=99496) get_body /opt/stack/manila/manila/api/openstack/wsgi.py:648}}
Feb 19 01:36:51.251661 np0000156449 devstack@m-api.service[99496]: DEBUG manila.api.openstack.wsgi [None req-85cca4fc-bcdf-42a2-8b15-d8df9da06f77 c_rally_53e7a5e6_9zumVOWd c_rally_53e7a5e6_wwkYhg3d] Calling method 'ShareMixin.delete' {{(pid=99496) _process_stack /opt/stack/manila/manila/api/openstack/wsgi.py:798}}
Feb 19 01:36:51.252716 np0000156449 devstack@m-api.service[99496]: INFO manila.api.v2.shares [None req-85cca4fc-bcdf-42a2-8b15-d8df9da06f77 c_rally_53e7a5e6_9zumVOWd c_rally_53e7a5e6_wwkYhg3d] Delete share with id: f1258a72-1b63-43b2-bcb2-3eed282fe5a4
Feb 19 01:36:51.256712 np0000156449 devstack@m-api.service[99495]: INFO manila.api.openstack.wsgi [None req-b6e8b6d8-df6b-40ca-b627-b6209ed39ee0 c_rally_53e7a5e6_9zumVOWd c_rally_53e7a5e6_wwkYhg3d] DELETE https://199.204.45.209/share/v1/b9b9119ffcfd411f85e9d06d32e7d310/shares/2f9c0d42-e7fb-4083-b8b0-410cea840023
Feb 19 01:36:51.257074 np0000156449 devstack@m-api.service[99495]: DEBUG manila.api.openstack.wsgi [None req-b6e8b6d8-df6b-40ca-b627-b6209ed39ee0 c_rally_53e7a5e6_9zumVOWd c_rally_53e7a5e6_wwkYhg3d] No Content-Type provided in request {{(pid=99495) get_body /opt/stack/manila/manila/api/openstack/wsgi.py:648}}
Feb 19 01:36:51.257074 np0000156449 devstack@m-api.service[99495]: DEBUG manila.api.openstack.wsgi [None req-b6e8b6d8-df6b-40ca-b627-b6209ed39ee0 c_rally_53e7a5e6_9zumVOWd c_rally_53e7a5e6_wwkYhg3d] Calling method 'ShareMixin.delete' {{(pid=99495) _process_stack /opt/stack/manila/manila/api/openstack/wsgi.py:798}}
Feb 19 01:36:51.257775 np0000156449 devstack@m-api.service[99495]: INFO manila.api.v2.shares [None req-b6e8b6d8-df6b-40ca-b627-b6209ed39ee0 c_rally_53e7a5e6_9zumVOWd c_rally_53e7a5e6_wwkYhg3d] Delete share with id: 2f9c0d42-e7fb-4083-b8b0-410cea840023
Feb 19 01:36:51.363609 np0000156449 devstack@m-api.service[99495]: INFO manila.api.openstack.wsgi [None req-b6e8b6d8-df6b-40ca-b627-b6209ed39ee0 c_rally_53e7a5e6_9zumVOWd c_rally_53e7a5e6_wwkYhg3d] https://199.204.45.209/share/v1/b9b9119ffcfd411f85e9d06d32e7d310/shares/2f9c0d42-e7fb-4083-b8b0-410cea840023 returned with HTTP 202
Feb 19 01:36:51.363609 np0000156449 devstack@m-api.service[99495]: [pid: 99495|app: 0|req: 82/165] 199.204.45.209 () {68 vars in 1509 bytes} [Thu Feb 19 01:36:50 2026] DELETE /share/v1/b9b9119ffcfd411f85e9d06d32e7d310/shares/2f9c0d42-e7fb-4083-b8b0-410cea840023 => generated 0 bytes in 818 msecs (HTTP/1.1 202) 7 headers in 308 bytes (1 switches on core 0)
Feb 19 01:36:51.412666 np0000156449 devstack@m-api.service[99496]: INFO manila.api.openstack.wsgi [None req-85cca4fc-bcdf-42a2-8b15-d8df9da06f77 c_rally_53e7a5e6_9zumVOWd c_rally_53e7a5e6_wwkYhg3d] https://199.204.45.209/share/v1/b9b9119ffcfd411f85e9d06d32e7d310/shares/f1258a72-1b63-43b2-bcb2-3eed282fe5a4 returned with HTTP 202
Feb 19 01:36:51.412666 np0000156449 devstack@m-api.service[99496]: [pid: 99496|app: 0|req: 84/166] 199.204.45.209 () {68 vars in 1509 bytes} [Thu Feb 19 01:36:50 2026] DELETE /share/v1/b9b9119ffcfd411f85e9d06d32e7d310/shares/f1258a72-1b63-43b2-bcb2-3eed282fe5a4 => generated 0 bytes in 798 msecs (HTTP/1.1 202) 7 headers in 308 bytes (2 switches on core 0)
Feb 19 01:36:51.652108 np0000156449 devstack@m-api.service[99496]: INFO manila.api.openstack.wsgi [None req-5e876513-9249-4618-bcec-ad24e34ce70e c_rally_53e7a5e6_gdYccpbH c_rally_53e7a5e6_myqNHT0h] DELETE https://199.204.45.209/share/v1/a59ff28384cf45b38419506b901b4a90/shares/00910c50-8ecb-4243-b361-09b17dbca9c1
Feb 19 01:36:51.652267 np0000156449 devstack@m-api.service[99496]: DEBUG manila.api.openstack.wsgi [None req-5e876513-9249-4618-bcec-ad24e34ce70e c_rally_53e7a5e6_gdYccpbH c_rally_53e7a5e6_myqNHT0h] No Content-Type provided in request {{(pid=99496) get_body /opt/stack/manila/manila/api/openstack/wsgi.py:648}}
Feb 19 01:36:51.652444 np0000156449 devstack@m-api.service[99496]: DEBUG manila.api.openstack.wsgi [None req-5e876513-9249-4618-bcec-ad24e34ce70e c_rally_53e7a5e6_gdYccpbH c_rally_53e7a5e6_myqNHT0h] Calling method 'ShareMixin.delete' {{(pid=99496) _process_stack /opt/stack/manila/manila/api/openstack/wsgi.py:798}}
Feb 19 01:36:51.653918 np0000156449 devstack@m-api.service[99496]: INFO manila.api.v2.shares [None req-5e876513-9249-4618-bcec-ad24e34ce70e c_rally_53e7a5e6_gdYccpbH c_rally_53e7a5e6_myqNHT0h] Delete share with id: 00910c50-8ecb-4243-b361-09b17dbca9c1
Feb 19 01:36:51.663220 np0000156449 devstack@m-api.service[99495]: INFO manila.api.openstack.wsgi [None req-1153db7c-fd72-4046-bac4-f307833abfc1 c_rally_53e7a5e6_9zumVOWd c_rally_53e7a5e6_wwkYhg3d] DELETE https://199.204.45.209/share/v1/b9b9119ffcfd411f85e9d06d32e7d310/shares/8d01dc2b-7091-4446-a376-d9e3f6658682
Feb 19 01:36:51.663545 np0000156449 devstack@m-api.service[99495]: DEBUG manila.api.openstack.wsgi [None req-1153db7c-fd72-4046-bac4-f307833abfc1 c_rally_53e7a5e6_9zumVOWd c_rally_53e7a5e6_wwkYhg3d] No Content-Type provided in request {{(pid=99495) get_body /opt/stack/manila/manila/api/openstack/wsgi.py:648}}
Feb 19 01:36:51.665211 np0000156449 devstack@m-api.service[99495]: DEBUG manila.api.openstack.wsgi [None req-1153db7c-fd72-4046-bac4-f307833abfc1 c_rally_53e7a5e6_9zumVOWd c_rally_53e7a5e6_wwkYhg3d] Calling method 'ShareMixin.delete' {{(pid=99495) _process_stack /opt/stack/manila/manila/api/openstack/wsgi.py:798}}
Feb 19 01:36:51.665475 np0000156449 devstack@m-api.service[99495]: INFO manila.api.v2.shares [None req-1153db7c-fd72-4046-bac4-f307833abfc1 c_rally_53e7a5e6_9zumVOWd c_rally_53e7a5e6_wwkYhg3d] Delete share with id: 8d01dc2b-7091-4446-a376-d9e3f6658682
Feb 19 01:36:51.762099 np0000156449 devstack@m-api.service[99496]: INFO manila.api.openstack.wsgi [None req-5e876513-9249-4618-bcec-ad24e34ce70e c_rally_53e7a5e6_gdYccpbH c_rally_53e7a5e6_myqNHT0h] https://199.204.45.209/share/v1/a59ff28384cf45b38419506b901b4a90/shares/00910c50-8ecb-4243-b361-09b17dbca9c1 returned with HTTP 202
Feb 19 01:36:51.764595 np0000156449 devstack@m-api.service[99496]: [pid: 99496|app: 0|req: 85/167] 199.204.45.209 () {68 vars in 1509 bytes} [Thu Feb 19 01:36:51 2026] DELETE /share/v1/a59ff28384cf45b38419506b901b4a90/shares/00910c50-8ecb-4243-b361-09b17dbca9c1 => generated 0 bytes in 352 msecs (HTTP/1.1 202) 7 headers in 308 bytes (1 switches on core 0)
Feb 19 01:36:51.808830 np0000156449 devstack@m-api.service[99495]: INFO manila.api.openstack.wsgi [None req-1153db7c-fd72-4046-bac4-f307833abfc1 c_rally_53e7a5e6_9zumVOWd c_rally_53e7a5e6_wwkYhg3d] https://199.204.45.209/share/v1/b9b9119ffcfd411f85e9d06d32e7d310/shares/8d01dc2b-7091-4446-a376-d9e3f6658682 returned with HTTP 202
Feb 19 01:36:51.810068 np0000156449 devstack@m-api.service[99495]: [pid: 99495|app: 0|req: 83/168] 199.204.45.209 () {68 vars in 1509 bytes} [Thu Feb 19 01:36:51 2026] DELETE /share/v1/b9b9119ffcfd411f85e9d06d32e7d310/shares/8d01dc2b-7091-4446-a376-d9e3f6658682 => generated 0 bytes in 445 msecs (HTTP/1.1 202) 7 headers in 308 bytes (1 switches on core 0)
Feb 19 01:36:51.959486 np0000156449 devstack@m-api.service[99496]: INFO manila.api.openstack.wsgi [None req-ed878392-88c3-41c8-a680-45e0e07ff334 c_rally_53e7a5e6_gdYccpbH c_rally_53e7a5e6_myqNHT0h] DELETE https://199.204.45.209/share/v1/a59ff28384cf45b38419506b901b4a90/shares/347a8e78-3b60-4059-b659-382164006654
Feb 19 01:36:51.959486 np0000156449 devstack@m-api.service[99496]: DEBUG manila.api.openstack.wsgi [None req-ed878392-88c3-41c8-a680-45e0e07ff334 c_rally_53e7a5e6_gdYccpbH c_rally_53e7a5e6_myqNHT0h] No Content-Type provided in request {{(pid=99496) get_body /opt/stack/manila/manila/api/openstack/wsgi.py:648}}
Feb 19 01:36:51.959674 np0000156449 devstack@m-api.service[99496]: DEBUG manila.api.openstack.wsgi [None req-ed878392-88c3-41c8-a680-45e0e07ff334 c_rally_53e7a5e6_gdYccpbH c_rally_53e7a5e6_myqNHT0h] Calling method 'ShareMixin.delete' {{(pid=99496) _process_stack /opt/stack/manila/manila/api/openstack/wsgi.py:798}}
Feb 19 01:36:51.960891 np0000156449 devstack@m-api.service[99496]: INFO manila.api.v2.shares [None req-ed878392-88c3-41c8-a680-45e0e07ff334 c_rally_53e7a5e6_gdYccpbH c_rally_53e7a5e6_myqNHT0h] Delete share with id: 347a8e78-3b60-4059-b659-382164006654
Feb 19 01:36:52.108190 np0000156449 devstack@m-api.service[99495]: INFO manila.api.openstack.wsgi [None req-f76ed51f-7f6a-4393-ab7e-35889ab627af c_rally_53e7a5e6_gdYccpbH c_rally_53e7a5e6_myqNHT0h] DELETE https://199.204.45.209/share/v1/a59ff28384cf45b38419506b901b4a90/shares/1180dd67-8bc2-4450-816d-19d91c5d3159
Feb 19 01:36:52.108443 np0000156449 devstack@m-api.service[99495]: DEBUG manila.api.openstack.wsgi [None req-f76ed51f-7f6a-4393-ab7e-35889ab627af c_rally_53e7a5e6_gdYccpbH c_rally_53e7a5e6_myqNHT0h] No Content-Type provided in request {{(pid=99495) get_body /opt/stack/manila/manila/api/openstack/wsgi.py:648}}
Feb 19 01:36:52.108726 np0000156449 devstack@m-api.service[99495]: DEBUG manila.api.openstack.wsgi [None req-f76ed51f-7f6a-4393-ab7e-35889ab627af c_rally_53e7a5e6_gdYccpbH c_rally_53e7a5e6_myqNHT0h] Calling method 'ShareMixin.delete' {{(pid=99495) _process_stack /opt/stack/manila/manila/api/openstack/wsgi.py:798}}
Feb 19 01:36:52.109518 np0000156449 devstack@m-api.service[99495]: INFO manila.api.v2.shares [None req-f76ed51f-7f6a-4393-ab7e-35889ab627af c_rally_53e7a5e6_gdYccpbH c_rally_53e7a5e6_myqNHT0h] Delete share with id: 1180dd67-8bc2-4450-816d-19d91c5d3159
Feb 19 01:36:52.120304 np0000156449 devstack@m-api.service[99496]: INFO manila.api.openstack.wsgi [None req-ed878392-88c3-41c8-a680-45e0e07ff334 c_rally_53e7a5e6_gdYccpbH c_rally_53e7a5e6_myqNHT0h] https://199.204.45.209/share/v1/a59ff28384cf45b38419506b901b4a90/shares/347a8e78-3b60-4059-b659-382164006654 returned with HTTP 202
Feb 19 01:36:52.120765 np0000156449 devstack@m-api.service[99496]: [pid: 99496|app: 0|req: 86/169] 199.204.45.209 () {68 vars in 1509 bytes} [Thu Feb 19 01:36:51 2026] DELETE /share/v1/a59ff28384cf45b38419506b901b4a90/shares/347a8e78-3b60-4059-b659-382164006654 => generated 0 bytes in 357 msecs (HTTP/1.1 202) 7 headers in 308 bytes (1 switches on core 0)
Feb 19 01:36:52.289275 np0000156449 devstack@m-api.service[99495]: INFO manila.api.openstack.wsgi [None req-f76ed51f-7f6a-4393-ab7e-35889ab627af c_rally_53e7a5e6_gdYccpbH c_rally_53e7a5e6_myqNHT0h] https://199.204.45.209/share/v1/a59ff28384cf45b38419506b901b4a90/shares/1180dd67-8bc2-4450-816d-19d91c5d3159 returned with HTTP 202
Feb 19 01:36:52.292688 np0000156449 devstack@m-api.service[99495]: [pid: 99495|app: 0|req: 84/170] 199.204.45.209 () {68 vars in 1509 bytes} [Thu Feb 19 01:36:51 2026] DELETE /share/v1/a59ff28384cf45b38419506b901b4a90/shares/1180dd67-8bc2-4450-816d-19d91c5d3159 => generated 0 bytes in 482 msecs (HTTP/1.1 202) 7 headers in 308 bytes (1 switches on core 0)
Feb 19 01:36:52.300210 np0000156449 devstack@m-api.service[99496]: INFO manila.api.openstack.wsgi [None req-9697718d-dd5e-4ca6-9f4a-80353bc6dc94 c_rally_53e7a5e6_9zumVOWd c_rally_53e7a5e6_wwkYhg3d] DELETE https://199.204.45.209/share/v1/b9b9119ffcfd411f85e9d06d32e7d310/shares/929e51ce-f64b-4562-b0cf-539092607b45
Feb 19 01:36:52.300457 np0000156449 devstack@m-api.service[99496]: DEBUG manila.api.openstack.wsgi [None req-9697718d-dd5e-4ca6-9f4a-80353bc6dc94 c_rally_53e7a5e6_9zumVOWd c_rally_53e7a5e6_wwkYhg3d] No Content-Type provided in request {{(pid=99496) get_body /opt/stack/manila/manila/api/openstack/wsgi.py:648}}
Feb 19 01:36:52.300497 np0000156449 devstack@m-api.service[99496]: DEBUG manila.api.openstack.wsgi [None req-9697718d-dd5e-4ca6-9f4a-80353bc6dc94 c_rally_53e7a5e6_9zumVOWd c_rally_53e7a5e6_wwkYhg3d] Calling method 'ShareMixin.delete' {{(pid=99496) _process_stack /opt/stack/manila/manila/api/openstack/wsgi.py:798}}
Feb 19 01:36:52.302661 np0000156449 devstack@m-api.service[99496]: INFO manila.api.v2.shares [None req-9697718d-dd5e-4ca6-9f4a-80353bc6dc94 c_rally_53e7a5e6_9zumVOWd c_rally_53e7a5e6_wwkYhg3d] Delete share with id: 929e51ce-f64b-4562-b0cf-539092607b45
Feb 19 01:36:52.472334 np0000156449 devstack@m-api.service[99496]: INFO manila.api.openstack.wsgi [None req-9697718d-dd5e-4ca6-9f4a-80353bc6dc94 c_rally_53e7a5e6_9zumVOWd c_rally_53e7a5e6_wwkYhg3d] https://199.204.45.209/share/v1/b9b9119ffcfd411f85e9d06d32e7d310/shares/929e51ce-f64b-4562-b0cf-539092607b45 returned with HTTP 202
Feb 19 01:36:52.473693 np0000156449 devstack@m-api.service[99496]: [pid: 99496|app: 0|req: 87/171] 199.204.45.209 () {68 vars in 1509 bytes} [Thu Feb 19 01:36:52 2026] DELETE /share/v1/b9b9119ffcfd411f85e9d06d32e7d310/shares/929e51ce-f64b-4562-b0cf-539092607b45 => generated 0 bytes in 352 msecs (HTTP/1.1 202) 7 headers in 308 bytes (1 switches on core 0)
Feb 19 01:36:52.534567 np0000156449 devstack@m-api.service[99495]: INFO manila.api.openstack.wsgi [None req-22ac0e97-c7df-40f3-9894-702f0f5b0b3b c_rally_53e7a5e6_9zumVOWd c_rally_53e7a5e6_wwkYhg3d] DELETE https://199.204.45.209/share/v1/b9b9119ffcfd411f85e9d06d32e7d310/shares/a6e18c45-78e6-4afe-8e30-438c4a23860c
Feb 19 01:36:52.536525 np0000156449 devstack@m-api.service[99495]: DEBUG manila.api.openstack.wsgi [None req-22ac0e97-c7df-40f3-9894-702f0f5b0b3b c_rally_53e7a5e6_9zumVOWd c_rally_53e7a5e6_wwkYhg3d] No Content-Type provided in request {{(pid=99495) get_body /opt/stack/manila/manila/api/openstack/wsgi.py:648}}
Feb 19 01:36:52.538083 np0000156449 devstack@m-api.service[99495]: DEBUG manila.api.openstack.wsgi [None req-22ac0e97-c7df-40f3-9894-702f0f5b0b3b c_rally_53e7a5e6_9zumVOWd c_rally_53e7a5e6_wwkYhg3d] Calling method 'ShareMixin.delete' {{(pid=99495) _process_stack /opt/stack/manila/manila/api/openstack/wsgi.py:798}}
Feb 19 01:36:52.538083 np0000156449 devstack@m-api.service[99495]: INFO manila.api.v2.shares [None req-22ac0e97-c7df-40f3-9894-702f0f5b0b3b c_rally_53e7a5e6_9zumVOWd c_rally_53e7a5e6_wwkYhg3d] Delete share with id: a6e18c45-78e6-4afe-8e30-438c4a23860c
Feb 19 01:36:52.667324 np0000156449 devstack@m-api.service[99495]: INFO manila.api.openstack.wsgi [None req-22ac0e97-c7df-40f3-9894-702f0f5b0b3b c_rally_53e7a5e6_9zumVOWd c_rally_53e7a5e6_wwkYhg3d] https://199.204.45.209/share/v1/b9b9119ffcfd411f85e9d06d32e7d310/shares/a6e18c45-78e6-4afe-8e30-438c4a23860c returned with HTTP 202
Feb 19 01:36:52.669790 np0000156449 devstack@m-api.service[99495]: [pid: 99495|app: 0|req: 85/172] 199.204.45.209 () {68 vars in 1509 bytes} [Thu Feb 19 01:36:52 2026] DELETE /share/v1/b9b9119ffcfd411f85e9d06d32e7d310/shares/a6e18c45-78e6-4afe-8e30-438c4a23860c => generated 0 bytes in 377 msecs (HTTP/1.1 202) 7 headers in 308 bytes (1 switches on core 0)
Feb 19 01:36:52.671326 np0000156449 devstack@m-api.service[99496]: INFO manila.api.openstack.wsgi [None req-5c76df16-1423-47a1-a22e-61401f759127 c_rally_53e7a5e6_gdYccpbH c_rally_53e7a5e6_myqNHT0h] DELETE https://199.204.45.209/share/v1/a59ff28384cf45b38419506b901b4a90/shares/85a22b13-cfc8-422e-acf5-7940795342c2
Feb 19 01:36:52.671951 np0000156449 devstack@m-api.service[99496]: DEBUG manila.api.openstack.wsgi [None req-5c76df16-1423-47a1-a22e-61401f759127 c_rally_53e7a5e6_gdYccpbH c_rally_53e7a5e6_myqNHT0h] No Content-Type provided in request {{(pid=99496) get_body /opt/stack/manila/manila/api/openstack/wsgi.py:648}}
Feb 19 01:36:52.671951 np0000156449 devstack@m-api.service[99496]: DEBUG manila.api.openstack.wsgi [None req-5c76df16-1423-47a1-a22e-61401f759127 c_rally_53e7a5e6_gdYccpbH c_rally_53e7a5e6_myqNHT0h] Calling method 'ShareMixin.delete' {{(pid=99496) _process_stack /opt/stack/manila/manila/api/openstack/wsgi.py:798}}
Feb 19 01:36:52.674659 np0000156449 devstack@m-api.service[99496]: INFO manila.api.v2.shares [None req-5c76df16-1423-47a1-a22e-61401f759127 c_rally_53e7a5e6_gdYccpbH c_rally_53e7a5e6_myqNHT0h] Delete share with id: 85a22b13-cfc8-422e-acf5-7940795342c2
Feb 19 01:36:52.852440 np0000156449 devstack@m-api.service[99495]: INFO manila.api.openstack.wsgi [None req-a6740a43-d801-4ca9-a07d-d994eccac670 c_rally_53e7a5e6_gdYccpbH c_rally_53e7a5e6_myqNHT0h] DELETE https://199.204.45.209/share/v1/a59ff28384cf45b38419506b901b4a90/shares/a6bfb7bc-aaf0-4b7d-bfe8-f96238351a91
Feb 19 01:36:52.852612 np0000156449 devstack@m-api.service[99495]: DEBUG manila.api.openstack.wsgi [None req-a6740a43-d801-4ca9-a07d-d994eccac670 c_rally_53e7a5e6_gdYccpbH c_rally_53e7a5e6_myqNHT0h] No Content-Type provided in request {{(pid=99495) get_body /opt/stack/manila/manila/api/openstack/wsgi.py:648}}
Feb 19 01:36:52.853050 np0000156449 devstack@m-api.service[99495]: DEBUG manila.api.openstack.wsgi [None req-a6740a43-d801-4ca9-a07d-d994eccac670 c_rally_53e7a5e6_gdYccpbH c_rally_53e7a5e6_myqNHT0h] Calling method 'ShareMixin.delete' {{(pid=99495) _process_stack /opt/stack/manila/manila/api/openstack/wsgi.py:798}}
Feb 19 01:36:52.853599 np0000156449 devstack@m-api.service[99495]: INFO manila.api.v2.shares [None req-a6740a43-d801-4ca9-a07d-d994eccac670 c_rally_53e7a5e6_gdYccpbH c_rally_53e7a5e6_myqNHT0h] Delete share with id: a6bfb7bc-aaf0-4b7d-bfe8-f96238351a91
Feb 19 01:36:52.951066 np0000156449 devstack@m-api.service[99495]: INFO manila.api.openstack.wsgi [None req-a6740a43-d801-4ca9-a07d-d994eccac670 c_rally_53e7a5e6_gdYccpbH c_rally_53e7a5e6_myqNHT0h] https://199.204.45.209/share/v1/a59ff28384cf45b38419506b901b4a90/shares/a6bfb7bc-aaf0-4b7d-bfe8-f96238351a91 returned with HTTP 202
Feb 19 01:36:52.951477 np0000156449 devstack@m-api.service[99495]: [pid: 99495|app: 0|req: 86/173] 199.204.45.209 () {68 vars in 1509 bytes} [Thu Feb 19 01:36:52 2026] DELETE /share/v1/a59ff28384cf45b38419506b901b4a90/shares/a6bfb7bc-aaf0-4b7d-bfe8-f96238351a91 => generated 0 bytes in 281 msecs (HTTP/1.1 202) 7 headers in 308 bytes (1 switches on core 0)
Feb 19 01:36:52.954097 np0000156449 devstack@m-api.service[99495]: INFO manila.api.openstack.wsgi [None req-48d0fb43-5017-41e9-b78a-6f5ec6b7b6eb c_rally_53e7a5e6_9zumVOWd c_rally_53e7a5e6_wwkYhg3d] GET https://199.204.45.209/share/v1/b9b9119ffcfd411f85e9d06d32e7d310/shares/2f9c0d42-e7fb-4083-b8b0-410cea840023
Feb 19 01:36:52.954931 np0000156449 devstack@m-api.service[99495]: DEBUG manila.api.openstack.wsgi [None req-48d0fb43-5017-41e9-b78a-6f5ec6b7b6eb c_rally_53e7a5e6_9zumVOWd c_rally_53e7a5e6_wwkYhg3d] No Content-Type provided in request {{(pid=99495) get_body /opt/stack/manila/manila/api/openstack/wsgi.py:648}}
Feb 19 01:36:52.955172 np0000156449 devstack@m-api.service[99495]: DEBUG manila.api.openstack.wsgi [None req-48d0fb43-5017-41e9-b78a-6f5ec6b7b6eb c_rally_53e7a5e6_9zumVOWd c_rally_53e7a5e6_wwkYhg3d] Calling method 'ShareMixin.show' {{(pid=99495) _process_stack /opt/stack/manila/manila/api/openstack/wsgi.py:798}}
Feb 19 01:36:52.996626 np0000156449 devstack@m-api.service[99495]: INFO manila.api.openstack.wsgi [None req-48d0fb43-5017-41e9-b78a-6f5ec6b7b6eb c_rally_53e7a5e6_9zumVOWd c_rally_53e7a5e6_wwkYhg3d] https://199.204.45.209/share/v1/b9b9119ffcfd411f85e9d06d32e7d310/shares/2f9c0d42-e7fb-4083-b8b0-410cea840023 returned with HTTP 200
Feb 19 01:36:53.001658 np0000156449 devstack@m-api.service[99495]: [pid: 99495|app: 0|req: 87/174] 199.204.45.209 () {66 vars in 1487 bytes} [Thu Feb 19 01:36:52 2026] GET /share/v1/b9b9119ffcfd411f85e9d06d32e7d310/shares/2f9c0d42-e7fb-4083-b8b0-410cea840023 => generated 884 bytes in 49 msecs (HTTP/1.1 200) 7 headers in 296 bytes (1 switches on core 0)
Feb 19 01:36:53.008659 np0000156449 devstack@m-api.service[99495]: INFO manila.api.openstack.wsgi [None req-8ba8941c-bce0-45e8-97cf-c428985d4aaf c_rally_53e7a5e6_9zumVOWd c_rally_53e7a5e6_wwkYhg3d] GET https://199.204.45.209/share/v1/b9b9119ffcfd411f85e9d06d32e7d310/shares/f1258a72-1b63-43b2-bcb2-3eed282fe5a4
Feb 19 01:36:53.012654 np0000156449 devstack@m-api.service[99495]: DEBUG manila.api.openstack.wsgi [None req-8ba8941c-bce0-45e8-97cf-c428985d4aaf c_rally_53e7a5e6_9zumVOWd c_rally_53e7a5e6_wwkYhg3d] No Content-Type provided in request {{(pid=99495) get_body /opt/stack/manila/manila/api/openstack/wsgi.py:648}}
Feb 19 01:36:53.012654 np0000156449 devstack@m-api.service[99495]: DEBUG manila.api.openstack.wsgi [None req-8ba8941c-bce0-45e8-97cf-c428985d4aaf c_rally_53e7a5e6_9zumVOWd c_rally_53e7a5e6_wwkYhg3d] Calling method 'ShareMixin.show' {{(pid=99495) _process_stack /opt/stack/manila/manila/api/openstack/wsgi.py:798}}
Feb 19 01:36:53.027258 np0000156449 devstack@m-api.service[99495]: INFO manila.api.openstack.wsgi [None req-8ba8941c-bce0-45e8-97cf-c428985d4aaf c_rally_53e7a5e6_9zumVOWd c_rally_53e7a5e6_wwkYhg3d] https://199.204.45.209/share/v1/b9b9119ffcfd411f85e9d06d32e7d310/shares/f1258a72-1b63-43b2-bcb2-3eed282fe5a4 returned with HTTP 200
Feb 19 01:36:53.030655 np0000156449 devstack@m-api.service[99495]: [pid: 99495|app: 0|req: 88/175] 199.204.45.209 () {66 vars in 1487 bytes} [Thu Feb 19 01:36:53 2026] GET /share/v1/b9b9119ffcfd411f85e9d06d32e7d310/shares/f1258a72-1b63-43b2-bcb2-3eed282fe5a4 => generated 884 bytes in 26 msecs (HTTP/1.1 200) 7 headers in 296 bytes (1 switches on core 0)
Feb 19 01:36:53.031112 np0000156449 devstack@m-api.service[99495]: INFO manila.api.openstack.wsgi [None req-af3c521e-3995-4cef-b5ac-45cc01bad474 c_rally_53e7a5e6_gdYccpbH c_rally_53e7a5e6_myqNHT0h] GET https://199.204.45.209/share/v1/a59ff28384cf45b38419506b901b4a90/shares/00910c50-8ecb-4243-b361-09b17dbca9c1
