Feb 19 01:36:28.365415 np0000156449 devstack@m-api.service[99495]: [pid: 99495|app: 0|req: 48/97] 199.204.45.209 () {66 vars in 1487 bytes} [Thu Feb 19 01:36:28 2026] GET /share/v1/8f1efd3aa0614772a948435d887a9a2a/shares/8718c56d-ce62-44bf-8be9-7ce360a40d2c => generated 78 bytes in 15 msecs (HTTP/1.1 404) 7 headers in 302 bytes (1 switches on core 0)
Feb 19 01:36:28.424585 np0000156449 devstack@m-api.service[99496]: INFO manila.api.openstack.wsgi [None req-8724040f-497e-4539-831b-41be51b895e0 c_rally_29b377fa_diASrumr c_rally_29b377fa_mWehgm5K] GET https://199.204.45.209/share/v1/8f1efd3aa0614772a948435d887a9a2a/shares/76fe0312-b352-4f70-b09e-e1c230897e4e
Feb 19 01:36:28.425132 np0000156449 devstack@m-api.service[99496]: DEBUG manila.api.openstack.wsgi [None req-8724040f-497e-4539-831b-41be51b895e0 c_rally_29b377fa_diASrumr c_rally_29b377fa_mWehgm5K] No Content-Type provided in request {{(pid=99496) get_body /opt/stack/manila/manila/api/openstack/wsgi.py:648}}
Feb 19 01:36:28.425468 np0000156449 devstack@m-api.service[99496]: DEBUG manila.api.openstack.wsgi [None req-8724040f-497e-4539-831b-41be51b895e0 c_rally_29b377fa_diASrumr c_rally_29b377fa_mWehgm5K] Calling method 'ShareMixin.show' {{(pid=99496) _process_stack /opt/stack/manila/manila/api/openstack/wsgi.py:798}}
Feb 19 01:36:28.432885 np0000156449 devstack@m-api.service[99496]: INFO manila.api.openstack.wsgi [None req-8724040f-497e-4539-831b-41be51b895e0 c_rally_29b377fa_diASrumr c_rally_29b377fa_mWehgm5K] HTTP exception thrown: The resource could not be found.
Feb 19 01:36:28.432990 np0000156449 devstack@m-api.service[99496]: INFO manila.api.openstack.wsgi [None req-8724040f-497e-4539-831b-41be51b895e0 c_rally_29b377fa_diASrumr c_rally_29b377fa_mWehgm5K] https://199.204.45.209/share/v1/8f1efd3aa0614772a948435d887a9a2a/shares/76fe0312-b352-4f70-b09e-e1c230897e4e returned with HTTP 404
Feb 19 01:36:28.433780 np0000156449 devstack@m-api.service[99496]: [pid: 99496|app: 0|req: 50/98] 199.204.45.209 () {66 vars in 1487 bytes} [Thu Feb 19 01:36:28 2026] GET /share/v1/8f1efd3aa0614772a948435d887a9a2a/shares/76fe0312-b352-4f70-b09e-e1c230897e4e => generated 78 bytes in 13 msecs (HTTP/1.1 404) 7 headers in 302 bytes (1 switches on core 0)
Feb 19 01:36:28.597228 np0000156449 devstack@m-api.service[99495]: INFO manila.api.openstack.wsgi [None req-5b8326d8-0772-4aa3-a021-7de4136b9459 c_rally_29b377fa_A0NABhwi c_rally_29b377fa_f3Unilkq] GET https://199.204.45.209/share/v1/c1535add8c144b7cb23be8f50da2038b/shares/d41223fd-79da-43c5-96f4-fdb31734c288
Feb 19 01:36:28.597429 np0000156449 devstack@m-api.service[99495]: DEBUG manila.api.openstack.wsgi [None req-5b8326d8-0772-4aa3-a021-7de4136b9459 c_rally_29b377fa_A0NABhwi c_rally_29b377fa_f3Unilkq] No Content-Type provided in request {{(pid=99495) get_body /opt/stack/manila/manila/api/openstack/wsgi.py:648}}
Feb 19 01:36:28.597664 np0000156449 devstack@m-api.service[99495]: DEBUG manila.api.openstack.wsgi [None req-5b8326d8-0772-4aa3-a021-7de4136b9459 c_rally_29b377fa_A0NABhwi c_rally_29b377fa_f3Unilkq] Calling method 'ShareMixin.show' {{(pid=99495) _process_stack /opt/stack/manila/manila/api/openstack/wsgi.py:798}}
Feb 19 01:36:28.603584 np0000156449 devstack@m-api.service[99495]: INFO manila.api.openstack.wsgi [None req-5b8326d8-0772-4aa3-a021-7de4136b9459 c_rally_29b377fa_A0NABhwi c_rally_29b377fa_f3Unilkq] HTTP exception thrown: The resource could not be found.
Feb 19 01:36:28.603782 np0000156449 devstack@m-api.service[99495]: INFO manila.api.openstack.wsgi [None req-5b8326d8-0772-4aa3-a021-7de4136b9459 c_rally_29b377fa_A0NABhwi c_rally_29b377fa_f3Unilkq] https://199.204.45.209/share/v1/c1535add8c144b7cb23be8f50da2038b/shares/d41223fd-79da-43c5-96f4-fdb31734c288 returned with HTTP 404
Feb 19 01:36:28.604470 np0000156449 devstack@m-api.service[99495]: [pid: 99495|app: 0|req: 49/99] 199.204.45.209 () {66 vars in 1487 bytes} [Thu Feb 19 01:36:28 2026] GET /share/v1/c1535add8c144b7cb23be8f50da2038b/shares/d41223fd-79da-43c5-96f4-fdb31734c288 => generated 78 bytes in 10 msecs (HTTP/1.1 404) 7 headers in 302 bytes (1 switches on core 0)
Feb 19 01:36:28.743750 np0000156449 devstack@m-api.service[99496]: INFO manila.api.openstack.wsgi [None req-ecdcc62d-6447-4825-9a3a-f41c7e7fefce c_rally_29b377fa_A0NABhwi c_rally_29b377fa_f3Unilkq] GET https://199.204.45.209/share/v1/c1535add8c144b7cb23be8f50da2038b/shares/34a5e8ac-89ac-4618-89ef-68732079adbe
Feb 19 01:36:28.743926 np0000156449 devstack@m-api.service[99496]: DEBUG manila.api.openstack.wsgi [None req-ecdcc62d-6447-4825-9a3a-f41c7e7fefce c_rally_29b377fa_A0NABhwi c_rally_29b377fa_f3Unilkq] No Content-Type provided in request {{(pid=99496) get_body /opt/stack/manila/manila/api/openstack/wsgi.py:648}}
Feb 19 01:36:28.744273 np0000156449 devstack@m-api.service[99496]: DEBUG manila.api.openstack.wsgi [None req-ecdcc62d-6447-4825-9a3a-f41c7e7fefce c_rally_29b377fa_A0NABhwi c_rally_29b377fa_f3Unilkq] Calling method 'ShareMixin.show' {{(pid=99496) _process_stack /opt/stack/manila/manila/api/openstack/wsgi.py:798}}
Feb 19 01:36:28.749917 np0000156449 devstack@m-api.service[99496]: INFO manila.api.openstack.wsgi [None req-ecdcc62d-6447-4825-9a3a-f41c7e7fefce c_rally_29b377fa_A0NABhwi c_rally_29b377fa_f3Unilkq] HTTP exception thrown: The resource could not be found.
Feb 19 01:36:28.750046 np0000156449 devstack@m-api.service[99496]: INFO manila.api.openstack.wsgi [None req-ecdcc62d-6447-4825-9a3a-f41c7e7fefce c_rally_29b377fa_A0NABhwi c_rally_29b377fa_f3Unilkq] https://199.204.45.209/share/v1/c1535add8c144b7cb23be8f50da2038b/shares/34a5e8ac-89ac-4618-89ef-68732079adbe returned with HTTP 404
Feb 19 01:36:28.751136 np0000156449 devstack@m-api.service[99496]: [pid: 99496|app: 0|req: 51/100] 199.204.45.209 () {66 vars in 1487 bytes} [Thu Feb 19 01:36:28 2026] GET /share/v1/c1535add8c144b7cb23be8f50da2038b/shares/34a5e8ac-89ac-4618-89ef-68732079adbe => generated 78 bytes in 11 msecs (HTTP/1.1 404) 7 headers in 302 bytes (1 switches on core 0)
Feb 19 01:36:29.116371 np0000156449 devstack@m-api.service[99495]: INFO manila.api.openstack.wsgi [None req-0c24084e-7fb2-41bf-aec7-886d0678ed84 c_rally_29b377fa_diASrumr c_rally_29b377fa_mWehgm5K] GET https://199.204.45.209/share/v1/8f1efd3aa0614772a948435d887a9a2a/shares/8e54b234-5da9-4443-9ea8-d169007763ac
Feb 19 01:36:29.116371 np0000156449 devstack@m-api.service[99495]: DEBUG manila.api.openstack.wsgi [None req-0c24084e-7fb2-41bf-aec7-886d0678ed84 c_rally_29b377fa_diASrumr c_rally_29b377fa_mWehgm5K] No Content-Type provided in request {{(pid=99495) get_body /opt/stack/manila/manila/api/openstack/wsgi.py:648}}
Feb 19 01:36:29.116371 np0000156449 devstack@m-api.service[99495]: DEBUG manila.api.openstack.wsgi [None req-0c24084e-7fb2-41bf-aec7-886d0678ed84 c_rally_29b377fa_diASrumr c_rally_29b377fa_mWehgm5K] Calling method 'ShareMixin.show' {{(pid=99495) _process_stack /opt/stack/manila/manila/api/openstack/wsgi.py:798}}
Feb 19 01:36:29.124135 np0000156449 devstack@m-api.service[99495]: INFO manila.api.openstack.wsgi [None req-0c24084e-7fb2-41bf-aec7-886d0678ed84 c_rally_29b377fa_diASrumr c_rally_29b377fa_mWehgm5K] HTTP exception thrown: The resource could not be found.
Feb 19 01:36:29.124610 np0000156449 devstack@m-api.service[99495]: INFO manila.api.openstack.wsgi [None req-0c24084e-7fb2-41bf-aec7-886d0678ed84 c_rally_29b377fa_diASrumr c_rally_29b377fa_mWehgm5K] https://199.204.45.209/share/v1/8f1efd3aa0614772a948435d887a9a2a/shares/8e54b234-5da9-4443-9ea8-d169007763ac returned with HTTP 404
Feb 19 01:36:29.125684 np0000156449 devstack@m-api.service[99495]: [pid: 99495|app: 0|req: 50/101] 199.204.45.209 () {66 vars in 1487 bytes} [Thu Feb 19 01:36:29 2026] GET /share/v1/8f1efd3aa0614772a948435d887a9a2a/shares/8e54b234-5da9-4443-9ea8-d169007763ac => generated 78 bytes in 13 msecs (HTTP/1.1 404) 7 headers in 302 bytes (1 switches on core 0)
Feb 19 01:36:29.200264 np0000156449 devstack@m-api.service[99496]: INFO manila.api.openstack.wsgi [None req-f12cba29-d82d-4e27-9da3-eae69a714276 c_rally_29b377fa_diASrumr c_rally_29b377fa_mWehgm5K] GET https://199.204.45.209/share/v1/8f1efd3aa0614772a948435d887a9a2a/shares/3a1f642e-844b-4315-8f47-af93d4882e23
Feb 19 01:36:29.200264 np0000156449 devstack@m-api.service[99496]: DEBUG manila.api.openstack.wsgi [None req-f12cba29-d82d-4e27-9da3-eae69a714276 c_rally_29b377fa_diASrumr c_rally_29b377fa_mWehgm5K] No Content-Type provided in request {{(pid=99496) get_body /opt/stack/manila/manila/api/openstack/wsgi.py:648}}
Feb 19 01:36:29.200264 np0000156449 devstack@m-api.service[99496]: DEBUG manila.api.openstack.wsgi [None req-f12cba29-d82d-4e27-9da3-eae69a714276 c_rally_29b377fa_diASrumr c_rally_29b377fa_mWehgm5K] Calling method 'ShareMixin.show' {{(pid=99496) _process_stack /opt/stack/manila/manila/api/openstack/wsgi.py:798}}
Feb 19 01:36:29.205484 np0000156449 devstack@m-api.service[99496]: INFO manila.api.openstack.wsgi [None req-f12cba29-d82d-4e27-9da3-eae69a714276 c_rally_29b377fa_diASrumr c_rally_29b377fa_mWehgm5K] HTTP exception thrown: The resource could not be found.
Feb 19 01:36:29.205678 np0000156449 devstack@m-api.service[99496]: INFO manila.api.openstack.wsgi [None req-f12cba29-d82d-4e27-9da3-eae69a714276 c_rally_29b377fa_diASrumr c_rally_29b377fa_mWehgm5K] https://199.204.45.209/share/v1/8f1efd3aa0614772a948435d887a9a2a/shares/3a1f642e-844b-4315-8f47-af93d4882e23 returned with HTTP 404
Feb 19 01:36:29.206341 np0000156449 devstack@m-api.service[99496]: [pid: 99496|app: 0|req: 52/102] 199.204.45.209 () {66 vars in 1487 bytes} [Thu Feb 19 01:36:29 2026] GET /share/v1/8f1efd3aa0614772a948435d887a9a2a/shares/3a1f642e-844b-4315-8f47-af93d4882e23 => generated 78 bytes in 8 msecs (HTTP/1.1 404) 7 headers in 302 bytes (1 switches on core 0)
Feb 19 01:36:29.696130 np0000156449 devstack@m-api.service[99495]: INFO manila.api.openstack.wsgi [None req-fdd554ed-1174-48d7-b0c2-1db2ee2078d7 c_rally_29b377fa_diASrumr c_rally_29b377fa_mWehgm5K] GET https://199.204.45.209/share/v1/8f1efd3aa0614772a948435d887a9a2a/shares/detail?is_public=True
Feb 19 01:36:29.698694 np0000156449 devstack@m-api.service[99495]: DEBUG manila.api.openstack.wsgi [None req-fdd554ed-1174-48d7-b0c2-1db2ee2078d7 c_rally_29b377fa_diASrumr c_rally_29b377fa_mWehgm5K] No Content-Type provided in request {{(pid=99495) get_body /opt/stack/manila/manila/api/openstack/wsgi.py:648}}
Feb 19 01:36:29.698694 np0000156449 devstack@m-api.service[99495]: DEBUG manila.api.openstack.wsgi [None req-fdd554ed-1174-48d7-b0c2-1db2ee2078d7 c_rally_29b377fa_diASrumr c_rally_29b377fa_mWehgm5K] Calling method 'ShareMixin.detail' {{(pid=99495) _process_stack /opt/stack/manila/manila/api/openstack/wsgi.py:798}}
Feb 19 01:36:29.698879 np0000156449 devstack@m-api.service[99495]: DEBUG manila.api.common [None req-fdd554ed-1174-48d7-b0c2-1db2ee2078d7 c_rally_29b377fa_diASrumr c_rally_29b377fa_mWehgm5K] Removing options '' from query {{(pid=99495) remove_invalid_options /opt/stack/manila/manila/api/common.py:440}}
Feb 19 01:36:29.698961 np0000156449 devstack@m-api.service[99495]: DEBUG manila.share.api [None req-fdd554ed-1174-48d7-b0c2-1db2ee2078d7 c_rally_29b377fa_diASrumr c_rally_29b377fa_mWehgm5K] Searching for shares by: {'is_public': 'True'} {{(pid=99495) _get_all /opt/stack/manila/manila/share/api.py:2372}}
Feb 19 01:36:29.705446 np0000156449 devstack@m-api.service[99495]: INFO manila.api.openstack.wsgi [None req-fdd554ed-1174-48d7-b0c2-1db2ee2078d7 c_rally_29b377fa_diASrumr c_rally_29b377fa_mWehgm5K] https://199.204.45.209/share/v1/8f1efd3aa0614772a948435d887a9a2a/shares/detail?is_public=True returned with HTTP 200
Feb 19 01:36:29.706291 np0000156449 devstack@m-api.service[99495]: [pid: 99495|app: 0|req: 51/103] 199.204.45.209 () {66 vars in 1426 bytes} [Thu Feb 19 01:36:29 2026] GET /share/v1/8f1efd3aa0614772a948435d887a9a2a/shares/detail?is_public=True => generated 14 bytes in 179 msecs (HTTP/1.1 200) 7 headers in 295 bytes (2 switches on core 0)
Feb 19 01:36:30.170874 np0000156449 devstack@m-api.service[99496]: INFO manila.api.openstack.wsgi [None req-3ff98fa2-08da-4137-873a-7262372ed8e9 c_rally_29b377fa_A0NABhwi c_rally_29b377fa_f3Unilkq] GET https://199.204.45.209/share/v1/c1535add8c144b7cb23be8f50da2038b/shares/detail?is_public=True
Feb 19 01:36:30.171252 np0000156449 devstack@m-api.service[99496]: DEBUG manila.api.openstack.wsgi [None req-3ff98fa2-08da-4137-873a-7262372ed8e9 c_rally_29b377fa_A0NABhwi c_rally_29b377fa_f3Unilkq] No Content-Type provided in request {{(pid=99496) get_body /opt/stack/manila/manila/api/openstack/wsgi.py:648}}
Feb 19 01:36:30.171342 np0000156449 devstack@m-api.service[99496]: DEBUG manila.api.openstack.wsgi [None req-3ff98fa2-08da-4137-873a-7262372ed8e9 c_rally_29b377fa_A0NABhwi c_rally_29b377fa_f3Unilkq] Calling method 'ShareMixin.detail' {{(pid=99496) _process_stack /opt/stack/manila/manila/api/openstack/wsgi.py:798}}
Feb 19 01:36:30.172421 np0000156449 devstack@m-api.service[99496]: DEBUG manila.api.common [None req-3ff98fa2-08da-4137-873a-7262372ed8e9 c_rally_29b377fa_A0NABhwi c_rally_29b377fa_f3Unilkq] Removing options '' from query {{(pid=99496) remove_invalid_options /opt/stack/manila/manila/api/common.py:440}}
Feb 19 01:36:30.172578 np0000156449 devstack@m-api.service[99496]: DEBUG manila.share.api [None req-3ff98fa2-08da-4137-873a-7262372ed8e9 c_rally_29b377fa_A0NABhwi c_rally_29b377fa_f3Unilkq] Searching for shares by: {'is_public': 'True'} {{(pid=99496) _get_all /opt/stack/manila/manila/share/api.py:2372}}
Feb 19 01:36:30.180547 np0000156449 devstack@m-api.service[99496]: INFO manila.api.openstack.wsgi [None req-3ff98fa2-08da-4137-873a-7262372ed8e9 c_rally_29b377fa_A0NABhwi c_rally_29b377fa_f3Unilkq] https://199.204.45.209/share/v1/c1535add8c144b7cb23be8f50da2038b/shares/detail?is_public=True returned with HTTP 200
Feb 19 01:36:30.181550 np0000156449 devstack@m-api.service[99496]: [pid: 99496|app: 0|req: 53/104] 199.204.45.209 () {66 vars in 1426 bytes} [Thu Feb 19 01:36:29 2026] GET /share/v1/c1535add8c144b7cb23be8f50da2038b/shares/detail?is_public=True => generated 14 bytes in 210 msecs (HTTP/1.1 200) 7 headers in 295 bytes (1 switches on core 0)
Feb 19 01:36:30.593624 np0000156449 devstack@m-api.service[99495]: INFO manila.api.openstack.wsgi [None req-53e3275a-c25f-4717-8ea3-bdefbf7dd6b6 c_rally_29b377fa_diASrumr c_rally_29b377fa_mWehgm5K] GET https://199.204.45.209/share/v1/8f1efd3aa0614772a948435d887a9a2a/share-networks/detail
Feb 19 01:36:30.593828 np0000156449 devstack@m-api.service[99495]: DEBUG manila.api.openstack.wsgi [None req-53e3275a-c25f-4717-8ea3-bdefbf7dd6b6 c_rally_29b377fa_diASrumr c_rally_29b377fa_mWehgm5K] No Content-Type provided in request {{(pid=99495) get_body /opt/stack/manila/manila/api/openstack/wsgi.py:648}}
Feb 19 01:36:30.594032 np0000156449 devstack@m-api.service[99495]: DEBUG manila.api.openstack.wsgi [None req-53e3275a-c25f-4717-8ea3-bdefbf7dd6b6 c_rally_29b377fa_diASrumr c_rally_29b377fa_mWehgm5K] Calling method 'ShareNetworkController.detail' {{(pid=99495) _process_stack /opt/stack/manila/manila/api/openstack/wsgi.py:798}}
Feb 19 01:36:30.618673 np0000156449 devstack@m-api.service[99495]: INFO manila.api.openstack.wsgi [None req-53e3275a-c25f-4717-8ea3-bdefbf7dd6b6 c_rally_29b377fa_diASrumr c_rally_29b377fa_mWehgm5K] https://199.204.45.209/share/v1/8f1efd3aa0614772a948435d887a9a2a/share-networks/detail returned with HTTP 200
Feb 19 01:36:30.619314 np0000156449 devstack@m-api.service[99495]: [pid: 99495|app: 0|req: 52/105] 199.204.45.209 () {66 vars in 1421 bytes} [Thu Feb 19 01:36:30 2026] GET /share/v1/8f1efd3aa0614772a948435d887a9a2a/share-networks/detail => generated 22 bytes in 190 msecs (HTTP/1.1 200) 7 headers in 295 bytes (1 switches on core 0)
Feb 19 01:36:31.031343 np0000156449 devstack@m-api.service[99496]: INFO manila.api.openstack.wsgi [None req-9b8cfb6b-1a9e-4aca-8093-298e6eb5c6d9 c_rally_29b377fa_A0NABhwi c_rally_29b377fa_f3Unilkq] GET https://199.204.45.209/share/v1/c1535add8c144b7cb23be8f50da2038b/share-networks/detail
Feb 19 01:36:31.031538 np0000156449 devstack@m-api.service[99496]: DEBUG manila.api.openstack.wsgi [None req-9b8cfb6b-1a9e-4aca-8093-298e6eb5c6d9 c_rally_29b377fa_A0NABhwi c_rally_29b377fa_f3Unilkq] No Content-Type provided in request {{(pid=99496) get_body /opt/stack/manila/manila/api/openstack/wsgi.py:648}}
Feb 19 01:36:31.031782 np0000156449 devstack@m-api.service[99496]: DEBUG manila.api.openstack.wsgi [None req-9b8cfb6b-1a9e-4aca-8093-298e6eb5c6d9 c_rally_29b377fa_A0NABhwi c_rally_29b377fa_f3Unilkq] Calling method 'ShareNetworkController.detail' {{(pid=99496) _process_stack /opt/stack/manila/manila/api/openstack/wsgi.py:798}}
Feb 19 01:36:31.058577 np0000156449 devstack@m-api.service[99496]: INFO manila.api.openstack.wsgi [None req-9b8cfb6b-1a9e-4aca-8093-298e6eb5c6d9 c_rally_29b377fa_A0NABhwi c_rally_29b377fa_f3Unilkq] https://199.204.45.209/share/v1/c1535add8c144b7cb23be8f50da2038b/share-networks/detail returned with HTTP 200
Feb 19 01:36:31.058926 np0000156449 devstack@m-api.service[99496]: [pid: 99496|app: 0|req: 54/106] 199.204.45.209 () {66 vars in 1421 bytes} [Thu Feb 19 01:36:30 2026] GET /share/v1/c1535add8c144b7cb23be8f50da2038b/share-networks/detail => generated 22 bytes in 199 msecs (HTTP/1.1 200) 7 headers in 295 bytes (1 switches on core 0)
Feb 19 01:36:31.526135 np0000156449 devstack@m-api.service[99495]: INFO manila.api.openstack.wsgi [None req-07a51543-0c99-408d-8b3e-59084672ba94 c_rally_29b377fa_diASrumr c_rally_29b377fa_mWehgm5K] GET https://199.204.45.209/share/v1/8f1efd3aa0614772a948435d887a9a2a/security-services/detail
Feb 19 01:36:31.527916 np0000156449 devstack@m-api.service[99495]: DEBUG manila.api.openstack.wsgi [None req-07a51543-0c99-408d-8b3e-59084672ba94 c_rally_29b377fa_diASrumr c_rally_29b377fa_mWehgm5K] No Content-Type provided in request {{(pid=99495) get_body /opt/stack/manila/manila/api/openstack/wsgi.py:648}}
Feb 19 01:36:31.527916 np0000156449 devstack@m-api.service[99495]: DEBUG manila.api.openstack.wsgi [None req-07a51543-0c99-408d-8b3e-59084672ba94 c_rally_29b377fa_diASrumr c_rally_29b377fa_mWehgm5K] Calling method 'SecurityServiceController.detail' {{(pid=99495) _process_stack /opt/stack/manila/manila/api/openstack/wsgi.py:798}}
Feb 19 01:36:31.531046 np0000156449 devstack@m-api.service[99495]: DEBUG manila.api.common [None req-07a51543-0c99-408d-8b3e-59084672ba94 c_rally_29b377fa_diASrumr c_rally_29b377fa_mWehgm5K] Removing options '' from query {{(pid=99495) remove_invalid_options /opt/stack/manila/manila/api/common.py:440}}
Feb 19 01:36:31.531347 np0000156449 devstack@m-api.service[99495]: INFO manila.api.openstack.wsgi [None req-07a51543-0c99-408d-8b3e-59084672ba94 c_rally_29b377fa_diASrumr c_rally_29b377fa_mWehgm5K] https://199.204.45.209/share/v1/8f1efd3aa0614772a948435d887a9a2a/security-services/detail returned with HTTP 200
Feb 19 01:36:31.531774 np0000156449 devstack@m-api.service[99495]: [pid: 99495|app: 0|req: 53/107] 199.204.45.209 () {66 vars in 1430 bytes} [Thu Feb 19 01:36:31 2026] GET /share/v1/8f1efd3aa0614772a948435d887a9a2a/security-services/detail => generated 25 bytes in 170 msecs (HTTP/1.1 200) 7 headers in 295 bytes (1 switches on core 0)
Feb 19 01:36:31.956048 np0000156449 devstack@m-api.service[99496]: INFO manila.api.openstack.wsgi [None req-6c509915-e1a2-4f8e-a3eb-4516e6fe89d9 c_rally_29b377fa_A0NABhwi c_rally_29b377fa_f3Unilkq] GET https://199.204.45.209/share/v1/c1535add8c144b7cb23be8f50da2038b/security-services/detail
Feb 19 01:36:31.957704 np0000156449 devstack@m-api.service[99496]: DEBUG manila.api.openstack.wsgi [None req-6c509915-e1a2-4f8e-a3eb-4516e6fe89d9 c_rally_29b377fa_A0NABhwi c_rally_29b377fa_f3Unilkq] No Content-Type provided in request {{(pid=99496) get_body /opt/stack/manila/manila/api/openstack/wsgi.py:648}}
Feb 19 01:36:31.957704 np0000156449 devstack@m-api.service[99496]: DEBUG manila.api.openstack.wsgi [None req-6c509915-e1a2-4f8e-a3eb-4516e6fe89d9 c_rally_29b377fa_A0NABhwi c_rally_29b377fa_f3Unilkq] Calling method 'SecurityServiceController.detail' {{(pid=99496) _process_stack /opt/stack/manila/manila/api/openstack/wsgi.py:798}}
Feb 19 01:36:31.962073 np0000156449 devstack@m-api.service[99496]: DEBUG manila.api.common [None req-6c509915-e1a2-4f8e-a3eb-4516e6fe89d9 c_rally_29b377fa_A0NABhwi c_rally_29b377fa_f3Unilkq] Removing options '' from query {{(pid=99496) remove_invalid_options /opt/stack/manila/manila/api/common.py:440}}
Feb 19 01:36:31.962307 np0000156449 devstack@m-api.service[99496]: INFO manila.api.openstack.wsgi [None req-6c509915-e1a2-4f8e-a3eb-4516e6fe89d9 c_rally_29b377fa_A0NABhwi c_rally_29b377fa_f3Unilkq] https://199.204.45.209/share/v1/c1535add8c144b7cb23be8f50da2038b/security-services/detail returned with HTTP 200
Feb 19 01:36:31.963453 np0000156449 devstack@m-api.service[99496]: [pid: 99496|app: 0|req: 55/108] 199.204.45.209 () {66 vars in 1430 bytes} [Thu Feb 19 01:36:31 2026] GET /share/v1/c1535add8c144b7cb23be8f50da2038b/security-services/detail => generated 25 bytes in 187 msecs (HTTP/1.1 200) 7 headers in 295 bytes (2 switches on core 0)
Feb 19 01:36:32.008534 np0000156449 devstack@m-api.service[99495]: INFO manila.api.openstack.wsgi [None req-9ba42491-c5a4-43e6-bc75-e02d3252e748 admin admin] DELETE https://199.204.45.209/share/v1/fb5d23d7d884460688c3d75a73d79e14/os-quota-sets/8f1efd3aa0614772a948435d887a9a2a
Feb 19 01:36:32.008715 np0000156449 devstack@m-api.service[99495]: DEBUG manila.api.openstack.wsgi [None req-9ba42491-c5a4-43e6-bc75-e02d3252e748 admin admin] No Content-Type provided in request {{(pid=99495) get_body /opt/stack/manila/manila/api/openstack/wsgi.py:648}}
Feb 19 01:36:32.008838 np0000156449 devstack@m-api.service[99495]: DEBUG manila.api.openstack.wsgi [None req-9ba42491-c5a4-43e6-bc75-e02d3252e748 admin admin] Calling method 'Controller.__getattribute__..version_select' {{(pid=99495) _process_stack /opt/stack/manila/manila/api/openstack/wsgi.py:798}}
Feb 19 01:36:32.023238 np0000156449 devstack@m-api.service[99495]: INFO manila.api.openstack.wsgi [None req-9ba42491-c5a4-43e6-bc75-e02d3252e748 admin admin] https://199.204.45.209/share/v1/fb5d23d7d884460688c3d75a73d79e14/os-quota-sets/8f1efd3aa0614772a948435d887a9a2a returned with HTTP 202
Feb 19 01:36:32.023685 np0000156449 devstack@m-api.service[99495]: [pid: 99495|app: 0|req: 54/109] 199.204.45.209 () {68 vars in 1518 bytes} [Thu Feb 19 01:36:32 2026] DELETE /share/v1/fb5d23d7d884460688c3d75a73d79e14/os-quota-sets/8f1efd3aa0614772a948435d887a9a2a => generated 0 bytes in 17 msecs (HTTP/1.1 202) 7 headers in 308 bytes (1 switches on core 0)
Feb 19 01:36:32.069331 np0000156449 devstack@m-api.service[99496]: INFO manila.api.openstack.wsgi [None req-faa5dbbe-3793-450b-9e77-60c5a96e0fa8 admin admin] DELETE https://199.204.45.209/share/v1/fb5d23d7d884460688c3d75a73d79e14/os-quota-sets/c1535add8c144b7cb23be8f50da2038b
Feb 19 01:36:32.069331 np0000156449 devstack@m-api.service[99496]: DEBUG manila.api.openstack.wsgi [None req-faa5dbbe-3793-450b-9e77-60c5a96e0fa8 admin admin] No Content-Type provided in request {{(pid=99496) get_body /opt/stack/manila/manila/api/openstack/wsgi.py:648}}
Feb 19 01:36:32.069331 np0000156449 devstack@m-api.service[99496]: DEBUG manila.api.openstack.wsgi [None req-faa5dbbe-3793-450b-9e77-60c5a96e0fa8 admin admin] Calling method 'Controller.__getattribute__..version_select' {{(pid=99496) _process_stack /opt/stack/manila/manila/api/openstack/wsgi.py:798}}
Feb 19 01:36:32.080570 np0000156449 devstack@m-api.service[99496]: INFO manila.api.openstack.wsgi [None req-faa5dbbe-3793-450b-9e77-60c5a96e0fa8 admin admin] https://199.204.45.209/share/v1/fb5d23d7d884460688c3d75a73d79e14/os-quota-sets/c1535add8c144b7cb23be8f50da2038b returned with HTTP 202
Feb 19 01:36:32.081366 np0000156449 devstack@m-api.service[99496]: [pid: 99496|app: 0|req: 56/110] 199.204.45.209 () {68 vars in 1518 bytes} [Thu Feb 19 01:36:32 2026] DELETE /share/v1/fb5d23d7d884460688c3d75a73d79e14/os-quota-sets/c1535add8c144b7cb23be8f50da2038b => generated 0 bytes in 15 msecs (HTTP/1.1 202) 7 headers in 308 bytes (1 switches on core 0)
Feb 19 01:36:38.372101 np0000156449 devstack@m-api.service[99495]: INFO manila.api.openstack.wsgi [None req-5e14e820-be1b-424b-ac7b-7902efe3223e admin admin] PUT https://199.204.45.209/share/v1/fb5d23d7d884460688c3d75a73d79e14/os-quota-sets/a59ff28384cf45b38419506b901b4a90
Feb 19 01:36:38.372494 np0000156449 devstack@m-api.service[99495]: DEBUG manila.api.openstack.wsgi [None req-5e14e820-be1b-424b-ac7b-7902efe3223e admin admin] Action: 'update', calling method: Controller.__getattribute__..version_select, body: {"quota_set": {"tenant_id": "a59ff28384cf45b38419506b901b4a90", "shares": -1, "gigabytes": -1}} {{(pid=99495) _process_stack /opt/stack/manila/manila/api/openstack/wsgi.py:796}}
Feb 19 01:36:38.379591 np0000156449 devstack@m-api.service[99495]: DEBUG manila.api.v2.quota_sets [None req-5e14e820-be1b-424b-ac7b-7902efe3223e admin admin] Force update quotas: False. {{(pid=99495) _update /opt/stack/manila/manila/api/v2/quota_sets.py:199}}
Feb 19 01:36:38.409553 np0000156449 devstack@m-api.service[99495]: INFO manila.api.openstack.wsgi [None req-5e14e820-be1b-424b-ac7b-7902efe3223e admin admin] https://199.204.45.209/share/v1/fb5d23d7d884460688c3d75a73d79e14/os-quota-sets/a59ff28384cf45b38419506b901b4a90 returned with HTTP 200
Feb 19 01:36:38.410315 np0000156449 devstack@m-api.service[99495]: [pid: 99495|app: 0|req: 55/111] 199.204.45.209 () {70 vars in 1548 bytes} [Thu Feb 19 01:36:38 2026] PUT /share/v1/fb5d23d7d884460688c3d75a73d79e14/os-quota-sets/a59ff28384cf45b38419506b901b4a90 => generated 113 bytes in 220 msecs (HTTP/1.1 200) 7 headers in 296 bytes (1 switches on core 0)
Feb 19 01:36:38.449681 np0000156449 devstack@m-api.service[99496]: INFO manila.api.openstack.wsgi [None req-7cdccbb0-c9d2-4106-b9f0-64be726145e9 admin admin] PUT https://199.204.45.209/share/v1/fb5d23d7d884460688c3d75a73d79e14/os-quota-sets/b9b9119ffcfd411f85e9d06d32e7d310
Feb 19 01:36:38.450114 np0000156449 devstack@m-api.service[99496]: DEBUG manila.api.openstack.wsgi [None req-7cdccbb0-c9d2-4106-b9f0-64be726145e9 admin admin] Action: 'update', calling method: Controller.__getattribute__..version_select, body: {"quota_set": {"tenant_id": "b9b9119ffcfd411f85e9d06d32e7d310", "shares": -1, "gigabytes": -1}} {{(pid=99496) _process_stack /opt/stack/manila/manila/api/openstack/wsgi.py:796}}
Feb 19 01:36:38.458885 np0000156449 devstack@m-api.service[99496]: DEBUG manila.api.v2.quota_sets [None req-7cdccbb0-c9d2-4106-b9f0-64be726145e9 admin admin] Force update quotas: False. {{(pid=99496) _update /opt/stack/manila/manila/api/v2/quota_sets.py:199}}
Feb 19 01:36:38.478670 np0000156449 devstack@m-api.service[99496]: INFO manila.api.openstack.wsgi [None req-7cdccbb0-c9d2-4106-b9f0-64be726145e9 admin admin] https://199.204.45.209/share/v1/fb5d23d7d884460688c3d75a73d79e14/os-quota-sets/b9b9119ffcfd411f85e9d06d32e7d310 returned with HTTP 200
Feb 19 01:36:38.479623 np0000156449 devstack@m-api.service[99496]: [pid: 99496|app: 0|req: 57/112] 199.204.45.209 () {70 vars in 1548 bytes} [Thu Feb 19 01:36:38 2026] PUT /share/v1/fb5d23d7d884460688c3d75a73d79e14/os-quota-sets/b9b9119ffcfd411f85e9d06d32e7d310 => generated 113 bytes in 32 msecs (HTTP/1.1 200) 7 headers in 296 bytes (1 switches on core 0)
Feb 19 01:36:40.023760 np0000156449 devstack@m-api.service[99495]: INFO manila.api.openstack.wsgi [None req-83cb5aa0-cefc-488c-80b5-1bc6d1e7dea8 c_rally_53e7a5e6_9zumVOWd c_rally_53e7a5e6_wwkYhg3d] POST https://199.204.45.209/share/v1/b9b9119ffcfd411f85e9d06d32e7d310/shares
Feb 19 01:36:40.023760 np0000156449 devstack@m-api.service[99495]: DEBUG manila.api.openstack.wsgi [None req-83cb5aa0-cefc-488c-80b5-1bc6d1e7dea8 c_rally_53e7a5e6_9zumVOWd c_rally_53e7a5e6_wwkYhg3d] Action: 'create', calling method: ShareMixin.create, body: {"share": {"size": 1, "snapshot_id": null, "name": "s_rally_53e7a5e6_7OxX9Y7o", "description": null, "metadata": {}, "share_proto": "nfs", "share_network_id": null, "share_type": "dhss_false", "is_public": false, "availability_zone": null, "scheduler_hints": {}}} {{(pid=99495) _process_stack /opt/stack/manila/manila/api/openstack/wsgi.py:796}}
Feb 19 01:36:40.024563 np0000156449 devstack@m-api.service[99495]: INFO manila.api.v2.shares [None req-83cb5aa0-cefc-488c-80b5-1bc6d1e7dea8 c_rally_53e7a5e6_9zumVOWd c_rally_53e7a5e6_wwkYhg3d] Create NFS share of 1 GB
Feb 19 01:36:40.074805 np0000156449 devstack@m-api.service[99495]: DEBUG manila.quota [None req-83cb5aa0-cefc-488c-80b5-1bc6d1e7dea8 c_rally_53e7a5e6_9zumVOWd c_rally_53e7a5e6_wwkYhg3d] Created reservations ['961d0303-e048-4120-85fd-7d09a278bd87', '8feee4ff-0a62-4860-945f-4eb4141d4e44', '3ffb69c2-b412-4060-b33c-4fa0cf7b4cb0', '31e40c6f-5a3a-4eac-84bb-dad7ceea1366'] {{(pid=99495) reserve /opt/stack/manila/manila/quota.py:1038}}
Feb 19 01:36:40.109223 np0000156449 devstack@m-api.service[99495]: DEBUG manila.quota [None req-83cb5aa0-cefc-488c-80b5-1bc6d1e7dea8 c_rally_53e7a5e6_9zumVOWd c_rally_53e7a5e6_wwkYhg3d] Committed reservations ['961d0303-e048-4120-85fd-7d09a278bd87', '8feee4ff-0a62-4860-945f-4eb4141d4e44', '3ffb69c2-b412-4060-b33c-4fa0cf7b4cb0', '31e40c6f-5a3a-4eac-84bb-dad7ceea1366'] {{(pid=99495) commit /opt/stack/manila/manila/quota.py:1066}}
Feb 19 01:36:40.162815 np0000156449 devstack@m-api.service[99496]: INFO manila.api.openstack.wsgi [None req-192318bd-fdb3-4d98-a827-f836e4e9a014 c_rally_53e7a5e6_gdYccpbH c_rally_53e7a5e6_myqNHT0h] POST https://199.204.45.209/share/v1/a59ff28384cf45b38419506b901b4a90/shares
Feb 19 01:36:40.163883 np0000156449 devstack@m-api.service[99496]: DEBUG manila.api.openstack.wsgi [None req-192318bd-fdb3-4d98-a827-f836e4e9a014 c_rally_53e7a5e6_gdYccpbH c_rally_53e7a5e6_myqNHT0h] Action: 'create', calling method: ShareMixin.create, body: {"share": {"size": 1, "snapshot_id": null, "name": "s_rally_53e7a5e6_38HPKOsn", "description": null, "metadata": {}, "share_proto": "nfs", "share_network_id": null, "share_type": "dhss_false", "is_public": false, "availability_zone": null, "scheduler_hints": {}}} {{(pid=99496) _process_stack /opt/stack/manila/manila/api/openstack/wsgi.py:796}}
Feb 19 01:36:40.165238 np0000156449 devstack@m-api.service[99496]: INFO manila.api.v2.shares [None req-192318bd-fdb3-4d98-a827-f836e4e9a014 c_rally_53e7a5e6_gdYccpbH c_rally_53e7a5e6_myqNHT0h] Create NFS share of 1 GB
Feb 19 01:36:40.187836 np0000156449 devstack@m-api.service[99495]: INFO manila.api.openstack.wsgi [None req-83cb5aa0-cefc-488c-80b5-1bc6d1e7dea8 c_rally_53e7a5e6_9zumVOWd c_rally_53e7a5e6_wwkYhg3d] https://199.204.45.209/share/v1/b9b9119ffcfd411f85e9d06d32e7d310/shares returned with HTTP 200
Feb 19 01:36:40.187836 np0000156449 devstack@m-api.service[99495]: [pid: 99495|app: 0|req: 56/113] 199.204.45.209 () {70 vars in 1430 bytes} [Thu Feb 19 01:36:39 2026] POST /share/v1/b9b9119ffcfd411f85e9d06d32e7d310/shares => generated 766 bytes in 938 msecs (HTTP/1.1 200) 7 headers in 296 bytes (1 switches on core 0)
Feb 19 01:36:40.277391 np0000156449 devstack@m-api.service[99496]: DEBUG manila.quota [None req-192318bd-fdb3-4d98-a827-f836e4e9a014 c_rally_53e7a5e6_gdYccpbH c_rally_53e7a5e6_myqNHT0h] Created reservations ['edd19599-125f-4294-a83b-593097db79e4', '21ac0968-b1ac-402d-bb8c-3c566fbf1d63', '0117a270-b802-403e-a1d4-e18f68d31767', 'da24af39-c08f-4172-a8ef-54bf60b64e80'] {{(pid=99496) reserve /opt/stack/manila/manila/quota.py:1038}}
Feb 19 01:36:40.312404 np0000156449 devstack@m-api.service[99496]: DEBUG manila.quota [None req-192318bd-fdb3-4d98-a827-f836e4e9a014 c_rally_53e7a5e6_gdYccpbH c_rally_53e7a5e6_myqNHT0h] Committed reservations ['edd19599-125f-4294-a83b-593097db79e4', '21ac0968-b1ac-402d-bb8c-3c566fbf1d63', '0117a270-b802-403e-a1d4-e18f68d31767', 'da24af39-c08f-4172-a8ef-54bf60b64e80'] {{(pid=99496) commit /opt/stack/manila/manila/quota.py:1066}}
Feb 19 01:36:40.379339 np0000156449 devstack@m-api.service[99495]: INFO manila.api.openstack.wsgi [None req-3059a238-b80a-4dc2-b1fc-09e55a1d1f68 c_rally_53e7a5e6_gdYccpbH c_rally_53e7a5e6_myqNHT0h] POST https://199.204.45.209/share/v1/a59ff28384cf45b38419506b901b4a90/shares
Feb 19 01:36:40.379699 np0000156449 devstack@m-api.service[99495]: DEBUG manila.api.openstack.wsgi [None req-3059a238-b80a-4dc2-b1fc-09e55a1d1f68 c_rally_53e7a5e6_gdYccpbH c_rally_53e7a5e6_myqNHT0h] Action: 'create', calling method: ShareMixin.create, body: {"share": {"size": 1, "snapshot_id": null, "name": "s_rally_53e7a5e6_mPT1HGpc", "description": null, "metadata": {}, "share_proto": "nfs", "share_network_id": null, "share_type": "dhss_false", "is_public": false, "availability_zone": null, "scheduler_hints": {}}} {{(pid=99495) _process_stack /opt/stack/manila/manila/api/openstack/wsgi.py:796}}
Feb 19 01:36:40.383454 np0000156449 devstack@m-api.service[99495]: INFO manila.api.v2.shares [None req-3059a238-b80a-4dc2-b1fc-09e55a1d1f68 c_rally_53e7a5e6_gdYccpbH c_rally_53e7a5e6_myqNHT0h] Create NFS share of 1 GB
Feb 19 01:36:40.402388 np0000156449 devstack@m-api.service[99496]: INFO manila.api.openstack.wsgi [None req-192318bd-fdb3-4d98-a827-f836e4e9a014 c_rally_53e7a5e6_gdYccpbH c_rally_53e7a5e6_myqNHT0h] https://199.204.45.209/share/v1/a59ff28384cf45b38419506b901b4a90/shares returned with HTTP 200
Feb 19 01:36:40.403691 np0000156449 devstack@m-api.service[99496]: [pid: 99496|app: 0|req: 58/114] 199.204.45.209 () {70 vars in 1430 bytes} [Thu Feb 19 01:36:39 2026] POST /share/v1/a59ff28384cf45b38419506b901b4a90/shares => generated 766 bytes in 954 msecs (HTTP/1.1 200) 7 headers in 296 bytes (1 switches on core 0)
Feb 19 01:36:40.458496 np0000156449 devstack@m-api.service[99495]: DEBUG manila.quota [None req-3059a238-b80a-4dc2-b1fc-09e55a1d1f68 c_rally_53e7a5e6_gdYccpbH c_rally_53e7a5e6_myqNHT0h] Created reservations ['220601c3-81c7-44a8-ae0d-5ad59d36cfe7', 'e673b3ba-9118-41fe-934a-d709ce832f43', '3a1ce714-0e34-4c85-a840-f1ac8711edf0', '0dbf947a-de44-4fdd-ba49-3ae9bf807554'] {{(pid=99495) reserve /opt/stack/manila/manila/quota.py:1038}}
Feb 19 01:36:40.511675 np0000156449 devstack@m-api.service[99495]: DEBUG manila.quota [None req-3059a238-b80a-4dc2-b1fc-09e55a1d1f68 c_rally_53e7a5e6_gdYccpbH c_rally_53e7a5e6_myqNHT0h] Committed reservations ['220601c3-81c7-44a8-ae0d-5ad59d36cfe7', 'e673b3ba-9118-41fe-934a-d709ce832f43', '3a1ce714-0e34-4c85-a840-f1ac8711edf0', '0dbf947a-de44-4fdd-ba49-3ae9bf807554'] {{(pid=99495) commit /opt/stack/manila/manila/quota.py:1066}}
Feb 19 01:36:40.557527 np0000156449 devstack@m-api.service[99496]: INFO manila.api.openstack.wsgi [None req-ce98c78e-3b6a-4faf-a55d-ee929bafa09f c_rally_53e7a5e6_gdYccpbH c_rally_53e7a5e6_myqNHT0h] POST https://199.204.45.209/share/v1/a59ff28384cf45b38419506b901b4a90/shares
Feb 19 01:36:40.558382 np0000156449 devstack@m-api.service[99496]: DEBUG manila.api.openstack.wsgi [None req-ce98c78e-3b6a-4faf-a55d-ee929bafa09f c_rally_53e7a5e6_gdYccpbH c_rally_53e7a5e6_myqNHT0h] Action: 'create', calling method: ShareMixin.create, body: {"share": {"size": 1, "snapshot_id": null, "name": "s_rally_53e7a5e6_ETLVb0f3", "description": null, "metadata": {}, "share_proto": "nfs", "share_network_id": null, "share_type": "dhss_false", "is_public": false, "availability_zone": null, "scheduler_hints": {}}} {{(pid=99496) _process_stack /opt/stack/manila/manila/api/openstack/wsgi.py:796}}
Feb 19 01:36:40.560257 np0000156449 devstack@m-api.service[99496]: INFO manila.api.v2.shares [None req-ce98c78e-3b6a-4faf-a55d-ee929bafa09f c_rally_53e7a5e6_gdYccpbH c_rally_53e7a5e6_myqNHT0h] Create NFS share of 1 GB
Feb 19 01:36:40.614471 np0000156449 devstack@m-api.service[99495]: INFO manila.api.openstack.wsgi [None req-3059a238-b80a-4dc2-b1fc-09e55a1d1f68 c_rally_53e7a5e6_gdYccpbH c_rally_53e7a5e6_myqNHT0h] https://199.204.45.209/share/v1/a59ff28384cf45b38419506b901b4a90/shares returned with HTTP 200
Feb 19 01:36:40.614471 np0000156449 devstack@m-api.service[99495]: [pid: 99495|app: 0|req: 57/115] 199.204.45.209 () {70 vars in 1430 bytes} [Thu Feb 19 01:36:40 2026] POST /share/v1/a59ff28384cf45b38419506b901b4a90/shares => generated 766 bytes in 426 msecs (HTTP/1.1 200) 7 headers in 296 bytes (1 switches on core 0)
Feb 19 01:36:40.631406 np0000156449 devstack@m-api.service[99496]: DEBUG manila.quota [None req-ce98c78e-3b6a-4faf-a55d-ee929bafa09f c_rally_53e7a5e6_gdYccpbH c_rally_53e7a5e6_myqNHT0h] Created reservations ['0c078ca6-3468-4263-9ab9-792c321081ac', '035db405-c401-46f1-ad2b-cb5f98369f71', 'db940051-4d04-4a82-a7db-e29f1e00b485', '767ac69c-72f8-4c6c-838d-334f91fa965c'] {{(pid=99496) reserve /opt/stack/manila/manila/quota.py:1038}}
Feb 19 01:36:40.681485 np0000156449 devstack@m-api.service[99496]: DEBUG manila.quota [None req-ce98c78e-3b6a-4faf-a55d-ee929bafa09f c_rally_53e7a5e6_gdYccpbH c_rally_53e7a5e6_myqNHT0h] Committed reservations ['0c078ca6-3468-4263-9ab9-792c321081ac', '035db405-c401-46f1-ad2b-cb5f98369f71', 'db940051-4d04-4a82-a7db-e29f1e00b485', '767ac69c-72f8-4c6c-838d-334f91fa965c'] {{(pid=99496) commit /opt/stack/manila/manila/quota.py:1066}}
Feb 19 01:36:40.771904 np0000156449 devstack@m-api.service[99496]: INFO manila.api.openstack.wsgi [None req-ce98c78e-3b6a-4faf-a55d-ee929bafa09f c_rally_53e7a5e6_gdYccpbH c_rally_53e7a5e6_myqNHT0h] https://199.204.45.209/share/v1/a59ff28384cf45b38419506b901b4a90/shares returned with HTTP 200
Feb 19 01:36:40.772585 np0000156449 devstack@m-api.service[99496]: [pid: 99496|app: 0|req: 59/116] 199.204.45.209 () {70 vars in 1430 bytes} [Thu Feb 19 01:36:40 2026] POST /share/v1/a59ff28384cf45b38419506b901b4a90/shares => generated 766 bytes in 368 msecs (HTTP/1.1 200) 7 headers in 296 bytes (1 switches on core 0)
Feb 19 01:36:40.888399 np0000156449 devstack@m-api.service[99495]: INFO manila.api.openstack.wsgi [None req-406b4f0b-4a2e-42e0-a68b-a8c6fadbd659 c_rally_53e7a5e6_9zumVOWd c_rally_53e7a5e6_wwkYhg3d] POST https://199.204.45.209/share/v1/b9b9119ffcfd411f85e9d06d32e7d310/shares
Feb 19 01:36:40.889364 np0000156449 devstack@m-api.service[99495]: DEBUG manila.api.openstack.wsgi [None req-406b4f0b-4a2e-42e0-a68b-a8c6fadbd659 c_rally_53e7a5e6_9zumVOWd c_rally_53e7a5e6_wwkYhg3d] Action: 'create', calling method: ShareMixin.create, body: {"share": {"size": 1, "snapshot_id": null, "name": "s_rally_53e7a5e6_7TnWOMdc", "description": null, "metadata": {}, "share_proto": "nfs", "share_network_id": null, "share_type": "dhss_false", "is_public": false, "availability_zone": null, "scheduler_hints": {}}} {{(pid=99495) _process_stack /opt/stack/manila/manila/api/openstack/wsgi.py:796}}
Feb 19 01:36:40.891159 np0000156449 devstack@m-api.service[99495]: INFO manila.api.v2.shares [None req-406b4f0b-4a2e-42e0-a68b-a8c6fadbd659 c_rally_53e7a5e6_9zumVOWd c_rally_53e7a5e6_wwkYhg3d] Create NFS share of 1 GB
Feb 19 01:36:40.940450 np0000156449 devstack@m-api.service[99495]: DEBUG manila.quota [None req-406b4f0b-4a2e-42e0-a68b-a8c6fadbd659 c_rally_53e7a5e6_9zumVOWd c_rally_53e7a5e6_wwkYhg3d] Created reservations ['2b834b59-e654-4259-9139-2a87cbb83697', 'ff8fd61d-7bb4-4eca-a667-2504d8f5b515', 'ca6b9fc6-7677-4b6c-b3df-9f8d69f5910a', 'ae6bb496-57c0-4320-aa67-99b265328c45'] {{(pid=99495) reserve /opt/stack/manila/manila/quota.py:1038}}
Feb 19 01:36:40.972378 np0000156449 devstack@m-api.service[99495]: DEBUG manila.quota [None req-406b4f0b-4a2e-42e0-a68b-a8c6fadbd659 c_rally_53e7a5e6_9zumVOWd c_rally_53e7a5e6_wwkYhg3d] Committed reservations ['2b834b59-e654-4259-9139-2a87cbb83697', 'ff8fd61d-7bb4-4eca-a667-2504d8f5b515', 'ca6b9fc6-7677-4b6c-b3df-9f8d69f5910a', 'ae6bb496-57c0-4320-aa67-99b265328c45'] {{(pid=99495) commit /opt/stack/manila/manila/quota.py:1066}}
Feb 19 01:36:40.981154 np0000156449 devstack@m-api.service[99496]: INFO manila.api.openstack.wsgi [None req-5ead5417-f6ab-4780-9b11-019da62b0461 c_rally_53e7a5e6_9zumVOWd c_rally_53e7a5e6_wwkYhg3d] POST https://199.204.45.209/share/v1/b9b9119ffcfd411f85e9d06d32e7d310/shares
Feb 19 01:36:40.982674 np0000156449 devstack@m-api.service[99496]: DEBUG manila.api.openstack.wsgi [None req-5ead5417-f6ab-4780-9b11-019da62b0461 c_rally_53e7a5e6_9zumVOWd c_rally_53e7a5e6_wwkYhg3d] Action: 'create', calling method: ShareMixin.create, body: {"share": {"size": 1, "snapshot_id": null, "name": "s_rally_53e7a5e6_cf4hZ71C", "description": null, "metadata": {}, "share_proto": "nfs", "share_network_id": null, "share_type": "dhss_false", "is_public": false, "availability_zone": null, "scheduler_hints": {}}} {{(pid=99496) _process_stack /opt/stack/manila/manila/api/openstack/wsgi.py:796}}
Feb 19 01:36:40.983537 np0000156449 devstack@m-api.service[99496]: INFO manila.api.v2.shares [None req-5ead5417-f6ab-4780-9b11-019da62b0461 c_rally_53e7a5e6_9zumVOWd c_rally_53e7a5e6_wwkYhg3d] Create NFS share of 1 GB
Feb 19 01:36:41.044429 np0000156449 devstack@m-api.service[99496]: DEBUG manila.quota [None req-5ead5417-f6ab-4780-9b11-019da62b0461 c_rally_53e7a5e6_9zumVOWd c_rally_53e7a5e6_wwkYhg3d] Created reservations ['bd8bd11f-7511-435d-a138-74a319d086ad', '1dfd57b6-ba73-43c8-88b4-c7eaff9681ad', '024892a9-9a1e-477d-85e4-85be4f45f024', '0c2381ad-11f4-4618-a323-5bbd786da893'] {{(pid=99496) reserve /opt/stack/manila/manila/quota.py:1038}}
Feb 19 01:36:41.056128 np0000156449 devstack@m-api.service[99495]: INFO manila.api.openstack.wsgi [None req-406b4f0b-4a2e-42e0-a68b-a8c6fadbd659 c_rally_53e7a5e6_9zumVOWd c_rally_53e7a5e6_wwkYhg3d] https://199.204.45.209/share/v1/b9b9119ffcfd411f85e9d06d32e7d310/shares returned with HTTP 200
Feb 19 01:36:41.056670 np0000156449 devstack@m-api.service[99495]: [pid: 99495|app: 0|req: 58/117] 199.204.45.209 () {70 vars in 1430 bytes} [Thu Feb 19 01:36:40 2026] POST /share/v1/b9b9119ffcfd411f85e9d06d32e7d310/shares => generated 766 bytes in 441 msecs (HTTP/1.1 200) 7 headers in 296 bytes (1 switches on core 0)
Feb 19 01:36:41.076956 np0000156449 devstack@m-api.service[99496]: DEBUG manila.quota [None req-5ead5417-f6ab-4780-9b11-019da62b0461 c_rally_53e7a5e6_9zumVOWd c_rally_53e7a5e6_wwkYhg3d] Committed reservations ['bd8bd11f-7511-435d-a138-74a319d086ad', '1dfd57b6-ba73-43c8-88b4-c7eaff9681ad', '024892a9-9a1e-477d-85e4-85be4f45f024', '0c2381ad-11f4-4618-a323-5bbd786da893'] {{(pid=99496) commit /opt/stack/manila/manila/quota.py:1066}}
Feb 19 01:36:41.194801 np0000156449 devstack@m-api.service[99496]: INFO manila.api.openstack.wsgi [None req-5ead5417-f6ab-4780-9b11-019da62b0461 c_rally_53e7a5e6_9zumVOWd c_rally_53e7a5e6_wwkYhg3d] https://199.204.45.209/share/v1/b9b9119ffcfd411f85e9d06d32e7d310/shares returned with HTTP 200
Feb 19 01:36:41.196354 np0000156449 devstack@m-api.service[99496]: [pid: 99496|app: 0|req: 60/118] 199.204.45.209 () {70 vars in 1430 bytes} [Thu Feb 19 01:36:40 2026] POST /share/v1/b9b9119ffcfd411f85e9d06d32e7d310/shares => generated 766 bytes in 423 msecs (HTTP/1.1 200) 7 headers in 296 bytes (1 switches on core 0)
Feb 19 01:36:41.359220 np0000156449 devstack@m-api.service[99495]: INFO manila.api.openstack.wsgi [None req-5bb37b03-e0c8-40f1-a104-f89107b0fadc c_rally_53e7a5e6_gdYccpbH c_rally_53e7a5e6_myqNHT0h] POST https://199.204.45.209/share/v1/a59ff28384cf45b38419506b901b4a90/shares
Feb 19 01:36:41.360076 np0000156449 devstack@m-api.service[99495]: DEBUG manila.api.openstack.wsgi [None req-5bb37b03-e0c8-40f1-a104-f89107b0fadc c_rally_53e7a5e6_gdYccpbH c_rally_53e7a5e6_myqNHT0h] Action: 'create', calling method: ShareMixin.create, body: {"share": {"size": 1, "snapshot_id": null, "name": "s_rally_53e7a5e6_SPLznWLJ", "description": null, "metadata": {}, "share_proto": "nfs", "share_network_id": null, "share_type": "dhss_false", "is_public": false, "availability_zone": null, "scheduler_hints": {}}} {{(pid=99495) _process_stack /opt/stack/manila/manila/api/openstack/wsgi.py:796}}
Feb 19 01:36:41.361222 np0000156449 devstack@m-api.service[99495]: INFO manila.api.v2.shares [None req-5bb37b03-e0c8-40f1-a104-f89107b0fadc c_rally_53e7a5e6_gdYccpbH c_rally_53e7a5e6_myqNHT0h] Create NFS share of 1 GB
Feb 19 01:36:41.407502 np0000156449 devstack@m-api.service[99495]: DEBUG manila.quota [None req-5bb37b03-e0c8-40f1-a104-f89107b0fadc c_rally_53e7a5e6_gdYccpbH c_rally_53e7a5e6_myqNHT0h] Created reservations ['b2c3218d-646b-4f73-afca-66526d84d682', 'a1ed8bda-debf-420e-9071-2a2f993f7c54', '509216f0-60ef-4ea2-8d1c-19f9e7dc5d0a', '6dc5cc4c-58d1-4531-9e99-d2a2f394d6f6'] {{(pid=99495) reserve /opt/stack/manila/manila/quota.py:1038}}
Feb 19 01:36:41.416162 np0000156449 devstack@m-api.service[99496]: INFO manila.api.openstack.wsgi [None req-292c5d32-2144-40c3-a602-08550d1eb057 c_rally_53e7a5e6_9zumVOWd c_rally_53e7a5e6_wwkYhg3d] POST https://199.204.45.209/share/v1/b9b9119ffcfd411f85e9d06d32e7d310/shares
Feb 19 01:36:41.417045 np0000156449 devstack@m-api.service[99496]: DEBUG manila.api.openstack.wsgi [None req-292c5d32-2144-40c3-a602-08550d1eb057 c_rally_53e7a5e6_9zumVOWd c_rally_53e7a5e6_wwkYhg3d] Action: 'create', calling method: ShareMixin.create, body: {"share": {"size": 1, "snapshot_id": null, "name": "s_rally_53e7a5e6_hfeK40KW", "description": null, "metadata": {}, "share_proto": "nfs", "share_network_id": null, "share_type": "dhss_false", "is_public": false, "availability_zone": null, "scheduler_hints": {}}} {{(pid=99496) _process_stack /opt/stack/manila/manila/api/openstack/wsgi.py:796}}
Feb 19 01:36:41.418894 np0000156449 devstack@m-api.service[99496]: INFO manila.api.v2.shares [None req-292c5d32-2144-40c3-a602-08550d1eb057 c_rally_53e7a5e6_9zumVOWd c_rally_53e7a5e6_wwkYhg3d] Create NFS share of 1 GB
Feb 19 01:36:41.430661 np0000156449 devstack@m-api.service[99495]: DEBUG manila.quota [None req-5bb37b03-e0c8-40f1-a104-f89107b0fadc c_rally_53e7a5e6_gdYccpbH c_rally_53e7a5e6_myqNHT0h] Committed reservations ['b2c3218d-646b-4f73-afca-66526d84d682', 'a1ed8bda-debf-420e-9071-2a2f993f7c54', '509216f0-60ef-4ea2-8d1c-19f9e7dc5d0a', '6dc5cc4c-58d1-4531-9e99-d2a2f394d6f6'] {{(pid=99495) commit /opt/stack/manila/manila/quota.py:1066}}
Feb 19 01:36:41.459832 np0000156449 devstack@m-api.service[99496]: DEBUG manila.quota [None req-292c5d32-2144-40c3-a602-08550d1eb057 c_rally_53e7a5e6_9zumVOWd c_rally_53e7a5e6_wwkYhg3d] Created reservations ['a62f657f-4839-4339-82fc-cfc3416b5f98', 'dc39e465-8ecc-4616-a042-341c335962b4', '8d63178f-1426-4a17-9afd-353440040dff', '4cae5e98-83ea-46d2-bcf0-964c7eacc974'] {{(pid=99496) reserve /opt/stack/manila/manila/quota.py:1038}}
Feb 19 01:36:41.484869 np0000156449 devstack@m-api.service[99496]: DEBUG manila.quota [None req-292c5d32-2144-40c3-a602-08550d1eb057 c_rally_53e7a5e6_9zumVOWd c_rally_53e7a5e6_wwkYhg3d] Committed reservations ['a62f657f-4839-4339-82fc-cfc3416b5f98', 'dc39e465-8ecc-4616-a042-341c335962b4', '8d63178f-1426-4a17-9afd-353440040dff', '4cae5e98-83ea-46d2-bcf0-964c7eacc974'] {{(pid=99496) commit /opt/stack/manila/manila/quota.py:1066}}
Feb 19 01:36:41.508690 np0000156449 devstack@m-api.service[99495]: INFO manila.api.openstack.wsgi [None req-5bb37b03-e0c8-40f1-a104-f89107b0fadc c_rally_53e7a5e6_gdYccpbH c_rally_53e7a5e6_myqNHT0h] https://199.204.45.209/share/v1/a59ff28384cf45b38419506b901b4a90/shares returned with HTTP 200
Feb 19 01:36:41.509757 np0000156449 devstack@m-api.service[99495]: [pid: 99495|app: 0|req: 59/119] 199.204.45.209 () {70 vars in 1430 bytes} [Thu Feb 19 01:36:41 2026] POST /share/v1/a59ff28384cf45b38419506b901b4a90/shares => generated 766 bytes in 453 msecs (HTTP/1.1 200) 7 headers in 296 bytes (1 switches on core 0)
Feb 19 01:36:41.545028 np0000156449 devstack@m-api.service[99496]: INFO manila.api.openstack.wsgi [None req-292c5d32-2144-40c3-a602-08550d1eb057 c_rally_53e7a5e6_9zumVOWd c_rally_53e7a5e6_wwkYhg3d] https://199.204.45.209/share/v1/b9b9119ffcfd411f85e9d06d32e7d310/shares returned with HTTP 200
Feb 19 01:36:41.547094 np0000156449 devstack@m-api.service[99496]: [pid: 99496|app: 0|req: 61/120] 199.204.45.209 () {70 vars in 1430 bytes} [Thu Feb 19 01:36:41 2026] POST /share/v1/b9b9119ffcfd411f85e9d06d32e7d310/shares => generated 766 bytes in 349 msecs (HTTP/1.1 200) 7 headers in 296 bytes (1 switches on core 0)
Feb 19 01:36:41.699635 np0000156449 devstack@m-api.service[99496]: INFO manila.api.openstack.wsgi [None req-ee23b930-8b54-41e7-98f5-8357dd3f3acc c_rally_53e7a5e6_9zumVOWd c_rally_53e7a5e6_wwkYhg3d] POST https://199.204.45.209/share/v1/b9b9119ffcfd411f85e9d06d32e7d310/shares
Feb 19 01:36:41.700239 np0000156449 devstack@m-api.service[99496]: DEBUG manila.api.openstack.wsgi [None req-ee23b930-8b54-41e7-98f5-8357dd3f3acc c_rally_53e7a5e6_9zumVOWd c_rally_53e7a5e6_wwkYhg3d] Action: 'create', calling method: ShareMixin.create, body: {"share": {"size": 1, "snapshot_id": null, "name": "s_rally_53e7a5e6_5hmMRKIp", "description": null, "metadata": {}, "share_proto": "nfs", "share_network_id": null, "share_type": "dhss_false", "is_public": false, "availability_zone": null, "scheduler_hints": {}}} {{(pid=99496) _process_stack /opt/stack/manila/manila/api/openstack/wsgi.py:796}}
Feb 19 01:36:41.701312 np0000156449 devstack@m-api.service[99496]: INFO manila.api.v2.shares [None req-ee23b930-8b54-41e7-98f5-8357dd3f3acc c_rally_53e7a5e6_9zumVOWd c_rally_53e7a5e6_wwkYhg3d] Create NFS share of 1 GB
Feb 19 01:36:41.738134 np0000156449 devstack@m-api.service[99496]: DEBUG manila.quota [None req-ee23b930-8b54-41e7-98f5-8357dd3f3acc c_rally_53e7a5e6_9zumVOWd c_rally_53e7a5e6_wwkYhg3d] Created reservations ['26634bbe-dd5b-41bd-a1c7-41780d8a50db', '446ccba7-4758-481c-b23c-6be8634fd53f', '213345f0-0e78-43ac-84d8-2193d1d7609a', '0428d50f-555f-4363-a621-020c786c9310'] {{(pid=99496) reserve /opt/stack/manila/manila/quota.py:1038}}
Feb 19 01:36:41.765880 np0000156449 devstack@m-api.service[99496]: DEBUG manila.quota [None req-ee23b930-8b54-41e7-98f5-8357dd3f3acc c_rally_53e7a5e6_9zumVOWd c_rally_53e7a5e6_wwkYhg3d] Committed reservations ['26634bbe-dd5b-41bd-a1c7-41780d8a50db', '446ccba7-4758-481c-b23c-6be8634fd53f', '213345f0-0e78-43ac-84d8-2193d1d7609a', '0428d50f-555f-4363-a621-020c786c9310'] {{(pid=99496) commit /opt/stack/manila/manila/quota.py:1066}}
