2026-06-30 19:11:24.130 9 INFO neutron.db.ovn_revision_numbers_db [None req-6700c7a6-d797-4da2-a96a-ddd3de267797 49baf8f02c274cceae8c74a9cab4fc2a d87c122e328a48038ee9688311743b34 - - default default] Successfully bumped revision number for resource 052868e3-fdbb-4b5f-ae13-2d3d1d7b2f0b (type: floatingips) to 2
2026-06-30 19:11:24.130 9 INFO neutron.db.l3_db [None req-6700c7a6-d797-4da2-a96a-ddd3de267797 49baf8f02c274cceae8c74a9cab4fc2a d87c122e328a48038ee9688311743b34 - - default default] Floating IP 052868e3-fdbb-4b5f-ae13-2d3d1d7b2f0b associated. External IP: 10.96.250.205, port: 7dd099f3-b6c2-493d-9753-06fd85acb0f0.
2026-06-30 19:11:24.184 9 INFO neutron.api.wsgi [None req-6700c7a6-d797-4da2-a96a-ddd3de267797 49baf8f02c274cceae8c74a9cab4fc2a d87c122e328a48038ee9688311743b34 - - default default] 10.0.0.143 "PUT /v2.0/floatingips/052868e3-fdbb-4b5f-ae13-2d3d1d7b2f0b HTTP/1.1" status: 200 len: 1050 time: 0.6548762
2026-06-30 19:11:24.213 9 INFO neutron.notifiers.nova [-] Nova event matching ['req-143b9b5f-fdb9-41bc-bff6-ee093da8bb47'] response: {'name': 'network-changed', 'server_uuid': '5bdf90fd-ae03-4eda-b64d-03298c6f7e22', 'tag': '7dd099f3-b6c2-493d-9753-06fd85acb0f0', 'status': 'completed', 'code': 200}
2026-06-30 19:11:24.593 10 INFO neutron.api.wsgi [req-6dc8a35b-9460-4510-8e25-991e327f5a12 req-2d879832-0f73-451d-9aea-afaf62a03a62 74f9619e74754c2f8a5138e499da2a21 5c338f50ac524ed1beb23afc9851ffab - - default default] 10.0.0.14 "GET /v2.0/ports?device_id=6d3764de-39a7-4bfe-9cf5-34c08a3c7184 HTTP/1.1" status: 200 len: 210 time: 0.0174773
2026-06-30 19:11:24.751 9 INFO neutron.api.wsgi [req-5d9662c1-9e4f-4721-932a-3e7968cbefb8 req-29ddd5bb-d417-4d79-a6ef-d9a56604c873 bac24df5a7c246e5b74f40a83f1f10f3 83999fb9621d4058b9da56e2f719922f - - f38a3932c05f420b816f06f07e6c4eca f38a3932c05f420b816f06f07e6c4eca] 199.204.45.70 "GET /v2.0/ports?tenant_id=d87c122e328a48038ee9688311743b34&device_id=5bdf90fd-ae03-4eda-b64d-03298c6f7e22 HTTP/1.1" status: 200 len: 1413 time: 0.0291221
2026-06-30 19:11:24.793 9 INFO neutron.api.wsgi [req-5d9662c1-9e4f-4721-932a-3e7968cbefb8 req-c6be04d6-3e32-43e9-99b5-407a3c86955c bac24df5a7c246e5b74f40a83f1f10f3 83999fb9621d4058b9da56e2f719922f - - f38a3932c05f420b816f06f07e6c4eca f38a3932c05f420b816f06f07e6c4eca] 199.204.45.70 "GET /v2.0/networks?id=94ba732e-c605-4fc5-be9d-90db678f8058 HTTP/1.1" status: 200 len: 974 time: 0.0376155
2026-06-30 19:11:24.836 9 INFO neutron.api.wsgi [req-5d9662c1-9e4f-4721-932a-3e7968cbefb8 req-bece6ec7-63d8-4648-9b37-215e0f1c53cf bac24df5a7c246e5b74f40a83f1f10f3 83999fb9621d4058b9da56e2f719922f - - f38a3932c05f420b816f06f07e6c4eca f38a3932c05f420b816f06f07e6c4eca] 199.204.45.70 "GET /v2.0/floatingips?fixed_ip_address=10.100.0.11&port_id=7dd099f3-b6c2-493d-9753-06fd85acb0f0 HTTP/1.1" status: 200 len: 1060 time: 0.0362241
2026-06-30 19:11:24.868 9 INFO neutron.api.wsgi [req-5d9662c1-9e4f-4721-932a-3e7968cbefb8 req-c9b12c7b-fa89-46d0-9890-69de12f8e631 bac24df5a7c246e5b74f40a83f1f10f3 83999fb9621d4058b9da56e2f719922f - - f38a3932c05f420b816f06f07e6c4eca f38a3932c05f420b816f06f07e6c4eca] 199.204.45.70 "GET /v2.0/subnets?id=07f8d03f-7a47-4860-bdcf-889d66b3739e HTTP/1.1" status: 200 len: 893 time: 0.0263393
2026-06-30 19:11:24.893 9 INFO neutron.api.wsgi [req-5d9662c1-9e4f-4721-932a-3e7968cbefb8 req-b58d2ffe-673e-48f2-8025-2d0aea60f9d4 bac24df5a7c246e5b74f40a83f1f10f3 83999fb9621d4058b9da56e2f719922f - - f38a3932c05f420b816f06f07e6c4eca f38a3932c05f420b816f06f07e6c4eca] 199.204.45.70 "GET /v2.0/ports?network_id=94ba732e-c605-4fc5-be9d-90db678f8058&device_owner=network%3Adhcp HTTP/1.1" status: 200 len: 210 time: 0.0196581
2026-06-30 19:11:24.941 9 INFO neutron.api.wsgi [req-5d9662c1-9e4f-4721-932a-3e7968cbefb8 req-a9d73815-42d1-48cc-8689-cc59f5d82cba bac24df5a7c246e5b74f40a83f1f10f3 83999fb9621d4058b9da56e2f719922f - - f38a3932c05f420b816f06f07e6c4eca f38a3932c05f420b816f06f07e6c4eca] 199.204.45.70 "GET /v2.0/networks/94ba732e-c605-4fc5-be9d-90db678f8058?fields=segments HTTP/1.1" status: 200 len: 212 time: 0.0420136
2026-06-30 19:11:24.941 9 INFO neutron.db.ovn_revision_numbers_db [None req-b40abdab-808f-47ed-8bcf-6a28cbe4b0e3 d531a1c615c3483abfe82f7228ade10f db397757abfc4929afa1a4621372bbbc - - default default] Successfully bumped revision number for resource 9c2ca7ac-5856-4419-8ef8-7b3199090528 (type: security_groups) to 1
2026-06-30 19:11:24.957 9 INFO neutron.db.ovn_revision_numbers_db [None req-b40abdab-808f-47ed-8bcf-6a28cbe4b0e3 d531a1c615c3483abfe82f7228ade10f db397757abfc4929afa1a4621372bbbc - - default default] Successfully bumped revision number for resource 36288c97-99bd-43b0-b972-a98bc5566564 (type: security_group_rules) to 0
2026-06-30 19:11:24.972 9 INFO neutron.db.ovn_revision_numbers_db [None req-b40abdab-808f-47ed-8bcf-6a28cbe4b0e3 d531a1c615c3483abfe82f7228ade10f db397757abfc4929afa1a4621372bbbc - - default default] Successfully bumped revision number for resource 4320ba24-6907-43f7-a5f2-4d69a5507c61 (type: security_group_rules) to 0
2026-06-30 19:11:24.985 9 INFO neutron.api.wsgi [req-5d9662c1-9e4f-4721-932a-3e7968cbefb8 req-8bcabd01-c274-46cf-85da-51862ef20bc8 bac24df5a7c246e5b74f40a83f1f10f3 83999fb9621d4058b9da56e2f719922f - - f38a3932c05f420b816f06f07e6c4eca f38a3932c05f420b816f06f07e6c4eca] 199.204.45.70 "GET /v2.0/networks/94ba732e-c605-4fc5-be9d-90db678f8058?fields=provider%3Aphysical_network&fields=provider%3Anetwork_type HTTP/1.1" status: 200 len: 277 time: 0.0384283
2026-06-30 19:11:24.985 9 INFO neutron.db.ovn_revision_numbers_db [None req-b40abdab-808f-47ed-8bcf-6a28cbe4b0e3 d531a1c615c3483abfe82f7228ade10f db397757abfc4929afa1a4621372bbbc - - default default] Successfully bumped revision number for resource 4f6b8de7-0d17-49d8-aa8b-83ea5db63141 (type: security_group_rules) to 0
2026-06-30 19:11:24.996 9 INFO neutron.db.ovn_revision_numbers_db [None req-b40abdab-808f-47ed-8bcf-6a28cbe4b0e3 d531a1c615c3483abfe82f7228ade10f db397757abfc4929afa1a4621372bbbc - - default default] Successfully bumped revision number for resource fbda581e-1a03-4c7b-a3b2-bfab600b3c81 (type: security_group_rules) to 0
2026-06-30 19:11:25.035 9 INFO neutron.api.wsgi [None req-b40abdab-808f-47ed-8bcf-6a28cbe4b0e3 d531a1c615c3483abfe82f7228ade10f db397757abfc4929afa1a4621372bbbc - - default default] 10.0.0.143 "GET /v2.0/security-groups?tenant_id=6fe347d8482e4373b7e8bf39cd3224bb&name=default HTTP/1.1" status: 200 len: 3120 time: 0.3235662
2026-06-30 19:11:25.258 10 INFO neutron.api.wsgi [None req-29ab525c-2628-42ec-899a-020fc53869c5 d531a1c615c3483abfe82f7228ade10f db397757abfc4929afa1a4621372bbbc - - default default] 10.0.0.143 "DELETE /v2.0/security-groups/9c2ca7ac-5856-4419-8ef8-7b3199090528 HTTP/1.1" status: 204 len: 168 time: 0.2170796
2026-06-30 19:11:25.677 9 INFO neutron.api.wsgi [req-dd78e503-2356-49de-8978-ba7d8c335903 req-fccc556c-4171-4815-b73a-e1ff169ee8f2 74f9619e74754c2f8a5138e499da2a21 5c338f50ac524ed1beb23afc9851ffab - - default default] 10.0.0.14 "GET /v2.0/ports?device_id=6d3764de-39a7-4bfe-9cf5-34c08a3c7184 HTTP/1.1" status: 200 len: 210 time: 0.0216277
2026-06-30 19:11:25.956 10 INFO neutron.db.ovn_revision_numbers_db [None req-3bef4bdf-8898-46e4-bb4e-6172e69984ec d531a1c615c3483abfe82f7228ade10f db397757abfc4929afa1a4621372bbbc - - default default] Successfully bumped revision number for resource bbadf4e2-55eb-4099-9b6b-541f14f82132 (type: security_groups) to 1
2026-06-30 19:11:25.970 10 INFO neutron.db.ovn_revision_numbers_db [None req-3bef4bdf-8898-46e4-bb4e-6172e69984ec d531a1c615c3483abfe82f7228ade10f db397757abfc4929afa1a4621372bbbc - - default default] Successfully bumped revision number for resource 346fba09-df37-450d-8913-9ce809632be8 (type: security_group_rules) to 0
2026-06-30 19:11:25.983 10 INFO neutron.db.ovn_revision_numbers_db [None req-3bef4bdf-8898-46e4-bb4e-6172e69984ec d531a1c615c3483abfe82f7228ade10f db397757abfc4929afa1a4621372bbbc - - default default] Successfully bumped revision number for resource 8c8d8758-3e5e-4a14-a299-627556500c05 (type: security_group_rules) to 0
2026-06-30 19:11:25.995 10 INFO neutron.db.ovn_revision_numbers_db [None req-3bef4bdf-8898-46e4-bb4e-6172e69984ec d531a1c615c3483abfe82f7228ade10f db397757abfc4929afa1a4621372bbbc - - default default] Successfully bumped revision number for resource edcbcb69-2adb-43e9-ae8d-7b8a13f5ac31 (type: security_group_rules) to 0
2026-06-30 19:11:26.009 10 INFO neutron.db.ovn_revision_numbers_db [None req-3bef4bdf-8898-46e4-bb4e-6172e69984ec d531a1c615c3483abfe82f7228ade10f db397757abfc4929afa1a4621372bbbc - - default default] Successfully bumped revision number for resource f95cf422-ec36-4c0a-8227-f4e8b931a6b4 (type: security_group_rules) to 0
2026-06-30 19:11:26.052 10 INFO neutron.api.wsgi [None req-3bef4bdf-8898-46e4-bb4e-6172e69984ec d531a1c615c3483abfe82f7228ade10f db397757abfc4929afa1a4621372bbbc - - default default] 10.0.0.143 "GET /v2.0/security-groups?tenant_id=262f43fd3ba94693859d8d0ef34770f7&name=default HTTP/1.1" status: 200 len: 3120 time: 0.2812321
2026-06-30 19:11:26.281 10 INFO neutron.api.wsgi [None req-d47064aa-12ca-46bc-8978-93804d3c8b0c d531a1c615c3483abfe82f7228ade10f db397757abfc4929afa1a4621372bbbc - - default default] 10.0.0.143 "DELETE /v2.0/security-groups/bbadf4e2-55eb-4099-9b6b-541f14f82132 HTTP/1.1" status: 204 len: 168 time: 0.2245867
2026-06-30 19:11:26.757 10 INFO neutron.api.wsgi [req-a3337adc-162c-4953-9349-274a9ca8907f req-5f21f6a0-ad99-43d2-bc75-e6ec90d8f881 74f9619e74754c2f8a5138e499da2a21 5c338f50ac524ed1beb23afc9851ffab - - default default] 10.0.0.14 "GET /v2.0/ports?device_id=6d3764de-39a7-4bfe-9cf5-34c08a3c7184 HTTP/1.1" status: 200 len: 210 time: 0.0175860
2026-06-30 19:11:26.763 9 INFO neutron.api.wsgi [req-2af43dfd-7203-49f7-ba30-074724ca2bf3 req-42753b1c-b490-4d82-a2a3-87f8653bce3f 74f9619e74754c2f8a5138e499da2a21 5c338f50ac524ed1beb23afc9851ffab - - default default] 199.204.45.70 "GET /v2.0/networks?id=f2a10a2a-71fc-4e9e-bacc-873be8dc311d HTTP/1.1" status: 200 len: 876 time: 0.0433128
2026-06-30 19:11:26.773 9 WARNING neutron_lib.context [req-2af43dfd-7203-49f7-ba30-074724ca2bf3 req-37c229cc-e2b1-4372-a970-b8e9e6b090a5 74f9619e74754c2f8a5138e499da2a21 5c338f50ac524ed1beb23afc9851ffab - - default default] Method 'is_advsvc' is deprecated since 2023.2 release (neutron-lib 3.8.0) and will be removed once support for the old RBAC API policies will be removed from Neutron. Please use method 'is_service_role' instead.
2026-06-30 19:11:27.058 9 WARNING neutron.scheduler.dhcp_agent_scheduler [req-2af43dfd-7203-49f7-ba30-074724ca2bf3 req-37c229cc-e2b1-4372-a970-b8e9e6b090a5 74f9619e74754c2f8a5138e499da2a21 5c338f50ac524ed1beb23afc9851ffab - - default default] No more DHCP agents
2026-06-30 19:11:27.059 9 WARNING neutron.api.rpc.agentnotifiers.dhcp_rpc_agent_api [req-2af43dfd-7203-49f7-ba30-074724ca2bf3 req-37c229cc-e2b1-4372-a970-b8e9e6b090a5 74f9619e74754c2f8a5138e499da2a21 5c338f50ac524ed1beb23afc9851ffab - - default default] Unable to schedule network f2a10a2a-71fc-4e9e-bacc-873be8dc311d: no agents available; will retry on subsequent port and subnet creation events.
2026-06-30 19:11:27.184 9 INFO neutron.db.ovn_revision_numbers_db [req-2af43dfd-7203-49f7-ba30-074724ca2bf3 req-37c229cc-e2b1-4372-a970-b8e9e6b090a5 74f9619e74754c2f8a5138e499da2a21 5c338f50ac524ed1beb23afc9851ffab - - default default] Successfully bumped revision number for resource 1221ec49-8749-4b3e-aac7-24d70ed69908 (type: ports) to 1
2026-06-30 19:11:27.211 9 INFO neutron.api.wsgi [req-2af43dfd-7203-49f7-ba30-074724ca2bf3 req-37c229cc-e2b1-4372-a970-b8e9e6b090a5 74f9619e74754c2f8a5138e499da2a21 5c338f50ac524ed1beb23afc9851ffab - - default default] 199.204.45.70 "POST /v2.0/ports HTTP/1.1" status: 201 len: 1158 time: 0.4433577 /var/lib/openstack/lib/python3.12/site-packages/pycadf/identifier.py:71: UserWarning: Invalid uuid: neutron. To ensure interoperability, identifiers should be a valid uuid. warnings.warn(('Invalid uuid: %s. To ensure interoperability, '
2026-06-30 19:11:27.325 10 WARNING neutron.plugins.ml2.drivers.ovn.mech_driver.ovsdb.ovn_client [None req-ab8903ea-223a-4f18-ab1b-93772a9a930b - - - - - -] No hosting information found for port 6c59165d-8b0e-4e1c-aabc-3c6a33fce338: RuntimeError: No hosting information found for port 6c59165d-8b0e-4e1c-aabc-3c6a33fce338
2026-06-30 19:11:27.379 10 INFO neutron.db.ovn_revision_numbers_db [None req-ab8903ea-223a-4f18-ab1b-93772a9a930b - - - - - -] Successfully bumped revision number for resource 6c59165d-8b0e-4e1c-aabc-3c6a33fce338 (type: router_ports) to 2
2026-06-30 19:11:27.731 9 INFO neutron.db.ovn_revision_numbers_db [req-2af43dfd-7203-49f7-ba30-074724ca2bf3 req-b6642805-8b68-46ad-8f1e-b76416378fea bac24df5a7c246e5b74f40a83f1f10f3 83999fb9621d4058b9da56e2f719922f - - f38a3932c05f420b816f06f07e6c4eca f38a3932c05f420b816f06f07e6c4eca] Successfully bumped revision number for resource 1221ec49-8749-4b3e-aac7-24d70ed69908 (type: ports) to 2 /var/lib/openstack/lib/python3.12/site-packages/pycadf/identifier.py:71: UserWarning: Invalid uuid: neutron. To ensure interoperability, identifiers should be a valid uuid. warnings.warn(('Invalid uuid: %s. To ensure interoperability, '
2026-06-30 19:11:27.887 9 INFO neutron.api.wsgi [req-1cddb8ca-b18d-46d7-af8e-7fcce46ec51b req-e36ae7d6-842b-424f-ba9b-b8db5be6dcb1 74f9619e74754c2f8a5138e499da2a21 5c338f50ac524ed1beb23afc9851ffab - - default default] 10.0.0.14 "GET /v2.0/ports?device_id=6d3764de-39a7-4bfe-9cf5-34c08a3c7184 HTTP/1.1" status: 200 len: 1168 time: 0.0722561 /var/lib/openstack/lib/python3.12/site-packages/pycadf/identifier.py:71: UserWarning: Invalid uuid: neutron. To ensure interoperability, identifiers should be a valid uuid. warnings.warn(('Invalid uuid: %s. To ensure interoperability, '
2026-06-30 19:11:27.927 9 INFO neutron.api.wsgi [req-1cddb8ca-b18d-46d7-af8e-7fcce46ec51b req-7e9a9be7-e8b5-4889-b450-ce7194b1bf5b 74f9619e74754c2f8a5138e499da2a21 5c338f50ac524ed1beb23afc9851ffab - - default default] 10.0.0.14 "GET /v2.0/security-groups?id=0400dad5-81e8-44c4-aabe-3e12043e2285&fields=id&fields=name HTTP/1.1" status: 200 len: 286 time: 0.0348740
2026-06-30 19:11:27.941 9 INFO neutron.db.ovn_revision_numbers_db [req-2af43dfd-7203-49f7-ba30-074724ca2bf3 req-b6642805-8b68-46ad-8f1e-b76416378fea bac24df5a7c246e5b74f40a83f1f10f3 83999fb9621d4058b9da56e2f719922f - - f38a3932c05f420b816f06f07e6c4eca f38a3932c05f420b816f06f07e6c4eca] Successfully bumped revision number for resource 1221ec49-8749-4b3e-aac7-24d70ed69908 (type: ports) to 4
2026-06-30 19:11:27.956 9 INFO neutron.api.wsgi [req-2af43dfd-7203-49f7-ba30-074724ca2bf3 req-b6642805-8b68-46ad-8f1e-b76416378fea bac24df5a7c246e5b74f40a83f1f10f3 83999fb9621d4058b9da56e2f719922f - - f38a3932c05f420b816f06f07e6c4eca f38a3932c05f420b816f06f07e6c4eca] 199.204.45.70 "PUT /v2.0/ports/1221ec49-8749-4b3e-aac7-24d70ed69908 HTTP/1.1" status: 200 len: 1404 time: 0.7368338
2026-06-30 19:11:27.986 9 INFO neutron.notifiers.nova [-] Nova event matching ['req-5a39ac21-e603-4a50-a91c-5a1205190595'] response: {'name': 'network-changed', 'server_uuid': '6d3764de-39a7-4bfe-9cf5-34c08a3c7184', 'tag': '1221ec49-8749-4b3e-aac7-24d70ed69908', 'status': 'completed', 'code': 200}
2026-06-30 19:11:28.537 9 INFO neutron.api.wsgi [req-e394909b-cab6-4325-ab31-26355bbec423 req-90d0e879-e003-455f-86e3-6d7766b34675 bac24df5a7c246e5b74f40a83f1f10f3 83999fb9621d4058b9da56e2f719922f - - f38a3932c05f420b816f06f07e6c4eca f38a3932c05f420b816f06f07e6c4eca] 199.204.45.70 "GET /v2.0/ports?tenant_id=5c338f50ac524ed1beb23afc9851ffab&device_id=6d3764de-39a7-4bfe-9cf5-34c08a3c7184 HTTP/1.1" status: 200 len: 1407 time: 0.0368459
2026-06-30 19:11:28.587 9 INFO neutron.api.wsgi [req-e394909b-cab6-4325-ab31-26355bbec423 req-00ee2c8f-20d3-409b-9d9a-9b455cbbd9fc bac24df5a7c246e5b74f40a83f1f10f3 83999fb9621d4058b9da56e2f719922f - - f38a3932c05f420b816f06f07e6c4eca f38a3932c05f420b816f06f07e6c4eca] 199.204.45.70 "GET /v2.0/networks?tenant_id=5c338f50ac524ed1beb23afc9851ffab&shared=False HTTP/1.1" status: 200 len: 975 time: 0.0446663
2026-06-30 19:11:28.638 9 INFO neutron.api.wsgi [req-e394909b-cab6-4325-ab31-26355bbec423 req-9b5620ff-364e-418c-9b9c-baecc1aa24d4 bac24df5a7c246e5b74f40a83f1f10f3 83999fb9621d4058b9da56e2f719922f - - f38a3932c05f420b816f06f07e6c4eca f38a3932c05f420b816f06f07e6c4eca] 199.204.45.70 "GET /v2.0/networks?shared=True HTTP/1.1" status: 200 len: 952 time: 0.0443208
2026-06-30 19:11:29.014 9 INFO neutron.api.wsgi [req-e82844ae-bc8a-4de1-a4ae-3ef36db0f32e req-8852c302-b445-4a24-8dad-58bc731a6488 74f9619e74754c2f8a5138e499da2a21 5c338f50ac524ed1beb23afc9851ffab - - default default] 10.0.0.14 "GET /v2.0/ports?device_id=6d3764de-39a7-4bfe-9cf5-34c08a3c7184 HTTP/1.1" status: 200 len: 1168 time: 0.0281394
2026-06-30 19:11:29.089 9 INFO neutron.api.wsgi [req-e82844ae-bc8a-4de1-a4ae-3ef36db0f32e req-2c49e253-3d0c-4f7d-b117-be4c727b3625 74f9619e74754c2f8a5138e499da2a21 5c338f50ac524ed1beb23afc9851ffab - - default default] 10.0.0.14 "GET /v2.0/security-groups?id=0400dad5-81e8-44c4-aabe-3e12043e2285&fields=id&fields=name HTTP/1.1" status: 200 len: 286 time: 0.0660222
2026-06-30 19:11:29.203 9 INFO neutron.db.ovn_revision_numbers_db [None req-c68efa42-51af-4124-8d22-4a71fd95363c 89832e3451d04663ba220641de32139f 32d679158d104b238b6850bedcd700b2 - - default default] Successfully bumped revision number for resource 27602b43-9de0-4f60-a655-9964665bac68 (type: security_groups) to 1 /var/lib/openstack/lib/python3.12/site-packages/pycadf/identifier.py:71: UserWarning: Invalid uuid: neutron. To ensure interoperability, identifiers should be a valid uuid. warnings.warn(('Invalid uuid: %s. To ensure interoperability, '
2026-06-30 19:11:29.214 10 INFO neutron.api.wsgi [None req-99234ca1-bbbf-46fc-be47-1f408afb7024 8c4cd7ebc7a241fcaa625b9db12b6e37 d99d37da4cd742478270314bd345b648 - - default default] 10.0.0.224 "GET /v2.0/extensions HTTP/1.1" status: 200 len: 19298 time: 0.0467734
2026-06-30 19:11:29.219 9 INFO neutron.db.ovn_revision_numbers_db [None req-c68efa42-51af-4124-8d22-4a71fd95363c 89832e3451d04663ba220641de32139f 32d679158d104b238b6850bedcd700b2 - - default default] Successfully bumped revision number for resource 0fc08cf9-5c55-44c6-bc7e-5635c0031df1 (type: security_group_rules) to 0
2026-06-30 19:11:29.232 9 INFO neutron.db.ovn_revision_numbers_db [None req-c68efa42-51af-4124-8d22-4a71fd95363c 89832e3451d04663ba220641de32139f 32d679158d104b238b6850bedcd700b2 - - default default] Successfully bumped revision number for resource 58f04d79-5582-47d0-b4a1-701eaee665f9 (type: security_group_rules) to 0
2026-06-30 19:11:29.261 9 INFO neutron.db.ovn_revision_numbers_db [None req-c68efa42-51af-4124-8d22-4a71fd95363c 89832e3451d04663ba220641de32139f 32d679158d104b238b6850bedcd700b2 - - default default] Successfully bumped revision number for resource a486ba36-416a-40a0-883c-a45974e712e6 (type: security_group_rules) to 0
2026-06-30 19:11:29.279 9 INFO neutron.db.ovn_revision_numbers_db [None req-c68efa42-51af-4124-8d22-4a71fd95363c 89832e3451d04663ba220641de32139f 32d679158d104b238b6850bedcd700b2 - - default default] Successfully bumped revision number for resource cbff3012-d0b9-4774-a87a-d16dac4881b2 (type: security_group_rules) to 0
2026-06-30 19:11:29.356 10 INFO neutron.api.wsgi [None req-be66bb63-5463-4c7f-a03e-cc6163d8461e 8c4cd7ebc7a241fcaa625b9db12b6e37 d99d37da4cd742478270314bd345b648 - - default default] 10.0.0.224 "GET /v2.0/quotas/d99d37da4cd742478270314bd345b648/details HTTP/1.1" status: 200 len: 1046 time: 0.1199350
2026-06-30 19:11:29.359 9 INFO neutron.db.segments_db [None req-c68efa42-51af-4124-8d22-4a71fd95363c 89832e3451d04663ba220641de32139f 32d679158d104b238b6850bedcd700b2 - - default default] Added segment 1968725e-bb31-49c5-8151-233a289f44d5 of type geneve for network 3980dc16-4e4b-417a-b60a-c769b29396cd
2026-06-30 19:11:29.479 9 INFO neutron.db.ovn_revision_numbers_db [None req-c68efa42-51af-4124-8d22-4a71fd95363c 89832e3451d04663ba220641de32139f 32d679158d104b238b6850bedcd700b2 - - default default] Successfully bumped revision number for resource 3980dc16-4e4b-417a-b60a-c769b29396cd (type: networks) to 1
2026-06-30 19:11:29.611 9 WARNING neutron.scheduler.dhcp_agent_scheduler [None req-c68efa42-51af-4124-8d22-4a71fd95363c 89832e3451d04663ba220641de32139f 32d679158d104b238b6850bedcd700b2 - - default default] No more DHCP agents
2026-06-30 19:11:29.612 9 WARNING neutron.api.rpc.agentnotifiers.dhcp_rpc_agent_api [None req-c68efa42-51af-4124-8d22-4a71fd95363c 89832e3451d04663ba220641de32139f 32d679158d104b238b6850bedcd700b2 - - default default] Unable to schedule network 3980dc16-4e4b-417a-b60a-c769b29396cd: no agents available; will retry on subsequent port and subnet creation events.
2026-06-30 19:11:29.680 9 INFO neutron.db.ovn_revision_numbers_db [None req-c68efa42-51af-4124-8d22-4a71fd95363c 89832e3451d04663ba220641de32139f 32d679158d104b238b6850bedcd700b2 - - default default] Successfully bumped revision number for resource 2a0702c9-87d7-4af0-ab60-a16a6b208342 (type: ports) to 1
2026-06-30 19:11:29.684 9 INFO neutron.api.wsgi [req-2af43dfd-7203-49f7-ba30-074724ca2bf3 req-5d80230e-e9e5-40f9-ae3c-71737f860b6d bac24df5a7c246e5b74f40a83f1f10f3 83999fb9621d4058b9da56e2f719922f - - f38a3932c05f420b816f06f07e6c4eca f38a3932c05f420b816f06f07e6c4eca] 199.204.45.70 "GET /v2.0/ports?tenant_id=5c338f50ac524ed1beb23afc9851ffab&device_id=6d3764de-39a7-4bfe-9cf5-34c08a3c7184 HTTP/1.1" status: 200 len: 1407 time: 0.0324636
2026-06-30 19:11:29.704 9 INFO neutron.api.wsgi [None req-c68efa42-51af-4124-8d22-4a71fd95363c 89832e3451d04663ba220641de32139f 32d679158d104b238b6850bedcd700b2 - - default default] 10.0.0.143 "POST /v2.0/networks HTTP/1.1" status: 201 len: 928 time: 0.7439499
2026-06-30 19:11:29.706 9 INFO neutron.api.wsgi [req-2af43dfd-7203-49f7-ba30-074724ca2bf3 req-1da64760-c9e7-4201-9275-1e9cb23b5e03 bac24df5a7c246e5b74f40a83f1f10f3 83999fb9621d4058b9da56e2f719922f - - f38a3932c05f420b816f06f07e6c4eca f38a3932c05f420b816f06f07e6c4eca] 199.204.45.70 "GET /v2.0/floatingips?fixed_ip_address=10.100.0.6&port_id=1221ec49-8749-4b3e-aac7-24d70ed69908 HTTP/1.1" status: 200 len: 217 time: 0.0165126
2026-06-30 19:11:29.735 9 INFO neutron.api.wsgi [req-2af43dfd-7203-49f7-ba30-074724ca2bf3 req-bab2358f-d1cf-4729-adfc-99f6b7d847e4 bac24df5a7c246e5b74f40a83f1f10f3 83999fb9621d4058b9da56e2f719922f - - f38a3932c05f420b816f06f07e6c4eca f38a3932c05f420b816f06f07e6c4eca] 199.204.45.70 "GET /v2.0/subnets?id=2d899ef7-ce35-47fc-b66a-2731eea65613 HTTP/1.1" status: 200 len: 894 time: 0.0243759
2026-06-30 19:11:29.757 9 INFO neutron.api.wsgi [req-2af43dfd-7203-49f7-ba30-074724ca2bf3 req-6e5c22ad-9a37-45aa-96f8-ae86281da212 bac24df5a7c246e5b74f40a83f1f10f3 83999fb9621d4058b9da56e2f719922f - - f38a3932c05f420b816f06f07e6c4eca f38a3932c05f420b816f06f07e6c4eca] 199.204.45.70 "GET /v2.0/ports?network_id=f2a10a2a-71fc-4e9e-bacc-873be8dc311d&device_owner=network%3Adhcp HTTP/1.1" status: 200 len: 210 time: 0.0170476
2026-06-30 19:11:29.842 9 INFO neutron.api.wsgi [req-2af43dfd-7203-49f7-ba30-074724ca2bf3 req-07caf63e-3534-47ed-a800-2097efe18be7 bac24df5a7c246e5b74f40a83f1f10f3 83999fb9621d4058b9da56e2f719922f - - f38a3932c05f420b816f06f07e6c4eca f38a3932c05f420b816f06f07e6c4eca] 199.204.45.70 "GET /v2.0/networks/f2a10a2a-71fc-4e9e-bacc-873be8dc311d?fields=segments HTTP/1.1" status: 200 len: 212 time: 0.0787363
2026-06-30 19:11:29.860 9 WARNING neutron.scheduler.dhcp_agent_scheduler [None req-6764ac54-326e-4760-a2a4-cda4465dcd4a 89832e3451d04663ba220641de32139f 32d679158d104b238b6850bedcd700b2 - - default default] No more DHCP agents
2026-06-30 19:11:29.877 9 WARNING neutron.api.rpc.agentnotifiers.dhcp_rpc_agent_api [None req-6764ac54-326e-4760-a2a4-cda4465dcd4a 89832e3451d04663ba220641de32139f 32d679158d104b238b6850bedcd700b2 - - default default] Unable to schedule network 3980dc16-4e4b-417a-b60a-c769b29396cd: no agents available; will retry on subsequent port and subnet creation events.
2026-06-30 19:11:29.881 9 INFO neutron.api.wsgi [req-2af43dfd-7203-49f7-ba30-074724ca2bf3 req-01a78c5c-9636-43cc-aa19-337afd95ddc4 bac24df5a7c246e5b74f40a83f1f10f3 83999fb9621d4058b9da56e2f719922f - - f38a3932c05f420b816f06f07e6c4eca f38a3932c05f420b816f06f07e6c4eca] 199.204.45.70 "GET /v2.0/networks/f2a10a2a-71fc-4e9e-bacc-873be8dc311d?fields=provider%3Aphysical_network&fields=provider%3Anetwork_type HTTP/1.1" status: 200 len: 277 time: 0.0331438
2026-06-30 19:11:30.187 9 INFO neutron.api.wsgi [req-f017e53f-94c1-4f16-b97e-98c4cfb790fc req-845af101-fe87-4442-9e51-f61a518e5012 74f9619e74754c2f8a5138e499da2a21 5c338f50ac524ed1beb23afc9851ffab - - default default] 10.0.0.14 "GET /v2.0/ports?device_id=6d3764de-39a7-4bfe-9cf5-34c08a3c7184 HTTP/1.1" status: 200 len: 1168 time: 0.0306349
2026-06-30 19:11:30.231 9 INFO neutron.api.wsgi [req-f017e53f-94c1-4f16-b97e-98c4cfb790fc req-7034400f-30a7-4cd6-882b-437355b2b56e 74f9619e74754c2f8a5138e499da2a21 5c338f50ac524ed1beb23afc9851ffab - - default default] 10.0.0.14 "GET /v2.0/security-groups?id=0400dad5-81e8-44c4-aabe-3e12043e2285&fields=id&fields=name HTTP/1.1" status: 200 len: 286 time: 0.0385275
2026-06-30 19:11:30.332 9 INFO neutron.db.ovn_revision_numbers_db [None req-794f5609-0023-4376-acc0-41f5cede5b59 - - - - - -] Successfully bumped revision number for resource 2a0702c9-87d7-4af0-ab60-a16a6b208342 (type: ports) to 2
2026-06-30 19:11:30.368 9 INFO neutron.db.ovn_revision_numbers_db [None req-794f5609-0023-4376-acc0-41f5cede5b59 - - - - - -] Successfully bumped revision number for resource b3734d71-0ce4-42aa-af58-9cae4e5be397 (type: subnets) to 0
2026-06-30 19:11:30.383 9 INFO neutron.api.wsgi [None req-6764ac54-326e-4760-a2a4-cda4465dcd4a 89832e3451d04663ba220641de32139f 32d679158d104b238b6850bedcd700b2 - - default default] 10.0.0.143 "POST /v2.0/subnets HTTP/1.1" status: 201 len: 843 time: 0.6730089
2026-06-30 19:11:30.393 9 WARNING neutron.api.v2.base [None req-3876c861-e827-4be4-930f-7c72a76552e9 89832e3451d04663ba220641de32139f 32d679158d104b238b6850bedcd700b2 - - default default] An exception happened while processing the request body. The exception message is [Invalid input for target_tenant. Reason: 'None' is not a valid string.].: webob.exc.HTTPBadRequest: Invalid input for target_tenant. Reason: 'None' is not a valid string.
2026-06-30 19:11:30.394 9 INFO neutron.api.v2.resource [None req-3876c861-e827-4be4-930f-7c72a76552e9 89832e3451d04663ba220641de32139f 32d679158d104b238b6850bedcd700b2 - - default default] create failed (client error): Invalid input for target_tenant. Reason: 'None' is not a valid string.
2026-06-30 19:11:30.394 9 INFO neutron.api.wsgi [None req-3876c861-e827-4be4-930f-7c72a76552e9 89832e3451d04663ba220641de32139f 32d679158d104b238b6850bedcd700b2 - - default default] 10.0.0.143 "POST /v2.0/rbac-policies HTTP/1.1" status: 400 len: 346 time: 0.0059793
2026-06-30 19:11:30.791 9 INFO neutron.services.segments.plugin [-] Segment 1968725e-bb31-49c5-8151-233a289f44d5 resource provider aggregate not found
2026-06-30 19:11:30.798 9 INFO neutron.services.segments.plugin [-] Segment 1968725e-bb31-49c5-8151-233a289f44d5 resource provider aggregate not found
2026-06-30 19:11:30.806 9 INFO neutron.services.segments.plugin [-] Segment 1968725e-bb31-49c5-8151-233a289f44d5 resource provider not found; error: Placement Client Error (4xx): {"errors": [{"status": 404, "title": "Not Found", "detail": "The resource could not be found.\n\n No resource provider with uuid 1968725e-bb31-49c5-8151-233a289f44d5 found for delete ", "request_id": "req-e762e1ff-1166-445a-a1f9-045f98ca87ef"}]}
2026-06-30 19:11:30.812 9 INFO neutron.services.segments.plugin [-] Segment 1968725e-bb31-49c5-8151-233a289f44d5 resource provider not found; error: Placement Client Error (4xx): {"errors": [{"status": 404, "title": "Not Found", "detail": "The resource could not be found.\n\n No resource provider with uuid 1968725e-bb31-49c5-8151-233a289f44d5 found for delete ", "request_id": "req-6c147ecb-ffee-4ce9-be43-b967fabf8786"}]}
2026-06-30 19:11:30.824 9 INFO neutron.api.wsgi [None req-2e3da998-bf1b-4d65-9027-3ca8d377aebe 89832e3451d04663ba220641de32139f 32d679158d104b238b6850bedcd700b2 - - default default] 10.0.0.143 "DELETE /v2.0/networks/3980dc16-4e4b-417a-b60a-c769b29396cd HTTP/1.1" status: 204 len: 168 time: 0.4263675
2026-06-30 19:11:30.914 9 INFO neutron.db.segments_db [None req-d30b22c0-6e8c-4d4a-83f7-392ed18d6868 89832e3451d04663ba220641de32139f 32d679158d104b238b6850bedcd700b2 - - default default] Added segment 563195ba-2361-4e86-9cf8-eadcc9c86df6 of type geneve for network 74cc742a-70a1-4d20-a54f-5c1c0c368056
2026-06-30 19:11:31.029 9 INFO neutron.db.ovn_revision_numbers_db [None req-d30b22c0-6e8c-4d4a-83f7-392ed18d6868 89832e3451d04663ba220641de32139f 32d679158d104b238b6850bedcd700b2 - - default default] Successfully bumped revision number for resource 74cc742a-70a1-4d20-a54f-5c1c0c368056 (type: networks) to 1
2026-06-30 19:11:31.170 9 WARNING neutron.scheduler.dhcp_agent_scheduler [None req-d30b22c0-6e8c-4d4a-83f7-392ed18d6868 89832e3451d04663ba220641de32139f 32d679158d104b238b6850bedcd700b2 - - default default] No more DHCP agents
2026-06-30 19:11:31.172 9 WARNING neutron.api.rpc.agentnotifiers.dhcp_rpc_agent_api [None req-d30b22c0-6e8c-4d4a-83f7-392ed18d6868 89832e3451d04663ba220641de32139f 32d679158d104b238b6850bedcd700b2 - - default default] Unable to schedule network 74cc742a-70a1-4d20-a54f-5c1c0c368056: no agents available; will retry on subsequent port and subnet creation events.
2026-06-30 19:11:31.207 10 INFO neutron.api.wsgi [None req-e9aa4c51-b881-479d-a779-30aa9e781fcd 8c4cd7ebc7a241fcaa625b9db12b6e37 d99d37da4cd742478270314bd345b648 - - default default] 10.0.0.224 "GET /v2.0/extensions HTTP/1.1" status: 200 len: 19298 time: 0.0087569
2026-06-30 19:11:31.232 9 INFO neutron.db.ovn_revision_numbers_db [None req-d30b22c0-6e8c-4d4a-83f7-392ed18d6868 89832e3451d04663ba220641de32139f 32d679158d104b238b6850bedcd700b2 - - default default] Successfully bumped revision number for resource 9ce69517-8da5-4a3d-b911-83e7aebac83a (type: ports) to 1
2026-06-30 19:11:31.252 9 INFO neutron.api.wsgi [None req-d30b22c0-6e8c-4d4a-83f7-392ed18d6868 89832e3451d04663ba220641de32139f 32d679158d104b238b6850bedcd700b2 - - default default] 10.0.0.143 "POST /v2.0/networks HTTP/1.1" status: 201 len: 928 time: 0.4216232
2026-06-30 19:11:31.325 9 INFO neutron.api.wsgi [None req-413c1035-4871-4ee9-9284-1a2745faa61b 8c4cd7ebc7a241fcaa625b9db12b6e37 d99d37da4cd742478270314bd345b648 - - default default] 10.0.0.224 "GET /v2.0/quotas/d99d37da4cd742478270314bd345b648/details HTTP/1.1" status: 200 len: 1046 time: 0.1049035
2026-06-30 19:11:31.356 10 INFO neutron.api.wsgi [req-4e695d39-fea8-4bd1-ba16-9d94ce78095c req-1b2f23f7-cba6-49a8-900b-28208973fc65 74f9619e74754c2f8a5138e499da2a21 5c338f50ac524ed1beb23afc9851ffab - - default default] 10.0.0.14 "GET /v2.0/ports?device_id=6d3764de-39a7-4bfe-9cf5-34c08a3c7184 HTTP/1.1" status: 200 len: 1168 time: 0.0709698
2026-06-30 19:11:31.381 9 WARNING neutron.scheduler.dhcp_agent_scheduler [None req-029d49e4-8a85-4794-accb-aab0477c451e 89832e3451d04663ba220641de32139f 32d679158d104b238b6850bedcd700b2 - - default default] No more DHCP agents
2026-06-30 19:11:31.382 9 WARNING neutron.api.rpc.agentnotifiers.dhcp_rpc_agent_api [None req-029d49e4-8a85-4794-accb-aab0477c451e 89832e3451d04663ba220641de32139f 32d679158d104b238b6850bedcd700b2 - - default default] Unable to schedule network 74cc742a-70a1-4d20-a54f-5c1c0c368056: no agents available; will retry on subsequent port and subnet creation events.
2026-06-30 19:11:31.393 10 INFO neutron.api.wsgi [req-4e695d39-fea8-4bd1-ba16-9d94ce78095c req-84ccc060-9dde-47bd-9c7a-6c2814e7318a 74f9619e74754c2f8a5138e499da2a21 5c338f50ac524ed1beb23afc9851ffab - - default default] 10.0.0.14 "GET /v2.0/security-groups?id=0400dad5-81e8-44c4-aabe-3e12043e2285&fields=id&fields=name HTTP/1.1" status: 200 len: 286 time: 0.0322366
2026-06-30 19:11:31.786 9 INFO neutron.db.ovn_revision_numbers_db [None req-3107ba6a-560b-452e-a80a-33c3373a851e - - - - - -] Successfully bumped revision number for resource 9ce69517-8da5-4a3d-b911-83e7aebac83a (type: ports) to 2
2026-06-30 19:11:31.810 9 INFO neutron.db.ovn_revision_numbers_db [None req-3107ba6a-560b-452e-a80a-33c3373a851e - - - - - -] Successfully bumped revision number for resource d390dda7-f29d-4579-87ab-947938bac6a3 (type: subnets) to 0
2026-06-30 19:11:31.844 9 INFO neutron.api.wsgi [None req-029d49e4-8a85-4794-accb-aab0477c451e 89832e3451d04663ba220641de32139f 32d679158d104b238b6850bedcd700b2 - - default default] 10.0.0.143 "POST /v2.0/subnets HTTP/1.1" status: 201 len: 846 time: 0.5850220
2026-06-30 19:11:31.852 9 WARNING neutron.api.v2.base [None req-7c1bbb44-f045-4ed0-99bc-f75c6ca51744 89832e3451d04663ba220641de32139f 32d679158d104b238b6850bedcd700b2 - - default default] An exception happened while processing the request body. The exception message is [Invalid input for target_tenant. Reason: '1234123412341234123412341234123412341234123412341234123412341234123412341234123412341234123412341234123412341234123412341234123412341234123412341234123412341234123412341234123412341234123412341234123412341234123412341234123412341234123412341234123412341234123412341234123412341234123412341234123412341234123412341234123412341234123412341234123412341234123412341234123412341234123412341234123412341234' exceeds maximum length of 255.].: webob.exc.HTTPBadRequest: Invalid input for target_tenant. Reason: '1234123412341234123412341234123412341234123412341234123412341234123412341234123412341234123412341234123412341234123412341234123412341234123412341234123412341234123412341234123412341234123412341234123412341234123412341234123412341234123412341234123412341234123412341234123412341234123412341234123412341234123412341234123412341234123412341234123412341234123412341234123412341234123412341234123412341234' exceeds maximum length of 255.
2026-06-30 19:11:31.852 9 INFO neutron.api.v2.resource [None req-7c1bbb44-f045-4ed0-99bc-f75c6ca51744 89832e3451d04663ba220641de32139f 32d679158d104b238b6850bedcd700b2 - - default default] create failed (client error): Invalid input for target_tenant. Reason: '1234123412341234123412341234123412341234123412341234123412341234123412341234123412341234123412341234123412341234123412341234123412341234123412341234123412341234123412341234123412341234123412341234123412341234123412341234123412341234123412341234123412341234123412341234123412341234123412341234123412341234123412341234123412341234123412341234123412341234123412341234123412341234123412341234123412341234' exceeds maximum length of 255.
2026-06-30 19:11:31.853 9 INFO neutron.api.wsgi [None req-7c1bbb44-f045-4ed0-99bc-f75c6ca51744 89832e3451d04663ba220641de32139f 32d679158d104b238b6850bedcd700b2 - - default default] 10.0.0.143 "POST /v2.0/rbac-policies HTTP/1.1" status: 400 len: 750 time: 0.0048859
2026-06-30 19:11:32.024 9 INFO neutron.plugins.ml2.drivers.ovn.mech_driver.mech_driver [None req-cae8a9d7-3d03-40fc-93f9-1697d2f7ec7c - - - - - -] OVN reports status up for port: 1221ec49-8749-4b3e-aac7-24d70ed69908
2026-06-30 19:11:32.041 9 INFO neutron.plugins.ml2.plugin [None req-cae8a9d7-3d03-40fc-93f9-1697d2f7ec7c - - - - - -] Attempt 1 to provision port 1221ec49-8749-4b3e-aac7-24d70ed69908
2026-06-30 19:11:32.184 9 INFO neutron.notifiers.nova [-] Nova event matching ['req-8f1314ca-7203-4fb8-8db5-698eb53106e8'] response: {'server_uuid': '6d3764de-39a7-4bfe-9cf5-34c08a3c7184', 'name': 'network-vif-plugged', 'status': 'completed', 'tag': '1221ec49-8749-4b3e-aac7-24d70ed69908', 'code': 200}
2026-06-30 19:11:32.295 9 INFO neutron.db.ovn_revision_numbers_db [None req-cae8a9d7-3d03-40fc-93f9-1697d2f7ec7c - - - - - -] Successfully bumped revision number for resource 1221ec49-8749-4b3e-aac7-24d70ed69908 (type: ports) to 5
2026-06-30 19:11:32.354 9 INFO neutron.api.wsgi [None req-701ac25a-2e42-42fd-88e9-e3d571b5505a 89832e3451d04663ba220641de32139f 32d679158d104b238b6850bedcd700b2 - - default default] 10.0.0.143 "DELETE /v2.0/networks/74cc742a-70a1-4d20-a54f-5c1c0c368056 HTTP/1.1" status: 204 len: 168 time: 0.4974029
2026-06-30 19:11:32.502 10 INFO neutron.db.segments_db [None req-f500194a-01d9-4797-a6c5-62b49ede6112 89832e3451d04663ba220641de32139f 32d679158d104b238b6850bedcd700b2 - - default default] Added segment 00288f00-aa20-4417-96b2-dbec06890a6a of type geneve for network 5f2a5e07-0700-4422-a70c-91aa16321418
2026-06-30 19:11:32.518 10 INFO neutron.api.wsgi [req-c3281320-44ad-4111-ac2e-ec27391d9ab6 req-1dcca5ea-25e9-42e2-ab52-ddc3caba8ebe bac24df5a7c246e5b74f40a83f1f10f3 83999fb9621d4058b9da56e2f719922f - - f38a3932c05f420b816f06f07e6c4eca f38a3932c05f420b816f06f07e6c4eca] 10.0.0.110 "GET /v2.0/ports?device_id=5bdf90fd-ae03-4eda-b64d-03298c6f7e22 HTTP/1.1" status: 200 len: 1413 time: 0.1342046
2026-06-30 19:11:32.525 10 INFO neutron.api.wsgi [req-ba5b45e3-454f-41f2-834a-2993fd281075 req-6c99d25a-292c-4bf3-a331-b812baa8e0b7 74f9619e74754c2f8a5138e499da2a21 5c338f50ac524ed1beb23afc9851ffab - - default default] 10.0.0.14 "GET /v2.0/ports?device_id=6d3764de-39a7-4bfe-9cf5-34c08a3c7184 HTTP/1.1" status: 200 len: 1170 time: 0.0763102
2026-06-30 19:11:32.582 10 INFO neutron.api.wsgi [req-c3281320-44ad-4111-ac2e-ec27391d9ab6 req-072d5ddf-0839-405f-9325-8e2b1b65b9ee bac24df5a7c246e5b74f40a83f1f10f3 83999fb9621d4058b9da56e2f719922f - - f38a3932c05f420b816f06f07e6c4eca f38a3932c05f420b816f06f07e6c4eca] 10.0.0.110 "GET /v2.0/security-groups?id=924525f1-c972-46c0-8271-7d8db9d4fdd9&fields=id&fields=name HTTP/1.1" status: 200 len: 313 time: 0.0558410
2026-06-30 19:11:32.585 10 INFO neutron.api.wsgi [req-ba5b45e3-454f-41f2-834a-2993fd281075 req-2376f485-0447-4295-be1b-5305503006cc 74f9619e74754c2f8a5138e499da2a21 5c338f50ac524ed1beb23afc9851ffab - - default default] 10.0.0.14 "GET /v2.0/security-groups?id=0400dad5-81e8-44c4-aabe-3e12043e2285&fields=id&fields=name HTTP/1.1" status: 200 len: 286 time: 0.0506854
2026-06-30 19:11:32.662 10 INFO neutron.db.ovn_revision_numbers_db [None req-f500194a-01d9-4797-a6c5-62b49ede6112 89832e3451d04663ba220641de32139f 32d679158d104b238b6850bedcd700b2 - - default default] Successfully bumped revision number for resource 5f2a5e07-0700-4422-a70c-91aa16321418 (type: networks) to 1
2026-06-30 19:11:32.817 10 WARNING neutron.scheduler.dhcp_agent_scheduler [None req-f500194a-01d9-4797-a6c5-62b49ede6112 89832e3451d04663ba220641de32139f 32d679158d104b238b6850bedcd700b2 - - default default] No more DHCP agents
2026-06-30 19:11:32.819 10 WARNING neutron.api.rpc.agentnotifiers.dhcp_rpc_agent_api [None req-f500194a-01d9-4797-a6c5-62b49ede6112 89832e3451d04663ba220641de32139f 32d679158d104b238b6850bedcd700b2 - - default default] Unable to schedule network 5f2a5e07-0700-4422-a70c-91aa16321418: no agents available; will retry on subsequent port and subnet creation events.
2026-06-30 19:11:32.820 9 INFO neutron.services.segments.plugin [-] Segment 563195ba-2361-4e86-9cf8-eadcc9c86df6 resource provider aggregate not found
2026-06-30 19:11:32.826 9 INFO neutron.services.segments.plugin [-] Segment 563195ba-2361-4e86-9cf8-eadcc9c86df6 resource provider aggregate not found
2026-06-30 19:11:32.832 9 INFO neutron.services.segments.plugin [-] Segment 563195ba-2361-4e86-9cf8-eadcc9c86df6 resource provider not found; error: Placement Client Error (4xx): {"errors": [{"status": 404, "title": "Not Found", "detail": "The resource could not be found.\n\n No resource provider with uuid 563195ba-2361-4e86-9cf8-eadcc9c86df6 found for delete ", "request_id": "req-cc715463-bfa1-4a9d-89ea-2fae465dd221"}]}
2026-06-30 19:11:32.839 9 INFO neutron.services.segments.plugin [-] Segment 563195ba-2361-4e86-9cf8-eadcc9c86df6 resource provider not found; error: Placement Client Error (4xx): {"errors": [{"status": 404, "title": "Not Found", "detail": "The resource could not be found.\n\n No resource provider with uuid 563195ba-2361-4e86-9cf8-eadcc9c86df6 found for delete ", "request_id": "req-292f7634-e3ca-4545-b742-5a186764b002"}]}
2026-06-30 19:11:32.903 10 INFO neutron.db.ovn_revision_numbers_db [None req-f500194a-01d9-4797-a6c5-62b49ede6112 89832e3451d04663ba220641de32139f 32d679158d104b238b6850bedcd700b2 - - default default] Successfully bumped revision number for resource 644c6ca4-d630-44f5-8647-1cf7b5074cb1 (type: ports) to 1
2026-06-30 19:11:32.923 10 INFO neutron.api.wsgi [None req-f500194a-01d9-4797-a6c5-62b49ede6112 89832e3451d04663ba220641de32139f 32d679158d104b238b6850bedcd700b2 - - default default] 10.0.0.143 "POST /v2.0/networks HTTP/1.1" status: 201 len: 927 time: 0.5643528
2026-06-30 19:11:33.076 10 WARNING neutron.scheduler.dhcp_agent_scheduler [None req-79af5bf2-9465-4391-96aa-4b8ec37bfff9 89832e3451d04663ba220641de32139f 32d679158d104b238b6850bedcd700b2 - - default default] No more DHCP agents
2026-06-30 19:11:33.078 10 WARNING neutron.api.rpc.agentnotifiers.dhcp_rpc_agent_api [None req-79af5bf2-9465-4391-96aa-4b8ec37bfff9 89832e3451d04663ba220641de32139f 32d679158d104b238b6850bedcd700b2 - - default default] Unable to schedule network 5f2a5e07-0700-4422-a70c-91aa16321418: no agents available; will retry on subsequent port and subnet creation events. /var/lib/openstack/lib/python3.12/site-packages/pycadf/identifier.py:71: UserWarning: Invalid uuid: neutron. To ensure interoperability, identifiers should be a valid uuid. warnings.warn(('Invalid uuid: %s. To ensure interoperability, '
2026-06-30 19:11:33.530 10 INFO neutron.db.ovn_revision_numbers_db [None req-91dcff80-0ce8-4a26-9859-648e7e9632fe - - - - - -] Successfully bumped revision number for resource 644c6ca4-d630-44f5-8647-1cf7b5074cb1 (type: ports) to 2
2026-06-30 19:11:33.534 9 INFO neutron.db.ovn_revision_numbers_db [None req-a12ca8bf-aa77-4bb6-915a-ac4cb809f11e d531a1c615c3483abfe82f7228ade10f db397757abfc4929afa1a4621372bbbc - - default default] Successfully bumped revision number for resource 0b6f72c0-518e-49c3-a124-a0b90f0a65c1 (type: security_groups) to 1
2026-06-30 19:11:33.547 9 INFO neutron.db.ovn_revision_numbers_db [None req-a12ca8bf-aa77-4bb6-915a-ac4cb809f11e d531a1c615c3483abfe82f7228ade10f db397757abfc4929afa1a4621372bbbc - - default default] Successfully bumped revision number for resource 0698c970-0b50-4cc4-b43b-0f8b17219e12 (type: security_group_rules) to 0
2026-06-30 19:11:33.558 10 INFO neutron.db.ovn_revision_numbers_db [None req-91dcff80-0ce8-4a26-9859-648e7e9632fe - - - - - -] Successfully bumped revision number for resource 91922ab1-9eea-49da-8717-252a2078e13f (type: subnets) to 0
2026-06-30 19:11:33.559 9 INFO neutron.db.ovn_revision_numbers_db [None req-a12ca8bf-aa77-4bb6-915a-ac4cb809f11e d531a1c615c3483abfe82f7228ade10f db397757abfc4929afa1a4621372bbbc - - default default] Successfully bumped revision number for resource 223b466a-d3ea-400f-9186-985395bf948c (type: security_group_rules) to 0
2026-06-30 19:11:33.568 9 INFO neutron.db.ovn_revision_numbers_db [None req-a12ca8bf-aa77-4bb6-915a-ac4cb809f11e d531a1c615c3483abfe82f7228ade10f db397757abfc4929afa1a4621372bbbc - - default default] Successfully bumped revision number for resource bed2f28a-d7ad-4621-b159-9f606625b052 (type: security_group_rules) to 0
2026-06-30 19:11:33.572 10 INFO neutron.api.wsgi [None req-79af5bf2-9465-4391-96aa-4b8ec37bfff9 89832e3451d04663ba220641de32139f 32d679158d104b238b6850bedcd700b2 - - default default] 10.0.0.143 "POST /v2.0/subnets HTTP/1.1" status: 201 len: 846 time: 0.6419408
2026-06-30 19:11:33.581 9 INFO neutron.db.ovn_revision_numbers_db [None req-a12ca8bf-aa77-4bb6-915a-ac4cb809f11e d531a1c615c3483abfe82f7228ade10f db397757abfc4929afa1a4621372bbbc - - default default] Successfully bumped revision number for resource c9e20a4f-1a46-459b-9f3f-504b8455b793 (type: security_group_rules) to 0
2026-06-30 19:11:33.639 9 INFO neutron.api.wsgi [None req-a12ca8bf-aa77-4bb6-915a-ac4cb809f11e d531a1c615c3483abfe82f7228ade10f db397757abfc4929afa1a4621372bbbc - - default default] 10.0.0.143 "GET /v2.0/security-groups?tenant_id=d99d37da4cd742478270314bd345b648&name=default HTTP/1.1" status: 200 len: 3120 time: 0.3128366
2026-06-30 19:11:33.730 9 INFO neutron.api.wsgi [req-83b4126b-d21b-4b73-a7f2-afa912c03d3b req-207a5ad6-3ef3-4a7a-b8d1-6621fc40f288 74f9619e74754c2f8a5138e499da2a21 5c338f50ac524ed1beb23afc9851ffab - - default default] 10.0.0.14 "GET /v2.0/ports?device_id=6d3764de-39a7-4bfe-9cf5-34c08a3c7184 HTTP/1.1" status: 200 len: 1170 time: 0.0844824
2026-06-30 19:11:33.767 9 INFO neutron.api.wsgi [req-83b4126b-d21b-4b73-a7f2-afa912c03d3b req-74944555-d6a6-4213-9067-04daa7a28de9 74f9619e74754c2f8a5138e499da2a21 5c338f50ac524ed1beb23afc9851ffab - - default default] 10.0.0.14 "GET /v2.0/security-groups?id=0400dad5-81e8-44c4-aabe-3e12043e2285&fields=id&fields=name HTTP/1.1" status: 200 len: 286 time: 0.0313170
2026-06-30 19:11:33.828 10 INFO neutron.api.wsgi [None req-935f0270-2013-4b89-90d2-8075e9dc445a 89832e3451d04663ba220641de32139f 32d679158d104b238b6850bedcd700b2 - - default default] 10.0.0.143 "POST /v2.0/rbac-policies HTTP/1.1" status: 201 len: 523 time: 0.2501767
2026-06-30 19:11:33.880 9 INFO neutron.api.wsgi [None req-c535c185-4e49-4e62-8be6-f659c274a9d9 d531a1c615c3483abfe82f7228ade10f db397757abfc4929afa1a4621372bbbc - - default default] 10.0.0.143 "DELETE /v2.0/security-groups/0b6f72c0-518e-49c3-a124-a0b90f0a65c1 HTTP/1.1" status: 204 len: 168 time: 0.2357752
2026-06-30 19:11:34.060 10 INFO neutron.api.wsgi [req-19870e84-3a94-46bd-957d-f55ff6d352b5 req-312dbae4-c018-4fb4-9ae2-7c38477a0e6c 49baf8f02c274cceae8c74a9cab4fc2a d87c122e328a48038ee9688311743b34 - - default default] 10.0.0.14 "GET /v2.0/ports?device_id=5bdf90fd-ae03-4eda-b64d-03298c6f7e22 HTTP/1.1" status: 200 len: 1174 time: 0.0931182
2026-06-30 19:11:34.101 10 INFO neutron.api.wsgi [req-19870e84-3a94-46bd-957d-f55ff6d352b5 req-93cc6d77-5e34-4493-a891-87f91ad53d49 49baf8f02c274cceae8c74a9cab4fc2a d87c122e328a48038ee9688311743b34 - - default default] 10.0.0.14 "GET /v2.0/security-groups?id=924525f1-c972-46c0-8271-7d8db9d4fdd9&fields=id&fields=name HTTP/1.1" status: 200 len: 313 time: 0.0341408
2026-06-30 19:11:34.237 9 INFO neutron.notifiers.nova [-] Nova event matching ['req-898a9d35-c2ca-4d89-9d33-4f91edccd403'] response: {'server_uuid': '6d3764de-39a7-4bfe-9cf5-34c08a3c7184', 'name': 'network-vif-plugged', 'status': 'completed', 'tag': '1221ec49-8749-4b3e-aac7-24d70ed69908', 'code': 200}
2026-06-30 19:11:34.263 9 INFO neutron.api.wsgi [req-2099b23f-aa2e-4b25-83bd-c8d273832eb1 req-b34cc620-7596-460e-a9e3-3d5b14c468f7 49baf8f02c274cceae8c74a9cab4fc2a d87c122e328a48038ee9688311743b34 - - default default] 10.0.0.14 "GET /v2.0/ports?device_id=5bdf90fd-ae03-4eda-b64d-03298c6f7e22 HTTP/1.1" status: 200 len: 1174 time: 0.0901651
2026-06-30 19:11:34.318 9 INFO neutron.api.wsgi [req-2099b23f-aa2e-4b25-83bd-c8d273832eb1 req-4d843bc8-46ad-4818-8172-0c79ab4c0230 49baf8f02c274cceae8c74a9cab4fc2a d87c122e328a48038ee9688311743b34 - - default default] 10.0.0.14 "GET /v2.0/security-groups?id=924525f1-c972-46c0-8271-7d8db9d4fdd9&fields=id&fields=name HTTP/1.1" status: 200 len: 313 time: 0.0496113
2026-06-30 19:11:34.447 10 INFO neutron.api.wsgi [None req-38b43050-0559-41c5-9f33-18d5df8f68c1 8c9c377cf8e246549615175d075b92d9 dd4f867b92a8451893f0615e782b5fc1 - - default default] 10.0.0.143 "GET /v2.0/networks/5f2a5e07-0700-4422-a70c-91aa16321418 HTTP/1.1" status: 200 len: 848 time: 0.2375271
2026-06-30 19:11:34.718 9 INFO neutron.api.wsgi [req-2e2f416c-41f0-43ab-a636-00a9fc851d8f req-76201bc8-75bd-41f8-b3d5-3184fa6dc367 49baf8f02c274cceae8c74a9cab4fc2a d87c122e328a48038ee9688311743b34 - - default default] 10.0.0.14 "GET /v2.0/ports?device_id=5bdf90fd-ae03-4eda-b64d-03298c6f7e22 HTTP/1.1" status: 200 len: 1174 time: 0.0273194
2026-06-30 19:11:34.755 9 INFO neutron.api.wsgi [req-2e2f416c-41f0-43ab-a636-00a9fc851d8f req-6a2faca4-2021-40ea-98f7-87a74fbad952 49baf8f02c274cceae8c74a9cab4fc2a d87c122e328a48038ee9688311743b34 - - default default] 10.0.0.14 "GET /v2.0/security-groups?id=924525f1-c972-46c0-8271-7d8db9d4fdd9&fields=id&fields=name HTTP/1.1" status: 200 len: 313 time: 0.0310087
2026-06-30 19:11:34.859 9 INFO neutron.pecan_wsgi.hooks.translation [None req-45af48a4-10a7-4836-82fd-35f44e59c248 5f69c9caf8de40c593c9adede1764e99 3fb4fe3d22754af4ad29372197010ed9 - - default default] GET failed (client error): The resource could not be found.
2026-06-30 19:11:34.860 9 INFO neutron.api.wsgi [None req-45af48a4-10a7-4836-82fd-35f44e59c248 5f69c9caf8de40c593c9adede1764e99 3fb4fe3d22754af4ad29372197010ed9 - - default default] 10.0.0.143 "GET /v2.0/networks/5f2a5e07-0700-4422-a70c-91aa16321418 HTTP/1.1" status: 404 len: 339 time: 0.0560887
2026-06-30 19:11:34.872 10 INFO neutron.api.wsgi [req-f20d6355-6ad5-4ca9-ad6f-8297ba246a9a req-476f396c-0be3-4c93-8d49-61cb7ff90d49 74f9619e74754c2f8a5138e499da2a21 5c338f50ac524ed1beb23afc9851ffab - - default default] 10.0.0.14 "GET /v2.0/ports?device_id=6d3764de-39a7-4bfe-9cf5-34c08a3c7184 HTTP/1.1" status: 200 len: 1170 time: 0.0420036
2026-06-30 19:11:34.923 10 INFO neutron.api.wsgi [req-f20d6355-6ad5-4ca9-ad6f-8297ba246a9a req-3399cb07-bdd9-410a-8de1-a5f1c77031a9 74f9619e74754c2f8a5138e499da2a21 5c338f50ac524ed1beb23afc9851ffab - - default default] 10.0.0.14 "GET /v2.0/security-groups?id=0400dad5-81e8-44c4-aabe-3e12043e2285&fields=id&fields=name HTTP/1.1" status: 200 len: 286 time: 0.0428507
2026-06-30 19:11:35.216 9 INFO neutron.api.wsgi [req-3fa63d3e-29e4-4309-8b98-b808789518f8 req-464d5f05-d4c2-4c5b-bb6e-5d09c6cd59d4 74f9619e74754c2f8a5138e499da2a21 5c338f50ac524ed1beb23afc9851ffab - - default default] 10.0.0.14 "GET /v2.0/ports?device_id=6d3764de-39a7-4bfe-9cf5-34c08a3c7184 HTTP/1.1" status: 200 len: 1170 time: 0.0350177
2026-06-30 19:11:35.256 9 INFO neutron.api.wsgi [req-3fa63d3e-29e4-4309-8b98-b808789518f8 req-a98f80cd-3425-4bc1-be7f-5cd71c430859 74f9619e74754c2f8a5138e499da2a21 5c338f50ac524ed1beb23afc9851ffab - - default default] 10.0.0.14 "GET /v2.0/security-groups?id=0400dad5-81e8-44c4-aabe-3e12043e2285&fields=id&fields=name HTTP/1.1" status: 200 len: 286 time: 0.0329146
2026-06-30 19:11:35.338 9 INFO neutron.api.wsgi [-] 10.0.0.26 "GET / HTTP/1.1" status: 200 len: 247 time: 0.0018811
