2026-06-30 19:10:44.158 9 INFO neutron.db.ovn_revision_numbers_db [None req-47c8bd3c-2249-4050-9370-94c811cf267f d531a1c615c3483abfe82f7228ade10f db397757abfc4929afa1a4621372bbbc - - default default] Successfully bumped revision number for resource fe9b39a6-9b5c-49b9-ae31-f1b6368418f8 (type: security_group_rules) to 0
2026-06-30 19:10:44.164 9 INFO neutron.services.segments.plugin [-] Segment d84aa991-572a-40f6-a07d-7b578e963821 resource provider aggregate not found
2026-06-30 19:10:44.173 9 INFO neutron.services.segments.plugin [-] Segment d84aa991-572a-40f6-a07d-7b578e963821 resource provider aggregate not found
2026-06-30 19:10:44.180 9 INFO neutron.services.segments.plugin [-] Segment d84aa991-572a-40f6-a07d-7b578e963821 resource provider not found; error: Placement Client Error (4xx): {"errors": [{"status": 404, "title": "Not Found", "detail": "The resource could not be found.\n\n No resource provider with uuid d84aa991-572a-40f6-a07d-7b578e963821 found for delete ", "request_id": "req-37f1d800-60e6-424c-9914-91ee75e286f3"}]} /var/lib/openstack/lib/python3.12/site-packages/pycadf/identifier.py:71: UserWarning: Invalid uuid: neutron. To ensure interoperability, identifiers should be a valid uuid. warnings.warn(('Invalid uuid: %s. To ensure interoperability, '
2026-06-30 19:10:44.196 9 INFO neutron.services.segments.plugin [-] Segment d84aa991-572a-40f6-a07d-7b578e963821 resource provider not found; error: Placement Client Error (4xx): {"errors": [{"status": 404, "title": "Not Found", "detail": "The resource could not be found.\n\n No resource provider with uuid d84aa991-572a-40f6-a07d-7b578e963821 found for delete ", "request_id": "req-fd4a3193-2f52-4f45-9ee1-fab9a56597c0"}]}
2026-06-30 19:10:44.216 9 INFO neutron.api.wsgi [None req-47c8bd3c-2249-4050-9370-94c811cf267f d531a1c615c3483abfe82f7228ade10f db397757abfc4929afa1a4621372bbbc - - default default] 10.0.0.143 "GET /v2.0/security-groups?tenant_id=0db9aca6788c4a8d8a50d4a37fd47e43&name=default HTTP/1.1" status: 200 len: 3120 time: 0.4183083
2026-06-30 19:10:44.220 9 INFO neutron.api.wsgi [req-b30d4547-6adc-4755-98a9-dba1d080cde7 req-3be2e0e1-a3bb-4e2e-bc08-c72b87550f81 bac24df5a7c246e5b74f40a83f1f10f3 83999fb9621d4058b9da56e2f719922f - - f38a3932c05f420b816f06f07e6c4eca f38a3932c05f420b816f06f07e6c4eca] 199.204.45.70 "GET /v2.0/ports?tenant_id=d736bf4908ad466c9ae82fdf03ba0436&device_id=4ee6a187-5d3d-4307-8605-5a02439d99e5 HTTP/1.1" status: 200 len: 1411 time: 0.0420246
2026-06-30 19:10:44.229 10 INFO neutron.api.wsgi [req-99ff0173-94a5-43ed-b55f-158efa5f65e6 req-63f9f882-ca17-46c9-bd93-d64ffb505aa4 3868e3d3325c4657b11cc450ed417588 a03e10692a984860ae73261cc3dbe82c - - default default] 10.0.0.14 "GET /v2.0/ports?device_id=87324cdc-1687-4950-8876-c98eb4b4322f HTTP/1.1" status: 200 len: 1172 time: 0.0357959
2026-06-30 19:10:44.238 9 INFO neutron.api.wsgi [req-b30d4547-6adc-4755-98a9-dba1d080cde7 req-b5a7c627-ffa8-4b31-a2b6-a86eac817ee1 bac24df5a7c246e5b74f40a83f1f10f3 83999fb9621d4058b9da56e2f719922f - - f38a3932c05f420b816f06f07e6c4eca f38a3932c05f420b816f06f07e6c4eca] 199.204.45.70 "GET /v2.0/floatingips?fixed_ip_address=10.100.0.11&port_id=5667f03f-fab9-4e73-b1f5-c94e9e0e351a HTTP/1.1" status: 200 len: 217 time: 0.0137353
2026-06-30 19:10:44.255 10 WARNING neutron.plugins.ml2.drivers.ovn.mech_driver.ovsdb.ovn_client [None req-a85a2e28-6738-4680-96fc-1da0ef7d1aec - - - - - -] No port found with ID 434fb02e-a135-4c76-ac95-0257065493da: RuntimeError: No port found with ID 434fb02e-a135-4c76-ac95-0257065493da
2026-06-30 19:10:44.258 9 INFO neutron.db.ovn_revision_numbers_db [None req-efab7b2b-5cf0-48c1-aeda-cbf441966cf1 01c7efef9eb1462b834e24d8f9ddc8a0 facf6d39d85648b5b7ec46e0889a076d - - default default] Successfully bumped revision number for resource 040ba1a0-8160-4a63-8ca0-62d06bae3884 (type: ports) to 1
2026-06-30 19:10:44.267 10 INFO neutron.plugins.ml2.drivers.ovn.mech_driver.mech_driver [None req-a85a2e28-6738-4680-96fc-1da0ef7d1aec - - - - - -] OVN reports status up for port: 717c9b19-d7fc-4fc7-b47c-fb753d081a3e
2026-06-30 19:10:44.268 9 INFO neutron.api.wsgi [req-b30d4547-6adc-4755-98a9-dba1d080cde7 req-dc6f1efc-59fa-4817-82f9-02b3e5dcab51 bac24df5a7c246e5b74f40a83f1f10f3 83999fb9621d4058b9da56e2f719922f - - f38a3932c05f420b816f06f07e6c4eca f38a3932c05f420b816f06f07e6c4eca] 199.204.45.70 "GET /v2.0/subnets?id=0919c38a-b018-4ae1-b99b-cafe6fac73d4 HTTP/1.1" status: 200 len: 892 time: 0.0270462
2026-06-30 19:10:44.280 9 INFO neutron.api.wsgi [None req-efab7b2b-5cf0-48c1-aeda-cbf441966cf1 01c7efef9eb1462b834e24d8f9ddc8a0 facf6d39d85648b5b7ec46e0889a076d - - default default] 10.0.0.143 "POST /v2.0/ports HTTP/1.1" status: 201 len: 1151 time: 0.5213487
2026-06-30 19:10:44.283 10 INFO neutron.api.wsgi [req-99ff0173-94a5-43ed-b55f-158efa5f65e6 req-58ec22bf-5947-416d-8c5c-faf437da9e8c 3868e3d3325c4657b11cc450ed417588 a03e10692a984860ae73261cc3dbe82c - - default default] 10.0.0.14 "GET /v2.0/security-groups?id=ce16edc2-09f2-4394-881f-ba4f730646ee&fields=id&fields=name HTTP/1.1" status: 200 len: 313 time: 0.0484638
2026-06-30 19:10:44.283 10 INFO neutron.plugins.ml2.plugin [None req-a85a2e28-6738-4680-96fc-1da0ef7d1aec - - - - - -] Attempt 1 to provision port 717c9b19-d7fc-4fc7-b47c-fb753d081a3e
2026-06-30 19:10:44.289 9 INFO neutron.api.wsgi [req-b30d4547-6adc-4755-98a9-dba1d080cde7 req-40ea85e4-8aef-43f0-b2b5-3ff823eec10b bac24df5a7c246e5b74f40a83f1f10f3 83999fb9621d4058b9da56e2f719922f - - f38a3932c05f420b816f06f07e6c4eca f38a3932c05f420b816f06f07e6c4eca] 199.204.45.70 "GET /v2.0/ports?network_id=7a7b489d-2aed-44f1-ac36-c1b6ab7cd40b&device_owner=network%3Adhcp HTTP/1.1" status: 200 len: 210 time: 0.0154636
2026-06-30 19:10:44.353 9 INFO neutron.api.wsgi [req-b30d4547-6adc-4755-98a9-dba1d080cde7 req-1825d4e0-5d6e-41b9-b325-e9d53c1e4264 bac24df5a7c246e5b74f40a83f1f10f3 83999fb9621d4058b9da56e2f719922f - - f38a3932c05f420b816f06f07e6c4eca f38a3932c05f420b816f06f07e6c4eca] 199.204.45.70 "GET /v2.0/networks/7a7b489d-2aed-44f1-ac36-c1b6ab7cd40b?fields=segments HTTP/1.1" status: 200 len: 212 time: 0.0575747
2026-06-30 19:10:44.400 9 INFO neutron.api.wsgi [req-b30d4547-6adc-4755-98a9-dba1d080cde7 req-e269f6bc-5c72-4fff-9e04-9f7bfc7c7293 bac24df5a7c246e5b74f40a83f1f10f3 83999fb9621d4058b9da56e2f719922f - - f38a3932c05f420b816f06f07e6c4eca f38a3932c05f420b816f06f07e6c4eca] 199.204.45.70 "GET /v2.0/networks/7a7b489d-2aed-44f1-ac36-c1b6ab7cd40b?fields=provider%3Aphysical_network&fields=provider%3Anetwork_type HTTP/1.1" status: 200 len: 277 time: 0.0372720
2026-06-30 19:10:44.424 10 INFO neutron.notifiers.nova [-] Nova event matching ['req-cc6cc1ca-73df-48f3-bbf6-da1fa35c68c1'] response: {'server_uuid': '87324cdc-1687-4950-8876-c98eb4b4322f', 'name': 'network-vif-plugged', 'status': 'completed', 'tag': '717c9b19-d7fc-4fc7-b47c-fb753d081a3e', 'code': 200}
2026-06-30 19:10:44.501 10 INFO neutron.api.wsgi [None req-58c42e1f-77f5-49ed-90e8-c37b7c9d7ba2 d531a1c615c3483abfe82f7228ade10f db397757abfc4929afa1a4621372bbbc - - default default] 10.0.0.143 "DELETE /v2.0/security-groups/a0232446-f0f2-4065-b213-6d908beabefa HTTP/1.1" status: 204 len: 168 time: 0.2799306
2026-06-30 19:10:44.556 10 INFO neutron.db.ovn_revision_numbers_db [None req-a85a2e28-6738-4680-96fc-1da0ef7d1aec - - - - - -] Successfully bumped revision number for resource 717c9b19-d7fc-4fc7-b47c-fb753d081a3e (type: ports) to 5 /var/lib/openstack/lib/python3.12/site-packages/pycadf/identifier.py:71: UserWarning: Invalid uuid: neutron. To ensure interoperability, identifiers should be a valid uuid. warnings.warn(('Invalid uuid: %s. To ensure interoperability, '
2026-06-30 19:10:44.656 10 INFO neutron.api.wsgi [req-3e314370-3084-4b0b-840f-8c59e6f0c771 req-6b44c8ba-9581-45cd-881f-deda7bf43721 0b7b2c63320742a1ad5098133cfbaa78 d736bf4908ad466c9ae82fdf03ba0436 - - default default] 10.0.0.14 "GET /v2.0/ports?device_id=4ee6a187-5d3d-4307-8605-5a02439d99e5 HTTP/1.1" status: 200 len: 1172 time: 0.0356083
2026-06-30 19:10:44.695 10 INFO neutron.api.wsgi [req-3e314370-3084-4b0b-840f-8c59e6f0c771 req-f8e36c2e-85b8-45d1-99fe-750eeb8403cf 0b7b2c63320742a1ad5098133cfbaa78 d736bf4908ad466c9ae82fdf03ba0436 - - default default] 10.0.0.14 "GET /v2.0/security-groups?id=8edd20a5-017b-4a45-a4b7-66fb37976d77&fields=id&fields=name HTTP/1.1" status: 200 len: 312 time: 0.0327613
2026-06-30 19:10:44.729 10 INFO neutron.db.ovn_revision_numbers_db [None req-f9ef6b01-21df-4729-a96d-5189a15b0b51 d531a1c615c3483abfe82f7228ade10f db397757abfc4929afa1a4621372bbbc - - default default] Successfully bumped revision number for resource c6b3eb1e-557f-453d-970e-6dcdc53880dc (type: security_groups) to 1
2026-06-30 19:10:44.746 10 INFO neutron.db.ovn_revision_numbers_db [None req-f9ef6b01-21df-4729-a96d-5189a15b0b51 d531a1c615c3483abfe82f7228ade10f db397757abfc4929afa1a4621372bbbc - - default default] Successfully bumped revision number for resource 11c4fa5f-610c-48a1-8f7f-d30072826cdf (type: security_group_rules) to 0
2026-06-30 19:10:44.751 9 INFO neutron.plugins.ml2.drivers.ovn.mech_driver.mech_driver [None req-f9ec1b58-2628-4e7a-91a7-75d976f00bb1 - - - - - -] OVN reports status up for port: 040ba1a0-8160-4a63-8ca0-62d06bae3884
2026-06-30 19:10:44.761 9 INFO neutron.plugins.ml2.plugin [None req-f9ec1b58-2628-4e7a-91a7-75d976f00bb1 - - - - - -] Attempt 1 to provision port 040ba1a0-8160-4a63-8ca0-62d06bae3884
2026-06-30 19:10:44.761 10 INFO neutron.db.ovn_revision_numbers_db [None req-f9ef6b01-21df-4729-a96d-5189a15b0b51 d531a1c615c3483abfe82f7228ade10f db397757abfc4929afa1a4621372bbbc - - default default] Successfully bumped revision number for resource 55a4d4dd-f3ca-4fb4-9f1b-3041a4dec82e (type: security_group_rules) to 0
2026-06-30 19:10:44.773 10 INFO neutron.db.ovn_revision_numbers_db [None req-f9ef6b01-21df-4729-a96d-5189a15b0b51 d531a1c615c3483abfe82f7228ade10f db397757abfc4929afa1a4621372bbbc - - default default] Successfully bumped revision number for resource 67d2e9de-e31a-418a-a79a-cffcfe3e5ff4 (type: security_group_rules) to 0
2026-06-30 19:10:44.781 9 INFO neutron.db.ovn_revision_numbers_db [None req-314d9e5c-892b-4ff4-8c95-462d1c8e9c4e 01c7efef9eb1462b834e24d8f9ddc8a0 facf6d39d85648b5b7ec46e0889a076d - - default default] Successfully bumped revision number for resource 040ba1a0-8160-4a63-8ca0-62d06bae3884 (type: ports) to 2
2026-06-30 19:10:44.786 10 INFO neutron.db.ovn_revision_numbers_db [None req-f9ef6b01-21df-4729-a96d-5189a15b0b51 d531a1c615c3483abfe82f7228ade10f db397757abfc4929afa1a4621372bbbc - - default default] Successfully bumped revision number for resource a069d726-f2ee-4a98-acb4-834395077d13 (type: security_group_rules) to 0
2026-06-30 19:10:44.816 10 INFO neutron.api.wsgi [None req-f9ef6b01-21df-4729-a96d-5189a15b0b51 d531a1c615c3483abfe82f7228ade10f db397757abfc4929afa1a4621372bbbc - - default default] 10.0.0.143 "GET /v2.0/security-groups?tenant_id=acb7af28104845b9a45e116a7fcf525c&name=default HTTP/1.1" status: 200 len: 3120 time: 0.2152960 /var/lib/openstack/lib/python3.12/site-packages/pycadf/identifier.py:71: UserWarning: Invalid uuid: neutron. To ensure interoperability, identifiers should be a valid uuid. warnings.warn(('Invalid uuid: %s. To ensure interoperability, '
2026-06-30 19:10:45.169 9 INFO neutron.api.wsgi [None req-6f86a77f-07b3-47ed-8c4b-218ea4507b96 d531a1c615c3483abfe82f7228ade10f db397757abfc4929afa1a4621372bbbc - - default default] 10.0.0.143 "DELETE /v2.0/security-groups/c6b3eb1e-557f-453d-970e-6dcdc53880dc HTTP/1.1" status: 204 len: 168 time: 0.3486006
2026-06-30 19:10:45.188 9 INFO neutron.db.ovn_revision_numbers_db [None req-f9ec1b58-2628-4e7a-91a7-75d976f00bb1 - - - - - -] Successfully bumped revision number for resource 040ba1a0-8160-4a63-8ca0-62d06bae3884 (type: ports) to 3 /var/lib/openstack/lib/python3.12/site-packages/pycadf/identifier.py:71: UserWarning: Invalid uuid: neutron. To ensure interoperability, identifiers should be a valid uuid. warnings.warn(('Invalid uuid: %s. To ensure interoperability, '
2026-06-30 19:10:45.413 9 INFO neutron.db.ovn_revision_numbers_db [None req-314d9e5c-892b-4ff4-8c95-462d1c8e9c4e 01c7efef9eb1462b834e24d8f9ddc8a0 facf6d39d85648b5b7ec46e0889a076d - - default default] Successfully bumped revision number for resource 040ba1a0-8160-4a63-8ca0-62d06bae3884 (type: ports) to 3
2026-06-30 19:10:45.435 9 INFO neutron.api.wsgi [req-80017286-8682-4748-8599-26b2eb01ca51 req-3d8822ce-1e84-485e-9112-2d6fff94c49b 3868e3d3325c4657b11cc450ed417588 a03e10692a984860ae73261cc3dbe82c - - default default] 10.0.0.14 "GET /v2.0/ports?device_id=87324cdc-1687-4950-8876-c98eb4b4322f HTTP/1.1" status: 200 len: 1174 time: 0.0942245
2026-06-30 19:10:45.469 9 INFO neutron.api.wsgi [req-80017286-8682-4748-8599-26b2eb01ca51 req-d958d83f-66c4-4a82-8dd7-578e64a40dc5 3868e3d3325c4657b11cc450ed417588 a03e10692a984860ae73261cc3dbe82c - - default default] 10.0.0.14 "GET /v2.0/security-groups?id=ce16edc2-09f2-4394-881f-ba4f730646ee&fields=id&fields=name HTTP/1.1" status: 200 len: 313 time: 0.0280578
2026-06-30 19:10:45.475 9 WARNING neutron.scheduler.dhcp_agent_scheduler [None req-314d9e5c-892b-4ff4-8c95-462d1c8e9c4e 01c7efef9eb1462b834e24d8f9ddc8a0 facf6d39d85648b5b7ec46e0889a076d - - default default] No more DHCP agents
2026-06-30 19:10:45.475 9 WARNING neutron.api.rpc.agentnotifiers.dhcp_rpc_agent_api [None req-314d9e5c-892b-4ff4-8c95-462d1c8e9c4e 01c7efef9eb1462b834e24d8f9ddc8a0 facf6d39d85648b5b7ec46e0889a076d - - default default] Unable to schedule network df0044bf-760f-4d62-8451-6cc1b7c87e43: no agents available; will retry on subsequent port and subnet creation events.
2026-06-30 19:10:45.658 9 INFO neutron.db.ovn_revision_numbers_db [None req-314d9e5c-892b-4ff4-8c95-462d1c8e9c4e 01c7efef9eb1462b834e24d8f9ddc8a0 facf6d39d85648b5b7ec46e0889a076d - - default default] Successfully bumped revision number for resource 040ba1a0-8160-4a63-8ca0-62d06bae3884 (type: router_ports) to 3
2026-06-30 19:10:45.663 9 INFO neutron.api.wsgi [None req-314d9e5c-892b-4ff4-8c95-462d1c8e9c4e 01c7efef9eb1462b834e24d8f9ddc8a0 facf6d39d85648b5b7ec46e0889a076d - - default default] 10.0.0.143 "PUT /v2.0/routers/7ca49ff3-3b78-43e8-8212-0c5ad8de7466/add_router_interface HTTP/1.1" status: 200 len: 503 time: 1.3780560
2026-06-30 19:10:45.704 9 INFO neutron.api.wsgi [None req-9454c5db-aadf-4d70-87d6-1c03b4f1b6f0 01c7efef9eb1462b834e24d8f9ddc8a0 facf6d39d85648b5b7ec46e0889a076d - - default default] 10.0.0.143 "GET /v2.0/ports/040ba1a0-8160-4a63-8ca0-62d06bae3884 HTTP/1.1" status: 200 len: 1209 time: 0.0355296
2026-06-30 19:10:45.796 10 INFO neutron.api.wsgi [req-2d8305ed-fca2-40a1-bbcf-8d327debc941 req-c8b8de74-0dde-4472-a6a8-691314a4545c 0b7b2c63320742a1ad5098133cfbaa78 d736bf4908ad466c9ae82fdf03ba0436 - - default default] 10.0.0.14 "GET /v2.0/ports?device_id=4ee6a187-5d3d-4307-8605-5a02439d99e5 HTTP/1.1" status: 200 len: 1172 time: 0.0450463
2026-06-30 19:10:45.831 10 INFO neutron.api.wsgi [req-2d8305ed-fca2-40a1-bbcf-8d327debc941 req-425266e6-2fce-4e94-8758-83e14c49431f 0b7b2c63320742a1ad5098133cfbaa78 d736bf4908ad466c9ae82fdf03ba0436 - - default default] 10.0.0.14 "GET /v2.0/security-groups?id=8edd20a5-017b-4a45-a4b7-66fb37976d77&fields=id&fields=name HTTP/1.1" status: 200 len: 312 time: 0.0300562
2026-06-30 19:10:46.265 9 INFO neutron.api.wsgi [None req-dc121a6f-a39d-4b32-bf2e-a4db6f972368 01c7efef9eb1462b834e24d8f9ddc8a0 facf6d39d85648b5b7ec46e0889a076d - - default default] 10.0.0.143 "PUT /v2.0/routers/7ca49ff3-3b78-43e8-8212-0c5ad8de7466/remove_router_interface HTTP/1.1" status: 200 len: 503 time: 0.5570767
2026-06-30 19:10:46.336 10 INFO neutron.api.v2.resource [None req-991e291b-3e2a-4de7-a974-beaed7a045b9 01c7efef9eb1462b834e24d8f9ddc8a0 facf6d39d85648b5b7ec46e0889a076d - - default default] remove_router_interface failed (client error): The resource could not be found.
2026-06-30 19:10:46.337 10 INFO neutron.api.wsgi [None req-991e291b-3e2a-4de7-a974-beaed7a045b9 01c7efef9eb1462b834e24d8f9ddc8a0 facf6d39d85648b5b7ec46e0889a076d - - default default] 10.0.0.143 "PUT /v2.0/routers/7ca49ff3-3b78-43e8-8212-0c5ad8de7466/remove_router_interface HTTP/1.1" status: 404 len: 398 time: 0.0668666
2026-06-30 19:10:46.354 10 INFO neutron.api.wsgi [None req-46701120-dfdf-425c-ab25-fb66fe445f94 01c7efef9eb1462b834e24d8f9ddc8a0 facf6d39d85648b5b7ec46e0889a076d - - default default] 10.0.0.143 "GET /v2.0/ports?device_id=7ca49ff3-3b78-43e8-8212-0c5ad8de7466 HTTP/1.1" status: 200 len: 205 time: 0.0136108
2026-06-30 19:10:46.461 10 INFO neutron.notifiers.nova [-] Nova event matching ['req-75523147-5ff2-40dd-aaff-609d6238872d'] response: {'server_uuid': '87324cdc-1687-4950-8876-c98eb4b4322f', 'name': 'network-vif-plugged', 'status': 'completed', 'tag': '717c9b19-d7fc-4fc7-b47c-fb753d081a3e', 'code': 200}
2026-06-30 19:10:46.577 10 INFO neutron.api.wsgi [req-5d78c023-bc1f-41bf-b742-6e9df34f49a0 req-19866428-2d66-460a-82ba-15789c2b2ced 3868e3d3325c4657b11cc450ed417588 a03e10692a984860ae73261cc3dbe82c - - default default] 10.0.0.14 "GET /v2.0/ports?device_id=87324cdc-1687-4950-8876-c98eb4b4322f HTTP/1.1" status: 200 len: 1174 time: 0.0343068
2026-06-30 19:10:46.592 10 INFO neutron.api.wsgi [None req-00fe47ca-43ed-4186-9a52-81a38c7c6535 01c7efef9eb1462b834e24d8f9ddc8a0 facf6d39d85648b5b7ec46e0889a076d - - default default] 10.0.0.143 "DELETE /v2.0/routers/7ca49ff3-3b78-43e8-8212-0c5ad8de7466 HTTP/1.1" status: 204 len: 168 time: 0.2341397
2026-06-30 19:10:46.639 10 INFO neutron.api.wsgi [req-5d78c023-bc1f-41bf-b742-6e9df34f49a0 req-a85f9d1f-93d8-4ce9-a423-8df5d264323c 3868e3d3325c4657b11cc450ed417588 a03e10692a984860ae73261cc3dbe82c - - default default] 10.0.0.14 "GET /v2.0/security-groups?id=ce16edc2-09f2-4394-881f-ba4f730646ee&fields=id&fields=name HTTP/1.1" status: 200 len: 313 time: 0.0581179 /var/lib/openstack/lib/python3.12/site-packages/pycadf/identifier.py:71: UserWarning: Invalid uuid: neutron. To ensure interoperability, identifiers should be a valid uuid. warnings.warn(('Invalid uuid: %s. To ensure interoperability, '
2026-06-30 19:10:46.746 9 INFO neutron.api.wsgi [req-3fc6aee8-4d73-401b-b474-24f7b290e9f4 req-9ae46947-f7c3-4b37-b34b-cc6b934b1133 3868e3d3325c4657b11cc450ed417588 a03e10692a984860ae73261cc3dbe82c - - default default] 10.0.0.14 "GET /v2.0/ports?device_id=87324cdc-1687-4950-8876-c98eb4b4322f HTTP/1.1" status: 200 len: 1174 time: 0.0415859
2026-06-30 19:10:46.781 10 INFO neutron.api.wsgi [None req-9a7f5f19-4636-48ea-8c6b-3ed5cab75bde 01c7efef9eb1462b834e24d8f9ddc8a0 facf6d39d85648b5b7ec46e0889a076d - - default default] 10.0.0.143 "DELETE /v2.0/subnets/4286f0f5-0f5d-4b45-9509-c23012538c1c HTTP/1.1" status: 204 len: 168 time: 0.1861126
2026-06-30 19:10:46.974 10 INFO neutron.api.wsgi [req-72530b9f-6ec9-4ecf-8e8d-dd8846253c80 req-3e4c5dc6-4f3f-47a9-86be-3eb9af65f30e 0b7b2c63320742a1ad5098133cfbaa78 d736bf4908ad466c9ae82fdf03ba0436 - - default default] 10.0.0.14 "GET /v2.0/ports?device_id=4ee6a187-5d3d-4307-8605-5a02439d99e5 HTTP/1.1" status: 200 len: 1172 time: 0.0394664
2026-06-30 19:10:47.036 10 INFO neutron.api.wsgi [req-72530b9f-6ec9-4ecf-8e8d-dd8846253c80 req-29e460d5-612a-415d-828b-49fb1dc2c90e 0b7b2c63320742a1ad5098133cfbaa78 d736bf4908ad466c9ae82fdf03ba0436 - - default default] 10.0.0.14 "GET /v2.0/security-groups?id=8edd20a5-017b-4a45-a4b7-66fb37976d77&fields=id&fields=name HTTP/1.1" status: 200 len: 312 time: 0.0529375
2026-06-30 19:10:47.091 9 INFO neutron.services.segments.plugin [-] Segment 3891bf4b-330d-4cab-bcca-9837befa5597 resource provider aggregate not found
2026-06-30 19:10:47.095 9 INFO neutron.services.segments.plugin [-] Segment 3891bf4b-330d-4cab-bcca-9837befa5597 resource provider aggregate not found
2026-06-30 19:10:47.110 9 INFO neutron.api.wsgi [None req-a77b6cc0-c89e-41d8-8740-0c49e3f53c8f 01c7efef9eb1462b834e24d8f9ddc8a0 facf6d39d85648b5b7ec46e0889a076d - - default default] 10.0.0.143 "DELETE /v2.0/networks/df0044bf-760f-4d62-8451-6cc1b7c87e43 HTTP/1.1" status: 204 len: 168 time: 0.3206339
2026-06-30 19:10:47.112 9 INFO neutron.services.segments.plugin [-] Segment 3891bf4b-330d-4cab-bcca-9837befa5597 resource provider not found; error: Placement Client Error (4xx): {"errors": [{"status": 404, "title": "Not Found", "detail": "The resource could not be found.\n\n No resource provider with uuid 3891bf4b-330d-4cab-bcca-9837befa5597 found for delete ", "request_id": "req-8d34edcb-b6a0-4e24-b08e-f50b83936e66"}]}
2026-06-30 19:10:47.114 9 INFO neutron.services.segments.plugin [-] Segment 3891bf4b-330d-4cab-bcca-9837befa5597 resource provider not found; error: Placement Client Error (4xx): {"errors": [{"status": 404, "title": "Not Found", "detail": "The resource could not be found.\n\n No resource provider with uuid 3891bf4b-330d-4cab-bcca-9837befa5597 found for delete ", "request_id": "req-32f895c3-fdc9-4f84-900c-af00f641ba3f"}]}
2026-06-30 19:10:47.121 9 WARNING neutron_lib.context [None req-7037a8cb-cfd4-425c-84cf-eb81ed10d2c5 01c7efef9eb1462b834e24d8f9ddc8a0 facf6d39d85648b5b7ec46e0889a076d - - default default] Method 'is_advsvc' is deprecated since 2023.2 release (neutron-lib 3.8.0) and will be removed once support for the old RBAC API policies will be removed from Neutron. Please use method 'is_service_role' instead.
2026-06-30 19:10:47.203 10 INFO neutron.db.ovn_revision_numbers_db [None req-cecb3c7f-47b9-4f32-8264-a3db1f86d25c 3868e3d3325c4657b11cc450ed417588 a03e10692a984860ae73261cc3dbe82c - - default default] Successfully bumped revision number for resource d16adc46-0a8d-408a-9867-fe1e9d8a40f3 (type: floatingips) to 1
2026-06-30 19:10:47.209 9 INFO neutron.db.segments_db [None req-7037a8cb-cfd4-425c-84cf-eb81ed10d2c5 01c7efef9eb1462b834e24d8f9ddc8a0 facf6d39d85648b5b7ec46e0889a076d - - default default] Added segment b20610a8-7266-4ab0-96df-898329ef1a2d of type geneve for network 39b1ef8b-89fe-4016-b14f-097950d6c41f
2026-06-30 19:10:47.299 10 INFO neutron.db.ovn_revision_numbers_db [None req-cecb3c7f-47b9-4f32-8264-a3db1f86d25c 3868e3d3325c4657b11cc450ed417588 a03e10692a984860ae73261cc3dbe82c - - default default] Successfully bumped revision number for resource d16adc46-0a8d-408a-9867-fe1e9d8a40f3 (type: floatingips) to 2
2026-06-30 19:10:47.299 10 INFO neutron.db.l3_db [None req-cecb3c7f-47b9-4f32-8264-a3db1f86d25c 3868e3d3325c4657b11cc450ed417588 a03e10692a984860ae73261cc3dbe82c - - default default] Floating IP d16adc46-0a8d-408a-9867-fe1e9d8a40f3 associated. External IP: 10.96.250.218, port: 717c9b19-d7fc-4fc7-b47c-fb753d081a3e.
2026-06-30 19:10:47.313 9 INFO neutron.db.ovn_revision_numbers_db [None req-7037a8cb-cfd4-425c-84cf-eb81ed10d2c5 01c7efef9eb1462b834e24d8f9ddc8a0 facf6d39d85648b5b7ec46e0889a076d - - default default] Successfully bumped revision number for resource 39b1ef8b-89fe-4016-b14f-097950d6c41f (type: networks) to 1
2026-06-30 19:10:47.323 10 INFO neutron.api.wsgi [None req-cecb3c7f-47b9-4f32-8264-a3db1f86d25c 3868e3d3325c4657b11cc450ed417588 a03e10692a984860ae73261cc3dbe82c - - default default] 10.0.0.143 "PUT /v2.0/floatingips/d16adc46-0a8d-408a-9867-fe1e9d8a40f3 HTTP/1.1" status: 200 len: 1050 time: 0.5662909
2026-06-30 19:10:47.409 9 INFO neutron.api.wsgi [req-e8878a6d-96aa-4b46-b54c-0e7c64e7964f req-671d4174-28b4-4314-b1e6-cbd9b5695b14 3868e3d3325c4657b11cc450ed417588 a03e10692a984860ae73261cc3dbe82c - - default default] 10.0.0.14 "GET /v2.0/ports?device_id=87324cdc-1687-4950-8876-c98eb4b4322f HTTP/1.1" status: 200 len: 1174 time: 0.0396609
2026-06-30 19:10:47.457 9 INFO neutron.api.wsgi [req-e8878a6d-96aa-4b46-b54c-0e7c64e7964f req-06968d22-6cb8-4803-ae83-c9507467bdae 3868e3d3325c4657b11cc450ed417588 a03e10692a984860ae73261cc3dbe82c - - default default] 10.0.0.14 "GET /v2.0/security-groups?id=ce16edc2-09f2-4394-881f-ba4f730646ee&fields=id&fields=name HTTP/1.1" status: 200 len: 313 time: 0.0423543
2026-06-30 19:10:47.478 9 WARNING neutron.scheduler.dhcp_agent_scheduler [None req-7037a8cb-cfd4-425c-84cf-eb81ed10d2c5 01c7efef9eb1462b834e24d8f9ddc8a0 facf6d39d85648b5b7ec46e0889a076d - - default default] No more DHCP agents
2026-06-30 19:10:47.479 9 WARNING neutron.api.rpc.agentnotifiers.dhcp_rpc_agent_api [None req-7037a8cb-cfd4-425c-84cf-eb81ed10d2c5 01c7efef9eb1462b834e24d8f9ddc8a0 facf6d39d85648b5b7ec46e0889a076d - - default default] Unable to schedule network 39b1ef8b-89fe-4016-b14f-097950d6c41f: no agents available; will retry on subsequent port and subnet creation events.
2026-06-30 19:10:47.536 9 INFO neutron.db.ovn_revision_numbers_db [None req-7037a8cb-cfd4-425c-84cf-eb81ed10d2c5 01c7efef9eb1462b834e24d8f9ddc8a0 facf6d39d85648b5b7ec46e0889a076d - - default default] Successfully bumped revision number for resource 83ad22aa-0892-4750-9562-a50cb1866de5 (type: ports) to 1
2026-06-30 19:10:47.558 9 INFO neutron.api.wsgi [None req-7037a8cb-cfd4-425c-84cf-eb81ed10d2c5 01c7efef9eb1462b834e24d8f9ddc8a0 facf6d39d85648b5b7ec46e0889a076d - - default default] 10.0.0.143 "POST /v2.0/networks HTTP/1.1" status: 201 len: 829 time: 0.4407136
2026-06-30 19:10:47.565 9 WARNING neutron_lib.context [None req-160a2f33-7802-4459-a40a-0b622f69041e 01c7efef9eb1462b834e24d8f9ddc8a0 facf6d39d85648b5b7ec46e0889a076d - - default default] Method 'is_advsvc' is deprecated since 2023.2 release (neutron-lib 3.8.0) and will be removed once support for the old RBAC API policies will be removed from Neutron. Please use method 'is_service_role' instead.
2026-06-30 19:10:47.745 9 WARNING neutron.scheduler.dhcp_agent_scheduler [None req-160a2f33-7802-4459-a40a-0b622f69041e 01c7efef9eb1462b834e24d8f9ddc8a0 facf6d39d85648b5b7ec46e0889a076d - - default default] No more DHCP agents
2026-06-30 19:10:47.746 9 WARNING neutron.api.rpc.agentnotifiers.dhcp_rpc_agent_api [None req-160a2f33-7802-4459-a40a-0b622f69041e 01c7efef9eb1462b834e24d8f9ddc8a0 facf6d39d85648b5b7ec46e0889a076d - - default default] Unable to schedule network 39b1ef8b-89fe-4016-b14f-097950d6c41f: no agents available; will retry on subsequent port and subnet creation events.
2026-06-30 19:10:48.081 9 INFO neutron.db.ovn_revision_numbers_db [None req-007c0c34-0b43-4062-a44c-9d8fb6331ca4 d531a1c615c3483abfe82f7228ade10f db397757abfc4929afa1a4621372bbbc - - default default] Successfully bumped revision number for resource e2c9c2e5-b958-44da-b21e-a83d3d94dad3 (type: security_groups) to 1
2026-06-30 19:10:48.103 9 INFO neutron.db.ovn_revision_numbers_db [None req-007c0c34-0b43-4062-a44c-9d8fb6331ca4 d531a1c615c3483abfe82f7228ade10f db397757abfc4929afa1a4621372bbbc - - default default] Successfully bumped revision number for resource 2a887b3d-6dd2-4fee-98ba-b22a5bb4e061 (type: security_group_rules) to 0
2026-06-30 19:10:48.119 9 INFO neutron.db.ovn_revision_numbers_db [None req-007c0c34-0b43-4062-a44c-9d8fb6331ca4 d531a1c615c3483abfe82f7228ade10f db397757abfc4929afa1a4621372bbbc - - default default] Successfully bumped revision number for resource 3fed436d-b77a-4731-bb95-4959d69af08d (type: security_group_rules) to 0
2026-06-30 19:10:48.136 9 INFO neutron.db.ovn_revision_numbers_db [None req-007c0c34-0b43-4062-a44c-9d8fb6331ca4 d531a1c615c3483abfe82f7228ade10f db397757abfc4929afa1a4621372bbbc - - default default] Successfully bumped revision number for resource aef1a4ce-f80a-4056-a621-7eed8d21a2bf (type: security_group_rules) to 0
2026-06-30 19:10:48.154 9 INFO neutron.db.ovn_revision_numbers_db [None req-007c0c34-0b43-4062-a44c-9d8fb6331ca4 d531a1c615c3483abfe82f7228ade10f db397757abfc4929afa1a4621372bbbc - - default default] Successfully bumped revision number for resource bc457f75-2c99-4f7d-95de-641d72b84ef5 (type: security_group_rules) to 0
2026-06-30 19:10:48.193 10 INFO neutron.api.wsgi [req-bb463d3e-b026-4278-9adf-5ae01bd35aed req-2dee3c0a-642f-48bb-8541-941fc7743997 0b7b2c63320742a1ad5098133cfbaa78 d736bf4908ad466c9ae82fdf03ba0436 - - default default] 10.0.0.14 "GET /v2.0/ports?device_id=4ee6a187-5d3d-4307-8605-5a02439d99e5 HTTP/1.1" status: 200 len: 1172 time: 0.0873725
2026-06-30 19:10:48.195 9 INFO neutron.api.wsgi [None req-007c0c34-0b43-4062-a44c-9d8fb6331ca4 d531a1c615c3483abfe82f7228ade10f db397757abfc4929afa1a4621372bbbc - - default default] 10.0.0.143 "GET /v2.0/security-groups?tenant_id=b16cc43c101544039e53669a34a61b33&name=default HTTP/1.1" status: 200 len: 3120 time: 0.4859874
2026-06-30 19:10:48.232 10 INFO neutron.api.wsgi [req-bb463d3e-b026-4278-9adf-5ae01bd35aed req-99934357-9981-4028-99b6-682180a0778f 0b7b2c63320742a1ad5098133cfbaa78 d736bf4908ad466c9ae82fdf03ba0436 - - default default] 10.0.0.14 "GET /v2.0/security-groups?id=8edd20a5-017b-4a45-a4b7-66fb37976d77&fields=id&fields=name HTTP/1.1" status: 200 len: 312 time: 0.0316956
2026-06-30 19:10:48.305 9 INFO neutron.db.ovn_revision_numbers_db [None req-37399bb9-82fa-4600-939e-8e95a1997edf - - - - - -] Successfully bumped revision number for resource 83ad22aa-0892-4750-9562-a50cb1866de5 (type: ports) to 2
2026-06-30 19:10:48.339 9 INFO neutron.db.ovn_revision_numbers_db [None req-37399bb9-82fa-4600-939e-8e95a1997edf - - - - - -] Successfully bumped revision number for resource 70766092-aa26-46f3-9ef4-f051af7a9781 (type: subnets) to 0
2026-06-30 19:10:48.367 9 INFO neutron.api.wsgi [None req-160a2f33-7802-4459-a40a-0b622f69041e 01c7efef9eb1462b834e24d8f9ddc8a0 facf6d39d85648b5b7ec46e0889a076d - - default default] 10.0.0.143 "POST /v2.0/subnets HTTP/1.1" status: 201 len: 825 time: 0.8055837
2026-06-30 19:10:48.379 9 WARNING neutron_lib.context [None req-abfc5194-1b92-4aa4-93ff-e1a5c53c2634 01c7efef9eb1462b834e24d8f9ddc8a0 facf6d39d85648b5b7ec46e0889a076d - - default default] Method 'is_advsvc' is deprecated since 2023.2 release (neutron-lib 3.8.0) and will be removed once support for the old RBAC API policies will be removed from Neutron. Please use method 'is_service_role' instead.
2026-06-30 19:10:48.469 9 INFO neutron.api.wsgi [None req-3e1f351d-001a-46cc-99c9-ae853d74c2b0 d531a1c615c3483abfe82f7228ade10f db397757abfc4929afa1a4621372bbbc - - default default] 10.0.0.143 "DELETE /v2.0/security-groups/e2c9c2e5-b958-44da-b21e-a83d3d94dad3 HTTP/1.1" status: 204 len: 168 time: 0.2662888
2026-06-30 19:10:48.503 10 INFO neutron.notifiers.nova [-] Nova event matching ['req-4764f876-515b-4bfb-a192-0a08840bba09'] response: {'name': 'network-changed', 'server_uuid': '87324cdc-1687-4950-8876-c98eb4b4322f', 'tag': '717c9b19-d7fc-4fc7-b47c-fb753d081a3e', 'status': 'completed', 'code': 200}
2026-06-30 19:10:48.510 9 INFO neutron.db.ovn_revision_numbers_db [None req-abfc5194-1b92-4aa4-93ff-e1a5c53c2634 01c7efef9eb1462b834e24d8f9ddc8a0 facf6d39d85648b5b7ec46e0889a076d - - default default] Successfully bumped revision number for resource 39e89ade-f59e-422f-9e37-775e6dd17949 (type: routers) to 1
2026-06-30 19:10:48.531 9 INFO neutron.api.wsgi [None req-abfc5194-1b92-4aa4-93ff-e1a5c53c2634 01c7efef9eb1462b834e24d8f9ddc8a0 facf6d39d85648b5b7ec46e0889a076d - - default default] 10.0.0.143 "POST /v2.0/routers HTTP/1.1" status: 201 len: 802 time: 0.1568224
2026-06-30 19:10:49.050 9 INFO neutron.api.wsgi [req-7091d765-02e3-42f9-a1f6-c74c7c8559a1 req-0e56d402-3392-4ca8-943e-77842e1326ec bac24df5a7c246e5b74f40a83f1f10f3 83999fb9621d4058b9da56e2f719922f - - f38a3932c05f420b816f06f07e6c4eca f38a3932c05f420b816f06f07e6c4eca] 199.204.45.70 "GET /v2.0/ports?tenant_id=a03e10692a984860ae73261cc3dbe82c&device_id=87324cdc-1687-4950-8876-c98eb4b4322f HTTP/1.1" status: 200 len: 1413 time: 0.0381374
2026-06-30 19:10:49.111 9 INFO neutron.api.wsgi [req-7091d765-02e3-42f9-a1f6-c74c7c8559a1 req-3a078659-bdb0-4f87-bee5-7245a3d99520 bac24df5a7c246e5b74f40a83f1f10f3 83999fb9621d4058b9da56e2f719922f - - f38a3932c05f420b816f06f07e6c4eca f38a3932c05f420b816f06f07e6c4eca] 199.204.45.70 "GET /v2.0/networks?id=a20e5e2e-2d42-4de0-b7dc-dfa0d187ac6b HTTP/1.1" status: 200 len: 981 time: 0.0538559
2026-06-30 19:10:49.165 9 INFO neutron.api.wsgi [req-7091d765-02e3-42f9-a1f6-c74c7c8559a1 req-fd345b78-4047-4797-a107-aaca4667da32 bac24df5a7c246e5b74f40a83f1f10f3 83999fb9621d4058b9da56e2f719922f - - f38a3932c05f420b816f06f07e6c4eca f38a3932c05f420b816f06f07e6c4eca] 199.204.45.70 "GET /v2.0/floatingips?fixed_ip_address=10.100.0.13&port_id=717c9b19-d7fc-4fc7-b47c-fb753d081a3e HTTP/1.1" status: 200 len: 1060 time: 0.0492728
2026-06-30 19:10:49.204 9 INFO neutron.api.wsgi [req-7091d765-02e3-42f9-a1f6-c74c7c8559a1 req-960cd25e-6403-47af-83a1-fea4b06461a2 bac24df5a7c246e5b74f40a83f1f10f3 83999fb9621d4058b9da56e2f719922f - - f38a3932c05f420b816f06f07e6c4eca f38a3932c05f420b816f06f07e6c4eca] 199.204.45.70 "GET /v2.0/subnets?id=5b3c7ece-2a89-43e4-893c-32a6089848bc HTTP/1.1" status: 200 len: 900 time: 0.0342233
2026-06-30 19:10:49.229 9 INFO neutron.api.wsgi [req-7091d765-02e3-42f9-a1f6-c74c7c8559a1 req-ad1fe467-eea3-49bc-9b20-9e177f8b9b6d bac24df5a7c246e5b74f40a83f1f10f3 83999fb9621d4058b9da56e2f719922f - - f38a3932c05f420b816f06f07e6c4eca f38a3932c05f420b816f06f07e6c4eca] 199.204.45.70 "GET /v2.0/ports?network_id=a20e5e2e-2d42-4de0-b7dc-dfa0d187ac6b&device_owner=network%3Adhcp HTTP/1.1" status: 200 len: 210 time: 0.0156708
2026-06-30 19:10:49.257 9 WARNING neutron.scheduler.dhcp_agent_scheduler [None req-0eabd111-8f52-44fe-a258-8e08844b4cc2 01c7efef9eb1462b834e24d8f9ddc8a0 facf6d39d85648b5b7ec46e0889a076d - - default default] No more DHCP agents
2026-06-30 19:10:49.259 9 WARNING neutron.api.rpc.agentnotifiers.dhcp_rpc_agent_api [None req-0eabd111-8f52-44fe-a258-8e08844b4cc2 01c7efef9eb1462b834e24d8f9ddc8a0 facf6d39d85648b5b7ec46e0889a076d - - default default] Unable to schedule network 39b1ef8b-89fe-4016-b14f-097950d6c41f: no agents available; will retry on subsequent port and subnet creation events.
2026-06-30 19:10:49.278 9 INFO neutron.api.wsgi [req-7091d765-02e3-42f9-a1f6-c74c7c8559a1 req-e5c7b645-6e83-4728-a511-2285bd565df0 bac24df5a7c246e5b74f40a83f1f10f3 83999fb9621d4058b9da56e2f719922f - - f38a3932c05f420b816f06f07e6c4eca f38a3932c05f420b816f06f07e6c4eca] 199.204.45.70 "GET /v2.0/networks/a20e5e2e-2d42-4de0-b7dc-dfa0d187ac6b?fields=segments HTTP/1.1" status: 200 len: 212 time: 0.0437644
2026-06-30 19:10:49.310 10 INFO neutron.api.wsgi [req-cd88953c-8e53-40db-822a-bd8be5308aaa req-2b0eca9d-980c-433c-9ab9-0f01e5ffc25c 0b7b2c63320742a1ad5098133cfbaa78 d736bf4908ad466c9ae82fdf03ba0436 - - default default] 10.0.0.14 "GET /v2.0/ports?device_id=4ee6a187-5d3d-4307-8605-5a02439d99e5 HTTP/1.1" status: 200 len: 1172 time: 0.0273912
2026-06-30 19:10:49.328 9 INFO neutron.api.wsgi [req-7091d765-02e3-42f9-a1f6-c74c7c8559a1 req-98cfa5bf-c11f-4ae0-9e89-ab2c01b5d48f bac24df5a7c246e5b74f40a83f1f10f3 83999fb9621d4058b9da56e2f719922f - - f38a3932c05f420b816f06f07e6c4eca f38a3932c05f420b816f06f07e6c4eca] 199.204.45.70 "GET /v2.0/networks/a20e5e2e-2d42-4de0-b7dc-dfa0d187ac6b?fields=provider%3Aphysical_network&fields=provider%3Anetwork_type HTTP/1.1" status: 200 len: 277 time: 0.0441740
2026-06-30 19:10:49.341 10 INFO neutron.api.wsgi [req-cd88953c-8e53-40db-822a-bd8be5308aaa req-877f3998-6c37-4be4-a84f-88882eea9d5d 0b7b2c63320742a1ad5098133cfbaa78 d736bf4908ad466c9ae82fdf03ba0436 - - default default] 10.0.0.14 "GET /v2.0/security-groups?id=8edd20a5-017b-4a45-a4b7-66fb37976d77&fields=id&fields=name HTTP/1.1" status: 200 len: 312 time: 0.0281472
2026-06-30 19:10:49.376 9 INFO neutron.db.ovn_revision_numbers_db [None req-0eabd111-8f52-44fe-a258-8e08844b4cc2 01c7efef9eb1462b834e24d8f9ddc8a0 facf6d39d85648b5b7ec46e0889a076d - - default default] Successfully bumped revision number for resource 6232c2f8-09b4-4f84-a107-651caf752b28 (type: ports) to 1
2026-06-30 19:10:49.753 10 INFO neutron.plugins.ml2.drivers.ovn.mech_driver.mech_driver [None req-88712b83-c26a-411b-8037-c3de7c6b95a8 - - - - - -] OVN reports status up for port: 6232c2f8-09b4-4f84-a107-651caf752b28
2026-06-30 19:10:49.761 10 INFO neutron.plugins.ml2.plugin [None req-88712b83-c26a-411b-8037-c3de7c6b95a8 - - - - - -] Attempt 1 to provision port 6232c2f8-09b4-4f84-a107-651caf752b28
2026-06-30 19:10:49.773 9 INFO neutron.db.ovn_revision_numbers_db [None req-0eabd111-8f52-44fe-a258-8e08844b4cc2 01c7efef9eb1462b834e24d8f9ddc8a0 facf6d39d85648b5b7ec46e0889a076d - - default default] Successfully bumped revision number for resource 6232c2f8-09b4-4f84-a107-651caf752b28 (type: ports) to 1
2026-06-30 19:10:49.818 9 WARNING neutron.scheduler.dhcp_agent_scheduler [None req-0eabd111-8f52-44fe-a258-8e08844b4cc2 01c7efef9eb1462b834e24d8f9ddc8a0 facf6d39d85648b5b7ec46e0889a076d - - default default] No more DHCP agents
2026-06-30 19:10:49.820 9 WARNING neutron.api.rpc.agentnotifiers.dhcp_rpc_agent_api [None req-0eabd111-8f52-44fe-a258-8e08844b4cc2 01c7efef9eb1462b834e24d8f9ddc8a0 facf6d39d85648b5b7ec46e0889a076d - - default default] Unable to schedule network 39b1ef8b-89fe-4016-b14f-097950d6c41f: no agents available; will retry on subsequent port and subnet creation events.
2026-06-30 19:10:49.993 9 INFO neutron.db.ovn_revision_numbers_db [None req-0eabd111-8f52-44fe-a258-8e08844b4cc2 01c7efef9eb1462b834e24d8f9ddc8a0 facf6d39d85648b5b7ec46e0889a076d - - default default] Successfully bumped revision number for resource 6232c2f8-09b4-4f84-a107-651caf752b28 (type: router_ports) to 1
2026-06-30 19:10:49.998 9 INFO neutron.api.wsgi [None req-0eabd111-8f52-44fe-a258-8e08844b4cc2 01c7efef9eb1462b834e24d8f9ddc8a0 facf6d39d85648b5b7ec46e0889a076d - - default default] 10.0.0.143 "PUT /v2.0/routers/39e89ade-f59e-422f-9e37-775e6dd17949/add_router_interface HTTP/1.1" status: 200 len: 503 time: 1.4623141
2026-06-30 19:10:50.045 9 INFO neutron.api.wsgi [None req-a809aabe-e872-41de-9bdd-cf2d8f331c9f 01c7efef9eb1462b834e24d8f9ddc8a0 facf6d39d85648b5b7ec46e0889a076d - - default default] 10.0.0.143 "GET /v2.0/ports/6232c2f8-09b4-4f84-a107-651caf752b28 HTTP/1.1" status: 200 len: 1137 time: 0.0396380
2026-06-30 19:10:50.084 9 INFO neutron.api.wsgi [None req-07f217a2-ad9d-4f35-8530-bbd871f35200 01c7efef9eb1462b834e24d8f9ddc8a0 facf6d39d85648b5b7ec46e0889a076d - - default default] 10.0.0.143 "GET /v2.0/ports/6232c2f8-09b4-4f84-a107-651caf752b28 HTTP/1.1" status: 200 len: 1137 time: 0.0336640
2026-06-30 19:10:50.125 10 INFO neutron.db.ovn_revision_numbers_db [None req-88712b83-c26a-411b-8037-c3de7c6b95a8 - - - - - -] Successfully bumped revision number for resource 6232c2f8-09b4-4f84-a107-651caf752b28 (type: ports) to 2
2026-06-30 19:10:50.226 10 WARNING neutron_lib.context [None req-5ac4feb5-984a-4290-b139-bcb4e1d3d172 9494ca0b038b436b89581a76c1237a10 822575eadc2949b2b06d9dd0c115f1be - - default default] Method 'is_advsvc' is deprecated since 2023.2 release (neutron-lib 3.8.0) and will be removed once support for the old RBAC API policies will be removed from Neutron. Please use method 'is_service_role' instead.
2026-06-30 19:10:50.231 9 WARNING neutron.plugins.ml2.drivers.ovn.mech_driver.ovsdb.ovn_client [None req-961e0d66-11d9-4854-ab70-65764ee3d9cf - - - - - -] No port found with ID 040ba1a0-8160-4a63-8ca0-62d06bae3884: RuntimeError: No port found with ID 040ba1a0-8160-4a63-8ca0-62d06bae3884
2026-06-30 19:10:50.237 9 INFO neutron.plugins.ml2.drivers.ovn.mech_driver.mech_driver [None req-961e0d66-11d9-4854-ab70-65764ee3d9cf - - - - - -] OVN reports status up for port: 5667f03f-fab9-4e73-b1f5-c94e9e0e351a
2026-06-30 19:10:50.249 9 INFO neutron.plugins.ml2.plugin [None req-961e0d66-11d9-4854-ab70-65764ee3d9cf - - - - - -] Attempt 1 to provision port 5667f03f-fab9-4e73-b1f5-c94e9e0e351a
2026-06-30 19:10:50.338 10 INFO neutron.api.wsgi [-] 10.0.0.26 "GET / HTTP/1.1" status: 200 len: 247 time: 0.0010672
2026-06-30 19:10:50.339 10 INFO neutron.api.wsgi [-] 10.0.0.26 "GET / HTTP/1.1" status: 200 len: 247 time: 0.0008562
2026-06-30 19:10:50.352 10 INFO neutron.db.ovn_revision_numbers_db [None req-5ac4feb5-984a-4290-b139-bcb4e1d3d172 9494ca0b038b436b89581a76c1237a10 822575eadc2949b2b06d9dd0c115f1be - - default default] Successfully bumped revision number for resource da31f80a-06dd-45bb-bab2-3e2ddc6dadd7 (type: security_groups) to 1
2026-06-30 19:10:50.369 10 INFO neutron.db.ovn_revision_numbers_db [None req-5ac4feb5-984a-4290-b139-bcb4e1d3d172 9494ca0b038b436b89581a76c1237a10 822575eadc2949b2b06d9dd0c115f1be - - default default] Successfully bumped revision number for resource 0621bb7e-2060-4cd5-a757-8ff05ce993ae (type: security_group_rules) to 0
2026-06-30 19:10:50.380 9 INFO neutron.notifiers.nova [-] Nova event matching ['req-0273c6d4-969f-4970-a328-2d85517a63a5'] response: {'server_uuid': '4ee6a187-5d3d-4307-8605-5a02439d99e5', 'name': 'network-vif-plugged', 'status': 'completed', 'tag': '5667f03f-fab9-4e73-b1f5-c94e9e0e351a', 'code': 200}
2026-06-30 19:10:50.402 10 INFO neutron.db.ovn_revision_numbers_db [None req-5ac4feb5-984a-4290-b139-bcb4e1d3d172 9494ca0b038b436b89581a76c1237a10 822575eadc2949b2b06d9dd0c115f1be - - default default] Successfully bumped revision number for resource 25f96165-4e49-4a16-aa7c-e94d9c4aa09f (type: security_group_rules) to 0
2026-06-30 19:10:50.425 10 INFO neutron.api.wsgi [req-c4cb81f4-9507-466f-b549-269f1a9cf5e0 req-89248d12-b996-426e-9b0b-c8db09052451 0b7b2c63320742a1ad5098133cfbaa78 d736bf4908ad466c9ae82fdf03ba0436 - - default default] 10.0.0.14 "GET /v2.0/ports?device_id=4ee6a187-5d3d-4307-8605-5a02439d99e5 HTTP/1.1" status: 200 len: 1174 time: 0.0341535
2026-06-30 19:10:50.427 10 INFO neutron.db.ovn_revision_numbers_db [None req-5ac4feb5-984a-4290-b139-bcb4e1d3d172 9494ca0b038b436b89581a76c1237a10 822575eadc2949b2b06d9dd0c115f1be - - default default] Successfully bumped revision number for resource 66af762a-af34-41e8-b32e-e56972563553 (type: security_group_rules) to 0
2026-06-30 19:10:50.453 10 INFO neutron.db.ovn_revision_numbers_db [None req-5ac4feb5-984a-4290-b139-bcb4e1d3d172 9494ca0b038b436b89581a76c1237a10 822575eadc2949b2b06d9dd0c115f1be - - default default] Successfully bumped revision number for resource c926830f-b31b-49c8-b1bd-5fdab4243c36 (type: security_group_rules) to 0
2026-06-30 19:10:50.466 10 INFO neutron.api.wsgi [req-c4cb81f4-9507-466f-b549-269f1a9cf5e0 req-266a1802-7c4b-42cc-95bf-6574f7bc4480 0b7b2c63320742a1ad5098133cfbaa78 d736bf4908ad466c9ae82fdf03ba0436 - - default default] 10.0.0.14 "GET /v2.0/security-groups?id=8edd20a5-017b-4a45-a4b7-66fb37976d77&fields=id&fields=name HTTP/1.1" status: 200 len: 312 time: 0.0341229
2026-06-30 19:10:50.515 9 INFO neutron.db.ovn_revision_numbers_db [None req-961e0d66-11d9-4854-ab70-65764ee3d9cf - - - - - -] Successfully bumped revision number for resource 5667f03f-fab9-4e73-b1f5-c94e9e0e351a (type: ports) to 5
2026-06-30 19:10:50.528 10 INFO neutron.db.segments_db [None req-5ac4feb5-984a-4290-b139-bcb4e1d3d172 9494ca0b038b436b89581a76c1237a10 822575eadc2949b2b06d9dd0c115f1be - - default default] Added segment f7f087bf-c850-4c4f-aa5f-ec4efd12ac9c of type geneve for network 86ff9946-4cac-42b7-8fb4-520dc7fd0428
2026-06-30 19:10:50.646 10 INFO neutron.db.ovn_revision_numbers_db [None req-5ac4feb5-984a-4290-b139-bcb4e1d3d172 9494ca0b038b436b89581a76c1237a10 822575eadc2949b2b06d9dd0c115f1be - - default default] Successfully bumped revision number for resource 86ff9946-4cac-42b7-8fb4-520dc7fd0428 (type: networks) to 1
2026-06-30 19:10:50.739 9 INFO neutron.api.wsgi [None req-3a578eb0-d8f0-4757-9e99-8d212f8594c5 01c7efef9eb1462b834e24d8f9ddc8a0 facf6d39d85648b5b7ec46e0889a076d - - default default] 10.0.0.143 "PUT /v2.0/routers/39e89ade-f59e-422f-9e37-775e6dd17949/remove_router_interface HTTP/1.1" status: 200 len: 503 time: 0.6501949 /var/lib/openstack/lib/python3.12/site-packages/pycadf/identifier.py:71: UserWarning: Invalid uuid: neutron. To ensure interoperability, identifiers should be a valid uuid. warnings.warn(('Invalid uuid: %s. To ensure interoperability, '
2026-06-30 19:10:50.761 9 INFO neutron.api.wsgi [None req-1909add3-7d53-4bc6-a090-783b42bc561a 01c7efef9eb1462b834e24d8f9ddc8a0 facf6d39d85648b5b7ec46e0889a076d - - default default] 10.0.0.143 "GET /v2.0/ports?device_id=39e89ade-f59e-422f-9e37-775e6dd17949 HTTP/1.1" status: 200 len: 205 time: 0.0169582
2026-06-30 19:10:50.813 10 WARNING neutron.scheduler.dhcp_agent_scheduler [None req-5ac4feb5-984a-4290-b139-bcb4e1d3d172 9494ca0b038b436b89581a76c1237a10 822575eadc2949b2b06d9dd0c115f1be - - default default] No more DHCP agents
2026-06-30 19:10:50.814 10 WARNING neutron.api.rpc.agentnotifiers.dhcp_rpc_agent_api [None req-5ac4feb5-984a-4290-b139-bcb4e1d3d172 9494ca0b038b436b89581a76c1237a10 822575eadc2949b2b06d9dd0c115f1be - - default default] Unable to schedule network 86ff9946-4cac-42b7-8fb4-520dc7fd0428: no agents available; will retry on subsequent port and subnet creation events.
2026-06-30 19:10:50.877 10 INFO neutron.db.ovn_revision_numbers_db [None req-5ac4feb5-984a-4290-b139-bcb4e1d3d172 9494ca0b038b436b89581a76c1237a10 822575eadc2949b2b06d9dd0c115f1be - - default default] Successfully bumped revision number for resource 10341d0f-89c5-4c37-9f3e-a07822cec4ef (type: ports) to 1
2026-06-30 19:10:50.897 10 INFO neutron.api.wsgi [None req-5ac4feb5-984a-4290-b139-bcb4e1d3d172 9494ca0b038b436b89581a76c1237a10 822575eadc2949b2b06d9dd0c115f1be - - default default] 10.0.0.143 "POST /v2.0/networks HTTP/1.1" status: 201 len: 843 time: 0.8118575
2026-06-30 19:10:50.935 9 WARNING neutron_lib.context [None req-f7b51479-d540-482c-bce0-6df7e9ce555d 9494ca0b038b436b89581a76c1237a10 822575eadc2949b2b06d9dd0c115f1be - - default default] Method 'is_advsvc' is deprecated since 2023.2 release (neutron-lib 3.8.0) and will be removed once support for the old RBAC API policies will be removed from Neutron. Please use method 'is_service_role' instead.
2026-06-30 19:10:50.946 9 INFO neutron.api.wsgi [None req-99cd178d-3fad-4217-9d57-e1a28a137f79 01c7efef9eb1462b834e24d8f9ddc8a0 facf6d39d85648b5b7ec46e0889a076d - - default default] 10.0.0.143 "DELETE /v2.0/routers/39e89ade-f59e-422f-9e37-775e6dd17949 HTTP/1.1" status: 204 len: 168 time: 0.1782663
2026-06-30 19:10:51.154 9 INFO neutron.api.wsgi [None req-7b88a970-3598-4089-b025-fa7928666194 01c7efef9eb1462b834e24d8f9ddc8a0 facf6d39d85648b5b7ec46e0889a076d - - default default] 10.0.0.143 "DELETE /v2.0/subnets/70766092-aa26-46f3-9ef4-f051af7a9781 HTTP/1.1" status: 204 len: 168 time: 0.2022533
2026-06-30 19:10:51.167 9 WARNING neutron.scheduler.dhcp_agent_scheduler [None req-f7b51479-d540-482c-bce0-6df7e9ce555d 9494ca0b038b436b89581a76c1237a10 822575eadc2949b2b06d9dd0c115f1be - - default default] No more DHCP agents
2026-06-30 19:10:51.168 9 WARNING neutron.api.rpc.agentnotifiers.dhcp_rpc_agent_api [None req-f7b51479-d540-482c-bce0-6df7e9ce555d 9494ca0b038b436b89581a76c1237a10 822575eadc2949b2b06d9dd0c115f1be - - default default] Unable to schedule network 86ff9946-4cac-42b7-8fb4-520dc7fd0428: no agents available; will retry on subsequent port and subnet creation events.
2026-06-30 19:10:51.509 9 INFO neutron.services.segments.plugin [-] Segment b20610a8-7266-4ab0-96df-898329ef1a2d resource provider aggregate not found
2026-06-30 19:10:51.514 9 INFO neutron.services.segments.plugin [-] Segment b20610a8-7266-4ab0-96df-898329ef1a2d resource provider aggregate not found
2026-06-30 19:10:51.524 9 INFO neutron.services.segments.plugin [-] Segment b20610a8-7266-4ab0-96df-898329ef1a2d resource provider not found; error: Placement Client Error (4xx): {"errors": [{"status": 404, "title": "Not Found", "detail": "The resource could not be found.\n\n No resource provider with uuid b20610a8-7266-4ab0-96df-898329ef1a2d found for delete ", "request_id": "req-dfa02921-5de2-4efe-b317-01de217ac98a"}]}
2026-06-30 19:10:51.535 9 INFO neutron.services.segments.plugin [-] Segment b20610a8-7266-4ab0-96df-898329ef1a2d resource provider not found; error: Placement Client Error (4xx): {"errors": [{"status": 404, "title": "Not Found", "detail": "The resource could not be found.\n\n No resource provider with uuid b20610a8-7266-4ab0-96df-898329ef1a2d found for delete ", "request_id": "req-6ecd7de8-7437-4045-bf23-4748c51198dd"}]}
2026-06-30 19:10:51.548 9 INFO neutron.api.wsgi [None req-9ffc7d5e-1f93-41de-8cbd-8ddd1277c4d6 01c7efef9eb1462b834e24d8f9ddc8a0 facf6d39d85648b5b7ec46e0889a076d - - default default] 10.0.0.143 "DELETE /v2.0/networks/39b1ef8b-89fe-4016-b14f-097950d6c41f HTTP/1.1" status: 204 len: 168 time: 0.3897049
2026-06-30 19:10:51.560 9 WARNING neutron_lib.context [None req-31c38f34-b7be-4ff6-8c31-086c064c76e3 01c7efef9eb1462b834e24d8f9ddc8a0 facf6d39d85648b5b7ec46e0889a076d - - default default] Method 'is_advsvc' is deprecated since 2023.2 release (neutron-lib 3.8.0) and will be removed once support for the old RBAC API policies will be removed from Neutron. Please use method 'is_service_role' instead.
2026-06-30 19:10:51.631 9 INFO neutron.api.wsgi [req-6fd8dd94-1372-48f7-939c-70506631be3d req-610aa343-af5b-421d-8a35-b46b79df9145 0b7b2c63320742a1ad5098133cfbaa78 d736bf4908ad466c9ae82fdf03ba0436 - - default default] 10.0.0.14 "GET /v2.0/ports?device_id=4ee6a187-5d3d-4307-8605-5a02439d99e5 HTTP/1.1" status: 200 len: 1174 time: 0.0979323
2026-06-30 19:10:51.699 9 INFO neutron.api.wsgi [req-6fd8dd94-1372-48f7-939c-70506631be3d req-e1651475-99ba-41ff-8c74-406aac22eebf 0b7b2c63320742a1ad5098133cfbaa78 d736bf4908ad466c9ae82fdf03ba0436 - - default default] 10.0.0.14 "GET /v2.0/security-groups?id=8edd20a5-017b-4a45-a4b7-66fb37976d77&fields=id&fields=name HTTP/1.1" status: 200 len: 312 time: 0.0601091
2026-06-30 19:10:51.731 9 INFO neutron.db.ovn_revision_numbers_db [None req-44a3a363-25ad-496f-b410-e8896a8b7145 - - - - - -] Successfully bumped revision number for resource 10341d0f-89c5-4c37-9f3e-a07822cec4ef (type: ports) to 2
2026-06-30 19:10:51.772 9 INFO neutron.db.ovn_revision_numbers_db [None req-44a3a363-25ad-496f-b410-e8896a8b7145 - - - - - -] Successfully bumped revision number for resource cb01624d-b906-4397-8f24-2a895ce625c4 (type: subnets) to 0
2026-06-30 19:10:51.784 9 INFO neutron.api.wsgi [None req-f7b51479-d540-482c-bce0-6df7e9ce555d 9494ca0b038b436b89581a76c1237a10 822575eadc2949b2b06d9dd0c115f1be - - default default] 10.0.0.143 "POST /v2.0/subnets HTTP/1.1" status: 201 len: 840 time: 0.8534479
