2026-06-30 19:12:52.261 10 INFO neutron.plugins.ml2.drivers.ovn.mech_driver.mech_driver [None req-595c2fd6-1ffe-40aa-9b7c-2d5ac8983cc3 - - - - - -] OVN reports status up for port: 61ae9bbd-dcac-4bb4-a4c8-42a8287f0317
2026-06-30 19:12:52.273 10 INFO neutron.plugins.ml2.plugin [None req-595c2fd6-1ffe-40aa-9b7c-2d5ac8983cc3 - - - - - -] Attempt 1 to provision port 61ae9bbd-dcac-4bb4-a4c8-42a8287f0317
2026-06-30 19:12:52.412 10 INFO neutron.notifiers.nova [-] Nova event matching ['req-a5e233dd-7137-4755-9e7b-57d61134ca76'] response: {'server_uuid': '875db0ce-851d-431f-ae41-54b31e5c355c', 'name': 'network-vif-plugged', 'status': 'completed', 'tag': '61ae9bbd-dcac-4bb4-a4c8-42a8287f0317', 'code': 200}
2026-06-30 19:12:52.528 10 INFO neutron.db.ovn_revision_numbers_db [None req-595c2fd6-1ffe-40aa-9b7c-2d5ac8983cc3 - - - - - -] Successfully bumped revision number for resource 61ae9bbd-dcac-4bb4-a4c8-42a8287f0317 (type: ports) to 5
2026-06-30 19:12:52.589 10 INFO neutron.db.ovn_revision_numbers_db [None req-e62aa8bc-13a8-401c-aabb-46654f9ba010 - - - - - -] Successfully bumped revision number for resource 0bcf7174-2481-431a-a4ad-d8ea50c26485 (type: ports) to 2
2026-06-30 19:12:52.623 10 INFO neutron.db.ovn_revision_numbers_db [None req-e62aa8bc-13a8-401c-aabb-46654f9ba010 - - - - - -] Successfully bumped revision number for resource 961bab36-ee82-4b5c-9a09-5ccb69796350 (type: subnets) to 0
2026-06-30 19:12:52.635 10 INFO neutron.api.wsgi [None req-46494b6b-3b94-47ed-8ddb-8d38e91c64d1 0ea300df196a424d91302ef53cc7d1d0 3c73106cc91c415cb12067cb2ebb2d53 - - default default] 10.0.0.143 "POST /v2.0/subnets HTTP/1.1" status: 201 len: 828 time: 0.7720101 /var/lib/openstack/lib/python3.12/site-packages/pycadf/identifier.py:71: UserWarning: Invalid uuid: neutron. To ensure interoperability, identifiers should be a valid uuid. warnings.warn(('Invalid uuid: %s. To ensure interoperability, '
2026-06-30 19:12:52.644 10 WARNING neutron_lib.context [None req-594cb393-b15a-479f-a8fa-54e91c3c7f98 0ea300df196a424d91302ef53cc7d1d0 3c73106cc91c415cb12067cb2ebb2d53 - - default default] Method 'is_advsvc' is deprecated since 2023.2 release (neutron-lib 3.8.0) and will be removed once support for the old RBAC API policies will be removed from Neutron. Please use method 'is_service_role' instead.
2026-06-30 19:12:52.700 9 INFO neutron.api.wsgi [req-b8704454-1044-40db-91a9-cc5e86db65ef req-481f1511-52be-4c55-90c5-9d0294bacb3e 43ca20f3a4ed45ff95d015102a3ecede 0588d64cb0d141a6a77fc458ca71621b - - default default] 10.0.0.14 "GET /v2.0/ports?device_id=875db0ce-851d-431f-ae41-54b31e5c355c HTTP/1.1" status: 200 len: 1170 time: 0.0566986
2026-06-30 19:12:52.757 9 INFO neutron.api.wsgi [req-b8704454-1044-40db-91a9-cc5e86db65ef req-2edd5b8d-52f4-4671-816e-49fe999dfe3a 43ca20f3a4ed45ff95d015102a3ecede 0588d64cb0d141a6a77fc458ca71621b - - default default] 10.0.0.14 "GET /v2.0/security-groups?id=87043cef-8d4f-4060-8186-de1fc2fde424&fields=id&fields=name HTTP/1.1" status: 200 len: 286 time: 0.0515394
2026-06-30 19:12:52.800 9 INFO neutron.db.ovn_revision_numbers_db [None req-baaca371-d6bb-4fc8-964d-3796242bf392 b47ec381320f4969a6a414d82ab608bc b3af649013c9487b84f309d9da4f75b8 - - default default] Successfully bumped revision number for resource c8af67ce-9208-43b2-9065-6927e099e541 (type: ports) to 1
2026-06-30 19:12:52.855 9 WARNING neutron.scheduler.dhcp_agent_scheduler [None req-baaca371-d6bb-4fc8-964d-3796242bf392 b47ec381320f4969a6a414d82ab608bc b3af649013c9487b84f309d9da4f75b8 - - default default] No more DHCP agents
2026-06-30 19:12:52.855 9 WARNING neutron.api.rpc.agentnotifiers.dhcp_rpc_agent_api [None req-baaca371-d6bb-4fc8-964d-3796242bf392 b47ec381320f4969a6a414d82ab608bc b3af649013c9487b84f309d9da4f75b8 - - default default] Unable to schedule network 6638f6f2-ca03-45b4-afa4-6e0a9a6769dc: no agents available; will retry on subsequent port and subnet creation events.
2026-06-30 19:12:53.056 10 WARNING neutron.scheduler.dhcp_agent_scheduler [None req-594cb393-b15a-479f-a8fa-54e91c3c7f98 0ea300df196a424d91302ef53cc7d1d0 3c73106cc91c415cb12067cb2ebb2d53 - - default default] No more DHCP agents
2026-06-30 19:12:53.057 10 WARNING neutron.api.rpc.agentnotifiers.dhcp_rpc_agent_api [None req-594cb393-b15a-479f-a8fa-54e91c3c7f98 0ea300df196a424d91302ef53cc7d1d0 3c73106cc91c415cb12067cb2ebb2d53 - - default default] Unable to schedule network 186451d3-d05c-4408-a49c-31a304f54500: no agents available; will retry on subsequent port and subnet creation events.
2026-06-30 19:12:53.100 9 INFO neutron.db.ovn_revision_numbers_db [None req-baaca371-d6bb-4fc8-964d-3796242bf392 b47ec381320f4969a6a414d82ab608bc b3af649013c9487b84f309d9da4f75b8 - - default default] Successfully bumped revision number for resource c8af67ce-9208-43b2-9065-6927e099e541 (type: router_ports) to 1
2026-06-30 19:12:53.105 9 INFO neutron.api.wsgi [None req-baaca371-d6bb-4fc8-964d-3796242bf392 b47ec381320f4969a6a414d82ab608bc b3af649013c9487b84f309d9da4f75b8 - - default default] 10.0.0.143 "PUT /v2.0/routers/0e078f3b-6723-4de9-8b79-75dd22e652d9/add_router_interface HTTP/1.1" status: 200 len: 503 time: 1.3938129
2026-06-30 19:12:53.156 9 INFO neutron.api.wsgi [None req-0d0d901c-0f9d-4300-9fd3-d930bc5098df b47ec381320f4969a6a414d82ab608bc b3af649013c9487b84f309d9da4f75b8 - - default default] 10.0.0.143 "GET /v2.0/ports/c8af67ce-9208-43b2-9065-6927e099e541 HTTP/1.1" status: 200 len: 1139 time: 0.0449796
2026-06-30 19:12:53.173 9 INFO neutron.api.wsgi [None req-2de86238-4ae2-492b-9df1-02cbc3e3a4e9 1c37c106f3be4431a3d7adcf48cc81d8 8aa04362fa504b94b029fcfa865e2363 - - default default] 10.0.0.143 "DELETE /v2.0/security-groups/25f1c414-7001-4edd-9444-309a855cbf2c HTTP/1.1" status: 204 len: 168 time: 0.2308068
2026-06-30 19:12:53.180 10 INFO neutron.db.ovn_revision_numbers_db [None req-594cb393-b15a-479f-a8fa-54e91c3c7f98 0ea300df196a424d91302ef53cc7d1d0 3c73106cc91c415cb12067cb2ebb2d53 - - default default] Successfully bumped revision number for resource 1957bef4-34a7-471c-9183-a2113fcf2253 (type: ports) to 1
2026-06-30 19:12:53.525 9 INFO neutron.api.wsgi [None req-07b7f32f-6310-4a68-9819-35491a48f77c 1c37c106f3be4431a3d7adcf48cc81d8 8aa04362fa504b94b029fcfa865e2363 - - default default] 10.0.0.143 "DELETE /v2.0/floatingips/2940a4dd-6c59-4ca3-b6c8-d20caed47fd1 HTTP/1.1" status: 204 len: 168 time: 0.3211563
2026-06-30 19:12:53.612 9 WARNING neutron.scheduler.dhcp_agent_scheduler [None req-07accde7-d58f-4922-9566-eaa44d0b5385 b47ec381320f4969a6a414d82ab608bc b3af649013c9487b84f309d9da4f75b8 - - default default] No more DHCP agents
2026-06-30 19:12:53.615 9 WARNING neutron.api.rpc.agentnotifiers.dhcp_rpc_agent_api [None req-07accde7-d58f-4922-9566-eaa44d0b5385 b47ec381320f4969a6a414d82ab608bc b3af649013c9487b84f309d9da4f75b8 - - default default] Unable to schedule network a50303ae-6933-443c-8d9a-6ec8eed9e077: no agents available; will retry on subsequent port and subnet creation events.
2026-06-30 19:12:53.692 10 INFO neutron.plugins.ml2.drivers.ovn.mech_driver.ovsdb.commands [None req-e4d875fb-3623-43cf-be29-ec2390e77308 - - - - - -] Schedule LRP lrp-1957bef4-34a7-471c-9183-a2113fcf2253 on gateway 0d8acbde-15c8-4028-9afd-e70a6b3b5b1b with priority 1
2026-06-30 19:12:53.724 9 INFO neutron.db.ovn_revision_numbers_db [None req-07accde7-d58f-4922-9566-eaa44d0b5385 b47ec381320f4969a6a414d82ab608bc b3af649013c9487b84f309d9da4f75b8 - - default default] Successfully bumped revision number for resource de9e3a5b-ba74-422c-b932-edbcce7c66f9 (type: ports) to 1
2026-06-30 19:12:53.742 9 INFO neutron.api.wsgi [req-36ecd769-e85e-4002-a695-a29ffe6806ca req-204ad695-9f42-48d8-9d18-b3ed1f3be26a 1c37c106f3be4431a3d7adcf48cc81d8 8aa04362fa504b94b029fcfa865e2363 - - default default] 10.0.0.14 "GET /v2.0/ports?device_id=1d2bf8ad-ec35-421a-879b-65a7bcebff22 HTTP/1.1" status: 200 len: 1170 time: 0.0818884
2026-06-30 19:12:53.748 10 INFO neutron.db.ovn_revision_numbers_db [None req-594cb393-b15a-479f-a8fa-54e91c3c7f98 0ea300df196a424d91302ef53cc7d1d0 3c73106cc91c415cb12067cb2ebb2d53 - - default default] Successfully bumped revision number for resource 1957bef4-34a7-471c-9183-a2113fcf2253 (type: router_ports) to 1
2026-06-30 19:12:53.810 9 INFO neutron.api.wsgi [req-36ecd769-e85e-4002-a695-a29ffe6806ca req-fec4209b-2f62-4700-a382-c53847c414fe 1c37c106f3be4431a3d7adcf48cc81d8 8aa04362fa504b94b029fcfa865e2363 - - default default] 10.0.0.14 "GET /v2.0/security-groups?id=92526e41-aa40-478c-94ff-a996712d4d67&fields=id&fields=name HTTP/1.1" status: 200 len: 312 time: 0.0608816
2026-06-30 19:12:53.859 10 INFO neutron.api.wsgi [req-16d8b799-3d89-44cd-95a7-a667c38d706d req-ca01491a-68f9-487a-9824-fd664b35c437 43ca20f3a4ed45ff95d015102a3ecede 0588d64cb0d141a6a77fc458ca71621b - - default default] 10.0.0.14 "GET /v2.0/ports?device_id=875db0ce-851d-431f-ae41-54b31e5c355c HTTP/1.1" status: 200 len: 1170 time: 0.0383267
2026-06-30 19:12:53.860 10 INFO neutron.db.ovn_revision_numbers_db [None req-594cb393-b15a-479f-a8fa-54e91c3c7f98 0ea300df196a424d91302ef53cc7d1d0 3c73106cc91c415cb12067cb2ebb2d53 - - default default] Successfully bumped revision number for resource 6eb77e13-24bf-4472-a4db-da28d388bdef (type: routers) to 2
2026-06-30 19:12:53.880 10 INFO neutron.api.wsgi [None req-594cb393-b15a-479f-a8fa-54e91c3c7f98 0ea300df196a424d91302ef53cc7d1d0 3c73106cc91c415cb12067cb2ebb2d53 - - default default] 10.0.0.143 "POST /v2.0/routers HTTP/1.1" status: 201 len: 1135 time: 1.2401991
2026-06-30 19:12:53.903 10 INFO neutron.api.wsgi [req-16d8b799-3d89-44cd-95a7-a667c38d706d req-887e42b7-b394-4587-b2ba-2c4abaa25de9 43ca20f3a4ed45ff95d015102a3ecede 0588d64cb0d141a6a77fc458ca71621b - - default default] 10.0.0.14 "GET /v2.0/security-groups?id=87043cef-8d4f-4060-8186-de1fc2fde424&fields=id&fields=name HTTP/1.1" status: 200 len: 286 time: 0.0382581
2026-06-30 19:12:53.988 10 INFO neutron.api.v2.resource [None req-0e4d8dac-b967-467b-b10f-70defccea9f7 7e5975572fbf4b6784efb7089f8eb1ee 82189922b2a04f6ab634742af70ddb27 - - default default] create failed (client error): The server could not comply with the request since it is either malformed or otherwise incorrect.
2026-06-30 19:12:53.990 10 INFO neutron.api.wsgi [None req-0e4d8dac-b967-467b-b10f-70defccea9f7 7e5975572fbf4b6784efb7089f8eb1ee 82189922b2a04f6ab634742af70ddb27 - - default default] 10.0.0.143 "POST /v2.0/vpn/vpnservices HTTP/1.1" status: 400 len: 397 time: 0.1045146
2026-06-30 19:12:54.233 10 INFO neutron.plugins.ml2.drivers.ovn.mech_driver.mech_driver [None req-3b81173b-604c-4c74-8afb-ee2042d30984 - - - - - -] OVN reports status down for port: 595afa70-e3d6-4d9a-9e7b-a1578acd54ee
2026-06-30 19:12:54.289 9 WARNING neutron.plugins.ml2.drivers.ovn.mech_driver.ovsdb.ovn_client [None req-a0d714f1-3eef-496a-bf1e-c5371fc7625a - - - - - -] No port found with ID ee5ceda1-768a-476f-bc7f-b67e5fc65432: RuntimeError: No port found with ID ee5ceda1-768a-476f-bc7f-b67e5fc65432
2026-06-30 19:12:54.289 9 INFO neutron.plugins.ml2.drivers.ovn.mech_driver.mech_driver [None req-a0d714f1-3eef-496a-bf1e-c5371fc7625a - - - - - -] OVN reports status down for port: 78dab132-5aca-458b-918a-83fb844d8d64
2026-06-30 19:12:54.315 9 INFO neutron.plugins.ml2.drivers.ovn.mech_driver.mech_driver [None req-a0d714f1-3eef-496a-bf1e-c5371fc7625a - - - - - -] OVN reports status up for port: c8af67ce-9208-43b2-9065-6927e099e541
2026-06-30 19:12:54.322 9 INFO neutron.plugins.ml2.plugin [None req-a0d714f1-3eef-496a-bf1e-c5371fc7625a - - - - - -] Attempt 1 to provision port c8af67ce-9208-43b2-9065-6927e099e541
2026-06-30 19:12:54.339 9 INFO neutron.db.ovn_revision_numbers_db [None req-07accde7-d58f-4922-9566-eaa44d0b5385 b47ec381320f4969a6a414d82ab608bc b3af649013c9487b84f309d9da4f75b8 - - default default] Successfully bumped revision number for resource de9e3a5b-ba74-422c-b932-edbcce7c66f9 (type: ports) to 1
2026-06-30 19:12:54.419 9 WARNING neutron.scheduler.dhcp_agent_scheduler [None req-07accde7-d58f-4922-9566-eaa44d0b5385 b47ec381320f4969a6a414d82ab608bc b3af649013c9487b84f309d9da4f75b8 - - default default] No more DHCP agents
2026-06-30 19:12:54.422 9 WARNING neutron.api.rpc.agentnotifiers.dhcp_rpc_agent_api [None req-07accde7-d58f-4922-9566-eaa44d0b5385 b47ec381320f4969a6a414d82ab608bc b3af649013c9487b84f309d9da4f75b8 - - default default] Unable to schedule network a50303ae-6933-443c-8d9a-6ec8eed9e077: no agents available; will retry on subsequent port and subnet creation events.
2026-06-30 19:12:54.448 10 INFO neutron.notifiers.nova [-] Nova event matching ['req-ba1b1df2-ff56-4a91-bf62-0f7dbb3c3f69'] response: {'server_uuid': '875db0ce-851d-431f-ae41-54b31e5c355c', 'name': 'network-vif-plugged', 'status': 'completed', 'tag': '61ae9bbd-dcac-4bb4-a4c8-42a8287f0317', 'code': 200}
2026-06-30 19:12:54.449 10 INFO neutron.notifiers.nova [-] Nova event matching ['req-ba1b1df2-ff56-4a91-bf62-0f7dbb3c3f69'] response: {'server_uuid': '1d2bf8ad-ec35-421a-879b-65a7bcebff22', 'name': 'network-vif-unplugged', 'status': 'completed', 'tag': '595afa70-e3d6-4d9a-9e7b-a1578acd54ee', 'code': 200}
2026-06-30 19:12:54.573 10 INFO neutron.db.ovn_revision_numbers_db [None req-3b81173b-604c-4c74-8afb-ee2042d30984 - - - - - -] Successfully bumped revision number for resource 595afa70-e3d6-4d9a-9e7b-a1578acd54ee (type: ports) to 6
2026-06-30 19:12:54.587 10 INFO neutron.services.segments.plugin [-] Segment 793a18e2-60d2-4436-8cd4-c7fd7d660543 resource provider aggregate not found
2026-06-30 19:12:54.590 10 INFO neutron.services.segments.plugin [-] Segment 793a18e2-60d2-4436-8cd4-c7fd7d660543 resource provider aggregate not found
2026-06-30 19:12:54.605 9 INFO neutron.db.ovn_revision_numbers_db [None req-07accde7-d58f-4922-9566-eaa44d0b5385 b47ec381320f4969a6a414d82ab608bc b3af649013c9487b84f309d9da4f75b8 - - default default] Successfully bumped revision number for resource de9e3a5b-ba74-422c-b932-edbcce7c66f9 (type: router_ports) to 1
2026-06-30 19:12:54.608 10 INFO neutron.services.segments.plugin [-] Segment 793a18e2-60d2-4436-8cd4-c7fd7d660543 resource provider not found; error: Placement Client Error (4xx): {"errors": [{"status": 404, "title": "Not Found", "detail": "The resource could not be found.\n\n No resource provider with uuid 793a18e2-60d2-4436-8cd4-c7fd7d660543 found for delete ", "request_id": "req-ca3534f6-ebb7-4d4e-a028-3de6d2265beb"}]}
2026-06-30 19:12:54.609 10 INFO neutron.services.segments.plugin [-] Segment 793a18e2-60d2-4436-8cd4-c7fd7d660543 resource provider not found; error: Placement Client Error (4xx): {"errors": [{"status": 404, "title": "Not Found", "detail": "The resource could not be found.\n\n No resource provider with uuid 793a18e2-60d2-4436-8cd4-c7fd7d660543 found for delete ", "request_id": "req-ef0cd612-d8b2-411d-ae40-fe6bb733a145"}]}
2026-06-30 19:12:54.610 9 INFO neutron.api.wsgi [None req-07accde7-d58f-4922-9566-eaa44d0b5385 b47ec381320f4969a6a414d82ab608bc b3af649013c9487b84f309d9da4f75b8 - - default default] 10.0.0.143 "PUT /v2.0/routers/0e078f3b-6723-4de9-8b79-75dd22e652d9/add_router_interface HTTP/1.1" status: 200 len: 503 time: 1.4469249
2026-06-30 19:12:54.683 10 INFO neutron.plugins.ml2.drivers.ovn.mech_driver.mech_driver [None req-a4468e4c-e2e0-411d-935e-81b3ce73aeed - - - - - -] OVN reports status up for port: de9e3a5b-ba74-422c-b932-edbcce7c66f9
2026-06-30 19:12:54.695 10 INFO neutron.api.wsgi [None req-25a04ae5-8536-4160-9ac2-ce3ae3de6bf3 7e5975572fbf4b6784efb7089f8eb1ee 82189922b2a04f6ab634742af70ddb27 - - default default] 10.0.0.143 "DELETE /v2.0/networks/575fc881-096b-4d14-b6e4-a56aa9c37d79 HTTP/1.1" status: 204 len: 168 time: 0.7010958
2026-06-30 19:12:54.696 10 INFO neutron.plugins.ml2.plugin [None req-a4468e4c-e2e0-411d-935e-81b3ce73aeed - - - - - -] Attempt 1 to provision port de9e3a5b-ba74-422c-b932-edbcce7c66f9
2026-06-30 19:12:54.730 10 INFO neutron.api.wsgi [None req-7ecbce58-fd04-4f77-b43b-009d2405b987 b47ec381320f4969a6a414d82ab608bc b3af649013c9487b84f309d9da4f75b8 - - default default] 10.0.0.143 "GET /v2.0/ports/de9e3a5b-ba74-422c-b932-edbcce7c66f9 HTTP/1.1" status: 200 len: 1147 time: 0.1155367 /var/lib/openstack/lib/python3.12/site-packages/pycadf/identifier.py:71: UserWarning: Invalid uuid: neutron. To ensure interoperability, identifiers should be a valid uuid. warnings.warn(('Invalid uuid: %s. To ensure interoperability, '
2026-06-30 19:12:54.774 10 INFO neutron.api.wsgi [None req-6f7a83bc-b1bd-46cf-a7e5-525a85dd0aa4 b47ec381320f4969a6a414d82ab608bc b3af649013c9487b84f309d9da4f75b8 - - default default] 10.0.0.143 "GET /v2.0/ports/de9e3a5b-ba74-422c-b932-edbcce7c66f9 HTTP/1.1" status: 200 len: 1147 time: 0.0390437
2026-06-30 19:12:54.785 9 INFO neutron.db.ovn_revision_numbers_db [None req-a0d714f1-3eef-496a-bf1e-c5371fc7625a - - - - - -] Successfully bumped revision number for resource c8af67ce-9208-43b2-9065-6927e099e541 (type: ports) to 2
2026-06-30 19:12:54.956 10 INFO neutron.api.wsgi [req-efd5d01e-1bb9-4598-b618-99e67a776a31 req-28d8ddb2-94db-40aa-a60d-a0cb880aaccc 1c37c106f3be4431a3d7adcf48cc81d8 8aa04362fa504b94b029fcfa865e2363 - - default default] 10.0.0.14 "GET /v2.0/ports?device_id=1d2bf8ad-ec35-421a-879b-65a7bcebff22 HTTP/1.1" status: 200 len: 1168 time: 0.0774145
2026-06-30 19:12:54.997 10 INFO neutron.api.wsgi [req-efd5d01e-1bb9-4598-b618-99e67a776a31 req-6843d313-db21-4453-9a6a-21cb255daf35 1c37c106f3be4431a3d7adcf48cc81d8 8aa04362fa504b94b029fcfa865e2363 - - default default] 10.0.0.14 "GET /v2.0/security-groups?id=92526e41-aa40-478c-94ff-a996712d4d67&fields=id&fields=name HTTP/1.1" status: 200 len: 312 time: 0.0337260
2026-06-30 19:12:55.078 10 INFO neutron.db.ovn_revision_numbers_db [None req-a4468e4c-e2e0-411d-935e-81b3ce73aeed - - - - - -] Successfully bumped revision number for resource de9e3a5b-ba74-422c-b932-edbcce7c66f9 (type: ports) to 2
2026-06-30 19:12:55.272 10 INFO neutron.api.wsgi [req-bce9cfd3-29c6-4dad-9072-b7557b12686f req-8c68ae82-4d6e-41c2-8822-3c0ea57b4329 43ca20f3a4ed45ff95d015102a3ecede 0588d64cb0d141a6a77fc458ca71621b - - default default] 10.0.0.14 "GET /v2.0/ports?device_id=875db0ce-851d-431f-ae41-54b31e5c355c HTTP/1.1" status: 200 len: 1170 time: 0.0633030
2026-06-30 19:12:55.307 10 INFO neutron.api.wsgi [req-bce9cfd3-29c6-4dad-9072-b7557b12686f req-ef9465fb-980f-4de3-9b3e-6b59e6e6f09c 43ca20f3a4ed45ff95d015102a3ecede 0588d64cb0d141a6a77fc458ca71621b - - default default] 10.0.0.14 "GET /v2.0/security-groups?id=87043cef-8d4f-4060-8186-de1fc2fde424&fields=id&fields=name HTTP/1.1" status: 200 len: 286 time: 0.0283904
2026-06-30 19:12:55.359 9 INFO neutron.api.wsgi [None req-d0145405-ac29-445b-b082-1004abe72426 7e5975572fbf4b6784efb7089f8eb1ee 82189922b2a04f6ab634742af70ddb27 - - default default] 10.0.0.143 "DELETE /v2.0/routers/6eb77e13-24bf-4472-a4db-da28d388bdef HTTP/1.1" status: 204 len: 168 time: 0.6567698
2026-06-30 19:12:55.371 10 WARNING neutron.api.v2.base [None req-c029f45a-8006-4ca9-aa33-d180e18fe930 0ea300df196a424d91302ef53cc7d1d0 3c73106cc91c415cb12067cb2ebb2d53 - - default default] An exception happened while processing the request body. The exception message is [Invalid input for description. Reason: 'yyyyyyyyyyyyyyyyyyyyyyyyyyyyyyyyyyyyyyyyyyyyyyyyyyyyyyyyyyyyyyyyyyyyyyyyyyyyyyyyyyyyyyyyyyyyyyyyyyyyyyyyyyyyyyyyyyyyyyyyyyyyyyyyyyyyyyyyyyyyyyyyyyyyyyyyyyyyyyyyyyyyyyyyyyyyyyyyyyyyyyyyyyyyyyyyyyyyyyyyyyyyyyyyyyyyyyyyyyyyyyyyyyyyyyyyyyyyyyyyyyyyyyyyyyyyyyyy' exceeds maximum length of 255.].: webob.exc.HTTPBadRequest: Invalid input for description. Reason: 'yyyyyyyyyyyyyyyyyyyyyyyyyyyyyyyyyyyyyyyyyyyyyyyyyyyyyyyyyyyyyyyyyyyyyyyyyyyyyyyyyyyyyyyyyyyyyyyyyyyyyyyyyyyyyyyyyyyyyyyyyyyyyyyyyyyyyyyyyyyyyyyyyyyyyyyyyyyyyyyyyyyyyyyyyyyyyyyyyyyyyyyyyyyyyyyyyyyyyyyyyyyyyyyyyyyyyyyyyyyyyyyyyyyyyyyyyyyyyyyyyyyyyyyyyyyyyyyy' exceeds maximum length of 255.
2026-06-30 19:12:55.372 10 INFO neutron.api.v2.resource [None req-c029f45a-8006-4ca9-aa33-d180e18fe930 0ea300df196a424d91302ef53cc7d1d0 3c73106cc91c415cb12067cb2ebb2d53 - - default default] create failed (client error): Invalid input for description. Reason: 'yyyyyyyyyyyyyyyyyyyyyyyyyyyyyyyyyyyyyyyyyyyyyyyyyyyyyyyyyyyyyyyyyyyyyyyyyyyyyyyyyyyyyyyyyyyyyyyyyyyyyyyyyyyyyyyyyyyyyyyyyyyyyyyyyyyyyyyyyyyyyyyyyyyyyyyyyyyyyyyyyyyyyyyyyyyyyyyyyyyyyyyyyyyyyyyyyyyyyyyyyyyyyyyyyyyyyyyyyyyyyyyyyyyyyyyyyyyyyyyyyyyyyyyyyyyyyyyy' exceeds maximum length of 255.
2026-06-30 19:12:55.374 10 INFO neutron.api.wsgi [None req-c029f45a-8006-4ca9-aa33-d180e18fe930 0ea300df196a424d91302ef53cc7d1d0 3c73106cc91c415cb12067cb2ebb2d53 - - default default] 10.0.0.143 "POST /v2.0/vpn/vpnservices HTTP/1.1" status: 400 len: 604 time: 0.0084660
2026-06-30 19:12:55.380 10 WARNING neutron.api.v2.base [None req-a345060c-b667-49c5-9786-11c63b68a954 0ea300df196a424d91302ef53cc7d1d0 3c73106cc91c415cb12067cb2ebb2d53 - - default default] An exception happened while processing the request body. The exception message is [Invalid input for name. Reason: 'xxxxxxxxxxxxxxxxxxxxxxxxxxxxxxxxxxxxxxxxxxxxxxxxxxxxxxxxxxxxxxxxxxxxxxxxxxxxxxxxxxxxxxxxxxxxxxxxxxxxxxxxxxxxxxxxxxxxxxxxxxxxxxxxxxxxxxxxxxxxxxxxxxxxxxxxxxxxxxxxxxxxxxxxxxxxxxxxxxxxxxxxxxxxxxxxxxxxxxxxxxxxxxxxxxxxxxxxxxxxxxxxxxxxxxxxxxxxxxxxxxxxxxxxxxxxxxxx' exceeds maximum length of 255.].: webob.exc.HTTPBadRequest: Invalid input for name. Reason: 'xxxxxxxxxxxxxxxxxxxxxxxxxxxxxxxxxxxxxxxxxxxxxxxxxxxxxxxxxxxxxxxxxxxxxxxxxxxxxxxxxxxxxxxxxxxxxxxxxxxxxxxxxxxxxxxxxxxxxxxxxxxxxxxxxxxxxxxxxxxxxxxxxxxxxxxxxxxxxxxxxxxxxxxxxxxxxxxxxxxxxxxxxxxxxxxxxxxxxxxxxxxxxxxxxxxxxxxxxxxxxxxxxxxxxxxxxxxxxxxxxxxxxxxxxxxxxxxx' exceeds maximum length of 255.
2026-06-30 19:12:55.381 10 INFO neutron.api.v2.resource [None req-a345060c-b667-49c5-9786-11c63b68a954 0ea300df196a424d91302ef53cc7d1d0 3c73106cc91c415cb12067cb2ebb2d53 - - default default] create failed (client error): Invalid input for name. Reason: 'xxxxxxxxxxxxxxxxxxxxxxxxxxxxxxxxxxxxxxxxxxxxxxxxxxxxxxxxxxxxxxxxxxxxxxxxxxxxxxxxxxxxxxxxxxxxxxxxxxxxxxxxxxxxxxxxxxxxxxxxxxxxxxxxxxxxxxxxxxxxxxxxxxxxxxxxxxxxxxxxxxxxxxxxxxxxxxxxxxxxxxxxxxxxxxxxxxxxxxxxxxxxxxxxxxxxxxxxxxxxxxxxxxxxxxxxxxxxxxxxxxxxxxxxxxxxxxxx' exceeds maximum length of 255.
2026-06-30 19:12:55.382 10 INFO neutron.api.wsgi [None req-a345060c-b667-49c5-9786-11c63b68a954 0ea300df196a424d91302ef53cc7d1d0 3c73106cc91c415cb12067cb2ebb2d53 - - default default] 10.0.0.143 "POST /v2.0/vpn/vpnservices HTTP/1.1" status: 400 len: 597 time: 0.0037158
2026-06-30 19:12:55.389 10 WARNING neutron_lib.context [None req-35219038-9e5e-4276-8296-9b6c4a1f3e6e 0ea300df196a424d91302ef53cc7d1d0 3c73106cc91c415cb12067cb2ebb2d53 - - default default] Method 'is_advsvc' is deprecated since 2023.2 release (neutron-lib 3.8.0) and will be removed once support for the old RBAC API policies will be removed from Neutron. Please use method 'is_service_role' instead.
2026-06-30 19:12:55.409 10 INFO neutron.api.v2.resource [None req-35219038-9e5e-4276-8296-9b6c4a1f3e6e 0ea300df196a424d91302ef53cc7d1d0 3c73106cc91c415cb12067cb2ebb2d53 - - default default] create failed (client error): The server could not comply with the request since it is either malformed or otherwise incorrect.
2026-06-30 19:12:55.410 10 INFO neutron.api.wsgi [None req-35219038-9e5e-4276-8296-9b6c4a1f3e6e 0ea300df196a424d91302ef53cc7d1d0 3c73106cc91c415cb12067cb2ebb2d53 - - default default] 10.0.0.143 "POST /v2.0/vpn/endpoint-groups HTTP/1.1" status: 400 len: 386 time: 0.0244076
2026-06-30 19:12:55.419 10 WARNING neutron_lib.context [None req-dd30288b-fe8f-46bc-bf72-d626b1102bb5 0ea300df196a424d91302ef53cc7d1d0 3c73106cc91c415cb12067cb2ebb2d53 - - default default] Method 'is_advsvc' is deprecated since 2023.2 release (neutron-lib 3.8.0) and will be removed once support for the old RBAC API policies will be removed from Neutron. Please use method 'is_service_role' instead.
2026-06-30 19:12:55.430 9 INFO neutron.api.wsgi [req-d60d2f6d-b1a8-48b2-9fff-fb28149820f6 req-3f17b4e2-47dc-4ca3-b789-27b7909fe924 1c37c106f3be4431a3d7adcf48cc81d8 8aa04362fa504b94b029fcfa865e2363 - - default default] 199.204.45.70 "GET /v2.0/ports?device_id=1d2bf8ad-ec35-421a-879b-65a7bcebff22 HTTP/1.1" status: 200 len: 1168 time: 0.0294645
2026-06-30 19:12:55.439 10 INFO neutron.api.v2.resource [None req-dd30288b-fe8f-46bc-bf72-d626b1102bb5 0ea300df196a424d91302ef53cc7d1d0 3c73106cc91c415cb12067cb2ebb2d53 - - default default] create failed (client error): The server could not comply with the request since it is either malformed or otherwise incorrect.
2026-06-30 19:12:55.440 10 INFO neutron.api.wsgi [None req-dd30288b-fe8f-46bc-bf72-d626b1102bb5 0ea300df196a424d91302ef53cc7d1d0 3c73106cc91c415cb12067cb2ebb2d53 - - default default] 10.0.0.143 "POST /v2.0/vpn/endpoint-groups HTTP/1.1" status: 400 len: 363 time: 0.0245070
2026-06-30 19:12:55.450 10 WARNING neutron_lib.context [None req-ba21ac81-cb59-475c-8340-a7d7aed997de 0ea300df196a424d91302ef53cc7d1d0 3c73106cc91c415cb12067cb2ebb2d53 - - default default] Method 'is_advsvc' is deprecated since 2023.2 release (neutron-lib 3.8.0) and will be removed once support for the old RBAC API policies will be removed from Neutron. Please use method 'is_service_role' instead.
2026-06-30 19:12:55.470 10 INFO neutron.api.v2.resource [None req-ba21ac81-cb59-475c-8340-a7d7aed997de 0ea300df196a424d91302ef53cc7d1d0 3c73106cc91c415cb12067cb2ebb2d53 - - default default] create failed (client error): The server could not comply with the request since it is either malformed or otherwise incorrect.
2026-06-30 19:12:55.471 10 INFO neutron.api.wsgi [None req-ba21ac81-cb59-475c-8340-a7d7aed997de 0ea300df196a424d91302ef53cc7d1d0 3c73106cc91c415cb12067cb2ebb2d53 - - default default] 10.0.0.143 "POST /v2.0/vpn/endpoint-groups HTTP/1.1" status: 400 len: 357 time: 0.0253596
2026-06-30 19:12:55.485 10 INFO neutron.api.wsgi [None req-54e02494-d44f-4565-998f-d8362de52fea 0ea300df196a424d91302ef53cc7d1d0 3c73106cc91c415cb12067cb2ebb2d53 - - default default] 10.0.0.143 "GET /v2.0/vpn/ikepolicies HTTP/1.1" status: 200 len: 601 time: 0.0079768
2026-06-30 19:12:55.494 10 INFO neutron.api.wsgi [None req-7067f36f-cf98-488d-a9d1-a545b6d7742c 0ea300df196a424d91302ef53cc7d1d0 3c73106cc91c415cb12067cb2ebb2d53 - - default default] 10.0.0.143 "GET /v2.0/vpn/ipsecpolicies HTTP/1.1" status: 200 len: 610 time: 0.0059795
2026-06-30 19:12:55.509 9 INFO neutron.api.wsgi [None req-5cc84396-d918-4cd6-bae3-2a96aa8b7dcc 0ea300df196a424d91302ef53cc7d1d0 3c73106cc91c415cb12067cb2ebb2d53 - - default default] 10.0.0.143 "GET /v2.0/vpn/ipsec-site-connections HTTP/1.1" status: 200 len: 990 time: 0.0102499
2026-06-30 19:12:55.523 10 INFO neutron.api.wsgi [None req-7d0d3539-e296-417f-8180-82ae95db95dc 0ea300df196a424d91302ef53cc7d1d0 3c73106cc91c415cb12067cb2ebb2d53 - - default default] 10.0.0.143 "GET /v2.0/vpn/vpnservices HTTP/1.1" status: 200 len: 1057 time: 0.0098763
2026-06-30 19:12:55.535 10 INFO neutron.api.wsgi [None req-f5afd1f1-6f52-4889-8724-0b5d11a79101 0ea300df196a424d91302ef53cc7d1d0 3c73106cc91c415cb12067cb2ebb2d53 - - default default] 10.0.0.143 "GET /v2.0/vpn/endpoint-groups/fa1eb87a-9817-4076-8c8e-f05c7a86a8c5 HTTP/1.1" status: 200 len: 522 time: 0.0076227
2026-06-30 19:12:55.544 10 INFO neutron.api.wsgi [None req-c48da12e-128d-4dc0-a510-e2ea1f33d3b6 0ea300df196a424d91302ef53cc7d1d0 3c73106cc91c415cb12067cb2ebb2d53 - - default default] 10.0.0.143 "GET /v2.0/vpn/endpoint-groups/4eafa5b4-9cbf-4016-8163-c063d534d6e6 HTTP/1.1" status: 200 len: 514 time: 0.0059025
2026-06-30 19:12:55.556 9 INFO neutron.api.wsgi [None req-a6a4a790-e388-4578-9847-c7996afb32aa 0ea300df196a424d91302ef53cc7d1d0 3c73106cc91c415cb12067cb2ebb2d53 - - default default] 10.0.0.143 "GET /v2.0/vpn/ikepolicies/30d88758-9f85-4be0-a297-8451ebc5ea85 HTTP/1.1" status: 200 len: 597 time: 0.0077071
2026-06-30 19:12:55.568 9 INFO neutron.api.wsgi [None req-c5c96157-a0bb-4b89-8293-c2a8ea303b5e 0ea300df196a424d91302ef53cc7d1d0 3c73106cc91c415cb12067cb2ebb2d53 - - default default] 10.0.0.143 "GET /v2.0/vpn/ipsecpolicies/9ed889ec-20f0-4a97-ba99-f35896bf50a0 HTTP/1.1" status: 200 len: 606 time: 0.0088127
2026-06-30 19:12:55.581 10 INFO neutron.api.wsgi [None req-32937482-b322-431e-b16b-1cb213cb3837 0ea300df196a424d91302ef53cc7d1d0 3c73106cc91c415cb12067cb2ebb2d53 - - default default] 10.0.0.143 "GET /v2.0/vpn/vpnservices/c76e113c-e976-4b94-bbd0-a261feaf67cf HTTP/1.1" status: 200 len: 644 time: 0.0086582
2026-06-30 19:12:55.678 9 INFO neutron.api.wsgi [req-d60d2f6d-b1a8-48b2-9fff-fb28149820f6 req-6d2cda24-2381-4f32-8181-54e96d08d334 1c37c106f3be4431a3d7adcf48cc81d8 8aa04362fa504b94b029fcfa865e2363 - - default default] 199.204.45.70 "DELETE /v2.0/ports/595afa70-e3d6-4d9a-9e7b-a1578acd54ee HTTP/1.1" status: 204 len: 173 time: 0.2440007
2026-06-30 19:12:55.709 9 INFO neutron.notifiers.nova [-] Nova event matching ['req-76bf44cf-435f-41f8-8306-195dbe06da9f'] response: {'server_uuid': '1d2bf8ad-ec35-421a-879b-65a7bcebff22', 'name': 'network-vif-deleted', 'tag': '595afa70-e3d6-4d9a-9e7b-a1578acd54ee', 'status': 'completed', 'code': 200}
2026-06-30 19:12:55.820 10 INFO neutron.api.wsgi [None req-14b7878a-fb35-46ec-9c60-86151e887d9f b47ec381320f4969a6a414d82ab608bc b3af649013c9487b84f309d9da4f75b8 - - default default] 10.0.0.143 "GET /v2.0/ports/de9e3a5b-ba74-422c-b932-edbcce7c66f9 HTTP/1.1" status: 200 len: 1149 time: 0.0388341
2026-06-30 19:12:56.083 10 INFO neutron.api.wsgi [req-0ca70649-69a0-4646-8aa5-f0f8702c7c6a req-fff31452-775b-4757-9191-cf818f6e1665 1c37c106f3be4431a3d7adcf48cc81d8 8aa04362fa504b94b029fcfa865e2363 - - default default] 10.0.0.14 "GET /v2.0/ports?device_id=1d2bf8ad-ec35-421a-879b-65a7bcebff22 HTTP/1.1" status: 200 len: 210 time: 0.0195620
2026-06-30 19:12:56.147 10 INFO neutron.db.ovn_revision_numbers_db [None req-2a3ab76d-ec89-4969-8330-8a79daa5e996 0ea300df196a424d91302ef53cc7d1d0 3c73106cc91c415cb12067cb2ebb2d53 - - default default] Successfully bumped revision number for resource e50ec65b-74da-462c-943c-b04d9f6bee7e (type: routers) to 10
2026-06-30 19:12:56.171 10 INFO neutron.api.wsgi [None req-2a3ab76d-ec89-4969-8330-8a79daa5e996 0ea300df196a424d91302ef53cc7d1d0 3c73106cc91c415cb12067cb2ebb2d53 - - default default] 10.0.0.143 "DELETE /v2.0/vpn/ipsec-site-connections/8a849394-96db-4ab1-91b7-ac4773437515 HTTP/1.1" status: 204 len: 168 time: 0.5821433
2026-06-30 19:12:56.198 10 INFO neutron.api.wsgi [None req-75fba383-7f7b-42fd-a2ae-94eec64d0afa 0ea300df196a424d91302ef53cc7d1d0 3c73106cc91c415cb12067cb2ebb2d53 - - default default] 10.0.0.143 "DELETE /v2.0/vpn/endpoint-groups/fa1eb87a-9817-4076-8c8e-f05c7a86a8c5 HTTP/1.1" status: 204 len: 168 time: 0.0232155
2026-06-30 19:12:56.225 9 INFO neutron.api.wsgi [None req-0a62397f-ee5e-4eb7-8c9a-b44e6bff6d3b 0ea300df196a424d91302ef53cc7d1d0 3c73106cc91c415cb12067cb2ebb2d53 - - default default] 10.0.0.143 "DELETE /v2.0/vpn/endpoint-groups/4eafa5b4-9cbf-4016-8163-c063d534d6e6 HTTP/1.1" status: 204 len: 168 time: 0.0230870
2026-06-30 19:12:56.251 10 INFO neutron.api.wsgi [None req-4df149f4-0c79-439d-8561-fe0f15c03fdb 0ea300df196a424d91302ef53cc7d1d0 3c73106cc91c415cb12067cb2ebb2d53 - - default default] 10.0.0.143 "DELETE /v2.0/vpn/ipsecpolicies/9ed889ec-20f0-4a97-ba99-f35896bf50a0 HTTP/1.1" status: 204 len: 168 time: 0.0224450
2026-06-30 19:12:56.284 9 INFO neutron.api.wsgi [None req-7dd7634c-e633-4ef1-a2d0-7890797c5bf9 0ea300df196a424d91302ef53cc7d1d0 3c73106cc91c415cb12067cb2ebb2d53 - - default default] 10.0.0.143 "DELETE /v2.0/vpn/ikepolicies/30d88758-9f85-4be0-a297-8451ebc5ea85 HTTP/1.1" status: 204 len: 168 time: 0.0276287
2026-06-30 19:12:56.331 9 INFO neutron.api.wsgi [None req-559d653c-3c6f-44c2-9f07-5bf8b50db04e 0ea300df196a424d91302ef53cc7d1d0 3c73106cc91c415cb12067cb2ebb2d53 - - default default] 10.0.0.143 "DELETE /v2.0/vpn/vpnservices/c76e113c-e976-4b94-bbd0-a261feaf67cf HTTP/1.1" status: 204 len: 168 time: 0.0432601
2026-06-30 19:12:56.400 10 INFO neutron.api.wsgi [None req-f9924252-0e4d-48f2-b2b5-338fe3e5aac6 b47ec381320f4969a6a414d82ab608bc b3af649013c9487b84f309d9da4f75b8 - - default default] 10.0.0.143 "PUT /v2.0/routers/0e078f3b-6723-4de9-8b79-75dd22e652d9/remove_router_interface HTTP/1.1" status: 200 len: 503 time: 0.5754006 /var/lib/openstack/lib/python3.12/site-packages/pycadf/identifier.py:71: UserWarning: Invalid uuid: neutron. To ensure interoperability, identifiers should be a valid uuid. warnings.warn(('Invalid uuid: %s. To ensure interoperability, '
2026-06-30 19:12:56.456 9 INFO neutron.api.wsgi [req-993cce76-bdd7-43f8-b4af-20e2d0e9734a req-d08707b0-cb56-42c7-8184-4d52d9c00826 43ca20f3a4ed45ff95d015102a3ecede 0588d64cb0d141a6a77fc458ca71621b - - default default] 10.0.0.14 "GET /v2.0/ports?device_id=875db0ce-851d-431f-ae41-54b31e5c355c HTTP/1.1" status: 200 len: 1170 time: 0.0970035
2026-06-30 19:12:56.485 10 INFO neutron.api.wsgi [None req-50809e6b-87f8-494b-9642-95ff29702f9a b47ec381320f4969a6a414d82ab608bc b3af649013c9487b84f309d9da4f75b8 - - default default] 10.0.0.143 "GET /v2.0/ports/c8af67ce-9208-43b2-9065-6927e099e541 HTTP/1.1" status: 200 len: 1141 time: 0.0809736
2026-06-30 19:12:56.486 10 INFO neutron.notifiers.nova [-] Nova event matching ['req-0f05242a-e323-4eda-a907-4bd47b258629'] response: {'server_uuid': '1d2bf8ad-ec35-421a-879b-65a7bcebff22', 'name': 'network-vif-unplugged', 'status': 'completed', 'tag': '595afa70-e3d6-4d9a-9e7b-a1578acd54ee', 'code': 200}
2026-06-30 19:12:56.510 9 INFO neutron.api.wsgi [req-993cce76-bdd7-43f8-b4af-20e2d0e9734a req-5c4513d0-83c8-4974-923c-d8713056be82 43ca20f3a4ed45ff95d015102a3ecede 0588d64cb0d141a6a77fc458ca71621b - - default default] 10.0.0.14 "GET /v2.0/security-groups?id=87043cef-8d4f-4060-8186-de1fc2fde424&fields=id&fields=name HTTP/1.1" status: 200 len: 286 time: 0.0427210
2026-06-30 19:12:56.980 10 INFO neutron.api.wsgi [None req-c8d8a20b-dae9-4014-ac77-0f0c2b66cbc2 b47ec381320f4969a6a414d82ab608bc b3af649013c9487b84f309d9da4f75b8 - - default default] 10.0.0.143 "PUT /v2.0/routers/0e078f3b-6723-4de9-8b79-75dd22e652d9/remove_router_interface HTTP/1.1" status: 200 len: 503 time: 0.4887588 /var/lib/openstack/lib/python3.12/site-packages/pycadf/identifier.py:71: UserWarning: Invalid uuid: neutron. To ensure interoperability, identifiers should be a valid uuid. warnings.warn(('Invalid uuid: %s. To ensure interoperability, '
2026-06-30 19:12:57.015 9 INFO neutron.api.wsgi [req-4cdbf647-0be5-4b19-bfe5-6d2b73d5433c req-18611251-7e3e-4e8a-9c1e-9000cca40e8a 43ca20f3a4ed45ff95d015102a3ecede 0588d64cb0d141a6a77fc458ca71621b - - default default] 199.204.45.70 "GET /v2.0/ports?device_id=875db0ce-851d-431f-ae41-54b31e5c355c HTTP/1.1" status: 200 len: 1170 time: 0.0526023
2026-06-30 19:12:57.016 10 INFO neutron.api.wsgi [None req-cf756b56-b5fb-44ba-9509-a674e172241e b47ec381320f4969a6a414d82ab608bc b3af649013c9487b84f309d9da4f75b8 - - default default] 10.0.0.143 "GET /v2.0/ports?device_id=0e078f3b-6723-4de9-8b79-75dd22e652d9 HTTP/1.1" status: 200 len: 205 time: 0.0250123
2026-06-30 19:12:57.171 9 INFO neutron.api.wsgi [req-ab8b84af-1f47-4fd9-95c5-5d84ca135263 req-3bd040e0-81d2-41a8-99ef-850848033d57 1c37c106f3be4431a3d7adcf48cc81d8 8aa04362fa504b94b029fcfa865e2363 - - default default] 10.0.0.14 "GET /v2.0/ports?device_id=1d2bf8ad-ec35-421a-879b-65a7bcebff22 HTTP/1.1" status: 200 len: 210 time: 0.0210547
2026-06-30 19:12:57.232 10 INFO neutron.api.wsgi [None req-ecd485c1-2baf-4123-9814-9e508a945405 b47ec381320f4969a6a414d82ab608bc b3af649013c9487b84f309d9da4f75b8 - - default default] 10.0.0.143 "DELETE /v2.0/routers/0e078f3b-6723-4de9-8b79-75dd22e652d9 HTTP/1.1" status: 204 len: 168 time: 0.2088966
2026-06-30 19:12:57.330 9 INFO neutron.api.wsgi [req-4cdbf647-0be5-4b19-bfe5-6d2b73d5433c req-5511ea6a-7610-4338-9e5f-839555074fc5 43ca20f3a4ed45ff95d015102a3ecede 0588d64cb0d141a6a77fc458ca71621b - - default default] 199.204.45.70 "DELETE /v2.0/ports/61ae9bbd-dcac-4bb4-a4c8-42a8287f0317 HTTP/1.1" status: 204 len: 173 time: 0.3093419
2026-06-30 19:12:57.374 10 INFO neutron.api.wsgi [None req-8e9b1297-1bb7-4957-8320-3b5f0a13dd4e b47ec381320f4969a6a414d82ab608bc b3af649013c9487b84f309d9da4f75b8 - - default default] 10.0.0.143 "DELETE /v2.0/subnets/553e597d-a8ed-4d85-86b6-cc9cb6aaabc7 HTTP/1.1" status: 204 len: 168 time: 0.1362212
2026-06-30 19:12:57.503 10 INFO neutron.api.wsgi [None req-45260d5a-a68f-4864-b15e-de4e30eb5cc6 b47ec381320f4969a6a414d82ab608bc b3af649013c9487b84f309d9da4f75b8 - - default default] 10.0.0.143 "DELETE /v2.0/subnets/0e00d6c1-d881-45d1-b6f7-8e2d532a6251 HTTP/1.1" status: 204 len: 168 time: 0.1238444
2026-06-30 19:12:57.590 10 INFO neutron.api.wsgi [req-a8616f2b-91f1-4242-a42e-6e9486325d5b req-9fbb8ece-5b72-40b7-9546-6c75f3f77da6 43ca20f3a4ed45ff95d015102a3ecede 0588d64cb0d141a6a77fc458ca71621b - - default default] 10.0.0.14 "GET /v2.0/ports?device_id=875db0ce-851d-431f-ae41-54b31e5c355c HTTP/1.1" status: 200 len: 210 time: 0.0157487
2026-06-30 19:12:57.738 9 INFO neutron.notifiers.nova [-] Nova event matching ['req-61309de1-c3d2-496c-9929-47c46fb7869d'] response: {'server_uuid': '875db0ce-851d-431f-ae41-54b31e5c355c', 'name': 'network-vif-deleted', 'tag': '61ae9bbd-dcac-4bb4-a4c8-42a8287f0317', 'status': 'completed', 'code': 200}
2026-06-30 19:12:57.780 10 INFO neutron.services.segments.plugin [-] Segment bed3039e-1c21-4b96-b754-c81e18cdc837 resource provider aggregate not found
2026-06-30 19:12:57.784 10 INFO neutron.services.segments.plugin [-] Segment bed3039e-1c21-4b96-b754-c81e18cdc837 resource provider aggregate not found
2026-06-30 19:12:57.795 10 INFO neutron.services.segments.plugin [-] Segment bed3039e-1c21-4b96-b754-c81e18cdc837 resource provider not found; error: Placement Client Error (4xx): {"errors": [{"status": 404, "title": "Not Found", "detail": "The resource could not be found.\n\n No resource provider with uuid bed3039e-1c21-4b96-b754-c81e18cdc837 found for delete ", "request_id": "req-278b5500-abd9-43f9-b027-a3d6525932d6"}]}
2026-06-30 19:12:57.797 10 INFO neutron.services.segments.plugin [-] Segment bed3039e-1c21-4b96-b754-c81e18cdc837 resource provider not found; error: Placement Client Error (4xx): {"errors": [{"status": 404, "title": "Not Found", "detail": "The resource could not be found.\n\n No resource provider with uuid bed3039e-1c21-4b96-b754-c81e18cdc837 found for delete ", "request_id": "req-825d7586-ffec-4fc8-94f3-62783b2b091e"}]}
2026-06-30 19:12:57.820 10 INFO neutron.api.wsgi [None req-79dcc653-1b77-4e54-bb07-524a20fd83fb b47ec381320f4969a6a414d82ab608bc b3af649013c9487b84f309d9da4f75b8 - - default default] 10.0.0.143 "DELETE /v2.0/networks/a50303ae-6933-443c-8d9a-6ec8eed9e077 HTTP/1.1" status: 204 len: 168 time: 0.3131073
2026-06-30 19:12:58.114 10 INFO neutron.api.wsgi [None req-103c84b8-cf3e-4ae8-91b2-df9d58c1877d b47ec381320f4969a6a414d82ab608bc b3af649013c9487b84f309d9da4f75b8 - - default default] 10.0.0.143 "DELETE /v2.0/networks/6638f6f2-ca03-45b4-afa4-6e0a9a6769dc HTTP/1.1" status: 204 len: 168 time: 0.2898660
2026-06-30 19:12:58.120 10 WARNING neutron_lib.context [None req-f438646b-d31f-4a0c-8b30-ed5ededa3508 b47ec381320f4969a6a414d82ab608bc b3af649013c9487b84f309d9da4f75b8 - - default default] Method 'is_advsvc' is deprecated since 2023.2 release (neutron-lib 3.8.0) and will be removed once support for the old RBAC API policies will be removed from Neutron. Please use method 'is_service_role' instead.
2026-06-30 19:12:58.205 10 INFO neutron.db.segments_db [None req-f438646b-d31f-4a0c-8b30-ed5ededa3508 b47ec381320f4969a6a414d82ab608bc b3af649013c9487b84f309d9da4f75b8 - - default default] Added segment 0d3e35ef-962d-47ee-923b-0d67e680ac57 of type geneve for network f8ccc62c-e099-45ef-a79e-fac6a4f14fa0
2026-06-30 19:12:58.252 10 INFO neutron.api.wsgi [req-94d04c82-0e92-4ace-8645-e8ae068568f0 req-88258c2e-5039-4864-af1d-fc6da5be38b3 1c37c106f3be4431a3d7adcf48cc81d8 8aa04362fa504b94b029fcfa865e2363 - - default default] 10.0.0.14 "GET /v2.0/ports?device_id=1d2bf8ad-ec35-421a-879b-65a7bcebff22 HTTP/1.1" status: 200 len: 210 time: 0.0165887
2026-06-30 19:12:58.311 10 INFO neutron.db.ovn_revision_numbers_db [None req-f438646b-d31f-4a0c-8b30-ed5ededa3508 b47ec381320f4969a6a414d82ab608bc b3af649013c9487b84f309d9da4f75b8 - - default default] Successfully bumped revision number for resource f8ccc62c-e099-45ef-a79e-fac6a4f14fa0 (type: networks) to 1
2026-06-30 19:12:58.469 10 WARNING neutron.scheduler.dhcp_agent_scheduler [None req-f438646b-d31f-4a0c-8b30-ed5ededa3508 b47ec381320f4969a6a414d82ab608bc b3af649013c9487b84f309d9da4f75b8 - - default default] No more DHCP agents
2026-06-30 19:12:58.470 10 WARNING neutron.api.rpc.agentnotifiers.dhcp_rpc_agent_api [None req-f438646b-d31f-4a0c-8b30-ed5ededa3508 b47ec381320f4969a6a414d82ab608bc b3af649013c9487b84f309d9da4f75b8 - - default default] Unable to schedule network f8ccc62c-e099-45ef-a79e-fac6a4f14fa0: no agents available; will retry on subsequent port and subnet creation events.
2026-06-30 19:12:58.531 10 INFO neutron.db.ovn_revision_numbers_db [None req-f438646b-d31f-4a0c-8b30-ed5ededa3508 b47ec381320f4969a6a414d82ab608bc b3af649013c9487b84f309d9da4f75b8 - - default default] Successfully bumped revision number for resource 9843dad9-cf89-41e1-8a76-a3a3095a4e14 (type: ports) to 1
2026-06-30 19:12:58.559 10 INFO neutron.api.wsgi [None req-f438646b-d31f-4a0c-8b30-ed5ededa3508 b47ec381320f4969a6a414d82ab608bc b3af649013c9487b84f309d9da4f75b8 - - default default] 10.0.0.143 "POST /v2.0/networks HTTP/1.1" status: 201 len: 833 time: 0.4426754 /var/lib/openstack/lib/python3.12/site-packages/pycadf/identifier.py:71: UserWarning: Invalid uuid: neutron. To ensure interoperability, identifiers should be a valid uuid. warnings.warn(('Invalid uuid: %s. To ensure interoperability, '
2026-06-30 19:12:58.569 9 WARNING neutron_lib.context [None req-8075d49f-0570-4fa3-92c9-2b68af3f187c b47ec381320f4969a6a414d82ab608bc b3af649013c9487b84f309d9da4f75b8 - - default default] Method 'is_advsvc' is deprecated since 2023.2 release (neutron-lib 3.8.0) and will be removed once support for the old RBAC API policies will be removed from Neutron. Please use method 'is_service_role' instead.
2026-06-30 19:12:58.590 9 INFO neutron.services.segments.plugin [-] Segment 0b0aa71f-26ea-434e-bfed-f6e64b516869 resource provider aggregate not found
2026-06-30 19:12:58.593 9 INFO neutron.services.segments.plugin [-] Segment 0b0aa71f-26ea-434e-bfed-f6e64b516869 resource provider aggregate not found
2026-06-30 19:12:58.607 9 INFO neutron.services.segments.plugin [-] Segment 0b0aa71f-26ea-434e-bfed-f6e64b516869 resource provider not found; error: Placement Client Error (4xx): {"errors": [{"status": 404, "title": "Not Found", "detail": "The resource could not be found.\n\n No resource provider with uuid 0b0aa71f-26ea-434e-bfed-f6e64b516869 found for delete ", "request_id": "req-ff2b069b-9389-45f8-835e-b70b6cced2ab"}]}
2026-06-30 19:12:58.610 9 INFO neutron.services.segments.plugin [-] Segment 0b0aa71f-26ea-434e-bfed-f6e64b516869 resource provider not found; error: Placement Client Error (4xx): {"errors": [{"status": 404, "title": "Not Found", "detail": "The resource could not be found.\n\n No resource provider with uuid 0b0aa71f-26ea-434e-bfed-f6e64b516869 found for delete ", "request_id": "req-bbd9e4a5-df17-4fda-b584-1f858bea0e8d"}]}
2026-06-30 19:12:58.639 9 INFO neutron.api.wsgi [None req-8e1ae60c-4aab-4e65-a07d-12fdaf45ed0e 0ea300df196a424d91302ef53cc7d1d0 3c73106cc91c415cb12067cb2ebb2d53 - - default default] 10.0.0.143 "DELETE /v2.0/vpn/vpnservices/c24a893b-b1bb-4293-baf2-df63b8cc7a8c HTTP/1.1" status: 204 len: 168 time: 2.3043058
2026-06-30 19:12:58.682 9 INFO neutron.api.wsgi [req-3fdc5fd4-012d-4dc0-81d5-a905ecc9e762 req-9660cdd9-9f70-48b1-9fd8-a6c9041eb357 43ca20f3a4ed45ff95d015102a3ecede 0588d64cb0d141a6a77fc458ca71621b - - default default] 10.0.0.14 "GET /v2.0/ports?device_id=875db0ce-851d-431f-ae41-54b31e5c355c HTTP/1.1" status: 200 len: 210 time: 0.0322642
2026-06-30 19:12:58.712 9 INFO neutron.api.wsgi [None req-4d5a6b5d-5117-4660-95d1-b97f8e7e55cd 0ea300df196a424d91302ef53cc7d1d0 3c73106cc91c415cb12067cb2ebb2d53 - - default default] 10.0.0.143 "GET /v2.0/routers/e50ec65b-74da-462c-943c-b04d9f6bee7e HTTP/1.1" status: 200 len: 1137 time: 0.0683537
2026-06-30 19:12:58.792 9 WARNING neutron.scheduler.dhcp_agent_scheduler [None req-8075d49f-0570-4fa3-92c9-2b68af3f187c b47ec381320f4969a6a414d82ab608bc b3af649013c9487b84f309d9da4f75b8 - - default default] No more DHCP agents
2026-06-30 19:12:58.794 9 WARNING neutron.api.rpc.agentnotifiers.dhcp_rpc_agent_api [None req-8075d49f-0570-4fa3-92c9-2b68af3f187c b47ec381320f4969a6a414d82ab608bc b3af649013c9487b84f309d9da4f75b8 - - default default] Unable to schedule network f8ccc62c-e099-45ef-a79e-fac6a4f14fa0: no agents available; will retry on subsequent port and subnet creation events.
2026-06-30 19:12:58.832 9 INFO neutron.db.ovn_revision_numbers_db [None req-8075d49f-0570-4fa3-92c9-2b68af3f187c b47ec381320f4969a6a414d82ab608bc b3af649013c9487b84f309d9da4f75b8 - - default default] Successfully bumped revision number for resource 6c5d9d48-a60c-4db4-b834-94b359b8e2d1 (type: subnets) to 0
2026-06-30 19:12:58.847 9 INFO neutron.api.wsgi [None req-8075d49f-0570-4fa3-92c9-2b68af3f187c b47ec381320f4969a6a414d82ab608bc b3af649013c9487b84f309d9da4f75b8 - - default default] 10.0.0.143 "POST /v2.0/subnets HTTP/1.1" status: 201 len: 845 time: 0.2852247
2026-06-30 19:12:58.859 10 WARNING neutron_lib.context [None req-ea110db1-1212-47a2-a71c-7a3a70cd9822 b47ec381320f4969a6a414d82ab608bc b3af649013c9487b84f309d9da4f75b8 - - default default] Method 'is_advsvc' is deprecated since 2023.2 release (neutron-lib 3.8.0) and will be removed once support for the old RBAC API policies will be removed from Neutron. Please use method 'is_service_role' instead.
2026-06-30 19:12:59.019 10 INFO neutron.db.ovn_revision_numbers_db [None req-ea110db1-1212-47a2-a71c-7a3a70cd9822 b47ec381320f4969a6a414d82ab608bc b3af649013c9487b84f309d9da4f75b8 - - default default] Successfully bumped revision number for resource 747666dc-165f-4f76-bbd0-67669ca3ad90 (type: routers) to 1
2026-06-30 19:12:59.050 10 INFO neutron.api.wsgi [None req-ea110db1-1212-47a2-a71c-7a3a70cd9822 b47ec381320f4969a6a414d82ab608bc b3af649013c9487b84f309d9da4f75b8 - - default default] 10.0.0.143 "POST /v2.0/routers HTTP/1.1" status: 201 len: 805 time: 0.1968439
2026-06-30 19:12:59.060 9 WARNING neutron_lib.context [None req-70e5502a-2e39-4174-9663-e9647f7b74e5 b47ec381320f4969a6a414d82ab608bc b3af649013c9487b84f309d9da4f75b8 - - default default] Method 'is_advsvc' is deprecated since 2023.2 release (neutron-lib 3.8.0) and will be removed once support for the old RBAC API policies will be removed from Neutron. Please use method 'is_service_role' instead.
2026-06-30 19:12:59.417 9 WARNING neutron.scheduler.dhcp_agent_scheduler [None req-70e5502a-2e39-4174-9663-e9647f7b74e5 b47ec381320f4969a6a414d82ab608bc b3af649013c9487b84f309d9da4f75b8 - - default default] No more DHCP agents
2026-06-30 19:12:59.419 9 WARNING neutron.api.rpc.agentnotifiers.dhcp_rpc_agent_api [None req-70e5502a-2e39-4174-9663-e9647f7b74e5 b47ec381320f4969a6a414d82ab608bc b3af649013c9487b84f309d9da4f75b8 - - default default] Unable to schedule network f8ccc62c-e099-45ef-a79e-fac6a4f14fa0: no agents available; will retry on subsequent port and subnet creation events.
2026-06-30 19:12:59.457 10 INFO neutron.db.ovn_revision_numbers_db [None req-e94ef6e4-818a-4640-bbdc-989032597c0f 0ea300df196a424d91302ef53cc7d1d0 3c73106cc91c415cb12067cb2ebb2d53 - - default default] Successfully bumped revision number for resource e50ec65b-74da-462c-943c-b04d9f6bee7e (type: routers) to 11
2026-06-30 19:12:59.462 10 INFO neutron.api.wsgi [None req-e94ef6e4-818a-4640-bbdc-989032597c0f 0ea300df196a424d91302ef53cc7d1d0 3c73106cc91c415cb12067cb2ebb2d53 - - default default] 10.0.0.143 "PUT /v2.0/routers/e50ec65b-74da-462c-943c-b04d9f6bee7e HTTP/1.1" status: 200 len: 1137 time: 0.7439458
2026-06-30 19:12:59.510 9 INFO neutron.api.wsgi [None req-91e08a08-4b51-4092-9c0f-b788095d666b 1c37c106f3be4431a3d7adcf48cc81d8 8aa04362fa504b94b029fcfa865e2363 - - default default] 10.0.0.143 "DELETE /v2.0/security-groups/92526e41-aa40-478c-94ff-a996712d4d67 HTTP/1.1" status: 204 len: 168 time: 0.1855538
2026-06-30 19:12:59.511 9 INFO neutron.db.ovn_revision_numbers_db [None req-70e5502a-2e39-4174-9663-e9647f7b74e5 b47ec381320f4969a6a414d82ab608bc b3af649013c9487b84f309d9da4f75b8 - - default default] Successfully bumped revision number for resource 3f0259ea-9558-4f98-ad56-8c1651ebf466 (type: ports) to 1
2026-06-30 19:12:59.535 9 INFO neutron.api.wsgi [None req-70e5502a-2e39-4174-9663-e9647f7b74e5 b47ec381320f4969a6a414d82ab608bc b3af649013c9487b84f309d9da4f75b8 - - default default] 10.0.0.143 "POST /v2.0/ports HTTP/1.1" status: 201 len: 1163 time: 0.4800730
2026-06-30 19:12:59.541 10 INFO neutron.api.wsgi [None req-9cb61bc6-05d6-4a1f-a0c7-4e97a200dcd9 0ea300df196a424d91302ef53cc7d1d0 3c73106cc91c415cb12067cb2ebb2d53 - - default default] 10.0.0.143 "GET /v2.0/ports?device_id=e50ec65b-74da-462c-943c-b04d9f6bee7e HTTP/1.1" status: 200 len: 1140 time: 0.0736177 /var/lib/openstack/lib/python3.12/site-packages/pycadf/identifier.py:71: UserWarning: Invalid uuid: neutron. To ensure interoperability, identifiers should be a valid uuid. warnings.warn(('Invalid uuid: %s. To ensure interoperability, '
2026-06-30 19:12:59.774 10 INFO neutron.api.wsgi [req-0f2116b7-d75d-4fe1-82cb-5eca6b31d490 req-1ed9adfa-d73b-49e7-bfa6-e8f189688c0f 43ca20f3a4ed45ff95d015102a3ecede 0588d64cb0d141a6a77fc458ca71621b - - default default] 10.0.0.14 "GET /v2.0/ports?device_id=875db0ce-851d-431f-ae41-54b31e5c355c HTTP/1.1" status: 200 len: 210 time: 0.0231707
2026-06-30 19:12:59.813 10 INFO neutron.services.segments.plugin [-] Segment f157c0a2-9e81-4892-93f8-da79149a1ab4 resource provider aggregate not found
2026-06-30 19:12:59.820 10 INFO neutron.services.segments.plugin [-] Segment f157c0a2-9e81-4892-93f8-da79149a1ab4 resource provider aggregate not found
