2026-06-30 19:14:06.668 10 INFO neutron.api.wsgi [None req-a6a63143-7938-479a-9ee8-8e48cde9f6af 3638a66e67ec4871b1e155a7e9e80b67 940b394c097841349bb4409d8454a148 - - default default] 10.0.0.143 "GET /v2.0/trunks/a76a94e2-1c83-44c3-8557-1bed9050eb31 HTTP/1.1" status: 200 len: 610 time: 0.0126746
2026-06-30 19:14:06.738 10 INFO neutron.api.wsgi [None req-528f1952-1784-4874-8825-fdff3c072aa6 3638a66e67ec4871b1e155a7e9e80b67 940b394c097841349bb4409d8454a148 - - default default] 10.0.0.143 "GET /v2.0/ports/d4a3b010-d157-4b66-9d36-828783748d60 HTTP/1.1" status: 200 len: 1020 time: 0.0654407
2026-06-30 19:14:06.797 10 INFO neutron.api.wsgi [None req-b73a6069-e28a-4acb-8735-4b9b5a94b8f7 3638a66e67ec4871b1e155a7e9e80b67 940b394c097841349bb4409d8454a148 - - default default] 10.0.0.143 "DELETE /v2.0/trunks/a76a94e2-1c83-44c3-8557-1bed9050eb31 HTTP/1.1" status: 204 len: 168 time: 0.0548236
2026-06-30 19:14:06.815 9 INFO neutron.api.wsgi [None req-e7bd6675-42f2-453a-8384-766253fcc307 3638a66e67ec4871b1e155a7e9e80b67 940b394c097841349bb4409d8454a148 - - default default] 10.0.0.143 "GET /v2.0/trunks/a0b4acd8-7eb6-4571-9df8-b36acf300d1c HTTP/1.1" status: 200 len: 603 time: 0.0140071
2026-06-30 19:14:06.825 10 INFO neutron.api.wsgi [None req-6bde3f37-7164-401f-8716-d83e2e9431f9 d531a1c615c3483abfe82f7228ade10f db397757abfc4929afa1a4621372bbbc - - default default] 10.0.0.143 "GET /v2.0/security-groups?tenant_id=315e6a4b98b04639bd4ee02f25aab12d&name=default HTTP/1.1" status: 200 len: 3120 time: 0.0270731
2026-06-30 19:14:06.896 9 INFO neutron.api.wsgi [None req-deefafd1-b870-4bb8-820a-fa804b1f9d41 3638a66e67ec4871b1e155a7e9e80b67 940b394c097841349bb4409d8454a148 - - default default] 10.0.0.143 "GET /v2.0/ports/c9e8fad9-4e12-4368-833b-04ef52c57693 HTTP/1.1" status: 200 len: 1020 time: 0.0763881
2026-06-30 19:14:06.958 10 INFO neutron.api.wsgi [None req-e605b2b9-0450-44c3-8320-d7815fa896fd 3638a66e67ec4871b1e155a7e9e80b67 940b394c097841349bb4409d8454a148 - - default default] 10.0.0.143 "DELETE /v2.0/trunks/a0b4acd8-7eb6-4571-9df8-b36acf300d1c HTTP/1.1" status: 204 len: 168 time: 0.0556459
2026-06-30 19:14:07.061 9 INFO neutron.api.wsgi [None req-841ded77-36d4-418d-8aac-f929ceeb0d28 d531a1c615c3483abfe82f7228ade10f db397757abfc4929afa1a4621372bbbc - - default default] 10.0.0.143 "DELETE /v2.0/security-groups/6c54b395-a1b1-46e3-b92c-8c787a79fbb2 HTTP/1.1" status: 204 len: 168 time: 0.2314310
2026-06-30 19:14:07.183 10 INFO neutron.api.wsgi [None req-2f46a1ff-c1aa-487b-989f-c00fbb53b899 3638a66e67ec4871b1e155a7e9e80b67 940b394c097841349bb4409d8454a148 - - default default] 10.0.0.143 "DELETE /v2.0/ports/d1df01ef-3cc6-4efc-a88f-7b10a94107d4 HTTP/1.1" status: 204 len: 168 time: 0.2209489
2026-06-30 19:14:07.291 10 INFO neutron.api.wsgi [None req-363f513f-b297-4380-9ec3-cdbaff8086b6 d531a1c615c3483abfe82f7228ade10f db397757abfc4929afa1a4621372bbbc - - default default] 10.0.0.143 "GET /v2.0/security-groups?tenant_id=643f455eab114910961c5e225263b8c6&name=default HTTP/1.1" status: 200 len: 3120 time: 0.0470240
2026-06-30 19:14:07.432 10 INFO neutron.api.wsgi [None req-6c745d43-051f-403e-af48-138f0c3c8911 3638a66e67ec4871b1e155a7e9e80b67 940b394c097841349bb4409d8454a148 - - default default] 10.0.0.143 "DELETE /v2.0/ports/6304548a-7d02-4e7d-9413-e57406795971 HTTP/1.1" status: 204 len: 168 time: 0.2438178
2026-06-30 19:14:07.524 10 INFO neutron.api.wsgi [None req-ab44d53e-6d78-4665-b9a9-c56827c3c7f4 d531a1c615c3483abfe82f7228ade10f db397757abfc4929afa1a4621372bbbc - - default default] 10.0.0.143 "DELETE /v2.0/security-groups/f5d04180-a893-46fd-b953-d69418b0d7cf HTTP/1.1" status: 204 len: 168 time: 0.2282841
2026-06-30 19:14:07.615 10 INFO neutron.api.wsgi [None req-4643334c-0e72-4efa-9991-40f42b356ee4 3638a66e67ec4871b1e155a7e9e80b67 940b394c097841349bb4409d8454a148 - - default default] 10.0.0.143 "DELETE /v2.0/ports/af537738-bb93-40a3-91aa-267256079ba9 HTTP/1.1" status: 204 len: 168 time: 0.1792066
2026-06-30 19:14:07.772 10 INFO neutron.api.wsgi [None req-fe2500cd-66bc-4a83-8c79-c89f2df7b5db 3638a66e67ec4871b1e155a7e9e80b67 940b394c097841349bb4409d8454a148 - - default default] 10.0.0.143 "DELETE /v2.0/ports/d4a3b010-d157-4b66-9d36-828783748d60 HTTP/1.1" status: 204 len: 168 time: 0.1527514
2026-06-30 19:14:08.022 10 INFO neutron.api.wsgi [None req-157ca12f-2979-4c4b-b652-be6ce83c9227 3638a66e67ec4871b1e155a7e9e80b67 940b394c097841349bb4409d8454a148 - - default default] 10.0.0.143 "DELETE /v2.0/ports/c9e8fad9-4e12-4368-833b-04ef52c57693 HTTP/1.1" status: 204 len: 168 time: 0.2465010
2026-06-30 19:14:08.310 10 INFO neutron.services.segments.plugin [-] Segment c2670c4b-22d7-4b03-a699-3610598f97ab resource provider aggregate not found
2026-06-30 19:14:08.313 10 INFO neutron.services.segments.plugin [-] Segment c2670c4b-22d7-4b03-a699-3610598f97ab resource provider aggregate not found
2026-06-30 19:14:08.325 10 INFO neutron.services.segments.plugin [-] Segment c2670c4b-22d7-4b03-a699-3610598f97ab resource provider not found; error: Placement Client Error (4xx): {"errors": [{"status": 404, "title": "Not Found", "detail": "The resource could not be found.\n\n No resource provider with uuid c2670c4b-22d7-4b03-a699-3610598f97ab found for delete ", "request_id": "req-938ed6d0-b024-46da-8382-b9ad5f97d0c6"}]}
2026-06-30 19:14:08.327 10 INFO neutron.services.segments.plugin [-] Segment c2670c4b-22d7-4b03-a699-3610598f97ab resource provider not found; error: Placement Client Error (4xx): {"errors": [{"status": 404, "title": "Not Found", "detail": "The resource could not be found.\n\n No resource provider with uuid c2670c4b-22d7-4b03-a699-3610598f97ab found for delete ", "request_id": "req-f8a39719-27d0-443e-8a23-adb8ede024fb"}]}
2026-06-30 19:14:08.343 10 INFO neutron.api.wsgi [None req-3cc52276-1030-4b1f-b9a2-cdbb8f037f43 3638a66e67ec4871b1e155a7e9e80b67 940b394c097841349bb4409d8454a148 - - default default] 10.0.0.143 "DELETE /v2.0/networks/ffb05bb4-f05d-47fe-a97c-fe9bdf5156b2 HTTP/1.1" status: 204 len: 168 time: 0.3145151
2026-06-30 19:14:08.582 9 INFO neutron.api.wsgi [None req-60484d49-4724-4e10-a387-bd08f3a46e44 b2c2a7aa364d49f09980279c8eab416d 70bde09247c44bf6b2890cfd699606da - - default default] 10.0.0.143 "GET /v2.0/subnets/91ffcc4e-9aee-4767-8946-00d8384d559a HTTP/1.1" status: 200 len: 869 time: 0.0238886
2026-06-30 19:14:08.762 10 INFO neutron.api.wsgi [None req-396c88dd-7438-4c97-9b06-5375f4e52b15 3638a66e67ec4871b1e155a7e9e80b67 940b394c097841349bb4409d8454a148 - - default default] 10.0.0.143 "DELETE /v2.0/networks/7bc9cf91-30ad-4a3a-845e-3d77253a904a HTTP/1.1" status: 204 len: 168 time: 0.2793367
2026-06-30 19:14:09.087 10 INFO neutron.api.wsgi [None req-eb96d03b-457b-4f14-b8ea-29bfc5613835 3638a66e67ec4871b1e155a7e9e80b67 940b394c097841349bb4409d8454a148 - - default default] 10.0.0.143 "DELETE /v2.0/networks/34af66d2-eae1-4c7e-a945-d91b1a83c7b3 HTTP/1.1" status: 204 len: 168 time: 0.3208399
2026-06-30 19:14:09.408 10 INFO neutron.api.wsgi [None req-f450c9f6-2189-459a-8dd5-1a35a0660f7c 3638a66e67ec4871b1e155a7e9e80b67 940b394c097841349bb4409d8454a148 - - default default] 10.0.0.143 "DELETE /v2.0/networks/5b6695ae-fd1c-4b72-8405-a087be8dc696 HTTP/1.1" status: 204 len: 168 time: 0.3138809
2026-06-30 19:14:09.689 10 INFO neutron.api.wsgi [None req-f57015d5-2e09-48a1-bc5d-5f40729ec39a 3638a66e67ec4871b1e155a7e9e80b67 940b394c097841349bb4409d8454a148 - - default default] 10.0.0.143 "DELETE /v2.0/networks/88c30f0d-f0dd-46ef-afb6-1ca3e117122d HTTP/1.1" status: 204 len: 168 time: 0.2756133
2026-06-30 19:14:09.724 9 INFO neutron.api.wsgi [None req-c382d0fe-5445-4a84-847c-175337f68c9f d531a1c615c3483abfe82f7228ade10f db397757abfc4929afa1a4621372bbbc - - default default] 10.0.0.27 "GET /v2.0/extensions/security-group HTTP/1.1" status: 200 len: 369 time: 0.1002340
2026-06-30 19:14:09.733 9 INFO neutron.api.wsgi [None req-456f2549-e4e3-449a-8e29-81868948f87b d531a1c615c3483abfe82f7228ade10f db397757abfc4929afa1a4621372bbbc - - default default] 10.0.0.27 "GET /v2.0/extensions/dns-integration HTTP/1.1" status: 200 len: 371 time: 0.0039177
2026-06-30 19:14:09.741 9 INFO neutron.api.wsgi [None req-c0fb2c1b-f7f6-4add-b074-36ffd3c4491f d531a1c615c3483abfe82f7228ade10f db397757abfc4929afa1a4621372bbbc - - default default] 10.0.0.27 "GET /v2.0/extensions/qos HTTP/1.1" status: 200 len: 365 time: 0.0034709
2026-06-30 19:14:09.749 9 INFO neutron.api.wsgi [None req-01664a69-895f-44d3-8603-92fd3c929f51 d531a1c615c3483abfe82f7228ade10f db397757abfc4929afa1a4621372bbbc - - default default] 10.0.0.27 "GET /v2.0/extensions/allowed-address-pairs HTTP/1.1" status: 200 len: 383 time: 0.0041056
2026-06-30 19:14:10.317 9 INFO neutron.api.wsgi [-] 10.0.0.27 "GET / HTTP/1.1" status: 200 len: 284 time: 0.0036740
2026-06-30 19:14:10.346 10 INFO neutron.services.segments.plugin [-] Segment 685a2930-5b4b-4046-ac2c-9604a1b77d5f resource provider aggregate not found
2026-06-30 19:14:10.352 10 INFO neutron.services.segments.plugin [-] Segment 685a2930-5b4b-4046-ac2c-9604a1b77d5f resource provider aggregate not found
2026-06-30 19:14:10.368 10 INFO neutron.api.wsgi [None req-30fada4d-d171-454a-9d13-a5b950e81aab a5cdb8b354c145278a55cc60e0e991a0 17509cbc0fc141d59efac6284f2f937e - - default default] 10.0.0.27 "GET /v2.0/subnets/91ffcc4e-9aee-4767-8946-00d8384d559a HTTP/1.1" status: 200 len: 856 time: 0.0322347
2026-06-30 19:14:10.369 10 INFO neutron.services.segments.plugin [-] Segment 685a2930-5b4b-4046-ac2c-9604a1b77d5f resource provider not found; error: Placement Client Error (4xx): {"errors": [{"status": 404, "title": "Not Found", "detail": "The resource could not be found.\n\n No resource provider with uuid 685a2930-5b4b-4046-ac2c-9604a1b77d5f found for delete ", "request_id": "req-5124971b-6ad8-4d95-b3a2-e44e6de1f281"}]}
2026-06-30 19:14:10.374 10 INFO neutron.services.segments.plugin [-] Segment 685a2930-5b4b-4046-ac2c-9604a1b77d5f resource provider not found; error: Placement Client Error (4xx): {"errors": [{"status": 404, "title": "Not Found", "detail": "The resource could not be found.\n\n No resource provider with uuid 685a2930-5b4b-4046-ac2c-9604a1b77d5f found for delete ", "request_id": "req-45913975-ec01-4e56-8460-e094b642c7fa"}]}
2026-06-30 19:14:10.380 9 INFO neutron.api.wsgi [None req-229fce1b-2762-4912-ac01-a41cf66a4484 d531a1c615c3483abfe82f7228ade10f db397757abfc4929afa1a4621372bbbc - - default default] 10.0.0.27 "GET /v2.0/extensions/security-group HTTP/1.1" status: 200 len: 369 time: 0.0044386
2026-06-30 19:14:10.381 10 INFO neutron.services.segments.plugin [-] Segment 017bdaac-cbf0-4ec2-9cf0-c2063ebe0b93 resource provider aggregate not found
2026-06-30 19:14:10.389 9 INFO neutron.api.wsgi [None req-66fbf6f8-ab7d-476e-8e66-926257e78057 d531a1c615c3483abfe82f7228ade10f db397757abfc4929afa1a4621372bbbc - - default default] 10.0.0.27 "GET /v2.0/extensions/dns-integration HTTP/1.1" status: 200 len: 371 time: 0.0042188
2026-06-30 19:14:10.394 10 INFO neutron.services.segments.plugin [-] Segment 017bdaac-cbf0-4ec2-9cf0-c2063ebe0b93 resource provider not found; error: Placement Client Error (4xx): {"errors": [{"status": 404, "title": "Not Found", "detail": "The resource could not be found.\n\n No resource provider with uuid 017bdaac-cbf0-4ec2-9cf0-c2063ebe0b93 found for delete ", "request_id": "req-32c05034-4be4-49ec-87ce-53527bcaafdc"}]}
2026-06-30 19:14:10.398 10 INFO neutron.services.segments.plugin [-] Segment 017bdaac-cbf0-4ec2-9cf0-c2063ebe0b93 resource provider aggregate not found
2026-06-30 19:14:10.402 9 INFO neutron.api.wsgi [None req-167cdb84-c524-4388-aa65-0561cfc066b4 d531a1c615c3483abfe82f7228ade10f db397757abfc4929afa1a4621372bbbc - - default default] 10.0.0.27 "GET /v2.0/extensions/qos HTTP/1.1" status: 200 len: 365 time: 0.0074339
2026-06-30 19:14:10.406 10 INFO neutron.services.segments.plugin [-] Segment b78ba6c8-26f8-41d4-aa23-1be364b4c477 resource provider aggregate not found
2026-06-30 19:14:10.409 10 INFO neutron.services.segments.plugin [-] Segment 017bdaac-cbf0-4ec2-9cf0-c2063ebe0b93 resource provider not found; error: Placement Client Error (4xx): {"errors": [{"status": 404, "title": "Not Found", "detail": "The resource could not be found.\n\n No resource provider with uuid 017bdaac-cbf0-4ec2-9cf0-c2063ebe0b93 found for delete ", "request_id": "req-c9e135ac-8389-406f-b6d7-f9cc64739917"}]}
2026-06-30 19:14:10.411 9 INFO neutron.api.wsgi [None req-f8fcf3c2-ef7a-4171-9198-c0e87fddb935 d531a1c615c3483abfe82f7228ade10f db397757abfc4929afa1a4621372bbbc - - default default] 10.0.0.27 "GET /v2.0/extensions/allowed-address-pairs HTTP/1.1" status: 200 len: 383 time: 0.0036705
2026-06-30 19:14:10.420 10 INFO neutron.services.segments.plugin [-] Segment b78ba6c8-26f8-41d4-aa23-1be364b4c477 resource provider aggregate not found
2026-06-30 19:14:10.424 10 INFO neutron.services.segments.plugin [-] Segment b78ba6c8-26f8-41d4-aa23-1be364b4c477 resource provider not found; error: Placement Client Error (4xx): {"errors": [{"status": 404, "title": "Not Found", "detail": "The resource could not be found.\n\n No resource provider with uuid b78ba6c8-26f8-41d4-aa23-1be364b4c477 found for delete ", "request_id": "req-524ff975-8218-4550-a454-622aee3f40f7"}]}
2026-06-30 19:14:10.432 10 INFO neutron.services.segments.plugin [-] Segment b78ba6c8-26f8-41d4-aa23-1be364b4c477 resource provider not found; error: Placement Client Error (4xx): {"errors": [{"status": 404, "title": "Not Found", "detail": "The resource could not be found.\n\n No resource provider with uuid b78ba6c8-26f8-41d4-aa23-1be364b4c477 found for delete ", "request_id": "req-9108c3f1-222c-479d-ade4-47bad27e4b5c"}]}
2026-06-30 19:14:10.437 10 INFO neutron.services.segments.plugin [-] Segment 1ddc0a45-2458-4e29-a564-821521f7fcd9 resource provider aggregate not found
2026-06-30 19:14:10.444 9 INFO neutron.api.wsgi [None req-4d9692b6-ce48-4f55-ae12-8e2f55d395bf d531a1c615c3483abfe82f7228ade10f db397757abfc4929afa1a4621372bbbc - - default default] 10.0.0.27 "GET /v2.0/subnets/91ffcc4e-9aee-4767-8946-00d8384d559a HTTP/1.1" status: 200 len: 874 time: 0.0268817
2026-06-30 19:14:10.446 10 INFO neutron.services.segments.plugin [-] Segment 1ddc0a45-2458-4e29-a564-821521f7fcd9 resource provider not found; error: Placement Client Error (4xx): {"errors": [{"status": 404, "title": "Not Found", "detail": "The resource could not be found.\n\n No resource provider with uuid 1ddc0a45-2458-4e29-a564-821521f7fcd9 found for delete ", "request_id": "req-8dab5dc8-1c99-44a0-b86d-159ce3a3498d"}]}
2026-06-30 19:14:10.450 10 INFO neutron.services.segments.plugin [-] Segment 1ddc0a45-2458-4e29-a564-821521f7fcd9 resource provider aggregate not found
2026-06-30 19:14:10.464 10 INFO neutron.services.segments.plugin [-] Segment 1ddc0a45-2458-4e29-a564-821521f7fcd9 resource provider not found; error: Placement Client Error (4xx): {"errors": [{"status": 404, "title": "Not Found", "detail": "The resource could not be found.\n\n No resource provider with uuid 1ddc0a45-2458-4e29-a564-821521f7fcd9 found for delete ", "request_id": "req-83e5b16a-b466-4957-98ff-7763c6a74e62"}]}
2026-06-30 19:14:10.514 9 INFO neutron.api.wsgi [None req-3f261ab2-c3f6-43b3-8d10-a0498a8e2693 d531a1c615c3483abfe82f7228ade10f db397757abfc4929afa1a4621372bbbc - - default default] 10.0.0.27 "GET /v2.0/extensions/security-group HTTP/1.1" status: 200 len: 369 time: 0.0056891
2026-06-30 19:14:10.522 9 INFO neutron.api.wsgi [None req-82b23860-0ec5-4df3-8e86-f5033b42dfd7 d531a1c615c3483abfe82f7228ade10f db397757abfc4929afa1a4621372bbbc - - default default] 10.0.0.27 "GET /v2.0/extensions/dns-integration HTTP/1.1" status: 200 len: 371 time: 0.0035224
2026-06-30 19:14:10.528 9 INFO neutron.api.wsgi [None req-6659c3ce-291a-4ea2-9516-d5ccb6e504d0 d531a1c615c3483abfe82f7228ade10f db397757abfc4929afa1a4621372bbbc - - default default] 10.0.0.27 "GET /v2.0/extensions/qos HTTP/1.1" status: 200 len: 365 time: 0.0033774
2026-06-30 19:14:10.534 9 INFO neutron.api.wsgi [None req-ccd6bfdf-4856-4781-b274-86f05219c31f d531a1c615c3483abfe82f7228ade10f db397757abfc4929afa1a4621372bbbc - - default default] 10.0.0.27 "GET /v2.0/extensions/allowed-address-pairs HTTP/1.1" status: 200 len: 383 time: 0.0033348
2026-06-30 19:14:10.575 9 INFO neutron.api.wsgi [None req-0d31eb39-1499-40ed-9695-000e18e093f9 d531a1c615c3483abfe82f7228ade10f db397757abfc4929afa1a4621372bbbc - - default default] 10.0.0.27 "GET /v2.0/networks/93846eee-930c-45ad-aa09-79b6ebc339d2 HTTP/1.1" status: 200 len: 1001 time: 0.0378103
2026-06-30 19:14:10.584 9 INFO neutron.api.wsgi [None req-2b80ffec-4841-4e62-891b-d4672ed289ab d531a1c615c3483abfe82f7228ade10f db397757abfc4929afa1a4621372bbbc - - default default] 10.0.0.27 "GET /v2.0/extensions/project-id HTTP/1.1" status: 200 len: 403 time: 0.0047557
2026-06-30 19:14:10.708 10 INFO neutron.db.ovn_revision_numbers_db [None req-afb62ccc-2c4e-4af7-bb8d-c642ef814181 d531a1c615c3483abfe82f7228ade10f db397757abfc4929afa1a4621372bbbc - - default default] Successfully bumped revision number for resource cacfa6f0-053d-4e42-a43e-0fd0b68b72cc (type: security_groups) to 1
2026-06-30 19:14:10.720 10 INFO neutron.db.ovn_revision_numbers_db [None req-afb62ccc-2c4e-4af7-bb8d-c642ef814181 d531a1c615c3483abfe82f7228ade10f db397757abfc4929afa1a4621372bbbc - - default default] Successfully bumped revision number for resource 0b9b3a0b-bbb7-44c3-9579-a11bb1126eb0 (type: security_group_rules) to 0
2026-06-30 19:14:10.731 10 INFO neutron.db.ovn_revision_numbers_db [None req-afb62ccc-2c4e-4af7-bb8d-c642ef814181 d531a1c615c3483abfe82f7228ade10f db397757abfc4929afa1a4621372bbbc - - default default] Successfully bumped revision number for resource 3335c43e-209c-4366-8999-72c9c5ad16e1 (type: security_group_rules) to 0
2026-06-30 19:14:10.745 10 INFO neutron.db.ovn_revision_numbers_db [None req-afb62ccc-2c4e-4af7-bb8d-c642ef814181 d531a1c615c3483abfe82f7228ade10f db397757abfc4929afa1a4621372bbbc - - default default] Successfully bumped revision number for resource 8aa822fc-b8b8-4e3e-be82-7fae19802b20 (type: security_group_rules) to 0
2026-06-30 19:14:10.758 10 INFO neutron.db.ovn_revision_numbers_db [None req-afb62ccc-2c4e-4af7-bb8d-c642ef814181 d531a1c615c3483abfe82f7228ade10f db397757abfc4929afa1a4621372bbbc - - default default] Successfully bumped revision number for resource e674926b-93b9-4fc6-b148-c613a05700c5 (type: security_group_rules) to 0
2026-06-30 19:14:10.795 10 INFO neutron.api.wsgi [None req-afb62ccc-2c4e-4af7-bb8d-c642ef814181 d531a1c615c3483abfe82f7228ade10f db397757abfc4929afa1a4621372bbbc - - default default] 10.0.0.143 "GET /v2.0/security-groups?tenant_id=b77a3c8ec25648e7acb88cbf0e441a62&name=default HTTP/1.1" status: 200 len: 3124 time: 0.3228247
2026-06-30 19:14:10.860 9 WARNING neutron.scheduler.dhcp_agent_scheduler [None req-23d7db87-b42a-4957-b8b9-243665006c82 d531a1c615c3483abfe82f7228ade10f db397757abfc4929afa1a4621372bbbc - - default default] No more DHCP agents
2026-06-30 19:14:10.860 9 WARNING neutron.api.rpc.agentnotifiers.dhcp_rpc_agent_api [None req-23d7db87-b42a-4957-b8b9-243665006c82 d531a1c615c3483abfe82f7228ade10f db397757abfc4929afa1a4621372bbbc - - default default] Unable to schedule network 93846eee-930c-45ad-aa09-79b6ebc339d2: no agents available; will retry on subsequent port and subnet creation events.
2026-06-30 19:14:10.981 10 INFO neutron.api.wsgi [None req-8894a298-d11d-4263-827b-b17f6703db69 d531a1c615c3483abfe82f7228ade10f db397757abfc4929afa1a4621372bbbc - - default default] 10.0.0.143 "DELETE /v2.0/security-groups/cacfa6f0-053d-4e42-a43e-0fd0b68b72cc HTTP/1.1" status: 204 len: 168 time: 0.1810992
2026-06-30 19:14:10.982 9 INFO neutron.db.ovn_revision_numbers_db [None req-23d7db87-b42a-4957-b8b9-243665006c82 d531a1c615c3483abfe82f7228ade10f db397757abfc4929afa1a4621372bbbc - - default default] Successfully bumped revision number for resource fcb61039-39dd-4f82-9638-a94cb8671825 (type: ports) to 1
2026-06-30 19:14:11.003 9 INFO neutron.api.wsgi [None req-23d7db87-b42a-4957-b8b9-243665006c82 d531a1c615c3483abfe82f7228ade10f db397757abfc4929afa1a4621372bbbc - - default default] 10.0.0.27 "POST /v2.0/ports HTTP/1.1" status: 201 len: 1337 time: 0.4162836 /var/lib/openstack/lib/python3.12/site-packages/pycadf/identifier.py:71: UserWarning: Invalid uuid: neutron. To ensure interoperability, identifiers should be a valid uuid. warnings.warn(('Invalid uuid: %s. To ensure interoperability, '
2026-06-30 19:14:11.196 9 INFO neutron.api.wsgi [None req-37ccf17c-2ea1-4aa3-9375-6779dcbc8031 d531a1c615c3483abfe82f7228ade10f db397757abfc4929afa1a4621372bbbc - - default default] 10.0.0.143 "GET /v2.0/security-groups?tenant_id=940b394c097841349bb4409d8454a148&name=default HTTP/1.1" status: 200 len: 3124 time: 0.0296614
2026-06-30 19:14:11.411 10 INFO neutron.api.wsgi [None req-94d5e0b7-b30f-45e3-9904-5f982765761d d531a1c615c3483abfe82f7228ade10f db397757abfc4929afa1a4621372bbbc - - default default] 10.0.0.143 "DELETE /v2.0/security-groups/ed8f38f8-e801-4fc2-9184-457a9fdecfe0 HTTP/1.1" status: 204 len: 168 time: 0.2099562
2026-06-30 19:14:11.654 10 INFO neutron.db.ovn_revision_numbers_db [None req-5a19654a-ed28-4c0d-8381-82071508491a d531a1c615c3483abfe82f7228ade10f db397757abfc4929afa1a4621372bbbc - - default default] Successfully bumped revision number for resource a338e8db-e0a9-4c40-b677-d48daff88c8f (type: security_groups) to 1
2026-06-30 19:14:11.674 10 INFO neutron.db.ovn_revision_numbers_db [None req-5a19654a-ed28-4c0d-8381-82071508491a d531a1c615c3483abfe82f7228ade10f db397757abfc4929afa1a4621372bbbc - - default default] Successfully bumped revision number for resource 2a956a4b-26c2-4ad1-9a4d-5168cbf891aa (type: security_group_rules) to 0
2026-06-30 19:14:11.691 10 INFO neutron.db.ovn_revision_numbers_db [None req-5a19654a-ed28-4c0d-8381-82071508491a d531a1c615c3483abfe82f7228ade10f db397757abfc4929afa1a4621372bbbc - - default default] Successfully bumped revision number for resource 313f7ff4-c4dd-4941-b1e3-06b01eb5d264 (type: security_group_rules) to 0
2026-06-30 19:14:11.705 10 INFO neutron.db.ovn_revision_numbers_db [None req-5a19654a-ed28-4c0d-8381-82071508491a d531a1c615c3483abfe82f7228ade10f db397757abfc4929afa1a4621372bbbc - - default default] Successfully bumped revision number for resource b99cd705-72b6-4d65-8390-4526d78b8443 (type: security_group_rules) to 0
2026-06-30 19:14:11.722 10 INFO neutron.db.ovn_revision_numbers_db [None req-5a19654a-ed28-4c0d-8381-82071508491a d531a1c615c3483abfe82f7228ade10f db397757abfc4929afa1a4621372bbbc - - default default] Successfully bumped revision number for resource d179db72-bc2e-4f36-adeb-9a2169a1e2df (type: security_group_rules) to 0
2026-06-30 19:14:11.764 10 INFO neutron.api.wsgi [None req-5a19654a-ed28-4c0d-8381-82071508491a d531a1c615c3483abfe82f7228ade10f db397757abfc4929afa1a4621372bbbc - - default default] 10.0.0.143 "GET /v2.0/security-groups?tenant_id=b27b7450a55045ffa4dfc46391670e15&name=default HTTP/1.1" status: 200 len: 3124 time: 0.2192848
2026-06-30 19:14:11.787 9 WARNING neutron_lib.context [None req-fbe38608-4911-44af-a314-f5f2e3c153ee 00c98b3b2fd54525a6791f3193ac5e5f 1cf1a1b72d394d6fa9c00eb00f2416d6 - - default default] Method 'is_advsvc' is deprecated since 2023.2 release (neutron-lib 3.8.0) and will be removed once support for the old RBAC API policies will be removed from Neutron. Please use method 'is_service_role' instead.
2026-06-30 19:14:11.896 9 INFO neutron.db.ovn_revision_numbers_db [None req-fbe38608-4911-44af-a314-f5f2e3c153ee 00c98b3b2fd54525a6791f3193ac5e5f 1cf1a1b72d394d6fa9c00eb00f2416d6 - - default default] Successfully bumped revision number for resource 6a79ebfe-3dc5-4062-a658-c8f6821a3849 (type: security_groups) to 1
2026-06-30 19:14:11.910 9 INFO neutron.db.ovn_revision_numbers_db [None req-fbe38608-4911-44af-a314-f5f2e3c153ee 00c98b3b2fd54525a6791f3193ac5e5f 1cf1a1b72d394d6fa9c00eb00f2416d6 - - default default] Successfully bumped revision number for resource 0a78cbc7-232a-4648-bd49-a44257c7a735 (type: security_group_rules) to 0
2026-06-30 19:14:11.921 9 INFO neutron.db.ovn_revision_numbers_db [None req-fbe38608-4911-44af-a314-f5f2e3c153ee 00c98b3b2fd54525a6791f3193ac5e5f 1cf1a1b72d394d6fa9c00eb00f2416d6 - - default default] Successfully bumped revision number for resource 390f34b8-b841-4174-9071-7c3f5c341520 (type: security_group_rules) to 0
2026-06-30 19:14:11.934 9 INFO neutron.db.ovn_revision_numbers_db [None req-fbe38608-4911-44af-a314-f5f2e3c153ee 00c98b3b2fd54525a6791f3193ac5e5f 1cf1a1b72d394d6fa9c00eb00f2416d6 - - default default] Successfully bumped revision number for resource a922f651-6688-4a25-ac8f-d813c976a917 (type: security_group_rules) to 0
2026-06-30 19:14:11.950 9 INFO neutron.db.ovn_revision_numbers_db [None req-fbe38608-4911-44af-a314-f5f2e3c153ee 00c98b3b2fd54525a6791f3193ac5e5f 1cf1a1b72d394d6fa9c00eb00f2416d6 - - default default] Successfully bumped revision number for resource cd2825d7-2223-4fa1-a478-911b62e1c799 (type: security_group_rules) to 0
2026-06-30 19:14:11.954 10 INFO neutron.api.wsgi [None req-7a413dcb-90c1-4623-ab61-9f6b756f367a d531a1c615c3483abfe82f7228ade10f db397757abfc4929afa1a4621372bbbc - - default default] 10.0.0.143 "DELETE /v2.0/security-groups/a338e8db-e0a9-4c40-b677-d48daff88c8f HTTP/1.1" status: 204 len: 168 time: 0.1824799
2026-06-30 19:14:12.031 9 INFO neutron.db.segments_db [None req-fbe38608-4911-44af-a314-f5f2e3c153ee 00c98b3b2fd54525a6791f3193ac5e5f 1cf1a1b72d394d6fa9c00eb00f2416d6 - - default default] Added segment 3e3b9547-f5e1-49dd-8929-a8a342042f3b of type geneve for network 094dcf13-6c4d-4387-9009-4de55b1c537e
2026-06-30 19:14:12.147 9 INFO neutron.db.ovn_revision_numbers_db [None req-fbe38608-4911-44af-a314-f5f2e3c153ee 00c98b3b2fd54525a6791f3193ac5e5f 1cf1a1b72d394d6fa9c00eb00f2416d6 - - default default] Successfully bumped revision number for resource 094dcf13-6c4d-4387-9009-4de55b1c537e (type: networks) to 1
2026-06-30 19:14:12.268 9 WARNING neutron.scheduler.dhcp_agent_scheduler [None req-fbe38608-4911-44af-a314-f5f2e3c153ee 00c98b3b2fd54525a6791f3193ac5e5f 1cf1a1b72d394d6fa9c00eb00f2416d6 - - default default] No more DHCP agents
2026-06-30 19:14:12.269 9 WARNING neutron.api.rpc.agentnotifiers.dhcp_rpc_agent_api [None req-fbe38608-4911-44af-a314-f5f2e3c153ee 00c98b3b2fd54525a6791f3193ac5e5f 1cf1a1b72d394d6fa9c00eb00f2416d6 - - default default] Unable to schedule network 094dcf13-6c4d-4387-9009-4de55b1c537e: no agents available; will retry on subsequent port and subnet creation events.
2026-06-30 19:14:12.322 9 INFO neutron.db.ovn_revision_numbers_db [None req-fbe38608-4911-44af-a314-f5f2e3c153ee 00c98b3b2fd54525a6791f3193ac5e5f 1cf1a1b72d394d6fa9c00eb00f2416d6 - - default default] Successfully bumped revision number for resource ae246b5e-1ead-463d-a9fa-f775cde015b8 (type: ports) to 1
2026-06-30 19:14:12.340 9 INFO neutron.api.wsgi [None req-fbe38608-4911-44af-a314-f5f2e3c153ee 00c98b3b2fd54525a6791f3193ac5e5f 1cf1a1b72d394d6fa9c00eb00f2416d6 - - default default] 10.0.0.143 "POST /v2.0/networks HTTP/1.1" status: 201 len: 831 time: 0.7348504
2026-06-30 19:14:12.348 9 WARNING neutron_lib.context [None req-fe9fc3f1-8031-4868-a76c-40f2fd5a82e0 00c98b3b2fd54525a6791f3193ac5e5f 1cf1a1b72d394d6fa9c00eb00f2416d6 - - default default] Method 'is_advsvc' is deprecated since 2023.2 release (neutron-lib 3.8.0) and will be removed once support for the old RBAC API policies will be removed from Neutron. Please use method 'is_service_role' instead.
2026-06-30 19:14:12.539 9 WARNING neutron.scheduler.dhcp_agent_scheduler [None req-fe9fc3f1-8031-4868-a76c-40f2fd5a82e0 00c98b3b2fd54525a6791f3193ac5e5f 1cf1a1b72d394d6fa9c00eb00f2416d6 - - default default] No more DHCP agents
2026-06-30 19:14:12.540 9 WARNING neutron.api.rpc.agentnotifiers.dhcp_rpc_agent_api [None req-fe9fc3f1-8031-4868-a76c-40f2fd5a82e0 00c98b3b2fd54525a6791f3193ac5e5f 1cf1a1b72d394d6fa9c00eb00f2416d6 - - default default] Unable to schedule network 094dcf13-6c4d-4387-9009-4de55b1c537e: no agents available; will retry on subsequent port and subnet creation events.
2026-06-30 19:14:12.600 9 INFO neutron.db.ovn_revision_numbers_db [None req-fe9fc3f1-8031-4868-a76c-40f2fd5a82e0 00c98b3b2fd54525a6791f3193ac5e5f 1cf1a1b72d394d6fa9c00eb00f2416d6 - - default default] Successfully bumped revision number for resource aa50f34d-cebc-49e5-a4da-c6c946c854c0 (type: ports) to 1
2026-06-30 19:14:12.622 9 INFO neutron.api.wsgi [None req-fe9fc3f1-8031-4868-a76c-40f2fd5a82e0 00c98b3b2fd54525a6791f3193ac5e5f 1cf1a1b72d394d6fa9c00eb00f2416d6 - - default default] 10.0.0.143 "POST /v2.0/ports HTTP/1.1" status: 201 len: 942 time: 0.2769403 /var/lib/openstack/lib/python3.12/site-packages/pycadf/identifier.py:71: UserWarning: Invalid uuid: neutron. To ensure interoperability, identifiers should be a valid uuid. warnings.warn(('Invalid uuid: %s. To ensure interoperability, '
2026-06-30 19:14:12.631 9 WARNING neutron_lib.context [None req-b68d751f-36a0-4526-8315-065f370941e7 00c98b3b2fd54525a6791f3193ac5e5f 1cf1a1b72d394d6fa9c00eb00f2416d6 - - default default] Method 'is_advsvc' is deprecated since 2023.2 release (neutron-lib 3.8.0) and will be removed once support for the old RBAC API policies will be removed from Neutron. Please use method 'is_service_role' instead.
2026-06-30 19:14:12.709 9 INFO neutron.db.segments_db [None req-b68d751f-36a0-4526-8315-065f370941e7 00c98b3b2fd54525a6791f3193ac5e5f 1cf1a1b72d394d6fa9c00eb00f2416d6 - - default default] Added segment f1fcc22c-df8e-4ae9-b25d-c2bca56900af of type geneve for network d77073b0-9436-4cec-bec6-b8f7c79a1eb5
2026-06-30 19:14:12.816 9 INFO neutron.db.ovn_revision_numbers_db [None req-b68d751f-36a0-4526-8315-065f370941e7 00c98b3b2fd54525a6791f3193ac5e5f 1cf1a1b72d394d6fa9c00eb00f2416d6 - - default default] Successfully bumped revision number for resource d77073b0-9436-4cec-bec6-b8f7c79a1eb5 (type: networks) to 1
2026-06-30 19:14:12.976 9 WARNING neutron.scheduler.dhcp_agent_scheduler [None req-b68d751f-36a0-4526-8315-065f370941e7 00c98b3b2fd54525a6791f3193ac5e5f 1cf1a1b72d394d6fa9c00eb00f2416d6 - - default default] No more DHCP agents
2026-06-30 19:14:12.978 9 WARNING neutron.api.rpc.agentnotifiers.dhcp_rpc_agent_api [None req-b68d751f-36a0-4526-8315-065f370941e7 00c98b3b2fd54525a6791f3193ac5e5f 1cf1a1b72d394d6fa9c00eb00f2416d6 - - default default] Unable to schedule network d77073b0-9436-4cec-bec6-b8f7c79a1eb5: no agents available; will retry on subsequent port and subnet creation events.
2026-06-30 19:14:13.040 9 INFO neutron.db.ovn_revision_numbers_db [None req-b68d751f-36a0-4526-8315-065f370941e7 00c98b3b2fd54525a6791f3193ac5e5f 1cf1a1b72d394d6fa9c00eb00f2416d6 - - default default] Successfully bumped revision number for resource 70e71419-641c-4a6b-8411-502359035d5e (type: ports) to 1
2026-06-30 19:14:13.068 9 INFO neutron.api.wsgi [None req-b68d751f-36a0-4526-8315-065f370941e7 00c98b3b2fd54525a6791f3193ac5e5f 1cf1a1b72d394d6fa9c00eb00f2416d6 - - default default] 10.0.0.143 "POST /v2.0/networks HTTP/1.1" status: 201 len: 831 time: 0.4413342
2026-06-30 19:14:13.082 10 WARNING neutron_lib.context [None req-7d9b8f89-9a24-4b1e-95f9-c062405e4c45 00c98b3b2fd54525a6791f3193ac5e5f 1cf1a1b72d394d6fa9c00eb00f2416d6 - - default default] Method 'is_advsvc' is deprecated since 2023.2 release (neutron-lib 3.8.0) and will be removed once support for the old RBAC API policies will be removed from Neutron. Please use method 'is_service_role' instead.
2026-06-30 19:14:13.318 10 WARNING neutron.scheduler.dhcp_agent_scheduler [None req-7d9b8f89-9a24-4b1e-95f9-c062405e4c45 00c98b3b2fd54525a6791f3193ac5e5f 1cf1a1b72d394d6fa9c00eb00f2416d6 - - default default] No more DHCP agents
2026-06-30 19:14:13.320 10 WARNING neutron.api.rpc.agentnotifiers.dhcp_rpc_agent_api [None req-7d9b8f89-9a24-4b1e-95f9-c062405e4c45 00c98b3b2fd54525a6791f3193ac5e5f 1cf1a1b72d394d6fa9c00eb00f2416d6 - - default default] Unable to schedule network d77073b0-9436-4cec-bec6-b8f7c79a1eb5: no agents available; will retry on subsequent port and subnet creation events.
2026-06-30 19:14:13.380 10 INFO neutron.db.ovn_revision_numbers_db [None req-7d9b8f89-9a24-4b1e-95f9-c062405e4c45 00c98b3b2fd54525a6791f3193ac5e5f 1cf1a1b72d394d6fa9c00eb00f2416d6 - - default default] Successfully bumped revision number for resource d239d202-7399-4ea9-8e5e-59bd88dc7306 (type: ports) to 1
2026-06-30 19:14:13.401 10 INFO neutron.api.wsgi [None req-7d9b8f89-9a24-4b1e-95f9-c062405e4c45 00c98b3b2fd54525a6791f3193ac5e5f 1cf1a1b72d394d6fa9c00eb00f2416d6 - - default default] 10.0.0.143 "POST /v2.0/ports HTTP/1.1" status: 201 len: 942 time: 0.3256612 /var/lib/openstack/lib/python3.12/site-packages/pycadf/identifier.py:71: UserWarning: Invalid uuid: neutron. To ensure interoperability, identifiers should be a valid uuid. warnings.warn(('Invalid uuid: %s. To ensure interoperability, '
2026-06-30 19:14:13.410 10 WARNING neutron_lib.context [None req-f68f9bb9-a975-4e80-8f41-1f9c9888f972 00c98b3b2fd54525a6791f3193ac5e5f 1cf1a1b72d394d6fa9c00eb00f2416d6 - - default default] Method 'is_advsvc' is deprecated since 2023.2 release (neutron-lib 3.8.0) and will be removed once support for the old RBAC API policies will be removed from Neutron. Please use method 'is_service_role' instead.
2026-06-30 19:14:13.504 10 INFO neutron.db.segments_db [None req-f68f9bb9-a975-4e80-8f41-1f9c9888f972 00c98b3b2fd54525a6791f3193ac5e5f 1cf1a1b72d394d6fa9c00eb00f2416d6 - - default default] Added segment 9439afae-169b-43ed-8cba-3aec1f147d86 of type geneve for network 145a1d42-e4fe-43a8-a06a-df601231bd0f
2026-06-30 19:14:13.603 10 INFO neutron.db.ovn_revision_numbers_db [None req-f68f9bb9-a975-4e80-8f41-1f9c9888f972 00c98b3b2fd54525a6791f3193ac5e5f 1cf1a1b72d394d6fa9c00eb00f2416d6 - - default default] Successfully bumped revision number for resource 145a1d42-e4fe-43a8-a06a-df601231bd0f (type: networks) to 1
2026-06-30 19:14:13.625 10 INFO neutron.api.wsgi [None req-57271985-b9ff-4c03-be5b-e9712ae23302 d531a1c615c3483abfe82f7228ade10f db397757abfc4929afa1a4621372bbbc - - default default] 199.204.45.70 "GET /v2.0/extensions/security-group HTTP/1.1" status: 200 len: 369 time: 0.1334474
2026-06-30 19:14:13.635 10 INFO neutron.api.wsgi [None req-2433d55f-847a-43eb-a092-ad82c3872853 d531a1c615c3483abfe82f7228ade10f db397757abfc4929afa1a4621372bbbc - - default default] 199.204.45.70 "GET /v2.0/extensions/dns-integration HTTP/1.1" status: 200 len: 371 time: 0.0046053
2026-06-30 19:14:13.642 10 INFO neutron.api.wsgi [None req-63455bcc-88ab-4f13-b32f-6973e723c52c d531a1c615c3483abfe82f7228ade10f db397757abfc4929afa1a4621372bbbc - - default default] 199.204.45.70 "GET /v2.0/extensions/qos HTTP/1.1" status: 200 len: 365 time: 0.0032487
2026-06-30 19:14:13.652 10 INFO neutron.api.wsgi [None req-43628b91-1f12-4fcf-96ed-fa20f76a5c9e d531a1c615c3483abfe82f7228ade10f db397757abfc4929afa1a4621372bbbc - - default default] 199.204.45.70 "GET /v2.0/extensions/allowed-address-pairs HTTP/1.1" status: 200 len: 383 time: 0.0062330
2026-06-30 19:14:13.697 10 INFO neutron.api.wsgi [None req-8848dac9-a36e-490e-914c-2142a97dfe3f d531a1c615c3483abfe82f7228ade10f db397757abfc4929afa1a4621372bbbc - - default default] 199.204.45.70 "GET /v2.0/ports/fcb61039-39dd-4f82-9638-a94cb8671825 HTTP/1.1" status: 200 len: 1332 time: 0.0388131
2026-06-30 19:14:13.773 10 WARNING neutron.scheduler.dhcp_agent_scheduler [None req-f68f9bb9-a975-4e80-8f41-1f9c9888f972 00c98b3b2fd54525a6791f3193ac5e5f 1cf1a1b72d394d6fa9c00eb00f2416d6 - - default default] No more DHCP agents
2026-06-30 19:14:13.774 10 WARNING neutron.api.rpc.agentnotifiers.dhcp_rpc_agent_api [None req-f68f9bb9-a975-4e80-8f41-1f9c9888f972 00c98b3b2fd54525a6791f3193ac5e5f 1cf1a1b72d394d6fa9c00eb00f2416d6 - - default default] Unable to schedule network 145a1d42-e4fe-43a8-a06a-df601231bd0f: no agents available; will retry on subsequent port and subnet creation events.
2026-06-30 19:14:13.845 10 INFO neutron.db.ovn_revision_numbers_db [None req-f68f9bb9-a975-4e80-8f41-1f9c9888f972 00c98b3b2fd54525a6791f3193ac5e5f 1cf1a1b72d394d6fa9c00eb00f2416d6 - - default default] Successfully bumped revision number for resource a3e8571f-db83-48c3-91d2-0f9c3797169d (type: ports) to 1
2026-06-30 19:14:13.867 10 INFO neutron.api.wsgi [None req-f68f9bb9-a975-4e80-8f41-1f9c9888f972 00c98b3b2fd54525a6791f3193ac5e5f 1cf1a1b72d394d6fa9c00eb00f2416d6 - - default default] 10.0.0.143 "POST /v2.0/networks HTTP/1.1" status: 201 len: 831 time: 0.4610429
2026-06-30 19:14:13.875 10 WARNING neutron_lib.context [None req-2582ebe8-8e2f-49f1-ba81-6155589f8443 00c98b3b2fd54525a6791f3193ac5e5f 1cf1a1b72d394d6fa9c00eb00f2416d6 - - default default] Method 'is_advsvc' is deprecated since 2023.2 release (neutron-lib 3.8.0) and will be removed once support for the old RBAC API policies will be removed from Neutron. Please use method 'is_service_role' instead.
2026-06-30 19:14:13.936 10 INFO neutron.api.wsgi [None req-1d708f7a-f713-4b01-823c-449ba858222a d531a1c615c3483abfe82f7228ade10f db397757abfc4929afa1a4621372bbbc - - default default] 199.204.45.70 "GET /v2.0/extensions/security-group HTTP/1.1" status: 200 len: 369 time: 0.0034590
2026-06-30 19:14:13.948 10 INFO neutron.api.wsgi [None req-87be6c04-a308-4163-8e0a-96894afea914 d531a1c615c3483abfe82f7228ade10f db397757abfc4929afa1a4621372bbbc - - default default] 199.204.45.70 "GET /v2.0/extensions/dns-integration HTTP/1.1" status: 200 len: 371 time: 0.0085466
2026-06-30 19:14:13.961 10 INFO neutron.api.wsgi [None req-62123c98-a2d3-43ee-8984-349785b3ae1f d531a1c615c3483abfe82f7228ade10f db397757abfc4929afa1a4621372bbbc - - default default] 199.204.45.70 "GET /v2.0/extensions/qos HTTP/1.1" status: 200 len: 365 time: 0.0053358
2026-06-30 19:14:13.968 10 INFO neutron.api.wsgi [None req-0a69de4f-63d9-4d4a-9fc0-712b4992472b d531a1c615c3483abfe82f7228ade10f db397757abfc4929afa1a4621372bbbc - - default default] 199.204.45.70 "GET /v2.0/extensions/allowed-address-pairs HTTP/1.1" status: 200 len: 383 time: 0.0033329
2026-06-30 19:14:13.981 10 INFO neutron.api.v2.resource [None req-1a1ec7b9-4898-4ef8-a436-2d1c757986dc d531a1c615c3483abfe82f7228ade10f db397757abfc4929afa1a4621372bbbc - - default default] show failed (client error): The resource could not be found.
2026-06-30 19:14:13.982 10 INFO neutron.api.wsgi [None req-1a1ec7b9-4898-4ef8-a436-2d1c757986dc d531a1c615c3483abfe82f7228ade10f db397757abfc4929afa1a4621372bbbc - - default default] 199.204.45.70 "GET /v2.0/security-groups/lb-19454e7c-fe68-41aa-8879-666c9b0967ac HTTP/1.1" status: 404 len: 355 time: 0.0104141
2026-06-30 19:14:14.024 10 INFO neutron.api.wsgi [None req-6213226d-7a25-427e-bc77-1914dedef16b d531a1c615c3483abfe82f7228ade10f db397757abfc4929afa1a4621372bbbc - - default default] 199.204.45.70 "GET /v2.0/security-groups?name=lb-19454e7c-fe68-41aa-8879-666c9b0967ac HTTP/1.1" status: 200 len: 221 time: 0.0393672
2026-06-30 19:14:14.167 10 WARNING neutron.scheduler.dhcp_agent_scheduler [None req-2582ebe8-8e2f-49f1-ba81-6155589f8443 00c98b3b2fd54525a6791f3193ac5e5f 1cf1a1b72d394d6fa9c00eb00f2416d6 - - default default] No more DHCP agents
2026-06-30 19:14:14.171 10 WARNING neutron.api.rpc.agentnotifiers.dhcp_rpc_agent_api [None req-2582ebe8-8e2f-49f1-ba81-6155589f8443 00c98b3b2fd54525a6791f3193ac5e5f 1cf1a1b72d394d6fa9c00eb00f2416d6 - - default default] Unable to schedule network 145a1d42-e4fe-43a8-a06a-df601231bd0f: no agents available; will retry on subsequent port and subnet creation events.
2026-06-30 19:14:14.193 10 INFO neutron.db.ovn_revision_numbers_db [None req-ec533973-3d3f-4043-a8aa-457baaea49df d531a1c615c3483abfe82f7228ade10f db397757abfc4929afa1a4621372bbbc - - default default] Successfully bumped revision number for resource 5402b0b8-a399-41e9-8b55-24a9b57cecef (type: security_groups) to 1
2026-06-30 19:14:14.213 10 INFO neutron.db.ovn_revision_numbers_db [None req-ec533973-3d3f-4043-a8aa-457baaea49df d531a1c615c3483abfe82f7228ade10f db397757abfc4929afa1a4621372bbbc - - default default] Successfully bumped revision number for resource 1f8e417f-a41b-4503-a4f2-15d4618daae2 (type: security_group_rules) to 0
2026-06-30 19:14:14.237 10 INFO neutron.db.ovn_revision_numbers_db [None req-ec533973-3d3f-4043-a8aa-457baaea49df d531a1c615c3483abfe82f7228ade10f db397757abfc4929afa1a4621372bbbc - - default default] Successfully bumped revision number for resource d6eb650e-2443-4065-b767-a4ae8030605d (type: security_group_rules) to 0
2026-06-30 19:14:14.246 10 INFO neutron.db.ovn_revision_numbers_db [None req-2582ebe8-8e2f-49f1-ba81-6155589f8443 00c98b3b2fd54525a6791f3193ac5e5f 1cf1a1b72d394d6fa9c00eb00f2416d6 - - default default] Successfully bumped revision number for resource c039d992-3c6e-49b4-ba54-1f740e5f5bcc (type: ports) to 1
2026-06-30 19:14:14.272 10 INFO neutron.api.wsgi [None req-2582ebe8-8e2f-49f1-ba81-6155589f8443 00c98b3b2fd54525a6791f3193ac5e5f 1cf1a1b72d394d6fa9c00eb00f2416d6 - - default default] 10.0.0.143 "POST /v2.0/ports HTTP/1.1" status: 201 len: 942 time: 0.4008486
2026-06-30 19:14:14.275 10 INFO neutron.api.wsgi [None req-ec533973-3d3f-4043-a8aa-457baaea49df d531a1c615c3483abfe82f7228ade10f db397757abfc4929afa1a4621372bbbc - - default default] 199.204.45.70 "POST /v2.0/security-groups HTTP/1.1" status: 201 len: 1843 time: 0.2447033 /var/lib/openstack/lib/python3.12/site-packages/pycadf/identifier.py:71: UserWarning: Invalid uuid: neutron. To ensure interoperability, identifiers should be a valid uuid. warnings.warn(('Invalid uuid: %s. To ensure interoperability, '
2026-06-30 19:14:14.283 9 WARNING neutron_lib.context [None req-004a0af0-aeaf-4330-8b69-2a41fd823227 00c98b3b2fd54525a6791f3193ac5e5f 1cf1a1b72d394d6fa9c00eb00f2416d6 - - default default] Method 'is_advsvc' is deprecated since 2023.2 release (neutron-lib 3.8.0) and will be removed once support for the old RBAC API policies will be removed from Neutron. Please use method 'is_service_role' instead.
2026-06-30 19:14:14.305 10 INFO neutron.api.wsgi [None req-fd580cfe-8de3-4c19-af69-6efc505ed715 d531a1c615c3483abfe82f7228ade10f db397757abfc4929afa1a4621372bbbc - - default default] 199.204.45.70 "GET /v2.0/security-group-rules?security_group_id=5402b0b8-a399-41e9-8b55-24a9b57cecef HTTP/1.1" status: 200 len: 1382 time: 0.0265722
2026-06-30 19:14:14.385 9 INFO neutron.db.segments_db [None req-004a0af0-aeaf-4330-8b69-2a41fd823227 00c98b3b2fd54525a6791f3193ac5e5f 1cf1a1b72d394d6fa9c00eb00f2416d6 - - default default] Added segment 3c98932f-1b7a-410a-a718-158dec72727a of type geneve for network c86517b6-8e74-4eca-b486-c10aaddb022f
2026-06-30 19:14:14.504 9 INFO neutron.db.ovn_revision_numbers_db [None req-004a0af0-aeaf-4330-8b69-2a41fd823227 00c98b3b2fd54525a6791f3193ac5e5f 1cf1a1b72d394d6fa9c00eb00f2416d6 - - default default] Successfully bumped revision number for resource c86517b6-8e74-4eca-b486-c10aaddb022f (type: networks) to 1
2026-06-30 19:14:14.637 9 WARNING neutron.scheduler.dhcp_agent_scheduler [None req-004a0af0-aeaf-4330-8b69-2a41fd823227 00c98b3b2fd54525a6791f3193ac5e5f 1cf1a1b72d394d6fa9c00eb00f2416d6 - - default default] No more DHCP agents
2026-06-30 19:14:14.638 9 WARNING neutron.api.rpc.agentnotifiers.dhcp_rpc_agent_api [None req-004a0af0-aeaf-4330-8b69-2a41fd823227 00c98b3b2fd54525a6791f3193ac5e5f 1cf1a1b72d394d6fa9c00eb00f2416d6 - - default default] Unable to schedule network c86517b6-8e74-4eca-b486-c10aaddb022f: no agents available; will retry on subsequent port and subnet creation events.
2026-06-30 19:14:14.672 10 INFO neutron.db.ovn_revision_numbers_db [None req-51ff317e-53a4-4e32-b19a-7dade205cd35 d531a1c615c3483abfe82f7228ade10f db397757abfc4929afa1a4621372bbbc - - default default] Successfully bumped revision number for resource fcb61039-39dd-4f82-9638-a94cb8671825 (type: ports) to 2
2026-06-30 19:14:14.683 10 INFO neutron.api.wsgi [None req-51ff317e-53a4-4e32-b19a-7dade205cd35 d531a1c615c3483abfe82f7228ade10f db397757abfc4929afa1a4621372bbbc - - default default] 199.204.45.70 "PUT /v2.0/ports/fcb61039-39dd-4f82-9638-a94cb8671825 HTTP/1.1" status: 200 len: 1332 time: 0.3721008
2026-06-30 19:14:14.699 9 INFO neutron.db.ovn_revision_numbers_db [None req-004a0af0-aeaf-4330-8b69-2a41fd823227 00c98b3b2fd54525a6791f3193ac5e5f 1cf1a1b72d394d6fa9c00eb00f2416d6 - - default default] Successfully bumped revision number for resource 1a1d70f1-6580-4426-8271-a7e167ec4611 (type: ports) to 1
2026-06-30 19:14:14.719 9 INFO neutron.api.wsgi [None req-004a0af0-aeaf-4330-8b69-2a41fd823227 00c98b3b2fd54525a6791f3193ac5e5f 1cf1a1b72d394d6fa9c00eb00f2416d6 - - default default] 10.0.0.143 "POST /v2.0/networks HTTP/1.1" status: 201 len: 831 time: 0.4411294
2026-06-30 19:14:14.727 9 WARNING neutron_lib.context [None req-88204f0a-3d0a-4f43-af3c-c3cf6095dbce 00c98b3b2fd54525a6791f3193ac5e5f 1cf1a1b72d394d6fa9c00eb00f2416d6 - - default default] Method 'is_advsvc' is deprecated since 2023.2 release (neutron-lib 3.8.0) and will be removed once support for the old RBAC API policies will be removed from Neutron. Please use method 'is_service_role' instead. /var/lib/openstack/lib/python3.12/site-packages/pycadf/identifier.py:71: UserWarning: Invalid uuid: neutron. To ensure interoperability, identifiers should be a valid uuid. warnings.warn(('Invalid uuid: %s. To ensure interoperability, '
2026-06-30 19:14:14.745 10 INFO neutron.api.wsgi [None req-32d7a3d2-37e9-4847-8515-268df5c30ae9 d531a1c615c3483abfe82f7228ade10f db397757abfc4929afa1a4621372bbbc - - default default] 199.204.45.70 "GET /v2.0/extensions/security-group HTTP/1.1" status: 200 len: 369 time: 0.0074775
2026-06-30 19:14:14.752 10 INFO neutron.api.wsgi [None req-594c41ed-5eb3-4c0d-b149-cf582b7cb374 d531a1c615c3483abfe82f7228ade10f db397757abfc4929afa1a4621372bbbc - - default default] 199.204.45.70 "GET /v2.0/extensions/dns-integration HTTP/1.1" status: 200 len: 371 time: 0.0038257
2026-06-30 19:14:14.761 10 INFO neutron.api.wsgi [None req-3e5b06c6-e9f9-41be-bc64-5c1b7d20a61d d531a1c615c3483abfe82f7228ade10f db397757abfc4929afa1a4621372bbbc - - default default] 199.204.45.70 "GET /v2.0/extensions/qos HTTP/1.1" status: 200 len: 365 time: 0.0052657
2026-06-30 19:14:14.768 10 INFO neutron.api.wsgi [None req-d2f0bc6b-0f53-4257-81a9-4269dcaee468 d531a1c615c3483abfe82f7228ade10f db397757abfc4929afa1a4621372bbbc - - default default] 199.204.45.70 "GET /v2.0/extensions/allowed-address-pairs HTTP/1.1" status: 200 len: 383 time: 0.0036430
2026-06-30 19:14:14.792 10 INFO neutron.api.wsgi [None req-7c96045f-de66-440d-9fc1-1bfcdb88e61e d531a1c615c3483abfe82f7228ade10f db397757abfc4929afa1a4621372bbbc - - default default] 199.204.45.70 "GET /v2.0/subnets/91ffcc4e-9aee-4767-8946-00d8384d559a HTTP/1.1" status: 200 len: 874 time: 0.0203090
2026-06-30 19:14:14.916 9 WARNING neutron.scheduler.dhcp_agent_scheduler [None req-88204f0a-3d0a-4f43-af3c-c3cf6095dbce 00c98b3b2fd54525a6791f3193ac5e5f 1cf1a1b72d394d6fa9c00eb00f2416d6 - - default default] No more DHCP agents
2026-06-30 19:14:14.918 9 WARNING neutron.api.rpc.agentnotifiers.dhcp_rpc_agent_api [None req-88204f0a-3d0a-4f43-af3c-c3cf6095dbce 00c98b3b2fd54525a6791f3193ac5e5f 1cf1a1b72d394d6fa9c00eb00f2416d6 - - default default] Unable to schedule network c86517b6-8e74-4eca-b486-c10aaddb022f: no agents available; will retry on subsequent port and subnet creation events.
2026-06-30 19:14:14.991 9 INFO neutron.db.ovn_revision_numbers_db [None req-88204f0a-3d0a-4f43-af3c-c3cf6095dbce 00c98b3b2fd54525a6791f3193ac5e5f 1cf1a1b72d394d6fa9c00eb00f2416d6 - - default default] Successfully bumped revision number for resource 292c5752-4b8e-4ed8-808b-130f456a62be (type: ports) to 1
2026-06-30 19:14:15.010 9 INFO neutron.api.wsgi [None req-88204f0a-3d0a-4f43-af3c-c3cf6095dbce 00c98b3b2fd54525a6791f3193ac5e5f 1cf1a1b72d394d6fa9c00eb00f2416d6 - - default default] 10.0.0.143 "POST /v2.0/ports HTTP/1.1" status: 201 len: 942 time: 0.2855608 /var/lib/openstack/lib/python3.12/site-packages/pycadf/identifier.py:71: UserWarning: Invalid uuid: neutron. To ensure interoperability, identifiers should be a valid uuid. warnings.warn(('Invalid uuid: %s. To ensure interoperability, '
2026-06-30 19:14:15.023 9 WARNING neutron_lib.context [None req-20bb24b7-b597-42dc-acb1-aed832eaa5ef 00c98b3b2fd54525a6791f3193ac5e5f 1cf1a1b72d394d6fa9c00eb00f2416d6 - - default default] Method 'is_advsvc' is deprecated since 2023.2 release (neutron-lib 3.8.0) and will be removed once support for the old RBAC API policies will be removed from Neutron. Please use method 'is_service_role' instead.
2026-06-30 19:14:15.112 10 WARNING neutron_lib.context [None req-5cda7ad4-9b11-45df-98b6-8416943d83ee 00e7fbad7948495aaf7fdaefc5a31c34 e25afefae2054c879ee2c42949acdb97 - - default default] Method 'is_advsvc' is deprecated since 2023.2 release (neutron-lib 3.8.0) and will be removed once support for the old RBAC API policies will be removed from Neutron. Please use method 'is_service_role' instead.
2026-06-30 19:14:15.118 9 INFO neutron.db.segments_db [None req-20bb24b7-b597-42dc-acb1-aed832eaa5ef 00c98b3b2fd54525a6791f3193ac5e5f 1cf1a1b72d394d6fa9c00eb00f2416d6 - - default default] Added segment 9659cc2c-140c-4a66-bd90-ce97a2426f42 of type geneve for network d0dbc9f9-bf97-45aa-9337-c4a4af2bcd10
2026-06-30 19:14:15.163 10 INFO neutron.api.wsgi [None req-5cda7ad4-9b11-45df-98b6-8416943d83ee 00e7fbad7948495aaf7fdaefc5a31c34 e25afefae2054c879ee2c42949acdb97 - - default default] 10.0.0.143 "POST /v2.0/subnetpools HTTP/1.1" status: 201 len: 715 time: 0.2231803
2026-06-30 19:14:15.199 9 INFO neutron.api.wsgi [None req-6014ebce-6766-435a-b1e1-12c5947d57e9 00e7fbad7948495aaf7fdaefc5a31c34 e25afefae2054c879ee2c42949acdb97 - - default default] 10.0.0.143 "PUT /v2.0/subnetpools/dcb75082-38dd-41b7-a835-a1b2206bfa2c/tags HTTP/1.1" status: 200 len: 218 time: 0.0290225
2026-06-30 19:14:15.221 10 INFO neutron.api.wsgi [None req-178a9d99-2044-4d7c-be64-8148fad73921 00e7fbad7948495aaf7fdaefc5a31c34 e25afefae2054c879ee2c42949acdb97 - - default default] 10.0.0.143 "GET /v2.0/subnetpools/dcb75082-38dd-41b7-a835-a1b2206bfa2c/tags HTTP/1.1" status: 200 len: 218 time: 0.0172343
