2026-06-30 19:10:08.655 10 WARNING neutron.api.rpc.agentnotifiers.dhcp_rpc_agent_api [None req-e6481c27-3c9b-4b9c-a4cb-3c0dc03577d9 d531a1c615c3483abfe82f7228ade10f db397757abfc4929afa1a4621372bbbc - - default default] Unable to schedule network bf8f0ce3-eb1c-4317-b141-3e517f98aef7: no agents available; will retry on subsequent port and subnet creation events.
2026-06-30 19:10:08.661 9 INFO neutron.api.wsgi [req-d98493be-8539-44aa-8aca-62fc1af4367b req-b2c71a1d-6391-4d6a-a013-8a517f2cd198 bac24df5a7c246e5b74f40a83f1f10f3 83999fb9621d4058b9da56e2f719922f - - f38a3932c05f420b816f06f07e6c4eca f38a3932c05f420b816f06f07e6c4eca] 199.204.45.70 "GET /v2.0/networks/fcbb5ace-fa3e-4e31-aefe-70ad6dae0cb7?fields=segments HTTP/1.1" status: 200 len: 212 time: 0.0357885
2026-06-30 19:10:08.708 9 INFO neutron.api.wsgi [req-d98493be-8539-44aa-8aca-62fc1af4367b req-72a50f7a-01a1-4c46-818f-60afc411fbdc bac24df5a7c246e5b74f40a83f1f10f3 83999fb9621d4058b9da56e2f719922f - - f38a3932c05f420b816f06f07e6c4eca f38a3932c05f420b816f06f07e6c4eca] 199.204.45.70 "GET /v2.0/networks/fcbb5ace-fa3e-4e31-aefe-70ad6dae0cb7?fields=provider%3Aphysical_network&fields=provider%3Anetwork_type HTTP/1.1" status: 200 len: 277 time: 0.0423398
2026-06-30 19:10:08.713 10 INFO neutron.db.ovn_revision_numbers_db [None req-e6481c27-3c9b-4b9c-a4cb-3c0dc03577d9 d531a1c615c3483abfe82f7228ade10f db397757abfc4929afa1a4621372bbbc - - default default] Successfully bumped revision number for resource f1918709-e08f-4872-b558-1287a394f007 (type: ports) to 1
2026-06-30 19:10:08.732 10 INFO neutron.api.wsgi [None req-e6481c27-3c9b-4b9c-a4cb-3c0dc03577d9 d531a1c615c3483abfe82f7228ade10f db397757abfc4929afa1a4621372bbbc - - default default] 10.0.0.143 "POST /v2.0/networks HTTP/1.1" status: 201 len: 946 time: 0.7446890
2026-06-30 19:10:08.870 9 WARNING neutron.scheduler.dhcp_agent_scheduler [None req-4c9f9017-c8d3-4a90-80f3-0f6c0502bca3 d531a1c615c3483abfe82f7228ade10f db397757abfc4929afa1a4621372bbbc - - default default] No more DHCP agents
2026-06-30 19:10:08.871 9 WARNING neutron.api.rpc.agentnotifiers.dhcp_rpc_agent_api [None req-4c9f9017-c8d3-4a90-80f3-0f6c0502bca3 d531a1c615c3483abfe82f7228ade10f db397757abfc4929afa1a4621372bbbc - - default default] Unable to schedule network bf8f0ce3-eb1c-4317-b141-3e517f98aef7: no agents available; will retry on subsequent port and subnet creation events.
2026-06-30 19:10:09.107 10 INFO neutron.api.wsgi [req-8750bd74-7418-4943-9ffb-745e2b7cc05f req-80425c81-b18c-4774-b8be-93d94e7d60b0 1a9334110d904cd899850b8d5bdb5192 5e03a257fdca4a408cb8e2b9ae2899ee - - default default] 10.0.0.14 "GET /v2.0/ports?device_id=b9fa431b-0bfb-414a-861a-841574faa280 HTTP/1.1" status: 200 len: 210 time: 0.0153527
2026-06-30 19:10:09.113 9 INFO neutron.api.wsgi [req-680369ab-b637-4fcd-8ae4-659694c2a312 req-bf5dc322-4672-4920-b711-0857b72aca22 1a9334110d904cd899850b8d5bdb5192 5e03a257fdca4a408cb8e2b9ae2899ee - - default default] 199.204.45.70 "GET /v2.0/networks?id=2285a8ac-8e03-4f9a-bf29-a272fb95c57c HTTP/1.1" status: 200 len: 879 time: 0.0551593
2026-06-30 19:10:09.152 9 INFO neutron.api.wsgi [req-680369ab-b637-4fcd-8ae4-659694c2a312 req-e82029a9-d4a1-4f1c-b89b-9f66c37f2d64 1a9334110d904cd899850b8d5bdb5192 5e03a257fdca4a408cb8e2b9ae2899ee - - default default] 199.204.45.70 "GET /v2.0/security-groups?fields=id&fields=name&tenant_id=5e03a257fdca4a408cb8e2b9ae2899ee HTTP/1.1" status: 200 len: 379 time: 0.0350378
2026-06-30 19:10:09.164 9 WARNING neutron_lib.context [req-680369ab-b637-4fcd-8ae4-659694c2a312 req-dbaf4bac-76f7-493a-999b-284a5bfe5fe8 1a9334110d904cd899850b8d5bdb5192 5e03a257fdca4a408cb8e2b9ae2899ee - - default default] Method 'is_advsvc' is deprecated since 2023.2 release (neutron-lib 3.8.0) and will be removed once support for the old RBAC API policies will be removed from Neutron. Please use method 'is_service_role' instead.
2026-06-30 19:10:09.220 9 INFO neutron.api.wsgi [req-c3e0fdc2-ae1c-437b-b0ab-5fe505b998ef req-ecba7923-8cf6-4273-9d0b-70edc60f516b 48fb32587af148f6b8414953c3fae69d a762f19f178245189970306ea22c726e - - default default] 10.0.0.14 "GET /v2.0/ports?device_id=c06a8cdd-fc9e-44f7-bc92-467f7edc42dd HTTP/1.1" status: 200 len: 1172 time: 0.0410559
2026-06-30 19:10:09.277 9 INFO neutron.api.wsgi [req-c3e0fdc2-ae1c-437b-b0ab-5fe505b998ef req-4fe8759d-5d20-4acd-9ca0-4d80e49635dd 48fb32587af148f6b8414953c3fae69d a762f19f178245189970306ea22c726e - - default default] 10.0.0.14 "GET /v2.0/security-groups?id=aa55ee59-af03-4d0a-b9d8-2e0214adb5a5&fields=id&fields=name HTTP/1.1" status: 200 len: 312 time: 0.0507262
2026-06-30 19:10:09.468 9 INFO neutron.db.ovn_revision_numbers_db [None req-c249d1fc-7f7c-45df-9bcf-ae8554d87932 - - - - - -] Successfully bumped revision number for resource f1918709-e08f-4872-b558-1287a394f007 (type: ports) to 2
2026-06-30 19:10:09.476 10 WARNING neutron.plugins.ml2.drivers.ovn.mech_driver.ovsdb.ovn_client [None req-907c8c7e-4f44-4cf0-822e-078f683b37fe - - - - - -] No hosting information found for port 9c74901f-3527-4f89-a38d-4f6d84a78ee1: RuntimeError: No hosting information found for port 9c74901f-3527-4f89-a38d-4f6d84a78ee1
2026-06-30 19:10:09.501 9 INFO neutron.db.ovn_revision_numbers_db [None req-c249d1fc-7f7c-45df-9bcf-ae8554d87932 - - - - - -] Successfully bumped revision number for resource ab43b131-afb5-45ed-9fbd-1fdee653b11c (type: subnets) to 0
2026-06-30 19:10:09.503 9 WARNING neutron.scheduler.dhcp_agent_scheduler [req-680369ab-b637-4fcd-8ae4-659694c2a312 req-dbaf4bac-76f7-493a-999b-284a5bfe5fe8 1a9334110d904cd899850b8d5bdb5192 5e03a257fdca4a408cb8e2b9ae2899ee - - default default] No more DHCP agents
2026-06-30 19:10:09.505 9 WARNING neutron.api.rpc.agentnotifiers.dhcp_rpc_agent_api [req-680369ab-b637-4fcd-8ae4-659694c2a312 req-dbaf4bac-76f7-493a-999b-284a5bfe5fe8 1a9334110d904cd899850b8d5bdb5192 5e03a257fdca4a408cb8e2b9ae2899ee - - default default] Unable to schedule network 2285a8ac-8e03-4f9a-bf29-a272fb95c57c: no agents available; will retry on subsequent port and subnet creation events.
2026-06-30 19:10:09.518 9 INFO neutron.api.wsgi [None req-4c9f9017-c8d3-4a90-80f3-0f6c0502bca3 d531a1c615c3483abfe82f7228ade10f db397757abfc4929afa1a4621372bbbc - - default default] 10.0.0.143 "POST /v2.0/subnets HTTP/1.1" status: 201 len: 890 time: 0.7815108 /var/lib/openstack/lib/python3.12/site-packages/pycadf/identifier.py:71: UserWarning: Invalid uuid: neutron. To ensure interoperability, identifiers should be a valid uuid. warnings.warn(('Invalid uuid: %s. To ensure interoperability, '
2026-06-30 19:10:09.547 10 INFO neutron.db.ovn_revision_numbers_db [None req-907c8c7e-4f44-4cf0-822e-078f683b37fe - - - - - -] Successfully bumped revision number for resource 9c74901f-3527-4f89-a38d-4f6d84a78ee1 (type: router_ports) to 2
2026-06-30 19:10:09.675 9 INFO neutron.db.ovn_revision_numbers_db [req-680369ab-b637-4fcd-8ae4-659694c2a312 req-dbaf4bac-76f7-493a-999b-284a5bfe5fe8 1a9334110d904cd899850b8d5bdb5192 5e03a257fdca4a408cb8e2b9ae2899ee - - default default] Successfully bumped revision number for resource 8a976c08-142f-4aca-b64f-ed5f7dd3055a (type: ports) to 1
2026-06-30 19:10:09.695 9 INFO neutron.api.wsgi [req-680369ab-b637-4fcd-8ae4-659694c2a312 req-dbaf4bac-76f7-493a-999b-284a5bfe5fe8 1a9334110d904cd899850b8d5bdb5192 5e03a257fdca4a408cb8e2b9ae2899ee - - default default] 199.204.45.70 "POST /v2.0/ports HTTP/1.1" status: 201 len: 1158 time: 0.5369117
2026-06-30 19:10:09.776 10 INFO neutron.api.wsgi [req-5f46c668-56dc-44b8-91a4-cab285793954 req-48305629-b4f0-47b7-a3d2-ff90b955e863 bac24df5a7c246e5b74f40a83f1f10f3 83999fb9621d4058b9da56e2f719922f - - f38a3932c05f420b816f06f07e6c4eca f38a3932c05f420b816f06f07e6c4eca] 199.204.45.70 "GET /v2.0/ports?tenant_id=a762f19f178245189970306ea22c726e&device_id=c06a8cdd-fc9e-44f7-bc92-467f7edc42dd HTTP/1.1" status: 200 len: 1411 time: 0.0517716
2026-06-30 19:10:09.873 10 INFO neutron.api.wsgi [req-5f46c668-56dc-44b8-91a4-cab285793954 req-d9fecfbc-3d28-4ea5-b21d-3182c59f1290 bac24df5a7c246e5b74f40a83f1f10f3 83999fb9621d4058b9da56e2f719922f - - f38a3932c05f420b816f06f07e6c4eca f38a3932c05f420b816f06f07e6c4eca] 199.204.45.70 "GET /v2.0/networks?id=fcbb5ace-fa3e-4e31-aefe-70ad6dae0cb7 HTTP/1.1" status: 200 len: 968 time: 0.0915546
2026-06-30 19:10:09.913 10 INFO neutron.api.wsgi [req-5f46c668-56dc-44b8-91a4-cab285793954 req-2fdcd367-25f1-4d9e-a5a7-8346119e9b40 bac24df5a7c246e5b74f40a83f1f10f3 83999fb9621d4058b9da56e2f719922f - - f38a3932c05f420b816f06f07e6c4eca f38a3932c05f420b816f06f07e6c4eca] 199.204.45.70 "GET /v2.0/floatingips?fixed_ip_address=10.100.0.11&port_id=4a7595e3-f5f4-47aa-b93a-f093895bbd6e HTTP/1.1" status: 200 len: 217 time: 0.0341368
2026-06-30 19:10:09.944 9 WARNING neutron.scheduler.dhcp_agent_scheduler [None req-d16b94a1-930b-4cb8-bab9-49f30f3fbadc d531a1c615c3483abfe82f7228ade10f db397757abfc4929afa1a4621372bbbc - - default default] No more DHCP agents
2026-06-30 19:10:09.947 9 WARNING neutron.api.rpc.agentnotifiers.dhcp_rpc_agent_api [None req-d16b94a1-930b-4cb8-bab9-49f30f3fbadc d531a1c615c3483abfe82f7228ade10f db397757abfc4929afa1a4621372bbbc - - default default] Unable to schedule network 186451d3-d05c-4408-a49c-31a304f54500: no agents available; will retry on subsequent port and subnet creation events.
2026-06-30 19:10:09.972 10 INFO neutron.api.wsgi [req-5f46c668-56dc-44b8-91a4-cab285793954 req-e62e1e81-85c5-47f6-9e7f-73ffbc49552c bac24df5a7c246e5b74f40a83f1f10f3 83999fb9621d4058b9da56e2f719922f - - f38a3932c05f420b816f06f07e6c4eca f38a3932c05f420b816f06f07e6c4eca] 199.204.45.70 "GET /v2.0/subnets?id=9f44fe3e-ab39-4118-836d-b6a5b69d51a6 HTTP/1.1" status: 200 len: 887 time: 0.0297370
2026-06-30 19:10:10.056 9 INFO neutron.db.ovn_revision_numbers_db [None req-d16b94a1-930b-4cb8-bab9-49f30f3fbadc d531a1c615c3483abfe82f7228ade10f db397757abfc4929afa1a4621372bbbc - - default default] Successfully bumped revision number for resource 55b76466-7ae4-413b-9926-d12d6f9af4ba (type: ports) to 1
2026-06-30 19:10:10.075 9 INFO neutron.db.ovn_revision_numbers_db [req-680369ab-b637-4fcd-8ae4-659694c2a312 req-ef1b7104-a8c6-4ea2-a099-1c6d71e3b46f bac24df5a7c246e5b74f40a83f1f10f3 83999fb9621d4058b9da56e2f719922f - - f38a3932c05f420b816f06f07e6c4eca f38a3932c05f420b816f06f07e6c4eca] Successfully bumped revision number for resource 8a976c08-142f-4aca-b64f-ed5f7dd3055a (type: ports) to 2
2026-06-30 19:10:10.173 10 INFO neutron.api.wsgi [req-5f46c668-56dc-44b8-91a4-cab285793954 req-0521103e-7a4d-47c1-9eba-64d42d0fa538 bac24df5a7c246e5b74f40a83f1f10f3 83999fb9621d4058b9da56e2f719922f - - f38a3932c05f420b816f06f07e6c4eca f38a3932c05f420b816f06f07e6c4eca] 199.204.45.70 "GET /v2.0/ports?network_id=fcbb5ace-fa3e-4e31-aefe-70ad6dae0cb7&device_owner=network%3Adhcp HTTP/1.1" status: 200 len: 210 time: 0.1952238
2026-06-30 19:10:10.234 10 INFO neutron.api.wsgi [req-5f46c668-56dc-44b8-91a4-cab285793954 req-a4ce309b-8aad-477a-89d5-4629779f5d42 bac24df5a7c246e5b74f40a83f1f10f3 83999fb9621d4058b9da56e2f719922f - - f38a3932c05f420b816f06f07e6c4eca f38a3932c05f420b816f06f07e6c4eca] 199.204.45.70 "GET /v2.0/networks/fcbb5ace-fa3e-4e31-aefe-70ad6dae0cb7?fields=segments HTTP/1.1" status: 200 len: 212 time: 0.0534542
2026-06-30 19:10:10.249 10 INFO neutron.api.wsgi [req-edef5f47-24b6-4ad7-95a7-36808b329f35 req-976e43c2-4960-43a0-8cf4-d01ddb087788 1a9334110d904cd899850b8d5bdb5192 5e03a257fdca4a408cb8e2b9ae2899ee - - default default] 10.0.0.14 "GET /v2.0/ports?device_id=b9fa431b-0bfb-414a-861a-841574faa280 HTTP/1.1" status: 200 len: 1168 time: 0.0848892
2026-06-30 19:10:10.293 10 INFO neutron.api.wsgi [req-edef5f47-24b6-4ad7-95a7-36808b329f35 req-c77d131a-ff68-40ff-b5bd-dc3ebab1c902 1a9334110d904cd899850b8d5bdb5192 5e03a257fdca4a408cb8e2b9ae2899ee - - default default] 10.0.0.14 "GET /v2.0/security-groups?id=99d5f6f4-90e1-434a-b86f-448fd9ca6c2b&fields=id&fields=name HTTP/1.1" status: 200 len: 312 time: 0.0365403
2026-06-30 19:10:10.295 10 INFO neutron.api.wsgi [req-5f46c668-56dc-44b8-91a4-cab285793954 req-0a467320-3151-464c-93b3-b18ebd873359 bac24df5a7c246e5b74f40a83f1f10f3 83999fb9621d4058b9da56e2f719922f - - f38a3932c05f420b816f06f07e6c4eca f38a3932c05f420b816f06f07e6c4eca] 199.204.45.70 "GET /v2.0/networks/fcbb5ace-fa3e-4e31-aefe-70ad6dae0cb7?fields=provider%3Aphysical_network&fields=provider%3Anetwork_type HTTP/1.1" status: 200 len: 277 time: 0.0580499 /var/lib/openstack/lib/python3.12/site-packages/pycadf/identifier.py:71: UserWarning: Invalid uuid: neutron. To ensure interoperability, identifiers should be a valid uuid. warnings.warn(('Invalid uuid: %s. To ensure interoperability, '
2026-06-30 19:10:10.384 9 INFO neutron.api.wsgi [req-37d5a612-c2ba-445d-8fbd-3f14e4dcc84d req-8bda0da7-314d-4adb-b5ca-e9778f4eb3c6 48fb32587af148f6b8414953c3fae69d a762f19f178245189970306ea22c726e - - default default] 10.0.0.14 "GET /v2.0/ports?device_id=c06a8cdd-fc9e-44f7-bc92-467f7edc42dd HTTP/1.1" status: 200 len: 1172 time: 0.0422177
2026-06-30 19:10:10.390 9 INFO neutron.db.ovn_revision_numbers_db [req-680369ab-b637-4fcd-8ae4-659694c2a312 req-ef1b7104-a8c6-4ea2-a099-1c6d71e3b46f bac24df5a7c246e5b74f40a83f1f10f3 83999fb9621d4058b9da56e2f719922f - - f38a3932c05f420b816f06f07e6c4eca f38a3932c05f420b816f06f07e6c4eca] Successfully bumped revision number for resource 8a976c08-142f-4aca-b64f-ed5f7dd3055a (type: ports) to 4
2026-06-30 19:10:10.419 9 INFO neutron.api.wsgi [req-680369ab-b637-4fcd-8ae4-659694c2a312 req-ef1b7104-a8c6-4ea2-a099-1c6d71e3b46f bac24df5a7c246e5b74f40a83f1f10f3 83999fb9621d4058b9da56e2f719922f - - f38a3932c05f420b816f06f07e6c4eca f38a3932c05f420b816f06f07e6c4eca] 199.204.45.70 "PUT /v2.0/ports/8a976c08-142f-4aca-b64f-ed5f7dd3055a HTTP/1.1" status: 200 len: 1404 time: 0.7170181
2026-06-30 19:10:10.432 9 INFO neutron.api.wsgi [req-37d5a612-c2ba-445d-8fbd-3f14e4dcc84d req-ea74b45f-3cbd-4016-88f5-f8dd50f8f5d0 48fb32587af148f6b8414953c3fae69d a762f19f178245189970306ea22c726e - - default default] 10.0.0.14 "GET /v2.0/security-groups?id=aa55ee59-af03-4d0a-b9d8-2e0214adb5a5&fields=id&fields=name HTTP/1.1" status: 200 len: 312 time: 0.0436151
2026-06-30 19:10:10.450 9 INFO neutron.notifiers.nova [-] Nova event matching ['req-e98dd6ba-64c0-4a0a-85e3-c30c2365b34c'] response: {'name': 'network-changed', 'server_uuid': 'b9fa431b-0bfb-414a-861a-841574faa280', 'tag': '8a976c08-142f-4aca-b64f-ed5f7dd3055a', 'status': 'completed', 'code': 200}
2026-06-30 19:10:10.610 9 INFO neutron.plugins.ml2.drivers.ovn.mech_driver.ovsdb.commands [None req-24794cff-286f-4d5e-9e43-765d61880c47 - - - - - -] Schedule LRP lrp-55b76466-7ae4-413b-9926-d12d6f9af4ba on gateway 0d8acbde-15c8-4028-9afd-e70a6b3b5b1b with priority 1
2026-06-30 19:10:10.619 10 INFO neutron.plugins.ml2.drivers.ovn.mech_driver.mech_driver [None req-907c8c7e-4f44-4cf0-822e-078f683b37fe - - - - - -] OVN reports status up for port: 55b76466-7ae4-413b-9926-d12d6f9af4ba
2026-06-30 19:10:10.631 10 INFO neutron.plugins.ml2.drivers.ovn.mech_driver.ovsdb.ovsdb_monitor [None req-35e392bf-20ef-4ffb-a053-9a661cd4ca4d - - - - - -] Router d7a5c2c6-29e3-4dea-a932-62d006ccdb68 is bound to host instance
2026-06-30 19:10:10.633 10 INFO neutron.plugins.ml2.plugin [None req-907c8c7e-4f44-4cf0-822e-078f683b37fe - - - - - -] Attempt 1 to provision port 55b76466-7ae4-413b-9926-d12d6f9af4ba
2026-06-30 19:10:10.644 9 INFO neutron.db.ovn_revision_numbers_db [None req-d16b94a1-930b-4cb8-bab9-49f30f3fbadc d531a1c615c3483abfe82f7228ade10f db397757abfc4929afa1a4621372bbbc - - default default] Successfully bumped revision number for resource 55b76466-7ae4-413b-9926-d12d6f9af4ba (type: router_ports) to 1
2026-06-30 19:10:10.700 9 INFO neutron.db.ovn_revision_numbers_db [None req-d16b94a1-930b-4cb8-bab9-49f30f3fbadc d531a1c615c3483abfe82f7228ade10f db397757abfc4929afa1a4621372bbbc - - default default] Successfully bumped revision number for resource d7a5c2c6-29e3-4dea-a932-62d006ccdb68 (type: routers) to 2
2026-06-30 19:10:10.714 9 INFO neutron.api.wsgi [None req-d16b94a1-930b-4cb8-bab9-49f30f3fbadc d531a1c615c3483abfe82f7228ade10f db397757abfc4929afa1a4621372bbbc - - default default] 10.0.0.143 "POST /v2.0/routers HTTP/1.1" status: 201 len: 1168 time: 1.1908603
2026-06-30 19:10:11.014 9 INFO neutron.api.wsgi [req-3f9c51f7-13d5-4a88-9815-356327618587 req-cbdf54f0-7321-42d0-a8b7-fbd061c7e1f3 bac24df5a7c246e5b74f40a83f1f10f3 83999fb9621d4058b9da56e2f719922f - - f38a3932c05f420b816f06f07e6c4eca f38a3932c05f420b816f06f07e6c4eca] 199.204.45.70 "GET /v2.0/ports?tenant_id=5e03a257fdca4a408cb8e2b9ae2899ee&device_id=b9fa431b-0bfb-414a-861a-841574faa280 HTTP/1.1" status: 200 len: 1407 time: 0.0495102
2026-06-30 19:10:11.073 9 INFO neutron.api.wsgi [req-3f9c51f7-13d5-4a88-9815-356327618587 req-66b2e752-1de4-4050-85a5-0186109ba956 bac24df5a7c246e5b74f40a83f1f10f3 83999fb9621d4058b9da56e2f719922f - - f38a3932c05f420b816f06f07e6c4eca f38a3932c05f420b816f06f07e6c4eca] 199.204.45.70 "GET /v2.0/networks?tenant_id=5e03a257fdca4a408cb8e2b9ae2899ee&shared=False HTTP/1.1" status: 200 len: 978 time: 0.0516450
2026-06-30 19:10:11.079 10 INFO neutron.db.ovn_revision_numbers_db [None req-5c908037-9935-4163-9eb4-f455177f2f3e - - - - - -] Successfully bumped revision number for resource 55b76466-7ae4-413b-9926-d12d6f9af4ba (type: ports) to 1
2026-06-30 19:10:11.167 9 INFO neutron.api.wsgi [req-3f9c51f7-13d5-4a88-9815-356327618587 req-a1abcc46-6bce-4d0e-8e77-e2f269027bec bac24df5a7c246e5b74f40a83f1f10f3 83999fb9621d4058b9da56e2f719922f - - f38a3932c05f420b816f06f07e6c4eca f38a3932c05f420b816f06f07e6c4eca] 199.204.45.70 "GET /v2.0/networks?shared=True HTTP/1.1" status: 200 len: 952 time: 0.0885878
2026-06-30 19:10:11.225 9 WARNING neutron.scheduler.dhcp_agent_scheduler [None req-ef36208f-cbdc-4f0b-986b-44489d5369d0 d531a1c615c3483abfe82f7228ade10f db397757abfc4929afa1a4621372bbbc - - default default] No more DHCP agents
2026-06-30 19:10:11.228 9 WARNING neutron.api.rpc.agentnotifiers.dhcp_rpc_agent_api [None req-ef36208f-cbdc-4f0b-986b-44489d5369d0 d531a1c615c3483abfe82f7228ade10f db397757abfc4929afa1a4621372bbbc - - default default] Unable to schedule network bf8f0ce3-eb1c-4317-b141-3e517f98aef7: no agents available; will retry on subsequent port and subnet creation events.
2026-06-30 19:10:11.360 9 INFO neutron.db.ovn_revision_numbers_db [None req-ef36208f-cbdc-4f0b-986b-44489d5369d0 d531a1c615c3483abfe82f7228ade10f db397757abfc4929afa1a4621372bbbc - - default default] Successfully bumped revision number for resource 1073ead6-4bec-4b2e-8768-d844d00fecef (type: ports) to 1
2026-06-30 19:10:11.403 10 INFO neutron.db.ovn_revision_numbers_db [None req-43040831-7ee9-45d0-a4fd-0fa990768531 d531a1c615c3483abfe82f7228ade10f db397757abfc4929afa1a4621372bbbc - - default default] Successfully bumped revision number for resource fdfc4018-7932-4116-8757-5737b8a924e9 (type: security_groups) to 1
2026-06-30 19:10:11.419 10 INFO neutron.db.ovn_revision_numbers_db [None req-43040831-7ee9-45d0-a4fd-0fa990768531 d531a1c615c3483abfe82f7228ade10f db397757abfc4929afa1a4621372bbbc - - default default] Successfully bumped revision number for resource 7ae3f7ef-c7a4-485f-914e-04dd154c0be8 (type: security_group_rules) to 0
2026-06-30 19:10:11.420 10 INFO neutron.db.ovn_revision_numbers_db [None req-5c908037-9935-4163-9eb4-f455177f2f3e - - - - - -] Successfully bumped revision number for resource 55b76466-7ae4-413b-9926-d12d6f9af4ba (type: ports) to 4
2026-06-30 19:10:11.431 10 INFO neutron.db.ovn_revision_numbers_db [None req-43040831-7ee9-45d0-a4fd-0fa990768531 d531a1c615c3483abfe82f7228ade10f db397757abfc4929afa1a4621372bbbc - - default default] Successfully bumped revision number for resource 8527bf28-7051-4d67-bd47-b8a1a9e00e60 (type: security_group_rules) to 0
2026-06-30 19:10:11.445 10 INFO neutron.db.ovn_revision_numbers_db [None req-43040831-7ee9-45d0-a4fd-0fa990768531 d531a1c615c3483abfe82f7228ade10f db397757abfc4929afa1a4621372bbbc - - default default] Successfully bumped revision number for resource c55e126d-7753-42ea-8d06-94f938b9ea72 (type: security_group_rules) to 0
2026-06-30 19:10:11.461 10 INFO neutron.db.ovn_revision_numbers_db [None req-43040831-7ee9-45d0-a4fd-0fa990768531 d531a1c615c3483abfe82f7228ade10f db397757abfc4929afa1a4621372bbbc - - default default] Successfully bumped revision number for resource dd5457f8-7ab4-419a-97d2-f712a3740a68 (type: security_group_rules) to 0
2026-06-30 19:10:11.463 9 INFO neutron.api.wsgi [req-921ce7ab-db6c-4fbe-b099-ba9c20297cbc req-4b2bfe9c-c116-47c1-8ca2-8be142069352 1a9334110d904cd899850b8d5bdb5192 5e03a257fdca4a408cb8e2b9ae2899ee - - default default] 10.0.0.14 "GET /v2.0/ports?device_id=b9fa431b-0bfb-414a-861a-841574faa280 HTTP/1.1" status: 200 len: 1168 time: 0.1129651
2026-06-30 19:10:11.503 10 INFO neutron.api.wsgi [None req-43040831-7ee9-45d0-a4fd-0fa990768531 d531a1c615c3483abfe82f7228ade10f db397757abfc4929afa1a4621372bbbc - - default default] 10.0.0.143 "GET /v2.0/security-groups?tenant_id=c6f73fd617a74a4bbe4f3231d613ffd8&name=default HTTP/1.1" status: 200 len: 3120 time: 0.4434168
2026-06-30 19:10:11.518 9 INFO neutron.api.wsgi [req-921ce7ab-db6c-4fbe-b099-ba9c20297cbc req-72859ab4-a6f5-4c59-8ec1-b4758cf5d54b 1a9334110d904cd899850b8d5bdb5192 5e03a257fdca4a408cb8e2b9ae2899ee - - default default] 10.0.0.14 "GET /v2.0/security-groups?id=99d5f6f4-90e1-434a-b86f-448fd9ca6c2b&fields=id&fields=name HTTP/1.1" status: 200 len: 312 time: 0.0471992
2026-06-30 19:10:11.561 10 INFO neutron.api.wsgi [req-824f0ddf-6abe-4a6f-8060-64582dead7b9 req-f00e097c-3f1b-450e-a9f2-09c817538865 48fb32587af148f6b8414953c3fae69d a762f19f178245189970306ea22c726e - - default default] 10.0.0.14 "GET /v2.0/ports?device_id=c06a8cdd-fc9e-44f7-bc92-467f7edc42dd HTTP/1.1" status: 200 len: 1172 time: 0.0422261
2026-06-30 19:10:11.612 10 INFO neutron.api.wsgi [req-824f0ddf-6abe-4a6f-8060-64582dead7b9 req-ab4bdc6f-0443-4c83-9964-956f46e567a8 48fb32587af148f6b8414953c3fae69d a762f19f178245189970306ea22c726e - - default default] 10.0.0.14 "GET /v2.0/security-groups?id=aa55ee59-af03-4d0a-b9d8-2e0214adb5a5&fields=id&fields=name HTTP/1.1" status: 200 len: 312 time: 0.0434065
2026-06-30 19:10:11.751 10 INFO neutron.db.ovn_revision_numbers_db [None req-5c908037-9935-4163-9eb4-f455177f2f3e - - - - - -] Successfully bumped revision number for resource 55b76466-7ae4-413b-9926-d12d6f9af4ba (type: ports) to 5
2026-06-30 19:10:11.758 10 INFO neutron.api.wsgi [None req-4d8021c5-63a0-4657-93e0-ffa0a3d29acd d531a1c615c3483abfe82f7228ade10f db397757abfc4929afa1a4621372bbbc - - default default] 10.0.0.143 "DELETE /v2.0/security-groups/fdfc4018-7932-4116-8757-5737b8a924e9 HTTP/1.1" status: 204 len: 168 time: 0.2491465
2026-06-30 19:10:11.875 9 INFO neutron.db.ovn_revision_numbers_db [None req-ef36208f-cbdc-4f0b-986b-44489d5369d0 d531a1c615c3483abfe82f7228ade10f db397757abfc4929afa1a4621372bbbc - - default default] Successfully bumped revision number for resource 1073ead6-4bec-4b2e-8768-d844d00fecef (type: ports) to 1
2026-06-30 19:10:11.919 9 WARNING neutron.scheduler.dhcp_agent_scheduler [None req-ef36208f-cbdc-4f0b-986b-44489d5369d0 d531a1c615c3483abfe82f7228ade10f db397757abfc4929afa1a4621372bbbc - - default default] No more DHCP agents
2026-06-30 19:10:11.920 9 WARNING neutron.api.rpc.agentnotifiers.dhcp_rpc_agent_api [None req-ef36208f-cbdc-4f0b-986b-44489d5369d0 d531a1c615c3483abfe82f7228ade10f db397757abfc4929afa1a4621372bbbc - - default default] Unable to schedule network bf8f0ce3-eb1c-4317-b141-3e517f98aef7: no agents available; will retry on subsequent port and subnet creation events.
2026-06-30 19:10:11.956 10 INFO neutron.db.ovn_revision_numbers_db [None req-109b8d44-a265-4d66-b3a5-b33644fbde54 d531a1c615c3483abfe82f7228ade10f db397757abfc4929afa1a4621372bbbc - - default default] Successfully bumped revision number for resource a3a15dab-6a16-48aa-9c4f-e4d7bf0c8055 (type: security_groups) to 1
2026-06-30 19:10:11.967 10 INFO neutron.db.ovn_revision_numbers_db [None req-109b8d44-a265-4d66-b3a5-b33644fbde54 d531a1c615c3483abfe82f7228ade10f db397757abfc4929afa1a4621372bbbc - - default default] Successfully bumped revision number for resource 28a91a1f-950c-432a-b593-0977f3d6b644 (type: security_group_rules) to 0
2026-06-30 19:10:11.977 10 INFO neutron.db.ovn_revision_numbers_db [None req-109b8d44-a265-4d66-b3a5-b33644fbde54 d531a1c615c3483abfe82f7228ade10f db397757abfc4929afa1a4621372bbbc - - default default] Successfully bumped revision number for resource 92284c1c-cdf4-458f-be59-e928d41a0731 (type: security_group_rules) to 0
2026-06-30 19:10:11.989 10 INFO neutron.db.ovn_revision_numbers_db [None req-109b8d44-a265-4d66-b3a5-b33644fbde54 d531a1c615c3483abfe82f7228ade10f db397757abfc4929afa1a4621372bbbc - - default default] Successfully bumped revision number for resource bfa75fb9-414a-46cc-b02e-dbf523babe57 (type: security_group_rules) to 0
2026-06-30 19:10:12.000 10 INFO neutron.db.ovn_revision_numbers_db [None req-109b8d44-a265-4d66-b3a5-b33644fbde54 d531a1c615c3483abfe82f7228ade10f db397757abfc4929afa1a4621372bbbc - - default default] Successfully bumped revision number for resource d04439ef-272b-49f2-b2ec-aa8f355776f8 (type: security_group_rules) to 0
2026-06-30 19:10:12.032 10 INFO neutron.api.wsgi [None req-109b8d44-a265-4d66-b3a5-b33644fbde54 d531a1c615c3483abfe82f7228ade10f db397757abfc4929afa1a4621372bbbc - - default default] 10.0.0.143 "GET /v2.0/security-groups?tenant_id=8222cf33b7a2478d89da6de319502eb0&name=default HTTP/1.1" status: 200 len: 3120 time: 0.1688805
2026-06-30 19:10:12.215 9 INFO neutron.api.wsgi [req-680369ab-b637-4fcd-8ae4-659694c2a312 req-d3b40225-4138-450c-b839-64a0213d7dba bac24df5a7c246e5b74f40a83f1f10f3 83999fb9621d4058b9da56e2f719922f - - f38a3932c05f420b816f06f07e6c4eca f38a3932c05f420b816f06f07e6c4eca] 199.204.45.70 "GET /v2.0/ports?tenant_id=5e03a257fdca4a408cb8e2b9ae2899ee&device_id=b9fa431b-0bfb-414a-861a-841574faa280 HTTP/1.1" status: 200 len: 1407 time: 0.0333374
2026-06-30 19:10:12.218 10 INFO neutron.api.wsgi [None req-4a12baae-5e57-4672-a1c4-82dcd319aa52 d531a1c615c3483abfe82f7228ade10f db397757abfc4929afa1a4621372bbbc - - default default] 10.0.0.143 "DELETE /v2.0/security-groups/a3a15dab-6a16-48aa-9c4f-e4d7bf0c8055 HTTP/1.1" status: 204 len: 168 time: 0.1786475
2026-06-30 19:10:12.239 9 INFO neutron.api.wsgi [req-680369ab-b637-4fcd-8ae4-659694c2a312 req-59d630f6-e90f-4450-8a5b-36c824779d63 bac24df5a7c246e5b74f40a83f1f10f3 83999fb9621d4058b9da56e2f719922f - - f38a3932c05f420b816f06f07e6c4eca f38a3932c05f420b816f06f07e6c4eca] 199.204.45.70 "GET /v2.0/floatingips?fixed_ip_address=10.100.0.4&port_id=8a976c08-142f-4aca-b64f-ed5f7dd3055a HTTP/1.1" status: 200 len: 217 time: 0.0171916
2026-06-30 19:10:12.268 9 INFO neutron.api.wsgi [req-680369ab-b637-4fcd-8ae4-659694c2a312 req-d709ecf8-8dbc-4601-84e2-90ef93b687d8 bac24df5a7c246e5b74f40a83f1f10f3 83999fb9621d4058b9da56e2f719922f - - f38a3932c05f420b816f06f07e6c4eca f38a3932c05f420b816f06f07e6c4eca] 199.204.45.70 "GET /v2.0/subnets?id=a51e503c-833d-492f-82d5-ddaa03a6d2c6 HTTP/1.1" status: 200 len: 897 time: 0.0238695
2026-06-30 19:10:12.289 9 INFO neutron.api.wsgi [req-680369ab-b637-4fcd-8ae4-659694c2a312 req-88054019-6888-4631-8449-2c1606f083c9 bac24df5a7c246e5b74f40a83f1f10f3 83999fb9621d4058b9da56e2f719922f - - f38a3932c05f420b816f06f07e6c4eca f38a3932c05f420b816f06f07e6c4eca] 199.204.45.70 "GET /v2.0/ports?network_id=2285a8ac-8e03-4f9a-bf29-a272fb95c57c&device_owner=network%3Adhcp HTTP/1.1" status: 200 len: 210 time: 0.0132854
2026-06-30 19:10:12.457 9 INFO neutron.api.wsgi [req-680369ab-b637-4fcd-8ae4-659694c2a312 req-e1347070-ece9-4a38-8b3b-636a31598eb3 bac24df5a7c246e5b74f40a83f1f10f3 83999fb9621d4058b9da56e2f719922f - - f38a3932c05f420b816f06f07e6c4eca f38a3932c05f420b816f06f07e6c4eca] 199.204.45.70 "GET /v2.0/networks/2285a8ac-8e03-4f9a-bf29-a272fb95c57c?fields=segments HTTP/1.1" status: 200 len: 212 time: 0.1625400
2026-06-30 19:10:12.508 9 INFO neutron.api.wsgi [req-680369ab-b637-4fcd-8ae4-659694c2a312 req-af139ad4-35b8-4a70-be8f-907a8b8783a2 bac24df5a7c246e5b74f40a83f1f10f3 83999fb9621d4058b9da56e2f719922f - - f38a3932c05f420b816f06f07e6c4eca f38a3932c05f420b816f06f07e6c4eca] 199.204.45.70 "GET /v2.0/networks/2285a8ac-8e03-4f9a-bf29-a272fb95c57c?fields=provider%3Aphysical_network&fields=provider%3Anetwork_type HTTP/1.1" status: 200 len: 277 time: 0.0444837
2026-06-30 19:10:12.609 9 INFO neutron.api.wsgi [req-87bd0262-5a58-4d8d-b0bf-3017f3050a39 req-dade6c6f-cf79-4d27-85ee-43046b282342 1a9334110d904cd899850b8d5bdb5192 5e03a257fdca4a408cb8e2b9ae2899ee - - default default] 10.0.0.14 "GET /v2.0/ports?device_id=b9fa431b-0bfb-414a-861a-841574faa280 HTTP/1.1" status: 200 len: 1168 time: 0.0351820
2026-06-30 19:10:12.656 9 INFO neutron.api.wsgi [req-87bd0262-5a58-4d8d-b0bf-3017f3050a39 req-b6c19dc8-5031-4fc0-8685-8ee9f4e5c346 1a9334110d904cd899850b8d5bdb5192 5e03a257fdca4a408cb8e2b9ae2899ee - - default default] 10.0.0.14 "GET /v2.0/security-groups?id=99d5f6f4-90e1-434a-b86f-448fd9ca6c2b&fields=id&fields=name HTTP/1.1" status: 200 len: 312 time: 0.0398166
2026-06-30 19:10:12.671 9 INFO neutron.db.ovn_revision_numbers_db [None req-ef36208f-cbdc-4f0b-986b-44489d5369d0 d531a1c615c3483abfe82f7228ade10f db397757abfc4929afa1a4621372bbbc - - default default] Successfully bumped revision number for resource 1073ead6-4bec-4b2e-8768-d844d00fecef (type: router_ports) to 1
2026-06-30 19:10:12.675 9 INFO neutron.api.wsgi [None req-ef36208f-cbdc-4f0b-986b-44489d5369d0 d531a1c615c3483abfe82f7228ade10f db397757abfc4929afa1a4621372bbbc - - default default] 10.0.0.143 "PUT /v2.0/routers/d7a5c2c6-29e3-4dea-a932-62d006ccdb68/add_router_interface HTTP/1.1" status: 200 len: 503 time: 1.9521608
2026-06-30 19:10:12.775 10 INFO neutron.api.wsgi [req-8d930da4-fa67-4889-8aa4-664a22d673b2 req-d1dc23f0-3352-4b4f-a493-8aff6fdd62cf 48fb32587af148f6b8414953c3fae69d a762f19f178245189970306ea22c726e - - default default] 10.0.0.14 "GET /v2.0/ports?device_id=c06a8cdd-fc9e-44f7-bc92-467f7edc42dd HTTP/1.1" status: 200 len: 1172 time: 0.0824528
2026-06-30 19:10:12.839 10 INFO neutron.api.wsgi [req-8d930da4-fa67-4889-8aa4-664a22d673b2 req-c68528ab-10d6-44c6-93fc-bf270e9b21de 48fb32587af148f6b8414953c3fae69d a762f19f178245189970306ea22c726e - - default default] 10.0.0.14 "GET /v2.0/security-groups?id=aa55ee59-af03-4d0a-b9d8-2e0214adb5a5&fields=id&fields=name HTTP/1.1" status: 200 len: 312 time: 0.0581818
2026-06-30 19:10:13.162 9 WARNING neutron_lib.context [req-8cbc3d54-3ed7-4a70-a29c-bf325f6d4874 req-5c976c5e-817d-4030-a065-ece8da1af727 53db86836fc74b458e2e5eaadb256c6d 21988ed041c34e40a0697d06f4bc88d4 - - default default] Method 'is_advsvc' is deprecated since 2023.2 release (neutron-lib 3.8.0) and will be removed once support for the old RBAC API policies will be removed from Neutron. Please use method 'is_service_role' instead.
2026-06-30 19:10:13.261 9 INFO neutron.db.ovn_revision_numbers_db [req-8cbc3d54-3ed7-4a70-a29c-bf325f6d4874 req-5c976c5e-817d-4030-a065-ece8da1af727 53db86836fc74b458e2e5eaadb256c6d 21988ed041c34e40a0697d06f4bc88d4 - - default default] Successfully bumped revision number for resource 9bef165f-c7aa-4811-9ab8-d294a1baad46 (type: security_groups) to 1
2026-06-30 19:10:13.271 9 INFO neutron.db.ovn_revision_numbers_db [req-8cbc3d54-3ed7-4a70-a29c-bf325f6d4874 req-5c976c5e-817d-4030-a065-ece8da1af727 53db86836fc74b458e2e5eaadb256c6d 21988ed041c34e40a0697d06f4bc88d4 - - default default] Successfully bumped revision number for resource 7ed3f985-c600-43c1-820e-1e748d6bc33d (type: security_group_rules) to 0
2026-06-30 19:10:13.282 9 INFO neutron.db.ovn_revision_numbers_db [req-8cbc3d54-3ed7-4a70-a29c-bf325f6d4874 req-5c976c5e-817d-4030-a065-ece8da1af727 53db86836fc74b458e2e5eaadb256c6d 21988ed041c34e40a0697d06f4bc88d4 - - default default] Successfully bumped revision number for resource acc5cff7-c8d7-4357-b875-2adc283d33de (type: security_group_rules) to 0
2026-06-30 19:10:13.299 10 INFO neutron.plugins.ml2.drivers.ovn.mech_driver.mech_driver [None req-907c8c7e-4f44-4cf0-822e-078f683b37fe - - - - - -] OVN reports status up for port: 1073ead6-4bec-4b2e-8768-d844d00fecef
2026-06-30 19:10:13.304 10 INFO neutron.plugins.ml2.plugin [None req-907c8c7e-4f44-4cf0-822e-078f683b37fe - - - - - -] Attempt 1 to provision port 1073ead6-4bec-4b2e-8768-d844d00fecef
2026-06-30 19:10:13.315 9 INFO neutron.api.wsgi [req-8cbc3d54-3ed7-4a70-a29c-bf325f6d4874 req-5c976c5e-817d-4030-a065-ece8da1af727 53db86836fc74b458e2e5eaadb256c6d 21988ed041c34e40a0697d06f4bc88d4 - - default default] 10.0.0.14 "POST /v2.0/security-groups HTTP/1.1" status: 201 len: 1886 time: 0.1576974
2026-06-30 19:10:13.343 10 WARNING neutron_lib.context [req-7d2b6d8d-10d7-4504-8232-1e88c492afbc req-1d648b7e-9dc4-4f3b-9ed1-debf32d1a989 53db86836fc74b458e2e5eaadb256c6d 21988ed041c34e40a0697d06f4bc88d4 - - default default] Method 'is_advsvc' is deprecated since 2023.2 release (neutron-lib 3.8.0) and will be removed once support for the old RBAC API policies will be removed from Neutron. Please use method 'is_service_role' instead.
2026-06-30 19:10:13.483 10 INFO neutron.db.ovn_revision_numbers_db [req-7d2b6d8d-10d7-4504-8232-1e88c492afbc req-1d648b7e-9dc4-4f3b-9ed1-debf32d1a989 53db86836fc74b458e2e5eaadb256c6d 21988ed041c34e40a0697d06f4bc88d4 - - default default] Successfully bumped revision number for resource 3882aa3d-1012-4404-b41c-045ca3ab555a (type: security_groups) to 1
2026-06-30 19:10:13.494 10 INFO neutron.db.ovn_revision_numbers_db [req-7d2b6d8d-10d7-4504-8232-1e88c492afbc req-1d648b7e-9dc4-4f3b-9ed1-debf32d1a989 53db86836fc74b458e2e5eaadb256c6d 21988ed041c34e40a0697d06f4bc88d4 - - default default] Successfully bumped revision number for resource 6aace7de-2ce8-414c-9934-316a0a0af4f9 (type: security_group_rules) to 0
2026-06-30 19:10:13.506 10 INFO neutron.db.ovn_revision_numbers_db [req-7d2b6d8d-10d7-4504-8232-1e88c492afbc req-1d648b7e-9dc4-4f3b-9ed1-debf32d1a989 53db86836fc74b458e2e5eaadb256c6d 21988ed041c34e40a0697d06f4bc88d4 - - default default] Successfully bumped revision number for resource a168d8d5-7176-4b39-bbf9-9c052ad6720e (type: security_group_rules) to 0
2026-06-30 19:10:13.539 10 INFO neutron.api.wsgi [req-7d2b6d8d-10d7-4504-8232-1e88c492afbc req-1d648b7e-9dc4-4f3b-9ed1-debf32d1a989 53db86836fc74b458e2e5eaadb256c6d 21988ed041c34e40a0697d06f4bc88d4 - - default default] 10.0.0.14 "POST /v2.0/security-groups HTTP/1.1" status: 201 len: 1886 time: 0.2001534
2026-06-30 19:10:13.576 9 WARNING neutron_lib.context [req-050983c0-0db0-4f85-8e2f-75586875627d req-63af75d5-9690-46f3-907f-a7bc36e2cbe6 53db86836fc74b458e2e5eaadb256c6d 21988ed041c34e40a0697d06f4bc88d4 - - default default] Method 'is_advsvc' is deprecated since 2023.2 release (neutron-lib 3.8.0) and will be removed once support for the old RBAC API policies will be removed from Neutron. Please use method 'is_service_role' instead.
2026-06-30 19:10:13.654 10 INFO neutron.db.ovn_revision_numbers_db [None req-907c8c7e-4f44-4cf0-822e-078f683b37fe - - - - - -] Successfully bumped revision number for resource 1073ead6-4bec-4b2e-8768-d844d00fecef (type: ports) to 2
2026-06-30 19:10:13.695 9 INFO neutron.db.ovn_revision_numbers_db [req-050983c0-0db0-4f85-8e2f-75586875627d req-63af75d5-9690-46f3-907f-a7bc36e2cbe6 53db86836fc74b458e2e5eaadb256c6d 21988ed041c34e40a0697d06f4bc88d4 - - default default] Successfully bumped revision number for resource bcdfd103-71ca-4dfc-b639-b315794b8cd2 (type: security_groups) to 1
2026-06-30 19:10:13.717 9 INFO neutron.db.ovn_revision_numbers_db [req-050983c0-0db0-4f85-8e2f-75586875627d req-63af75d5-9690-46f3-907f-a7bc36e2cbe6 53db86836fc74b458e2e5eaadb256c6d 21988ed041c34e40a0697d06f4bc88d4 - - default default] Successfully bumped revision number for resource 4327bb3b-cb24-4503-b5b1-dddde52502b7 (type: security_group_rules) to 0
2026-06-30 19:10:13.731 9 INFO neutron.db.ovn_revision_numbers_db [req-050983c0-0db0-4f85-8e2f-75586875627d req-63af75d5-9690-46f3-907f-a7bc36e2cbe6 53db86836fc74b458e2e5eaadb256c6d 21988ed041c34e40a0697d06f4bc88d4 - - default default] Successfully bumped revision number for resource c3dbd24f-0a01-4a2e-a0e9-8046d31b2be0 (type: security_group_rules) to 0
2026-06-30 19:10:13.759 10 INFO neutron.api.wsgi [req-a3348b1f-09b2-4c52-bb4b-755460a001ef req-93fade3f-661c-4b07-b624-93c29eb07c9a 1a9334110d904cd899850b8d5bdb5192 5e03a257fdca4a408cb8e2b9ae2899ee - - default default] 10.0.0.14 "GET /v2.0/ports?device_id=b9fa431b-0bfb-414a-861a-841574faa280 HTTP/1.1" status: 200 len: 1168 time: 0.0387638
2026-06-30 19:10:13.770 9 INFO neutron.api.wsgi [req-050983c0-0db0-4f85-8e2f-75586875627d req-63af75d5-9690-46f3-907f-a7bc36e2cbe6 53db86836fc74b458e2e5eaadb256c6d 21988ed041c34e40a0697d06f4bc88d4 - - default default] 10.0.0.14 "POST /v2.0/security-groups HTTP/1.1" status: 201 len: 1885 time: 0.2009985
2026-06-30 19:10:13.801 10 INFO neutron.api.wsgi [req-a3348b1f-09b2-4c52-bb4b-755460a001ef req-57588d27-472d-496f-924d-e0ad23fcadec 1a9334110d904cd899850b8d5bdb5192 5e03a257fdca4a408cb8e2b9ae2899ee - - default default] 10.0.0.14 "GET /v2.0/security-groups?id=99d5f6f4-90e1-434a-b86f-448fd9ca6c2b&fields=id&fields=name HTTP/1.1" status: 200 len: 312 time: 0.0351164
2026-06-30 19:10:13.845 9 INFO neutron.api.wsgi [req-9a7a2557-0f05-4e7d-bd03-cf5fadc55603 req-1bf984a9-979f-43cc-8787-0b6d4aa311a0 53db86836fc74b458e2e5eaadb256c6d 21988ed041c34e40a0697d06f4bc88d4 - - default default] 10.0.0.14 "GET /v2.0/security-groups?tenant_id=21988ed041c34e40a0697d06f4bc88d4 HTTP/1.1" status: 200 len: 8107 time: 0.0489697
2026-06-30 19:10:13.883 9 INFO neutron.api.wsgi [req-9a7a2557-0f05-4e7d-bd03-cf5fadc55603 req-5df4a501-d374-4e17-ba3a-4967ea664d59 53db86836fc74b458e2e5eaadb256c6d 21988ed041c34e40a0697d06f4bc88d4 - - default default] 10.0.0.14 "GET /v2.0/security-groups/2cffb092-45b1-4590-a7d3-d67623891530 HTTP/1.1" status: 200 len: 3122 time: 0.0317297
2026-06-30 19:10:13.921 9 INFO neutron.api.wsgi [req-9a7a2557-0f05-4e7d-bd03-cf5fadc55603 req-b57caa42-24b1-4d73-a00a-44859134136c 53db86836fc74b458e2e5eaadb256c6d 21988ed041c34e40a0697d06f4bc88d4 - - default default] 10.0.0.14 "GET /v2.0/security-groups/2cffb092-45b1-4590-a7d3-d67623891530 HTTP/1.1" status: 200 len: 3122 time: 0.0320489
2026-06-30 19:10:13.940 10 INFO neutron.api.wsgi [req-d5567493-e581-4c5b-a161-400d27ebc4f4 req-1aad574f-e8a7-4ac6-8b03-874c234c73f9 48fb32587af148f6b8414953c3fae69d a762f19f178245189970306ea22c726e - - default default] 10.0.0.14 "GET /v2.0/ports?device_id=c06a8cdd-fc9e-44f7-bc92-467f7edc42dd HTTP/1.1" status: 200 len: 1172 time: 0.0362675
2026-06-30 19:10:13.960 9 INFO neutron.api.wsgi [req-d12da2e6-da72-4dc9-bc72-f8c747713b17 req-033b0c79-67ab-48e3-935c-fd6dd54eceea 53db86836fc74b458e2e5eaadb256c6d 21988ed041c34e40a0697d06f4bc88d4 - - default default] 10.0.0.14 "GET /v2.0/security-groups/9bef165f-c7aa-4811-9ab8-d294a1baad46 HTTP/1.1" status: 200 len: 1881 time: 0.0185399
2026-06-30 19:10:13.971 10 INFO neutron.api.wsgi [req-d5567493-e581-4c5b-a161-400d27ebc4f4 req-68ec4e42-401b-4fcf-a166-b282ae05990b 48fb32587af148f6b8414953c3fae69d a762f19f178245189970306ea22c726e - - default default] 10.0.0.14 "GET /v2.0/security-groups?id=aa55ee59-af03-4d0a-b9d8-2e0214adb5a5&fields=id&fields=name HTTP/1.1" status: 200 len: 312 time: 0.0245032
2026-06-30 19:10:14.045 9 INFO neutron.plugins.ml2.drivers.ovn.mech_driver.mech_driver [None req-2db03722-85b2-4b31-aa07-e0a77d52fd18 - - - - - -] OVN reports status up for port: 4a7595e3-f5f4-47aa-b93a-f093895bbd6e
2026-06-30 19:10:14.072 9 INFO neutron.plugins.ml2.plugin [None req-2db03722-85b2-4b31-aa07-e0a77d52fd18 - - - - - -] Attempt 1 to provision port 4a7595e3-f5f4-47aa-b93a-f093895bbd6e
2026-06-30 19:10:14.100 9 INFO neutron.api.wsgi [None req-623613fb-bc87-4ce6-a8d5-47f0609ee9c5 6aee63c5bf7f4e1d8e4c5fc66b128fe9 753fd76eb4dc4ae6b857354d3dc23b0f - - default default] 10.0.0.143 "GET /v2.0/extensions HTTP/1.1" status: 200 len: 19293 time: 0.1734757
2026-06-30 19:10:14.114 9 INFO neutron.api.wsgi [None req-2b2ccce4-4118-4f78-a163-e7b9c36f5203 6aee63c5bf7f4e1d8e4c5fc66b128fe9 753fd76eb4dc4ae6b857354d3dc23b0f - - default default] 10.0.0.143 "GET /v2.0/extensions/address-group HTTP/1.1" status: 200 len: 353 time: 0.0054584
2026-06-30 19:10:14.124 10 INFO neutron.api.wsgi [None req-ace1bd2e-ed6e-4e84-a8eb-e3b3822395b1 6aee63c5bf7f4e1d8e4c5fc66b128fe9 753fd76eb4dc4ae6b857354d3dc23b0f - - default default] 10.0.0.143 "GET /v2.0/extensions/address-scope HTTP/1.1" status: 200 len: 357 time: 0.0045118
2026-06-30 19:10:14.131 9 INFO neutron.api.wsgi [None req-41824c3f-a4a5-41b6-9ced-4ea0ba761507 6aee63c5bf7f4e1d8e4c5fc66b128fe9 753fd76eb4dc4ae6b857354d3dc23b0f - - default default] 10.0.0.143 "GET /v2.0/extensions/agent HTTP/1.1" status: 200 len: 347 time: 0.0048764
2026-06-30 19:10:14.146 10 INFO neutron.api.wsgi [None req-138c9429-be2b-4b5a-971a-1b5dc893f360 6aee63c5bf7f4e1d8e4c5fc66b128fe9 753fd76eb4dc4ae6b857354d3dc23b0f - - default default] 10.0.0.143 "GET /v2.0/extensions/allowed-address-pairs HTTP/1.1" status: 200 len: 378 time: 0.0097418
2026-06-30 19:10:14.153 10 INFO neutron.api.wsgi [None req-55939214-ddc3-4286-870c-3674291067d9 6aee63c5bf7f4e1d8e4c5fc66b128fe9 753fd76eb4dc4ae6b857354d3dc23b0f - - default default] 10.0.0.143 "GET /v2.0/extensions/auto-allocated-topology HTTP/1.1" status: 200 len: 394 time: 0.0044875
2026-06-30 19:10:14.153 9 INFO neutron.api.wsgi [req-d12da2e6-da72-4dc9-bc72-f8c747713b17 req-2717be97-f852-4adb-9bfe-9b5eac773098 53db86836fc74b458e2e5eaadb256c6d 21988ed041c34e40a0697d06f4bc88d4 - - default default] 10.0.0.14 "DELETE /v2.0/security-groups/9bef165f-c7aa-4811-9ab8-d294a1baad46 HTTP/1.1" status: 204 len: 173 time: 0.1855581
2026-06-30 19:10:14.160 10 INFO neutron.api.wsgi [None req-d17a390e-9274-431e-860d-9e3fadebadfa 6aee63c5bf7f4e1d8e4c5fc66b128fe9 753fd76eb4dc4ae6b857354d3dc23b0f - - default default] 10.0.0.143 "GET /v2.0/extensions/availability_zone HTTP/1.1" status: 200 len: 372 time: 0.0041122
2026-06-30 19:10:14.166 10 INFO neutron.api.wsgi [None req-a2435a52-9d82-4903-a641-a5bfb2157439 6aee63c5bf7f4e1d8e4c5fc66b128fe9 753fd76eb4dc4ae6b857354d3dc23b0f - - default default] 10.0.0.143 "GET /v2.0/extensions/default-subnetpools HTTP/1.1" status: 200 len: 405 time: 0.0035651
2026-06-30 19:10:14.173 10 INFO neutron.api.wsgi [None req-5deb45bb-95b6-4592-b007-a81cd4185718 6aee63c5bf7f4e1d8e4c5fc66b128fe9 753fd76eb4dc4ae6b857354d3dc23b0f - - default default] 10.0.0.143 "GET /v2.0/extensions/dhcp_agent_scheduler HTTP/1.1" status: 200 len: 381 time: 0.0036328
2026-06-30 19:10:14.179 9 INFO neutron.api.wsgi [None req-04929fb3-24e0-42bd-b075-f51d91ae9f5d 6aee63c5bf7f4e1d8e4c5fc66b128fe9 753fd76eb4dc4ae6b857354d3dc23b0f - - default default] 10.0.0.143 "GET /v2.0/extensions/dns-integration HTTP/1.1" status: 200 len: 366 time: 0.0032580
2026-06-30 19:10:14.185 10 INFO neutron.api.wsgi [None req-99cf5f5f-6e24-4bad-a743-f3ee6543a65e 6aee63c5bf7f4e1d8e4c5fc66b128fe9 753fd76eb4dc4ae6b857354d3dc23b0f - - default default] 10.0.0.143 "GET /v2.0/extensions/dns-domain-ports HTTP/1.1" status: 200 len: 399 time: 0.0035014
2026-06-30 19:10:14.194 9 INFO neutron.api.wsgi [None req-167d873d-7b87-41fc-b793-8db334ae4c04 6aee63c5bf7f4e1d8e4c5fc66b128fe9 753fd76eb4dc4ae6b857354d3dc23b0f - - default default] 10.0.0.143 "GET /v2.0/extensions/dns-integration-domain-keywords HTTP/1.1" status: 200 len: 477 time: 0.0064468
2026-06-30 19:10:14.198 10 INFO neutron.api.v2.resource [req-588ee2a5-3c1f-4b80-8dae-1ed24dccdaaa req-b899b6b2-7804-4a07-93c2-c070f3047bcb 53db86836fc74b458e2e5eaadb256c6d 21988ed041c34e40a0697d06f4bc88d4 - - default default] show failed (client error): The resource could not be found.
2026-06-30 19:10:14.199 10 INFO neutron.api.wsgi [req-588ee2a5-3c1f-4b80-8dae-1ed24dccdaaa req-b899b6b2-7804-4a07-93c2-c070f3047bcb 53db86836fc74b458e2e5eaadb256c6d 21988ed041c34e40a0697d06f4bc88d4 - - default default] 10.0.0.14 "GET /v2.0/security-groups/9bef165f-c7aa-4811-9ab8-d294a1baad46 HTTP/1.1" status: 404 len: 352 time: 0.0134792
2026-06-30 19:10:14.202 9 INFO neutron.api.wsgi [None req-57940e69-c36d-4e10-9f83-ca8c8f3bb4de 6aee63c5bf7f4e1d8e4c5fc66b128fe9 753fd76eb4dc4ae6b857354d3dc23b0f - - default default] 10.0.0.143 "GET /v2.0/extensions/empty-string-filtering HTTP/1.1" status: 200 len: 413 time: 0.0042663
2026-06-30 19:10:14.213 10 INFO neutron.api.wsgi [None req-97e105cd-fdc8-46f0-a56e-63d14f324b8f 6aee63c5bf7f4e1d8e4c5fc66b128fe9 753fd76eb4dc4ae6b857354d3dc23b0f - - default default] 10.0.0.143 "GET /v2.0/extensions/external-net HTTP/1.1" status: 200 len: 394 time: 0.0037549
2026-06-30 19:10:14.220 10 INFO neutron.api.wsgi [None req-6b3b379e-c830-481c-93e2-f61bd708bc9d 6aee63c5bf7f4e1d8e4c5fc66b128fe9 753fd76eb4dc4ae6b857354d3dc23b0f - - default default] 10.0.0.143 "GET /v2.0/extensions/extra_dhcp_opt HTTP/1.1" status: 200 len: 498 time: 0.0033953
2026-06-30 19:10:14.227 10 INFO neutron.api.wsgi [None req-2050178e-b91b-4b8a-80ed-6965e1408cb2 6aee63c5bf7f4e1d8e4c5fc66b128fe9 753fd76eb4dc4ae6b857354d3dc23b0f - - default default] 10.0.0.143 "GET /v2.0/extensions/extraroute HTTP/1.1" status: 200 len: 375 time: 0.0036905
2026-06-30 19:10:14.233 10 INFO neutron.api.wsgi [None req-868ccaef-a5f1-499c-b1e4-6bf48a1ee91c 6aee63c5bf7f4e1d8e4c5fc66b128fe9 753fd76eb4dc4ae6b857354d3dc23b0f - - default default] 10.0.0.143 "GET /v2.0/extensions/floating-ip-port-forwarding-detail HTTP/1.1" status: 200 len: 465 time: 0.0035763
2026-06-30 19:10:14.243 10 INFO neutron.api.wsgi [None req-cccde07f-d53e-4d66-bab7-3ab80c078a7c 6aee63c5bf7f4e1d8e4c5fc66b128fe9 753fd76eb4dc4ae6b857354d3dc23b0f - - default default] 10.0.0.143 "GET /v2.0/extensions/fip-port-details HTTP/1.1" status: 200 len: 406 time: 0.0057590
2026-06-30 19:10:14.249 10 INFO neutron.api.wsgi [None req-95e9d784-a173-44da-92fa-7770e8a5a23c 6aee63c5bf7f4e1d8e4c5fc66b128fe9 753fd76eb4dc4ae6b857354d3dc23b0f - - default default] 10.0.0.143 "GET /v2.0/extensions/flavors HTTP/1.1" status: 200 len: 387 time: 0.0029175
2026-06-30 19:10:14.259 9 INFO neutron.api.wsgi [None req-fe083389-43c7-427d-baf2-bcb2c30a21e6 6aee63c5bf7f4e1d8e4c5fc66b128fe9 753fd76eb4dc4ae6b857354d3dc23b0f - - default default] 10.0.0.143 "GET /v2.0/extensions/floatingip-pools HTTP/1.1" status: 200 len: 382 time: 0.0045559
2026-06-30 19:10:14.261 9 INFO neutron.api.wsgi [req-c591c5ed-f4ec-465f-93db-01e9901f95e8 req-6c43aada-7faa-42cf-9f61-b1a0909917f9 53db86836fc74b458e2e5eaadb256c6d 21988ed041c34e40a0697d06f4bc88d4 - - default default] 10.0.0.14 "GET /v2.0/security-groups/3882aa3d-1012-4404-b41c-045ca3ab555a HTTP/1.1" status: 200 len: 1881 time: 0.0408220
2026-06-30 19:10:14.265 9 INFO neutron.notifiers.nova [-] Nova event matching ['req-bae9d4f8-e4ba-4f37-b558-ebcc520a8116'] response: {'server_uuid': 'c06a8cdd-fc9e-44f7-bc92-467f7edc42dd', 'name': 'network-vif-plugged', 'status': 'completed', 'tag': '4a7595e3-f5f4-47aa-b93a-f093895bbd6e', 'code': 200}
2026-06-30 19:10:14.268 9 INFO neutron.api.wsgi [None req-e5901d80-7476-4cd1-8fa3-3585a732c7ed 6aee63c5bf7f4e1d8e4c5fc66b128fe9 753fd76eb4dc4ae6b857354d3dc23b0f - - default default] 10.0.0.143 "GET /v2.0/extensions/ip_allocation HTTP/1.1" status: 200 len: 356 time: 0.0039558
2026-06-30 19:10:14.276 9 INFO neutron.api.wsgi [None req-f359a288-ccbf-4964-b23c-f10199136b7b 6aee63c5bf7f4e1d8e4c5fc66b128fe9 753fd76eb4dc4ae6b857354d3dc23b0f - - default default] 10.0.0.143 "GET /v2.0/extensions/l2_adjacency HTTP/1.1" status: 200 len: 372 time: 0.0050926
2026-06-30 19:10:14.289 10 INFO neutron.api.wsgi [None req-d31394a3-639a-4f71-8508-c6431d363b8d 6aee63c5bf7f4e1d8e4c5fc66b128fe9 753fd76eb4dc4ae6b857354d3dc23b0f - - default default] 10.0.0.143 "GET /v2.0/extensions/router HTTP/1.1" status: 200 len: 450 time: 0.0094016
2026-06-30 19:10:14.302 10 INFO neutron.api.wsgi [None req-7b7f91f9-b699-4993-92bc-cc439b5914b6 6aee63c5bf7f4e1d8e4c5fc66b128fe9 753fd76eb4dc4ae6b857354d3dc23b0f - - default default] 10.0.0.143 "GET /v2.0/extensions/enable-default-route-bfd HTTP/1.1" status: 200 len: 406 time: 0.0073047
2026-06-30 19:10:14.309 10 INFO neutron.api.wsgi [None req-da487ec8-f1d4-4ace-ae8b-b1e4f993b683 6aee63c5bf7f4e1d8e4c5fc66b128fe9 753fd76eb4dc4ae6b857354d3dc23b0f - - default default] 10.0.0.143 "GET /v2.0/extensions/enable-default-route-ecmp HTTP/1.1" status: 200 len: 409 time: 0.0036438
2026-06-30 19:10:14.319 10 INFO neutron.api.wsgi [None req-8a4c2084-c23d-4c38-a5b6-998e22d68b76 6aee63c5bf7f4e1d8e4c5fc66b128fe9 753fd76eb4dc4ae6b857354d3dc23b0f - - default default] 10.0.0.143 "GET /v2.0/extensions/ext-gw-mode HTTP/1.1" status: 200 len: 462 time: 0.0057580
2026-06-30 19:10:14.328 10 INFO neutron.api.wsgi [None req-f52f47e2-4fff-4cb5-982b-6429a28c8224 6aee63c5bf7f4e1d8e4c5fc66b128fe9 753fd76eb4dc4ae6b857354d3dc23b0f - - default default] 10.0.0.143 "GET /v2.0/extensions/l3-ha HTTP/1.1" status: 200 len: 360 time: 0.0052252
2026-06-30 19:10:14.338 10 INFO neutron.api.wsgi [None req-8f1ecf86-0407-44f5-9da2-8b74f4654846 6aee63c5bf7f4e1d8e4c5fc66b128fe9 753fd76eb4dc4ae6b857354d3dc23b0f - - default default] 10.0.0.143 "GET /v2.0/extensions/external-gateway-multihoming HTTP/1.1" status: 200 len: 421 time: 0.0048938
2026-06-30 19:10:14.352 10 INFO neutron.api.wsgi [None req-dc7af417-c30a-4310-98e8-3ac1e777197e 6aee63c5bf7f4e1d8e4c5fc66b128fe9 753fd76eb4dc4ae6b857354d3dc23b0f - - default default] 10.0.0.143 "GET /v2.0/extensions/l3-flavors HTTP/1.1" status: 200 len: 366 time: 0.0075777
2026-06-30 19:10:14.359 10 INFO neutron.api.wsgi [None req-174f2849-7d98-4be4-8cc8-819e39005acf 6aee63c5bf7f4e1d8e4c5fc66b128fe9 753fd76eb4dc4ae6b857354d3dc23b0f - - default default] 10.0.0.143 "GET /v2.0/extensions/logging HTTP/1.1" status: 200 len: 407 time: 0.0029933
2026-06-30 19:10:14.367 10 INFO neutron.api.wsgi [None req-35f496c0-f86c-4dd8-b810-d787add10191 6aee63c5bf7f4e1d8e4c5fc66b128fe9 753fd76eb4dc4ae6b857354d3dc23b0f - - default default] 10.0.0.143 "GET /v2.0/extensions/multi-provider HTTP/1.1" status: 200 len: 406 time: 0.0047622
2026-06-30 19:10:14.374 10 INFO neutron.api.wsgi [None req-ed6d1b30-7f5c-4748-a59a-39db41e425ec 6aee63c5bf7f4e1d8e4c5fc66b128fe9 753fd76eb4dc4ae6b857354d3dc23b0f - - default default] 10.0.0.143 "GET /v2.0/extensions/net-mtu HTTP/1.1" status: 200 len: 370 time: 0.0038347
