2026-06-30 19:10:58.601 9 INFO neutron.api.v2.resource [None req-63bf2873-5a47-4591-ae5a-7dec6d4bcbd4 0b7b2c63320742a1ad5098133cfbaa78 d736bf4908ad466c9ae82fdf03ba0436 - - default default] show failed (client error): The resource could not be found.
2026-06-30 19:10:58.603 9 INFO neutron.api.wsgi [None req-63bf2873-5a47-4591-ae5a-7dec6d4bcbd4 0b7b2c63320742a1ad5098133cfbaa78 d736bf4908ad466c9ae82fdf03ba0436 - - default default] 10.0.0.143 "GET /v2.0/security-groups/8edd20a5-017b-4a45-a4b7-66fb37976d77 HTTP/1.1" status: 404 len: 347 time: 0.0100048
2026-06-30 19:10:58.679 10 INFO neutron.api.wsgi [None req-0788ab11-5f3c-47cf-b165-c0ae4c67a9e4 67ae118285674c62a65c419b39190daa 8097bc9c318840a4bab6e3e45382da8f - - default default] 10.0.0.143 "DELETE /v2.0/security-group-rules/daaed968-447c-4889-82e7-614800dacc90 HTTP/1.1" status: 204 len: 168 time: 0.1452081 /var/lib/openstack/lib/python3.12/site-packages/pycadf/identifier.py:71: UserWarning: Invalid uuid: neutron. To ensure interoperability, identifiers should be a valid uuid. warnings.warn(('Invalid uuid: %s. To ensure interoperability, '
2026-06-30 19:10:58.712 10 WARNING neutron.scheduler.dhcp_agent_scheduler [None req-07c53374-5990-487c-b82c-4c2fcf6e2dd6 81df716a6fbe43a7b90658256a131e4f a1ef4ab829aa48438f4e83f4c345cc64 - - default default] No more DHCP agents
2026-06-30 19:10:58.714 10 WARNING neutron.api.rpc.agentnotifiers.dhcp_rpc_agent_api [None req-07c53374-5990-487c-b82c-4c2fcf6e2dd6 81df716a6fbe43a7b90658256a131e4f a1ef4ab829aa48438f4e83f4c345cc64 - - default default] Unable to schedule network e103945c-81c3-4896-9b49-52725fd537f5: no agents available; will retry on subsequent port and subnet creation events.
2026-06-30 19:10:58.744 10 INFO neutron.api.wsgi [None req-ef928939-aeea-4bd3-9781-9ff83cb600f8 67ae118285674c62a65c419b39190daa 8097bc9c318840a4bab6e3e45382da8f - - default default] 10.0.0.143 "GET /v2.0/security-group-rules HTTP/1.1" status: 200 len: 3755 time: 0.0587664 /var/lib/openstack/lib/python3.12/site-packages/pycadf/identifier.py:71: UserWarning: Invalid uuid: neutron. To ensure interoperability, identifiers should be a valid uuid. warnings.warn(('Invalid uuid: %s. To ensure interoperability, '
2026-06-30 19:10:58.753 10 WARNING neutron_lib.context [None req-4797419e-4c6f-4dd8-b195-cd09ca71c7f9 67ae118285674c62a65c419b39190daa 8097bc9c318840a4bab6e3e45382da8f - - default default] Method 'is_advsvc' is deprecated since 2023.2 release (neutron-lib 3.8.0) and will be removed once support for the old RBAC API policies will be removed from Neutron. Please use method 'is_service_role' instead.
2026-06-30 19:10:58.799 10 INFO neutron.db.ovn_revision_numbers_db [None req-07c53374-5990-487c-b82c-4c2fcf6e2dd6 81df716a6fbe43a7b90658256a131e4f a1ef4ab829aa48438f4e83f4c345cc64 - - default default] Successfully bumped revision number for resource dad6cded-8f18-4419-a002-f1bccaeb958f (type: ports) to 1
2026-06-30 19:10:58.828 10 INFO neutron.api.wsgi [None req-07c53374-5990-487c-b82c-4c2fcf6e2dd6 81df716a6fbe43a7b90658256a131e4f a1ef4ab829aa48438f4e83f4c345cc64 - - default default] 10.0.0.143 "POST /v2.0/ports HTTP/1.1" status: 201 len: 977 time: 0.3811548
2026-06-30 19:10:58.838 10 WARNING neutron_lib.context [None req-7c30289f-40cb-4740-94e1-23ec9b4262d7 81df716a6fbe43a7b90658256a131e4f a1ef4ab829aa48438f4e83f4c345cc64 - - default default] Method 'is_advsvc' is deprecated since 2023.2 release (neutron-lib 3.8.0) and will be removed once support for the old RBAC API policies will be removed from Neutron. Please use method 'is_service_role' instead.
2026-06-30 19:10:58.887 10 INFO neutron.db.ovn_revision_numbers_db [None req-4797419e-4c6f-4dd8-b195-cd09ca71c7f9 67ae118285674c62a65c419b39190daa 8097bc9c318840a4bab6e3e45382da8f - - default default] Successfully bumped revision number for resource 7852d73a-dacc-4703-8b71-29630be0ea78 (type: security_group_rules) to 0
2026-06-30 19:10:58.907 9 INFO neutron.api.wsgi [None req-01991761-5aa0-45f6-b81c-6844a25fc804 0b7b2c63320742a1ad5098133cfbaa78 d736bf4908ad466c9ae82fdf03ba0436 - - default default] 10.0.0.143 "DELETE /v2.0/floatingips/05854b00-a6b5-492f-b4b4-3d836a7f96b9 HTTP/1.1" status: 204 len: 168 time: 0.2978575
2026-06-30 19:10:58.912 10 INFO neutron.api.wsgi [None req-4797419e-4c6f-4dd8-b195-cd09ca71c7f9 67ae118285674c62a65c419b39190daa 8097bc9c318840a4bab6e3e45382da8f - - default default] 10.0.0.143 "POST /v2.0/security-group-rules HTTP/1.1" status: 201 len: 800 time: 0.1637225
2026-06-30 19:10:58.915 10 INFO neutron.db.segments_db [None req-7c30289f-40cb-4740-94e1-23ec9b4262d7 81df716a6fbe43a7b90658256a131e4f a1ef4ab829aa48438f4e83f4c345cc64 - - default default] Added segment cb3e743c-3d2c-4059-a0c2-9e2b01e7d75d of type geneve for network 1791ece1-6452-4da7-bde8-f8af7fa2b05f
2026-06-30 19:10:58.952 9 INFO neutron.api.wsgi [None req-fd117fa4-2a88-4bc7-920f-5c0d3faf10b6 67ae118285674c62a65c419b39190daa 8097bc9c318840a4bab6e3e45382da8f - - default default] 10.0.0.143 "GET /v2.0/security-group-rules/7852d73a-dacc-4703-8b71-29630be0ea78 HTTP/1.1" status: 200 len: 795 time: 0.0357227
2026-06-30 19:10:59.023 9 INFO neutron.api.wsgi [None req-feed05b7-e674-4dde-a28e-b6e5401ea4e4 67ae118285674c62a65c419b39190daa 8097bc9c318840a4bab6e3e45382da8f - - default default] 10.0.0.143 "GET /v2.0/security-group-rules HTTP/1.1" status: 200 len: 4333 time: 0.0663707
2026-06-30 19:10:59.023 10 INFO neutron.db.ovn_revision_numbers_db [None req-7c30289f-40cb-4740-94e1-23ec9b4262d7 81df716a6fbe43a7b90658256a131e4f a1ef4ab829aa48438f4e83f4c345cc64 - - default default] Successfully bumped revision number for resource 1791ece1-6452-4da7-bde8-f8af7fa2b05f (type: networks) to 1
2026-06-30 19:10:59.104 9 INFO neutron.api.wsgi [req-eba2e804-8d54-479d-a8cc-e256f045992a req-acfc29f6-1189-40a2-a62b-730eebe5e145 bac24df5a7c246e5b74f40a83f1f10f3 83999fb9621d4058b9da56e2f719922f - - f38a3932c05f420b816f06f07e6c4eca f38a3932c05f420b816f06f07e6c4eca] 199.204.45.70 "GET /v2.0/ports?tenant_id=a03e10692a984860ae73261cc3dbe82c&device_id=87324cdc-1687-4950-8876-c98eb4b4322f HTTP/1.1" status: 200 len: 1413 time: 0.0397103
2026-06-30 19:10:59.176 9 INFO neutron.api.wsgi [None req-06e05b5d-2fc1-469f-b833-a092164384d2 67ae118285674c62a65c419b39190daa 8097bc9c318840a4bab6e3e45382da8f - - default default] 10.0.0.143 "DELETE /v2.0/security-group-rules/7852d73a-dacc-4703-8b71-29630be0ea78 HTTP/1.1" status: 204 len: 168 time: 0.1474042
2026-06-30 19:10:59.209 10 WARNING neutron.scheduler.dhcp_agent_scheduler [None req-7c30289f-40cb-4740-94e1-23ec9b4262d7 81df716a6fbe43a7b90658256a131e4f a1ef4ab829aa48438f4e83f4c345cc64 - - default default] No more DHCP agents
2026-06-30 19:10:59.211 10 WARNING neutron.api.rpc.agentnotifiers.dhcp_rpc_agent_api [None req-7c30289f-40cb-4740-94e1-23ec9b4262d7 81df716a6fbe43a7b90658256a131e4f a1ef4ab829aa48438f4e83f4c345cc64 - - default default] Unable to schedule network 1791ece1-6452-4da7-bde8-f8af7fa2b05f: no agents available; will retry on subsequent port and subnet creation events.
2026-06-30 19:10:59.232 10 INFO neutron.api.wsgi [None req-08791405-54da-440e-9734-0a989b561e28 67ae118285674c62a65c419b39190daa 8097bc9c318840a4bab6e3e45382da8f - - default default] 10.0.0.143 "GET /v2.0/security-group-rules HTTP/1.1" status: 200 len: 3755 time: 0.0505435
2026-06-30 19:10:59.240 10 WARNING neutron_lib.context [None req-16d890c3-a357-43b1-a0f2-dd9e9f8ce8c9 67ae118285674c62a65c419b39190daa 8097bc9c318840a4bab6e3e45382da8f - - default default] Method 'is_advsvc' is deprecated since 2023.2 release (neutron-lib 3.8.0) and will be removed once support for the old RBAC API policies will be removed from Neutron. Please use method 'is_service_role' instead.
2026-06-30 19:10:59.272 10 INFO neutron.db.securitygroups_db [None req-16d890c3-a357-43b1-a0f2-dd9e9f8ce8c9 67ae118285674c62a65c419b39190daa 8097bc9c318840a4bab6e3e45382da8f - - default default] Project 8097bc9c318840a4bab6e3e45382da8f added a security group rule with legacy IPv6 ICMP protocol name icmp, ipv6-icmp should be used instead. It was automatically converted.
2026-06-30 19:10:59.280 10 INFO neutron.db.ovn_revision_numbers_db [None req-7c30289f-40cb-4740-94e1-23ec9b4262d7 81df716a6fbe43a7b90658256a131e4f a1ef4ab829aa48438f4e83f4c345cc64 - - default default] Successfully bumped revision number for resource feab3e2f-1b7c-45fa-8f79-1372a11c906c (type: ports) to 1
2026-06-30 19:10:59.301 10 INFO neutron.api.wsgi [None req-7c30289f-40cb-4740-94e1-23ec9b4262d7 81df716a6fbe43a7b90658256a131e4f a1ef4ab829aa48438f4e83f4c345cc64 - - default default] 10.0.0.143 "POST /v2.0/networks HTTP/1.1" status: 201 len: 834 time: 0.4671280
2026-06-30 19:10:59.310 10 WARNING neutron_lib.context [None req-d980a345-0237-4f37-9edb-e2797c36d427 81df716a6fbe43a7b90658256a131e4f a1ef4ab829aa48438f4e83f4c345cc64 - - default default] Method 'is_advsvc' is deprecated since 2023.2 release (neutron-lib 3.8.0) and will be removed once support for the old RBAC API policies will be removed from Neutron. Please use method 'is_service_role' instead.
2026-06-30 19:10:59.348 10 INFO neutron.db.ovn_revision_numbers_db [None req-16d890c3-a357-43b1-a0f2-dd9e9f8ce8c9 67ae118285674c62a65c419b39190daa 8097bc9c318840a4bab6e3e45382da8f - - default default] Successfully bumped revision number for resource aab8d274-5459-4c30-b0d1-106b1741451b (type: security_group_rules) to 0
2026-06-30 19:10:59.385 10 INFO neutron.api.wsgi [None req-16d890c3-a357-43b1-a0f2-dd9e9f8ce8c9 67ae118285674c62a65c419b39190daa 8097bc9c318840a4bab6e3e45382da8f - - default default] 10.0.0.143 "POST /v2.0/security-group-rules HTTP/1.1" status: 201 len: 806 time: 0.1475267
2026-06-30 19:10:59.407 10 INFO neutron.api.wsgi [None req-b8e8e870-2f7e-4f38-b6c4-c84e1e2a9102 67ae118285674c62a65c419b39190daa 8097bc9c318840a4bab6e3e45382da8f - - default default] 10.0.0.143 "GET /v2.0/security-group-rules/aab8d274-5459-4c30-b0d1-106b1741451b HTTP/1.1" status: 200 len: 801 time: 0.0164604
2026-06-30 19:10:59.465 10 INFO neutron.api.wsgi [None req-804f2da7-1547-43f3-8bef-c2a5d9eef1d3 67ae118285674c62a65c419b39190daa 8097bc9c318840a4bab6e3e45382da8f - - default default] 10.0.0.143 "GET /v2.0/security-group-rules HTTP/1.1" status: 200 len: 4339 time: 0.0545557
2026-06-30 19:10:59.503 10 WARNING neutron.scheduler.dhcp_agent_scheduler [None req-d980a345-0237-4f37-9edb-e2797c36d427 81df716a6fbe43a7b90658256a131e4f a1ef4ab829aa48438f4e83f4c345cc64 - - default default] No more DHCP agents
2026-06-30 19:10:59.505 10 WARNING neutron.api.rpc.agentnotifiers.dhcp_rpc_agent_api [None req-d980a345-0237-4f37-9edb-e2797c36d427 81df716a6fbe43a7b90658256a131e4f a1ef4ab829aa48438f4e83f4c345cc64 - - default default] Unable to schedule network 1791ece1-6452-4da7-bde8-f8af7fa2b05f: no agents available; will retry on subsequent port and subnet creation events.
2026-06-30 19:10:59.532 10 INFO neutron.db.ovn_revision_numbers_db [None req-d980a345-0237-4f37-9edb-e2797c36d427 81df716a6fbe43a7b90658256a131e4f a1ef4ab829aa48438f4e83f4c345cc64 - - default default] Successfully bumped revision number for resource ab607457-f168-4304-8ccd-6efffa73e24a (type: subnets) to 0
2026-06-30 19:10:59.548 10 INFO neutron.api.wsgi [None req-d980a345-0237-4f37-9edb-e2797c36d427 81df716a6fbe43a7b90658256a131e4f a1ef4ab829aa48438f4e83f4c345cc64 - - default default] 10.0.0.143 "POST /v2.0/subnets HTTP/1.1" status: 201 len: 845 time: 0.2414989
2026-06-30 19:10:59.558 9 WARNING neutron_lib.context [None req-ebaa7e54-4512-4626-ba39-d5cb421b07ca 81df716a6fbe43a7b90658256a131e4f a1ef4ab829aa48438f4e83f4c345cc64 - - default default] Method 'is_advsvc' is deprecated since 2023.2 release (neutron-lib 3.8.0) and will be removed once support for the old RBAC API policies will be removed from Neutron. Please use method 'is_service_role' instead.
2026-06-30 19:10:59.579 10 INFO neutron.api.wsgi [None req-1d575e58-1a8f-4a8d-b1ea-25c91a836abe 67ae118285674c62a65c419b39190daa 8097bc9c318840a4bab6e3e45382da8f - - default default] 10.0.0.143 "DELETE /v2.0/security-group-rules/aab8d274-5459-4c30-b0d1-106b1741451b HTTP/1.1" status: 204 len: 168 time: 0.1094537
2026-06-30 19:10:59.630 10 INFO neutron.api.wsgi [None req-86feafb4-a59f-4137-99c2-f13940ac5e95 67ae118285674c62a65c419b39190daa 8097bc9c318840a4bab6e3e45382da8f - - default default] 10.0.0.143 "GET /v2.0/security-group-rules HTTP/1.1" status: 200 len: 3755 time: 0.0463948
2026-06-30 19:10:59.687 9 INFO neutron.api.wsgi [req-eba2e804-8d54-479d-a8cc-e256f045992a req-520e8cf4-a6e7-464a-8359-4e9925bf6fa7 bac24df5a7c246e5b74f40a83f1f10f3 83999fb9621d4058b9da56e2f719922f - - f38a3932c05f420b816f06f07e6c4eca f38a3932c05f420b816f06f07e6c4eca] 199.204.45.70 "GET /v2.0/networks?id=a20e5e2e-2d42-4de0-b7dc-dfa0d187ac6b HTTP/1.1" status: 200 len: 981 time: 0.0703781
2026-06-30 19:10:59.735 10 INFO neutron.api.wsgi [None req-581efc2f-07f2-49e9-8b5c-49528296ede4 67ae118285674c62a65c419b39190daa 8097bc9c318840a4bab6e3e45382da8f - - default default] 10.0.0.143 "DELETE /v2.0/security-groups/fe827cb4-78cc-45bc-b0ea-64d136b32982 HTTP/1.1" status: 204 len: 168 time: 0.0969520
2026-06-30 19:10:59.747 9 INFO neutron.api.wsgi [req-eba2e804-8d54-479d-a8cc-e256f045992a req-a06dfffd-1f06-419d-8f03-7c30105ab96e bac24df5a7c246e5b74f40a83f1f10f3 83999fb9621d4058b9da56e2f719922f - - f38a3932c05f420b816f06f07e6c4eca f38a3932c05f420b816f06f07e6c4eca] 199.204.45.70 "GET /v2.0/floatingips?fixed_ip_address=10.100.0.13&port_id=717c9b19-d7fc-4fc7-b47c-fb753d081a3e HTTP/1.1" status: 200 len: 1060 time: 0.0516961
2026-06-30 19:10:59.804 9 INFO neutron.api.wsgi [req-eba2e804-8d54-479d-a8cc-e256f045992a req-90e89ac3-f555-41c1-a9ff-812a4fb2f399 bac24df5a7c246e5b74f40a83f1f10f3 83999fb9621d4058b9da56e2f719922f - - f38a3932c05f420b816f06f07e6c4eca f38a3932c05f420b816f06f07e6c4eca] 199.204.45.70 "GET /v2.0/subnets?id=5b3c7ece-2a89-43e4-893c-32a6089848bc HTTP/1.1" status: 200 len: 900 time: 0.0507743
2026-06-30 19:10:59.804 10 INFO neutron.api.wsgi [None req-d4bdae67-ea2b-402e-a9cd-8e217325904a 67ae118285674c62a65c419b39190daa 8097bc9c318840a4bab6e3e45382da8f - - default default] 10.0.0.143 "GET /v2.0/security-groups HTTP/1.1" status: 200 len: 3120 time: 0.0647173
2026-06-30 19:10:59.870 9 INFO neutron.api.wsgi [req-eba2e804-8d54-479d-a8cc-e256f045992a req-dd5f6d13-b2ef-4617-b0ec-da1baf52ef32 bac24df5a7c246e5b74f40a83f1f10f3 83999fb9621d4058b9da56e2f719922f - - f38a3932c05f420b816f06f07e6c4eca f38a3932c05f420b816f06f07e6c4eca] 199.204.45.70 "GET /v2.0/ports?network_id=a20e5e2e-2d42-4de0-b7dc-dfa0d187ac6b&device_owner=network%3Adhcp HTTP/1.1" status: 200 len: 210 time: 0.0600820
2026-06-30 19:10:59.943 9 INFO neutron.api.wsgi [None req-940aaa90-2139-4742-9d98-642dd30d80de 67ae118285674c62a65c419b39190daa 8097bc9c318840a4bab6e3e45382da8f - - default default] 10.0.0.143 "GET /v2.0/security-groups HTTP/1.1" status: 200 len: 3120 time: 0.1098258
2026-06-30 19:10:59.979 9 INFO neutron.api.wsgi [req-eba2e804-8d54-479d-a8cc-e256f045992a req-d043b47a-5cea-4537-b152-344fddfba0fe bac24df5a7c246e5b74f40a83f1f10f3 83999fb9621d4058b9da56e2f719922f - - f38a3932c05f420b816f06f07e6c4eca f38a3932c05f420b816f06f07e6c4eca] 199.204.45.70 "GET /v2.0/networks/a20e5e2e-2d42-4de0-b7dc-dfa0d187ac6b?fields=segments HTTP/1.1" status: 200 len: 212 time: 0.0951271
2026-06-30 19:11:00.079 9 INFO neutron.api.wsgi [None req-f507f822-3c80-4975-b706-36453d14cdee d531a1c615c3483abfe82f7228ade10f db397757abfc4929afa1a4621372bbbc - - default default] 10.0.0.143 "PUT /v2.0/routers/dc33d445-79c8-4646-970b-4268d06f59a1/remove_router_interface HTTP/1.1" status: 200 len: 503 time: 1.1673243 /var/lib/openstack/lib/python3.12/site-packages/pycadf/identifier.py:71: UserWarning: Invalid uuid: neutron. To ensure interoperability, identifiers should be a valid uuid. warnings.warn(('Invalid uuid: %s. To ensure interoperability, '
2026-06-30 19:11:00.096 9 INFO neutron.api.wsgi [req-eba2e804-8d54-479d-a8cc-e256f045992a req-d29addc9-55c7-453d-aa58-0dc63a7ea253 bac24df5a7c246e5b74f40a83f1f10f3 83999fb9621d4058b9da56e2f719922f - - f38a3932c05f420b816f06f07e6c4eca f38a3932c05f420b816f06f07e6c4eca] 199.204.45.70 "GET /v2.0/networks/a20e5e2e-2d42-4de0-b7dc-dfa0d187ac6b?fields=provider%3Aphysical_network&fields=provider%3Anetwork_type HTTP/1.1" status: 200 len: 277 time: 0.1087410
2026-06-30 19:11:00.129 9 WARNING neutron.scheduler.dhcp_agent_scheduler [None req-ebaa7e54-4512-4626-ba39-d5cb421b07ca 81df716a6fbe43a7b90658256a131e4f a1ef4ab829aa48438f4e83f4c345cc64 - - default default] No more DHCP agents
2026-06-30 19:11:00.131 9 WARNING neutron.api.rpc.agentnotifiers.dhcp_rpc_agent_api [None req-ebaa7e54-4512-4626-ba39-d5cb421b07ca 81df716a6fbe43a7b90658256a131e4f a1ef4ab829aa48438f4e83f4c345cc64 - - default default] Unable to schedule network 1791ece1-6452-4da7-bde8-f8af7fa2b05f: no agents available; will retry on subsequent port and subnet creation events.
2026-06-30 19:11:00.255 9 INFO neutron.db.ovn_revision_numbers_db [None req-ebaa7e54-4512-4626-ba39-d5cb421b07ca 81df716a6fbe43a7b90658256a131e4f a1ef4ab829aa48438f4e83f4c345cc64 - - default default] Successfully bumped revision number for resource df7880fd-6001-4f97-9253-0a4ecebbdfaa (type: ports) to 1
2026-06-30 19:11:00.276 9 INFO neutron.api.wsgi [None req-ebaa7e54-4512-4626-ba39-d5cb421b07ca 81df716a6fbe43a7b90658256a131e4f a1ef4ab829aa48438f4e83f4c345cc64 - - default default] 10.0.0.143 "POST /v2.0/ports HTTP/1.1" status: 201 len: 1165 time: 0.7234449
2026-06-30 19:11:00.490 10 INFO neutron.api.wsgi [None req-dc36073b-1d5a-4d36-af01-0322f181583b 81df716a6fbe43a7b90658256a131e4f a1ef4ab829aa48438f4e83f4c345cc64 - - default default] 10.0.0.143 "DELETE /v2.0/ports/df7880fd-6001-4f97-9253-0a4ecebbdfaa HTTP/1.1" status: 204 len: 168 time: 0.2096922
2026-06-30 19:11:00.508 10 INFO neutron.pecan_wsgi.hooks.translation [None req-feae1de5-723c-4f50-a62b-1e9d87cc4667 81df716a6fbe43a7b90658256a131e4f a1ef4ab829aa48438f4e83f4c345cc64 - - default default] DELETE failed (client error): The resource could not be found.
2026-06-30 19:11:00.512 10 INFO neutron.api.wsgi [None req-feae1de5-723c-4f50-a62b-1e9d87cc4667 81df716a6fbe43a7b90658256a131e4f a1ef4ab829aa48438f4e83f4c345cc64 - - default default] 10.0.0.143 "DELETE /v2.0/ports/df7880fd-6001-4f97-9253-0a4ecebbdfaa HTTP/1.1" status: 404 len: 333 time: 0.0178549
2026-06-30 19:11:00.536 10 INFO neutron.pecan_wsgi.hooks.translation [None req-4a2f200a-486d-419d-81e5-5d0bebc0d64d 81df716a6fbe43a7b90658256a131e4f a1ef4ab829aa48438f4e83f4c345cc64 - - default default] GET failed (client error): The resource could not be found.
2026-06-30 19:11:00.538 10 INFO neutron.api.wsgi [None req-4a2f200a-486d-419d-81e5-5d0bebc0d64d 81df716a6fbe43a7b90658256a131e4f a1ef4ab829aa48438f4e83f4c345cc64 - - default default] 10.0.0.143 "GET /v2.0/ports/df7880fd-6001-4f97-9253-0a4ecebbdfaa HTTP/1.1" status: 404 len: 333 time: 0.0201850
2026-06-30 19:11:00.613 10 INFO neutron.api.wsgi [None req-75ecc4d2-01e2-4160-93fa-ddae9979f0cd d531a1c615c3483abfe82f7228ade10f db397757abfc4929afa1a4621372bbbc - - default default] 10.0.0.143 "GET /v2.0/security-groups?tenant_id=8097bc9c318840a4bab6e3e45382da8f&name=default HTTP/1.1" status: 200 len: 3120 time: 0.1183589 /var/lib/openstack/lib/python3.12/site-packages/pycadf/identifier.py:71: UserWarning: Invalid uuid: neutron. To ensure interoperability, identifiers should be a valid uuid. warnings.warn(('Invalid uuid: %s. To ensure interoperability, '
2026-06-30 19:11:00.643 9 INFO neutron.api.wsgi [req-ac03a3e8-5943-453b-8ee0-daa9ca8ca6d3 req-958b251a-8f1a-46b6-ad79-7115be5233af 3868e3d3325c4657b11cc450ed417588 a03e10692a984860ae73261cc3dbe82c - - default default] 199.204.45.70 "GET /v2.0/subnets?network_id=a20e5e2e-2d42-4de0-b7dc-dfa0d187ac6b HTTP/1.1" status: 200 len: 882 time: 0.0329359
2026-06-30 19:11:00.684 10 INFO neutron.api.wsgi [None req-203d2b05-009b-47a0-9bc4-47a5d0e5b6f6 81df716a6fbe43a7b90658256a131e4f a1ef4ab829aa48438f4e83f4c345cc64 - - default default] 10.0.0.143 "DELETE /v2.0/subnets/ab607457-f168-4304-8ccd-6efffa73e24a HTTP/1.1" status: 204 len: 168 time: 0.1398191
2026-06-30 19:11:00.710 9 INFO neutron.api.wsgi [req-ac03a3e8-5943-453b-8ee0-daa9ca8ca6d3 req-5a1ea052-2ec6-4099-a29e-4548beb19f74 3868e3d3325c4657b11cc450ed417588 a03e10692a984860ae73261cc3dbe82c - - default default] 199.204.45.70 "GET /v2.0/ports?device_id=87324cdc-1687-4950-8876-c98eb4b4322f&device_owner=compute%3Anova&network_id=a20e5e2e-2d42-4de0-b7dc-dfa0d187ac6b HTTP/1.1" status: 200 len: 1174 time: 0.0586736
2026-06-30 19:11:00.749 9 INFO neutron.api.wsgi [None req-e5e1244f-4fd3-4241-a6ab-1c867062c4a7 d531a1c615c3483abfe82f7228ade10f db397757abfc4929afa1a4621372bbbc - - default default] 10.0.0.143 "DELETE /v2.0/routers/dc33d445-79c8-4646-970b-4268d06f59a1 HTTP/1.1" status: 204 len: 168 time: 0.6624217
2026-06-30 19:11:00.819 10 INFO neutron.api.wsgi [None req-ecf5ff0b-a16e-43f6-acee-64aad50644d5 d531a1c615c3483abfe82f7228ade10f db397757abfc4929afa1a4621372bbbc - - default default] 10.0.0.143 "DELETE /v2.0/security-groups/a6535312-d814-43d8-b893-d34043e3841f HTTP/1.1" status: 204 len: 168 time: 0.2017674
2026-06-30 19:11:00.893 9 INFO neutron.api.wsgi [None req-1ea404b7-0cda-4694-a6e7-669120158e0a d531a1c615c3483abfe82f7228ade10f db397757abfc4929afa1a4621372bbbc - - default default] 10.0.0.143 "DELETE /v2.0/subnets/0919c38a-b018-4ae1-b99b-cafe6fac73d4 HTTP/1.1" status: 204 len: 168 time: 0.1376901
2026-06-30 19:11:00.983 10 INFO neutron.services.segments.plugin [-] Segment cb3e743c-3d2c-4059-a0c2-9e2b01e7d75d resource provider aggregate not found
2026-06-30 19:11:00.986 10 INFO neutron.services.segments.plugin [-] Segment cb3e743c-3d2c-4059-a0c2-9e2b01e7d75d resource provider aggregate not found
2026-06-30 19:11:00.996 10 INFO neutron.services.segments.plugin [-] Segment cb3e743c-3d2c-4059-a0c2-9e2b01e7d75d resource provider not found; error: Placement Client Error (4xx): {"errors": [{"status": 404, "title": "Not Found", "detail": "The resource could not be found.\n\n No resource provider with uuid cb3e743c-3d2c-4059-a0c2-9e2b01e7d75d found for delete ", "request_id": "req-a0be3423-29af-4b9c-9218-ad1decaf50ad"}]}
2026-06-30 19:11:00.998 10 INFO neutron.services.segments.plugin [-] Segment cb3e743c-3d2c-4059-a0c2-9e2b01e7d75d resource provider not found; error: Placement Client Error (4xx): {"errors": [{"status": 404, "title": "Not Found", "detail": "The resource could not be found.\n\n No resource provider with uuid cb3e743c-3d2c-4059-a0c2-9e2b01e7d75d found for delete ", "request_id": "req-253362d6-b824-4f26-bc3a-dac5933bde02"}]}
2026-06-30 19:11:01.023 10 INFO neutron.api.wsgi [None req-4c0e7061-b67f-4c01-9ea1-10989084638d 81df716a6fbe43a7b90658256a131e4f a1ef4ab829aa48438f4e83f4c345cc64 - - default default] 10.0.0.143 "DELETE /v2.0/networks/1791ece1-6452-4da7-bde8-f8af7fa2b05f HTTP/1.1" status: 204 len: 168 time: 0.3346310
2026-06-30 19:11:01.035 9 WARNING neutron_lib.context [None req-4230ec97-6e5e-447f-9e15-016ce1faddad 81df716a6fbe43a7b90658256a131e4f a1ef4ab829aa48438f4e83f4c345cc64 - - default default] Method 'is_advsvc' is deprecated since 2023.2 release (neutron-lib 3.8.0) and will be removed once support for the old RBAC API policies will be removed from Neutron. Please use method 'is_service_role' instead.
2026-06-30 19:11:01.128 9 INFO neutron.db.segments_db [None req-4230ec97-6e5e-447f-9e15-016ce1faddad 81df716a6fbe43a7b90658256a131e4f a1ef4ab829aa48438f4e83f4c345cc64 - - default default] Added segment caf1687e-7672-433b-bb61-1c7fa96b2655 of type geneve for network 8add5c1b-dfbe-4807-b089-b5ffc5f03089
2026-06-30 19:11:01.242 10 INFO neutron.api.wsgi [None req-ebfeacf7-4fa7-4468-8f68-97380d6706e1 d531a1c615c3483abfe82f7228ade10f db397757abfc4929afa1a4621372bbbc - - default default] 10.0.0.143 "DELETE /v2.0/networks/7a7b489d-2aed-44f1-ac36-c1b6ab7cd40b HTTP/1.1" status: 204 len: 168 time: 0.3424814
2026-06-30 19:11:01.254 9 INFO neutron.db.ovn_revision_numbers_db [None req-4230ec97-6e5e-447f-9e15-016ce1faddad 81df716a6fbe43a7b90658256a131e4f a1ef4ab829aa48438f4e83f4c345cc64 - - default default] Successfully bumped revision number for resource 8add5c1b-dfbe-4807-b089-b5ffc5f03089 (type: networks) to 1
2026-06-30 19:11:01.257 9 INFO neutron.db.ovn_revision_numbers_db [req-ac03a3e8-5943-453b-8ee0-daa9ca8ca6d3 req-03a1d43d-73e6-463a-adc6-b3ef8c4019b2 3868e3d3325c4657b11cc450ed417588 a03e10692a984860ae73261cc3dbe82c - - default default] Successfully bumped revision number for resource 717c9b19-d7fc-4fc7-b47c-fb753d081a3e (type: ports) to 6
2026-06-30 19:11:01.273 9 INFO neutron.api.wsgi [req-ac03a3e8-5943-453b-8ee0-daa9ca8ca6d3 req-03a1d43d-73e6-463a-adc6-b3ef8c4019b2 3868e3d3325c4657b11cc450ed417588 a03e10692a984860ae73261cc3dbe82c - - default default] 199.204.45.70 "PUT /v2.0/ports/717c9b19-d7fc-4fc7-b47c-fb753d081a3e HTTP/1.1" status: 200 len: 1349 time: 0.5590055
2026-06-30 19:11:01.304 9 INFO neutron.notifiers.nova [-] Nova event matching ['req-39e9a0bf-e702-4c56-992f-2fed2c908ff2'] response: {'name': 'network-changed', 'server_uuid': '87324cdc-1687-4950-8876-c98eb4b4322f', 'tag': '717c9b19-d7fc-4fc7-b47c-fb753d081a3e', 'status': 'completed', 'code': 200}
2026-06-30 19:11:01.354 10 INFO neutron.api.wsgi [None req-b11ffa4a-6c70-45d5-a3b8-6d6b1ab34c80 d531a1c615c3483abfe82f7228ade10f db397757abfc4929afa1a4621372bbbc - - default default] 10.0.0.143 "GET /v2.0/security-groups?tenant_id=d736bf4908ad466c9ae82fdf03ba0436&name=default HTTP/1.1" status: 200 len: 3120 time: 0.0279038
2026-06-30 19:11:01.396 9 WARNING neutron.scheduler.dhcp_agent_scheduler [None req-4230ec97-6e5e-447f-9e15-016ce1faddad 81df716a6fbe43a7b90658256a131e4f a1ef4ab829aa48438f4e83f4c345cc64 - - default default] No more DHCP agents
2026-06-30 19:11:01.397 9 WARNING neutron.api.rpc.agentnotifiers.dhcp_rpc_agent_api [None req-4230ec97-6e5e-447f-9e15-016ce1faddad 81df716a6fbe43a7b90658256a131e4f a1ef4ab829aa48438f4e83f4c345cc64 - - default default] Unable to schedule network 8add5c1b-dfbe-4807-b089-b5ffc5f03089: no agents available; will retry on subsequent port and subnet creation events.
2026-06-30 19:11:01.470 9 INFO neutron.db.ovn_revision_numbers_db [None req-4230ec97-6e5e-447f-9e15-016ce1faddad 81df716a6fbe43a7b90658256a131e4f a1ef4ab829aa48438f4e83f4c345cc64 - - default default] Successfully bumped revision number for resource 161d9492-582a-4320-9448-6fce1f7ea14a (type: ports) to 1
2026-06-30 19:11:01.488 9 INFO neutron.api.wsgi [None req-4230ec97-6e5e-447f-9e15-016ce1faddad 81df716a6fbe43a7b90658256a131e4f a1ef4ab829aa48438f4e83f4c345cc64 - - default default] 10.0.0.143 "POST /v2.0/networks HTTP/1.1" status: 201 len: 834 time: 0.4565368 /var/lib/openstack/lib/python3.12/site-packages/pycadf/identifier.py:71: UserWarning: Invalid uuid: neutron. To ensure interoperability, identifiers should be a valid uuid. warnings.warn(('Invalid uuid: %s. To ensure interoperability, '
2026-06-30 19:11:01.497 9 WARNING neutron_lib.context [None req-8091eb34-b182-48b6-9e2a-2becae5c0f96 81df716a6fbe43a7b90658256a131e4f a1ef4ab829aa48438f4e83f4c345cc64 - - default default] Method 'is_advsvc' is deprecated since 2023.2 release (neutron-lib 3.8.0) and will be removed once support for the old RBAC API policies will be removed from Neutron. Please use method 'is_service_role' instead.
2026-06-30 19:11:01.546 10 INFO neutron.api.wsgi [None req-d45e9749-6a6d-496b-b0ae-a61eaa6a0cba d531a1c615c3483abfe82f7228ade10f db397757abfc4929afa1a4621372bbbc - - default default] 10.0.0.143 "DELETE /v2.0/security-groups/9f07bf27-004d-4eee-9dc9-4ed990152306 HTTP/1.1" status: 204 len: 168 time: 0.1881943
2026-06-30 19:11:01.655 9 WARNING neutron.scheduler.dhcp_agent_scheduler [None req-8091eb34-b182-48b6-9e2a-2becae5c0f96 81df716a6fbe43a7b90658256a131e4f a1ef4ab829aa48438f4e83f4c345cc64 - - default default] No more DHCP agents
2026-06-30 19:11:01.656 9 WARNING neutron.api.rpc.agentnotifiers.dhcp_rpc_agent_api [None req-8091eb34-b182-48b6-9e2a-2becae5c0f96 81df716a6fbe43a7b90658256a131e4f a1ef4ab829aa48438f4e83f4c345cc64 - - default default] Unable to schedule network 8add5c1b-dfbe-4807-b089-b5ffc5f03089: no agents available; will retry on subsequent port and subnet creation events.
2026-06-30 19:11:01.690 9 INFO neutron.db.ovn_revision_numbers_db [None req-8091eb34-b182-48b6-9e2a-2becae5c0f96 81df716a6fbe43a7b90658256a131e4f a1ef4ab829aa48438f4e83f4c345cc64 - - default default] Successfully bumped revision number for resource 79ac884e-d2cc-4f22-9f76-3cf2c6252c80 (type: subnets) to 0
2026-06-30 19:11:01.706 9 INFO neutron.api.wsgi [None req-8091eb34-b182-48b6-9e2a-2becae5c0f96 81df716a6fbe43a7b90658256a131e4f a1ef4ab829aa48438f4e83f4c345cc64 - - default default] 10.0.0.143 "POST /v2.0/subnets HTTP/1.1" status: 201 len: 845 time: 0.2126367
2026-06-30 19:11:01.716 10 WARNING neutron_lib.context [None req-b8e026ca-6f52-4636-abcc-2e25f8c62823 81df716a6fbe43a7b90658256a131e4f a1ef4ab829aa48438f4e83f4c345cc64 - - default default] Method 'is_advsvc' is deprecated since 2023.2 release (neutron-lib 3.8.0) and will be removed once support for the old RBAC API policies will be removed from Neutron. Please use method 'is_service_role' instead.
2026-06-30 19:11:01.822 9 INFO neutron.api.wsgi [req-ac03a3e8-5943-453b-8ee0-daa9ca8ca6d3 req-6f015266-5ef6-4ed5-9d53-654d7771f897 bac24df5a7c246e5b74f40a83f1f10f3 83999fb9621d4058b9da56e2f719922f - - f38a3932c05f420b816f06f07e6c4eca f38a3932c05f420b816f06f07e6c4eca] 199.204.45.70 "GET /v2.0/ports?tenant_id=a03e10692a984860ae73261cc3dbe82c&device_id=87324cdc-1687-4950-8876-c98eb4b4322f HTTP/1.1" status: 200 len: 1590 time: 0.0388236
2026-06-30 19:11:01.867 9 INFO neutron.api.wsgi [req-ac03a3e8-5943-453b-8ee0-daa9ca8ca6d3 req-f20d6101-35c8-425d-b2bf-808d2cd2e103 bac24df5a7c246e5b74f40a83f1f10f3 83999fb9621d4058b9da56e2f719922f - - f38a3932c05f420b816f06f07e6c4eca f38a3932c05f420b816f06f07e6c4eca] 199.204.45.70 "GET /v2.0/networks?id=a20e5e2e-2d42-4de0-b7dc-dfa0d187ac6b HTTP/1.1" status: 200 len: 981 time: 0.0400109
2026-06-30 19:11:01.902 9 INFO neutron.api.wsgi [req-ac03a3e8-5943-453b-8ee0-daa9ca8ca6d3 req-5945d5f6-82ca-4584-86c1-2da6de311230 bac24df5a7c246e5b74f40a83f1f10f3 83999fb9621d4058b9da56e2f719922f - - f38a3932c05f420b816f06f07e6c4eca f38a3932c05f420b816f06f07e6c4eca] 199.204.45.70 "GET /v2.0/floatingips?fixed_ip_address=10.100.0.13&port_id=717c9b19-d7fc-4fc7-b47c-fb753d081a3e HTTP/1.1" status: 200 len: 1060 time: 0.0308173
2026-06-30 19:11:01.922 9 INFO neutron.api.wsgi [req-ac03a3e8-5943-453b-8ee0-daa9ca8ca6d3 req-5d0b7402-b78d-4550-96ff-d1116479edaa bac24df5a7c246e5b74f40a83f1f10f3 83999fb9621d4058b9da56e2f719922f - - f38a3932c05f420b816f06f07e6c4eca f38a3932c05f420b816f06f07e6c4eca] 199.204.45.70 "GET /v2.0/floatingips?fixed_ip_address=10.100.0.8&port_id=717c9b19-d7fc-4fc7-b47c-fb753d081a3e HTTP/1.1" status: 200 len: 217 time: 0.0144000
2026-06-30 19:11:01.954 9 INFO neutron.api.wsgi [req-ac03a3e8-5943-453b-8ee0-daa9ca8ca6d3 req-55364d94-fec0-46fa-a118-02de8e69ad42 bac24df5a7c246e5b74f40a83f1f10f3 83999fb9621d4058b9da56e2f719922f - - f38a3932c05f420b816f06f07e6c4eca f38a3932c05f420b816f06f07e6c4eca] 199.204.45.70 "GET /v2.0/subnets?id=5b3c7ece-2a89-43e4-893c-32a6089848bc HTTP/1.1" status: 200 len: 900 time: 0.0259473
2026-06-30 19:11:01.973 9 INFO neutron.api.wsgi [req-ac03a3e8-5943-453b-8ee0-daa9ca8ca6d3 req-add5e81b-0036-49a1-923c-5ad85e8645e6 bac24df5a7c246e5b74f40a83f1f10f3 83999fb9621d4058b9da56e2f719922f - - f38a3932c05f420b816f06f07e6c4eca f38a3932c05f420b816f06f07e6c4eca] 199.204.45.70 "GET /v2.0/ports?network_id=a20e5e2e-2d42-4de0-b7dc-dfa0d187ac6b&device_owner=network%3Adhcp HTTP/1.1" status: 200 len: 210 time: 0.0145938
2026-06-30 19:11:02.009 10 WARNING neutron.scheduler.dhcp_agent_scheduler [None req-b8e026ca-6f52-4636-abcc-2e25f8c62823 81df716a6fbe43a7b90658256a131e4f a1ef4ab829aa48438f4e83f4c345cc64 - - default default] No more DHCP agents
2026-06-30 19:11:02.016 10 WARNING neutron.api.rpc.agentnotifiers.dhcp_rpc_agent_api [None req-b8e026ca-6f52-4636-abcc-2e25f8c62823 81df716a6fbe43a7b90658256a131e4f a1ef4ab829aa48438f4e83f4c345cc64 - - default default] Unable to schedule network 8add5c1b-dfbe-4807-b089-b5ffc5f03089: no agents available; will retry on subsequent port and subnet creation events.
2026-06-30 19:11:02.027 9 INFO neutron.api.wsgi [req-ac03a3e8-5943-453b-8ee0-daa9ca8ca6d3 req-4de24558-04fa-4992-8ba8-9dfc20cff625 bac24df5a7c246e5b74f40a83f1f10f3 83999fb9621d4058b9da56e2f719922f - - f38a3932c05f420b816f06f07e6c4eca f38a3932c05f420b816f06f07e6c4eca] 199.204.45.70 "GET /v2.0/networks/a20e5e2e-2d42-4de0-b7dc-dfa0d187ac6b?fields=segments HTTP/1.1" status: 200 len: 212 time: 0.0442338
2026-06-30 19:11:02.096 9 INFO neutron.api.wsgi [req-ac03a3e8-5943-453b-8ee0-daa9ca8ca6d3 req-a2daba2f-d6b8-4bef-adf6-6bc3e73f8f7c bac24df5a7c246e5b74f40a83f1f10f3 83999fb9621d4058b9da56e2f719922f - - f38a3932c05f420b816f06f07e6c4eca f38a3932c05f420b816f06f07e6c4eca] 199.204.45.70 "GET /v2.0/networks/a20e5e2e-2d42-4de0-b7dc-dfa0d187ac6b?fields=provider%3Aphysical_network&fields=provider%3Anetwork_type HTTP/1.1" status: 200 len: 277 time: 0.0608835
2026-06-30 19:11:02.123 10 INFO neutron.db.ovn_revision_numbers_db [None req-b8e026ca-6f52-4636-abcc-2e25f8c62823 81df716a6fbe43a7b90658256a131e4f a1ef4ab829aa48438f4e83f4c345cc64 - - default default] Successfully bumped revision number for resource 060f3b26-35dc-453b-94f7-df60f26b31e4 (type: ports) to 1
2026-06-30 19:11:02.147 10 INFO neutron.api.wsgi [None req-b8e026ca-6f52-4636-abcc-2e25f8c62823 81df716a6fbe43a7b90658256a131e4f a1ef4ab829aa48438f4e83f4c345cc64 - - default default] 10.0.0.143 "POST /v2.0/ports HTTP/1.1" status: 201 len: 1123 time: 0.4363110
2026-06-30 19:11:02.424 10 INFO neutron.api.wsgi [None req-3edb10f7-ecd3-4857-9c19-8405577f020a 81df716a6fbe43a7b90658256a131e4f a1ef4ab829aa48438f4e83f4c345cc64 - - default default] 10.0.0.143 "DELETE /v2.0/ports/060f3b26-35dc-453b-94f7-df60f26b31e4 HTTP/1.1" status: 204 len: 168 time: 0.2693715
2026-06-30 19:11:02.441 10 INFO neutron.pecan_wsgi.hooks.translation [None req-58c6e972-331c-432c-b7d3-551ce92fe27c 81df716a6fbe43a7b90658256a131e4f a1ef4ab829aa48438f4e83f4c345cc64 - - default default] GET failed (client error): The resource could not be found.
2026-06-30 19:11:02.443 10 INFO neutron.api.wsgi [None req-58c6e972-331c-432c-b7d3-551ce92fe27c 81df716a6fbe43a7b90658256a131e4f a1ef4ab829aa48438f4e83f4c345cc64 - - default default] 10.0.0.143 "GET /v2.0/ports/060f3b26-35dc-453b-94f7-df60f26b31e4 HTTP/1.1" status: 404 len: 333 time: 0.0135469
2026-06-30 19:11:02.572 10 INFO neutron.api.wsgi [None req-f153d3cd-3cd1-4be1-b80c-9f10189e5e5d 81df716a6fbe43a7b90658256a131e4f a1ef4ab829aa48438f4e83f4c345cc64 - - default default] 10.0.0.143 "DELETE /v2.0/subnets/79ac884e-d2cc-4f22-9f76-3cf2c6252c80 HTTP/1.1" status: 204 len: 168 time: 0.1247809
2026-06-30 19:11:02.599 10 WARNING neutron_lib.context [None req-0c33fb59-9e56-4f0d-aa76-f564e709dce9 8ceb3acc08a04d54bc710c650705e174 2380a4a30fcf4f20b0303a287e5067e4 - - default default] Method 'is_advsvc' is deprecated since 2023.2 release (neutron-lib 3.8.0) and will be removed once support for the old RBAC API policies will be removed from Neutron. Please use method 'is_service_role' instead.
2026-06-30 19:11:02.630 9 INFO neutron.api.wsgi [None req-1d5ceb6c-584f-4125-b9ee-b2cbf9e515cd d531a1c615c3483abfe82f7228ade10f db397757abfc4929afa1a4621372bbbc - - default default] 10.0.0.201 "GET /v2.0/routers HTTP/1.1" status: 200 len: 1160 time: 0.1493003
2026-06-30 19:11:02.642 9 INFO neutron.api.wsgi [None req-b0c64fce-a740-41b3-8ef2-7505d76f2f95 d531a1c615c3483abfe82f7228ade10f db397757abfc4929afa1a4621372bbbc - - default default] 10.0.0.201 "GET /v2.0/agents?binary=ovn-controller HTTP/1.1" status: 200 len: 591 time: 0.0104241
2026-06-30 19:11:02.667 9 INFO neutron.api.wsgi [None req-3ae086a9-a998-4c03-8484-8a22e27e5989 d531a1c615c3483abfe82f7228ade10f db397757abfc4929afa1a4621372bbbc - - default default] 10.0.0.201 "GET /v2.0/subnets HTTP/1.1" status: 200 len: 2172 time: 0.0249081
2026-06-30 19:11:02.675 9 INFO neutron.api.wsgi [None req-9cfcdd3d-1b8a-4736-bb2f-ebb3cf899330 d531a1c615c3483abfe82f7228ade10f db397757abfc4929afa1a4621372bbbc - - default default] 10.0.0.201 "GET /v2.0/subnetpools HTTP/1.1" status: 200 len: 193 time: 0.0062597
2026-06-30 19:11:02.712 9 INFO neutron.api.wsgi [None req-597a1f88-9f34-488c-b0df-b1057074f053 d531a1c615c3483abfe82f7228ade10f db397757abfc4929afa1a4621372bbbc - - default default] 10.0.0.201 "GET /v2.0/floatingips HTTP/1.1" status: 200 len: 1036 time: 0.0364635
2026-06-30 19:11:02.746 9 INFO neutron.api.wsgi [None req-69ca30bb-687f-4a00-b7d9-752753e56e2b d531a1c615c3483abfe82f7228ade10f db397757abfc4929afa1a4621372bbbc - - default default] 10.0.0.201 "GET /v2.0/security-groups HTTP/1.1" status: 200 len: 29152 time: 0.0331259
2026-06-30 19:11:02.752 10 INFO neutron.db.ovn_revision_numbers_db [None req-0c33fb59-9e56-4f0d-aa76-f564e709dce9 8ceb3acc08a04d54bc710c650705e174 2380a4a30fcf4f20b0303a287e5067e4 - - default default] Successfully bumped revision number for resource 4e0ce6c5-7d4a-4d94-9cfb-160742266dec (type: security_groups) to 1
2026-06-30 19:11:02.767 10 INFO neutron.db.ovn_revision_numbers_db [None req-0c33fb59-9e56-4f0d-aa76-f564e709dce9 8ceb3acc08a04d54bc710c650705e174 2380a4a30fcf4f20b0303a287e5067e4 - - default default] Successfully bumped revision number for resource 7df35b36-b900-4507-8858-5d5ae8d7a206 (type: security_group_rules) to 0
2026-06-30 19:11:02.783 10 INFO neutron.db.ovn_revision_numbers_db [None req-0c33fb59-9e56-4f0d-aa76-f564e709dce9 8ceb3acc08a04d54bc710c650705e174 2380a4a30fcf4f20b0303a287e5067e4 - - default default] Successfully bumped revision number for resource 81e05125-5e1b-4a69-947e-342fe32a2074 (type: security_group_rules) to 0
2026-06-30 19:11:02.799 10 INFO neutron.db.ovn_revision_numbers_db [None req-0c33fb59-9e56-4f0d-aa76-f564e709dce9 8ceb3acc08a04d54bc710c650705e174 2380a4a30fcf4f20b0303a287e5067e4 - - default default] Successfully bumped revision number for resource 8abd62f5-2f59-44f6-b424-47f59ac02f6e (type: security_group_rules) to 0
2026-06-30 19:11:02.812 9 INFO neutron.api.wsgi [None req-87d4ba7a-b6fa-44f6-8b4b-075226adf41b d531a1c615c3483abfe82f7228ade10f db397757abfc4929afa1a4621372bbbc - - default default] 10.0.0.201 "GET /v2.0/ports HTTP/1.1" status: 200 len: 13588 time: 0.0528522
2026-06-30 19:11:02.815 10 INFO neutron.db.ovn_revision_numbers_db [None req-0c33fb59-9e56-4f0d-aa76-f564e709dce9 8ceb3acc08a04d54bc710c650705e174 2380a4a30fcf4f20b0303a287e5067e4 - - default default] Successfully bumped revision number for resource a8a7eb58-9658-481b-b858-d608bff8b0f9 (type: security_group_rules) to 0
2026-06-30 19:11:02.833 9 INFO neutron.api.wsgi [None req-2a623966-82f3-411d-95d7-8ea56a41aa0c d531a1c615c3483abfe82f7228ade10f db397757abfc4929afa1a4621372bbbc - - default default] 10.0.0.201 "GET /v2.0/agents HTTP/1.1" status: 200 len: 1390 time: 0.0121431
2026-06-30 19:11:02.890 9 INFO neutron.api.wsgi [None req-b176691b-8b30-4cc6-9c63-986ec52968e2 d531a1c615c3483abfe82f7228ade10f db397757abfc4929afa1a4621372bbbc - - default default] 10.0.0.201 "GET /v2.0/networks HTTP/1.1" status: 200 len: 4552 time: 0.0556571
2026-06-30 19:11:02.926 9 INFO neutron.api.wsgi [None req-24ab0a84-fe04-4c13-9a24-c6f91051c105 d531a1c615c3483abfe82f7228ade10f db397757abfc4929afa1a4621372bbbc - - default default] 10.0.0.201 "GET /v2.0/subnets HTTP/1.1" status: 200 len: 2172 time: 0.0316160
2026-06-30 19:11:02.936 9 INFO neutron.api.wsgi [None req-871736da-0db5-4b45-b726-dcbb1fb6d6e4 d531a1c615c3483abfe82f7228ade10f db397757abfc4929afa1a4621372bbbc - - default default] 10.0.0.201 "GET /v2.0/network-ip-availabilities HTTP/1.1" status: 200 len: 2057 time: 0.0084724
2026-06-30 19:11:02.939 10 INFO neutron.api.wsgi [None req-b03a359e-d2c9-4d09-9651-c0fabcfb74d3 81df716a6fbe43a7b90658256a131e4f a1ef4ab829aa48438f4e83f4c345cc64 - - default default] 10.0.0.143 "DELETE /v2.0/networks/8add5c1b-dfbe-4807-b089-b5ffc5f03089 HTTP/1.1" status: 204 len: 168 time: 0.3630633
2026-06-30 19:11:02.944 10 INFO neutron.db.ovn_revision_numbers_db [None req-0c33fb59-9e56-4f0d-aa76-f564e709dce9 8ceb3acc08a04d54bc710c650705e174 2380a4a30fcf4f20b0303a287e5067e4 - - default default] Successfully bumped revision number for resource 60aaa8f3-5c35-4183-9b4c-7f390867d2ef (type: security_groups) to 1
2026-06-30 19:11:02.948 9 WARNING neutron_lib.context [None req-e888ac04-d730-468c-8c10-02fdf100ce0b 81df716a6fbe43a7b90658256a131e4f a1ef4ab829aa48438f4e83f4c345cc64 - - default default] Method 'is_advsvc' is deprecated since 2023.2 release (neutron-lib 3.8.0) and will be removed once support for the old RBAC API policies will be removed from Neutron. Please use method 'is_service_role' instead.
2026-06-30 19:11:02.960 10 INFO neutron.db.ovn_revision_numbers_db [None req-0c33fb59-9e56-4f0d-aa76-f564e709dce9 8ceb3acc08a04d54bc710c650705e174 2380a4a30fcf4f20b0303a287e5067e4 - - default default] Successfully bumped revision number for resource 3cda075d-859c-4c87-baf6-105387e429de (type: security_group_rules) to 0
2026-06-30 19:11:02.973 10 INFO neutron.db.ovn_revision_numbers_db [None req-0c33fb59-9e56-4f0d-aa76-f564e709dce9 8ceb3acc08a04d54bc710c650705e174 2380a4a30fcf4f20b0303a287e5067e4 - - default default] Successfully bumped revision number for resource fd15e487-0113-4d42-b7ed-4279530d3d7f (type: security_group_rules) to 0
2026-06-30 19:11:02.989 10 INFO neutron.api.wsgi [req-36159065-7eb8-42f6-9093-9d3856e28804 req-5b013ccd-56e7-49e7-a16b-7e3485e9f137 3868e3d3325c4657b11cc450ed417588 a03e10692a984860ae73261cc3dbe82c - - default default] 10.0.0.14 "GET /v2.0/ports?device_id=87324cdc-1687-4950-8876-c98eb4b4322f HTTP/1.1" status: 200 len: 1352 time: 0.0679669
2026-06-30 19:11:03.025 10 INFO neutron.services.segments.plugin [-] Segment bd7e0689-66b8-4ed9-a563-5b2b597390e8 resource provider aggregate not found
2026-06-30 19:11:03.030 10 INFO neutron.services.segments.plugin [-] Segment bd7e0689-66b8-4ed9-a563-5b2b597390e8 resource provider aggregate not found
2026-06-30 19:11:03.039 10 INFO neutron.api.wsgi [None req-0c33fb59-9e56-4f0d-aa76-f564e709dce9 8ceb3acc08a04d54bc710c650705e174 2380a4a30fcf4f20b0303a287e5067e4 - - default default] 10.0.0.143 "POST /v2.0/security-groups HTTP/1.1" status: 201 len: 1825 time: 0.4736948
2026-06-30 19:11:03.041 10 INFO neutron.services.segments.plugin [-] Segment bd7e0689-66b8-4ed9-a563-5b2b597390e8 resource provider not found; error: Placement Client Error (4xx): {"errors": [{"status": 404, "title": "Not Found", "detail": "The resource could not be found.\n\n No resource provider with uuid bd7e0689-66b8-4ed9-a563-5b2b597390e8 found for delete ", "request_id": "req-3b1fa47a-4fce-40ef-b297-e2cfa5ab0b4f"}]}
2026-06-30 19:11:03.049 10 INFO neutron.services.segments.plugin [-] Segment bd7e0689-66b8-4ed9-a563-5b2b597390e8 resource provider not found; error: Placement Client Error (4xx): {"errors": [{"status": 404, "title": "Not Found", "detail": "The resource could not be found.\n\n No resource provider with uuid bd7e0689-66b8-4ed9-a563-5b2b597390e8 found for delete ", "request_id": "req-7a7cac64-4c86-41c3-a3d3-c737d2382f05"}]}
2026-06-30 19:11:03.054 10 INFO neutron.api.wsgi [req-36159065-7eb8-42f6-9093-9d3856e28804 req-e495f074-3ea0-43b7-8cd2-fb97eddee2dd 3868e3d3325c4657b11cc450ed417588 a03e10692a984860ae73261cc3dbe82c - - default default] 10.0.0.14 "GET /v2.0/security-groups?id=ce16edc2-09f2-4394-881f-ba4f730646ee&fields=id&fields=name HTTP/1.1" status: 200 len: 313 time: 0.0592971
2026-06-30 19:11:03.056 10 INFO neutron.services.segments.plugin [-] Segment caf1687e-7672-433b-bb61-1c7fa96b2655 resource provider aggregate not found
2026-06-30 19:11:03.068 10 INFO neutron.services.segments.plugin [-] Segment caf1687e-7672-433b-bb61-1c7fa96b2655 resource provider aggregate not found
2026-06-30 19:11:03.072 10 INFO neutron.services.segments.plugin [-] Segment caf1687e-7672-433b-bb61-1c7fa96b2655 resource provider not found; error: Placement Client Error (4xx): {"errors": [{"status": 404, "title": "Not Found", "detail": "The resource could not be found.\n\n No resource provider with uuid caf1687e-7672-433b-bb61-1c7fa96b2655 found for delete ", "request_id": "req-91d58ee3-994f-49bc-8227-ee1e54d27136"}]}
2026-06-30 19:11:03.083 10 INFO neutron.services.segments.plugin [-] Segment caf1687e-7672-433b-bb61-1c7fa96b2655 resource provider not found; error: Placement Client Error (4xx): {"errors": [{"status": 404, "title": "Not Found", "detail": "The resource could not be found.\n\n No resource provider with uuid caf1687e-7672-433b-bb61-1c7fa96b2655 found for delete ", "request_id": "req-a4aa0ad4-bff9-45be-afab-885e3263a60a"}]}
2026-06-30 19:11:03.094 10 INFO neutron.api.wsgi [None req-7a0154ba-b7b6-49a3-9795-b95f0a462fc9 8ceb3acc08a04d54bc710c650705e174 2380a4a30fcf4f20b0303a287e5067e4 - - default default] 10.0.0.143 "GET /v2.0/security-groups HTTP/1.1" status: 200 len: 4725 time: 0.0487823
2026-06-30 19:11:03.171 9 INFO neutron.api.wsgi [req-4ff80a24-5261-4f49-ab9d-ce2412d7e3b8 req-b4ce4e6b-7d8a-416d-a225-29b45718b9d7 bac24df5a7c246e5b74f40a83f1f10f3 83999fb9621d4058b9da56e2f719922f - - f38a3932c05f420b816f06f07e6c4eca f38a3932c05f420b816f06f07e6c4eca] 199.204.45.70 "GET /v2.0/ports?tenant_id=a03e10692a984860ae73261cc3dbe82c&device_id=87324cdc-1687-4950-8876-c98eb4b4322f HTTP/1.1" status: 200 len: 1590 time: 0.0449843
2026-06-30 19:11:03.175 10 INFO neutron.db.ovn_revision_numbers_db [None req-6b425fad-0945-4ab9-aa2d-450b9fa7150c 8ceb3acc08a04d54bc710c650705e174 2380a4a30fcf4f20b0303a287e5067e4 - - default default] Successfully bumped revision number for resource 60aaa8f3-5c35-4183-9b4c-7f390867d2ef (type: security_groups) to 2 /var/lib/openstack/lib/python3.12/site-packages/pycadf/identifier.py:71: UserWarning: Invalid uuid: neutron. To ensure interoperability, identifiers should be a valid uuid. warnings.warn(('Invalid uuid: %s. To ensure interoperability, '
2026-06-30 19:11:03.193 10 INFO neutron.api.wsgi [None req-6b425fad-0945-4ab9-aa2d-450b9fa7150c 8ceb3acc08a04d54bc710c650705e174 2380a4a30fcf4f20b0303a287e5067e4 - - default default] 10.0.0.143 "PUT /v2.0/security-groups/60aaa8f3-5c35-4183-9b4c-7f390867d2ef HTTP/1.1" status: 200 len: 1856 time: 0.0958943
2026-06-30 19:11:03.212 9 WARNING neutron.scheduler.dhcp_agent_scheduler [None req-e888ac04-d730-468c-8c10-02fdf100ce0b 81df716a6fbe43a7b90658256a131e4f a1ef4ab829aa48438f4e83f4c345cc64 - - default default] No more DHCP agents
2026-06-30 19:11:03.215 9 WARNING neutron.api.rpc.agentnotifiers.dhcp_rpc_agent_api [None req-e888ac04-d730-468c-8c10-02fdf100ce0b 81df716a6fbe43a7b90658256a131e4f a1ef4ab829aa48438f4e83f4c345cc64 - - default default] Unable to schedule network e103945c-81c3-4896-9b49-52725fd537f5: no agents available; will retry on subsequent port and subnet creation events.
2026-06-30 19:11:03.217 10 INFO neutron.api.wsgi [None req-88828425-7c22-4281-b6ff-68473e9da740 8ceb3acc08a04d54bc710c650705e174 2380a4a30fcf4f20b0303a287e5067e4 - - default default] 10.0.0.143 "GET /v2.0/security-groups/60aaa8f3-5c35-4183-9b4c-7f390867d2ef HTTP/1.1" status: 200 len: 1856 time: 0.0185235
2026-06-30 19:11:03.240 9 INFO neutron.api.wsgi [req-4ff80a24-5261-4f49-ab9d-ce2412d7e3b8 req-0de11986-be99-48c1-a8c1-eaaeb5137ab3 bac24df5a7c246e5b74f40a83f1f10f3 83999fb9621d4058b9da56e2f719922f - - f38a3932c05f420b816f06f07e6c4eca f38a3932c05f420b816f06f07e6c4eca] 199.204.45.70 "GET /v2.0/networks?id=a20e5e2e-2d42-4de0-b7dc-dfa0d187ac6b HTTP/1.1" status: 200 len: 981 time: 0.0607886 /var/lib/openstack/lib/python3.12/site-packages/pycadf/identifier.py:71: UserWarning: Invalid uuid: neutron. To ensure interoperability, identifiers should be a valid uuid. warnings.warn(('Invalid uuid: %s. To ensure interoperability, '
2026-06-30 19:11:03.291 9 INFO neutron.api.wsgi [req-4ff80a24-5261-4f49-ab9d-ce2412d7e3b8 req-202c6f1a-c746-4d50-ae93-3a45c4d12473 bac24df5a7c246e5b74f40a83f1f10f3 83999fb9621d4058b9da56e2f719922f - - f38a3932c05f420b816f06f07e6c4eca f38a3932c05f420b816f06f07e6c4eca] 199.204.45.70 "GET /v2.0/floatingips?fixed_ip_address=10.100.0.13&port_id=717c9b19-d7fc-4fc7-b47c-fb753d081a3e HTTP/1.1" status: 200 len: 1060 time: 0.0455844
2026-06-30 19:11:03.301 9 INFO neutron.db.ovn_revision_numbers_db [None req-e888ac04-d730-468c-8c10-02fdf100ce0b 81df716a6fbe43a7b90658256a131e4f a1ef4ab829aa48438f4e83f4c345cc64 - - default default] Successfully bumped revision number for resource b560d16a-b6c1-40b6-a3ab-f1610fe71396 (type: ports) to 1
2026-06-30 19:11:03.307 10 INFO neutron.api.wsgi [None req-2b2d0ed7-dc0a-4365-93d9-e1e72bb661b1 8ceb3acc08a04d54bc710c650705e174 2380a4a30fcf4f20b0303a287e5067e4 - - default default] 10.0.0.143 "DELETE /v2.0/security-groups/60aaa8f3-5c35-4183-9b4c-7f390867d2ef HTTP/1.1" status: 204 len: 168 time: 0.0855060
2026-06-30 19:11:03.310 9 INFO neutron.api.wsgi [req-4ff80a24-5261-4f49-ab9d-ce2412d7e3b8 req-9737aac8-94c9-49fb-9843-d74793b6145e bac24df5a7c246e5b74f40a83f1f10f3 83999fb9621d4058b9da56e2f719922f - - f38a3932c05f420b816f06f07e6c4eca f38a3932c05f420b816f06f07e6c4eca] 199.204.45.70 "GET /v2.0/floatingips?fixed_ip_address=10.100.0.8&port_id=717c9b19-d7fc-4fc7-b47c-fb753d081a3e HTTP/1.1" status: 200 len: 217 time: 0.0145135
2026-06-30 19:11:03.329 9 INFO neutron.api.wsgi [None req-e888ac04-d730-468c-8c10-02fdf100ce0b 81df716a6fbe43a7b90658256a131e4f a1ef4ab829aa48438f4e83f4c345cc64 - - default default] 10.0.0.143 "POST /v2.0/ports HTTP/1.1" status: 201 len: 978 time: 0.3832023
2026-06-30 19:11:03.336 9 INFO neutron.api.wsgi [req-4ff80a24-5261-4f49-ab9d-ce2412d7e3b8 req-253c3809-7f3d-4a1a-9c9b-5f2a6a5ca7b2 bac24df5a7c246e5b74f40a83f1f10f3 83999fb9621d4058b9da56e2f719922f - - f38a3932c05f420b816f06f07e6c4eca f38a3932c05f420b816f06f07e6c4eca] 199.204.45.70 "GET /v2.0/subnets?id=5b3c7ece-2a89-43e4-893c-32a6089848bc HTTP/1.1" status: 200 len: 900 time: 0.0214436
