2026-06-30 19:14:15.236 9 INFO neutron.db.ovn_revision_numbers_db [None req-20bb24b7-b597-42dc-acb1-aed832eaa5ef 00c98b3b2fd54525a6791f3193ac5e5f 1cf1a1b72d394d6fa9c00eb00f2416d6 - - default default] Successfully bumped revision number for resource d0dbc9f9-bf97-45aa-9337-c4a4af2bcd10 (type: networks) to 1
2026-06-30 19:14:15.250 10 INFO neutron.api.wsgi [None req-b85bd377-36c2-4a84-b8b3-bff04d740384 00e7fbad7948495aaf7fdaefc5a31c34 e25afefae2054c879ee2c42949acdb97 - - default default] 10.0.0.143 "PUT /v2.0/subnetpools/dcb75082-38dd-41b7-a835-a1b2206bfa2c/tags/green HTTP/1.1" status: 201 len: 201 time: 0.0253603
2026-06-30 19:14:15.269 10 INFO neutron.api.wsgi [None req-909d5c3c-8aa1-476c-a65e-e8cc6111ac23 00e7fbad7948495aaf7fdaefc5a31c34 e25afefae2054c879ee2c42949acdb97 - - default default] 10.0.0.143 "GET /v2.0/subnetpools/dcb75082-38dd-41b7-a835-a1b2206bfa2c/tags HTTP/1.1" status: 200 len: 227 time: 0.0147939
2026-06-30 19:14:15.291 10 INFO neutron.api.wsgi [None req-666ec949-3bc4-46b2-a53f-8d5a7dd0cf04 00e7fbad7948495aaf7fdaefc5a31c34 e25afefae2054c879ee2c42949acdb97 - - default default] 10.0.0.143 "PUT /v2.0/subnetpools/dcb75082-38dd-41b7-a835-a1b2206bfa2c/tags/red HTTP/1.1" status: 201 len: 201 time: 0.0168293
2026-06-30 19:14:15.308 10 INFO neutron.api.wsgi [None req-dbe3804b-508d-496d-b837-2f380a35431a 00e7fbad7948495aaf7fdaefc5a31c34 e25afefae2054c879ee2c42949acdb97 - - default default] 10.0.0.143 "GET /v2.0/subnetpools/dcb75082-38dd-41b7-a835-a1b2206bfa2c/tags HTTP/1.1" status: 200 len: 227 time: 0.0119419
2026-06-30 19:14:15.334 10 INFO neutron.api.wsgi [None req-0964be0f-7cf2-4e95-bd60-1aaad7e5be44 00e7fbad7948495aaf7fdaefc5a31c34 e25afefae2054c879ee2c42949acdb97 - - default default] 10.0.0.143 "PUT /v2.0/subnetpools/dcb75082-38dd-41b7-a835-a1b2206bfa2c/tags/black.or.white HTTP/1.1" status: 201 len: 201 time: 0.0237260
2026-06-30 19:14:15.353 10 INFO neutron.api.wsgi [None req-dd6e6ab5-e041-449c-b4c8-48dfd13fcc1c 00e7fbad7948495aaf7fdaefc5a31c34 e25afefae2054c879ee2c42949acdb97 - - default default] 10.0.0.143 "GET /v2.0/subnetpools/dcb75082-38dd-41b7-a835-a1b2206bfa2c/tags HTTP/1.1" status: 200 len: 245 time: 0.0147691
2026-06-30 19:14:15.382 9 WARNING neutron.scheduler.dhcp_agent_scheduler [None req-20bb24b7-b597-42dc-acb1-aed832eaa5ef 00c98b3b2fd54525a6791f3193ac5e5f 1cf1a1b72d394d6fa9c00eb00f2416d6 - - default default] No more DHCP agents
2026-06-30 19:14:15.384 9 WARNING neutron.api.rpc.agentnotifiers.dhcp_rpc_agent_api [None req-20bb24b7-b597-42dc-acb1-aed832eaa5ef 00c98b3b2fd54525a6791f3193ac5e5f 1cf1a1b72d394d6fa9c00eb00f2416d6 - - default default] Unable to schedule network d0dbc9f9-bf97-45aa-9337-c4a4af2bcd10: no agents available; will retry on subsequent port and subnet creation events.
2026-06-30 19:14:15.386 10 INFO neutron.api.wsgi [None req-d53f7b1a-c08a-4fa4-ae8f-6b31b928251a 00e7fbad7948495aaf7fdaefc5a31c34 e25afefae2054c879ee2c42949acdb97 - - default default] 10.0.0.143 "PUT /v2.0/subnetpools/dcb75082-38dd-41b7-a835-a1b2206bfa2c/tags HTTP/1.1" status: 200 len: 230 time: 0.0282998
2026-06-30 19:14:15.405 10 INFO neutron.api.wsgi [None req-934ed372-44b7-4cc5-b63a-20e232372b0e 00e7fbad7948495aaf7fdaefc5a31c34 e25afefae2054c879ee2c42949acdb97 - - default default] 10.0.0.143 "GET /v2.0/subnetpools/dcb75082-38dd-41b7-a835-a1b2206bfa2c/tags HTTP/1.1" status: 200 len: 230 time: 0.0146134
2026-06-30 19:14:15.425 10 INFO neutron.api.wsgi [None req-defd4323-6da2-45c0-8652-4549645abe20 00e7fbad7948495aaf7fdaefc5a31c34 e25afefae2054c879ee2c42949acdb97 - - default default] 10.0.0.143 "GET /v2.0/subnetpools/dcb75082-38dd-41b7-a835-a1b2206bfa2c/tags/red HTTP/1.1" status: 204 len: 168 time: 0.0157821
2026-06-30 19:14:15.441 9 INFO neutron.db.ovn_revision_numbers_db [None req-20bb24b7-b597-42dc-acb1-aed832eaa5ef 00c98b3b2fd54525a6791f3193ac5e5f 1cf1a1b72d394d6fa9c00eb00f2416d6 - - default default] Successfully bumped revision number for resource 3036972c-cf4f-4811-a66b-c8180f940f60 (type: ports) to 1
2026-06-30 19:14:15.442 10 INFO neutron.api.v2.resource [None req-502c854b-d2ec-4e80-ba57-19ca0b7bcfe8 00e7fbad7948495aaf7fdaefc5a31c34 e25afefae2054c879ee2c42949acdb97 - - default default] show failed (client error): The resource could not be found.
2026-06-30 19:14:15.443 10 INFO neutron.api.wsgi [None req-502c854b-d2ec-4e80-ba57-19ca0b7bcfe8 00e7fbad7948495aaf7fdaefc5a31c34 e25afefae2054c879ee2c42949acdb97 - - default default] 10.0.0.143 "GET /v2.0/subnetpools/dcb75082-38dd-41b7-a835-a1b2206bfa2c/tags/green HTTP/1.1" status: 404 len: 299 time: 0.0137401
2026-06-30 19:14:15.458 9 INFO neutron.api.wsgi [None req-20bb24b7-b597-42dc-acb1-aed832eaa5ef 00c98b3b2fd54525a6791f3193ac5e5f 1cf1a1b72d394d6fa9c00eb00f2416d6 - - default default] 10.0.0.143 "POST /v2.0/networks HTTP/1.1" status: 201 len: 830 time: 0.4393678
2026-06-30 19:14:15.466 9 WARNING neutron_lib.context [None req-5f9b7995-e246-4707-930b-77b6c65ce2c5 00c98b3b2fd54525a6791f3193ac5e5f 1cf1a1b72d394d6fa9c00eb00f2416d6 - - default default] Method 'is_advsvc' is deprecated since 2023.2 release (neutron-lib 3.8.0) and will be removed once support for the old RBAC API policies will be removed from Neutron. Please use method 'is_service_role' instead.
2026-06-30 19:14:15.473 10 INFO neutron.api.wsgi [None req-3665ddc6-bfa9-41aa-b05e-40dc32a4dcd5 00e7fbad7948495aaf7fdaefc5a31c34 e25afefae2054c879ee2c42949acdb97 - - default default] 10.0.0.143 "DELETE /v2.0/subnetpools/dcb75082-38dd-41b7-a835-a1b2206bfa2c/tags/red HTTP/1.1" status: 204 len: 168 time: 0.0255723
2026-06-30 19:14:15.492 10 INFO neutron.api.wsgi [None req-e8e34593-80e0-4c5d-93c9-1e1d73ac3494 00e7fbad7948495aaf7fdaefc5a31c34 e25afefae2054c879ee2c42949acdb97 - - default default] 10.0.0.143 "GET /v2.0/subnetpools/dcb75082-38dd-41b7-a835-a1b2206bfa2c/tags HTTP/1.1" status: 200 len: 223 time: 0.0152674
2026-06-30 19:14:15.510 10 INFO neutron.api.v2.resource [None req-cd86363b-1796-49d3-a82d-f5cf75479cb2 00e7fbad7948495aaf7fdaefc5a31c34 e25afefae2054c879ee2c42949acdb97 - - default default] delete failed (client error): The resource could not be found.
2026-06-30 19:14:15.511 10 INFO neutron.api.wsgi [None req-cd86363b-1796-49d3-a82d-f5cf75479cb2 00e7fbad7948495aaf7fdaefc5a31c34 e25afefae2054c879ee2c42949acdb97 - - default default] 10.0.0.143 "DELETE /v2.0/subnetpools/dcb75082-38dd-41b7-a835-a1b2206bfa2c/tags/green HTTP/1.1" status: 404 len: 299 time: 0.0155990
2026-06-30 19:14:15.542 10 INFO neutron.api.wsgi [None req-de74f0b1-eb69-45b7-9fa3-0be04af176bd 00e7fbad7948495aaf7fdaefc5a31c34 e25afefae2054c879ee2c42949acdb97 - - default default] 10.0.0.143 "DELETE /v2.0/subnetpools/dcb75082-38dd-41b7-a835-a1b2206bfa2c/tags HTTP/1.1" status: 204 len: 168 time: 0.0268633
2026-06-30 19:14:15.562 10 INFO neutron.api.wsgi [None req-f668bbe6-1f12-4613-bb90-344866e70f74 00e7fbad7948495aaf7fdaefc5a31c34 e25afefae2054c879ee2c42949acdb97 - - default default] 10.0.0.143 "GET /v2.0/subnetpools/dcb75082-38dd-41b7-a835-a1b2206bfa2c/tags HTTP/1.1" status: 200 len: 205 time: 0.0151525
2026-06-30 19:14:15.613 10 INFO neutron.api.wsgi [None req-f8364979-10c9-4ef8-b278-811f078d3da0 00e7fbad7948495aaf7fdaefc5a31c34 e25afefae2054c879ee2c42949acdb97 - - default default] 10.0.0.143 "DELETE /v2.0/subnetpools/dcb75082-38dd-41b7-a835-a1b2206bfa2c HTTP/1.1" status: 204 len: 168 time: 0.0405388
2026-06-30 19:14:15.673 9 WARNING neutron.scheduler.dhcp_agent_scheduler [None req-5f9b7995-e246-4707-930b-77b6c65ce2c5 00c98b3b2fd54525a6791f3193ac5e5f 1cf1a1b72d394d6fa9c00eb00f2416d6 - - default default] No more DHCP agents
2026-06-30 19:14:15.674 9 WARNING neutron.api.rpc.agentnotifiers.dhcp_rpc_agent_api [None req-5f9b7995-e246-4707-930b-77b6c65ce2c5 00c98b3b2fd54525a6791f3193ac5e5f 1cf1a1b72d394d6fa9c00eb00f2416d6 - - default default] Unable to schedule network d0dbc9f9-bf97-45aa-9337-c4a4af2bcd10: no agents available; will retry on subsequent port and subnet creation events.
2026-06-30 19:14:15.733 9 INFO neutron.db.ovn_revision_numbers_db [None req-5f9b7995-e246-4707-930b-77b6c65ce2c5 00c98b3b2fd54525a6791f3193ac5e5f 1cf1a1b72d394d6fa9c00eb00f2416d6 - - default default] Successfully bumped revision number for resource 456c7e06-1c3e-489b-a671-b5f200e8a62f (type: ports) to 1
2026-06-30 19:14:15.752 9 INFO neutron.api.wsgi [None req-5f9b7995-e246-4707-930b-77b6c65ce2c5 00c98b3b2fd54525a6791f3193ac5e5f 1cf1a1b72d394d6fa9c00eb00f2416d6 - - default default] 10.0.0.143 "POST /v2.0/ports HTTP/1.1" status: 201 len: 942 time: 0.2892079 /var/lib/openstack/lib/python3.12/site-packages/pycadf/identifier.py:71: UserWarning: Invalid uuid: neutron. To ensure interoperability, identifiers should be a valid uuid. warnings.warn(('Invalid uuid: %s. To ensure interoperability, '
2026-06-30 19:14:15.794 9 INFO neutron.api.wsgi [None req-dfc857c7-b7cf-4a2a-8384-00860d7dcde9 00c98b3b2fd54525a6791f3193ac5e5f 1cf1a1b72d394d6fa9c00eb00f2416d6 - - default default] 10.0.0.143 "PUT /v2.0/ports/aa50f34d-cebc-49e5-a4da-c6c946c854c0/tags HTTP/1.1" status: 200 len: 210 time: 0.0345466
2026-06-30 19:14:15.833 9 INFO neutron.api.wsgi [None req-43ef857f-1e32-4caa-92d7-c19d7f4fbd9a 00c98b3b2fd54525a6791f3193ac5e5f 1cf1a1b72d394d6fa9c00eb00f2416d6 - - default default] 10.0.0.143 "PUT /v2.0/ports/d239d202-7399-4ea9-8e5e-59bd88dc7306/tags HTTP/1.1" status: 200 len: 218 time: 0.0347536
2026-06-30 19:14:15.890 9 INFO neutron.api.wsgi [None req-0dca7d05-bd10-4272-a87a-2690797c6814 00c98b3b2fd54525a6791f3193ac5e5f 1cf1a1b72d394d6fa9c00eb00f2416d6 - - default default] 10.0.0.143 "PUT /v2.0/ports/c039d992-3c6e-49b4-ba54-1f740e5f5bcc/tags HTTP/1.1" status: 200 len: 227 time: 0.0531435
2026-06-30 19:14:15.930 9 INFO neutron.api.wsgi [None req-fa20f4eb-eb97-469a-a48e-10574f281f40 00c98b3b2fd54525a6791f3193ac5e5f 1cf1a1b72d394d6fa9c00eb00f2416d6 - - default default] 10.0.0.143 "PUT /v2.0/ports/292c5752-4b8e-4ed8-808b-130f456a62be/tags HTTP/1.1" status: 200 len: 212 time: 0.0355213
2026-06-30 19:14:16.061 9 INFO neutron.api.wsgi [None req-72ccc8c3-e0c6-426a-b770-811ffbff8be8 00c98b3b2fd54525a6791f3193ac5e5f 1cf1a1b72d394d6fa9c00eb00f2416d6 - - default default] 10.0.0.143 "GET /v2.0/ports?tags=red HTTP/1.1" status: 200 len: 2448 time: 0.1255715
2026-06-30 19:14:16.363 10 INFO neutron.db.ovn_revision_numbers_db [None req-9703b41c-d738-4ec0-9122-391cb9c2dab1 d531a1c615c3483abfe82f7228ade10f db397757abfc4929afa1a4621372bbbc - - default default] Successfully bumped revision number for resource 0566e1b7-31f7-49b8-84f0-c49d8fedfbd6 (type: security_groups) to 1
2026-06-30 19:14:16.375 10 INFO neutron.db.ovn_revision_numbers_db [None req-9703b41c-d738-4ec0-9122-391cb9c2dab1 d531a1c615c3483abfe82f7228ade10f db397757abfc4929afa1a4621372bbbc - - default default] Successfully bumped revision number for resource 3086c77a-c8a7-4877-8116-5407650fe537 (type: security_group_rules) to 0
2026-06-30 19:14:16.379 9 INFO neutron.api.wsgi [None req-94541763-9db6-4247-ad6c-a38e9c920ef2 00c98b3b2fd54525a6791f3193ac5e5f 1cf1a1b72d394d6fa9c00eb00f2416d6 - - default default] 10.0.0.143 "GET /v2.0/ports?tags=red%2Cblue HTTP/1.1" status: 200 len: 1708 time: 0.3136866
2026-06-30 19:14:16.426 10 INFO neutron.db.ovn_revision_numbers_db [None req-9703b41c-d738-4ec0-9122-391cb9c2dab1 d531a1c615c3483abfe82f7228ade10f db397757abfc4929afa1a4621372bbbc - - default default] Successfully bumped revision number for resource 71390781-b8ed-4a4e-9d8e-604495885eec (type: security_group_rules) to 0
2026-06-30 19:14:16.444 10 INFO neutron.db.ovn_revision_numbers_db [None req-9703b41c-d738-4ec0-9122-391cb9c2dab1 d531a1c615c3483abfe82f7228ade10f db397757abfc4929afa1a4621372bbbc - - default default] Successfully bumped revision number for resource b9fd51fc-4e6d-4c92-a969-d68187c6442c (type: security_group_rules) to 0
2026-06-30 19:14:16.459 10 INFO neutron.db.ovn_revision_numbers_db [None req-9703b41c-d738-4ec0-9122-391cb9c2dab1 d531a1c615c3483abfe82f7228ade10f db397757abfc4929afa1a4621372bbbc - - default default] Successfully bumped revision number for resource e1e49ce1-9bc3-4abc-b5e3-df886a6c0e13 (type: security_group_rules) to 0
2026-06-30 19:14:16.497 10 INFO neutron.api.wsgi [None req-1d93066b-aa0f-4745-b9d1-821a5b8e3489 00c98b3b2fd54525a6791f3193ac5e5f 1cf1a1b72d394d6fa9c00eb00f2416d6 - - default default] 10.0.0.143 "GET /v2.0/ports?tags-any=blue HTTP/1.1" status: 200 len: 1708 time: 0.1106339
2026-06-30 19:14:16.502 10 INFO neutron.api.wsgi [None req-9703b41c-d738-4ec0-9122-391cb9c2dab1 d531a1c615c3483abfe82f7228ade10f db397757abfc4929afa1a4621372bbbc - - default default] 10.0.0.143 "GET /v2.0/security-groups?tenant_id=e25afefae2054c879ee2c42949acdb97&name=default HTTP/1.1" status: 200 len: 3124 time: 0.3676574
2026-06-30 19:14:16.561 10 INFO neutron.api.wsgi [None req-1483361e-d12b-4be5-aa59-4d4caa52f78e 00c98b3b2fd54525a6791f3193ac5e5f 1cf1a1b72d394d6fa9c00eb00f2416d6 - - default default] 10.0.0.143 "GET /v2.0/ports?tags-any=red%2Cblue HTTP/1.1" status: 200 len: 2448 time: 0.0557954
2026-06-30 19:14:16.669 10 INFO neutron.api.wsgi [None req-d00c262e-8bc4-46bd-8cca-e98d11db4665 00c98b3b2fd54525a6791f3193ac5e5f 1cf1a1b72d394d6fa9c00eb00f2416d6 - - default default] 10.0.0.143 "GET /v2.0/ports?not-tags=red HTTP/1.1" status: 200 len: 5463 time: 0.1027915
2026-06-30 19:14:16.701 9 INFO neutron.api.wsgi [None req-32caedbf-ad80-4dde-8f7f-9d1b6a8b6247 d531a1c615c3483abfe82f7228ade10f db397757abfc4929afa1a4621372bbbc - - default default] 10.0.0.143 "DELETE /v2.0/security-groups/0566e1b7-31f7-49b8-84f0-c49d8fedfbd6 HTTP/1.1" status: 204 len: 168 time: 0.1942177
2026-06-30 19:14:16.903 9 INFO neutron.db.ovn_revision_numbers_db [None req-4afe76cb-8394-4948-a197-36a69175b612 d531a1c615c3483abfe82f7228ade10f db397757abfc4929afa1a4621372bbbc - - default default] Successfully bumped revision number for resource 304305d1-5f34-4c1d-8864-15210c180c4b (type: security_groups) to 1
2026-06-30 19:14:16.920 9 INFO neutron.db.ovn_revision_numbers_db [None req-4afe76cb-8394-4948-a197-36a69175b612 d531a1c615c3483abfe82f7228ade10f db397757abfc4929afa1a4621372bbbc - - default default] Successfully bumped revision number for resource 3508fffe-2b6b-490e-aeb3-517868f218de (type: security_group_rules) to 0
2026-06-30 19:14:16.929 9 INFO neutron.db.ovn_revision_numbers_db [None req-4afe76cb-8394-4948-a197-36a69175b612 d531a1c615c3483abfe82f7228ade10f db397757abfc4929afa1a4621372bbbc - - default default] Successfully bumped revision number for resource 4cb8eeda-11e5-4b7e-9e80-359ebf43ec7f (type: security_group_rules) to 0
2026-06-30 19:14:16.940 9 INFO neutron.db.ovn_revision_numbers_db [None req-4afe76cb-8394-4948-a197-36a69175b612 d531a1c615c3483abfe82f7228ade10f db397757abfc4929afa1a4621372bbbc - - default default] Successfully bumped revision number for resource c377e49f-e3c4-4dbf-a798-4649d6d0570a (type: security_group_rules) to 0
2026-06-30 19:14:16.950 9 INFO neutron.db.ovn_revision_numbers_db [None req-4afe76cb-8394-4948-a197-36a69175b612 d531a1c615c3483abfe82f7228ade10f db397757abfc4929afa1a4621372bbbc - - default default] Successfully bumped revision number for resource f2d4fba1-9576-40b7-a6f8-1f7f49c739cd (type: security_group_rules) to 0
2026-06-30 19:14:16.977 9 INFO neutron.api.wsgi [None req-4afe76cb-8394-4948-a197-36a69175b612 d531a1c615c3483abfe82f7228ade10f db397757abfc4929afa1a4621372bbbc - - default default] 10.0.0.143 "GET /v2.0/security-groups?tenant_id=9e091301db13457fa2b7d1a0e19b0d39&name=default HTTP/1.1" status: 200 len: 3124 time: 0.1817334
2026-06-30 19:14:17.020 10 INFO neutron.api.wsgi [None req-729227e9-ee03-4437-b575-a35cac7624b0 00c98b3b2fd54525a6791f3193ac5e5f 1cf1a1b72d394d6fa9c00eb00f2416d6 - - default default] 10.0.0.143 "GET /v2.0/ports?not-tags=red%2Cblue HTTP/1.1" status: 200 len: 6203 time: 0.3459733
2026-06-30 19:14:17.099 10 INFO neutron.api.wsgi [None req-6725fdfd-3130-4f84-b6b1-73e2f5cd5c69 00c98b3b2fd54525a6791f3193ac5e5f 1cf1a1b72d394d6fa9c00eb00f2416d6 - - default default] 10.0.0.143 "GET /v2.0/ports?not-tags-any=blue HTTP/1.1" status: 200 len: 6203 time: 0.0722811
2026-06-30 19:14:17.235 9 INFO neutron.api.wsgi [None req-4b10c47b-3dd7-4a9a-a244-7c21fde3f4bf 00c98b3b2fd54525a6791f3193ac5e5f 1cf1a1b72d394d6fa9c00eb00f2416d6 - - default default] 10.0.0.143 "GET /v2.0/ports?not-tags-any=red%2Cblue HTTP/1.1" status: 200 len: 5463 time: 0.1292832
2026-06-30 19:14:17.264 9 INFO neutron.api.wsgi [None req-a5efdde3-6c47-437d-bf68-22a27047b1e2 d531a1c615c3483abfe82f7228ade10f db397757abfc4929afa1a4621372bbbc - - default default] 10.0.0.143 "DELETE /v2.0/security-groups/304305d1-5f34-4c1d-8864-15210c180c4b HTTP/1.1" status: 204 len: 168 time: 0.2750156
2026-06-30 19:14:17.440 9 INFO neutron.api.wsgi [None req-310bad8d-6057-4a5b-8803-0862a759b050 00c98b3b2fd54525a6791f3193ac5e5f 1cf1a1b72d394d6fa9c00eb00f2416d6 - - default default] 10.0.0.143 "DELETE /v2.0/ports/aa50f34d-cebc-49e5-a4da-c6c946c854c0 HTTP/1.1" status: 204 len: 168 time: 0.1984787
2026-06-30 19:14:17.674 10 INFO neutron.api.wsgi [None req-3bd5462e-4741-46b0-b248-16c8dac7ba49 00c98b3b2fd54525a6791f3193ac5e5f 1cf1a1b72d394d6fa9c00eb00f2416d6 - - default default] 10.0.0.143 "DELETE /v2.0/ports/d239d202-7399-4ea9-8e5e-59bd88dc7306 HTTP/1.1" status: 204 len: 168 time: 0.2294986
2026-06-30 19:14:17.858 10 INFO neutron.api.wsgi [None req-39222a17-edae-408b-8368-07b0474cda0b 00c98b3b2fd54525a6791f3193ac5e5f 1cf1a1b72d394d6fa9c00eb00f2416d6 - - default default] 10.0.0.143 "DELETE /v2.0/ports/c039d992-3c6e-49b4-ba54-1f740e5f5bcc HTTP/1.1" status: 204 len: 168 time: 0.1789026
2026-06-30 19:14:18.052 10 INFO neutron.api.wsgi [None req-1b502c95-c547-44a2-91f8-79a99626c3e1 00c98b3b2fd54525a6791f3193ac5e5f 1cf1a1b72d394d6fa9c00eb00f2416d6 - - default default] 10.0.0.143 "DELETE /v2.0/ports/292c5752-4b8e-4ed8-808b-130f456a62be HTTP/1.1" status: 204 len: 168 time: 0.1897492
2026-06-30 19:14:18.272 9 INFO neutron.api.wsgi [None req-cf363745-2684-422c-830e-4c75c6f43fca 00c98b3b2fd54525a6791f3193ac5e5f 1cf1a1b72d394d6fa9c00eb00f2416d6 - - default default] 10.0.0.143 "DELETE /v2.0/ports/456c7e06-1c3e-489b-a671-b5f200e8a62f HTTP/1.1" status: 204 len: 168 time: 0.2134109
2026-06-30 19:14:18.547 9 INFO neutron.services.segments.plugin [-] Segment 3e3b9547-f5e1-49dd-8929-a8a342042f3b resource provider aggregate not found
2026-06-30 19:14:18.550 9 INFO neutron.services.segments.plugin [-] Segment 3e3b9547-f5e1-49dd-8929-a8a342042f3b resource provider aggregate not found
2026-06-30 19:14:18.557 9 INFO neutron.services.segments.plugin [-] Segment 3e3b9547-f5e1-49dd-8929-a8a342042f3b resource provider not found; error: Placement Client Error (4xx): {"errors": [{"status": 404, "title": "Not Found", "detail": "The resource could not be found.\n\n No resource provider with uuid 3e3b9547-f5e1-49dd-8929-a8a342042f3b found for delete ", "request_id": "req-56d71d6c-f8fb-42a7-8bdf-d82507ccbd30"}]}
2026-06-30 19:14:18.561 9 INFO neutron.services.segments.plugin [-] Segment 3e3b9547-f5e1-49dd-8929-a8a342042f3b resource provider not found; error: Placement Client Error (4xx): {"errors": [{"status": 404, "title": "Not Found", "detail": "The resource could not be found.\n\n No resource provider with uuid 3e3b9547-f5e1-49dd-8929-a8a342042f3b found for delete ", "request_id": "req-dba7e8de-782c-416a-8adf-bfe5605d25a0"}]}
2026-06-30 19:14:18.579 9 INFO neutron.api.wsgi [None req-4c1dddc9-e2b0-4fb5-b393-05ad15d6517a 00c98b3b2fd54525a6791f3193ac5e5f 1cf1a1b72d394d6fa9c00eb00f2416d6 - - default default] 10.0.0.143 "DELETE /v2.0/networks/094dcf13-6c4d-4387-9009-4de55b1c537e HTTP/1.1" status: 204 len: 168 time: 0.3022437
2026-06-30 19:14:18.872 9 INFO neutron.api.wsgi [None req-1755d24b-f181-4869-9794-a66ca352f448 00c98b3b2fd54525a6791f3193ac5e5f 1cf1a1b72d394d6fa9c00eb00f2416d6 - - default default] 10.0.0.143 "DELETE /v2.0/networks/d77073b0-9436-4cec-bec6-b8f7c79a1eb5 HTTP/1.1" status: 204 len: 168 time: 0.2879572
2026-06-30 19:14:19.177 9 INFO neutron.api.wsgi [None req-49cef8ba-543b-4eb6-a26a-8ab235fbf456 00c98b3b2fd54525a6791f3193ac5e5f 1cf1a1b72d394d6fa9c00eb00f2416d6 - - default default] 10.0.0.143 "DELETE /v2.0/networks/145a1d42-e4fe-43a8-a06a-df601231bd0f HTTP/1.1" status: 204 len: 168 time: 0.3000343
2026-06-30 19:14:19.454 10 INFO neutron.services.segments.plugin [-] Segment 3c98932f-1b7a-410a-a718-158dec72727a resource provider aggregate not found
2026-06-30 19:14:19.458 10 INFO neutron.services.segments.plugin [-] Segment 3c98932f-1b7a-410a-a718-158dec72727a resource provider aggregate not found
2026-06-30 19:14:19.470 10 INFO neutron.services.segments.plugin [-] Segment 3c98932f-1b7a-410a-a718-158dec72727a resource provider not found; error: Placement Client Error (4xx): {"errors": [{"status": 404, "title": "Not Found", "detail": "The resource could not be found.\n\n No resource provider with uuid 3c98932f-1b7a-410a-a718-158dec72727a found for delete ", "request_id": "req-ad163340-6139-4aa6-891f-95b775f1123b"}]}
2026-06-30 19:14:19.472 10 INFO neutron.services.segments.plugin [-] Segment 3c98932f-1b7a-410a-a718-158dec72727a resource provider not found; error: Placement Client Error (4xx): {"errors": [{"status": 404, "title": "Not Found", "detail": "The resource could not be found.\n\n No resource provider with uuid 3c98932f-1b7a-410a-a718-158dec72727a found for delete ", "request_id": "req-896218d7-c299-4822-baec-97cccb80e29e"}]}
2026-06-30 19:14:19.490 10 INFO neutron.api.wsgi [None req-ff0d29c5-fb00-41a3-b54a-3f9efe04764a 00c98b3b2fd54525a6791f3193ac5e5f 1cf1a1b72d394d6fa9c00eb00f2416d6 - - default default] 10.0.0.143 "DELETE /v2.0/networks/c86517b6-8e74-4eca-b486-c10aaddb022f HTTP/1.1" status: 204 len: 168 time: 0.3076634
2026-06-30 19:14:19.784 10 INFO neutron.api.wsgi [None req-c45627b7-408c-4449-82de-ce4eca59d4ad 00c98b3b2fd54525a6791f3193ac5e5f 1cf1a1b72d394d6fa9c00eb00f2416d6 - - default default] 10.0.0.143 "DELETE /v2.0/networks/d0dbc9f9-bf97-45aa-9337-c4a4af2bcd10 HTTP/1.1" status: 204 len: 168 time: 0.2888062
2026-06-30 19:14:20.340 10 INFO neutron.api.wsgi [-] 10.0.0.26 "GET / HTTP/1.1" status: 200 len: 247 time: 0.0026681
2026-06-30 19:14:20.340 9 INFO neutron.api.wsgi [-] 10.0.0.26 "GET / HTTP/1.1" status: 200 len: 247 time: 0.0024815
2026-06-30 19:14:20.573 9 INFO neutron.services.segments.plugin [-] Segment f1fcc22c-df8e-4ae9-b25d-c2bca56900af resource provider aggregate not found
2026-06-30 19:14:20.581 9 INFO neutron.services.segments.plugin [-] Segment f1fcc22c-df8e-4ae9-b25d-c2bca56900af resource provider aggregate not found
2026-06-30 19:14:20.585 9 INFO neutron.services.segments.plugin [-] Segment f1fcc22c-df8e-4ae9-b25d-c2bca56900af resource provider not found; error: Placement Client Error (4xx): {"errors": [{"status": 404, "title": "Not Found", "detail": "The resource could not be found.\n\n No resource provider with uuid f1fcc22c-df8e-4ae9-b25d-c2bca56900af found for delete ", "request_id": "req-72362ff0-6611-4b52-ac59-0a76f7b7979d"}]}
2026-06-30 19:14:20.591 9 INFO neutron.services.segments.plugin [-] Segment f1fcc22c-df8e-4ae9-b25d-c2bca56900af resource provider not found; error: Placement Client Error (4xx): {"errors": [{"status": 404, "title": "Not Found", "detail": "The resource could not be found.\n\n No resource provider with uuid f1fcc22c-df8e-4ae9-b25d-c2bca56900af found for delete ", "request_id": "req-45d7e93c-70e2-4cb5-9d13-d2dc7cf5bc0e"}]}
2026-06-30 19:14:20.595 9 INFO neutron.services.segments.plugin [-] Segment 9439afae-169b-43ed-8cba-3aec1f147d86 resource provider aggregate not found
2026-06-30 19:14:20.602 9 INFO neutron.services.segments.plugin [-] Segment 9439afae-169b-43ed-8cba-3aec1f147d86 resource provider aggregate not found
2026-06-30 19:14:20.607 9 INFO neutron.services.segments.plugin [-] Segment 9439afae-169b-43ed-8cba-3aec1f147d86 resource provider not found; error: Placement Client Error (4xx): {"errors": [{"status": 404, "title": "Not Found", "detail": "The resource could not be found.\n\n No resource provider with uuid 9439afae-169b-43ed-8cba-3aec1f147d86 found for delete ", "request_id": "req-3d5e9ebf-38e2-4e1f-9c96-6698ca1e4f4c"}]}
2026-06-30 19:14:20.613 9 INFO neutron.services.segments.plugin [-] Segment 9439afae-169b-43ed-8cba-3aec1f147d86 resource provider not found; error: Placement Client Error (4xx): {"errors": [{"status": 404, "title": "Not Found", "detail": "The resource could not be found.\n\n No resource provider with uuid 9439afae-169b-43ed-8cba-3aec1f147d86 found for delete ", "request_id": "req-e3d21270-039a-4463-baa9-f0bf1b374214"}]}
2026-06-30 19:14:20.780 9 INFO neutron.db.ovn_revision_numbers_db [None req-445447b4-68af-4247-bcff-8cbfcecb9820 d531a1c615c3483abfe82f7228ade10f db397757abfc4929afa1a4621372bbbc - - default default] Successfully bumped revision number for resource ec680744-5735-4dd8-a494-751fe11c9a8e (type: security_groups) to 1
2026-06-30 19:14:20.792 9 INFO neutron.db.ovn_revision_numbers_db [None req-445447b4-68af-4247-bcff-8cbfcecb9820 d531a1c615c3483abfe82f7228ade10f db397757abfc4929afa1a4621372bbbc - - default default] Successfully bumped revision number for resource 0153a717-386b-4805-90d6-049288dfb679 (type: security_group_rules) to 0
2026-06-30 19:14:20.806 9 INFO neutron.db.ovn_revision_numbers_db [None req-445447b4-68af-4247-bcff-8cbfcecb9820 d531a1c615c3483abfe82f7228ade10f db397757abfc4929afa1a4621372bbbc - - default default] Successfully bumped revision number for resource 01ab5e36-b7cd-4700-b66c-2c712e8067f8 (type: security_group_rules) to 0
2026-06-30 19:14:20.816 9 INFO neutron.db.ovn_revision_numbers_db [None req-445447b4-68af-4247-bcff-8cbfcecb9820 d531a1c615c3483abfe82f7228ade10f db397757abfc4929afa1a4621372bbbc - - default default] Successfully bumped revision number for resource 1e07f4c7-861b-44d6-b79a-b7df3a1cf646 (type: security_group_rules) to 0
2026-06-30 19:14:20.829 9 INFO neutron.db.ovn_revision_numbers_db [None req-445447b4-68af-4247-bcff-8cbfcecb9820 d531a1c615c3483abfe82f7228ade10f db397757abfc4929afa1a4621372bbbc - - default default] Successfully bumped revision number for resource 6952de68-477c-49fa-8587-e97fc8d70281 (type: security_group_rules) to 0
2026-06-30 19:14:20.861 9 INFO neutron.api.wsgi [None req-445447b4-68af-4247-bcff-8cbfcecb9820 d531a1c615c3483abfe82f7228ade10f db397757abfc4929afa1a4621372bbbc - - default default] 10.0.0.143 "GET /v2.0/security-groups?tenant_id=7a8d45b92edb4f07a3ab45463a9a6860&name=default HTTP/1.1" status: 200 len: 3124 time: 0.3297157
2026-06-30 19:14:21.060 9 INFO neutron.api.wsgi [None req-72fe690f-362f-4ee8-aaff-dd76e871812c d531a1c615c3483abfe82f7228ade10f db397757abfc4929afa1a4621372bbbc - - default default] 10.0.0.143 "DELETE /v2.0/security-groups/ec680744-5735-4dd8-a494-751fe11c9a8e HTTP/1.1" status: 204 len: 168 time: 0.1939409
2026-06-30 19:14:21.292 10 INFO neutron.db.ovn_revision_numbers_db [None req-ba0874ac-3297-48e0-8295-3e60d311d464 d531a1c615c3483abfe82f7228ade10f db397757abfc4929afa1a4621372bbbc - - default default] Successfully bumped revision number for resource ccbf1ac1-f6ea-47e8-8285-b853526b4791 (type: security_groups) to 1
2026-06-30 19:14:21.306 10 INFO neutron.db.ovn_revision_numbers_db [None req-ba0874ac-3297-48e0-8295-3e60d311d464 d531a1c615c3483abfe82f7228ade10f db397757abfc4929afa1a4621372bbbc - - default default] Successfully bumped revision number for resource 3dbb5e1e-006d-475a-a2c9-614770ee3e3a (type: security_group_rules) to 0
2026-06-30 19:14:21.319 10 INFO neutron.db.ovn_revision_numbers_db [None req-ba0874ac-3297-48e0-8295-3e60d311d464 d531a1c615c3483abfe82f7228ade10f db397757abfc4929afa1a4621372bbbc - - default default] Successfully bumped revision number for resource 873e3d04-d324-4b5c-9b66-f475987cd533 (type: security_group_rules) to 0
2026-06-30 19:14:21.333 10 INFO neutron.db.ovn_revision_numbers_db [None req-ba0874ac-3297-48e0-8295-3e60d311d464 d531a1c615c3483abfe82f7228ade10f db397757abfc4929afa1a4621372bbbc - - default default] Successfully bumped revision number for resource 898eec4b-cf50-4c04-8562-c1b779dc639b (type: security_group_rules) to 0
2026-06-30 19:14:21.354 10 INFO neutron.db.ovn_revision_numbers_db [None req-ba0874ac-3297-48e0-8295-3e60d311d464 d531a1c615c3483abfe82f7228ade10f db397757abfc4929afa1a4621372bbbc - - default default] Successfully bumped revision number for resource eb4d79e8-ddcc-47f9-abcd-7a0f56b13035 (type: security_group_rules) to 0
2026-06-30 19:14:21.389 10 INFO neutron.api.wsgi [None req-ba0874ac-3297-48e0-8295-3e60d311d464 d531a1c615c3483abfe82f7228ade10f db397757abfc4929afa1a4621372bbbc - - default default] 10.0.0.143 "GET /v2.0/security-groups?tenant_id=2eed8d3f67934bbd8bb513a656c9a60f&name=default HTTP/1.1" status: 200 len: 3124 time: 0.2230096
2026-06-30 19:14:21.484 10 INFO neutron.services.segments.plugin [-] Segment 9659cc2c-140c-4a66-bd90-ce97a2426f42 resource provider aggregate not found
2026-06-30 19:14:21.488 10 INFO neutron.services.segments.plugin [-] Segment 9659cc2c-140c-4a66-bd90-ce97a2426f42 resource provider aggregate not found
2026-06-30 19:14:21.495 10 INFO neutron.services.segments.plugin [-] Segment 9659cc2c-140c-4a66-bd90-ce97a2426f42 resource provider not found; error: Placement Client Error (4xx): {"errors": [{"status": 404, "title": "Not Found", "detail": "The resource could not be found.\n\n No resource provider with uuid 9659cc2c-140c-4a66-bd90-ce97a2426f42 found for delete ", "request_id": "req-70ed4d9d-d408-4350-96a3-5022020e3fc2"}]}
2026-06-30 19:14:21.499 10 INFO neutron.services.segments.plugin [-] Segment 9659cc2c-140c-4a66-bd90-ce97a2426f42 resource provider not found; error: Placement Client Error (4xx): {"errors": [{"status": 404, "title": "Not Found", "detail": "The resource could not be found.\n\n No resource provider with uuid 9659cc2c-140c-4a66-bd90-ce97a2426f42 found for delete ", "request_id": "req-58d9c079-b022-44ef-99cc-35f70c953f40"}]}
2026-06-30 19:14:21.586 10 INFO neutron.api.wsgi [None req-d8e303e1-e9ac-4267-86ef-7022aacf11ae d531a1c615c3483abfe82f7228ade10f db397757abfc4929afa1a4621372bbbc - - default default] 10.0.0.143 "DELETE /v2.0/security-groups/ccbf1ac1-f6ea-47e8-8285-b853526b4791 HTTP/1.1" status: 204 len: 168 time: 0.1928437
2026-06-30 19:14:21.748 10 INFO neutron.api.wsgi [None req-f86ee5b1-0290-43f7-800d-c3b5af5f8b27 d531a1c615c3483abfe82f7228ade10f db397757abfc4929afa1a4621372bbbc - - default default] 10.0.0.143 "GET /v2.0/security-groups?tenant_id=1cf1a1b72d394d6fa9c00eb00f2416d6&name=default HTTP/1.1" status: 200 len: 3124 time: 0.0293021
2026-06-30 19:14:21.949 10 INFO neutron.api.wsgi [None req-5cd4d729-cf78-41c2-aad0-368ba41d24ea d531a1c615c3483abfe82f7228ade10f db397757abfc4929afa1a4621372bbbc - - default default] 10.0.0.143 "DELETE /v2.0/security-groups/6a79ebfe-3dc5-4062-a658-c8f6821a3849 HTTP/1.1" status: 204 len: 168 time: 0.1966486
2026-06-30 19:14:22.244 10 INFO neutron.api.wsgi [req-990b436f-f3ba-46b1-8913-bdab53760a71 req-2ea00b67-a35e-4104-afc4-a163fca33da4 d531a1c615c3483abfe82f7228ade10f db397757abfc4929afa1a4621372bbbc - - default default] 10.0.0.14 "GET /v2.0/security-groups?id=81048e35-44a9-463e-9217-c18c791ba1c2&fields=id HTTP/1.1" status: 200 len: 267 time: 0.0290589
2026-06-30 19:14:22.303 10 INFO neutron.api.wsgi [req-990b436f-f3ba-46b1-8913-bdab53760a71 req-e66ebc31-3e05-403c-95f5-78e55389bdb1 d531a1c615c3483abfe82f7228ade10f db397757abfc4929afa1a4621372bbbc - - default default] 10.0.0.14 "GET /v2.0/networks?id=e48f11aa-7ade-4c86-bf30-5f6193832228 HTTP/1.1" status: 200 len: 937 time: 0.0546539
2026-06-30 19:14:22.319 10 INFO neutron.api.wsgi [req-990b436f-f3ba-46b1-8913-bdab53760a71 req-feb718c5-f7ce-4fb2-b5c2-ddb3236b276c d531a1c615c3483abfe82f7228ade10f db397757abfc4929afa1a4621372bbbc - - default default] 10.0.0.14 "GET /v2.0/quotas/db397757abfc4929afa1a4621372bbbc HTTP/1.1" status: 200 len: 490 time: 0.0087061
2026-06-30 19:14:22.379 10 INFO neutron.api.wsgi [req-990b436f-f3ba-46b1-8913-bdab53760a71 req-5802141e-369d-4dfe-95a9-39e17bcecaaf d531a1c615c3483abfe82f7228ade10f db397757abfc4929afa1a4621372bbbc - - default default] 10.0.0.14 "GET /v2.0/ports?tenant_id=db397757abfc4929afa1a4621372bbbc&fields=id HTTP/1.1" status: 200 len: 348 time: 0.0554471
2026-06-30 19:14:22.425 10 INFO neutron.api.wsgi [req-990b436f-f3ba-46b1-8913-bdab53760a71 req-3a3ce983-3f33-4304-a39f-022cec68385e bac24df5a7c246e5b74f40a83f1f10f3 83999fb9621d4058b9da56e2f719922f - - f38a3932c05f420b816f06f07e6c4eca f38a3932c05f420b816f06f07e6c4eca] 10.0.0.14 "GET /v2.0/networks/e48f11aa-7ade-4c86-bf30-5f6193832228?fields=segments HTTP/1.1" status: 200 len: 212 time: 0.0350347
2026-06-30 19:14:22.471 10 INFO neutron.api.wsgi [req-990b436f-f3ba-46b1-8913-bdab53760a71 req-d2955196-a82f-47ce-88e6-10efa7236685 bac24df5a7c246e5b74f40a83f1f10f3 83999fb9621d4058b9da56e2f719922f - - f38a3932c05f420b816f06f07e6c4eca f38a3932c05f420b816f06f07e6c4eca] 10.0.0.14 "GET /v2.0/networks/e48f11aa-7ade-4c86-bf30-5f6193832228?fields=provider%3Aphysical_network&fields=provider%3Anetwork_type HTTP/1.1" status: 200 len: 277 time: 0.0405691
2026-06-30 19:14:23.067 9 INFO neutron.api.wsgi [req-ac959ee6-a338-4c6d-9630-e76b0a97af5f req-23aee048-709f-499d-82c2-5f491c062506 d531a1c615c3483abfe82f7228ade10f db397757abfc4929afa1a4621372bbbc - - default default] 10.0.0.14 "GET /v2.0/ports?device_id=04ef4e72-00af-4249-a717-8a863fde1677 HTTP/1.1" status: 200 len: 210 time: 0.0228381
2026-06-30 19:14:23.132 10 INFO neutron.api.wsgi [req-36226cc2-41ba-4970-affc-c254d55dd507 req-d3dfd9ab-e6ac-4c22-8449-291ddea289af d531a1c615c3483abfe82f7228ade10f db397757abfc4929afa1a4621372bbbc - - default default] 10.0.0.14 "GET /v2.0/ports?device_id=04ef4e72-00af-4249-a717-8a863fde1677 HTTP/1.1" status: 200 len: 210 time: 0.0196102
2026-06-30 19:14:25.739 10 INFO neutron.api.wsgi [req-1e05b0d2-350c-4ee1-811e-1b374c68fad8 req-332fb0e8-2b35-43ab-90d9-6f1e0595f2b7 d531a1c615c3483abfe82f7228ade10f db397757abfc4929afa1a4621372bbbc - - default default] 10.0.0.14 "GET /v2.0/ports?device_id=04ef4e72-00af-4249-a717-8a863fde1677 HTTP/1.1" status: 200 len: 210 time: 0.0190403
2026-06-30 19:14:25.819 9 INFO neutron.api.wsgi [req-89bb75ae-d7c1-48bf-84f9-ef61e790941d req-4fc69802-ae2b-4e0a-bc6c-16b5a09045cc d531a1c615c3483abfe82f7228ade10f db397757abfc4929afa1a4621372bbbc - - default default] 10.0.0.14 "GET /v2.0/ports?device_id=04ef4e72-00af-4249-a717-8a863fde1677 HTTP/1.1" status: 200 len: 210 time: 0.0205052
2026-06-30 19:14:25.904 9 INFO neutron.api.wsgi [None req-925435d6-053a-455f-bada-09aa0e96a939 d6de21a8ac474a9ea94de826af677fa4 44c8eabf4dc84bef911c33313c147d8f - - default default] 10.0.0.143 "POST /v2.0/qos/policies HTTP/1.1" status: 201 len: 558 time: 0.2033708
2026-06-30 19:14:25.952 9 INFO neutron.api.wsgi [None req-e0cc9495-10c7-424d-9fe1-15e902902af2 d6de21a8ac474a9ea94de826af677fa4 44c8eabf4dc84bef911c33313c147d8f - - default default] 10.0.0.143 "POST /v2.0/qos/policies HTTP/1.1" status: 201 len: 558 time: 0.0432405
2026-06-30 19:14:25.989 9 INFO neutron.api.wsgi [None req-29447cb8-ae4b-4f4c-85bf-bf31ecd6804e d6de21a8ac474a9ea94de826af677fa4 44c8eabf4dc84bef911c33313c147d8f - - default default] 10.0.0.143 "POST /v2.0/qos/policies HTTP/1.1" status: 201 len: 558 time: 0.0326314
2026-06-30 19:14:26.058 10 INFO neutron.api.wsgi [None req-2e590094-a5c9-45de-99e8-fa0d5abeaa1e d6de21a8ac474a9ea94de826af677fa4 44c8eabf4dc84bef911c33313c147d8f - - default default] 10.0.0.143 "POST /v2.0/qos/policies HTTP/1.1" status: 201 len: 558 time: 0.0643170
2026-06-30 19:14:26.093 10 INFO neutron.api.wsgi [None req-56545ef1-caea-4c5e-91a5-434bca228c05 d6de21a8ac474a9ea94de826af677fa4 44c8eabf4dc84bef911c33313c147d8f - - default default] 10.0.0.143 "POST /v2.0/qos/policies HTTP/1.1" status: 201 len: 558 time: 0.0290017
2026-06-30 19:14:26.125 10 INFO neutron.api.wsgi [None req-48575b2f-edab-40f8-b762-9ddc3475e546 d6de21a8ac474a9ea94de826af677fa4 44c8eabf4dc84bef911c33313c147d8f - - default default] 10.0.0.143 "PUT /v2.0/policies/a0ba2a6b-df8f-4405-8516-b8ad9eb1a02a/tags HTTP/1.1" status: 200 len: 210 time: 0.0277042
2026-06-30 19:14:26.151 10 INFO neutron.api.wsgi [None req-89f9e4a8-520c-4ff4-92ea-82d6fa7474fc d6de21a8ac474a9ea94de826af677fa4 44c8eabf4dc84bef911c33313c147d8f - - default default] 10.0.0.143 "PUT /v2.0/policies/36d9b8a4-c55a-456f-add9-b3256ff77f8e/tags HTTP/1.1" status: 200 len: 218 time: 0.0213454
2026-06-30 19:14:26.183 10 INFO neutron.api.wsgi [None req-037d5d85-7bdf-4e96-bd77-1861e6eb1d49 d6de21a8ac474a9ea94de826af677fa4 44c8eabf4dc84bef911c33313c147d8f - - default default] 10.0.0.143 "PUT /v2.0/policies/df777c1c-d09c-4b69-abf0-52ccc8c648d6/tags HTTP/1.1" status: 200 len: 227 time: 0.0276995
2026-06-30 19:14:26.211 10 INFO neutron.api.wsgi [None req-70848949-c7b7-46d2-8e7f-a774a6620284 d6de21a8ac474a9ea94de826af677fa4 44c8eabf4dc84bef911c33313c147d8f - - default default] 10.0.0.143 "PUT /v2.0/policies/059a9395-e1c4-4dfa-ac41-ffd35fcbc26b/tags HTTP/1.1" status: 200 len: 212 time: 0.0230248
2026-06-30 19:14:26.690 9 INFO neutron.api.wsgi [None req-ebe93659-c18a-4f93-855c-152db640b50b 037aea7a3d394a54b7e92acbd992d563 482e85b633f34804aa9a6bfeca9f1238 - - default default] 10.0.0.143 "GET /v2.0/qos/policies?tags=red HTTP/1.1" status: 200 len: 1296 time: 0.0851080
2026-06-30 19:14:26.735 9 INFO neutron.api.wsgi [None req-4f227d61-aabb-45f2-8c7e-585ef0eda6c5 037aea7a3d394a54b7e92acbd992d563 482e85b633f34804aa9a6bfeca9f1238 - - default default] 10.0.0.143 "GET /v2.0/qos/policies?tags=red%2Cblue HTTP/1.1" status: 200 len: 941 time: 0.0394678
2026-06-30 19:14:26.782 9 INFO neutron.api.wsgi [None req-5cd773ff-63d2-4386-916c-990102d93ac4 037aea7a3d394a54b7e92acbd992d563 482e85b633f34804aa9a6bfeca9f1238 - - default default] 10.0.0.143 "GET /v2.0/qos/policies?tags-any=blue HTTP/1.1" status: 200 len: 941 time: 0.0425682
2026-06-30 19:14:26.842 10 INFO neutron.api.wsgi [None req-016dc1cf-6be5-4f85-ad35-4e0e6d3ff6d5 037aea7a3d394a54b7e92acbd992d563 482e85b633f34804aa9a6bfeca9f1238 - - default default] 10.0.0.143 "GET /v2.0/qos/policies?tags-any=red%2Cblue HTTP/1.1" status: 200 len: 1296 time: 0.0558474
2026-06-30 19:14:26.887 10 INFO neutron.api.wsgi [None req-359675a1-80d2-4d1c-a4e2-75471c53c6e4 037aea7a3d394a54b7e92acbd992d563 482e85b633f34804aa9a6bfeca9f1238 - - default default] 10.0.0.143 "GET /v2.0/qos/policies?not-tags=red HTTP/1.1" status: 200 len: 913 time: 0.0403490
2026-06-30 19:14:26.951 10 INFO neutron.api.wsgi [None req-89a58ec9-c3c3-49cc-8be2-d52d88f19fe3 037aea7a3d394a54b7e92acbd992d563 482e85b633f34804aa9a6bfeca9f1238 - - default default] 10.0.0.143 "GET /v2.0/qos/policies?not-tags=red%2Cblue HTTP/1.1" status: 200 len: 1268 time: 0.0588067
2026-06-30 19:14:27.012 10 INFO neutron.api.wsgi [None req-4c51c89a-8832-47dd-99c9-4544f09c404d 037aea7a3d394a54b7e92acbd992d563 482e85b633f34804aa9a6bfeca9f1238 - - default default] 10.0.0.143 "GET /v2.0/qos/policies?not-tags-any=blue HTTP/1.1" status: 200 len: 1268 time: 0.0555673
2026-06-30 19:14:27.016 9 INFO neutron.api.wsgi [req-990b436f-f3ba-46b1-8913-bdab53760a71 req-a4ba5601-5d45-4cdd-b486-045940887e45 d531a1c615c3483abfe82f7228ade10f db397757abfc4929afa1a4621372bbbc - - default default] 199.204.45.70 "GET /v2.0/networks?id=e48f11aa-7ade-4c86-bf30-5f6193832228 HTTP/1.1" status: 200 len: 937 time: 0.0477724
2026-06-30 19:14:27.063 10 INFO neutron.api.wsgi [None req-3bf6d393-89f3-4196-956a-142f2fdd87ad 037aea7a3d394a54b7e92acbd992d563 482e85b633f34804aa9a6bfeca9f1238 - - default default] 10.0.0.143 "GET /v2.0/qos/policies?not-tags-any=red%2Cblue HTTP/1.1" status: 200 len: 913 time: 0.0457301
2026-06-30 19:14:27.065 9 INFO neutron.api.wsgi [req-990b436f-f3ba-46b1-8913-bdab53760a71 req-e0823483-daad-485d-b522-19fabc2715ea d531a1c615c3483abfe82f7228ade10f db397757abfc4929afa1a4621372bbbc - - default default] 199.204.45.70 "GET /v2.0/security-groups?fields=id&fields=name&tenant_id=db397757abfc4929afa1a4621372bbbc HTTP/1.1" status: 200 len: 542 time: 0.0448458
2026-06-30 19:14:27.132 10 INFO neutron.api.wsgi [None req-d63e73cf-b8a6-4a08-b0d9-1e45134134e1 d6de21a8ac474a9ea94de826af677fa4 44c8eabf4dc84bef911c33313c147d8f - - default default] 10.0.0.143 "DELETE /v2.0/qos/policies/a0ba2a6b-df8f-4405-8516-b8ad9eb1a02a HTTP/1.1" status: 204 len: 168 time: 0.0641565
2026-06-30 19:14:27.182 10 INFO neutron.api.wsgi [None req-cece85da-480f-4412-8f3f-950f0f402850 d6de21a8ac474a9ea94de826af677fa4 44c8eabf4dc84bef911c33313c147d8f - - default default] 10.0.0.143 "DELETE /v2.0/qos/policies/36d9b8a4-c55a-456f-add9-b3256ff77f8e HTTP/1.1" status: 204 len: 168 time: 0.0465114
2026-06-30 19:14:27.249 9 INFO neutron.api.wsgi [None req-4ced4826-2430-4559-8f54-a1355c5d5511 d6de21a8ac474a9ea94de826af677fa4 44c8eabf4dc84bef911c33313c147d8f - - default default] 10.0.0.143 "DELETE /v2.0/qos/policies/df777c1c-d09c-4b69-abf0-52ccc8c648d6 HTTP/1.1" status: 204 len: 168 time: 0.0626342
2026-06-30 19:14:27.311 10 INFO neutron.api.wsgi [None req-e1e88c04-7862-42b7-9f98-906aabec333d d6de21a8ac474a9ea94de826af677fa4 44c8eabf4dc84bef911c33313c147d8f - - default default] 10.0.0.143 "DELETE /v2.0/qos/policies/059a9395-e1c4-4dfa-ac41-ffd35fcbc26b HTTP/1.1" status: 204 len: 168 time: 0.0570879
2026-06-30 19:14:27.317 9 WARNING neutron.scheduler.dhcp_agent_scheduler [req-990b436f-f3ba-46b1-8913-bdab53760a71 req-8b13fe34-e8bb-4364-af9e-2b593e785b55 d531a1c615c3483abfe82f7228ade10f db397757abfc4929afa1a4621372bbbc - - default default] No more DHCP agents /var/lib/openstack/lib/python3.12/site-packages/pycadf/identifier.py:71: UserWarning: Invalid uuid: neutron. To ensure interoperability, identifiers should be a valid uuid. warnings.warn(('Invalid uuid: %s. To ensure interoperability, '
2026-06-30 19:14:27.323 9 WARNING neutron.api.rpc.agentnotifiers.dhcp_rpc_agent_api [req-990b436f-f3ba-46b1-8913-bdab53760a71 req-8b13fe34-e8bb-4364-af9e-2b593e785b55 d531a1c615c3483abfe82f7228ade10f db397757abfc4929afa1a4621372bbbc - - default default] Unable to schedule network e48f11aa-7ade-4c86-bf30-5f6193832228: no agents available; will retry on subsequent port and subnet creation events.
2026-06-30 19:14:27.371 9 INFO neutron.api.wsgi [None req-c53c9b7a-10b0-4510-8f0e-517f9caf27e6 d6de21a8ac474a9ea94de826af677fa4 44c8eabf4dc84bef911c33313c147d8f - - default default] 10.0.0.143 "DELETE /v2.0/qos/policies/1f906928-6211-4347-8eed-6e4b7220e119 HTTP/1.1" status: 204 len: 168 time: 0.0546978
2026-06-30 19:14:27.451 9 INFO neutron.db.ovn_revision_numbers_db [req-990b436f-f3ba-46b1-8913-bdab53760a71 req-8b13fe34-e8bb-4364-af9e-2b593e785b55 d531a1c615c3483abfe82f7228ade10f db397757abfc4929afa1a4621372bbbc - - default default] Successfully bumped revision number for resource 394159d4-7210-4948-8ddb-b5db9f90187a (type: ports) to 1
2026-06-30 19:14:27.467 9 INFO neutron.api.wsgi [req-990b436f-f3ba-46b1-8913-bdab53760a71 req-8b13fe34-e8bb-4364-af9e-2b593e785b55 d531a1c615c3483abfe82f7228ade10f db397757abfc4929afa1a4621372bbbc - - default default] 199.204.45.70 "POST /v2.0/ports HTTP/1.1" status: 201 len: 1287 time: 0.3975005
2026-06-30 19:14:27.804 9 INFO neutron.db.ovn_revision_numbers_db [req-990b436f-f3ba-46b1-8913-bdab53760a71 req-74f40005-560a-4f45-b047-23a57506172d bac24df5a7c246e5b74f40a83f1f10f3 83999fb9621d4058b9da56e2f719922f - - f38a3932c05f420b816f06f07e6c4eca f38a3932c05f420b816f06f07e6c4eca] Successfully bumped revision number for resource 394159d4-7210-4948-8ddb-b5db9f90187a (type: ports) to 2
2026-06-30 19:14:28.018 9 INFO neutron.db.ovn_revision_numbers_db [req-990b436f-f3ba-46b1-8913-bdab53760a71 req-74f40005-560a-4f45-b047-23a57506172d bac24df5a7c246e5b74f40a83f1f10f3 83999fb9621d4058b9da56e2f719922f - - f38a3932c05f420b816f06f07e6c4eca f38a3932c05f420b816f06f07e6c4eca] Successfully bumped revision number for resource 394159d4-7210-4948-8ddb-b5db9f90187a (type: ports) to 4
2026-06-30 19:14:28.037 9 INFO neutron.api.wsgi [req-990b436f-f3ba-46b1-8913-bdab53760a71 req-74f40005-560a-4f45-b047-23a57506172d bac24df5a7c246e5b74f40a83f1f10f3 83999fb9621d4058b9da56e2f719922f - - f38a3932c05f420b816f06f07e6c4eca f38a3932c05f420b816f06f07e6c4eca] 199.204.45.70 "PUT /v2.0/ports/394159d4-7210-4948-8ddb-b5db9f90187a HTTP/1.1" status: 200 len: 1412 time: 0.5597553
2026-06-30 19:14:28.087 9 INFO neutron.notifiers.nova [-] Nova event matching ['req-d6c224fc-9df1-4900-b61e-b4684ebf7651'] response: {'name': 'network-changed', 'server_uuid': '04ef4e72-00af-4249-a717-8a863fde1677', 'tag': '394159d4-7210-4948-8ddb-b5db9f90187a', 'status': 'completed', 'code': 200}
2026-06-30 19:14:28.399 10 INFO neutron.db.ovn_revision_numbers_db [None req-a90ec551-67a3-4922-9ed2-dc006efe26ef d531a1c615c3483abfe82f7228ade10f db397757abfc4929afa1a4621372bbbc - - default default] Successfully bumped revision number for resource 53fa6d2f-1d5c-4ca6-8a7d-846d0c8ce330 (type: security_groups) to 1
2026-06-30 19:14:28.412 10 INFO neutron.db.ovn_revision_numbers_db [None req-a90ec551-67a3-4922-9ed2-dc006efe26ef d531a1c615c3483abfe82f7228ade10f db397757abfc4929afa1a4621372bbbc - - default default] Successfully bumped revision number for resource 5d6f30a6-9d37-45bf-89dc-4c7e6a6dde38 (type: security_group_rules) to 0
2026-06-30 19:14:28.424 10 INFO neutron.db.ovn_revision_numbers_db [None req-a90ec551-67a3-4922-9ed2-dc006efe26ef d531a1c615c3483abfe82f7228ade10f db397757abfc4929afa1a4621372bbbc - - default default] Successfully bumped revision number for resource 9a4a19a2-4341-4a4c-8c99-686408ba8043 (type: security_group_rules) to 0
2026-06-30 19:14:28.437 10 INFO neutron.db.ovn_revision_numbers_db [None req-a90ec551-67a3-4922-9ed2-dc006efe26ef d531a1c615c3483abfe82f7228ade10f db397757abfc4929afa1a4621372bbbc - - default default] Successfully bumped revision number for resource a94388c2-ffc5-4c8f-9ad2-501d32b29025 (type: security_group_rules) to 0
2026-06-30 19:14:28.450 10 INFO neutron.db.ovn_revision_numbers_db [None req-a90ec551-67a3-4922-9ed2-dc006efe26ef d531a1c615c3483abfe82f7228ade10f db397757abfc4929afa1a4621372bbbc - - default default] Successfully bumped revision number for resource b9c8eab3-ad8c-4bf6-b174-9c8a0287b543 (type: security_group_rules) to 0
2026-06-30 19:14:28.485 10 INFO neutron.api.wsgi [None req-a90ec551-67a3-4922-9ed2-dc006efe26ef d531a1c615c3483abfe82f7228ade10f db397757abfc4929afa1a4621372bbbc - - default default] 10.0.0.143 "GET /v2.0/security-groups?tenant_id=482e85b633f34804aa9a6bfeca9f1238&name=default HTTP/1.1" status: 200 len: 3124 time: 0.3500218 /var/lib/openstack/lib/python3.12/site-packages/pycadf/identifier.py:71: UserWarning: Invalid uuid: neutron. To ensure interoperability, identifiers should be a valid uuid. warnings.warn(('Invalid uuid: %s. To ensure interoperability, '
2026-06-30 19:14:28.644 9 INFO neutron.api.wsgi [req-b593e5b7-2435-4016-95cc-c4e2bff8901f req-d87e6b74-d596-48f5-8be5-700005a00751 bac24df5a7c246e5b74f40a83f1f10f3 83999fb9621d4058b9da56e2f719922f - - f38a3932c05f420b816f06f07e6c4eca f38a3932c05f420b816f06f07e6c4eca] 199.204.45.70 "GET /v2.0/ports?tenant_id=db397757abfc4929afa1a4621372bbbc&device_id=04ef4e72-00af-4249-a717-8a863fde1677 HTTP/1.1" status: 200 len: 1415 time: 0.0367439
2026-06-30 19:14:28.681 10 INFO neutron.api.wsgi [None req-93b0df0c-4819-417d-af35-e128cd9ed625 d531a1c615c3483abfe82f7228ade10f db397757abfc4929afa1a4621372bbbc - - default default] 10.0.0.143 "DELETE /v2.0/security-groups/53fa6d2f-1d5c-4ca6-8a7d-846d0c8ce330 HTTP/1.1" status: 204 len: 168 time: 0.1901746
2026-06-30 19:14:28.717 9 INFO neutron.api.wsgi [req-5805aad5-ddac-4e53-b6da-9b79a50ed8f6 req-f7a35fc9-d0c0-4209-8808-5eeb4d980eaf d531a1c615c3483abfe82f7228ade10f db397757abfc4929afa1a4621372bbbc - - default default] 10.0.0.14 "GET /v2.0/ports?device_id=04ef4e72-00af-4249-a717-8a863fde1677 HTTP/1.1" status: 200 len: 1415 time: 0.0438006
2026-06-30 19:14:28.721 9 INFO neutron.api.wsgi [req-b593e5b7-2435-4016-95cc-c4e2bff8901f req-2301c784-c485-4976-99db-474fbd5000e3 bac24df5a7c246e5b74f40a83f1f10f3 83999fb9621d4058b9da56e2f719922f - - f38a3932c05f420b816f06f07e6c4eca f38a3932c05f420b816f06f07e6c4eca] 199.204.45.70 "GET /v2.0/networks?tenant_id=db397757abfc4929afa1a4621372bbbc&shared=False HTTP/1.1" status: 200 len: 937 time: 0.0711179
2026-06-30 19:14:28.764 9 INFO neutron.api.wsgi [req-5805aad5-ddac-4e53-b6da-9b79a50ed8f6 req-e8698ab5-5a3f-46ed-aa1b-a181c52dfa22 d531a1c615c3483abfe82f7228ade10f db397757abfc4929afa1a4621372bbbc - - default default] 10.0.0.14 "GET /v2.0/security-groups?id=81048e35-44a9-463e-9217-c18c791ba1c2&fields=id&fields=name HTTP/1.1" status: 200 len: 294 time: 0.0393662
2026-06-30 19:14:28.773 9 INFO neutron.api.wsgi [req-b593e5b7-2435-4016-95cc-c4e2bff8901f req-de0f16f1-05ed-418f-a5b3-62004cceaff7 bac24df5a7c246e5b74f40a83f1f10f3 83999fb9621d4058b9da56e2f719922f - - f38a3932c05f420b816f06f07e6c4eca f38a3932c05f420b816f06f07e6c4eca] 199.204.45.70 "GET /v2.0/networks?shared=True HTTP/1.1" status: 200 len: 952 time: 0.0491264
2026-06-30 19:14:28.853 10 INFO neutron.api.wsgi [req-7784b9af-809b-42db-b1cc-e0b7d031724e req-ade55487-be7d-440b-a4e7-5f9f90eca59b d531a1c615c3483abfe82f7228ade10f db397757abfc4929afa1a4621372bbbc - - default default] 10.0.0.14 "GET /v2.0/ports?device_id=04ef4e72-00af-4249-a717-8a863fde1677 HTTP/1.1" status: 200 len: 1415 time: 0.0395753
2026-06-30 19:14:28.905 10 INFO neutron.db.ovn_revision_numbers_db [None req-082931db-7050-4a63-ba3e-e1c6b375d960 d531a1c615c3483abfe82f7228ade10f db397757abfc4929afa1a4621372bbbc - - default default] Successfully bumped revision number for resource 467cd8f6-1029-41d1-8b0a-f6acb8f31342 (type: security_groups) to 1
2026-06-30 19:14:28.918 10 INFO neutron.db.ovn_revision_numbers_db [None req-082931db-7050-4a63-ba3e-e1c6b375d960 d531a1c615c3483abfe82f7228ade10f db397757abfc4929afa1a4621372bbbc - - default default] Successfully bumped revision number for resource 2c0389ee-5b52-47f1-a807-d262337ecee9 (type: security_group_rules) to 0
2026-06-30 19:14:28.932 10 INFO neutron.db.ovn_revision_numbers_db [None req-082931db-7050-4a63-ba3e-e1c6b375d960 d531a1c615c3483abfe82f7228ade10f db397757abfc4929afa1a4621372bbbc - - default default] Successfully bumped revision number for resource 676b33a2-5bfa-4d64-9c94-dec435029c5d (type: security_group_rules) to 0
