Jun 22 12:14:56.115448 np0000182464 devstack@n-api.service[100191]: DEBUG oslo_concurrency.lockutils [None req-5cdcd3fc-c680-4f93-b555-0439268adaaa demo demo] Lock "239d5a97-59ad-4ecd-99d0-6b640413d09b" acquired by "nova.context.set_target_cell..get_or_set_cached_cell_and_set_connections" :: waited 0.000s {{(pid=100191) inner /opt/stack/data/venv/lib/python3.12/site-packages/oslo_concurrency/lockutils.py:524}}
Jun 22 12:14:56.115667 np0000182464 devstack@n-api.service[100191]: DEBUG oslo_concurrency.lockutils [None req-5cdcd3fc-c680-4f93-b555-0439268adaaa demo demo] Lock "239d5a97-59ad-4ecd-99d0-6b640413d09b" "released" by "nova.context.set_target_cell..get_or_set_cached_cell_and_set_connections" :: held 0.000s {{(pid=100191) inner /opt/stack/data/venv/lib/python3.12/site-packages/oslo_concurrency/lockutils.py:543}}
Jun 22 12:14:56.116020 np0000182464 devstack@n-api.service[100191]: DEBUG oslo_concurrency.lockutils [None req-5cdcd3fc-c680-4f93-b555-0439268adaaa demo demo] Acquiring lock "239d5a97-59ad-4ecd-99d0-6b640413d09b" by "nova.context.set_target_cell..get_or_set_cached_cell_and_set_connections" {{(pid=100191) inner /opt/stack/data/venv/lib/python3.12/site-packages/oslo_concurrency/lockutils.py:511}}
Jun 22 12:14:56.116279 np0000182464 devstack@n-api.service[100191]: DEBUG oslo_concurrency.lockutils [None req-5cdcd3fc-c680-4f93-b555-0439268adaaa demo demo] Lock "239d5a97-59ad-4ecd-99d0-6b640413d09b" acquired by "nova.context.set_target_cell..get_or_set_cached_cell_and_set_connections" :: waited 0.000s {{(pid=100191) inner /opt/stack/data/venv/lib/python3.12/site-packages/oslo_concurrency/lockutils.py:524}}
Jun 22 12:14:56.116547 np0000182464 devstack@n-api.service[100191]: DEBUG oslo_concurrency.lockutils [None req-5cdcd3fc-c680-4f93-b555-0439268adaaa demo demo] Lock "239d5a97-59ad-4ecd-99d0-6b640413d09b" "released" by "nova.context.set_target_cell..get_or_set_cached_cell_and_set_connections" :: held 0.000s {{(pid=100191) inner /opt/stack/data/venv/lib/python3.12/site-packages/oslo_concurrency/lockutils.py:543}}
Jun 22 12:14:56.136613 np0000182464 devstack@n-api.service[100191]: WARNING neutronclient.v2_0.client [None req-5cdcd3fc-c680-4f93-b555-0439268adaaa demo demo] The python binding code in neutronclient is deprecated in favor of OpenstackSDK, please use that as this will be removed in a future release.
Jun 22 12:14:56.283212 np0000182464 devstack@n-api.service[100190]: DEBUG nova.api.openstack.wsgi [None req-70671091-9ed2-4f3a-a513-cca57fe25d42 demo demo] Calling method '>' {{(pid=100190) _process_stack /opt/stack/nova/nova/api/openstack/wsgi.py:551}}
Jun 22 12:14:56.288277 np0000182464 devstack@n-api.service[100190]: INFO nova.api.openstack.requestlog [None req-70671091-9ed2-4f3a-a513-cca57fe25d42 demo demo] 172.18.0.2 "GET /compute/v2.1/" status: 200 len: 393 microversion: 2.1 time: 0.005496
Jun 22 12:14:56.289576 np0000182464 devstack@n-api.service[100190]: [pid: 100190|app: 0|req: 39/150] 199.204.45.116 () {64 vars in 1272 bytes} [Mon Jun 22 12:14:56 2026] GET /compute/v2.1/ => generated 393 bytes in 7 msecs (HTTP/1.1 200) 9 headers in 357 bytes (1 switches on core 0)
Jun 22 12:14:56.293844 np0000182464 devstack@n-api.service[100191]: DEBUG nova.policy [None req-5cdcd3fc-c680-4f93-b555-0439268adaaa demo demo] Policy check for os_compute_api:os-extended-server-attributes failed with credentials {'is_admin': False, 'user_id': '215ddd7ac7ab462f979cf7bfc13b839a', 'user_domain_id': 'default', 'system_scope': None, 'domain_id': None, 'project_id': '4dbcb2ba575c47aea385f9d055ccc42c', 'project_domain_id': 'default', 'roles': ['anotherrole', 'reader', 'load-balancer_member', 'member'], 'is_admin_project': True, 'service_user_id': None, 'service_user_domain_id': None, 'service_project_id': None, 'service_project_domain_id': None, 'service_roles': []} {{(pid=100191) authorize /opt/stack/nova/nova/policy.py:192}}
Jun 22 12:14:56.299384 np0000182464 devstack@n-api.service[100192]: DEBUG nova.api.openstack.wsgi [None req-07fb82b1-3ab4-433a-bc44-61e40d186599 demo demo] Calling method '>' {{(pid=100192) _process_stack /opt/stack/nova/nova/api/openstack/wsgi.py:551}}
Jun 22 12:14:56.300764 np0000182464 devstack@n-api.service[100189]: DEBUG nova.api.openstack.wsgi [None req-ceac3daf-0c50-419a-a139-c5be7d9d19d3 None None] Calling method '>' {{(pid=100189) _process_stack /opt/stack/nova/nova/api/openstack/wsgi.py:551}}
Jun 22 12:14:56.304087 np0000182464 devstack@n-api.service[100191]: DEBUG nova.policy [None req-5cdcd3fc-c680-4f93-b555-0439268adaaa demo demo] Policy check for os_compute_api:servers:show:host_status failed with credentials {'is_admin': False, 'user_id': '215ddd7ac7ab462f979cf7bfc13b839a', 'user_domain_id': 'default', 'system_scope': None, 'domain_id': None, 'project_id': '4dbcb2ba575c47aea385f9d055ccc42c', 'project_domain_id': 'default', 'roles': ['anotherrole', 'reader', 'load-balancer_member', 'member'], 'is_admin_project': True, 'service_user_id': None, 'service_user_domain_id': None, 'service_project_id': None, 'service_project_domain_id': None, 'service_roles': []} {{(pid=100191) authorize /opt/stack/nova/nova/policy.py:192}}
Jun 22 12:14:56.304627 np0000182464 devstack@n-api.service[100191]: DEBUG nova.policy [None req-5cdcd3fc-c680-4f93-b555-0439268adaaa demo demo] Policy check for os_compute_api:servers:show:host_status:unknown-only failed with credentials {'is_admin': False, 'user_id': '215ddd7ac7ab462f979cf7bfc13b839a', 'user_domain_id': 'default', 'system_scope': None, 'domain_id': None, 'project_id': '4dbcb2ba575c47aea385f9d055ccc42c', 'project_domain_id': 'default', 'roles': ['anotherrole', 'reader', 'load-balancer_member', 'member'], 'is_admin_project': True, 'service_user_id': None, 'service_user_domain_id': None, 'service_project_id': None, 'service_project_domain_id': None, 'service_roles': []} {{(pid=100191) authorize /opt/stack/nova/nova/policy.py:192}}
Jun 22 12:14:56.308382 np0000182464 devstack@n-api.service[100189]: INFO nova.api.openstack.requestlog [None req-ceac3daf-0c50-419a-a139-c5be7d9d19d3 None None] 172.18.0.2 "GET /compute/v2.1/" status: 200 len: 393 microversion: 2.1 time: 0.007090
Jun 22 12:14:56.310819 np0000182464 devstack@n-api.service[100189]: [pid: 100189|app: 0|req: 38/151] 199.204.45.116 () {64 vars in 1272 bytes} [Mon Jun 22 12:14:56 2026] GET /compute/v2.1/ => generated 393 bytes in 11 msecs (HTTP/1.1 200) 9 headers in 357 bytes (1 switches on core 0)
Jun 22 12:14:56.312522 np0000182464 devstack@n-api.service[100191]: INFO nova.api.openstack.requestlog [None req-5cdcd3fc-c680-4f93-b555-0439268adaaa demo demo] 172.18.0.2 "GET /compute/v2.1/servers/acb9eda4-a073-46e9-afce-7ead6d13334a" status: 200 len: 1589 microversion: 2.38 time: 0.208711
Jun 22 12:14:56.313258 np0000182464 devstack@n-api.service[100191]: [pid: 100191|app: 0|req: 38/152] 199.204.45.116 () {68 vars in 1487 bytes} [Mon Jun 22 12:14:56 2026] GET /compute/v2.1/servers/acb9eda4-a073-46e9-afce-7ead6d13334a => generated 1589 bytes in 210 msecs (HTTP/1.1 200) 9 headers in 360 bytes (1 switches on core 0)
Jun 22 12:14:56.319148 np0000182464 devstack@n-api.service[100190]: DEBUG nova.api.openstack.wsgi [None req-70177e93-5d13-41cf-befd-dee073724ce5 demo demo] Calling method '>' {{(pid=100190) _process_stack /opt/stack/nova/nova/api/openstack/wsgi.py:551}}
Jun 22 12:14:56.319399 np0000182464 devstack@n-api.service[100192]: INFO nova.api.openstack.requestlog [None req-07fb82b1-3ab4-433a-bc44-61e40d186599 demo demo] 172.18.0.2 "GET /compute/v2.1/flavors/detail" status: 200 len: 4022 microversion: 2.38 time: 0.024024
Jun 22 12:14:56.319785 np0000182464 devstack@n-api.service[100192]: [pid: 100192|app: 0|req: 38/153] 199.204.45.116 () {68 vars in 1397 bytes} [Mon Jun 22 12:14:56 2026] GET /compute/v2.1/flavors/detail => generated 4022 bytes in 25 msecs (HTTP/1.1 200) 9 headers in 360 bytes (1 switches on core 0)
Jun 22 12:14:56.353505 np0000182464 devstack@n-api.service[100190]: INFO nova.api.openstack.requestlog [None req-70177e93-5d13-41cf-befd-dee073724ce5 demo demo] 172.18.0.2 "GET /compute/v2.1/flavors/detail" status: 200 len: 4022 microversion: 2.38 time: 0.040168
Jun 22 12:14:56.354014 np0000182464 devstack@n-api.service[100190]: [pid: 100190|app: 0|req: 40/154] 199.204.45.116 () {68 vars in 1397 bytes} [Mon Jun 22 12:14:56 2026] GET /compute/v2.1/flavors/detail => generated 4022 bytes in 41 msecs (HTTP/1.1 200) 9 headers in 360 bytes (1 switches on core 0)
Jun 22 12:14:56.915958 np0000182464 devstack@n-api.service[100189]: DEBUG nova.api.openstack.wsgi [None req-ceac3daf-0c50-419a-a139-c5be7d9d19d3 None None] Calling method '>' {{(pid=100189) _process_stack /opt/stack/nova/nova/api/openstack/wsgi.py:551}}
Jun 22 12:14:56.919151 np0000182464 devstack@n-api.service[100189]: INFO nova.api.openstack.requestlog [None req-ceac3daf-0c50-419a-a139-c5be7d9d19d3 None None] 172.18.0.2 "GET /compute/v2.1/" status: 200 len: 393 microversion: 2.1 time: 0.003493
Jun 22 12:14:56.919333 np0000182464 devstack@n-api.service[100189]: [pid: 100189|app: 0|req: 39/155] 199.204.45.116 () {64 vars in 1272 bytes} [Mon Jun 22 12:14:56 2026] GET /compute/v2.1/ => generated 393 bytes in 4 msecs (HTTP/1.1 200) 9 headers in 357 bytes (1 switches on core 0)
Jun 22 12:14:56.930751 np0000182464 devstack@n-api.service[100191]: DEBUG nova.api.openstack.wsgi [None req-4b3b537f-e593-475c-b32e-b67ab92400dd demo demo] Calling method '>' {{(pid=100191) _process_stack /opt/stack/nova/nova/api/openstack/wsgi.py:551}}
Jun 22 12:14:56.981061 np0000182464 devstack@n-api.service[100191]: DEBUG nova.policy [None req-4b3b537f-e593-475c-b32e-b67ab92400dd demo demo] Policy check for os_compute_api:servers:allow_all_filters failed with credentials {'is_admin': False, 'user_id': '215ddd7ac7ab462f979cf7bfc13b839a', 'user_domain_id': 'default', 'system_scope': None, 'domain_id': None, 'project_id': '4dbcb2ba575c47aea385f9d055ccc42c', 'project_domain_id': 'default', 'roles': ['anotherrole', 'reader', 'load-balancer_member', 'member'], 'is_admin_project': True, 'service_user_id': None, 'service_user_domain_id': None, 'service_project_id': None, 'service_project_domain_id': None, 'service_roles': []} {{(pid=100191) authorize /opt/stack/nova/nova/policy.py:192}}
Jun 22 12:14:56.981061 np0000182464 devstack@n-api.service[100191]: DEBUG nova.compute.api [None req-4b3b537f-e593-475c-b32e-b67ab92400dd demo demo] Searching by: {'name': '^kube-putok-default-worker-982r5-pqnl8-lbt96$', 'deleted': False, 'project_id': '4dbcb2ba575c47aea385f9d055ccc42c'} {{(pid=100191) get_all /opt/stack/nova/nova/compute/api.py:3111}}
Jun 22 12:14:56.981061 np0000182464 devstack@n-api.service[100191]: DEBUG oslo_concurrency.lockutils [None req-4b3b537f-e593-475c-b32e-b67ab92400dd demo demo] Acquiring lock "00000000-0000-0000-0000-000000000000" by "nova.context.set_target_cell..get_or_set_cached_cell_and_set_connections" {{(pid=100191) inner /opt/stack/data/venv/lib/python3.12/site-packages/oslo_concurrency/lockutils.py:511}}
Jun 22 12:14:56.981061 np0000182464 devstack@n-api.service[100191]: DEBUG oslo_concurrency.lockutils [None req-4b3b537f-e593-475c-b32e-b67ab92400dd demo demo] Lock "00000000-0000-0000-0000-000000000000" acquired by "nova.context.set_target_cell..get_or_set_cached_cell_and_set_connections" :: waited 0.000s {{(pid=100191) inner /opt/stack/data/venv/lib/python3.12/site-packages/oslo_concurrency/lockutils.py:524}}
Jun 22 12:14:56.981061 np0000182464 devstack@n-api.service[100191]: DEBUG oslo_concurrency.lockutils [None req-4b3b537f-e593-475c-b32e-b67ab92400dd demo demo] Lock "00000000-0000-0000-0000-000000000000" "released" by "nova.context.set_target_cell..get_or_set_cached_cell_and_set_connections" :: held 0.000s {{(pid=100191) inner /opt/stack/data/venv/lib/python3.12/site-packages/oslo_concurrency/lockutils.py:543}}
Jun 22 12:14:56.981061 np0000182464 devstack@n-api.service[100191]: DEBUG oslo_concurrency.lockutils [None req-4b3b537f-e593-475c-b32e-b67ab92400dd demo demo] Acquiring lock "239d5a97-59ad-4ecd-99d0-6b640413d09b" by "nova.context.set_target_cell..get_or_set_cached_cell_and_set_connections" {{(pid=100191) inner /opt/stack/data/venv/lib/python3.12/site-packages/oslo_concurrency/lockutils.py:511}}
Jun 22 12:14:56.981061 np0000182464 devstack@n-api.service[100191]: DEBUG oslo_concurrency.lockutils [None req-4b3b537f-e593-475c-b32e-b67ab92400dd demo demo] Lock "239d5a97-59ad-4ecd-99d0-6b640413d09b" acquired by "nova.context.set_target_cell..get_or_set_cached_cell_and_set_connections" :: waited 0.000s {{(pid=100191) inner /opt/stack/data/venv/lib/python3.12/site-packages/oslo_concurrency/lockutils.py:524}}
Jun 22 12:14:56.981061 np0000182464 devstack@n-api.service[100191]: DEBUG oslo_concurrency.lockutils [None req-4b3b537f-e593-475c-b32e-b67ab92400dd demo demo] Lock "239d5a97-59ad-4ecd-99d0-6b640413d09b" "released" by "nova.context.set_target_cell..get_or_set_cached_cell_and_set_connections" :: held 0.000s {{(pid=100191) inner /opt/stack/data/venv/lib/python3.12/site-packages/oslo_concurrency/lockutils.py:543}}
Jun 22 12:14:57.014984 np0000182464 devstack@n-api.service[100191]: DEBUG oslo_concurrency.lockutils [None req-4b3b537f-e593-475c-b32e-b67ab92400dd demo demo] Acquiring lock "00000000-0000-0000-0000-000000000000" by "nova.context.set_target_cell..get_or_set_cached_cell_and_set_connections" {{(pid=100191) inner /opt/stack/data/venv/lib/python3.12/site-packages/oslo_concurrency/lockutils.py:511}}
Jun 22 12:14:57.014984 np0000182464 devstack@n-api.service[100191]: DEBUG oslo_concurrency.lockutils [None req-4b3b537f-e593-475c-b32e-b67ab92400dd demo demo] Lock "00000000-0000-0000-0000-000000000000" acquired by "nova.context.set_target_cell..get_or_set_cached_cell_and_set_connections" :: waited 0.002s {{(pid=100191) inner /opt/stack/data/venv/lib/python3.12/site-packages/oslo_concurrency/lockutils.py:524}}
Jun 22 12:14:57.017334 np0000182464 devstack@n-api.service[100191]: DEBUG oslo_concurrency.lockutils [None req-4b3b537f-e593-475c-b32e-b67ab92400dd demo demo] Lock "00000000-0000-0000-0000-000000000000" "released" by "nova.context.set_target_cell..get_or_set_cached_cell_and_set_connections" :: held 0.001s {{(pid=100191) inner /opt/stack/data/venv/lib/python3.12/site-packages/oslo_concurrency/lockutils.py:543}}
Jun 22 12:14:57.017334 np0000182464 devstack@n-api.service[100191]: DEBUG oslo_concurrency.lockutils [None req-4b3b537f-e593-475c-b32e-b67ab92400dd demo demo] Acquiring lock "239d5a97-59ad-4ecd-99d0-6b640413d09b" by "nova.context.set_target_cell..get_or_set_cached_cell_and_set_connections" {{(pid=100191) inner /opt/stack/data/venv/lib/python3.12/site-packages/oslo_concurrency/lockutils.py:511}}
Jun 22 12:14:57.018391 np0000182464 devstack@n-api.service[100191]: DEBUG oslo_concurrency.lockutils [None req-4b3b537f-e593-475c-b32e-b67ab92400dd demo demo] Lock "239d5a97-59ad-4ecd-99d0-6b640413d09b" acquired by "nova.context.set_target_cell..get_or_set_cached_cell_and_set_connections" :: waited 0.000s {{(pid=100191) inner /opt/stack/data/venv/lib/python3.12/site-packages/oslo_concurrency/lockutils.py:524}}
Jun 22 12:14:57.018821 np0000182464 devstack@n-api.service[100191]: DEBUG oslo_concurrency.lockutils [None req-4b3b537f-e593-475c-b32e-b67ab92400dd demo demo] Lock "239d5a97-59ad-4ecd-99d0-6b640413d09b" "released" by "nova.context.set_target_cell..get_or_set_cached_cell_and_set_connections" :: held 0.001s {{(pid=100191) inner /opt/stack/data/venv/lib/python3.12/site-packages/oslo_concurrency/lockutils.py:543}}
Jun 22 12:14:57.020668 np0000182464 devstack@n-api.service[100191]: DEBUG nova.policy [None req-4b3b537f-e593-475c-b32e-b67ab92400dd demo demo] Policy check for os_compute_api:os-extended-server-attributes failed with credentials {'is_admin': False, 'user_id': '215ddd7ac7ab462f979cf7bfc13b839a', 'user_domain_id': 'default', 'system_scope': None, 'domain_id': None, 'project_id': '4dbcb2ba575c47aea385f9d055ccc42c', 'project_domain_id': 'default', 'roles': ['anotherrole', 'reader', 'load-balancer_member', 'member'], 'is_admin_project': True, 'service_user_id': None, 'service_user_domain_id': None, 'service_project_id': None, 'service_project_domain_id': None, 'service_roles': []} {{(pid=100191) authorize /opt/stack/nova/nova/policy.py:192}}
Jun 22 12:14:57.024680 np0000182464 devstack@n-api.service[100191]: DEBUG nova.policy [None req-4b3b537f-e593-475c-b32e-b67ab92400dd demo demo] Policy check for os_compute_api:servers:show:host_status failed with credentials {'is_admin': False, 'user_id': '215ddd7ac7ab462f979cf7bfc13b839a', 'user_domain_id': 'default', 'system_scope': None, 'domain_id': None, 'project_id': '4dbcb2ba575c47aea385f9d055ccc42c', 'project_domain_id': 'default', 'roles': ['anotherrole', 'reader', 'load-balancer_member', 'member'], 'is_admin_project': True, 'service_user_id': None, 'service_user_domain_id': None, 'service_project_id': None, 'service_project_domain_id': None, 'service_roles': []} {{(pid=100191) authorize /opt/stack/nova/nova/policy.py:192}}
Jun 22 12:14:57.025233 np0000182464 devstack@n-api.service[100191]: DEBUG nova.policy [None req-4b3b537f-e593-475c-b32e-b67ab92400dd demo demo] Policy check for os_compute_api:servers:show:host_status:unknown-only failed with credentials {'is_admin': False, 'user_id': '215ddd7ac7ab462f979cf7bfc13b839a', 'user_domain_id': 'default', 'system_scope': None, 'domain_id': None, 'project_id': '4dbcb2ba575c47aea385f9d055ccc42c', 'project_domain_id': 'default', 'roles': ['anotherrole', 'reader', 'load-balancer_member', 'member'], 'is_admin_project': True, 'service_user_id': None, 'service_user_domain_id': None, 'service_project_id': None, 'service_project_domain_id': None, 'service_roles': []} {{(pid=100191) authorize /opt/stack/nova/nova/policy.py:192}}
Jun 22 12:14:57.027019 np0000182464 devstack@n-api.service[100191]: INFO nova.api.openstack.requestlog [None req-4b3b537f-e593-475c-b32e-b67ab92400dd demo demo] 172.18.0.2 "GET /compute/v2.1/servers/detail?name=%5Ekube-putok-default-worker-982r5-pqnl8-lbt96%24" status: 200 len: 15 microversion: 2.38 time: 0.100060
Jun 22 12:14:57.027536 np0000182464 devstack@n-api.service[100191]: [pid: 100191|app: 0|req: 39/156] 199.204.45.116 () {68 vars in 1506 bytes} [Mon Jun 22 12:14:56 2026] GET /compute/v2.1/servers/detail?name=%5Ekube-putok-default-worker-982r5-pqnl8-lbt96%24 => generated 15 bytes in 100 msecs (HTTP/1.1 200) 9 headers in 358 bytes (1 switches on core 0)
Jun 22 12:14:57.042610 np0000182464 devstack@n-api.service[100192]: DEBUG nova.api.openstack.wsgi [None req-07fb82b1-3ab4-433a-bc44-61e40d186599 demo demo] Calling method '>' {{(pid=100192) _process_stack /opt/stack/nova/nova/api/openstack/wsgi.py:551}}
Jun 22 12:14:57.052276 np0000182464 devstack@n-api.service[100192]: INFO nova.api.openstack.requestlog [None req-07fb82b1-3ab4-433a-bc44-61e40d186599 demo demo] 172.18.0.2 "GET /compute/v2.1/" status: 200 len: 393 microversion: 2.1 time: 0.009607
Jun 22 12:14:57.052276 np0000182464 devstack@n-api.service[100192]: [pid: 100192|app: 0|req: 39/157] 199.204.45.116 () {64 vars in 1272 bytes} [Mon Jun 22 12:14:57 2026] GET /compute/v2.1/ => generated 393 bytes in 10 msecs (HTTP/1.1 200) 9 headers in 357 bytes (1 switches on core 0)
Jun 22 12:14:57.079704 np0000182464 devstack@n-api.service[100190]: DEBUG nova.api.openstack.wsgi [None req-472cf782-1dea-47f8-8e8a-133f4c5187b9 demo demo] Action: 'create', calling method: >, body: {"os:scheduler_hints":{"different_failure_domain":false,"group":"8d5f0bd2-1cb6-467b-90f1-41a950d0c6f6"},"server":{"block_device_mapping_v2":[{"boot_index":0,"delete_on_termination":true,"destination_type":"local","source_type":"image","uuid":"818ab356-b0ba-41cc-80f5-586f4412ad5e"}],"config_drive":false,"flavorRef":"4","imageRef":"818ab356-b0ba-41cc-80f5-586f4412ad5e","name":"kube-putok-default-worker-982r5-pqnl8-lbt96","networks":[{"port":"5aa0b00d-462e-415d-a588-156f65af3b77"}],"user_data":"IyMgdGVtcGxhdGU6IGppbmphCiNjbG91ZC1jb25maWcKCndyaXRlX2ZpbGVzOgotICAgcGF0aDogL2V0Yy9rdWJlcm5ldGVzLy5wbGFjZWhvbGRlcgogICAgZW5jb2Rpbmc6ICJiYXNlNjQiCiAgICBwZXJtaXNzaW9uczogJzA2NDQnCiAgICBjb250ZW50OiB8CiAgICAgIFVFeEJRMFZJVDB4RVJWST0KLSAgIHBhdGg6IC9ldGMvY29udGFpbmVyZC9jb25maWcudG9tbAogICAgZW5jb2Rpbmc6ICJiYXNlNjQiCiAgICBvd25lcjogcm9vdDpyb290CiAgICBwZXJtaXNzaW9uczogJzA2NDQnCiAgICBjb250ZW50OiB8CiAgICAgIEl5QlZjMlVnWTI5dVptbG5JSFpsY25OcGIyNGdNaUIwYnlCbGJtRmliR1VnYm1WM0lHTnZibVpwWjNWeVlYUnBiMjRnWm1sbGJHUnpMZ29qSUVOdmJtWnBaeUJtYVd4bElHbHpJSEJoY25ObFpDQmhjeUIyWlhKemFXOXVJREVnWW5rZ1pHVm1ZWFZzZEM0S2RtVnljMmx2YmlBOUlESUtDbWx0Y0c5eWRITWdQU0JiSWk5bGRHTXZZMjl1ZEdGcGJtVnlaQzlqYjI1bUxtUXZLaTUwYjIxc0lsMEtDbHR3YkhWbmFXNXpYUXBiY0d4MVoybHVjeTRpYVc4dVkyOXVkR0ZwYm1WeVpDNW5jbkJqTG5ZeExtTnlhU0pkQ2lBZ0lDQnpZVzVrWW05NFgybHRZV2RsSUQwZ0luSmxaMmx6ZEhKNUxtczRjeTVwYnk5d1lYVnpaVG96TGpraUNsdHdiSFZuYVc1ekxpSnBieTVqYjI1MFlXbHVaWEprTG1keWNHTXVkakV1WTNKcElpNWpiMjUwWVdsdVpYSmtMbkoxYm5ScGJXVnpMbkoxYm1OZENpQWdJQ0J5ZFc1MGFXMWxYM1I1Y0dVZ1BTQWlhVzh1WTI5dWRHRnBibVZ5WkM1eWRXNWpMbll5SWdwYmNHeDFaMmx1Y3k0aWFXOHVZMjl1ZEdGcGJtVnlaQzVuY25CakxuWXhMbU55YVNJdVkyOXVkR0ZwYm1WeVpDNXlkVzUwYVcxbGN5NXlkVzVqTG05d2RHbHZibk5kQ2lBZ0lDQlRlWE4wWlcxa1EyZHliM1Z3SUQwZ2RISjFaUW89Ci0gICBwYXRoOiAvcnVuL2t1YmVhZG0va3ViZWFkbS1qb2luLWNvbmZpZy55YW1sCiAgICBvd25lcjogcm9vdDpyb290CiAgICBwZXJtaXNzaW9uczogJzA2NDAnCiAgICBjb250ZW50OiB8CiAgICAgIC0tLQogICAgICBhcGlWZXJzaW9uOiBrdWJlYWRtLms4cy5pby92MWJldGE0CiAgICAgIGRpc2NvdmVyeToKICAgICAgICBib290c3RyYXBUb2tlbjoKICAgICAgICAgIGFwaVNlcnZlckVuZHBvaW50OiAxNzIuMjQuNS43NDo2NDQzCiAgICAgICAgICBjYUNlcnRIYXNoZXM6CiAgICAgICAgICAtIHNoYTI1Njo4ODY3ZDVmZDFiMDZiYTU0ZDBkNDg1MGE0MjRiYjhhYjhkMGJmMDFlYTAyNDBiMmYzZTFiMmRmN2JiNTYyNTJiCiAgICAgICAgICB0b2tlbjogODBydHdtLnNpOWZjcGR2ZG5kejBiYmEKICAgICAga2luZDogSm9pbkNvbmZpZ3VyYXRpb24KICAgICAgbm9kZVJlZ2lzdHJhdGlvbjoKICAgICAgICBrdWJlbGV0RXh0cmFBcmdzOgogICAgICAgIC0gbmFtZTogY2xvdWQtcHJvdmlkZXIKICAgICAgICAgIHZhbHVlOiBleHRlcm5hbAogICAgICAgIC0gbmFtZTogdGxzLWNpcGhlci1zdWl0ZXMKICAgICAgICAgIHZhbHVlOiBUTFNfRUNESEVfRUNEU0FfV0lUSF9BRVNfMTI4X0dDTV9TSEEyNTYsVExTX0VDREhFX0VDRFNBX1dJVEhfQUVTXzI1Nl9HQ01fU0hBMzg0LFRMU19FQ0RIRV9FQ0RTQV9XSVRIX0NIQUNIQTIwX1BPTFkxMzA1CiAgICAgICAgbmFtZTogJ3t7IGxvY2FsX2hvc3RuYW1lIH19JwogICAgICAgIHRhaW50czoKICAgICAgICAtIGVmZmVjdDogTm9TY2hlZHVsZQogICAgICAgICAga2V5OiBub2RlLmNsdXN0ZXIueC1rOHMuaW8vdW5pbml0aWFsaXplZAogICAgICAKLSAgIHBhdGg6IC9ydW4vY2x1c3Rlci1hcGkvcGxhY2Vob2xkZXIKICAgIG93bmVyOiByb290OnJvb3QKICAgIHBlcm1pc3Npb25zOiAnMDY0MCcKICAgIGNvbnRlbnQ6ICJUaGlzIHBsYWNlaG9sZGVyIGZpbGUgaXMgdXNlZCB0byBjcmVhdGUgdGhlIC9ydW4vY2x1c3Rlci1hcGkgc3ViIGRpcmVjdG9yeSBpbiBhIHdheSB0aGF0IGlzIGNvbXBhdGlibGUgd2l0aCBib3RoIExpbnV4IGFuZCBXaW5kb3dzIChta2RpciAtcCAvcnVuL2NsdXN0ZXItYXBpIGRvZXMgbm90IHdvcmsgd2l0aCBXaW5kb3dzKSIKcnVuY21kOgogIC0gInN5c3RlbWN0bCBkYWVtb24tcmVsb2FkIgogIC0gInN5c3RlbWN0bCByZXN0YXJ0IGNvbnRhaW5lcmQiCiAgLSBrdWJlYWRtIGpvaW4gLS1jb25maWcgL3J1bi9rdWJlYWRtL2t1YmVhZG0tam9pbi1jb25maWcueWFtbCAgJiYgZWNobyBzdWNjZXNzID4gL3J1bi9jbHVzdGVyLWFwaS9ib290c3RyYXAtc3VjY2Vzcy5jb21wbGV0ZQogIC0gImVjaG8gUExBQ0VIT0xERVIiCg=="}} {{(pid=100190) _process_stack /opt/stack/nova/nova/api/openstack/wsgi.py:549}}
Jun 22 12:14:57.103761 np0000182464 devstack@n-api.service[100189]: DEBUG nova.api.openstack.wsgi [None req-ceac3daf-0c50-419a-a139-c5be7d9d19d3 None None] Calling method '>' {{(pid=100189) _process_stack /opt/stack/nova/nova/api/openstack/wsgi.py:551}}
Jun 22 12:14:57.108283 np0000182464 devstack@n-api.service[100189]: INFO nova.api.openstack.requestlog [None req-ceac3daf-0c50-419a-a139-c5be7d9d19d3 None None] 172.18.0.2 "GET /compute/v2.1/" status: 200 len: 393 microversion: 2.1 time: 0.005136
Jun 22 12:14:57.108555 np0000182464 devstack@n-api.service[100189]: [pid: 100189|app: 0|req: 40/158] 199.204.45.116 () {64 vars in 1272 bytes} [Mon Jun 22 12:14:57 2026] GET /compute/v2.1/ => generated 393 bytes in 6 msecs (HTTP/1.1 200) 9 headers in 357 bytes (1 switches on core 0)
Jun 22 12:14:57.120564 np0000182464 devstack@n-api.service[100191]: DEBUG nova.api.openstack.wsgi [None req-46a4fd28-a028-4648-9cc1-99258bb6eebb demo demo] Calling method '>' {{(pid=100191) _process_stack /opt/stack/nova/nova/api/openstack/wsgi.py:551}}
Jun 22 12:14:57.134377 np0000182464 devstack@n-api.service[100191]: DEBUG nova.policy [None req-46a4fd28-a028-4648-9cc1-99258bb6eebb demo demo] Policy check for os_compute_api:servers:allow_all_filters failed with credentials {'is_admin': False, 'user_id': '215ddd7ac7ab462f979cf7bfc13b839a', 'user_domain_id': 'default', 'system_scope': None, 'domain_id': None, 'project_id': '4dbcb2ba575c47aea385f9d055ccc42c', 'project_domain_id': 'default', 'roles': ['anotherrole', 'reader', 'load-balancer_member', 'member'], 'is_admin_project': True, 'service_user_id': None, 'service_user_domain_id': None, 'service_project_id': None, 'service_project_domain_id': None, 'service_roles': []} {{(pid=100191) authorize /opt/stack/nova/nova/policy.py:192}}
Jun 22 12:14:57.134377 np0000182464 devstack@n-api.service[100191]: DEBUG nova.compute.api [None req-46a4fd28-a028-4648-9cc1-99258bb6eebb demo demo] Searching by: {'name': '^kube-putok-default-worker-982r5-pqnl8-fnvg7$', 'deleted': False, 'project_id': '4dbcb2ba575c47aea385f9d055ccc42c'} {{(pid=100191) get_all /opt/stack/nova/nova/compute/api.py:3111}}
Jun 22 12:14:57.140689 np0000182464 devstack@n-api.service[100191]: DEBUG oslo_concurrency.lockutils [None req-46a4fd28-a028-4648-9cc1-99258bb6eebb demo demo] Acquiring lock "00000000-0000-0000-0000-000000000000" by "nova.context.set_target_cell..get_or_set_cached_cell_and_set_connections" {{(pid=100191) inner /opt/stack/data/venv/lib/python3.12/site-packages/oslo_concurrency/lockutils.py:511}}
Jun 22 12:14:57.140919 np0000182464 devstack@n-api.service[100191]: DEBUG oslo_concurrency.lockutils [None req-46a4fd28-a028-4648-9cc1-99258bb6eebb demo demo] Lock "00000000-0000-0000-0000-000000000000" acquired by "nova.context.set_target_cell..get_or_set_cached_cell_and_set_connections" :: waited 0.000s {{(pid=100191) inner /opt/stack/data/venv/lib/python3.12/site-packages/oslo_concurrency/lockutils.py:524}}
Jun 22 12:14:57.141157 np0000182464 devstack@n-api.service[100191]: DEBUG oslo_concurrency.lockutils [None req-46a4fd28-a028-4648-9cc1-99258bb6eebb demo demo] Lock "00000000-0000-0000-0000-000000000000" "released" by "nova.context.set_target_cell..get_or_set_cached_cell_and_set_connections" :: held 0.000s {{(pid=100191) inner /opt/stack/data/venv/lib/python3.12/site-packages/oslo_concurrency/lockutils.py:543}}
Jun 22 12:14:57.141688 np0000182464 devstack@n-api.service[100191]: DEBUG oslo_concurrency.lockutils [None req-46a4fd28-a028-4648-9cc1-99258bb6eebb demo demo] Acquiring lock "239d5a97-59ad-4ecd-99d0-6b640413d09b" by "nova.context.set_target_cell..get_or_set_cached_cell_and_set_connections" {{(pid=100191) inner /opt/stack/data/venv/lib/python3.12/site-packages/oslo_concurrency/lockutils.py:511}}
Jun 22 12:14:57.141985 np0000182464 devstack@n-api.service[100191]: DEBUG oslo_concurrency.lockutils [None req-46a4fd28-a028-4648-9cc1-99258bb6eebb demo demo] Lock "239d5a97-59ad-4ecd-99d0-6b640413d09b" acquired by "nova.context.set_target_cell..get_or_set_cached_cell_and_set_connections" :: waited 0.000s {{(pid=100191) inner /opt/stack/data/venv/lib/python3.12/site-packages/oslo_concurrency/lockutils.py:524}}
Jun 22 12:14:57.142515 np0000182464 devstack@n-api.service[100191]: DEBUG oslo_concurrency.lockutils [None req-46a4fd28-a028-4648-9cc1-99258bb6eebb demo demo] Lock "239d5a97-59ad-4ecd-99d0-6b640413d09b" "released" by "nova.context.set_target_cell..get_or_set_cached_cell_and_set_connections" :: held 0.001s {{(pid=100191) inner /opt/stack/data/venv/lib/python3.12/site-packages/oslo_concurrency/lockutils.py:543}}
Jun 22 12:14:57.165863 np0000182464 devstack@n-api.service[100191]: DEBUG oslo_concurrency.lockutils [None req-46a4fd28-a028-4648-9cc1-99258bb6eebb demo demo] Acquiring lock "00000000-0000-0000-0000-000000000000" by "nova.context.set_target_cell..get_or_set_cached_cell_and_set_connections" {{(pid=100191) inner /opt/stack/data/venv/lib/python3.12/site-packages/oslo_concurrency/lockutils.py:511}}
Jun 22 12:14:57.166266 np0000182464 devstack@n-api.service[100191]: DEBUG oslo_concurrency.lockutils [None req-46a4fd28-a028-4648-9cc1-99258bb6eebb demo demo] Lock "00000000-0000-0000-0000-000000000000" acquired by "nova.context.set_target_cell..get_or_set_cached_cell_and_set_connections" :: waited 0.001s {{(pid=100191) inner /opt/stack/data/venv/lib/python3.12/site-packages/oslo_concurrency/lockutils.py:524}}
Jun 22 12:14:57.166822 np0000182464 devstack@n-api.service[100191]: DEBUG oslo_concurrency.lockutils [None req-46a4fd28-a028-4648-9cc1-99258bb6eebb demo demo] Lock "00000000-0000-0000-0000-000000000000" "released" by "nova.context.set_target_cell..get_or_set_cached_cell_and_set_connections" :: held 0.000s {{(pid=100191) inner /opt/stack/data/venv/lib/python3.12/site-packages/oslo_concurrency/lockutils.py:543}}
Jun 22 12:14:57.167580 np0000182464 devstack@n-api.service[100191]: DEBUG oslo_concurrency.lockutils [None req-46a4fd28-a028-4648-9cc1-99258bb6eebb demo demo] Acquiring lock "239d5a97-59ad-4ecd-99d0-6b640413d09b" by "nova.context.set_target_cell..get_or_set_cached_cell_and_set_connections" {{(pid=100191) inner /opt/stack/data/venv/lib/python3.12/site-packages/oslo_concurrency/lockutils.py:511}}
Jun 22 12:14:57.170627 np0000182464 devstack@n-api.service[100191]: DEBUG oslo_concurrency.lockutils [None req-46a4fd28-a028-4648-9cc1-99258bb6eebb demo demo] Lock "239d5a97-59ad-4ecd-99d0-6b640413d09b" acquired by "nova.context.set_target_cell..get_or_set_cached_cell_and_set_connections" :: waited 0.001s {{(pid=100191) inner /opt/stack/data/venv/lib/python3.12/site-packages/oslo_concurrency/lockutils.py:524}}
Jun 22 12:14:57.170907 np0000182464 devstack@n-api.service[100191]: DEBUG oslo_concurrency.lockutils [None req-46a4fd28-a028-4648-9cc1-99258bb6eebb demo demo] Lock "239d5a97-59ad-4ecd-99d0-6b640413d09b" "released" by "nova.context.set_target_cell..get_or_set_cached_cell_and_set_connections" :: held 0.003s {{(pid=100191) inner /opt/stack/data/venv/lib/python3.12/site-packages/oslo_concurrency/lockutils.py:543}}
Jun 22 12:14:57.172918 np0000182464 devstack@n-api.service[100191]: DEBUG nova.policy [None req-46a4fd28-a028-4648-9cc1-99258bb6eebb demo demo] Policy check for os_compute_api:os-extended-server-attributes failed with credentials {'is_admin': False, 'user_id': '215ddd7ac7ab462f979cf7bfc13b839a', 'user_domain_id': 'default', 'system_scope': None, 'domain_id': None, 'project_id': '4dbcb2ba575c47aea385f9d055ccc42c', 'project_domain_id': 'default', 'roles': ['anotherrole', 'reader', 'load-balancer_member', 'member'], 'is_admin_project': True, 'service_user_id': None, 'service_user_domain_id': None, 'service_project_id': None, 'service_project_domain_id': None, 'service_roles': []} {{(pid=100191) authorize /opt/stack/nova/nova/policy.py:192}}
Jun 22 12:14:57.177583 np0000182464 devstack@n-api.service[100191]: DEBUG nova.policy [None req-46a4fd28-a028-4648-9cc1-99258bb6eebb demo demo] Policy check for os_compute_api:servers:show:host_status failed with credentials {'is_admin': False, 'user_id': '215ddd7ac7ab462f979cf7bfc13b839a', 'user_domain_id': 'default', 'system_scope': None, 'domain_id': None, 'project_id': '4dbcb2ba575c47aea385f9d055ccc42c', 'project_domain_id': 'default', 'roles': ['anotherrole', 'reader', 'load-balancer_member', 'member'], 'is_admin_project': True, 'service_user_id': None, 'service_user_domain_id': None, 'service_project_id': None, 'service_project_domain_id': None, 'service_roles': []} {{(pid=100191) authorize /opt/stack/nova/nova/policy.py:192}}
Jun 22 12:14:57.178384 np0000182464 devstack@n-api.service[100191]: DEBUG nova.policy [None req-46a4fd28-a028-4648-9cc1-99258bb6eebb demo demo] Policy check for os_compute_api:servers:show:host_status:unknown-only failed with credentials {'is_admin': False, 'user_id': '215ddd7ac7ab462f979cf7bfc13b839a', 'user_domain_id': 'default', 'system_scope': None, 'domain_id': None, 'project_id': '4dbcb2ba575c47aea385f9d055ccc42c', 'project_domain_id': 'default', 'roles': ['anotherrole', 'reader', 'load-balancer_member', 'member'], 'is_admin_project': True, 'service_user_id': None, 'service_user_domain_id': None, 'service_project_id': None, 'service_project_domain_id': None, 'service_roles': []} {{(pid=100191) authorize /opt/stack/nova/nova/policy.py:192}}
Jun 22 12:14:57.180973 np0000182464 devstack@n-api.service[100191]: INFO nova.api.openstack.requestlog [None req-46a4fd28-a028-4648-9cc1-99258bb6eebb demo demo] 172.18.0.2 "GET /compute/v2.1/servers/detail?name=%5Ekube-putok-default-worker-982r5-pqnl8-fnvg7%24" status: 200 len: 15 microversion: 2.38 time: 0.065155
Jun 22 12:14:57.181376 np0000182464 devstack@n-api.service[100191]: [pid: 100191|app: 0|req: 40/159] 199.204.45.116 () {68 vars in 1506 bytes} [Mon Jun 22 12:14:57 2026] GET /compute/v2.1/servers/detail?name=%5Ekube-putok-default-worker-982r5-pqnl8-fnvg7%24 => generated 15 bytes in 66 msecs (HTTP/1.1 200) 9 headers in 358 bytes (1 switches on core 0)
Jun 22 12:14:57.193242 np0000182464 devstack@n-api.service[100192]: DEBUG nova.api.openstack.wsgi [None req-07fb82b1-3ab4-433a-bc44-61e40d186599 demo demo] Calling method '>' {{(pid=100192) _process_stack /opt/stack/nova/nova/api/openstack/wsgi.py:551}}
Jun 22 12:14:57.199299 np0000182464 devstack@n-api.service[100192]: INFO nova.api.openstack.requestlog [None req-07fb82b1-3ab4-433a-bc44-61e40d186599 demo demo] 172.18.0.2 "GET /compute/v2.1/" status: 200 len: 393 microversion: 2.1 time: 0.006292
Jun 22 12:14:57.199721 np0000182464 devstack@n-api.service[100192]: [pid: 100192|app: 0|req: 40/160] 199.204.45.116 () {64 vars in 1272 bytes} [Mon Jun 22 12:14:57 2026] GET /compute/v2.1/ => generated 393 bytes in 7 msecs (HTTP/1.1 200) 9 headers in 357 bytes (1 switches on core 0)
Jun 22 12:14:57.209543 np0000182464 devstack@n-api.service[100189]: DEBUG nova.api.openstack.wsgi [None req-6919d51c-7d55-4bb2-8f1c-d5fb2bed5913 demo demo] Action: 'create', calling method: >, body: {"os:scheduler_hints":{"different_failure_domain":false,"group":"8d5f0bd2-1cb6-467b-90f1-41a950d0c6f6"},"server":{"block_device_mapping_v2":[{"boot_index":0,"delete_on_termination":true,"destination_type":"local","source_type":"image","uuid":"818ab356-b0ba-41cc-80f5-586f4412ad5e"}],"config_drive":false,"flavorRef":"4","imageRef":"818ab356-b0ba-41cc-80f5-586f4412ad5e","name":"kube-putok-default-worker-982r5-pqnl8-fnvg7","networks":[{"port":"b15fb890-646b-473f-8871-184a5e3b8e99"}],"user_data":"IyMgdGVtcGxhdGU6IGppbmphCiNjbG91ZC1jb25maWcKCndyaXRlX2ZpbGVzOgotICAgcGF0aDogL2V0Yy9rdWJlcm5ldGVzLy5wbGFjZWhvbGRlcgogICAgZW5jb2Rpbmc6ICJiYXNlNjQiCiAgICBwZXJtaXNzaW9uczogJzA2NDQnCiAgICBjb250ZW50OiB8CiAgICAgIFVFeEJRMFZJVDB4RVJWST0KLSAgIHBhdGg6IC9ldGMvY29udGFpbmVyZC9jb25maWcudG9tbAogICAgZW5jb2Rpbmc6ICJiYXNlNjQiCiAgICBvd25lcjogcm9vdDpyb290CiAgICBwZXJtaXNzaW9uczogJzA2NDQnCiAgICBjb250ZW50OiB8CiAgICAgIEl5QlZjMlVnWTI5dVptbG5JSFpsY25OcGIyNGdNaUIwYnlCbGJtRmliR1VnYm1WM0lHTnZibVpwWjNWeVlYUnBiMjRnWm1sbGJHUnpMZ29qSUVOdmJtWnBaeUJtYVd4bElHbHpJSEJoY25ObFpDQmhjeUIyWlhKemFXOXVJREVnWW5rZ1pHVm1ZWFZzZEM0S2RtVnljMmx2YmlBOUlESUtDbWx0Y0c5eWRITWdQU0JiSWk5bGRHTXZZMjl1ZEdGcGJtVnlaQzlqYjI1bUxtUXZLaTUwYjIxc0lsMEtDbHR3YkhWbmFXNXpYUXBiY0d4MVoybHVjeTRpYVc4dVkyOXVkR0ZwYm1WeVpDNW5jbkJqTG5ZeExtTnlhU0pkQ2lBZ0lDQnpZVzVrWW05NFgybHRZV2RsSUQwZ0luSmxaMmx6ZEhKNUxtczRjeTVwYnk5d1lYVnpaVG96TGpraUNsdHdiSFZuYVc1ekxpSnBieTVqYjI1MFlXbHVaWEprTG1keWNHTXVkakV1WTNKcElpNWpiMjUwWVdsdVpYSmtMbkoxYm5ScGJXVnpMbkoxYm1OZENpQWdJQ0J5ZFc1MGFXMWxYM1I1Y0dVZ1BTQWlhVzh1WTI5dWRHRnBibVZ5WkM1eWRXNWpMbll5SWdwYmNHeDFaMmx1Y3k0aWFXOHVZMjl1ZEdGcGJtVnlaQzVuY25CakxuWXhMbU55YVNJdVkyOXVkR0ZwYm1WeVpDNXlkVzUwYVcxbGN5NXlkVzVqTG05d2RHbHZibk5kQ2lBZ0lDQlRlWE4wWlcxa1EyZHliM1Z3SUQwZ2RISjFaUW89Ci0gICBwYXRoOiAvcnVuL2t1YmVhZG0va3ViZWFkbS1qb2luLWNvbmZpZy55YW1sCiAgICBvd25lcjogcm9vdDpyb290CiAgICBwZXJtaXNzaW9uczogJzA2NDAnCiAgICBjb250ZW50OiB8CiAgICAgIC0tLQogICAgICBhcGlWZXJzaW9uOiBrdWJlYWRtLms4cy5pby92MWJldGE0CiAgICAgIGRpc2NvdmVyeToKICAgICAgICBib290c3RyYXBUb2tlbjoKICAgICAgICAgIGFwaVNlcnZlckVuZHBvaW50OiAxNzIuMjQuNS43NDo2NDQzCiAgICAgICAgICBjYUNlcnRIYXNoZXM6CiAgICAgICAgICAtIHNoYTI1Njo4ODY3ZDVmZDFiMDZiYTU0ZDBkNDg1MGE0MjRiYjhhYjhkMGJmMDFlYTAyNDBiMmYzZTFiMmRmN2JiNTYyNTJiCiAgICAgICAgICB0b2tlbjogeWhiNjBnLnpramdseHVkdjJzMTJ5MjUKICAgICAga2luZDogSm9pbkNvbmZpZ3VyYXRpb24KICAgICAgbm9kZVJlZ2lzdHJhdGlvbjoKICAgICAgICBrdWJlbGV0RXh0cmFBcmdzOgogICAgICAgIC0gbmFtZTogY2xvdWQtcHJvdmlkZXIKICAgICAgICAgIHZhbHVlOiBleHRlcm5hbAogICAgICAgIC0gbmFtZTogdGxzLWNpcGhlci1zdWl0ZXMKICAgICAgICAgIHZhbHVlOiBUTFNfRUNESEVfRUNEU0FfV0lUSF9BRVNfMTI4X0dDTV9TSEEyNTYsVExTX0VDREhFX0VDRFNBX1dJVEhfQUVTXzI1Nl9HQ01fU0hBMzg0LFRMU19FQ0RIRV9FQ0RTQV9XSVRIX0NIQUNIQTIwX1BPTFkxMzA1CiAgICAgICAgbmFtZTogJ3t7IGxvY2FsX2hvc3RuYW1lIH19JwogICAgICAgIHRhaW50czoKICAgICAgICAtIGVmZmVjdDogTm9TY2hlZHVsZQogICAgICAgICAga2V5OiBub2RlLmNsdXN0ZXIueC1rOHMuaW8vdW5pbml0aWFsaXplZAogICAgICAKLSAgIHBhdGg6IC9ydW4vY2x1c3Rlci1hcGkvcGxhY2Vob2xkZXIKICAgIG93bmVyOiByb290OnJvb3QKICAgIHBlcm1pc3Npb25zOiAnMDY0MCcKICAgIGNvbnRlbnQ6ICJUaGlzIHBsYWNlaG9sZGVyIGZpbGUgaXMgdXNlZCB0byBjcmVhdGUgdGhlIC9ydW4vY2x1c3Rlci1hcGkgc3ViIGRpcmVjdG9yeSBpbiBhIHdheSB0aGF0IGlzIGNvbXBhdGlibGUgd2l0aCBib3RoIExpbnV4IGFuZCBXaW5kb3dzIChta2RpciAtcCAvcnVuL2NsdXN0ZXItYXBpIGRvZXMgbm90IHdvcmsgd2l0aCBXaW5kb3dzKSIKcnVuY21kOgogIC0gInN5c3RlbWN0bCBkYWVtb24tcmVsb2FkIgogIC0gInN5c3RlbWN0bCByZXN0YXJ0IGNvbnRhaW5lcmQiCiAgLSBrdWJlYWRtIGpvaW4gLS1jb25maWcgL3J1bi9rdWJlYWRtL2t1YmVhZG0tam9pbi1jb25maWcueWFtbCAgJiYgZWNobyBzdWNjZXNzID4gL3J1bi9jbHVzdGVyLWFwaS9ib290c3RyYXAtc3VjY2Vzcy5jb21wbGV0ZQogIC0gImVjaG8gUExBQ0VIT0xERVIiCg=="}} {{(pid=100189) _process_stack /opt/stack/nova/nova/api/openstack/wsgi.py:549}}
Jun 22 12:14:57.250324 np0000182464 devstack@n-api.service[100190]: DEBUG oslo_concurrency.lockutils [None req-472cf782-1dea-47f8-8e8a-133f4c5187b9 demo demo] Acquiring lock "00000000-0000-0000-0000-000000000000" by "nova.context.set_target_cell..get_or_set_cached_cell_and_set_connections" {{(pid=100190) inner /opt/stack/data/venv/lib/python3.12/site-packages/oslo_concurrency/lockutils.py:511}}
Jun 22 12:14:57.250703 np0000182464 devstack@n-api.service[100190]: DEBUG oslo_concurrency.lockutils [None req-472cf782-1dea-47f8-8e8a-133f4c5187b9 demo demo] Lock "00000000-0000-0000-0000-000000000000" acquired by "nova.context.set_target_cell..get_or_set_cached_cell_and_set_connections" :: waited 0.001s {{(pid=100190) inner /opt/stack/data/venv/lib/python3.12/site-packages/oslo_concurrency/lockutils.py:524}}
Jun 22 12:14:57.250956 np0000182464 devstack@n-api.service[100190]: DEBUG oslo_concurrency.lockutils [None req-472cf782-1dea-47f8-8e8a-133f4c5187b9 demo demo] Lock "00000000-0000-0000-0000-000000000000" "released" by "nova.context.set_target_cell..get_or_set_cached_cell_and_set_connections" :: held 0.000s {{(pid=100190) inner /opt/stack/data/venv/lib/python3.12/site-packages/oslo_concurrency/lockutils.py:543}}
Jun 22 12:14:57.251480 np0000182464 devstack@n-api.service[100190]: DEBUG oslo_concurrency.lockutils [None req-472cf782-1dea-47f8-8e8a-133f4c5187b9 demo demo] Acquiring lock "239d5a97-59ad-4ecd-99d0-6b640413d09b" by "nova.context.set_target_cell..get_or_set_cached_cell_and_set_connections" {{(pid=100190) inner /opt/stack/data/venv/lib/python3.12/site-packages/oslo_concurrency/lockutils.py:511}}
Jun 22 12:14:57.251770 np0000182464 devstack@n-api.service[100190]: DEBUG oslo_concurrency.lockutils [None req-472cf782-1dea-47f8-8e8a-133f4c5187b9 demo demo] Lock "239d5a97-59ad-4ecd-99d0-6b640413d09b" acquired by "nova.context.set_target_cell..get_or_set_cached_cell_and_set_connections" :: waited 0.000s {{(pid=100190) inner /opt/stack/data/venv/lib/python3.12/site-packages/oslo_concurrency/lockutils.py:524}}
Jun 22 12:14:57.252042 np0000182464 devstack@n-api.service[100190]: DEBUG oslo_concurrency.lockutils [None req-472cf782-1dea-47f8-8e8a-133f4c5187b9 demo demo] Lock "239d5a97-59ad-4ecd-99d0-6b640413d09b" "released" by "nova.context.set_target_cell..get_or_set_cached_cell_and_set_connections" :: held 0.000s {{(pid=100190) inner /opt/stack/data/venv/lib/python3.12/site-packages/oslo_concurrency/lockutils.py:543}}
Jun 22 12:14:57.264480 np0000182464 devstack@n-api.service[100190]: DEBUG nova.network.neutron [None req-472cf782-1dea-47f8-8e8a-133f4c5187b9 demo demo] validate_networks() for [(None, None, '5aa0b00d-462e-415d-a588-156f65af3b77', None, None, None)] {{(pid=100190) validate_networks /opt/stack/nova/nova/network/neutron.py:2685}}
Jun 22 12:14:57.265391 np0000182464 devstack@n-api.service[100190]: WARNING neutronclient.v2_0.client [None req-472cf782-1dea-47f8-8e8a-133f4c5187b9 demo demo] The python binding code in neutronclient is deprecated in favor of OpenstackSDK, please use that as this will be removed in a future release.
Jun 22 12:14:57.318439 np0000182464 devstack@n-api.service[100189]: DEBUG oslo_concurrency.lockutils [None req-6919d51c-7d55-4bb2-8f1c-d5fb2bed5913 demo demo] Acquiring lock "00000000-0000-0000-0000-000000000000" by "nova.context.set_target_cell..get_or_set_cached_cell_and_set_connections" {{(pid=100189) inner /opt/stack/data/venv/lib/python3.12/site-packages/oslo_concurrency/lockutils.py:511}}
Jun 22 12:14:57.319031 np0000182464 devstack@n-api.service[100189]: DEBUG oslo_concurrency.lockutils [None req-6919d51c-7d55-4bb2-8f1c-d5fb2bed5913 demo demo] Lock "00000000-0000-0000-0000-000000000000" acquired by "nova.context.set_target_cell..get_or_set_cached_cell_and_set_connections" :: waited 0.001s {{(pid=100189) inner /opt/stack/data/venv/lib/python3.12/site-packages/oslo_concurrency/lockutils.py:524}}
Jun 22 12:14:57.319405 np0000182464 devstack@n-api.service[100189]: DEBUG oslo_concurrency.lockutils [None req-6919d51c-7d55-4bb2-8f1c-d5fb2bed5913 demo demo] Lock "00000000-0000-0000-0000-000000000000" "released" by "nova.context.set_target_cell..get_or_set_cached_cell_and_set_connections" :: held 0.001s {{(pid=100189) inner /opt/stack/data/venv/lib/python3.12/site-packages/oslo_concurrency/lockutils.py:543}}
Jun 22 12:14:57.320106 np0000182464 devstack@n-api.service[100189]: DEBUG oslo_concurrency.lockutils [None req-6919d51c-7d55-4bb2-8f1c-d5fb2bed5913 demo demo] Acquiring lock "239d5a97-59ad-4ecd-99d0-6b640413d09b" by "nova.context.set_target_cell..get_or_set_cached_cell_and_set_connections" {{(pid=100189) inner /opt/stack/data/venv/lib/python3.12/site-packages/oslo_concurrency/lockutils.py:511}}
Jun 22 12:14:57.320517 np0000182464 devstack@n-api.service[100189]: DEBUG oslo_concurrency.lockutils [None req-6919d51c-7d55-4bb2-8f1c-d5fb2bed5913 demo demo] Lock "239d5a97-59ad-4ecd-99d0-6b640413d09b" acquired by "nova.context.set_target_cell..get_or_set_cached_cell_and_set_connections" :: waited 0.000s {{(pid=100189) inner /opt/stack/data/venv/lib/python3.12/site-packages/oslo_concurrency/lockutils.py:524}}
Jun 22 12:14:57.320890 np0000182464 devstack@n-api.service[100189]: DEBUG oslo_concurrency.lockutils [None req-6919d51c-7d55-4bb2-8f1c-d5fb2bed5913 demo demo] Lock "239d5a97-59ad-4ecd-99d0-6b640413d09b" "released" by "nova.context.set_target_cell..get_or_set_cached_cell_and_set_connections" :: held 0.000s {{(pid=100189) inner /opt/stack/data/venv/lib/python3.12/site-packages/oslo_concurrency/lockutils.py:543}}
Jun 22 12:14:57.333345 np0000182464 devstack@n-api.service[100189]: DEBUG nova.network.neutron [None req-6919d51c-7d55-4bb2-8f1c-d5fb2bed5913 demo demo] validate_networks() for [(None, None, 'b15fb890-646b-473f-8871-184a5e3b8e99', None, None, None)] {{(pid=100189) validate_networks /opt/stack/nova/nova/network/neutron.py:2685}}
Jun 22 12:14:57.336379 np0000182464 devstack@n-api.service[100189]: WARNING neutronclient.v2_0.client [None req-6919d51c-7d55-4bb2-8f1c-d5fb2bed5913 demo demo] The python binding code in neutronclient is deprecated in favor of OpenstackSDK, please use that as this will be removed in a future release.
Jun 22 12:14:57.405313 np0000182464 devstack@n-api.service[100189]: WARNING neutronclient.v2_0.client [None req-6919d51c-7d55-4bb2-8f1c-d5fb2bed5913 demo demo] The python binding code in neutronclient is deprecated in favor of OpenstackSDK, please use that as this will be removed in a future release.
Jun 22 12:14:57.428690 np0000182464 devstack@n-api.service[100190]: WARNING neutronclient.v2_0.client [None req-472cf782-1dea-47f8-8e8a-133f4c5187b9 demo demo] The python binding code in neutronclient is deprecated in favor of OpenstackSDK, please use that as this will be removed in a future release.
Jun 22 12:14:57.625635 np0000182464 devstack@n-api.service[100189]: WARNING neutronclient.v2_0.client [None req-6919d51c-7d55-4bb2-8f1c-d5fb2bed5913 demo demo] The python binding code in neutronclient is deprecated in favor of OpenstackSDK, please use that as this will be removed in a future release.
Jun 22 12:14:57.720326 np0000182464 devstack@n-api.service[100189]: DEBUG nova.virt.hardware [None req-6919d51c-7d55-4bb2-8f1c-d5fb2bed5913 demo demo] Flavor limits 0:0:0 {{(pid=100189) get_cpu_topology_constraints /opt/stack/nova/nova/virt/hardware.py:488}}
Jun 22 12:14:57.720708 np0000182464 devstack@n-api.service[100189]: DEBUG nova.virt.hardware [None req-6919d51c-7d55-4bb2-8f1c-d5fb2bed5913 demo demo] Image limits 0:0:0 {{(pid=100189) get_cpu_topology_constraints /opt/stack/nova/nova/virt/hardware.py:492}}
Jun 22 12:14:57.721269 np0000182464 devstack@n-api.service[100189]: DEBUG nova.virt.hardware [None req-6919d51c-7d55-4bb2-8f1c-d5fb2bed5913 demo demo] Flavor pref 0:0:0 {{(pid=100189) get_cpu_topology_constraints /opt/stack/nova/nova/virt/hardware.py:528}}
Jun 22 12:14:57.721621 np0000182464 devstack@n-api.service[100189]: DEBUG nova.virt.hardware [None req-6919d51c-7d55-4bb2-8f1c-d5fb2bed5913 demo demo] Image pref 0:0:0 {{(pid=100189) get_cpu_topology_constraints /opt/stack/nova/nova/virt/hardware.py:532}}
Jun 22 12:14:57.721998 np0000182464 devstack@n-api.service[100189]: DEBUG nova.virt.hardware [None req-6919d51c-7d55-4bb2-8f1c-d5fb2bed5913 demo demo] Chose sockets=0, cores=0, threads=0; limits were sockets=65536, cores=65536, threads=65536 {{(pid=100189) get_cpu_topology_constraints /opt/stack/nova/nova/virt/hardware.py:570}}
Jun 22 12:14:57.732504 np0000182464 devstack@n-api.service[100189]: DEBUG oslo_concurrency.lockutils [None req-6919d51c-7d55-4bb2-8f1c-d5fb2bed5913 demo demo] Acquiring lock "00000000-0000-0000-0000-000000000000" by "nova.context.set_target_cell..get_or_set_cached_cell_and_set_connections" {{(pid=100189) inner /opt/stack/data/venv/lib/python3.12/site-packages/oslo_concurrency/lockutils.py:511}}
Jun 22 12:14:57.732670 np0000182464 devstack@n-api.service[100189]: DEBUG oslo_concurrency.lockutils [None req-6919d51c-7d55-4bb2-8f1c-d5fb2bed5913 demo demo] Lock "00000000-0000-0000-0000-000000000000" acquired by "nova.context.set_target_cell..get_or_set_cached_cell_and_set_connections" :: waited 0.000s {{(pid=100189) inner /opt/stack/data/venv/lib/python3.12/site-packages/oslo_concurrency/lockutils.py:524}}
Jun 22 12:14:57.732788 np0000182464 devstack@n-api.service[100189]: DEBUG oslo_concurrency.lockutils [None req-6919d51c-7d55-4bb2-8f1c-d5fb2bed5913 demo demo] Lock "00000000-0000-0000-0000-000000000000" "released" by "nova.context.set_target_cell..get_or_set_cached_cell_and_set_connections" :: held 0.000s {{(pid=100189) inner /opt/stack/data/venv/lib/python3.12/site-packages/oslo_concurrency/lockutils.py:543}}
Jun 22 12:14:57.733197 np0000182464 devstack@n-api.service[100189]: DEBUG oslo_concurrency.lockutils [None req-6919d51c-7d55-4bb2-8f1c-d5fb2bed5913 demo demo] Acquiring lock "239d5a97-59ad-4ecd-99d0-6b640413d09b" by "nova.context.set_target_cell..get_or_set_cached_cell_and_set_connections" {{(pid=100189) inner /opt/stack/data/venv/lib/python3.12/site-packages/oslo_concurrency/lockutils.py:511}}
Jun 22 12:14:57.733330 np0000182464 devstack@n-api.service[100189]: DEBUG oslo_concurrency.lockutils [None req-6919d51c-7d55-4bb2-8f1c-d5fb2bed5913 demo demo] Lock "239d5a97-59ad-4ecd-99d0-6b640413d09b" acquired by "nova.context.set_target_cell..get_or_set_cached_cell_and_set_connections" :: waited 0.000s {{(pid=100189) inner /opt/stack/data/venv/lib/python3.12/site-packages/oslo_concurrency/lockutils.py:524}}
Jun 22 12:14:57.733467 np0000182464 devstack@n-api.service[100189]: DEBUG oslo_concurrency.lockutils [None req-6919d51c-7d55-4bb2-8f1c-d5fb2bed5913 demo demo] Lock "239d5a97-59ad-4ecd-99d0-6b640413d09b" "released" by "nova.context.set_target_cell..get_or_set_cached_cell_and_set_connections" :: held 0.000s {{(pid=100189) inner /opt/stack/data/venv/lib/python3.12/site-packages/oslo_concurrency/lockutils.py:543}}
Jun 22 12:14:57.752459 np0000182464 devstack@n-api.service[100189]: DEBUG nova.quota [None req-6919d51c-7d55-4bb2-8f1c-d5fb2bed5913 demo demo] Getting quotas for project 4dbcb2ba575c47aea385f9d055ccc42c. Resources: {'cores', 'ram', 'instances'} {{(pid=100189) _get_quotas /opt/stack/nova/nova/quota.py:392}}
Jun 22 12:14:57.756247 np0000182464 devstack@n-api.service[100189]: DEBUG nova.quota [None req-6919d51c-7d55-4bb2-8f1c-d5fb2bed5913 demo demo] Getting quotas for user 215ddd7ac7ab462f979cf7bfc13b839a and project 4dbcb2ba575c47aea385f9d055ccc42c. Resources: {'cores', 'ram', 'instances'} {{(pid=100189) _get_quotas /opt/stack/nova/nova/quota.py:382}}
Jun 22 12:14:57.765877 np0000182464 devstack@n-api.service[100189]: DEBUG nova.compute.api [None req-6919d51c-7d55-4bb2-8f1c-d5fb2bed5913 demo demo] Going to run 1 instances... {{(pid=100189) _provision_instances /opt/stack/nova/nova/compute/api.py:1480}}
