2026-03-18 11:10:54.814 8 INFO placement.requestlog [req-735ab52b-db5a-4894-946d-96667e4ae5f7 req-d22d6229-33bf-44ad-93bf-89fcc5db33d6 9a724ce33cce4a78adad2e0cc48bd34e 2037fad31b3c4851a310b9de9dd1ad65 - - c341987f76d84bfcba2e05879ecd73d4 c341987f76d84bfcba2e05879ecd73d4] 199.204.45.153 "GET /resource_providers/cda436ff-e9aa-4cba-a68f-31ab68c47cbf/allocations" status: 200 len: 253 microversion: 1.0 [pid: 8|app: 0|req: 614/1229] 199.204.45.153 () {32 vars in 855 bytes} [Wed Mar 18 11:10:54 2026] GET /resource_providers/cda436ff-e9aa-4cba-a68f-31ab68c47cbf/allocations => generated 253 bytes in 19 msecs (HTTP/1.1 200) 6 headers in 224 bytes (1 switches on core 0)
2026-03-18 11:10:54.844 7 INFO placement.requestlog [req-735ab52b-db5a-4894-946d-96667e4ae5f7 req-9ad35406-7a99-46ea-b090-21fca0bb83a5 9a724ce33cce4a78adad2e0cc48bd34e 2037fad31b3c4851a310b9de9dd1ad65 - - c341987f76d84bfcba2e05879ecd73d4 c341987f76d84bfcba2e05879ecd73d4] 199.204.45.153 "GET /resource_providers/cda436ff-e9aa-4cba-a68f-31ab68c47cbf/allocations" status: 200 len: 253 microversion: 1.0 [pid: 7|app: 0|req: 616/1230] 199.204.45.153 () {32 vars in 855 bytes} [Wed Mar 18 11:10:54 2026] GET /resource_providers/cda436ff-e9aa-4cba-a68f-31ab68c47cbf/allocations => generated 253 bytes in 20 msecs (HTTP/1.1 200) 6 headers in 224 bytes (1 switches on core 0)
2026-03-18 11:10:54.861 8 INFO placement.requestlog [req-735ab52b-db5a-4894-946d-96667e4ae5f7 req-f00e3071-4221-4a78-abce-c70084308d80 9a724ce33cce4a78adad2e0cc48bd34e 2037fad31b3c4851a310b9de9dd1ad65 - - c341987f76d84bfcba2e05879ecd73d4 c341987f76d84bfcba2e05879ecd73d4] 199.204.45.153 "GET /allocations/a2bc11e1-26e3-42e4-a5e3-76daf67e0a33" status: 200 len: 258 microversion: 1.28 [pid: 8|app: 0|req: 615/1231] 199.204.45.153 () {34 vars in 861 bytes} [Wed Mar 18 11:10:54 2026] GET /allocations/a2bc11e1-26e3-42e4-a5e3-76daf67e0a33 => generated 258 bytes in 12 msecs (HTTP/1.1 200) 8 headers in 296 bytes (1 switches on core 0)
2026-03-18 11:10:54.883 7 INFO placement.requestlog [req-735ab52b-db5a-4894-946d-96667e4ae5f7 req-b4d96f2a-674b-41d0-8eb2-e7a231c8c497 9a724ce33cce4a78adad2e0cc48bd34e 2037fad31b3c4851a310b9de9dd1ad65 - - c341987f76d84bfcba2e05879ecd73d4 c341987f76d84bfcba2e05879ecd73d4] 199.204.45.153 "GET /allocations/b2299ff5-4a01-421d-afe1-376876fab6c1" status: 200 len: 258 microversion: 1.28 [pid: 7|app: 0|req: 617/1232] 199.204.45.153 () {34 vars in 861 bytes} [Wed Mar 18 11:10:54 2026] GET /allocations/b2299ff5-4a01-421d-afe1-376876fab6c1 => generated 258 bytes in 15 msecs (HTTP/1.1 200) 8 headers in 296 bytes (1 switches on core 0)
2026-03-18 11:11:02.552 8 INFO placement.requestlog [None req-4fde8ad5-adf8-44f5-ac1f-f11487a06077 - - - - - -] 10.0.0.87 "GET /" status: 200 len: 136 microversion: 1.0
2026-03-18 11:11:02.552 7 INFO placement.requestlog [None req-23a7e9e1-e04c-4e4b-9ddd-e2c54bb04c43 - - - - - -] 10.0.0.87 "GET /" status: 200 len: 136 microversion: 1.0
2026-03-18 11:11:12.551 8 INFO placement.requestlog [None req-32532b0c-44a0-4553-858f-486d69868e73 - - - - - -] 10.0.0.87 "GET /" status: 200 len: 136 microversion: 1.0
2026-03-18 11:11:12.555 7 INFO placement.requestlog [None req-14b264ad-302a-4f6e-b19a-9edf9d27dcd5 - - - - - -] 10.0.0.87 "GET /" status: 200 len: 136 microversion: 1.0
2026-03-18 11:11:19.492 8 INFO placement.requestlog [req-816ef9da-241e-451d-b04e-9eed6dcdc775 req-e1e50d52-6e95-420c-8d74-5e480ff8526f 9a724ce33cce4a78adad2e0cc48bd34e 2037fad31b3c4851a310b9de9dd1ad65 - - c341987f76d84bfcba2e05879ecd73d4 c341987f76d84bfcba2e05879ecd73d4] 10.0.0.172 "GET /allocation_candidates?limit=1000&resources=MEMORY_MB%3A2048%2CVCPU%3A2&root_required=%21COMPUTE_STATUS_DISABLED" status: 200 len: 2630 microversion: 1.36 [pid: 8|app: 0|req: 618/1237] 10.0.0.172 () {34 vars in 984 bytes} [Wed Mar 18 11:11:19 2026] GET /allocation_candidates?limit=1000&resources=MEMORY_MB%3A2048%2CVCPU%3A2&root_required=%21COMPUTE_STATUS_DISABLED => generated 2630 bytes in 51 msecs (HTTP/1.1 200) 8 headers in 297 bytes (1 switches on core 0)
2026-03-18 11:11:19.516 7 INFO placement.requestlog [req-816ef9da-241e-451d-b04e-9eed6dcdc775 req-c162baed-19b1-4d19-bd2c-6ee353d5302d 9a724ce33cce4a78adad2e0cc48bd34e 2037fad31b3c4851a310b9de9dd1ad65 - - c341987f76d84bfcba2e05879ecd73d4 c341987f76d84bfcba2e05879ecd73d4] 10.0.0.172 "GET /allocations/0d064dd9-8ae8-4484-a6e5-66d2c9538d94" status: 200 len: 19 microversion: 1.28 [pid: 7|app: 0|req: 620/1238] 10.0.0.172 () {34 vars in 859 bytes} [Wed Mar 18 11:11:19 2026] GET /allocations/0d064dd9-8ae8-4484-a6e5-66d2c9538d94 => generated 19 bytes in 7 msecs (HTTP/1.1 200) 8 headers in 295 bytes (1 switches on core 0)
2026-03-18 11:11:19.593 8 INFO placement.requestlog [req-816ef9da-241e-451d-b04e-9eed6dcdc775 req-39b52461-e288-4ad1-a73e-9f75b4e979be 9a724ce33cce4a78adad2e0cc48bd34e 2037fad31b3c4851a310b9de9dd1ad65 - - c341987f76d84bfcba2e05879ecd73d4 c341987f76d84bfcba2e05879ecd73d4] 10.0.0.172 "PUT /allocations/0d064dd9-8ae8-4484-a6e5-66d2c9538d94" status: 204 len: 0 microversion: 1.36 [pid: 8|app: 0|req: 619/1239] 10.0.0.172 () {38 vars in 912 bytes} [Wed Mar 18 11:11:19 2026] PUT /allocations/0d064dd9-8ae8-4484-a6e5-66d2c9538d94 => generated 0 bytes in 74 msecs (HTTP/1.1 204) 5 headers in 199 bytes (1 switches on core 0)
2026-03-18 11:11:21.385 7 INFO placement.requestlog [req-816ef9da-241e-451d-b04e-9eed6dcdc775 req-9dbae1e5-730a-49bf-a60a-d9c670f8a4af 9a724ce33cce4a78adad2e0cc48bd34e 2037fad31b3c4851a310b9de9dd1ad65 - - c341987f76d84bfcba2e05879ecd73d4 c341987f76d84bfcba2e05879ecd73d4] 199.204.45.153 "GET /allocations/0d064dd9-8ae8-4484-a6e5-66d2c9538d94" status: 200 len: 245 microversion: 1.28 [pid: 7|app: 0|req: 621/1240] 199.204.45.153 () {34 vars in 861 bytes} [Wed Mar 18 11:11:21 2026] GET /allocations/0d064dd9-8ae8-4484-a6e5-66d2c9538d94 => generated 245 bytes in 14 msecs (HTTP/1.1 200) 8 headers in 296 bytes (1 switches on core 0)
2026-03-18 11:11:22.425 8 INFO placement.requestlog [req-816ef9da-241e-451d-b04e-9eed6dcdc775 req-2bdcc422-e722-4621-8e4f-d4361533ecfe 9a724ce33cce4a78adad2e0cc48bd34e 2037fad31b3c4851a310b9de9dd1ad65 - - c341987f76d84bfcba2e05879ecd73d4 c341987f76d84bfcba2e05879ecd73d4] 199.204.45.153 "GET /resource_providers/cda436ff-e9aa-4cba-a68f-31ab68c47cbf/allocations" status: 200 len: 340 microversion: 1.0 [pid: 8|app: 0|req: 620/1241] 199.204.45.153 () {32 vars in 855 bytes} [Wed Mar 18 11:11:22 2026] GET /resource_providers/cda436ff-e9aa-4cba-a68f-31ab68c47cbf/allocations => generated 340 bytes in 20 msecs (HTTP/1.1 200) 6 headers in 224 bytes (1 switches on core 0)
2026-03-18 11:11:22.444 7 INFO placement.requestlog [req-816ef9da-241e-451d-b04e-9eed6dcdc775 req-478e7b15-ecbe-4426-b40a-77254223c4d1 9a724ce33cce4a78adad2e0cc48bd34e 2037fad31b3c4851a310b9de9dd1ad65 - - c341987f76d84bfcba2e05879ecd73d4 c341987f76d84bfcba2e05879ecd73d4] 199.204.45.153 "GET /allocations/a2bc11e1-26e3-42e4-a5e3-76daf67e0a33" status: 200 len: 258 microversion: 1.28 [pid: 7|app: 0|req: 622/1242] 199.204.45.153 () {34 vars in 861 bytes} [Wed Mar 18 11:11:22 2026] GET /allocations/a2bc11e1-26e3-42e4-a5e3-76daf67e0a33 => generated 258 bytes in 11 msecs (HTTP/1.1 200) 8 headers in 296 bytes (1 switches on core 0)
2026-03-18 11:11:22.464 8 INFO placement.requestlog [req-816ef9da-241e-451d-b04e-9eed6dcdc775 req-bda698d9-8638-4558-82d1-17d35d02b0a3 9a724ce33cce4a78adad2e0cc48bd34e 2037fad31b3c4851a310b9de9dd1ad65 - - c341987f76d84bfcba2e05879ecd73d4 c341987f76d84bfcba2e05879ecd73d4] 199.204.45.153 "GET /allocations/b2299ff5-4a01-421d-afe1-376876fab6c1" status: 200 len: 258 microversion: 1.28 [pid: 8|app: 0|req: 621/1243] 199.204.45.153 () {34 vars in 861 bytes} [Wed Mar 18 11:11:22 2026] GET /allocations/b2299ff5-4a01-421d-afe1-376876fab6c1 => generated 258 bytes in 13 msecs (HTTP/1.1 200) 8 headers in 296 bytes (1 switches on core 0)
2026-03-18 11:11:22.484 7 INFO placement.requestlog [req-816ef9da-241e-451d-b04e-9eed6dcdc775 req-cb33ea2f-5059-40c1-8270-a774d923f0dd 9a724ce33cce4a78adad2e0cc48bd34e 2037fad31b3c4851a310b9de9dd1ad65 - - c341987f76d84bfcba2e05879ecd73d4 c341987f76d84bfcba2e05879ecd73d4] 199.204.45.153 "GET /allocations/0d064dd9-8ae8-4484-a6e5-66d2c9538d94" status: 200 len: 245 microversion: 1.28 [pid: 7|app: 0|req: 623/1244] 199.204.45.153 () {34 vars in 861 bytes} [Wed Mar 18 11:11:22 2026] GET /allocations/0d064dd9-8ae8-4484-a6e5-66d2c9538d94 => generated 245 bytes in 14 msecs (HTTP/1.1 200) 8 headers in 296 bytes (1 switches on core 0)
2026-03-18 11:11:22.552 8 INFO placement.requestlog [None req-1d35626c-a50d-4683-bbce-64d7f9be018e - - - - - -] 10.0.0.87 "GET /" status: 200 len: 136 microversion: 1.0
2026-03-18 11:11:22.555 7 INFO placement.requestlog [None req-5b20bd1a-0bf2-4d74-899a-210e2ab7d4b9 - - - - - -] 10.0.0.87 "GET /" status: 200 len: 136 microversion: 1.0
2026-03-18 11:11:28.708 8 INFO placement.requestlog [None req-455855f6-7398-4ba9-8f89-f532836090b1 a124b12525f84d4fa4b52bac95024e6d f298e9152d724241b34f57fa202c698e - - default default] 10.0.0.44 "GET /resource_providers" status: 200 len: 406 microversion: 1.0 [pid: 8|app: 0|req: 623/1247] 10.0.0.44 () {28 vars in 590 bytes} [Wed Mar 18 11:11:28 2026] GET /resource_providers => generated 406 bytes in 181 msecs (HTTP/1.1 200) 6 headers in 224 bytes (1 switches on core 0)
2026-03-18 11:11:28.727 7 INFO placement.requestlog [None req-7441c5b3-5b62-4128-b3bf-abd9d85a3118 a124b12525f84d4fa4b52bac95024e6d f298e9152d724241b34f57fa202c698e - - default default] 10.0.0.44 "GET /resource_providers/cda436ff-e9aa-4cba-a68f-31ab68c47cbf/inventories" status: 200 len: 401 microversion: 1.0 [pid: 7|app: 0|req: 625/1248] 10.0.0.44 () {28 vars in 688 bytes} [Wed Mar 18 11:11:28 2026] GET /resource_providers/cda436ff-e9aa-4cba-a68f-31ab68c47cbf/inventories => generated 401 bytes in 14 msecs (HTTP/1.1 200) 6 headers in 224 bytes (1 switches on core 0)
2026-03-18 11:11:28.743 8 INFO placement.requestlog [None req-66c4425c-dbd3-4815-a164-ea3068f5c3e7 a124b12525f84d4fa4b52bac95024e6d f298e9152d724241b34f57fa202c698e - - default default] 10.0.0.44 "GET /resource_providers/cda436ff-e9aa-4cba-a68f-31ab68c47cbf/usages" status: 200 len: 92 microversion: 1.0 [pid: 8|app: 0|req: 624/1249] 10.0.0.44 () {28 vars in 678 bytes} [Wed Mar 18 11:11:28 2026] GET /resource_providers/cda436ff-e9aa-4cba-a68f-31ab68c47cbf/usages => generated 92 bytes in 12 msecs (HTTP/1.1 200) 6 headers in 223 bytes (1 switches on core 0)
2026-03-18 11:11:32.552 7 INFO placement.requestlog [None req-65d47f06-b5f5-4385-a88d-c24d008e7d4e - - - - - -] 10.0.0.87 "GET /" status: 200 len: 136 microversion: 1.0
2026-03-18 11:11:32.552 8 INFO placement.requestlog [None req-618ec051-eeab-4111-9810-3573ab50da8f - - - - - -] 10.0.0.87 "GET /" status: 200 len: 136 microversion: 1.0
2026-03-18 11:11:42.552 8 INFO placement.requestlog [None req-65359cbb-3180-4862-a06d-9e1c3d06fc91 - - - - - -] 10.0.0.87 "GET /" status: 200 len: 136 microversion: 1.0
2026-03-18 11:11:42.552 7 INFO placement.requestlog [None req-2a58e4c4-26a4-4ce4-a17a-380008fee0a9 - - - - - -] 10.0.0.87 "GET /" status: 200 len: 136 microversion: 1.0
2026-03-18 11:11:52.551 8 INFO placement.requestlog [None req-35321ec6-0fcd-4f91-8a3c-759929e1de68 - - - - - -] 10.0.0.87 "GET /" status: 200 len: 136 microversion: 1.0
2026-03-18 11:11:52.552 7 INFO placement.requestlog [None req-3f5f195d-e377-4e69-b93e-5e4a9bcb88c3 - - - - - -] 10.0.0.87 "GET /" status: 200 len: 136 microversion: 1.0
2026-03-18 11:11:55.883 8 INFO placement.requestlog [req-1b61391b-6bca-4fd2-b8a3-043de769d08d req-1f09f388-5b07-4294-b7ee-94864a97ed3d 9a724ce33cce4a78adad2e0cc48bd34e 2037fad31b3c4851a310b9de9dd1ad65 - - c341987f76d84bfcba2e05879ecd73d4 c341987f76d84bfcba2e05879ecd73d4] 199.204.45.153 "GET /resource_providers/cda436ff-e9aa-4cba-a68f-31ab68c47cbf/allocations" status: 200 len: 340 microversion: 1.0 [pid: 8|app: 0|req: 628/1256] 199.204.45.153 () {32 vars in 855 bytes} [Wed Mar 18 11:11:55 2026] GET /resource_providers/cda436ff-e9aa-4cba-a68f-31ab68c47cbf/allocations => generated 340 bytes in 54 msecs (HTTP/1.1 200) 6 headers in 224 bytes (1 switches on core 0)
2026-03-18 11:11:55.909 7 INFO placement.requestlog [req-1b61391b-6bca-4fd2-b8a3-043de769d08d req-6d79ea91-9dfb-4846-a346-09545cbdc564 9a724ce33cce4a78adad2e0cc48bd34e 2037fad31b3c4851a310b9de9dd1ad65 - - c341987f76d84bfcba2e05879ecd73d4 c341987f76d84bfcba2e05879ecd73d4] 199.204.45.153 "GET /resource_providers?in_tree=cda436ff-e9aa-4cba-a68f-31ab68c47cbf" status: 200 len: 798 microversion: 1.14 [pid: 7|app: 0|req: 629/1257] 199.204.45.153 () {34 vars in 890 bytes} [Wed Mar 18 11:11:55 2026] GET /resource_providers?in_tree=cda436ff-e9aa-4cba-a68f-31ab68c47cbf => generated 798 bytes in 18 msecs (HTTP/1.1 200) 6 headers in 225 bytes (1 switches on core 0)
2026-03-18 11:11:55.926 8 INFO placement.requestlog [req-1b61391b-6bca-4fd2-b8a3-043de769d08d req-0120fa1f-c55b-4187-bff4-98c8b2c6733a 9a724ce33cce4a78adad2e0cc48bd34e 2037fad31b3c4851a310b9de9dd1ad65 - - c341987f76d84bfcba2e05879ecd73d4 c341987f76d84bfcba2e05879ecd73d4] 199.204.45.153 "GET /resource_providers/cda436ff-e9aa-4cba-a68f-31ab68c47cbf/inventories" status: 200 len: 401 microversion: 1.0 [pid: 8|app: 0|req: 629/1258] 199.204.45.153 () {32 vars in 855 bytes} [Wed Mar 18 11:11:55 2026] GET /resource_providers/cda436ff-e9aa-4cba-a68f-31ab68c47cbf/inventories => generated 401 bytes in 13 msecs (HTTP/1.1 200) 6 headers in 224 bytes (1 switches on core 0)
2026-03-18 11:11:55.944 7 INFO placement.requestlog [req-1b61391b-6bca-4fd2-b8a3-043de769d08d req-359ca852-46cf-478b-9901-303bdd015cb0 9a724ce33cce4a78adad2e0cc48bd34e 2037fad31b3c4851a310b9de9dd1ad65 - - c341987f76d84bfcba2e05879ecd73d4 c341987f76d84bfcba2e05879ecd73d4] 199.204.45.153 "GET /resource_providers/cda436ff-e9aa-4cba-a68f-31ab68c47cbf/aggregates" status: 200 len: 54 microversion: 1.19 [pid: 7|app: 0|req: 630/1259] 199.204.45.153 () {34 vars in 897 bytes} [Wed Mar 18 11:11:55 2026] GET /resource_providers/cda436ff-e9aa-4cba-a68f-31ab68c47cbf/aggregates => generated 54 bytes in 12 msecs (HTTP/1.1 200) 8 headers in 295 bytes (1 switches on core 0)
2026-03-18 11:11:55.978 8 INFO placement.requestlog [req-1b61391b-6bca-4fd2-b8a3-043de769d08d req-7e13217d-cd5a-4b16-8409-9b359d9e23f9 9a724ce33cce4a78adad2e0cc48bd34e 2037fad31b3c4851a310b9de9dd1ad65 - - c341987f76d84bfcba2e05879ecd73d4 c341987f76d84bfcba2e05879ecd73d4] 199.204.45.153 "GET /resource_providers/cda436ff-e9aa-4cba-a68f-31ab68c47cbf/traits" status: 200 len: 2176 microversion: 1.6 [pid: 8|app: 0|req: 630/1260] 199.204.45.153 () {34 vars in 888 bytes} [Wed Mar 18 11:11:55 2026] GET /resource_providers/cda436ff-e9aa-4cba-a68f-31ab68c47cbf/traits => generated 2176 bytes in 16 msecs (HTTP/1.1 200) 6 headers in 225 bytes (1 switches on core 0)
2026-03-18 11:11:56.000 7 INFO placement.requestlog [req-1b61391b-6bca-4fd2-b8a3-043de769d08d req-e6152b0e-bf78-41b7-88f9-eb2c063328a8 9a724ce33cce4a78adad2e0cc48bd34e 2037fad31b3c4851a310b9de9dd1ad65 - - c341987f76d84bfcba2e05879ecd73d4 c341987f76d84bfcba2e05879ecd73d4] 199.204.45.153 "GET /resource_providers/cda436ff-e9aa-4cba-a68f-31ab68c47cbf/allocations" status: 200 len: 340 microversion: 1.0 [pid: 7|app: 0|req: 631/1261] 199.204.45.153 () {32 vars in 855 bytes} [Wed Mar 18 11:11:55 2026] GET /resource_providers/cda436ff-e9aa-4cba-a68f-31ab68c47cbf/allocations => generated 340 bytes in 16 msecs (HTTP/1.1 200) 6 headers in 224 bytes (1 switches on core 0)
2026-03-18 11:11:56.016 8 INFO placement.requestlog [req-1b61391b-6bca-4fd2-b8a3-043de769d08d req-2a548248-efef-4e49-888e-4d02bfc4f1f8 9a724ce33cce4a78adad2e0cc48bd34e 2037fad31b3c4851a310b9de9dd1ad65 - - c341987f76d84bfcba2e05879ecd73d4 c341987f76d84bfcba2e05879ecd73d4] 199.204.45.153 "GET /allocations/a2bc11e1-26e3-42e4-a5e3-76daf67e0a33" status: 200 len: 258 microversion: 1.28 [pid: 8|app: 0|req: 631/1262] 199.204.45.153 () {34 vars in 861 bytes} [Wed Mar 18 11:11:56 2026] GET /allocations/a2bc11e1-26e3-42e4-a5e3-76daf67e0a33 => generated 258 bytes in 11 msecs (HTTP/1.1 200) 8 headers in 296 bytes (1 switches on core 0)
2026-03-18 11:11:56.035 7 INFO placement.requestlog [req-1b61391b-6bca-4fd2-b8a3-043de769d08d req-1ebbf6ba-0b4a-43ea-9711-ac0c2c20e7b4 9a724ce33cce4a78adad2e0cc48bd34e 2037fad31b3c4851a310b9de9dd1ad65 - - c341987f76d84bfcba2e05879ecd73d4 c341987f76d84bfcba2e05879ecd73d4] 199.204.45.153 "GET /allocations/b2299ff5-4a01-421d-afe1-376876fab6c1" status: 200 len: 258 microversion: 1.28 [pid: 7|app: 0|req: 632/1263] 199.204.45.153 () {34 vars in 861 bytes} [Wed Mar 18 11:11:56 2026] GET /allocations/b2299ff5-4a01-421d-afe1-376876fab6c1 => generated 258 bytes in 14 msecs (HTTP/1.1 200) 8 headers in 296 bytes (1 switches on core 0)
2026-03-18 11:11:56.052 8 INFO placement.requestlog [req-1b61391b-6bca-4fd2-b8a3-043de769d08d req-aba7361b-d9cf-41e4-9b9a-dd5deffba2cd 9a724ce33cce4a78adad2e0cc48bd34e 2037fad31b3c4851a310b9de9dd1ad65 - - c341987f76d84bfcba2e05879ecd73d4 c341987f76d84bfcba2e05879ecd73d4] 199.204.45.153 "GET /allocations/0d064dd9-8ae8-4484-a6e5-66d2c9538d94" status: 200 len: 245 microversion: 1.28 [pid: 8|app: 0|req: 632/1264] 199.204.45.153 () {34 vars in 861 bytes} [Wed Mar 18 11:11:56 2026] GET /allocations/0d064dd9-8ae8-4484-a6e5-66d2c9538d94 => generated 245 bytes in 10 msecs (HTTP/1.1 200) 8 headers in 296 bytes (1 switches on core 0)
2026-03-18 11:12:02.553 7 INFO placement.requestlog [None req-9fe54fcc-4b45-450e-a61b-56bc314917af - - - - - -] 10.0.0.87 "GET /" status: 200 len: 136 microversion: 1.0
2026-03-18 11:12:02.554 8 INFO placement.requestlog [None req-dd50faae-62f6-412f-9003-054e69106717 - - - - - -] 10.0.0.87 "GET /" status: 200 len: 136 microversion: 1.0
2026-03-18 11:12:12.551 7 INFO placement.requestlog [None req-6a8f9bd0-3923-4d49-8325-018cdc256825 - - - - - -] 10.0.0.87 "GET /" status: 200 len: 136 microversion: 1.0
2026-03-18 11:12:12.551 8 INFO placement.requestlog [None req-189f5810-c448-4aab-898c-8d5ca033c58b - - - - - -] 10.0.0.87 "GET /" status: 200 len: 136 microversion: 1.0
2026-03-18 11:12:22.551 8 INFO placement.requestlog [None req-3a8befbe-7367-4f65-afb2-1ece7beb00e0 - - - - - -] 10.0.0.87 "GET /" status: 200 len: 136 microversion: 1.0
2026-03-18 11:12:22.551 7 INFO placement.requestlog [None req-d49f0e8b-8319-4da8-b033-cc2b9679fc3e - - - - - -] 10.0.0.87 "GET /" status: 200 len: 136 microversion: 1.0
2026-03-18 11:12:28.810 8 INFO placement.requestlog [None req-09c29c7b-e451-4916-83e8-99d0136fc8e9 a124b12525f84d4fa4b52bac95024e6d f298e9152d724241b34f57fa202c698e - - default default] 10.0.0.44 "GET /resource_providers" status: 200 len: 406 microversion: 1.0 [pid: 8|app: 0|req: 636/1271] 10.0.0.44 () {28 vars in 590 bytes} [Wed Mar 18 11:12:28 2026] GET /resource_providers => generated 406 bytes in 102 msecs (HTTP/1.1 200) 6 headers in 224 bytes (1 switches on core 0)
2026-03-18 11:12:28.846 7 INFO placement.requestlog [None req-ba25c12c-622a-406a-96a9-c6a88247230f a124b12525f84d4fa4b52bac95024e6d f298e9152d724241b34f57fa202c698e - - default default] 10.0.0.44 "GET /resource_providers/cda436ff-e9aa-4cba-a68f-31ab68c47cbf/inventories" status: 200 len: 401 microversion: 1.0 [pid: 7|app: 0|req: 636/1272] 10.0.0.44 () {28 vars in 688 bytes} [Wed Mar 18 11:12:28 2026] GET /resource_providers/cda436ff-e9aa-4cba-a68f-31ab68c47cbf/inventories => generated 401 bytes in 31 msecs (HTTP/1.1 200) 6 headers in 224 bytes (1 switches on core 0)
2026-03-18 11:12:28.868 8 INFO placement.requestlog [None req-0d68a0b2-741b-48f9-80df-a6350bb04cc3 a124b12525f84d4fa4b52bac95024e6d f298e9152d724241b34f57fa202c698e - - default default] 10.0.0.44 "GET /resource_providers/cda436ff-e9aa-4cba-a68f-31ab68c47cbf/usages" status: 200 len: 92 microversion: 1.0 [pid: 8|app: 0|req: 637/1273] 10.0.0.44 () {28 vars in 678 bytes} [Wed Mar 18 11:12:28 2026] GET /resource_providers/cda436ff-e9aa-4cba-a68f-31ab68c47cbf/usages => generated 92 bytes in 15 msecs (HTTP/1.1 200) 6 headers in 223 bytes (1 switches on core 0)
2026-03-18 11:12:32.551 8 INFO placement.requestlog [None req-5dacc0dd-df9f-47d6-a0b5-6ced0a9c3314 - - - - - -] 10.0.0.87 "GET /" status: 200 len: 136 microversion: 1.0
2026-03-18 11:12:32.552 7 INFO placement.requestlog [None req-24c4441c-387f-419b-aa33-7f2c80834c13 - - - - - -] 10.0.0.87 "GET /" status: 200 len: 136 microversion: 1.0
2026-03-18 11:12:42.552 7 INFO placement.requestlog [None req-d3112e55-958e-4dbb-9efa-0c5f361ab639 - - - - - -] 10.0.0.87 "GET /" status: 200 len: 136 microversion: 1.0
2026-03-18 11:12:42.552 8 INFO placement.requestlog [None req-5745da9f-8112-41d8-8276-8c67bec514c7 - - - - - -] 10.0.0.87 "GET /" status: 200 len: 136 microversion: 1.0
2026-03-18 11:12:52.551 8 INFO placement.requestlog [None req-23f04a55-b855-478b-9cf8-de7a0579a9af - - - - - -] 10.0.0.87 "GET /" status: 200 len: 136 microversion: 1.0
2026-03-18 11:12:52.553 7 INFO placement.requestlog [None req-f6212c4f-d141-48a0-aa5a-06ca07092104 - - - - - -] 10.0.0.87 "GET /" status: 200 len: 136 microversion: 1.0
2026-03-18 11:12:57.901 8 INFO placement.requestlog [req-59b5a1a1-0de5-468f-8dc6-7d40d59f3019 req-5e335bf2-b7aa-4010-9203-52f99af7e3ca 9a724ce33cce4a78adad2e0cc48bd34e 2037fad31b3c4851a310b9de9dd1ad65 - - c341987f76d84bfcba2e05879ecd73d4 c341987f76d84bfcba2e05879ecd73d4] 199.204.45.153 "GET /resource_providers/cda436ff-e9aa-4cba-a68f-31ab68c47cbf/allocations" status: 200 len: 340 microversion: 1.0 [pid: 8|app: 0|req: 641/1280] 199.204.45.153 () {32 vars in 855 bytes} [Wed Mar 18 11:12:57 2026] GET /resource_providers/cda436ff-e9aa-4cba-a68f-31ab68c47cbf/allocations => generated 340 bytes in 16 msecs (HTTP/1.1 200) 6 headers in 224 bytes (1 switches on core 0)
2026-03-18 11:12:57.926 7 INFO placement.requestlog [req-59b5a1a1-0de5-468f-8dc6-7d40d59f3019 req-bee96682-ad68-4319-be11-ccccb72b7529 9a724ce33cce4a78adad2e0cc48bd34e 2037fad31b3c4851a310b9de9dd1ad65 - - c341987f76d84bfcba2e05879ecd73d4 c341987f76d84bfcba2e05879ecd73d4] 199.204.45.153 "GET /resource_providers/cda436ff-e9aa-4cba-a68f-31ab68c47cbf/allocations" status: 200 len: 340 microversion: 1.0 [pid: 7|app: 0|req: 640/1281] 199.204.45.153 () {32 vars in 855 bytes} [Wed Mar 18 11:12:57 2026] GET /resource_providers/cda436ff-e9aa-4cba-a68f-31ab68c47cbf/allocations => generated 340 bytes in 17 msecs (HTTP/1.1 200) 6 headers in 224 bytes (1 switches on core 0)
2026-03-18 11:12:57.947 8 INFO placement.requestlog [req-59b5a1a1-0de5-468f-8dc6-7d40d59f3019 req-4725c6b5-6ea5-42eb-9492-92cdf2aca82b 9a724ce33cce4a78adad2e0cc48bd34e 2037fad31b3c4851a310b9de9dd1ad65 - - c341987f76d84bfcba2e05879ecd73d4 c341987f76d84bfcba2e05879ecd73d4] 199.204.45.153 "GET /allocations/a2bc11e1-26e3-42e4-a5e3-76daf67e0a33" status: 200 len: 258 microversion: 1.28 [pid: 8|app: 0|req: 642/1282] 199.204.45.153 () {34 vars in 861 bytes} [Wed Mar 18 11:12:57 2026] GET /allocations/a2bc11e1-26e3-42e4-a5e3-76daf67e0a33 => generated 258 bytes in 12 msecs (HTTP/1.1 200) 8 headers in 296 bytes (1 switches on core 0)
2026-03-18 11:12:57.967 7 INFO placement.requestlog [req-59b5a1a1-0de5-468f-8dc6-7d40d59f3019 req-16d50c8a-65fe-408c-8931-4799ee13fc7a 9a724ce33cce4a78adad2e0cc48bd34e 2037fad31b3c4851a310b9de9dd1ad65 - - c341987f76d84bfcba2e05879ecd73d4 c341987f76d84bfcba2e05879ecd73d4] 199.204.45.153 "GET /allocations/b2299ff5-4a01-421d-afe1-376876fab6c1" status: 200 len: 258 microversion: 1.28 [pid: 7|app: 0|req: 641/1283] 199.204.45.153 () {34 vars in 861 bytes} [Wed Mar 18 11:12:57 2026] GET /allocations/b2299ff5-4a01-421d-afe1-376876fab6c1 => generated 258 bytes in 15 msecs (HTTP/1.1 200) 8 headers in 296 bytes (1 switches on core 0)
2026-03-18 11:12:57.986 8 INFO placement.requestlog [req-59b5a1a1-0de5-468f-8dc6-7d40d59f3019 req-f3187de8-4de2-4cf2-bc1e-8ff8d018fc58 9a724ce33cce4a78adad2e0cc48bd34e 2037fad31b3c4851a310b9de9dd1ad65 - - c341987f76d84bfcba2e05879ecd73d4 c341987f76d84bfcba2e05879ecd73d4] 199.204.45.153 "GET /allocations/0d064dd9-8ae8-4484-a6e5-66d2c9538d94" status: 200 len: 245 microversion: 1.28 [pid: 8|app: 0|req: 643/1284] 199.204.45.153 () {34 vars in 861 bytes} [Wed Mar 18 11:12:57 2026] GET /allocations/0d064dd9-8ae8-4484-a6e5-66d2c9538d94 => generated 245 bytes in 14 msecs (HTTP/1.1 200) 8 headers in 296 bytes (1 switches on core 0)
2026-03-18 11:13:02.551 8 INFO placement.requestlog [None req-e3a4566a-238f-4d28-980c-61df6542745b - - - - - -] 10.0.0.87 "GET /" status: 200 len: 136 microversion: 1.0
2026-03-18 11:13:02.552 7 INFO placement.requestlog [None req-fb635bfb-62fc-43b5-95a3-5ff536122abe - - - - - -] 10.0.0.87 "GET /" status: 200 len: 136 microversion: 1.0
2026-03-18 11:13:12.552 8 INFO placement.requestlog [None req-9bd3a902-a7aa-417d-b9ed-972f7b04147f - - - - - -] 10.0.0.87 "GET /" status: 200 len: 136 microversion: 1.0
2026-03-18 11:13:12.552 7 INFO placement.requestlog [None req-97493500-b8e8-4033-a324-6a45733dc638 - - - - - -] 10.0.0.87 "GET /" status: 200 len: 136 microversion: 1.0
2026-03-18 11:13:22.552 8 INFO placement.requestlog [None req-bf2fa897-6e4d-4f9d-97fd-ec6255588b6a - - - - - -] 10.0.0.87 "GET /" status: 200 len: 136 microversion: 1.0
2026-03-18 11:13:22.552 7 INFO placement.requestlog [None req-b98d2810-7d1d-4016-b638-3836c1e56d0b - - - - - -] 10.0.0.87 "GET /" status: 200 len: 136 microversion: 1.0
2026-03-18 11:13:28.767 8 INFO placement.requestlog [None req-31e19d36-e308-4c28-b0c5-0daf8b1639f1 a124b12525f84d4fa4b52bac95024e6d f298e9152d724241b34f57fa202c698e - - default default] 10.0.0.44 "GET /resource_providers" status: 200 len: 406 microversion: 1.0 [pid: 8|app: 0|req: 647/1291] 10.0.0.44 () {28 vars in 590 bytes} [Wed Mar 18 11:13:28 2026] GET /resource_providers => generated 406 bytes in 64 msecs (HTTP/1.1 200) 6 headers in 224 bytes (1 switches on core 0)
2026-03-18 11:13:28.800 7 INFO placement.requestlog [None req-9ea71e42-af61-4ee5-93ad-9db69b78d1e5 a124b12525f84d4fa4b52bac95024e6d f298e9152d724241b34f57fa202c698e - - default default] 10.0.0.44 "GET /resource_providers/cda436ff-e9aa-4cba-a68f-31ab68c47cbf/inventories" status: 200 len: 401 microversion: 1.0 [pid: 7|app: 0|req: 645/1292] 10.0.0.44 () {28 vars in 688 bytes} [Wed Mar 18 11:13:28 2026] GET /resource_providers/cda436ff-e9aa-4cba-a68f-31ab68c47cbf/inventories => generated 401 bytes in 28 msecs (HTTP/1.1 200) 6 headers in 224 bytes (1 switches on core 0)
2026-03-18 11:13:28.818 8 INFO placement.requestlog [None req-306cf811-0478-4634-b231-7dc0a2a32182 a124b12525f84d4fa4b52bac95024e6d f298e9152d724241b34f57fa202c698e - - default default] 10.0.0.44 "GET /resource_providers/cda436ff-e9aa-4cba-a68f-31ab68c47cbf/usages" status: 200 len: 92 microversion: 1.0 [pid: 8|app: 0|req: 648/1293] 10.0.0.44 () {28 vars in 678 bytes} [Wed Mar 18 11:13:28 2026] GET /resource_providers/cda436ff-e9aa-4cba-a68f-31ab68c47cbf/usages => generated 92 bytes in 14 msecs (HTTP/1.1 200) 6 headers in 223 bytes (1 switches on core 0)
2026-03-18 11:13:32.552 7 INFO placement.requestlog [None req-8944632a-1e68-4cf8-97e6-c838c50cd4f3 - - - - - -] 10.0.0.87 "GET /" status: 200 len: 136 microversion: 1.0
2026-03-18 11:13:32.552 8 INFO placement.requestlog [None req-567716ce-668f-4f39-b36c-d3b34824e362 - - - - - -] 10.0.0.87 "GET /" status: 200 len: 136 microversion: 1.0
2026-03-18 11:13:42.552 7 INFO placement.requestlog [None req-88a4b112-22d9-4421-805b-dbfae24cba32 - - - - - -] 10.0.0.87 "GET /" status: 200 len: 136 microversion: 1.0
2026-03-18 11:13:42.552 8 INFO placement.requestlog [None req-f09c4b2e-e598-4bee-92a7-102fbf8209f5 - - - - - -] 10.0.0.87 "GET /" status: 200 len: 136 microversion: 1.0
2026-03-18 11:13:52.551 7 INFO placement.requestlog [None req-daaee799-af7a-4ebf-85af-03477626652e - - - - - -] 10.0.0.87 "GET /" status: 200 len: 136 microversion: 1.0
2026-03-18 11:13:52.552 8 INFO placement.requestlog [None req-40d030a7-aeeb-4133-a2a3-77074db28a6d - - - - - -] 10.0.0.87 "GET /" status: 200 len: 136 microversion: 1.0
2026-03-18 11:13:58.021 7 INFO placement.requestlog [req-d3c2317d-3bef-44cc-8186-c30628f9339f req-4591bd47-fb78-4bc9-a7f6-b1a7f621cbc7 9a724ce33cce4a78adad2e0cc48bd34e 2037fad31b3c4851a310b9de9dd1ad65 - - c341987f76d84bfcba2e05879ecd73d4 c341987f76d84bfcba2e05879ecd73d4] 199.204.45.153 "GET /resource_providers/cda436ff-e9aa-4cba-a68f-31ab68c47cbf/allocations" status: 200 len: 340 microversion: 1.0 [pid: 7|app: 0|req: 649/1300] 199.204.45.153 () {32 vars in 855 bytes} [Wed Mar 18 11:13:58 2026] GET /resource_providers/cda436ff-e9aa-4cba-a68f-31ab68c47cbf/allocations => generated 340 bytes in 18 msecs (HTTP/1.1 200) 6 headers in 224 bytes (1 switches on core 0)
2026-03-18 11:13:58.042 8 INFO placement.requestlog [req-d3c2317d-3bef-44cc-8186-c30628f9339f req-c8e7288e-902d-4a7d-828e-5c89781e988d 9a724ce33cce4a78adad2e0cc48bd34e 2037fad31b3c4851a310b9de9dd1ad65 - - c341987f76d84bfcba2e05879ecd73d4 c341987f76d84bfcba2e05879ecd73d4] 199.204.45.153 "GET /resource_providers/cda436ff-e9aa-4cba-a68f-31ab68c47cbf/allocations" status: 200 len: 340 microversion: 1.0 [pid: 8|app: 0|req: 652/1301] 199.204.45.153 () {32 vars in 855 bytes} [Wed Mar 18 11:13:58 2026] GET /resource_providers/cda436ff-e9aa-4cba-a68f-31ab68c47cbf/allocations => generated 340 bytes in 16 msecs (HTTP/1.1 200) 6 headers in 224 bytes (1 switches on core 0)
2026-03-18 11:13:58.058 7 INFO placement.requestlog [req-d3c2317d-3bef-44cc-8186-c30628f9339f req-12845ea7-6346-41fe-979b-245a16fb38b5 9a724ce33cce4a78adad2e0cc48bd34e 2037fad31b3c4851a310b9de9dd1ad65 - - c341987f76d84bfcba2e05879ecd73d4 c341987f76d84bfcba2e05879ecd73d4] 199.204.45.153 "GET /allocations/a2bc11e1-26e3-42e4-a5e3-76daf67e0a33" status: 200 len: 258 microversion: 1.28 [pid: 7|app: 0|req: 650/1302] 199.204.45.153 () {34 vars in 861 bytes} [Wed Mar 18 11:13:58 2026] GET /allocations/a2bc11e1-26e3-42e4-a5e3-76daf67e0a33 => generated 258 bytes in 11 msecs (HTTP/1.1 200) 8 headers in 296 bytes (1 switches on core 0)
2026-03-18 11:13:58.074 8 INFO placement.requestlog [req-d3c2317d-3bef-44cc-8186-c30628f9339f req-aa469e71-82a0-47e5-b80b-7902f3805830 9a724ce33cce4a78adad2e0cc48bd34e 2037fad31b3c4851a310b9de9dd1ad65 - - c341987f76d84bfcba2e05879ecd73d4 c341987f76d84bfcba2e05879ecd73d4] 199.204.45.153 "GET /allocations/b2299ff5-4a01-421d-afe1-376876fab6c1" status: 200 len: 258 microversion: 1.28 [pid: 8|app: 0|req: 653/1303] 199.204.45.153 () {34 vars in 861 bytes} [Wed Mar 18 11:13:58 2026] GET /allocations/b2299ff5-4a01-421d-afe1-376876fab6c1 => generated 258 bytes in 11 msecs (HTTP/1.1 200) 8 headers in 296 bytes (1 switches on core 0)
2026-03-18 11:13:58.091 7 INFO placement.requestlog [req-d3c2317d-3bef-44cc-8186-c30628f9339f req-7cf8f567-677e-4af8-94bb-1e8393e38056 9a724ce33cce4a78adad2e0cc48bd34e 2037fad31b3c4851a310b9de9dd1ad65 - - c341987f76d84bfcba2e05879ecd73d4 c341987f76d84bfcba2e05879ecd73d4] 199.204.45.153 "GET /allocations/0d064dd9-8ae8-4484-a6e5-66d2c9538d94" status: 200 len: 245 microversion: 1.28 [pid: 7|app: 0|req: 651/1304] 199.204.45.153 () {34 vars in 861 bytes} [Wed Mar 18 11:13:58 2026] GET /allocations/0d064dd9-8ae8-4484-a6e5-66d2c9538d94 => generated 245 bytes in 13 msecs (HTTP/1.1 200) 8 headers in 296 bytes (1 switches on core 0)
2026-03-18 11:14:02.552 8 INFO placement.requestlog [None req-9fc83c1b-2a12-40d9-8910-4b35c3ea41ea - - - - - -] 10.0.0.87 "GET /" status: 200 len: 136 microversion: 1.0
2026-03-18 11:14:02.552 7 INFO placement.requestlog [None req-f36189e7-5e73-4708-a35c-843b0a2321eb - - - - - -] 10.0.0.87 "GET /" status: 200 len: 136 microversion: 1.0
2026-03-18 11:14:12.552 8 INFO placement.requestlog [None req-2f2f532c-00ea-4f4c-8aa4-9a0bfaf03fba - - - - - -] 10.0.0.87 "GET /" status: 200 len: 136 microversion: 1.0
2026-03-18 11:14:12.553 7 INFO placement.requestlog [None req-4fd88fc1-e561-486d-bd1f-3c5a8d3a9817 - - - - - -] 10.0.0.87 "GET /" status: 200 len: 136 microversion: 1.0
2026-03-18 11:14:22.552 7 INFO placement.requestlog [None req-c6692125-020d-4f24-b441-5a996bcd9d67 - - - - - -] 10.0.0.87 "GET /" status: 200 len: 136 microversion: 1.0
2026-03-18 11:14:22.552 8 INFO placement.requestlog [None req-85eaeda5-3a61-4e6d-9b36-d637c5c79859 - - - - - -] 10.0.0.87 "GET /" status: 200 len: 136 microversion: 1.0
2026-03-18 11:14:25.893 7 INFO placement.requestlog [req-c42dd21e-9c79-4a88-98ad-d92a5492b18a req-d473a864-65c7-4254-b06d-ff136a217ef0 9a724ce33cce4a78adad2e0cc48bd34e 2037fad31b3c4851a310b9de9dd1ad65 - - c341987f76d84bfcba2e05879ecd73d4 c341987f76d84bfcba2e05879ecd73d4] 199.204.45.153 "GET /resource_providers/cda436ff-e9aa-4cba-a68f-31ab68c47cbf/allocations" status: 200 len: 340 microversion: 1.0 [pid: 7|app: 0|req: 655/1311] 199.204.45.153 () {32 vars in 855 bytes} [Wed Mar 18 11:14:25 2026] GET /resource_providers/cda436ff-e9aa-4cba-a68f-31ab68c47cbf/allocations => generated 340 bytes in 24 msecs (HTTP/1.1 200) 6 headers in 224 bytes (1 switches on core 0)
2026-03-18 11:14:25.925 8 INFO placement.requestlog [req-c42dd21e-9c79-4a88-98ad-d92a5492b18a req-dcd31f90-9c99-4a6a-94d2-2427ca44d661 9a724ce33cce4a78adad2e0cc48bd34e 2037fad31b3c4851a310b9de9dd1ad65 - - c341987f76d84bfcba2e05879ecd73d4 c341987f76d84bfcba2e05879ecd73d4] 199.204.45.153 "GET /allocations/a2bc11e1-26e3-42e4-a5e3-76daf67e0a33" status: 200 len: 258 microversion: 1.28 [pid: 8|app: 0|req: 657/1312] 199.204.45.153 () {34 vars in 861 bytes} [Wed Mar 18 11:14:25 2026] GET /allocations/a2bc11e1-26e3-42e4-a5e3-76daf67e0a33 => generated 258 bytes in 23 msecs (HTTP/1.1 200) 8 headers in 296 bytes (1 switches on core 0)
2026-03-18 11:14:25.951 7 INFO placement.requestlog [req-c42dd21e-9c79-4a88-98ad-d92a5492b18a req-47ee1657-ae57-4b4b-a2cc-5d3aaf031057 9a724ce33cce4a78adad2e0cc48bd34e 2037fad31b3c4851a310b9de9dd1ad65 - - c341987f76d84bfcba2e05879ecd73d4 c341987f76d84bfcba2e05879ecd73d4] 199.204.45.153 "GET /allocations/b2299ff5-4a01-421d-afe1-376876fab6c1" status: 200 len: 258 microversion: 1.28 [pid: 7|app: 0|req: 656/1313] 199.204.45.153 () {34 vars in 861 bytes} [Wed Mar 18 11:14:25 2026] GET /allocations/b2299ff5-4a01-421d-afe1-376876fab6c1 => generated 258 bytes in 19 msecs (HTTP/1.1 200) 8 headers in 296 bytes (1 switches on core 0)
2026-03-18 11:14:25.973 8 INFO placement.requestlog [req-c42dd21e-9c79-4a88-98ad-d92a5492b18a req-9cccc3e8-1edd-4169-90ef-6db8effd2716 9a724ce33cce4a78adad2e0cc48bd34e 2037fad31b3c4851a310b9de9dd1ad65 - - c341987f76d84bfcba2e05879ecd73d4 c341987f76d84bfcba2e05879ecd73d4] 199.204.45.153 "GET /allocations/0d064dd9-8ae8-4484-a6e5-66d2c9538d94" status: 200 len: 245 microversion: 1.28 [pid: 8|app: 0|req: 658/1314] 199.204.45.153 () {34 vars in 861 bytes} [Wed Mar 18 11:14:25 2026] GET /allocations/0d064dd9-8ae8-4484-a6e5-66d2c9538d94 => generated 245 bytes in 14 msecs (HTTP/1.1 200) 8 headers in 296 bytes (1 switches on core 0)
2026-03-18 11:14:27.038 7 INFO placement.requestlog [req-c42dd21e-9c79-4a88-98ad-d92a5492b18a req-e16e1a76-9ce4-4840-b4f6-94ffc0db2757 9a724ce33cce4a78adad2e0cc48bd34e 2037fad31b3c4851a310b9de9dd1ad65 - - c341987f76d84bfcba2e05879ecd73d4 c341987f76d84bfcba2e05879ecd73d4] 199.204.45.153 "DELETE /allocations/0d064dd9-8ae8-4484-a6e5-66d2c9538d94" status: 204 len: 0 microversion: 1.0 [pid: 7|app: 0|req: 657/1315] 199.204.45.153 () {34 vars in 839 bytes} [Wed Mar 18 11:14:27 2026] DELETE /allocations/0d064dd9-8ae8-4484-a6e5-66d2c9538d94 => generated 0 bytes in 31 msecs (HTTP/1.1 204) 5 headers in 198 bytes (1 switches on core 0)
2026-03-18 11:14:28.494 8 INFO placement.requestlog [None req-ca43051f-fbf8-41c8-8b74-c02ac68d683e a124b12525f84d4fa4b52bac95024e6d f298e9152d724241b34f57fa202c698e - - default default] 10.0.0.44 "GET /resource_providers" status: 200 len: 406 microversion: 1.0 [pid: 8|app: 0|req: 659/1316] 10.0.0.44 () {28 vars in 590 bytes} [Wed Mar 18 11:14:28 2026] GET /resource_providers => generated 406 bytes in 42 msecs (HTTP/1.1 200) 6 headers in 224 bytes (1 switches on core 0)
2026-03-18 11:14:28.523 7 INFO placement.requestlog [None req-83d897ca-8854-48e8-ae4e-2612abe24937 a124b12525f84d4fa4b52bac95024e6d f298e9152d724241b34f57fa202c698e - - default default] 10.0.0.44 "GET /resource_providers/cda436ff-e9aa-4cba-a68f-31ab68c47cbf/inventories" status: 200 len: 401 microversion: 1.0 [pid: 7|app: 0|req: 658/1317] 10.0.0.44 () {28 vars in 688 bytes} [Wed Mar 18 11:14:28 2026] GET /resource_providers/cda436ff-e9aa-4cba-a68f-31ab68c47cbf/inventories => generated 401 bytes in 21 msecs (HTTP/1.1 200) 6 headers in 224 bytes (1 switches on core 0)
2026-03-18 11:14:28.547 8 INFO placement.requestlog [None req-fd138a75-fcc1-4f19-8493-aaf5fda14b07 a124b12525f84d4fa4b52bac95024e6d f298e9152d724241b34f57fa202c698e - - default default] 10.0.0.44 "GET /resource_providers/cda436ff-e9aa-4cba-a68f-31ab68c47cbf/usages" status: 200 len: 92 microversion: 1.0 [pid: 8|app: 0|req: 660/1318] 10.0.0.44 () {28 vars in 678 bytes} [Wed Mar 18 11:14:28 2026] GET /resource_providers/cda436ff-e9aa-4cba-a68f-31ab68c47cbf/usages => generated 92 bytes in 18 msecs (HTTP/1.1 200) 6 headers in 223 bytes (1 switches on core 0)
2026-03-18 11:14:29.050 7 INFO placement.requestlog [req-eba28358-f2a4-483d-82a9-091e6f7be649 req-caf56e98-46d8-479b-83f7-bd6e3e5cca88 9a724ce33cce4a78adad2e0cc48bd34e 2037fad31b3c4851a310b9de9dd1ad65 - - c341987f76d84bfcba2e05879ecd73d4 c341987f76d84bfcba2e05879ecd73d4] 199.204.45.153 "GET /resource_providers/cda436ff-e9aa-4cba-a68f-31ab68c47cbf/allocations" status: 200 len: 253 microversion: 1.0 [pid: 7|app: 0|req: 659/1319] 199.204.45.153 () {32 vars in 855 bytes} [Wed Mar 18 11:14:29 2026] GET /resource_providers/cda436ff-e9aa-4cba-a68f-31ab68c47cbf/allocations => generated 253 bytes in 28 msecs (HTTP/1.1 200) 6 headers in 224 bytes (1 switches on core 0)
2026-03-18 11:14:29.066 8 INFO placement.requestlog [req-eba28358-f2a4-483d-82a9-091e6f7be649 req-33d73719-5dac-44c9-aead-b8405957d7ec 9a724ce33cce4a78adad2e0cc48bd34e 2037fad31b3c4851a310b9de9dd1ad65 - - c341987f76d84bfcba2e05879ecd73d4 c341987f76d84bfcba2e05879ecd73d4] 199.204.45.153 "GET /allocations/a2bc11e1-26e3-42e4-a5e3-76daf67e0a33" status: 200 len: 258 microversion: 1.28 [pid: 8|app: 0|req: 661/1320] 199.204.45.153 () {34 vars in 861 bytes} [Wed Mar 18 11:14:29 2026] GET /allocations/a2bc11e1-26e3-42e4-a5e3-76daf67e0a33 => generated 258 bytes in 11 msecs (HTTP/1.1 200) 8 headers in 296 bytes (1 switches on core 0)
2026-03-18 11:14:29.096 7 INFO placement.requestlog [req-eba28358-f2a4-483d-82a9-091e6f7be649 req-7479ce24-977b-41ef-8efa-eba2793771da 9a724ce33cce4a78adad2e0cc48bd34e 2037fad31b3c4851a310b9de9dd1ad65 - - c341987f76d84bfcba2e05879ecd73d4 c341987f76d84bfcba2e05879ecd73d4] 199.204.45.153 "GET /allocations/b2299ff5-4a01-421d-afe1-376876fab6c1" status: 200 len: 258 microversion: 1.28 [pid: 7|app: 0|req: 660/1321] 199.204.45.153 () {34 vars in 861 bytes} [Wed Mar 18 11:14:29 2026] GET /allocations/b2299ff5-4a01-421d-afe1-376876fab6c1 => generated 258 bytes in 26 msecs (HTTP/1.1 200) 8 headers in 296 bytes (1 switches on core 0)
2026-03-18 11:14:30.146 8 INFO placement.requestlog [req-eba28358-f2a4-483d-82a9-091e6f7be649 req-506b6fa8-b66b-421d-b063-7d8e70b7b8a4 9a724ce33cce4a78adad2e0cc48bd34e 2037fad31b3c4851a310b9de9dd1ad65 - - c341987f76d84bfcba2e05879ecd73d4 c341987f76d84bfcba2e05879ecd73d4] 199.204.45.153 "DELETE /allocations/b2299ff5-4a01-421d-afe1-376876fab6c1" status: 204 len: 0 microversion: 1.0 [pid: 8|app: 0|req: 662/1322] 199.204.45.153 () {34 vars in 839 bytes} [Wed Mar 18 11:14:30 2026] DELETE /allocations/b2299ff5-4a01-421d-afe1-376876fab6c1 => generated 0 bytes in 24 msecs (HTTP/1.1 204) 5 headers in 198 bytes (1 switches on core 0)
2026-03-18 11:14:32.552 7 INFO placement.requestlog [None req-539a97d6-973e-49de-9482-93ee75573497 - - - - - -] 10.0.0.87 "GET /" status: 200 len: 136 microversion: 1.0
2026-03-18 11:14:32.552 8 INFO placement.requestlog [None req-7323260e-93dd-4c30-be75-46a9e7fec0d6 - - - - - -] 10.0.0.87 "GET /" status: 200 len: 136 microversion: 1.0
2026-03-18 11:14:40.340 8 INFO placement.requestlog [req-d7947730-4137-4ba9-a4ef-d52cb001fb58 req-1842dd63-dba4-4afd-9859-b01c058593e6 9a724ce33cce4a78adad2e0cc48bd34e 2037fad31b3c4851a310b9de9dd1ad65 - - c341987f76d84bfcba2e05879ecd73d4 c341987f76d84bfcba2e05879ecd73d4] 199.204.45.153 "GET /resource_providers/cda436ff-e9aa-4cba-a68f-31ab68c47cbf/allocations" status: 200 len: 153 microversion: 1.0 [pid: 8|app: 0|req: 664/1325] 199.204.45.153 () {32 vars in 855 bytes} [Wed Mar 18 11:14:40 2026] GET /resource_providers/cda436ff-e9aa-4cba-a68f-31ab68c47cbf/allocations => generated 153 bytes in 19 msecs (HTTP/1.1 200) 6 headers in 224 bytes (1 switches on core 0)
2026-03-18 11:14:40.359 7 INFO placement.requestlog [req-d7947730-4137-4ba9-a4ef-d52cb001fb58 req-3e00a7c7-bacf-48ad-80f9-e1e158c03129 9a724ce33cce4a78adad2e0cc48bd34e 2037fad31b3c4851a310b9de9dd1ad65 - - c341987f76d84bfcba2e05879ecd73d4 c341987f76d84bfcba2e05879ecd73d4] 199.204.45.153 "GET /allocations/a2bc11e1-26e3-42e4-a5e3-76daf67e0a33" status: 200 len: 258 microversion: 1.28 [pid: 7|app: 0|req: 662/1326] 199.204.45.153 () {34 vars in 861 bytes} [Wed Mar 18 11:14:40 2026] GET /allocations/a2bc11e1-26e3-42e4-a5e3-76daf67e0a33 => generated 258 bytes in 14 msecs (HTTP/1.1 200) 8 headers in 296 bytes (1 switches on core 0)
2026-03-18 11:14:41.412 8 INFO placement.requestlog [req-d7947730-4137-4ba9-a4ef-d52cb001fb58 req-5295de18-42a0-4ea7-9361-7a1162713447 9a724ce33cce4a78adad2e0cc48bd34e 2037fad31b3c4851a310b9de9dd1ad65 - - c341987f76d84bfcba2e05879ecd73d4 c341987f76d84bfcba2e05879ecd73d4] 199.204.45.153 "DELETE /allocations/a2bc11e1-26e3-42e4-a5e3-76daf67e0a33" status: 204 len: 0 microversion: 1.0 [pid: 8|app: 0|req: 665/1327] 199.204.45.153 () {34 vars in 839 bytes} [Wed Mar 18 11:14:41 2026] DELETE /allocations/a2bc11e1-26e3-42e4-a5e3-76daf67e0a33 => generated 0 bytes in 28 msecs (HTTP/1.1 204) 5 headers in 198 bytes (1 switches on core 0)
2026-03-18 11:14:42.552 8 INFO placement.requestlog [None req-ca8c8aa3-cf41-4300-9e5d-3dd3958ccd03 - - - - - -] 10.0.0.87 "GET /" status: 200 len: 136 microversion: 1.0
2026-03-18 11:14:42.552 7 INFO placement.requestlog [None req-9e9b06b4-589e-404e-813b-6b69124ae70a - - - - - -] 10.0.0.87 "GET /" status: 200 len: 136 microversion: 1.0
2026-03-18 11:14:52.552 8 INFO placement.requestlog [None req-e189d05d-fd05-40e4-a731-71cf0d51b4e6 - - - - - -] 10.0.0.87 "GET /" status: 200 len: 136 microversion: 1.0
2026-03-18 11:14:52.552 7 INFO placement.requestlog [None req-2873824f-7292-4580-9f0b-9da2e4574ea3 - - - - - -] 10.0.0.87 "GET /" status: 200 len: 136 microversion: 1.0
2026-03-18 11:14:52.865 8 INFO placement.requestlog [None req-3abd6d51-1f15-44a7-af23-2b750a15133d e5515520c2b642b69451b885129f84f2 2037fad31b3c4851a310b9de9dd1ad65 - - c341987f76d84bfcba2e05879ecd73d4 c341987f76d84bfcba2e05879ecd73d4] 10.0.0.123 "GET /resource_providers/9863173d-6264-4bbc-bdb2-f42a00fe38fd/aggregates" status: 404 len: 235 microversion: 1.1 [pid: 8|app: 0|req: 668/1332] 10.0.0.123 () {32 vars in 814 bytes} [Wed Mar 18 11:14:52 2026] GET /resource_providers/9863173d-6264-4bbc-bdb2-f42a00fe38fd/aggregates => generated 235 bytes in 40 msecs (HTTP/1.1 404) 5 headers in 202 bytes (1 switches on core 0)
2026-03-18 11:14:52.872 7 INFO placement.requestlog [None req-841fd26b-6cec-48c1-b4a3-f67110345b86 e5515520c2b642b69451b885129f84f2 2037fad31b3c4851a310b9de9dd1ad65 - - c341987f76d84bfcba2e05879ecd73d4 c341987f76d84bfcba2e05879ecd73d4] 10.0.0.123 "GET /resource_providers/9863173d-6264-4bbc-bdb2-f42a00fe38fd/aggregates" status: 404 len: 235 microversion: 1.1 [pid: 7|app: 0|req: 665/1333] 10.0.0.123 () {32 vars in 814 bytes} [Wed Mar 18 11:14:52 2026] GET /resource_providers/9863173d-6264-4bbc-bdb2-f42a00fe38fd/aggregates => generated 235 bytes in 46 msecs (HTTP/1.1 404) 5 headers in 202 bytes (1 switches on core 0)
2026-03-18 11:14:52.890 7 INFO placement.requestlog [None req-35acf7f9-afac-4c60-8408-3aa63f7b3d04 e5515520c2b642b69451b885129f84f2 2037fad31b3c4851a310b9de9dd1ad65 - - c341987f76d84bfcba2e05879ecd73d4 c341987f76d84bfcba2e05879ecd73d4] 10.0.0.123 "DELETE /resource_providers/9863173d-6264-4bbc-bdb2-f42a00fe38fd" status: 404 len: 246 microversion: 1.1 [pid: 7|app: 0|req: 666/1334] 10.0.0.123 () {34 vars in 814 bytes} [Wed Mar 18 11:14:52 2026] DELETE /resource_providers/9863173d-6264-4bbc-bdb2-f42a00fe38fd => generated 246 bytes in 8 msecs (HTTP/1.1 404) 6 headers in 231 bytes (1 switches on core 0)
2026-03-18 11:14:52.893 8 INFO placement.requestlog [None req-95d12770-8ff1-449d-a2e8-48463bbcc556 e5515520c2b642b69451b885129f84f2 2037fad31b3c4851a310b9de9dd1ad65 - - c341987f76d84bfcba2e05879ecd73d4 c341987f76d84bfcba2e05879ecd73d4] 10.0.0.123 "DELETE /resource_providers/9863173d-6264-4bbc-bdb2-f42a00fe38fd" status: 404 len: 246 microversion: 1.1 [pid: 8|app: 0|req: 669/1335] 10.0.0.123 () {34 vars in 814 bytes} [Wed Mar 18 11:14:52 2026] DELETE /resource_providers/9863173d-6264-4bbc-bdb2-f42a00fe38fd => generated 246 bytes in 13 msecs (HTTP/1.1 404) 6 headers in 231 bytes (1 switches on core 0)
2026-03-18 11:14:54.908 7 INFO placement.requestlog [None req-94f6d7b7-df5a-45fa-bf04-c24c29d6ddfb e5515520c2b642b69451b885129f84f2 2037fad31b3c4851a310b9de9dd1ad65 - - c341987f76d84bfcba2e05879ecd73d4 c341987f76d84bfcba2e05879ecd73d4] 10.0.0.123 "GET /resource_providers/e038b5cd-275e-4ed5-b5ff-fa1ef93654e3/aggregates" status: 404 len: 235 microversion: 1.1 [pid: 7|app: 0|req: 667/1336] 10.0.0.123 () {32 vars in 814 bytes} [Wed Mar 18 11:14:54 2026] GET /resource_providers/e038b5cd-275e-4ed5-b5ff-fa1ef93654e3/aggregates => generated 235 bytes in 8 msecs (HTTP/1.1 404) 5 headers in 202 bytes (1 switches on core 0)
2026-03-18 11:14:54.909 8 INFO placement.requestlog [None req-2f800a06-9675-4f51-ac56-cc2ac0e0860b e5515520c2b642b69451b885129f84f2 2037fad31b3c4851a310b9de9dd1ad65 - - c341987f76d84bfcba2e05879ecd73d4 c341987f76d84bfcba2e05879ecd73d4] 10.0.0.123 "GET /resource_providers/e038b5cd-275e-4ed5-b5ff-fa1ef93654e3/aggregates" status: 404 len: 235 microversion: 1.1 [pid: 8|app: 0|req: 670/1337] 10.0.0.123 () {32 vars in 814 bytes} [Wed Mar 18 11:14:54 2026] GET /resource_providers/e038b5cd-275e-4ed5-b5ff-fa1ef93654e3/aggregates => generated 235 bytes in 7 msecs (HTTP/1.1 404) 5 headers in 202 bytes (1 switches on core 0)
2026-03-18 11:14:54.924 8 INFO placement.requestlog [None req-c4b615ce-0f2b-45d2-b37b-4f32642f05f4 e5515520c2b642b69451b885129f84f2 2037fad31b3c4851a310b9de9dd1ad65 - - c341987f76d84bfcba2e05879ecd73d4 c341987f76d84bfcba2e05879ecd73d4] 10.0.0.123 "DELETE /resource_providers/e038b5cd-275e-4ed5-b5ff-fa1ef93654e3" status: 404 len: 246 microversion: 1.1 [pid: 8|app: 0|req: 671/1338] 10.0.0.123 () {34 vars in 814 bytes} [Wed Mar 18 11:14:54 2026] DELETE /resource_providers/e038b5cd-275e-4ed5-b5ff-fa1ef93654e3 => generated 246 bytes in 6 msecs (HTTP/1.1 404) 6 headers in 231 bytes (1 switches on core 0)
2026-03-18 11:14:54.926 7 INFO placement.requestlog [None req-cf7a1cac-7d4a-49f9-a406-a8a2accc47b1 e5515520c2b642b69451b885129f84f2 2037fad31b3c4851a310b9de9dd1ad65 - - c341987f76d84bfcba2e05879ecd73d4 c341987f76d84bfcba2e05879ecd73d4] 10.0.0.123 "DELETE /resource_providers/e038b5cd-275e-4ed5-b5ff-fa1ef93654e3" status: 404 len: 246 microversion: 1.1 [pid: 7|app: 0|req: 668/1339] 10.0.0.123 () {34 vars in 814 bytes} [Wed Mar 18 11:14:54 2026] DELETE /resource_providers/e038b5cd-275e-4ed5-b5ff-fa1ef93654e3 => generated 246 bytes in 10 msecs (HTTP/1.1 404) 6 headers in 231 bytes (1 switches on core 0)
2026-03-18 11:14:54.941 8 INFO placement.requestlog [None req-76e0ddfe-61d3-4864-b984-1daa56591870 e5515520c2b642b69451b885129f84f2 2037fad31b3c4851a310b9de9dd1ad65 - - c341987f76d84bfcba2e05879ecd73d4 c341987f76d84bfcba2e05879ecd73d4] 10.0.0.123 "GET /resource_providers/f20f1f14-d995-4181-a854-5a7d236e620c/aggregates" status: 404 len: 235 microversion: 1.1 [pid: 8|app: 0|req: 672/1340] 10.0.0.123 () {32 vars in 814 bytes} [Wed Mar 18 11:14:54 2026] GET /resource_providers/f20f1f14-d995-4181-a854-5a7d236e620c/aggregates => generated 235 bytes in 7 msecs (HTTP/1.1 404) 5 headers in 202 bytes (1 switches on core 0)
2026-03-18 11:14:54.946 7 INFO placement.requestlog [None req-8cb6028e-6f43-49e8-b869-5db3069d7e8d e5515520c2b642b69451b885129f84f2 2037fad31b3c4851a310b9de9dd1ad65 - - c341987f76d84bfcba2e05879ecd73d4 c341987f76d84bfcba2e05879ecd73d4] 10.0.0.123 "GET /resource_providers/f20f1f14-d995-4181-a854-5a7d236e620c/aggregates" status: 404 len: 235 microversion: 1.1 [pid: 7|app: 0|req: 669/1341] 10.0.0.123 () {32 vars in 814 bytes} [Wed Mar 18 11:14:54 2026] GET /resource_providers/f20f1f14-d995-4181-a854-5a7d236e620c/aggregates => generated 235 bytes in 9 msecs (HTTP/1.1 404) 5 headers in 202 bytes (1 switches on core 0)
2026-03-18 11:14:54.959 8 INFO placement.requestlog [None req-b7e4152e-2dc2-43ad-8939-56c5cc1b2258 e5515520c2b642b69451b885129f84f2 2037fad31b3c4851a310b9de9dd1ad65 - - c341987f76d84bfcba2e05879ecd73d4 c341987f76d84bfcba2e05879ecd73d4] 10.0.0.123 "DELETE /resource_providers/f20f1f14-d995-4181-a854-5a7d236e620c" status: 404 len: 246 microversion: 1.1 [pid: 8|app: 0|req: 673/1342] 10.0.0.123 () {34 vars in 814 bytes} [Wed Mar 18 11:14:54 2026] DELETE /resource_providers/f20f1f14-d995-4181-a854-5a7d236e620c => generated 246 bytes in 7 msecs (HTTP/1.1 404) 6 headers in 231 bytes (1 switches on core 0)
2026-03-18 11:14:54.964 7 INFO placement.requestlog [None req-5faa6d9b-f389-44eb-acff-aa167efa1d9e e5515520c2b642b69451b885129f84f2 2037fad31b3c4851a310b9de9dd1ad65 - - c341987f76d84bfcba2e05879ecd73d4 c341987f76d84bfcba2e05879ecd73d4] 10.0.0.123 "DELETE /resource_providers/f20f1f14-d995-4181-a854-5a7d236e620c" status: 404 len: 246 microversion: 1.1 [pid: 7|app: 0|req: 670/1343] 10.0.0.123 () {34 vars in 814 bytes} [Wed Mar 18 11:14:54 2026] DELETE /resource_providers/f20f1f14-d995-4181-a854-5a7d236e620c => generated 246 bytes in 10 msecs (HTTP/1.1 404) 6 headers in 231 bytes (1 switches on core 0)
