2026-03-18 11:01:31.427 7 INFO neutron.api.v2.resource [None req-33d61cdc-2de7-4433-afb7-6831b449cea1 a124b12525f84d4fa4b52bac95024e6d f298e9152d724241b34f57fa202c698e - - default default] show failed (client error): The resource could not be found. [pid: 7|app: 0|req: 268/532] 199.204.45.153 () {44 vars in 1074 bytes} [Wed Mar 18 11:01:31 2026] GET /v2.0/security-groups/manila-service-security-group?project_id=2037fad31b3c4851a310b9de9dd1ad65 => generated 139 bytes in 40 msecs (HTTP/1.1 404) 4 headers in 164 bytes (1 switches on core 0) [pid: 8|app: 0|req: 265/533] 199.204.45.153 () {44 vars in 1097 bytes} [Wed Mar 18 11:01:31 2026] GET /v2.0/security-groups?name=manila-service-security-group&project_id=2037fad31b3c4851a310b9de9dd1ad65 => generated 4072 bytes in 34 msecs (HTTP/1.1 200) 4 headers in 158 bytes (1 switches on core 0) [pid: 7|app: 0|req: 269/534] 199.204.45.153 () {44 vars in 1088 bytes} [Wed Mar 18 11:01:32 2026] GET /v2.0/security-groups/fc7dada0-26a3-4fc4-8dae-b9ab8b0ce6fb?project_id=2037fad31b3c4851a310b9de9dd1ad65 => generated 4075 bytes in 65 msecs (HTTP/1.1 200) 4 headers in 158 bytes (1 switches on core 0) [pid: 8|app: 0|req: 266/535] 199.204.45.153 () {44 vars in 1001 bytes} [Wed Mar 18 11:01:32 2026] GET /v2.0/security-groups/fc7dada0-26a3-4fc4-8dae-b9ab8b0ce6fb => generated 4075 bytes in 33 msecs (HTTP/1.1 200) 4 headers in 158 bytes (1 switches on core 0) [pid: 7|app: 0|req: 270/536] 199.204.45.153 () {44 vars in 1011 bytes} [Wed Mar 18 11:01:32 2026] GET /v2.0/security-group-rules/86de7121-89bc-4c94-a56a-28b5cb544410 => generated 597 bytes in 23 msecs (HTTP/1.1 200) 4 headers in 157 bytes (1 switches on core 0) [pid: 8|app: 0|req: 267/537] 199.204.45.153 () {44 vars in 1088 bytes} [Wed Mar 18 11:01:33 2026] GET /v2.0/security-groups/fc7dada0-26a3-4fc4-8dae-b9ab8b0ce6fb?project_id=2037fad31b3c4851a310b9de9dd1ad65 => generated 4075 bytes in 57 msecs (HTTP/1.1 200) 4 headers in 158 bytes (1 switches on core 0) [pid: 7|app: 0|req: 271/538] 199.204.45.153 () {44 vars in 1001 bytes} [Wed Mar 18 11:01:33 2026] GET /v2.0/security-groups/fc7dada0-26a3-4fc4-8dae-b9ab8b0ce6fb => generated 4075 bytes in 31 msecs (HTTP/1.1 200) 4 headers in 158 bytes (1 switches on core 0) [pid: 8|app: 0|req: 268/539] 199.204.45.153 () {44 vars in 1011 bytes} [Wed Mar 18 11:01:33 2026] GET /v2.0/security-group-rules/6310b974-f37a-438d-95ae-789fd870f593 => generated 599 bytes in 14 msecs (HTTP/1.1 200) 4 headers in 157 bytes (1 switches on core 0) [pid: 7|app: 0|req: 272/540] 199.204.45.153 () {44 vars in 1088 bytes} [Wed Mar 18 11:01:34 2026] GET /v2.0/security-groups/fc7dada0-26a3-4fc4-8dae-b9ab8b0ce6fb?project_id=2037fad31b3c4851a310b9de9dd1ad65 => generated 4075 bytes in 61 msecs (HTTP/1.1 200) 4 headers in 158 bytes (1 switches on core 0) [pid: 8|app: 0|req: 269/541] 199.204.45.153 () {44 vars in 1001 bytes} [Wed Mar 18 11:01:34 2026] GET /v2.0/security-groups/fc7dada0-26a3-4fc4-8dae-b9ab8b0ce6fb => generated 4075 bytes in 33 msecs (HTTP/1.1 200) 4 headers in 158 bytes (1 switches on core 0) [pid: 7|app: 0|req: 273/542] 199.204.45.153 () {44 vars in 1011 bytes} [Wed Mar 18 11:01:34 2026] GET /v2.0/security-group-rules/4e23d0ad-6177-4adf-8652-522be52d6be8 => generated 601 bytes in 18 msecs (HTTP/1.1 200) 4 headers in 157 bytes (1 switches on core 0) [pid: 8|app: 0|req: 270/543] 199.204.45.153 () {44 vars in 1088 bytes} [Wed Mar 18 11:01:35 2026] GET /v2.0/security-groups/fc7dada0-26a3-4fc4-8dae-b9ab8b0ce6fb?project_id=2037fad31b3c4851a310b9de9dd1ad65 => generated 4075 bytes in 61 msecs (HTTP/1.1 200) 4 headers in 158 bytes (1 switches on core 0) [pid: 7|app: 0|req: 274/544] 199.204.45.153 () {44 vars in 1001 bytes} [Wed Mar 18 11:01:35 2026] GET /v2.0/security-groups/fc7dada0-26a3-4fc4-8dae-b9ab8b0ce6fb => generated 4075 bytes in 32 msecs (HTTP/1.1 200) 4 headers in 158 bytes (1 switches on core 0) [pid: 8|app: 0|req: 271/545] 199.204.45.153 () {44 vars in 1011 bytes} [Wed Mar 18 11:01:35 2026] GET /v2.0/security-group-rules/bf6f4e1c-695e-49c2-8c07-b702ec812834 => generated 602 bytes in 18 msecs (HTTP/1.1 200) 4 headers in 157 bytes (1 switches on core 0) [pid: 7|app: 0|req: 276/548] 199.204.45.153 () {44 vars in 975 bytes} [Wed Mar 18 11:01:42 2026] GET /v2.0/quotas/2037fad31b3c4851a310b9de9dd1ad65 => generated 291 bytes in 19 msecs (HTTP/1.1 200) 4 headers in 157 bytes (1 switches on core 0) [pid: 7|app: 0|req: 280/555] 199.204.45.153 () {44 vars in 949 bytes} [Wed Mar 18 11:02:24 2026] GET /v2.0/networks?name=public => generated 791 bytes in 72 msecs (HTTP/1.1 200) 4 headers in 157 bytes (1 switches on core 0) [pid: 8|app: 0|req: 276/556] 10.0.0.44 () {28 vars in 578 bytes} [Wed Mar 18 11:02:28 2026] GET /v2.0/ports => generated 5175 bytes in 82 msecs (HTTP/1.1 200) 4 headers in 158 bytes (1 switches on core 0) [pid: 7|app: 0|req: 281/557] 10.0.0.44 () {28 vars in 580 bytes} [Wed Mar 18 11:02:28 2026] GET /v2.0/agents => generated 1214 bytes in 94 msecs (HTTP/1.1 200) 4 headers in 158 bytes (1 switches on core 0) [pid: 8|app: 0|req: 277/558] 10.0.0.44 () {28 vars in 590 bytes} [Wed Mar 18 11:02:28 2026] GET /v2.0/floatingips => generated 19 bytes in 19 msecs (HTTP/1.1 200) 4 headers in 156 bytes (1 switches on core 0) [pid: 7|app: 0|req: 282/559] 10.0.0.44 () {28 vars in 584 bytes} [Wed Mar 18 11:02:28 2026] GET /v2.0/networks => generated 2288 bytes in 50 msecs (HTTP/1.1 200) 4 headers in 158 bytes (1 switches on core 0) [pid: 8|app: 0|req: 278/560] 10.0.0.44 () {28 vars in 598 bytes} [Wed Mar 18 11:02:28 2026] GET /v2.0/security-groups => generated 17401 bytes in 33 msecs (HTTP/1.1 200) 4 headers in 159 bytes (1 switches on core 0) [pid: 7|app: 0|req: 283/561] 10.0.0.44 () {28 vars in 582 bytes} [Wed Mar 18 11:02:28 2026] GET /v2.0/subnets => generated 1308 bytes in 30 msecs (HTTP/1.1 200) 4 headers in 158 bytes (1 switches on core 0) [pid: 8|app: 0|req: 279/562] 10.0.0.44 () {28 vars in 590 bytes} [Wed Mar 18 11:02:28 2026] GET /v2.0/subnetpools => generated 19 bytes in 18 msecs (HTTP/1.1 200) 4 headers in 156 bytes (1 switches on core 0) [pid: 7|app: 0|req: 284/563] 10.0.0.44 () {28 vars in 582 bytes} [Wed Mar 18 11:02:28 2026] GET /v2.0/routers => generated 15 bytes in 16 msecs (HTTP/1.1 200) 4 headers in 156 bytes (1 switches on core 0) [pid: 8|app: 0|req: 280/564] 10.0.0.44 () {28 vars in 623 bytes} [Wed Mar 18 11:02:28 2026] GET /v2.0/agents?binary=ovn-controller => generated 416 bytes in 11 msecs (HTTP/1.1 200) 4 headers in 157 bytes (1 switches on core 0) [pid: 7|app: 0|req: 285/565] 10.0.0.44 () {28 vars in 618 bytes} [Wed Mar 18 11:02:28 2026] GET /v2.0/network-ip-availabilities => generated 1104 bytes in 20 msecs (HTTP/1.1 200) 4 headers in 158 bytes (1 switches on core 0) [pid: 8|app: 0|req: 281/566] 10.0.0.44 () {28 vars in 582 bytes} [Wed Mar 18 11:02:28 2026] GET /v2.0/subnets => generated 1308 bytes in 25 msecs (HTTP/1.1 200) 4 headers in 158 bytes (1 switches on core 0) [pid: 7|app: 0|req: 288/571] 10.0.0.25 () {32 vars in 648 bytes} [Wed Mar 18 11:03:02 2026] GET /v2.0/networks => generated 2288 bytes in 123 msecs (HTTP/1.1 200) 4 headers in 158 bytes (1 switches on core 0) [pid: 8|app: 0|req: 284/572] 10.0.0.25 () {32 vars in 654 bytes} [Wed Mar 18 11:03:03 2026] GET /v2.0/floatingips => generated 19 bytes in 19 msecs (HTTP/1.1 200) 4 headers in 156 bytes (1 switches on core 0) [pid: 7|app: 0|req: 289/573] 10.0.0.25 () {32 vars in 646 bytes} [Wed Mar 18 11:03:04 2026] GET /v2.0/routers => generated 15 bytes in 21 msecs (HTTP/1.1 200) 4 headers in 156 bytes (1 switches on core 0) [pid: 8|app: 0|req: 285/574] 10.0.0.25 () {32 vars in 642 bytes} [Wed Mar 18 11:03:04 2026] GET /v2.0/ports => generated 5175 bytes in 49 msecs (HTTP/1.1 200) 4 headers in 158 bytes (1 switches on core 0) [pid: 7|app: 0|req: 290/575] 10.0.0.25 () {32 vars in 646 bytes} [Wed Mar 18 11:03:04 2026] GET /v2.0/subnets => generated 1308 bytes in 28 msecs (HTTP/1.1 200) 4 headers in 158 bytes (1 switches on core 0) [pid: 8|app: 0|req: 286/576] 10.0.0.25 () {32 vars in 648 bytes} [Wed Mar 18 11:03:04 2026] GET /v2.0/networks => generated 2288 bytes in 50 msecs (HTTP/1.1 200) 4 headers in 158 bytes (1 switches on core 0) [pid: 7|app: 0|req: 291/577] 10.0.0.25 () {32 vars in 662 bytes} [Wed Mar 18 11:03:04 2026] GET /v2.0/security-groups => generated 17401 bytes in 36 msecs (HTTP/1.1 200) 4 headers in 159 bytes (1 switches on core 0) [pid: 8|app: 0|req: 287/578] 10.0.0.25 () {32 vars in 654 bytes} [Wed Mar 18 11:03:04 2026] GET /v2.0/subnetpools => generated 19 bytes in 10 msecs (HTTP/1.1 200) 4 headers in 156 bytes (1 switches on core 0)
2026-03-18 11:03:14.865 8 INFO neutron.db.ovn_revision_numbers_db [None req-ac0841a5-8346-4f5a-9c03-0f782d1d5b31 a124b12525f84d4fa4b52bac95024e6d f298e9152d724241b34f57fa202c698e - - default default] Successfully bumped revision number for resource 30572b61-f717-40b9-b537-d4c942cbe749 (type: security_groups) to 1
2026-03-18 11:03:14.880 8 INFO neutron.db.ovn_revision_numbers_db [None req-ac0841a5-8346-4f5a-9c03-0f782d1d5b31 a124b12525f84d4fa4b52bac95024e6d f298e9152d724241b34f57fa202c698e - - default default] Successfully bumped revision number for resource 488e4356-c842-4214-9199-993bc9ffe818 (type: security_group_rules) to 0
2026-03-18 11:03:14.898 8 INFO neutron.db.ovn_revision_numbers_db [None req-ac0841a5-8346-4f5a-9c03-0f782d1d5b31 a124b12525f84d4fa4b52bac95024e6d f298e9152d724241b34f57fa202c698e - - default default] Successfully bumped revision number for resource 5030400a-4beb-4372-be44-4e7db6dc2b0c (type: security_group_rules) to 0
2026-03-18 11:03:14.910 7 INFO neutron.db.ovn_revision_numbers_db [None req-ce5e17a2-7729-4e1a-bc21-96d90d1690fb a124b12525f84d4fa4b52bac95024e6d f298e9152d724241b34f57fa202c698e - - default default] Successfully bumped revision number for resource a4bcdf73-5b91-4426-8647-16d0336a5f21 (type: security_groups) to 1
2026-03-18 11:03:14.915 8 INFO neutron.db.ovn_revision_numbers_db [None req-ac0841a5-8346-4f5a-9c03-0f782d1d5b31 a124b12525f84d4fa4b52bac95024e6d f298e9152d724241b34f57fa202c698e - - default default] Successfully bumped revision number for resource 8243b4b3-1989-4632-933f-e9e322717431 (type: security_group_rules) to 0
2026-03-18 11:03:14.923 7 INFO neutron.db.ovn_revision_numbers_db [None req-ce5e17a2-7729-4e1a-bc21-96d90d1690fb a124b12525f84d4fa4b52bac95024e6d f298e9152d724241b34f57fa202c698e - - default default] Successfully bumped revision number for resource 1cc04c8a-9db1-471d-90f1-ab156e929ff5 (type: security_group_rules) to 0
2026-03-18 11:03:14.933 8 INFO neutron.db.ovn_revision_numbers_db [None req-ac0841a5-8346-4f5a-9c03-0f782d1d5b31 a124b12525f84d4fa4b52bac95024e6d f298e9152d724241b34f57fa202c698e - - default default] Successfully bumped revision number for resource 8ca6e0f6-96a2-480d-b586-c665783b432e (type: security_group_rules) to 0
2026-03-18 11:03:14.941 7 INFO neutron.db.ovn_revision_numbers_db [None req-ce5e17a2-7729-4e1a-bc21-96d90d1690fb a124b12525f84d4fa4b52bac95024e6d f298e9152d724241b34f57fa202c698e - - default default] Successfully bumped revision number for resource 29d28b0e-564b-4e4a-896d-7b56ca08ad99 (type: security_group_rules) to 0
2026-03-18 11:03:14.957 7 INFO neutron.db.ovn_revision_numbers_db [None req-ce5e17a2-7729-4e1a-bc21-96d90d1690fb a124b12525f84d4fa4b52bac95024e6d f298e9152d724241b34f57fa202c698e - - default default] Successfully bumped revision number for resource 4a898300-aa63-4e5e-8ca5-dc4bca5a8a61 (type: security_group_rules) to 0
2026-03-18 11:03:14.977 7 INFO neutron.db.ovn_revision_numbers_db [None req-ce5e17a2-7729-4e1a-bc21-96d90d1690fb a124b12525f84d4fa4b52bac95024e6d f298e9152d724241b34f57fa202c698e - - default default] Successfully bumped revision number for resource bf21ac39-957c-48a7-b5fd-ba18258b3f92 (type: security_group_rules) to 0
2026-03-18 11:03:15.079 8 INFO neutron.db.segments_db [None req-ac0841a5-8346-4f5a-9c03-0f782d1d5b31 a124b12525f84d4fa4b52bac95024e6d f298e9152d724241b34f57fa202c698e - - default default] Added segment 454edb72-45ef-4b0e-b58c-bbe03ea4c24b of type geneve for network 2fa21a9b-bb0d-4b19-bd85-3b04611ea9cb
2026-03-18 11:03:15.114 7 INFO neutron.db.segments_db [None req-ce5e17a2-7729-4e1a-bc21-96d90d1690fb a124b12525f84d4fa4b52bac95024e6d f298e9152d724241b34f57fa202c698e - - default default] Added segment ca13aed0-96bb-4007-b11b-1949fc1a5dfa of type geneve for network 94d2e082-ccaa-49fe-8068-e3ece57aeee1
2026-03-18 11:03:15.219 8 INFO neutron.db.ovn_revision_numbers_db [None req-ac0841a5-8346-4f5a-9c03-0f782d1d5b31 a124b12525f84d4fa4b52bac95024e6d f298e9152d724241b34f57fa202c698e - - default default] Successfully bumped revision number for resource 2fa21a9b-bb0d-4b19-bd85-3b04611ea9cb (type: networks) to 1
2026-03-18 11:03:15.268 7 INFO neutron.db.ovn_revision_numbers_db [None req-ce5e17a2-7729-4e1a-bc21-96d90d1690fb a124b12525f84d4fa4b52bac95024e6d f298e9152d724241b34f57fa202c698e - - default default] Successfully bumped revision number for resource 94d2e082-ccaa-49fe-8068-e3ece57aeee1 (type: networks) to 1
2026-03-18 11:03:15.371 8 WARNING neutron.scheduler.dhcp_agent_scheduler [None req-ac0841a5-8346-4f5a-9c03-0f782d1d5b31 a124b12525f84d4fa4b52bac95024e6d f298e9152d724241b34f57fa202c698e - - default default] No more DHCP agents
2026-03-18 11:03:15.372 8 WARNING neutron.api.rpc.agentnotifiers.dhcp_rpc_agent_api [None req-ac0841a5-8346-4f5a-9c03-0f782d1d5b31 a124b12525f84d4fa4b52bac95024e6d f298e9152d724241b34f57fa202c698e - - default default] Unable to schedule network 2fa21a9b-bb0d-4b19-bd85-3b04611ea9cb: no agents available; will retry on subsequent port and subnet creation events.
2026-03-18 11:03:15.432 8 INFO neutron.plugins.ml2.drivers.ovn.mech_driver.mech_driver [None req-f95b7e63-b8ed-4c2a-86c2-b570f862d30a - - - - - -] OVN reports status down for port: 8b4f12f3-869d-40fc-b819-531dd51906ca
2026-03-18 11:03:15.458 7 WARNING neutron.scheduler.dhcp_agent_scheduler [None req-ce5e17a2-7729-4e1a-bc21-96d90d1690fb a124b12525f84d4fa4b52bac95024e6d f298e9152d724241b34f57fa202c698e - - default default] No more DHCP agents
2026-03-18 11:03:15.460 7 WARNING neutron.api.rpc.agentnotifiers.dhcp_rpc_agent_api [None req-ce5e17a2-7729-4e1a-bc21-96d90d1690fb a124b12525f84d4fa4b52bac95024e6d f298e9152d724241b34f57fa202c698e - - default default] Unable to schedule network 94d2e082-ccaa-49fe-8068-e3ece57aeee1: no agents available; will retry on subsequent port and subnet creation events.
2026-03-18 11:03:15.486 8 INFO neutron.db.ovn_revision_numbers_db [None req-ac0841a5-8346-4f5a-9c03-0f782d1d5b31 a124b12525f84d4fa4b52bac95024e6d f298e9152d724241b34f57fa202c698e - - default default] Successfully bumped revision number for resource 8b4f12f3-869d-40fc-b819-531dd51906ca (type: ports) to 1
2026-03-18 11:03:15.574 7 INFO neutron.db.ovn_revision_numbers_db [None req-ce5e17a2-7729-4e1a-bc21-96d90d1690fb a124b12525f84d4fa4b52bac95024e6d f298e9152d724241b34f57fa202c698e - - default default] Successfully bumped revision number for resource 0790b30b-ac0a-47f5-91be-a0910bb17944 (type: ports) to 1 [pid: 8|app: 0|req: 289/581] 10.0.0.25 () {34 vars in 670 bytes} [Wed Mar 18 11:03:14 2026] POST /v2.0/networks => generated 792 bytes in 973 msecs (HTTP/1.1 201) 4 headers in 162 bytes (1 switches on core 0) [pid: 7|app: 0|req: 293/582] 10.0.0.25 () {34 vars in 670 bytes} [Wed Mar 18 11:03:14 2026] POST /v2.0/networks => generated 788 bytes in 973 msecs (HTTP/1.1 201) 4 headers in 162 bytes (1 switches on core 0)
2026-03-18 11:03:15.604 8 INFO neutron.plugins.ml2.drivers.ovn.mech_driver.mech_driver [None req-f95b7e63-b8ed-4c2a-86c2-b570f862d30a - - - - - -] OVN reports status down for port: 0790b30b-ac0a-47f5-91be-a0910bb17944
2026-03-18 11:03:15.819 7 INFO neutron.db.ovn_revision_numbers_db [None req-a988f08e-5a08-418c-94a2-3e0fa8388036 a124b12525f84d4fa4b52bac95024e6d f298e9152d724241b34f57fa202c698e - - default default] Successfully bumped revision number for resource 8acbfcda-ae59-4bfe-bfef-cee8e240d477 (type: security_groups) to 1
2026-03-18 11:03:15.835 7 INFO neutron.db.ovn_revision_numbers_db [None req-a988f08e-5a08-418c-94a2-3e0fa8388036 a124b12525f84d4fa4b52bac95024e6d f298e9152d724241b34f57fa202c698e - - default default] Successfully bumped revision number for resource 102ae4d0-d63d-4eae-9304-6c3be5f06bc8 (type: security_group_rules) to 0
2026-03-18 11:03:15.853 7 INFO neutron.db.ovn_revision_numbers_db [None req-a988f08e-5a08-418c-94a2-3e0fa8388036 a124b12525f84d4fa4b52bac95024e6d f298e9152d724241b34f57fa202c698e - - default default] Successfully bumped revision number for resource 329802c3-5cd6-42dc-b65d-09332da9f272 (type: security_group_rules) to 0
2026-03-18 11:03:15.867 7 INFO neutron.db.ovn_revision_numbers_db [None req-a988f08e-5a08-418c-94a2-3e0fa8388036 a124b12525f84d4fa4b52bac95024e6d f298e9152d724241b34f57fa202c698e - - default default] Successfully bumped revision number for resource 64dc045a-4e64-4013-b96f-fea717a6ea6a (type: security_group_rules) to 0
2026-03-18 11:03:15.873 8 INFO neutron.db.ovn_revision_numbers_db [None req-6fb42c03-463f-442a-8a8a-0577be606976 a124b12525f84d4fa4b52bac95024e6d f298e9152d724241b34f57fa202c698e - - default default] Successfully bumped revision number for resource 5cfa98aa-9db2-4986-9c28-485b874f93a1 (type: security_groups) to 1
2026-03-18 11:03:15.883 7 INFO neutron.db.ovn_revision_numbers_db [None req-a988f08e-5a08-418c-94a2-3e0fa8388036 a124b12525f84d4fa4b52bac95024e6d f298e9152d724241b34f57fa202c698e - - default default] Successfully bumped revision number for resource f4da9988-05a0-4b49-b8e2-6b986ae86f59 (type: security_group_rules) to 0
2026-03-18 11:03:15.884 8 INFO neutron.db.ovn_revision_numbers_db [None req-6fb42c03-463f-442a-8a8a-0577be606976 a124b12525f84d4fa4b52bac95024e6d f298e9152d724241b34f57fa202c698e - - default default] Successfully bumped revision number for resource 0869dc34-e4ed-4b61-b6b9-6b66b5788592 (type: security_group_rules) to 0
2026-03-18 11:03:15.896 8 INFO neutron.db.ovn_revision_numbers_db [None req-6fb42c03-463f-442a-8a8a-0577be606976 a124b12525f84d4fa4b52bac95024e6d f298e9152d724241b34f57fa202c698e - - default default] Successfully bumped revision number for resource 14e979ec-8df0-46df-aa62-c07bac110c00 (type: security_group_rules) to 0
2026-03-18 11:03:15.911 8 INFO neutron.db.ovn_revision_numbers_db [None req-6fb42c03-463f-442a-8a8a-0577be606976 a124b12525f84d4fa4b52bac95024e6d f298e9152d724241b34f57fa202c698e - - default default] Successfully bumped revision number for resource 43a1ddfa-5578-4abc-ac74-f4870d2daee4 (type: security_group_rules) to 0
2026-03-18 11:03:15.924 8 INFO neutron.db.ovn_revision_numbers_db [None req-6fb42c03-463f-442a-8a8a-0577be606976 a124b12525f84d4fa4b52bac95024e6d f298e9152d724241b34f57fa202c698e - - default default] Successfully bumped revision number for resource de9f4f5e-dfbc-4765-b9f7-b1f7f5058807 (type: security_group_rules) to 0 [pid: 7|app: 0|req: 294/583] 10.0.0.25 () {32 vars in 773 bytes} [Wed Mar 18 11:03:15 2026] GET /v2.0/security-groups?tenant_id=c2e885a3448448a58407b956058e82dd&name=default => generated 2921 bytes in 336 msecs (HTTP/1.1 200) 4 headers in 158 bytes (1 switches on core 0)
2026-03-18 11:03:15.991 8 INFO neutron.db.segments_db [None req-6fb42c03-463f-442a-8a8a-0577be606976 a124b12525f84d4fa4b52bac95024e6d f298e9152d724241b34f57fa202c698e - - default default] Added segment ffc44b37-6471-4e40-8e3c-079b53ff7891 of type geneve for network a1b7a38c-4b14-4a63-8299-40b2c5158366
2026-03-18 11:03:16.049 7 WARNING neutron.scheduler.dhcp_agent_scheduler [None req-fe0a9f94-c3dc-4bb1-97c3-d803cd1c6a84 a124b12525f84d4fa4b52bac95024e6d f298e9152d724241b34f57fa202c698e - - default default] No more DHCP agents
2026-03-18 11:03:16.050 7 WARNING neutron.api.rpc.agentnotifiers.dhcp_rpc_agent_api [None req-fe0a9f94-c3dc-4bb1-97c3-d803cd1c6a84 a124b12525f84d4fa4b52bac95024e6d f298e9152d724241b34f57fa202c698e - - default default] Unable to schedule network 2fa21a9b-bb0d-4b19-bd85-3b04611ea9cb: no agents available; will retry on subsequent port and subnet creation events.
2026-03-18 11:03:16.107 8 INFO neutron.db.ovn_revision_numbers_db [None req-6fb42c03-463f-442a-8a8a-0577be606976 a124b12525f84d4fa4b52bac95024e6d f298e9152d724241b34f57fa202c698e - - default default] Successfully bumped revision number for resource a1b7a38c-4b14-4a63-8299-40b2c5158366 (type: networks) to 1
2026-03-18 11:03:16.301 8 WARNING neutron.scheduler.dhcp_agent_scheduler [None req-6fb42c03-463f-442a-8a8a-0577be606976 a124b12525f84d4fa4b52bac95024e6d f298e9152d724241b34f57fa202c698e - - default default] No more DHCP agents
2026-03-18 11:03:16.302 8 WARNING neutron.api.rpc.agentnotifiers.dhcp_rpc_agent_api [None req-6fb42c03-463f-442a-8a8a-0577be606976 a124b12525f84d4fa4b52bac95024e6d f298e9152d724241b34f57fa202c698e - - default default] Unable to schedule network a1b7a38c-4b14-4a63-8299-40b2c5158366: no agents available; will retry on subsequent port and subnet creation events.
2026-03-18 11:03:16.380 8 INFO neutron.plugins.ml2.drivers.ovn.mech_driver.mech_driver [None req-f95b7e63-b8ed-4c2a-86c2-b570f862d30a - - - - - -] OVN reports status down for port: 1480ce46-d6d6-4745-87a4-43b57c72c6d3
2026-03-18 11:03:16.439 8 INFO neutron.db.ovn_revision_numbers_db [None req-6fb42c03-463f-442a-8a8a-0577be606976 a124b12525f84d4fa4b52bac95024e6d f298e9152d724241b34f57fa202c698e - - default default] Successfully bumped revision number for resource 1480ce46-d6d6-4745-87a4-43b57c72c6d3 (type: ports) to 1 [pid: 8|app: 0|req: 290/584] 10.0.0.25 () {34 vars in 670 bytes} [Wed Mar 18 11:03:15 2026] POST /v2.0/networks => generated 785 bytes in 896 msecs (HTTP/1.1 201) 4 headers in 162 bytes (1 switches on core 0)
2026-03-18 11:03:16.608 7 INFO neutron.db.ovn_revision_numbers_db [None req-fd41271b-7258-4a7b-b1db-5c27cbb8dc36 - - - - - -] Successfully bumped revision number for resource 8b4f12f3-869d-40fc-b819-531dd51906ca (type: ports) to 2
2026-03-18 11:03:16.645 8 WARNING neutron.scheduler.dhcp_agent_scheduler [None req-0e2a575d-31fd-47cf-9cb9-cb6098b7bbba a124b12525f84d4fa4b52bac95024e6d f298e9152d724241b34f57fa202c698e - - default default] No more DHCP agents
2026-03-18 11:03:16.646 8 WARNING neutron.api.rpc.agentnotifiers.dhcp_rpc_agent_api [None req-0e2a575d-31fd-47cf-9cb9-cb6098b7bbba a124b12525f84d4fa4b52bac95024e6d f298e9152d724241b34f57fa202c698e - - default default] Unable to schedule network 94d2e082-ccaa-49fe-8068-e3ece57aeee1: no agents available; will retry on subsequent port and subnet creation events.
2026-03-18 11:03:16.648 7 INFO neutron.db.ovn_revision_numbers_db [None req-fd41271b-7258-4a7b-b1db-5c27cbb8dc36 - - - - - -] Successfully bumped revision number for resource c493aa3f-b290-43fa-a2aa-16630bdeb9ef (type: subnets) to 0 [pid: 7|app: 0|req: 295/585] 10.0.0.25 () {34 vars in 668 bytes} [Wed Mar 18 11:03:15 2026] POST /v2.0/subnets => generated 698 bytes in 734 msecs (HTTP/1.1 201) 4 headers in 162 bytes (1 switches on core 0) [pid: 7|app: 0|req: 296/586] 10.0.0.25 () {32 vars in 739 bytes} [Wed Mar 18 11:03:16 2026] DELETE /v2.0/security-groups/8acbfcda-ae59-4bfe-bfef-cee8e240d477 => generated 0 bytes in 292 msecs (HTTP/1.1 204) 2 headers in 112 bytes (1 switches on core 0)
2026-03-18 11:03:17.168 8 INFO neutron.db.ovn_revision_numbers_db [None req-948a86ed-dfda-45b6-983a-5908b9ce82f2 - - - - - -] Successfully bumped revision number for resource 0790b30b-ac0a-47f5-91be-a0910bb17944 (type: ports) to 2
2026-03-18 11:03:17.194 7 WARNING neutron.scheduler.dhcp_agent_scheduler [None req-6edb15cb-ec5f-4313-8330-f3b37a602a2f a124b12525f84d4fa4b52bac95024e6d f298e9152d724241b34f57fa202c698e - - default default] No more DHCP agents
2026-03-18 11:03:17.195 7 WARNING neutron.api.rpc.agentnotifiers.dhcp_rpc_agent_api [None req-6edb15cb-ec5f-4313-8330-f3b37a602a2f a124b12525f84d4fa4b52bac95024e6d f298e9152d724241b34f57fa202c698e - - default default] Unable to schedule network a1b7a38c-4b14-4a63-8299-40b2c5158366: no agents available; will retry on subsequent port and subnet creation events.
2026-03-18 11:03:17.201 8 INFO neutron.db.ovn_revision_numbers_db [None req-948a86ed-dfda-45b6-983a-5908b9ce82f2 - - - - - -] Successfully bumped revision number for resource dbca5334-b79f-4bdc-842d-916c8d59de18 (type: subnets) to 0 [pid: 8|app: 0|req: 291/587] 10.0.0.25 () {34 vars in 668 bytes} [Wed Mar 18 11:03:16 2026] POST /v2.0/subnets => generated 694 bytes in 741 msecs (HTTP/1.1 201) 4 headers in 162 bytes (1 switches on core 0)
2026-03-18 11:03:17.595 7 INFO neutron.db.ovn_revision_numbers_db [None req-e5ca6c35-cd72-4aaf-8726-9c7ea5bc8c38 - - - - - -] Successfully bumped revision number for resource 1480ce46-d6d6-4745-87a4-43b57c72c6d3 (type: ports) to 2
2026-03-18 11:03:17.634 7 INFO neutron.db.ovn_revision_numbers_db [None req-e5ca6c35-cd72-4aaf-8726-9c7ea5bc8c38 - - - - - -] Successfully bumped revision number for resource 6335d220-f39a-452b-bca7-63056c5b68cf (type: subnets) to 0 [pid: 7|app: 0|req: 297/588] 10.0.0.25 () {34 vars in 668 bytes} [Wed Mar 18 11:03:16 2026] POST /v2.0/subnets => generated 691 bytes in 710 msecs (HTTP/1.1 201) 4 headers in 162 bytes (1 switches on core 0)
2026-03-18 11:03:17.789 8 WARNING neutron.scheduler.dhcp_agent_scheduler [None req-1b5b6957-3297-4724-bf1a-9aef891a3665 a124b12525f84d4fa4b52bac95024e6d f298e9152d724241b34f57fa202c698e - - default default] No more DHCP agents
2026-03-18 11:03:17.790 8 WARNING neutron.api.rpc.agentnotifiers.dhcp_rpc_agent_api [None req-1b5b6957-3297-4724-bf1a-9aef891a3665 a124b12525f84d4fa4b52bac95024e6d f298e9152d724241b34f57fa202c698e - - default default] Unable to schedule network 5efbf1d6-954f-42e1-8123-8a971c3bf319: no agents available; will retry on subsequent port and subnet creation events.
2026-03-18 11:03:17.909 8 INFO neutron.plugins.ml2.drivers.ovn.mech_driver.mech_driver [None req-f95b7e63-b8ed-4c2a-86c2-b570f862d30a - - - - - -] OVN reports status down for port: d2fc6efc-b48b-41e9-97c4-15f0ddf72199
2026-03-18 11:03:17.965 8 INFO neutron.db.ovn_revision_numbers_db [None req-1b5b6957-3297-4724-bf1a-9aef891a3665 a124b12525f84d4fa4b52bac95024e6d f298e9152d724241b34f57fa202c698e - - default default] Successfully bumped revision number for resource d2fc6efc-b48b-41e9-97c4-15f0ddf72199 (type: ports) to 1
2026-03-18 11:03:18.199 7 WARNING neutron.scheduler.dhcp_agent_scheduler [None req-ed9e5bc7-56cc-48f3-a9e8-593034c70ccb a124b12525f84d4fa4b52bac95024e6d f298e9152d724241b34f57fa202c698e - - default default] No more DHCP agents
2026-03-18 11:03:18.200 7 WARNING neutron.api.rpc.agentnotifiers.dhcp_rpc_agent_api [None req-ed9e5bc7-56cc-48f3-a9e8-593034c70ccb a124b12525f84d4fa4b52bac95024e6d f298e9152d724241b34f57fa202c698e - - default default] Unable to schedule network 5efbf1d6-954f-42e1-8123-8a971c3bf319: no agents available; will retry on subsequent port and subnet creation events.
2026-03-18 11:03:18.316 8 INFO neutron.plugins.ml2.drivers.ovn.mech_driver.ovsdb.extensions.qos [None req-1b5b6957-3297-4724-bf1a-9aef891a3665 a124b12525f84d4fa4b52bac95024e6d f298e9152d724241b34f57fa202c698e - - default default] Starting OVNClientQosExtension
2026-03-18 11:03:18.408 8 WARNING oslo_config.cfg [None req-1b5b6957-3297-4724-bf1a-9aef891a3665 a124b12525f84d4fa4b52bac95024e6d f298e9152d724241b34f57fa202c698e - - default default] Deprecated: Option "ovn_emit_need_to_frag" from group "ovn" is deprecated for removal (The option is useful only on very old Linux kernels (version < 5.2).). Its value may be silently ignored in the future.
2026-03-18 11:03:18.575 8 INFO neutron.plugins.ml2.drivers.ovn.mech_driver.mech_driver [None req-f95b7e63-b8ed-4c2a-86c2-b570f862d30a - - - - - -] OVN reports status down for port: f4ec2003-1ef8-48cd-8bdd-6d4f749a3264
2026-03-18 11:03:18.577 7 INFO neutron.db.ovn_revision_numbers_db [None req-ed9e5bc7-56cc-48f3-a9e8-593034c70ccb a124b12525f84d4fa4b52bac95024e6d f298e9152d724241b34f57fa202c698e - - default default] Successfully bumped revision number for resource f4ec2003-1ef8-48cd-8bdd-6d4f749a3264 (type: ports) to 1
2026-03-18 11:03:18.762 8 INFO neutron.plugins.ml2.drivers.ovn.mech_driver.ovsdb.commands [-] Schedule LRP lrp-d2fc6efc-b48b-41e9-97c4-15f0ddf72199 on gateway 06a5a336-019a-49a0-a95c-0d7bd0abdeb4 with priority 1
2026-03-18 11:03:18.867 8 INFO neutron.plugins.ml2.drivers.ovn.mech_driver.ovsdb.ovsdb_monitor [-] Router e470a2ed-98f1-4027-973f-03c0b0765c4a is bound to host instance
2026-03-18 11:03:18.904 8 INFO neutron.plugins.ml2.drivers.ovn.mech_driver.mech_driver [None req-f95b7e63-b8ed-4c2a-86c2-b570f862d30a - - - - - -] OVN reports status up for port: d2fc6efc-b48b-41e9-97c4-15f0ddf72199
2026-03-18 11:03:18.962 7 INFO neutron.plugins.ml2.drivers.ovn.mech_driver.ovsdb.extensions.qos [None req-ed9e5bc7-56cc-48f3-a9e8-593034c70ccb a124b12525f84d4fa4b52bac95024e6d f298e9152d724241b34f57fa202c698e - - default default] Starting OVNClientQosExtension
2026-03-18 11:03:18.964 8 INFO neutron.plugins.ml2.plugin [None req-f95b7e63-b8ed-4c2a-86c2-b570f862d30a - - - - - -] Attempt 1 to provision port d2fc6efc-b48b-41e9-97c4-15f0ddf72199
2026-03-18 11:03:18.991 8 INFO neutron.db.ovn_revision_numbers_db [None req-1b5b6957-3297-4724-bf1a-9aef891a3665 a124b12525f84d4fa4b52bac95024e6d f298e9152d724241b34f57fa202c698e - - default default] Successfully bumped revision number for resource d2fc6efc-b48b-41e9-97c4-15f0ddf72199 (type: router_ports) to 1
2026-03-18 11:03:19.036 7 WARNING oslo_config.cfg [None req-ed9e5bc7-56cc-48f3-a9e8-593034c70ccb a124b12525f84d4fa4b52bac95024e6d f298e9152d724241b34f57fa202c698e - - default default] Deprecated: Option "ovn_emit_need_to_frag" from group "ovn" is deprecated for removal (The option is useful only on very old Linux kernels (version < 5.2).). Its value may be silently ignored in the future.
2026-03-18 11:03:19.157 8 INFO neutron.db.ovn_revision_numbers_db [None req-1b5b6957-3297-4724-bf1a-9aef891a3665 a124b12525f84d4fa4b52bac95024e6d f298e9152d724241b34f57fa202c698e - - default default] Successfully bumped revision number for resource e470a2ed-98f1-4027-973f-03c0b0765c4a (type: routers) to 2 [pid: 8|app: 0|req: 292/589] 10.0.0.25 () {34 vars in 668 bytes} [Wed Mar 18 11:03:17 2026] POST /v2.0/routers => generated 976 bytes in 1984 msecs (HTTP/1.1 201) 4 headers in 162 bytes (1 switches on core 0)
2026-03-18 11:03:19.242 7 INFO neutron.plugins.ml2.drivers.ovn.mech_driver.ovsdb.commands [-] Schedule LRP lrp-f4ec2003-1ef8-48cd-8bdd-6d4f749a3264 on gateway 06a5a336-019a-49a0-a95c-0d7bd0abdeb4 with priority 1
2026-03-18 11:03:19.383 7 INFO neutron.db.ovn_revision_numbers_db [None req-ed9e5bc7-56cc-48f3-a9e8-593034c70ccb a124b12525f84d4fa4b52bac95024e6d f298e9152d724241b34f57fa202c698e - - default default] Successfully bumped revision number for resource f4ec2003-1ef8-48cd-8bdd-6d4f749a3264 (type: router_ports) to 1
2026-03-18 11:03:19.441 7 INFO neutron.db.ovn_revision_numbers_db [None req-ed9e5bc7-56cc-48f3-a9e8-593034c70ccb a124b12525f84d4fa4b52bac95024e6d f298e9152d724241b34f57fa202c698e - - default default] Successfully bumped revision number for resource 56de8a11-88ec-45d5-9664-e25d223bd158 (type: routers) to 2 [pid: 7|app: 0|req: 298/590] 10.0.0.25 () {34 vars in 668 bytes} [Wed Mar 18 11:03:17 2026] POST /v2.0/routers => generated 972 bytes in 1796 msecs (HTTP/1.1 201) 4 headers in 162 bytes (1 switches on core 0)
2026-03-18 11:03:19.750 7 INFO neutron.db.ovn_revision_numbers_db [None req-0f5b92b7-a7ce-4c92-a4df-14b8f1e99cbf a124b12525f84d4fa4b52bac95024e6d f298e9152d724241b34f57fa202c698e - - default default] Successfully bumped revision number for resource f2848fa1-eae8-471b-a69d-ad2ff9dd1eb1 (type: security_groups) to 1
2026-03-18 11:03:19.761 7 INFO neutron.db.ovn_revision_numbers_db [None req-0f5b92b7-a7ce-4c92-a4df-14b8f1e99cbf a124b12525f84d4fa4b52bac95024e6d f298e9152d724241b34f57fa202c698e - - default default] Successfully bumped revision number for resource 220bfd58-32d8-4456-88c8-1b32251798fe (type: security_group_rules) to 0
2026-03-18 11:03:19.787 7 INFO neutron.db.ovn_revision_numbers_db [None req-0f5b92b7-a7ce-4c92-a4df-14b8f1e99cbf a124b12525f84d4fa4b52bac95024e6d f298e9152d724241b34f57fa202c698e - - default default] Successfully bumped revision number for resource 5bacfe65-4628-40a8-aca2-ecf51f623efa (type: security_group_rules) to 0
2026-03-18 11:03:19.801 7 INFO neutron.db.ovn_revision_numbers_db [None req-0f5b92b7-a7ce-4c92-a4df-14b8f1e99cbf a124b12525f84d4fa4b52bac95024e6d f298e9152d724241b34f57fa202c698e - - default default] Successfully bumped revision number for resource 95d23db7-d5d1-4851-aae9-afa29a6d7e8d (type: security_group_rules) to 0
2026-03-18 11:03:19.817 7 INFO neutron.db.ovn_revision_numbers_db [None req-0f5b92b7-a7ce-4c92-a4df-14b8f1e99cbf a124b12525f84d4fa4b52bac95024e6d f298e9152d724241b34f57fa202c698e - - default default] Successfully bumped revision number for resource c40bd0f9-e613-4eb1-9e0d-c8b6d69bcce5 (type: security_group_rules) to 0
2026-03-18 11:03:19.892 7 INFO neutron.db.segments_db [None req-0f5b92b7-a7ce-4c92-a4df-14b8f1e99cbf a124b12525f84d4fa4b52bac95024e6d f298e9152d724241b34f57fa202c698e - - default default] Added segment 1f0f91ac-f781-42e6-bdc5-38300288763d of type geneve for network 15da3854-a347-4a15-a8f2-e115d579035a
2026-03-18 11:03:20.007 7 INFO neutron.db.ovn_revision_numbers_db [None req-0f5b92b7-a7ce-4c92-a4df-14b8f1e99cbf a124b12525f84d4fa4b52bac95024e6d f298e9152d724241b34f57fa202c698e - - default default] Successfully bumped revision number for resource 15da3854-a347-4a15-a8f2-e115d579035a (type: networks) to 1
2026-03-18 11:03:20.148 7 WARNING neutron.scheduler.dhcp_agent_scheduler [None req-0f5b92b7-a7ce-4c92-a4df-14b8f1e99cbf a124b12525f84d4fa4b52bac95024e6d f298e9152d724241b34f57fa202c698e - - default default] No more DHCP agents
2026-03-18 11:03:20.149 7 WARNING neutron.api.rpc.agentnotifiers.dhcp_rpc_agent_api [None req-0f5b92b7-a7ce-4c92-a4df-14b8f1e99cbf a124b12525f84d4fa4b52bac95024e6d f298e9152d724241b34f57fa202c698e - - default default] Unable to schedule network 15da3854-a347-4a15-a8f2-e115d579035a: no agents available; will retry on subsequent port and subnet creation events.
2026-03-18 11:03:20.254 7 INFO neutron.db.ovn_revision_numbers_db [None req-0f5b92b7-a7ce-4c92-a4df-14b8f1e99cbf a124b12525f84d4fa4b52bac95024e6d f298e9152d724241b34f57fa202c698e - - default default] Successfully bumped revision number for resource 47d04874-0272-4d60-a88b-5147139a633a (type: ports) to 1 [pid: 7|app: 0|req: 299/591] 10.0.0.25 () {34 vars in 670 bytes} [Wed Mar 18 11:03:19 2026] POST /v2.0/networks => generated 790 bytes in 815 msecs (HTTP/1.1 201) 4 headers in 162 bytes (1 switches on core 0)
2026-03-18 11:03:20.376 8 WARNING neutron.scheduler.dhcp_agent_scheduler [None req-3ae1d798-41d5-4ce8-adaa-96d555ee9b23 a124b12525f84d4fa4b52bac95024e6d f298e9152d724241b34f57fa202c698e - - default default] No more DHCP agents
2026-03-18 11:03:20.380 8 WARNING neutron.api.rpc.agentnotifiers.dhcp_rpc_agent_api [None req-3ae1d798-41d5-4ce8-adaa-96d555ee9b23 a124b12525f84d4fa4b52bac95024e6d f298e9152d724241b34f57fa202c698e - - default default] Unable to schedule network 5efbf1d6-954f-42e1-8123-8a971c3bf319: no agents available; will retry on subsequent port and subnet creation events.
2026-03-18 11:03:20.633 8 INFO neutron.db.ovn_revision_numbers_db [None req-3ae1d798-41d5-4ce8-adaa-96d555ee9b23 a124b12525f84d4fa4b52bac95024e6d f298e9152d724241b34f57fa202c698e - - default default] Successfully bumped revision number for resource 4e74edc5-63d3-460f-9b26-ab5d029d98d0 (type: ports) to 1
2026-03-18 11:03:20.736 7 WARNING neutron.scheduler.dhcp_agent_scheduler [None req-62a752e0-1fa7-49fb-8116-0861163b50ad a124b12525f84d4fa4b52bac95024e6d f298e9152d724241b34f57fa202c698e - - default default] No more DHCP agents
2026-03-18 11:03:20.737 7 WARNING neutron.api.rpc.agentnotifiers.dhcp_rpc_agent_api [None req-62a752e0-1fa7-49fb-8116-0861163b50ad a124b12525f84d4fa4b52bac95024e6d f298e9152d724241b34f57fa202c698e - - default default] Unable to schedule network 2fa21a9b-bb0d-4b19-bd85-3b04611ea9cb: no agents available; will retry on subsequent port and subnet creation events.
2026-03-18 11:03:20.860 8 INFO neutron.db.ovn_revision_numbers_db [None req-dd41f7c4-b81b-4562-b34a-097ef6dafd58 - - - - - -] Successfully bumped revision number for resource d2fc6efc-b48b-41e9-97c4-15f0ddf72199 (type: ports) to 4
2026-03-18 11:03:20.907 7 INFO neutron.db.ovn_revision_numbers_db [None req-62a752e0-1fa7-49fb-8116-0861163b50ad a124b12525f84d4fa4b52bac95024e6d f298e9152d724241b34f57fa202c698e - - default default] Successfully bumped revision number for resource a7f2f649-2748-4b02-b4ea-075584d14e4a (type: ports) to 1
2026-03-18 11:03:21.531 8 INFO neutron.db.ovn_revision_numbers_db [None req-dd41f7c4-b81b-4562-b34a-097ef6dafd58 - - - - - -] Successfully bumped revision number for resource d2fc6efc-b48b-41e9-97c4-15f0ddf72199 (type: ports) to 5
2026-03-18 11:03:21.635 7 WARNING neutron.scheduler.dhcp_agent_scheduler [None req-62a752e0-1fa7-49fb-8116-0861163b50ad a124b12525f84d4fa4b52bac95024e6d f298e9152d724241b34f57fa202c698e - - default default] No more DHCP agents
2026-03-18 11:03:21.636 7 WARNING neutron.api.rpc.agentnotifiers.dhcp_rpc_agent_api [None req-62a752e0-1fa7-49fb-8116-0861163b50ad a124b12525f84d4fa4b52bac95024e6d f298e9152d724241b34f57fa202c698e - - default default] Unable to schedule network 2fa21a9b-bb0d-4b19-bd85-3b04611ea9cb: no agents available; will retry on subsequent port and subnet creation events.
2026-03-18 11:03:21.719 8 INFO neutron.plugins.ml2.drivers.ovn.mech_driver.ovsdb.ovsdb_monitor [None req-dd41f7c4-b81b-4562-b34a-097ef6dafd58 - - - - - -] Router 56de8a11-88ec-45d5-9664-e25d223bd158 is bound to host instance
2026-03-18 11:03:21.764 8 INFO neutron.plugins.ml2.drivers.ovn.mech_driver.ovsdb.commands [-] Schedule LRP lrp-4e74edc5-63d3-460f-9b26-ab5d029d98d0 on gateway 06a5a336-019a-49a0-a95c-0d7bd0abdeb4 with priority 1
2026-03-18 11:03:22.016 8 INFO neutron.plugins.ml2.drivers.ovn.mech_driver.mech_driver [None req-f95b7e63-b8ed-4c2a-86c2-b570f862d30a - - - - - -] OVN reports status up for port: f4ec2003-1ef8-48cd-8bdd-6d4f749a3264
2026-03-18 11:03:22.051 8 INFO neutron.plugins.ml2.plugin [None req-f95b7e63-b8ed-4c2a-86c2-b570f862d30a - - - - - -] Attempt 1 to provision port f4ec2003-1ef8-48cd-8bdd-6d4f749a3264
2026-03-18 11:03:22.092 8 INFO neutron.db.ovn_revision_numbers_db [None req-3ae1d798-41d5-4ce8-adaa-96d555ee9b23 a124b12525f84d4fa4b52bac95024e6d f298e9152d724241b34f57fa202c698e - - default default] Successfully bumped revision number for resource 4e74edc5-63d3-460f-9b26-ab5d029d98d0 (type: router_ports) to 1
2026-03-18 11:03:22.227 7 INFO neutron.db.ovn_revision_numbers_db [None req-62a752e0-1fa7-49fb-8116-0861163b50ad a124b12525f84d4fa4b52bac95024e6d f298e9152d724241b34f57fa202c698e - - default default] Successfully bumped revision number for resource a7f2f649-2748-4b02-b4ea-075584d14e4a (type: router_ports) to 1 [pid: 7|app: 0|req: 300/592] 10.0.0.25 () {34 vars in 782 bytes} [Wed Mar 18 11:03:20 2026] PUT /v2.0/routers/e470a2ed-98f1-4027-973f-03c0b0765c4a/add_router_interface => generated 309 bytes in 1955 msecs (HTTP/1.1 200) 4 headers in 157 bytes (1 switches on core 0)
2026-03-18 11:03:22.303 8 INFO neutron.db.ovn_revision_numbers_db [None req-3ae1d798-41d5-4ce8-adaa-96d555ee9b23 a124b12525f84d4fa4b52bac95024e6d f298e9152d724241b34f57fa202c698e - - default default] Successfully bumped revision number for resource 05423618-1423-4bfc-80d8-724d862e8b31 (type: routers) to 2 [pid: 8|app: 0|req: 293/593] 10.0.0.25 () {34 vars in 668 bytes} [Wed Mar 18 11:03:19 2026] POST /v2.0/routers => generated 969 bytes in 3166 msecs (HTTP/1.1 201) 4 headers in 162 bytes (1 switches on core 0)
2026-03-18 11:03:22.624 7 WARNING neutron.scheduler.dhcp_agent_scheduler [None req-070879ec-e547-4e31-8bf8-b2db2033ebac a124b12525f84d4fa4b52bac95024e6d f298e9152d724241b34f57fa202c698e - - default default] No more DHCP agents
2026-03-18 11:03:22.625 7 WARNING neutron.api.rpc.agentnotifiers.dhcp_rpc_agent_api [None req-070879ec-e547-4e31-8bf8-b2db2033ebac a124b12525f84d4fa4b52bac95024e6d f298e9152d724241b34f57fa202c698e - - default default] Unable to schedule network 94d2e082-ccaa-49fe-8068-e3ece57aeee1: no agents available; will retry on subsequent port and subnet creation events.
2026-03-18 11:03:22.702 8 INFO neutron.plugins.ml2.drivers.ovn.mech_driver.mech_driver [None req-f95b7e63-b8ed-4c2a-86c2-b570f862d30a - - - - - -] OVN reports status down for port: 47d04874-0272-4d60-a88b-5147139a633a
2026-03-18 11:03:22.726 8 WARNING neutron.scheduler.dhcp_agent_scheduler [None req-0272ed46-59c4-4666-865a-34de7a4551c2 a124b12525f84d4fa4b52bac95024e6d f298e9152d724241b34f57fa202c698e - - default default] No more DHCP agents
2026-03-18 11:03:22.734 8 WARNING neutron.api.rpc.agentnotifiers.dhcp_rpc_agent_api [None req-0272ed46-59c4-4666-865a-34de7a4551c2 a124b12525f84d4fa4b52bac95024e6d f298e9152d724241b34f57fa202c698e - - default default] Unable to schedule network 15da3854-a347-4a15-a8f2-e115d579035a: no agents available; will retry on subsequent port and subnet creation events.
2026-03-18 11:03:22.809 7 INFO neutron.db.ovn_revision_numbers_db [None req-070879ec-e547-4e31-8bf8-b2db2033ebac a124b12525f84d4fa4b52bac95024e6d f298e9152d724241b34f57fa202c698e - - default default] Successfully bumped revision number for resource e87e86ee-71c9-4ddc-9f43-e45c31eee9ed (type: ports) to 1
2026-03-18 11:03:22.970 8 INFO neutron.plugins.ml2.drivers.ovn.mech_driver.mech_driver [None req-f95b7e63-b8ed-4c2a-86c2-b570f862d30a - - - - - -] OVN reports status down for port: 4e74edc5-63d3-460f-9b26-ab5d029d98d0
2026-03-18 11:03:23.227 8 WARNING neutron.plugins.ml2.drivers.ovn.mech_driver.ovsdb.ovn_client [None req-f95b7e63-b8ed-4c2a-86c2-b570f862d30a - - - - - -] Logical_Switch_Port 4e74edc5-63d3-460f-9b26-ab5d029d98d0 host information not removed, the port state is up
2026-03-18 11:03:23.231 8 INFO neutron.plugins.ml2.drivers.ovn.mech_driver.mech_driver [None req-f95b7e63-b8ed-4c2a-86c2-b570f862d30a - - - - - -] OVN reports status down for port: a7f2f649-2748-4b02-b4ea-075584d14e4a
2026-03-18 11:03:23.511 7 WARNING neutron.scheduler.dhcp_agent_scheduler [None req-070879ec-e547-4e31-8bf8-b2db2033ebac a124b12525f84d4fa4b52bac95024e6d f298e9152d724241b34f57fa202c698e - - default default] No more DHCP agents
2026-03-18 11:03:23.513 7 WARNING neutron.api.rpc.agentnotifiers.dhcp_rpc_agent_api [None req-070879ec-e547-4e31-8bf8-b2db2033ebac a124b12525f84d4fa4b52bac95024e6d f298e9152d724241b34f57fa202c698e - - default default] Unable to schedule network 94d2e082-ccaa-49fe-8068-e3ece57aeee1: no agents available; will retry on subsequent port and subnet creation events.
2026-03-18 11:03:23.585 8 WARNING neutron.plugins.ml2.drivers.ovn.mech_driver.ovsdb.ovn_client [None req-f95b7e63-b8ed-4c2a-86c2-b570f862d30a - - - - - -] Logical_Switch_Port a7f2f649-2748-4b02-b4ea-075584d14e4a host information not removed, the port state is up
2026-03-18 11:03:23.587 8 INFO neutron.plugins.ml2.drivers.ovn.mech_driver.mech_driver [None req-f95b7e63-b8ed-4c2a-86c2-b570f862d30a - - - - - -] OVN reports status up for port: a7f2f649-2748-4b02-b4ea-075584d14e4a
2026-03-18 11:03:23.623 8 INFO neutron.plugins.ml2.plugin [None req-f95b7e63-b8ed-4c2a-86c2-b570f862d30a - - - - - -] Attempt 1 to provision port a7f2f649-2748-4b02-b4ea-075584d14e4a
2026-03-18 11:03:23.972 7 INFO neutron.db.ovn_revision_numbers_db [None req-070879ec-e547-4e31-8bf8-b2db2033ebac a124b12525f84d4fa4b52bac95024e6d f298e9152d724241b34f57fa202c698e - - default default] Successfully bumped revision number for resource e87e86ee-71c9-4ddc-9f43-e45c31eee9ed (type: router_ports) to 1 [pid: 7|app: 0|req: 301/594] 10.0.0.25 () {34 vars in 782 bytes} [Wed Mar 18 11:03:22 2026] PUT /v2.0/routers/56de8a11-88ec-45d5-9664-e25d223bd158/add_router_interface => generated 309 bytes in 1744 msecs (HTTP/1.1 200) 4 headers in 157 bytes (1 switches on core 0)
2026-03-18 11:03:24.400 8 INFO neutron.db.ovn_revision_numbers_db [None req-47b8c6d0-8c1f-48f2-9f59-75fda322fae8 - - - - - -] Successfully bumped revision number for resource f4ec2003-1ef8-48cd-8bdd-6d4f749a3264 (type: ports) to 4
2026-03-18 11:03:24.472 7 WARNING neutron.scheduler.dhcp_agent_scheduler [None req-9ad8654b-8787-4538-8c67-af9bca9352df a124b12525f84d4fa4b52bac95024e6d f298e9152d724241b34f57fa202c698e - - default default] No more DHCP agents
2026-03-18 11:03:24.473 7 WARNING neutron.api.rpc.agentnotifiers.dhcp_rpc_agent_api [None req-9ad8654b-8787-4538-8c67-af9bca9352df a124b12525f84d4fa4b52bac95024e6d f298e9152d724241b34f57fa202c698e - - default default] Unable to schedule network a1b7a38c-4b14-4a63-8299-40b2c5158366: no agents available; will retry on subsequent port and subnet creation events.
2026-03-18 11:03:24.481 8 INFO neutron.db.ovn_revision_numbers_db [None req-d96859b4-02af-49f3-91d2-8312a51634dd - - - - - -] Successfully bumped revision number for resource 47d04874-0272-4d60-a88b-5147139a633a (type: ports) to 2
2026-03-18 11:03:24.605 7 INFO neutron.db.ovn_revision_numbers_db [None req-9ad8654b-8787-4538-8c67-af9bca9352df a124b12525f84d4fa4b52bac95024e6d f298e9152d724241b34f57fa202c698e - - default default] Successfully bumped revision number for resource c6b66f68-0e91-4b49-8b51-129c18261798 (type: ports) to 1
2026-03-18 11:03:24.660 8 INFO neutron.db.ovn_revision_numbers_db [None req-d96859b4-02af-49f3-91d2-8312a51634dd - - - - - -] Successfully bumped revision number for resource c7a296e7-1932-4e1a-b908-545d110ccb39 (type: subnets) to 0 [pid: 8|app: 0|req: 294/597] 10.0.0.25 () {34 vars in 668 bytes} [Wed Mar 18 11:03:22 2026] POST /v2.0/subnets => generated 696 bytes in 2329 msecs (HTTP/1.1 201) 4 headers in 162 bytes (1 switches on core 0)
2026-03-18 11:03:25.040 8 INFO neutron.db.ovn_revision_numbers_db [None req-f95b7e63-b8ed-4c2a-86c2-b570f862d30a - - - - - -] Successfully bumped revision number for resource a7f2f649-2748-4b02-b4ea-075584d14e4a (type: ports) to 2
2026-03-18 11:03:25.089 8 INFO neutron.db.ovn_revision_numbers_db [None req-8285aa8d-b548-4994-834c-6ac49c560c84 268c498c25fb4105be7a45142a2c87b6 6d871c08696e410cba2da3f50aa36804 - - default default] Successfully bumped revision number for resource 1617b4a1-7150-4574-b3a1-ab2a1289f399 (type: security_groups) to 1
2026-03-18 11:03:25.120 8 INFO neutron.db.ovn_revision_numbers_db [None req-8285aa8d-b548-4994-834c-6ac49c560c84 268c498c25fb4105be7a45142a2c87b6 6d871c08696e410cba2da3f50aa36804 - - default default] Successfully bumped revision number for resource b346cab8-cfe6-40ca-9682-75035fe7af25 (type: security_group_rules) to 0
2026-03-18 11:03:25.159 8 INFO neutron.db.ovn_revision_numbers_db [None req-8285aa8d-b548-4994-834c-6ac49c560c84 268c498c25fb4105be7a45142a2c87b6 6d871c08696e410cba2da3f50aa36804 - - default default] Successfully bumped revision number for resource c49e4422-bf5e-49b1-a37b-ec5e2b823c6f (type: security_group_rules) to 0
2026-03-18 11:03:25.310 7 WARNING neutron.scheduler.dhcp_agent_scheduler [None req-9ad8654b-8787-4538-8c67-af9bca9352df a124b12525f84d4fa4b52bac95024e6d f298e9152d724241b34f57fa202c698e - - default default] No more DHCP agents
2026-03-18 11:03:25.311 7 WARNING neutron.api.rpc.agentnotifiers.dhcp_rpc_agent_api [None req-9ad8654b-8787-4538-8c67-af9bca9352df a124b12525f84d4fa4b52bac95024e6d f298e9152d724241b34f57fa202c698e - - default default] Unable to schedule network a1b7a38c-4b14-4a63-8299-40b2c5158366: no agents available; will retry on subsequent port and subnet creation events. [pid: 8|app: 0|req: 295/598] 10.0.0.25 () {34 vars in 684 bytes} [Wed Mar 18 11:03:24 2026] POST /v2.0/security-groups => generated 1659 bytes in 618 msecs (HTTP/1.1 201) 4 headers in 163 bytes (1 switches on core 0)
2026-03-18 11:03:25.476 8 INFO neutron.db.ovn_revision_numbers_db [None req-47b8c6d0-8c1f-48f2-9f59-75fda322fae8 - - - - - -] Successfully bumped revision number for resource f4ec2003-1ef8-48cd-8bdd-6d4f749a3264 (type: ports) to 5
2026-03-18 11:03:25.557 8 INFO neutron.plugins.ml2.drivers.ovn.mech_driver.ovsdb.ovsdb_monitor [None req-47b8c6d0-8c1f-48f2-9f59-75fda322fae8 - - - - - -] Router 05423618-1423-4bfc-80d8-724d862e8b31 is bound to host instance
2026-03-18 11:03:25.571 8 INFO neutron.db.ovn_revision_numbers_db [None req-23485918-dfb8-4c92-8a20-f5d3aa57d1e3 41341d4c0e894caba7e946b2ab7d9b8c 82b6c00f49b3495e87a870c80f393c4f - - default default] Successfully bumped revision number for resource 90d67fd4-f6ec-4a7d-94a9-7d478be0deb9 (type: security_groups) to 1
2026-03-18 11:03:25.592 8 INFO neutron.db.ovn_revision_numbers_db [None req-23485918-dfb8-4c92-8a20-f5d3aa57d1e3 41341d4c0e894caba7e946b2ab7d9b8c 82b6c00f49b3495e87a870c80f393c4f - - default default] Successfully bumped revision number for resource 730ff267-961b-4384-b4be-a031d6b366e3 (type: security_group_rules) to 0
2026-03-18 11:03:25.617 8 INFO neutron.db.ovn_revision_numbers_db [None req-23485918-dfb8-4c92-8a20-f5d3aa57d1e3 41341d4c0e894caba7e946b2ab7d9b8c 82b6c00f49b3495e87a870c80f393c4f - - default default] Successfully bumped revision number for resource df71defb-25b8-48fb-b22d-6b4ec5bf41b0 (type: security_group_rules) to 0 [pid: 8|app: 0|req: 296/599] 10.0.0.25 () {34 vars in 684 bytes} [Wed Mar 18 11:03:25 2026] POST /v2.0/security-groups => generated 1661 bytes in 363 msecs (HTTP/1.1 201) 4 headers in 163 bytes (1 switches on core 0)
2026-03-18 11:03:25.848 7 INFO neutron.db.ovn_revision_numbers_db [None req-9ad8654b-8787-4538-8c67-af9bca9352df a124b12525f84d4fa4b52bac95024e6d f298e9152d724241b34f57fa202c698e - - default default] Successfully bumped revision number for resource c6b66f68-0e91-4b49-8b51-129c18261798 (type: router_ports) to 1 [pid: 7|app: 0|req: 304/600] 10.0.0.25 () {34 vars in 782 bytes} [Wed Mar 18 11:03:23 2026] PUT /v2.0/routers/05423618-1423-4bfc-80d8-724d862e8b31/add_router_interface => generated 309 bytes in 1871 msecs (HTTP/1.1 200) 4 headers in 157 bytes (1 switches on core 0)
