2026-03-18 11:09:49.584 7 INFO neutron.pecan_wsgi.hooks.translation [None req-30c54439-7ba2-496d-89b9-e44661428d44 ec21549a8b2842aa9f18350ddf87b04d c8cb72d050944cbfaba02578e50b287f - - default default] DELETE failed (client error): The resource could not be found. [pid: 7|app: 0|req: 1596/3001] 10.0.0.25 () {32 vars in 725 bytes} [Wed Mar 18 11:09:49 2026] DELETE /v2.0/networks/b45f0f7a-5757-4b6d-bf9a-b8e3ec4af173 => generated 138 bytes in 16 msecs (HTTP/1.1 404) 4 headers in 164 bytes (1 switches on core 0) [pid: 8|app: 0|req: 1406/3002] 10.0.0.25 () {32 vars in 773 bytes} [Wed Mar 18 11:09:50 2026] GET /v2.0/security-groups?tenant_id=c8cb72d050944cbfaba02578e50b287f&name=default => generated 2929 bytes in 96 msecs (HTTP/1.1 200) 4 headers in 158 bytes (1 switches on core 0) [pid: 7|app: 0|req: 1597/3003] 10.0.0.25 () {32 vars in 739 bytes} [Wed Mar 18 11:09:50 2026] DELETE /v2.0/security-groups/78500bb3-bd7d-40fe-a924-1ed8d370d12f => generated 0 bytes in 273 msecs (HTTP/1.1 204) 2 headers in 112 bytes (1 switches on core 0)
2026-03-18 11:09:50.785 8 INFO neutron.db.ovn_revision_numbers_db [None req-40b3d4c8-55ff-4706-a929-c9f34cf9bb23 a124b12525f84d4fa4b52bac95024e6d f298e9152d724241b34f57fa202c698e - - default default] Successfully bumped revision number for resource dcd77a8a-2ae6-4d2c-aaad-3b5af84e2389 (type: security_groups) to 1
2026-03-18 11:09:50.797 8 INFO neutron.db.ovn_revision_numbers_db [None req-40b3d4c8-55ff-4706-a929-c9f34cf9bb23 a124b12525f84d4fa4b52bac95024e6d f298e9152d724241b34f57fa202c698e - - default default] Successfully bumped revision number for resource 184d15b6-e862-48c6-bdfa-3565b903dcc6 (type: security_group_rules) to 0
2026-03-18 11:09:50.809 8 INFO neutron.db.ovn_revision_numbers_db [None req-40b3d4c8-55ff-4706-a929-c9f34cf9bb23 a124b12525f84d4fa4b52bac95024e6d f298e9152d724241b34f57fa202c698e - - default default] Successfully bumped revision number for resource 240f0294-5541-41fa-b4d1-caaefb0bfa37 (type: security_group_rules) to 0
2026-03-18 11:09:50.830 8 INFO neutron.db.ovn_revision_numbers_db [None req-40b3d4c8-55ff-4706-a929-c9f34cf9bb23 a124b12525f84d4fa4b52bac95024e6d f298e9152d724241b34f57fa202c698e - - default default] Successfully bumped revision number for resource 68275af9-0a06-4ee2-9798-2f755bb1f998 (type: security_group_rules) to 0
2026-03-18 11:09:50.832 8 INFO neutron.services.segments.plugin [-] Segment abb04c12-101a-48c3-907e-609d0af62be2 resource provider aggregate not found
2026-03-18 11:09:50.833 8 INFO neutron.services.segments.plugin [-] Segment abb04c12-101a-48c3-907e-609d0af62be2 resource provider aggregate not found
2026-03-18 11:09:50.855 8 INFO neutron.services.segments.plugin [-] Segment abb04c12-101a-48c3-907e-609d0af62be2 resource provider not found; error: Placement Client Error (4xx): {"errors": [{"status": 404, "title": "Not Found", "detail": "The resource could not be found.\n\n No resource provider with uuid abb04c12-101a-48c3-907e-609d0af62be2 found for delete ", "request_id": "req-6eda435a-5c21-4aef-943f-174144af1462"}]}
2026-03-18 11:09:50.855 8 INFO neutron.services.segments.plugin [-] Segment abb04c12-101a-48c3-907e-609d0af62be2 resource provider not found; error: Placement Client Error (4xx): {"errors": [{"status": 404, "title": "Not Found", "detail": "The resource could not be found.\n\n No resource provider with uuid abb04c12-101a-48c3-907e-609d0af62be2 found for delete ", "request_id": "req-02832186-a385-41e1-a469-51f1fb8a9658"}]}
2026-03-18 11:09:50.856 8 INFO neutron.db.ovn_revision_numbers_db [None req-40b3d4c8-55ff-4706-a929-c9f34cf9bb23 a124b12525f84d4fa4b52bac95024e6d f298e9152d724241b34f57fa202c698e - - default default] Successfully bumped revision number for resource 86bd83f0-744c-4530-802a-ec19cdd74efc (type: security_group_rules) to 0 [pid: 8|app: 0|req: 1407/3004] 10.0.0.25 () {32 vars in 773 bytes} [Wed Mar 18 11:09:50 2026] GET /v2.0/security-groups?tenant_id=51af8afa532240ac9e54b93411ecb3c8&name=default => generated 2929 bytes in 280 msecs (HTTP/1.1 200) 4 headers in 158 bytes (1 switches on core 0) [pid: 7|app: 0|req: 1598/3007] 10.0.0.25 () {32 vars in 739 bytes} [Wed Mar 18 11:09:50 2026] DELETE /v2.0/security-groups/dcd77a8a-2ae6-4d2c-aaad-3b5af84e2389 => generated 0 bytes in 285 msecs (HTTP/1.1 204) 2 headers in 112 bytes (1 switches on core 0)
2026-03-18 11:09:59.832 8 INFO neutron.db.ovn_revision_numbers_db [None req-ad7f9f6a-1054-47a4-ac8e-927ec5cb56ce 4907bc5ec96e44028291795a3812becf ebd68378751e4257b8e411286c86d655 - - default default] Successfully bumped revision number for resource 62dc1ad8-15c8-4f59-8779-4723f4e3265c (type: security_groups) to 1
2026-03-18 11:09:59.850 8 INFO neutron.db.ovn_revision_numbers_db [None req-ad7f9f6a-1054-47a4-ac8e-927ec5cb56ce 4907bc5ec96e44028291795a3812becf ebd68378751e4257b8e411286c86d655 - - default default] Successfully bumped revision number for resource 280e73df-36dd-4ca7-8ba6-897ffc4c9e71 (type: security_group_rules) to 0
2026-03-18 11:09:59.864 8 INFO neutron.db.ovn_revision_numbers_db [None req-ad7f9f6a-1054-47a4-ac8e-927ec5cb56ce 4907bc5ec96e44028291795a3812becf ebd68378751e4257b8e411286c86d655 - - default default] Successfully bumped revision number for resource b512315d-2026-4cc0-a4c3-c1636457de9a (type: security_group_rules) to 0
2026-03-18 11:09:59.876 8 INFO neutron.db.ovn_revision_numbers_db [None req-ad7f9f6a-1054-47a4-ac8e-927ec5cb56ce 4907bc5ec96e44028291795a3812becf ebd68378751e4257b8e411286c86d655 - - default default] Successfully bumped revision number for resource c6cb873e-8c58-41a7-ab79-ee8d13d052bd (type: security_group_rules) to 0
2026-03-18 11:09:59.888 8 INFO neutron.db.ovn_revision_numbers_db [None req-ad7f9f6a-1054-47a4-ac8e-927ec5cb56ce 4907bc5ec96e44028291795a3812becf ebd68378751e4257b8e411286c86d655 - - default default] Successfully bumped revision number for resource dc5b28a7-38f1-4432-bb0a-213bd9e204a8 (type: security_group_rules) to 0
2026-03-18 11:09:59.965 8 INFO neutron.db.segments_db [None req-ad7f9f6a-1054-47a4-ac8e-927ec5cb56ce 4907bc5ec96e44028291795a3812becf ebd68378751e4257b8e411286c86d655 - - default default] Added segment f20f1f14-d995-4181-a854-5a7d236e620c of type geneve for network 866ebc40-e04a-4288-a876-6d68b5406de8
2026-03-18 11:10:00.805 8 INFO neutron.db.ovn_revision_numbers_db [None req-ad7f9f6a-1054-47a4-ac8e-927ec5cb56ce 4907bc5ec96e44028291795a3812becf ebd68378751e4257b8e411286c86d655 - - default default] Successfully bumped revision number for resource 866ebc40-e04a-4288-a876-6d68b5406de8 (type: networks) to 1
2026-03-18 11:10:00.961 8 WARNING neutron.scheduler.dhcp_agent_scheduler [None req-ad7f9f6a-1054-47a4-ac8e-927ec5cb56ce 4907bc5ec96e44028291795a3812becf ebd68378751e4257b8e411286c86d655 - - default default] No more DHCP agents
2026-03-18 11:10:00.962 8 WARNING neutron.api.rpc.agentnotifiers.dhcp_rpc_agent_api [None req-ad7f9f6a-1054-47a4-ac8e-927ec5cb56ce 4907bc5ec96e44028291795a3812becf ebd68378751e4257b8e411286c86d655 - - default default] Unable to schedule network 866ebc40-e04a-4288-a876-6d68b5406de8: no agents available; will retry on subsequent port and subnet creation events.
2026-03-18 11:10:01.031 8 INFO neutron.plugins.ml2.drivers.ovn.mech_driver.mech_driver [None req-a82dbf2f-ec20-409f-94d3-8ef5a2fd77a3 - - - - - -] OVN reports status down for port: 80333b74-b3a6-4196-8676-25ff9174be61
2026-03-18 11:10:01.087 8 INFO neutron.db.ovn_revision_numbers_db [None req-ad7f9f6a-1054-47a4-ac8e-927ec5cb56ce 4907bc5ec96e44028291795a3812becf ebd68378751e4257b8e411286c86d655 - - default default] Successfully bumped revision number for resource 80333b74-b3a6-4196-8676-25ff9174be61 (type: ports) to 1 [pid: 8|app: 0|req: 1410/3008] 10.0.0.25 () {34 vars in 669 bytes} [Wed Mar 18 11:09:59 2026] POST /v2.0/networks => generated 678 bytes in 1606 msecs (HTTP/1.1 201) 4 headers in 162 bytes (1 switches on core 0)
2026-03-18 11:10:01.350 7 WARNING neutron.scheduler.dhcp_agent_scheduler [None req-5a0f037e-dfef-46d1-b8d7-459275e71540 4907bc5ec96e44028291795a3812becf ebd68378751e4257b8e411286c86d655 - - default default] No more DHCP agents
2026-03-18 11:10:01.351 7 WARNING neutron.api.rpc.agentnotifiers.dhcp_rpc_agent_api [None req-5a0f037e-dfef-46d1-b8d7-459275e71540 4907bc5ec96e44028291795a3812becf ebd68378751e4257b8e411286c86d655 - - default default] Unable to schedule network 866ebc40-e04a-4288-a876-6d68b5406de8: no agents available; will retry on subsequent port and subnet creation events.
2026-03-18 11:10:01.828 7 INFO neutron.db.ovn_revision_numbers_db [None req-96b51453-d235-47c7-8062-6dd359bf9282 - - - - - -] Successfully bumped revision number for resource 80333b74-b3a6-4196-8676-25ff9174be61 (type: ports) to 2
2026-03-18 11:10:01.860 7 INFO neutron.db.ovn_revision_numbers_db [None req-96b51453-d235-47c7-8062-6dd359bf9282 - - - - - -] Successfully bumped revision number for resource 08b2aba6-073e-4256-908a-54bad297a8b4 (type: subnets) to 0 [pid: 7|app: 0|req: 1599/3009] 10.0.0.25 () {34 vars in 668 bytes} [Wed Mar 18 11:10:01 2026] POST /v2.0/subnets => generated 657 bytes in 750 msecs (HTTP/1.1 201) 4 headers in 162 bytes (1 switches on core 0) [pid: 8|app: 0|req: 1411/3010] 10.0.0.25 () {32 vars in 721 bytes} [Wed Mar 18 11:10:01 2026] GET /v2.0/subnetpools?name=shared-default-subnetpool-v6 => generated 19 bytes in 40 msecs (HTTP/1.1 200) 4 headers in 156 bytes (1 switches on core 0)
2026-03-18 11:10:02.145 7 WARNING neutron.scheduler.dhcp_agent_scheduler [None req-4b25a626-c0b1-4fc1-8cbc-56b8c274f215 4907bc5ec96e44028291795a3812becf ebd68378751e4257b8e411286c86d655 - - default default] No more DHCP agents
2026-03-18 11:10:02.146 7 WARNING neutron.api.rpc.agentnotifiers.dhcp_rpc_agent_api [None req-4b25a626-c0b1-4fc1-8cbc-56b8c274f215 4907bc5ec96e44028291795a3812becf ebd68378751e4257b8e411286c86d655 - - default default] Unable to schedule network 866ebc40-e04a-4288-a876-6d68b5406de8: no agents available; will retry on subsequent port and subnet creation events.
2026-03-18 11:10:02.189 7 INFO neutron.db.ovn_revision_numbers_db [None req-4b25a626-c0b1-4fc1-8cbc-56b8c274f215 4907bc5ec96e44028291795a3812becf ebd68378751e4257b8e411286c86d655 - - default default] Successfully bumped revision number for resource e7074d4f-d651-43e0-989b-33dd0152517a (type: subnets) to 0 [pid: 7|app: 0|req: 1600/3011] 10.0.0.25 () {34 vars in 668 bytes} [Wed Mar 18 11:10:01 2026] POST /v2.0/subnets => generated 731 bytes in 269 msecs (HTTP/1.1 201) 4 headers in 162 bytes (1 switches on core 0)
2026-03-18 11:10:02.302 8 INFO neutron.db.segments_db [None req-0c69cdc9-236f-42e5-be4e-0947ad256c8a 4907bc5ec96e44028291795a3812becf ebd68378751e4257b8e411286c86d655 - - default default] Added segment e038b5cd-275e-4ed5-b5ff-fa1ef93654e3 of type geneve for network 6c03f35e-ce2b-4b76-93fd-24bb570bf391
2026-03-18 11:10:02.429 8 INFO neutron.db.ovn_revision_numbers_db [None req-0c69cdc9-236f-42e5-be4e-0947ad256c8a 4907bc5ec96e44028291795a3812becf ebd68378751e4257b8e411286c86d655 - - default default] Successfully bumped revision number for resource 6c03f35e-ce2b-4b76-93fd-24bb570bf391 (type: networks) to 1
2026-03-18 11:10:02.589 8 WARNING neutron.scheduler.dhcp_agent_scheduler [None req-0c69cdc9-236f-42e5-be4e-0947ad256c8a 4907bc5ec96e44028291795a3812becf ebd68378751e4257b8e411286c86d655 - - default default] No more DHCP agents
2026-03-18 11:10:02.590 8 WARNING neutron.api.rpc.agentnotifiers.dhcp_rpc_agent_api [None req-0c69cdc9-236f-42e5-be4e-0947ad256c8a 4907bc5ec96e44028291795a3812becf ebd68378751e4257b8e411286c86d655 - - default default] Unable to schedule network 6c03f35e-ce2b-4b76-93fd-24bb570bf391: no agents available; will retry on subsequent port and subnet creation events.
2026-03-18 11:10:02.655 8 INFO neutron.plugins.ml2.drivers.ovn.mech_driver.mech_driver [None req-a82dbf2f-ec20-409f-94d3-8ef5a2fd77a3 - - - - - -] OVN reports status down for port: 405d7520-e700-45ff-99c1-c7956f8ee0b2
2026-03-18 11:10:02.724 8 INFO neutron.db.ovn_revision_numbers_db [None req-0c69cdc9-236f-42e5-be4e-0947ad256c8a 4907bc5ec96e44028291795a3812becf ebd68378751e4257b8e411286c86d655 - - default default] Successfully bumped revision number for resource 405d7520-e700-45ff-99c1-c7956f8ee0b2 (type: ports) to 1 [pid: 8|app: 0|req: 1412/3012] 10.0.0.25 () {34 vars in 669 bytes} [Wed Mar 18 11:10:02 2026] POST /v2.0/networks => generated 676 bytes in 579 msecs (HTTP/1.1 201) 4 headers in 162 bytes (1 switches on core 0)
2026-03-18 11:10:02.989 7 WARNING neutron.scheduler.dhcp_agent_scheduler [None req-d0d637cc-2c95-4f9a-a81a-e15657ac07d2 4907bc5ec96e44028291795a3812becf ebd68378751e4257b8e411286c86d655 - - default default] No more DHCP agents
2026-03-18 11:10:02.990 7 WARNING neutron.api.rpc.agentnotifiers.dhcp_rpc_agent_api [None req-d0d637cc-2c95-4f9a-a81a-e15657ac07d2 4907bc5ec96e44028291795a3812becf ebd68378751e4257b8e411286c86d655 - - default default] Unable to schedule network 6c03f35e-ce2b-4b76-93fd-24bb570bf391: no agents available; will retry on subsequent port and subnet creation events.
2026-03-18 11:10:03.523 7 INFO neutron.db.ovn_revision_numbers_db [None req-0ce2d2a3-7a58-4d01-86a9-82c72e08c21f - - - - - -] Successfully bumped revision number for resource 405d7520-e700-45ff-99c1-c7956f8ee0b2 (type: ports) to 2
2026-03-18 11:10:03.566 7 INFO neutron.db.ovn_revision_numbers_db [None req-0ce2d2a3-7a58-4d01-86a9-82c72e08c21f - - - - - -] Successfully bumped revision number for resource b5340f94-5223-4075-8dce-59f5ef4ebd28 (type: subnets) to 0 [pid: 7|app: 0|req: 1601/3013] 10.0.0.25 () {34 vars in 668 bytes} [Wed Mar 18 11:10:02 2026] POST /v2.0/subnets => generated 655 bytes in 791 msecs (HTTP/1.1 201) 4 headers in 162 bytes (1 switches on core 0)
2026-03-18 11:10:03.808 8 WARNING neutron.scheduler.dhcp_agent_scheduler [None req-9a685c2a-e084-47ce-9e84-1e77ee650e24 4907bc5ec96e44028291795a3812becf ebd68378751e4257b8e411286c86d655 - - default default] No more DHCP agents
2026-03-18 11:10:03.809 8 WARNING neutron.api.rpc.agentnotifiers.dhcp_rpc_agent_api [None req-9a685c2a-e084-47ce-9e84-1e77ee650e24 4907bc5ec96e44028291795a3812becf ebd68378751e4257b8e411286c86d655 - - default default] Unable to schedule network 6c03f35e-ce2b-4b76-93fd-24bb570bf391: no agents available; will retry on subsequent port and subnet creation events.
2026-03-18 11:10:03.850 8 INFO neutron.db.ovn_revision_numbers_db [None req-9a685c2a-e084-47ce-9e84-1e77ee650e24 4907bc5ec96e44028291795a3812becf ebd68378751e4257b8e411286c86d655 - - default default] Successfully bumped revision number for resource 77fea172-5068-47e3-a249-c15e0d5c997f (type: subnets) to 0 [pid: 8|app: 0|req: 1413/3014] 10.0.0.25 () {34 vars in 668 bytes} [Wed Mar 18 11:10:03 2026] POST /v2.0/subnets => generated 726 bytes in 277 msecs (HTTP/1.1 201) 4 headers in 162 bytes (1 switches on core 0)
2026-03-18 11:10:03.969 7 INFO neutron.db.segments_db [None req-2f60f905-71c1-405f-86d0-076278e501e2 4907bc5ec96e44028291795a3812becf ebd68378751e4257b8e411286c86d655 - - default default] Added segment 9863173d-6264-4bbc-bdb2-f42a00fe38fd of type geneve for network a4450682-4cf3-4baf-b07e-1fa1ec315e02
2026-03-18 11:10:04.116 7 INFO neutron.db.ovn_revision_numbers_db [None req-2f60f905-71c1-405f-86d0-076278e501e2 4907bc5ec96e44028291795a3812becf ebd68378751e4257b8e411286c86d655 - - default default] Successfully bumped revision number for resource a4450682-4cf3-4baf-b07e-1fa1ec315e02 (type: networks) to 1
2026-03-18 11:10:04.302 7 WARNING neutron.scheduler.dhcp_agent_scheduler [None req-2f60f905-71c1-405f-86d0-076278e501e2 4907bc5ec96e44028291795a3812becf ebd68378751e4257b8e411286c86d655 - - default default] No more DHCP agents
2026-03-18 11:10:04.303 7 WARNING neutron.api.rpc.agentnotifiers.dhcp_rpc_agent_api [None req-2f60f905-71c1-405f-86d0-076278e501e2 4907bc5ec96e44028291795a3812becf ebd68378751e4257b8e411286c86d655 - - default default] Unable to schedule network a4450682-4cf3-4baf-b07e-1fa1ec315e02: no agents available; will retry on subsequent port and subnet creation events.
2026-03-18 11:10:04.372 8 INFO neutron.plugins.ml2.drivers.ovn.mech_driver.mech_driver [None req-a82dbf2f-ec20-409f-94d3-8ef5a2fd77a3 - - - - - -] OVN reports status down for port: 86c64940-92ea-4956-a03b-83bae0aa3ac6
2026-03-18 11:10:04.407 7 INFO neutron.db.ovn_revision_numbers_db [None req-2f60f905-71c1-405f-86d0-076278e501e2 4907bc5ec96e44028291795a3812becf ebd68378751e4257b8e411286c86d655 - - default default] Successfully bumped revision number for resource 86c64940-92ea-4956-a03b-83bae0aa3ac6 (type: ports) to 1 [pid: 7|app: 0|req: 1602/3015] 10.0.0.25 () {34 vars in 669 bytes} [Wed Mar 18 11:10:03 2026] POST /v2.0/networks => generated 676 bytes in 559 msecs (HTTP/1.1 201) 4 headers in 162 bytes (1 switches on core 0)
2026-03-18 11:10:04.593 8 WARNING neutron.scheduler.dhcp_agent_scheduler [None req-2443db63-9b9a-41de-906a-23cef30d364c 4907bc5ec96e44028291795a3812becf ebd68378751e4257b8e411286c86d655 - - default default] No more DHCP agents
2026-03-18 11:10:04.593 8 WARNING neutron.api.rpc.agentnotifiers.dhcp_rpc_agent_api [None req-2443db63-9b9a-41de-906a-23cef30d364c 4907bc5ec96e44028291795a3812becf ebd68378751e4257b8e411286c86d655 - - default default] Unable to schedule network a4450682-4cf3-4baf-b07e-1fa1ec315e02: no agents available; will retry on subsequent port and subnet creation events.
2026-03-18 11:10:05.030 8 INFO neutron.db.ovn_revision_numbers_db [None req-e5ee644c-a104-4d5f-b0bc-5d24755fb6fd - - - - - -] Successfully bumped revision number for resource 86c64940-92ea-4956-a03b-83bae0aa3ac6 (type: ports) to 2
2026-03-18 11:10:05.063 8 INFO neutron.db.ovn_revision_numbers_db [None req-e5ee644c-a104-4d5f-b0bc-5d24755fb6fd - - - - - -] Successfully bumped revision number for resource 873f2f93-9f3d-4457-84ce-57d19cbe42e2 (type: subnets) to 0 [pid: 8|app: 0|req: 1414/3016] 10.0.0.25 () {34 vars in 668 bytes} [Wed Mar 18 11:10:04 2026] POST /v2.0/subnets => generated 655 bytes in 645 msecs (HTTP/1.1 201) 4 headers in 162 bytes (1 switches on core 0)
2026-03-18 11:10:05.317 7 WARNING neutron.scheduler.dhcp_agent_scheduler [None req-6a86641a-90b2-48bd-8940-29c62d2cf726 4907bc5ec96e44028291795a3812becf ebd68378751e4257b8e411286c86d655 - - default default] No more DHCP agents
2026-03-18 11:10:05.318 7 WARNING neutron.api.rpc.agentnotifiers.dhcp_rpc_agent_api [None req-6a86641a-90b2-48bd-8940-29c62d2cf726 4907bc5ec96e44028291795a3812becf ebd68378751e4257b8e411286c86d655 - - default default] Unable to schedule network a4450682-4cf3-4baf-b07e-1fa1ec315e02: no agents available; will retry on subsequent port and subnet creation events.
2026-03-18 11:10:05.358 7 INFO neutron.db.ovn_revision_numbers_db [None req-6a86641a-90b2-48bd-8940-29c62d2cf726 4907bc5ec96e44028291795a3812becf ebd68378751e4257b8e411286c86d655 - - default default] Successfully bumped revision number for resource bb3c3153-592e-46a2-b216-49343d4c0f03 (type: subnets) to 0 [pid: 7|app: 0|req: 1603/3017] 10.0.0.25 () {34 vars in 668 bytes} [Wed Mar 18 11:10:05 2026] POST /v2.0/subnets => generated 729 bytes in 290 msecs (HTTP/1.1 201) 4 headers in 162 bytes (1 switches on core 0)
2026-03-18 11:10:05.843 8 WARNING neutron.scheduler.dhcp_agent_scheduler [None req-7088b017-b171-43f7-a594-f810660408f7 4907bc5ec96e44028291795a3812becf ebd68378751e4257b8e411286c86d655 - - default default] No more DHCP agents
2026-03-18 11:10:05.844 8 WARNING neutron.api.rpc.agentnotifiers.dhcp_rpc_agent_api [None req-7088b017-b171-43f7-a594-f810660408f7 4907bc5ec96e44028291795a3812becf ebd68378751e4257b8e411286c86d655 - - default default] Unable to schedule network 5efbf1d6-954f-42e1-8123-8a971c3bf319: no agents available; will retry on subsequent port and subnet creation events.
2026-03-18 11:10:06.013 8 INFO neutron.plugins.ml2.drivers.ovn.mech_driver.mech_driver [None req-a82dbf2f-ec20-409f-94d3-8ef5a2fd77a3 - - - - - -] OVN reports status down for port: 1b8f0de1-c0f3-4eb4-b6ee-0cd74e4f4f3f
2026-03-18 11:10:06.073 8 INFO neutron.db.ovn_revision_numbers_db [None req-7088b017-b171-43f7-a594-f810660408f7 4907bc5ec96e44028291795a3812becf ebd68378751e4257b8e411286c86d655 - - default default] Successfully bumped revision number for resource 1b8f0de1-c0f3-4eb4-b6ee-0cd74e4f4f3f (type: ports) to 1
2026-03-18 11:10:06.671 8 INFO neutron.plugins.ml2.drivers.ovn.mech_driver.ovsdb.commands [-] Schedule LRP lrp-1b8f0de1-c0f3-4eb4-b6ee-0cd74e4f4f3f on gateway 06a5a336-019a-49a0-a95c-0d7bd0abdeb4 with priority 1
2026-03-18 11:10:06.782 8 INFO neutron.plugins.ml2.drivers.ovn.mech_driver.ovsdb.ovsdb_monitor [None req-fac2b1ed-e789-44bd-9ce3-982cac153342 - - - - - -] Router 08b006ea-1fe7-474d-9a94-2c1cc4d18edb is bound to host instance
2026-03-18 11:10:06.822 8 INFO neutron.plugins.ml2.drivers.ovn.mech_driver.mech_driver [None req-a82dbf2f-ec20-409f-94d3-8ef5a2fd77a3 - - - - - -] OVN reports status up for port: 1b8f0de1-c0f3-4eb4-b6ee-0cd74e4f4f3f
2026-03-18 11:10:06.880 8 INFO neutron.plugins.ml2.plugin [None req-a82dbf2f-ec20-409f-94d3-8ef5a2fd77a3 - - - - - -] Attempt 1 to provision port 1b8f0de1-c0f3-4eb4-b6ee-0cd74e4f4f3f
2026-03-18 11:10:06.945 8 INFO neutron.db.ovn_revision_numbers_db [None req-7088b017-b171-43f7-a594-f810660408f7 4907bc5ec96e44028291795a3812becf ebd68378751e4257b8e411286c86d655 - - default default] Successfully bumped revision number for resource 1b8f0de1-c0f3-4eb4-b6ee-0cd74e4f4f3f (type: router_ports) to 1
2026-03-18 11:10:07.117 8 INFO neutron.db.ovn_revision_numbers_db [None req-7088b017-b171-43f7-a594-f810660408f7 4907bc5ec96e44028291795a3812becf ebd68378751e4257b8e411286c86d655 - - default default] Successfully bumped revision number for resource 08b006ea-1fe7-474d-9a94-2c1cc4d18edb (type: routers) to 2 [pid: 8|app: 0|req: 1415/3020] 10.0.0.25 () {34 vars in 668 bytes} [Wed Mar 18 11:10:05 2026] POST /v2.0/routers => generated 945 bytes in 1778 msecs (HTTP/1.1 201) 4 headers in 162 bytes (1 switches on core 0)
2026-03-18 11:10:07.798 7 WARNING neutron.scheduler.dhcp_agent_scheduler [None req-247c5452-5e97-43c1-b67d-8a514c3f7134 4907bc5ec96e44028291795a3812becf ebd68378751e4257b8e411286c86d655 - - default default] No more DHCP agents
2026-03-18 11:10:07.800 7 WARNING neutron.api.rpc.agentnotifiers.dhcp_rpc_agent_api [None req-247c5452-5e97-43c1-b67d-8a514c3f7134 4907bc5ec96e44028291795a3812becf ebd68378751e4257b8e411286c86d655 - - default default] Unable to schedule network 866ebc40-e04a-4288-a876-6d68b5406de8: no agents available; will retry on subsequent port and subnet creation events.
2026-03-18 11:10:07.831 8 INFO neutron.db.ovn_revision_numbers_db [None req-47f67d3c-2500-4891-be87-39b1c9fdb563 - - - - - -] Successfully bumped revision number for resource 1b8f0de1-c0f3-4eb4-b6ee-0cd74e4f4f3f (type: ports) to 4
2026-03-18 11:10:07.978 7 INFO neutron.db.ovn_revision_numbers_db [None req-247c5452-5e97-43c1-b67d-8a514c3f7134 4907bc5ec96e44028291795a3812becf ebd68378751e4257b8e411286c86d655 - - default default] Successfully bumped revision number for resource 1080effc-2785-4f67-a88b-69205cc25399 (type: ports) to 1
2026-03-18 11:10:08.205 8 INFO neutron.db.ovn_revision_numbers_db [None req-47f67d3c-2500-4891-be87-39b1c9fdb563 - - - - - -] Successfully bumped revision number for resource 1b8f0de1-c0f3-4eb4-b6ee-0cd74e4f4f3f (type: ports) to 5
2026-03-18 11:10:08.743 7 WARNING neutron.scheduler.dhcp_agent_scheduler [None req-247c5452-5e97-43c1-b67d-8a514c3f7134 4907bc5ec96e44028291795a3812becf ebd68378751e4257b8e411286c86d655 - - default default] No more DHCP agents
2026-03-18 11:10:08.744 7 WARNING neutron.api.rpc.agentnotifiers.dhcp_rpc_agent_api [None req-247c5452-5e97-43c1-b67d-8a514c3f7134 4907bc5ec96e44028291795a3812becf ebd68378751e4257b8e411286c86d655 - - default default] Unable to schedule network 866ebc40-e04a-4288-a876-6d68b5406de8: no agents available; will retry on subsequent port and subnet creation events.
2026-03-18 11:10:09.216 7 INFO neutron.db.ovn_revision_numbers_db [None req-247c5452-5e97-43c1-b67d-8a514c3f7134 4907bc5ec96e44028291795a3812becf ebd68378751e4257b8e411286c86d655 - - default default] Successfully bumped revision number for resource 1080effc-2785-4f67-a88b-69205cc25399 (type: router_ports) to 1 [pid: 7|app: 0|req: 1606/3021] 10.0.0.25 () {34 vars in 782 bytes} [Wed Mar 18 11:10:07 2026] PUT /v2.0/routers/08b006ea-1fe7-474d-9a94-2c1cc4d18edb/add_router_interface => generated 309 bytes in 2061 msecs (HTTP/1.1 200) 4 headers in 157 bytes (1 switches on core 0)
2026-03-18 11:10:09.530 8 INFO neutron.plugins.ml2.drivers.ovn.mech_driver.mech_driver [None req-a82dbf2f-ec20-409f-94d3-8ef5a2fd77a3 - - - - - -] OVN reports status down for port: 1080effc-2785-4f67-a88b-69205cc25399
2026-03-18 11:10:09.761 8 WARNING neutron.plugins.ml2.drivers.ovn.mech_driver.ovsdb.ovn_client [None req-a82dbf2f-ec20-409f-94d3-8ef5a2fd77a3 - - - - - -] Logical_Switch_Port 1080effc-2785-4f67-a88b-69205cc25399 host information not removed, the port state is up
2026-03-18 11:10:09.762 8 INFO neutron.plugins.ml2.drivers.ovn.mech_driver.mech_driver [None req-a82dbf2f-ec20-409f-94d3-8ef5a2fd77a3 - - - - - -] OVN reports status up for port: 1080effc-2785-4f67-a88b-69205cc25399
2026-03-18 11:10:09.825 8 INFO neutron.plugins.ml2.plugin [None req-a82dbf2f-ec20-409f-94d3-8ef5a2fd77a3 - - - - - -] Attempt 1 to provision port 1080effc-2785-4f67-a88b-69205cc25399
2026-03-18 11:10:09.924 8 WARNING neutron.scheduler.dhcp_agent_scheduler [None req-7804533d-98fc-4e04-8589-887d6eb7cd3f 4907bc5ec96e44028291795a3812becf ebd68378751e4257b8e411286c86d655 - - default default] No more DHCP agents
2026-03-18 11:10:09.927 8 WARNING neutron.api.rpc.agentnotifiers.dhcp_rpc_agent_api [None req-7804533d-98fc-4e04-8589-887d6eb7cd3f 4907bc5ec96e44028291795a3812becf ebd68378751e4257b8e411286c86d655 - - default default] Unable to schedule network 6c03f35e-ce2b-4b76-93fd-24bb570bf391: no agents available; will retry on subsequent port and subnet creation events.
2026-03-18 11:10:10.279 8 INFO neutron.db.ovn_revision_numbers_db [None req-7804533d-98fc-4e04-8589-887d6eb7cd3f 4907bc5ec96e44028291795a3812becf ebd68378751e4257b8e411286c86d655 - - default default] Successfully bumped revision number for resource 05839e21-4486-400e-8ec7-da371f2af9f6 (type: ports) to 1
2026-03-18 11:10:10.668 8 INFO neutron.db.ovn_revision_numbers_db [None req-a82dbf2f-ec20-409f-94d3-8ef5a2fd77a3 - - - - - -] Successfully bumped revision number for resource 1080effc-2785-4f67-a88b-69205cc25399 (type: ports) to 2
2026-03-18 11:10:11.315 8 WARNING neutron.scheduler.dhcp_agent_scheduler [None req-7804533d-98fc-4e04-8589-887d6eb7cd3f 4907bc5ec96e44028291795a3812becf ebd68378751e4257b8e411286c86d655 - - default default] No more DHCP agents
2026-03-18 11:10:11.316 8 WARNING neutron.api.rpc.agentnotifiers.dhcp_rpc_agent_api [None req-7804533d-98fc-4e04-8589-887d6eb7cd3f 4907bc5ec96e44028291795a3812becf ebd68378751e4257b8e411286c86d655 - - default default] Unable to schedule network 6c03f35e-ce2b-4b76-93fd-24bb570bf391: no agents available; will retry on subsequent port and subnet creation events.
2026-03-18 11:10:11.745 8 INFO neutron.db.ovn_revision_numbers_db [None req-7804533d-98fc-4e04-8589-887d6eb7cd3f 4907bc5ec96e44028291795a3812becf ebd68378751e4257b8e411286c86d655 - - default default] Successfully bumped revision number for resource 05839e21-4486-400e-8ec7-da371f2af9f6 (type: router_ports) to 1 [pid: 8|app: 0|req: 1416/3022] 10.0.0.25 () {34 vars in 782 bytes} [Wed Mar 18 11:10:09 2026] PUT /v2.0/routers/08b006ea-1fe7-474d-9a94-2c1cc4d18edb/add_router_interface => generated 309 bytes in 2521 msecs (HTTP/1.1 200) 4 headers in 157 bytes (1 switches on core 0)
2026-03-18 11:10:12.227 7 WARNING neutron.scheduler.dhcp_agent_scheduler [None req-15b9e2c5-30e4-4202-bd38-98cc3f46d0c7 4907bc5ec96e44028291795a3812becf ebd68378751e4257b8e411286c86d655 - - default default] No more DHCP agents
2026-03-18 11:10:12.229 7 WARNING neutron.api.rpc.agentnotifiers.dhcp_rpc_agent_api [None req-15b9e2c5-30e4-4202-bd38-98cc3f46d0c7 4907bc5ec96e44028291795a3812becf ebd68378751e4257b8e411286c86d655 - - default default] Unable to schedule network a4450682-4cf3-4baf-b07e-1fa1ec315e02: no agents available; will retry on subsequent port and subnet creation events.
2026-03-18 11:10:12.396 7 INFO neutron.db.ovn_revision_numbers_db [None req-15b9e2c5-30e4-4202-bd38-98cc3f46d0c7 4907bc5ec96e44028291795a3812becf ebd68378751e4257b8e411286c86d655 - - default default] Successfully bumped revision number for resource d47a3074-20f8-49c9-8c56-607f2fafbcbd (type: ports) to 1
2026-03-18 11:10:13.180 7 WARNING neutron.scheduler.dhcp_agent_scheduler [None req-15b9e2c5-30e4-4202-bd38-98cc3f46d0c7 4907bc5ec96e44028291795a3812becf ebd68378751e4257b8e411286c86d655 - - default default] No more DHCP agents
2026-03-18 11:10:13.182 7 WARNING neutron.api.rpc.agentnotifiers.dhcp_rpc_agent_api [None req-15b9e2c5-30e4-4202-bd38-98cc3f46d0c7 4907bc5ec96e44028291795a3812becf ebd68378751e4257b8e411286c86d655 - - default default] Unable to schedule network a4450682-4cf3-4baf-b07e-1fa1ec315e02: no agents available; will retry on subsequent port and subnet creation events.
2026-03-18 11:10:13.589 7 INFO neutron.db.ovn_revision_numbers_db [None req-15b9e2c5-30e4-4202-bd38-98cc3f46d0c7 4907bc5ec96e44028291795a3812becf ebd68378751e4257b8e411286c86d655 - - default default] Successfully bumped revision number for resource d47a3074-20f8-49c9-8c56-607f2fafbcbd (type: router_ports) to 1 [pid: 7|app: 0|req: 1607/3023] 10.0.0.25 () {34 vars in 782 bytes} [Wed Mar 18 11:10:11 2026] PUT /v2.0/routers/08b006ea-1fe7-474d-9a94-2c1cc4d18edb/add_router_interface => generated 309 bytes in 1834 msecs (HTTP/1.1 200) 4 headers in 157 bytes (1 switches on core 0)
2026-03-18 11:10:14.387 8 INFO neutron.db.ovn_revision_numbers_db [None req-33de8c33-4745-4ce9-b4e1-e53770d11365 4907bc5ec96e44028291795a3812becf ebd68378751e4257b8e411286c86d655 - - default default] Successfully bumped revision number for resource 6be9e1c7-48c1-4f86-8d1a-0c1dcebc2c39 (type: security_groups) to 1
2026-03-18 11:10:14.502 8 INFO neutron.db.ovn_revision_numbers_db [None req-33de8c33-4745-4ce9-b4e1-e53770d11365 4907bc5ec96e44028291795a3812becf ebd68378751e4257b8e411286c86d655 - - default default] Successfully bumped revision number for resource 8df8b8d0-048d-4a22-9fe4-e72a06d16391 (type: security_group_rules) to 0
2026-03-18 11:10:14.519 8 INFO neutron.db.ovn_revision_numbers_db [None req-33de8c33-4745-4ce9-b4e1-e53770d11365 4907bc5ec96e44028291795a3812becf ebd68378751e4257b8e411286c86d655 - - default default] Successfully bumped revision number for resource 9e3bd859-466f-4b13-aa0c-0544c4e887dc (type: security_group_rules) to 0 [pid: 8|app: 0|req: 1417/3024] 10.0.0.25 () {34 vars in 683 bytes} [Wed Mar 18 11:10:13 2026] POST /v2.0/security-groups => generated 1630 bytes in 907 msecs (HTTP/1.1 201) 4 headers in 163 bytes (1 switches on core 0)
2026-03-18 11:10:14.713 7 INFO neutron.db.ovn_revision_numbers_db [None req-84b03488-6791-4727-9642-48f5f0ab163d 4907bc5ec96e44028291795a3812becf ebd68378751e4257b8e411286c86d655 - - default default] Successfully bumped revision number for resource 926043c9-b265-4b6a-812a-109cbc1d1b43 (type: security_group_rules) to 0 [pid: 7|app: 0|req: 1608/3025] 10.0.0.25 () {34 vars in 694 bytes} [Wed Mar 18 11:10:14 2026] POST /v2.0/security-group-rules => generated 597 bytes in 193 msecs (HTTP/1.1 201) 4 headers in 162 bytes (1 switches on core 0)
2026-03-18 11:10:14.925 8 INFO neutron.db.ovn_revision_numbers_db [None req-53c7b56b-3a3a-4ca7-839b-94ddf9b9b720 4907bc5ec96e44028291795a3812becf ebd68378751e4257b8e411286c86d655 - - default default] Successfully bumped revision number for resource b697be69-7965-4829-bc88-1765d928fb26 (type: security_group_rules) to 0 [pid: 8|app: 0|req: 1418/3026] 10.0.0.25 () {34 vars in 694 bytes} [Wed Mar 18 11:10:14 2026] POST /v2.0/security-group-rules => generated 597 bytes in 204 msecs (HTTP/1.1 201) 4 headers in 162 bytes (1 switches on core 0)
2026-03-18 11:10:15.135 7 INFO neutron.db.ovn_revision_numbers_db [None req-9242c522-e941-4cf1-9a3d-eb7462a869bc 4907bc5ec96e44028291795a3812becf ebd68378751e4257b8e411286c86d655 - - default default] Successfully bumped revision number for resource dab06afe-cce2-4630-9f0b-69202ac4e273 (type: security_group_rules) to 0 [pid: 7|app: 0|req: 1609/3027] 10.0.0.25 () {34 vars in 694 bytes} [Wed Mar 18 11:10:14 2026] POST /v2.0/security-group-rules => generated 599 bytes in 216 msecs (HTTP/1.1 201) 4 headers in 162 bytes (1 switches on core 0)
2026-03-18 11:10:15.357 8 INFO neutron.db.ovn_revision_numbers_db [None req-20323c11-a3dd-4a38-93a6-81496f6a5e21 4907bc5ec96e44028291795a3812becf ebd68378751e4257b8e411286c86d655 - - default default] Successfully bumped revision number for resource afe65fab-1179-46f5-a02d-79d9f6f90cf3 (type: security_group_rules) to 0 [pid: 8|app: 0|req: 1419/3028] 10.0.0.25 () {34 vars in 694 bytes} [Wed Mar 18 11:10:15 2026] POST /v2.0/security-group-rules => generated 601 bytes in 193 msecs (HTTP/1.1 201) 4 headers in 162 bytes (1 switches on core 0)
2026-03-18 11:10:15.558 7 INFO neutron.db.ovn_revision_numbers_db [None req-ba4e81f3-9112-4e30-b02d-b24f22ff7ca4 4907bc5ec96e44028291795a3812becf ebd68378751e4257b8e411286c86d655 - - default default] Successfully bumped revision number for resource a5c814ae-f190-4841-90fc-0899e609e20a (type: security_group_rules) to 0 [pid: 7|app: 0|req: 1610/3029] 10.0.0.25 () {34 vars in 694 bytes} [Wed Mar 18 11:10:15 2026] POST /v2.0/security-group-rules => generated 601 bytes in 192 msecs (HTTP/1.1 201) 4 headers in 162 bytes (1 switches on core 0)
2026-03-18 11:10:15.768 8 INFO neutron.db.ovn_revision_numbers_db [None req-28961ad6-7e56-4211-855e-c779de9dd8ec 4907bc5ec96e44028291795a3812becf ebd68378751e4257b8e411286c86d655 - - default default] Successfully bumped revision number for resource 27157a7c-dc59-458a-bfc5-19f60f88dfc5 (type: security_group_rules) to 0 [pid: 8|app: 0|req: 1420/3030] 10.0.0.25 () {34 vars in 694 bytes} [Wed Mar 18 11:10:15 2026] POST /v2.0/security-group-rules => generated 597 bytes in 215 msecs (HTTP/1.1 201) 4 headers in 162 bytes (1 switches on core 0)
2026-03-18 11:10:15.878 8 WARNING neutron.plugins.ml2.drivers.ovn.mech_driver.ovsdb.ovn_client [None req-94969cff-8364-41f1-9928-87e9144796c7 - - - - - -] No hosting information found for port 1080effc-2785-4f67-a88b-69205cc25399: RuntimeError: No hosting information found for port 1080effc-2785-4f67-a88b-69205cc25399
2026-03-18 11:10:15.980 8 INFO neutron.db.ovn_revision_numbers_db [None req-94969cff-8364-41f1-9928-87e9144796c7 - - - - - -] Successfully bumped revision number for resource 1080effc-2785-4f67-a88b-69205cc25399 (type: router_ports) to 2
2026-03-18 11:10:15.980 8 INFO neutron.plugins.ml2.drivers.ovn.mech_driver.mech_driver [None req-94969cff-8364-41f1-9928-87e9144796c7 - - - - - -] OVN reports status down for port: 05839e21-4486-400e-8ec7-da371f2af9f6
2026-03-18 11:10:16.044 7 INFO neutron.db.ovn_revision_numbers_db [None req-b40b0bd2-150e-45f4-be97-c05def828daa 4907bc5ec96e44028291795a3812becf ebd68378751e4257b8e411286c86d655 - - default default] Successfully bumped revision number for resource 1bac09b9-1a94-4e8e-8ca2-ed45f937f060 (type: security_group_rules) to 0
2026-03-18 11:10:16.046 8 WARNING neutron.plugins.ml2.drivers.ovn.mech_driver.ovsdb.ovn_client [None req-94969cff-8364-41f1-9928-87e9144796c7 - - - - - -] Logical_Switch_Port 05839e21-4486-400e-8ec7-da371f2af9f6 host information not removed, the port state is up [pid: 7|app: 0|req: 1611/3031] 10.0.0.25 () {34 vars in 694 bytes} [Wed Mar 18 11:10:15 2026] POST /v2.0/security-group-rules => generated 597 bytes in 285 msecs (HTTP/1.1 201) 4 headers in 162 bytes (1 switches on core 0)
2026-03-18 11:10:16.100 8 INFO neutron.plugins.ml2.drivers.ovn.mech_driver.mech_driver [None req-94969cff-8364-41f1-9928-87e9144796c7 - - - - - -] OVN reports status up for port: 05839e21-4486-400e-8ec7-da371f2af9f6
2026-03-18 11:10:16.117 8 INFO neutron.plugins.ml2.plugin [None req-94969cff-8364-41f1-9928-87e9144796c7 - - - - - -] Attempt 1 to provision port 05839e21-4486-400e-8ec7-da371f2af9f6
2026-03-18 11:10:16.399 8 INFO neutron.db.ovn_revision_numbers_db [None req-b405fa18-6e8a-4126-9127-16c4b93eb6e0 4907bc5ec96e44028291795a3812becf ebd68378751e4257b8e411286c86d655 - - default default] Successfully bumped revision number for resource 0100bd63-a732-4b2c-9b34-81988a351aef (type: security_group_rules) to 0 [pid: 8|app: 0|req: 1421/3032] 10.0.0.25 () {34 vars in 694 bytes} [Wed Mar 18 11:10:16 2026] POST /v2.0/security-group-rules => generated 597 bytes in 362 msecs (HTTP/1.1 201) 4 headers in 162 bytes (1 switches on core 0)
2026-03-18 11:10:16.654 8 INFO neutron.db.ovn_revision_numbers_db [None req-94969cff-8364-41f1-9928-87e9144796c7 - - - - - -] Successfully bumped revision number for resource 05839e21-4486-400e-8ec7-da371f2af9f6 (type: ports) to 2
2026-03-18 11:10:16.694 7 INFO neutron.db.ovn_revision_numbers_db [None req-70da9013-d348-4815-8dbf-c733e2157096 4907bc5ec96e44028291795a3812becf ebd68378751e4257b8e411286c86d655 - - default default] Successfully bumped revision number for resource 35e91659-fd7f-44fb-8819-1653aef540a2 (type: security_group_rules) to 0 [pid: 7|app: 0|req: 1612/3033] 10.0.0.25 () {34 vars in 694 bytes} [Wed Mar 18 11:10:16 2026] POST /v2.0/security-group-rules => generated 599 bytes in 268 msecs (HTTP/1.1 201) 4 headers in 162 bytes (1 switches on core 0)
2026-03-18 11:10:16.972 8 INFO neutron.db.ovn_revision_numbers_db [None req-7c6205c2-54ed-49a3-b300-51939e61e726 4907bc5ec96e44028291795a3812becf ebd68378751e4257b8e411286c86d655 - - default default] Successfully bumped revision number for resource e8e378b2-6123-4056-9ae7-23941af6a2a1 (type: security_group_rules) to 0 [pid: 8|app: 0|req: 1422/3034] 10.0.0.25 () {34 vars in 694 bytes} [Wed Mar 18 11:10:16 2026] POST /v2.0/security-group-rules => generated 601 bytes in 266 msecs (HTTP/1.1 201) 4 headers in 162 bytes (1 switches on core 0)
2026-03-18 11:10:17.204 7 INFO neutron.db.ovn_revision_numbers_db [None req-cec5b00b-2ff0-466e-bc4f-fbef90a2a481 4907bc5ec96e44028291795a3812becf ebd68378751e4257b8e411286c86d655 - - default default] Successfully bumped revision number for resource da6eb2c5-6261-46f2-8587-84e8848ceac6 (type: security_group_rules) to 0 [pid: 7|app: 0|req: 1613/3035] 10.0.0.25 () {34 vars in 694 bytes} [Wed Mar 18 11:10:17 2026] POST /v2.0/security-group-rules => generated 597 bytes in 226 msecs (HTTP/1.1 201) 4 headers in 162 bytes (1 switches on core 0) [pid: 8|app: 0|req: 1423/3036] 10.0.0.194 () {34 vars in 1096 bytes} [Wed Mar 18 11:10:17 2026] GET /v2.0/security-groups?name=tempest-lb_member_SG-1639411981&fields=id&tenant_id=ebd68378751e4257b8e411286c86d655 => generated 69 bytes in 50 msecs (HTTP/1.1 200) 4 headers in 156 bytes (1 switches on core 0) [pid: 7|app: 0|req: 1614/3037] 10.0.0.194 () {34 vars in 982 bytes} [Wed Mar 18 11:10:17 2026] GET /v2.0/networks?id=6c03f35e-ce2b-4b76-93fd-24bb570bf391 => generated 743 bytes in 62 msecs (HTTP/1.1 200) 4 headers in 157 bytes (1 switches on core 0) [pid: 8|app: 0|req: 1424/3038] 10.0.0.194 () {34 vars in 965 bytes} [Wed Mar 18 11:10:17 2026] GET /v2.0/quotas/ebd68378751e4257b8e411286c86d655 => generated 292 bytes in 12 msecs (HTTP/1.1 200) 4 headers in 157 bytes (1 switches on core 0) [pid: 7|app: 0|req: 1615/3039] 10.0.0.194 () {34 vars in 1002 bytes} [Wed Mar 18 11:10:17 2026] GET /v2.0/ports?tenant_id=ebd68378751e4257b8e411286c86d655&fields=id => generated 287 bytes in 157 msecs (HTTP/1.1 200) 4 headers in 157 bytes (1 switches on core 0) [pid: 8|app: 0|req: 1425/3040] 10.0.0.194 () {34 vars in 1008 bytes} [Wed Mar 18 11:10:17 2026] GET /v2.0/networks/6c03f35e-ce2b-4b76-93fd-24bb570bf391?fields=segments => generated 14 bytes in 69 msecs (HTTP/1.1 200) 4 headers in 156 bytes (1 switches on core 0) [pid: 7|app: 0|req: 1616/3041] 10.0.0.194 () {34 vars in 1108 bytes} [Wed Mar 18 11:10:17 2026] GET /v2.0/networks/6c03f35e-ce2b-4b76-93fd-24bb570bf391?fields=provider%3Aphysical_network&fields=provider%3Anetwork_type => generated 79 bytes in 50 msecs (HTTP/1.1 200) 4 headers in 156 bytes (1 switches on core 0) [pid: 8|app: 0|req: 1426/3042] 10.0.0.194 () {34 vars in 990 bytes} [Wed Mar 18 11:10:18 2026] GET /v2.0/ports?device_id=a2bc11e1-26e3-42e4-a5e3-76daf67e0a33 => generated 12 bytes in 42 msecs (HTTP/1.1 200) 4 headers in 156 bytes (1 switches on core 0)
2026-03-18 11:10:21.734 8 WARNING neutron.plugins.ml2.drivers.ovn.mech_driver.ovsdb.ovn_client [None req-9e4104ca-2dfe-4904-be3b-f137f3b95893 - - - - - -] No hosting information found for port 05839e21-4486-400e-8ec7-da371f2af9f6: RuntimeError: No hosting information found for port 05839e21-4486-400e-8ec7-da371f2af9f6
2026-03-18 11:10:21.835 8 INFO neutron.db.ovn_revision_numbers_db [None req-9e4104ca-2dfe-4904-be3b-f137f3b95893 - - - - - -] Successfully bumped revision number for resource 05839e21-4486-400e-8ec7-da371f2af9f6 (type: router_ports) to 2
2026-03-18 11:10:21.835 8 INFO neutron.plugins.ml2.drivers.ovn.mech_driver.mech_driver [None req-9e4104ca-2dfe-4904-be3b-f137f3b95893 - - - - - -] OVN reports status down for port: d47a3074-20f8-49c9-8c56-607f2fafbcbd
2026-03-18 11:10:21.892 8 WARNING neutron.plugins.ml2.drivers.ovn.mech_driver.ovsdb.ovn_client [None req-9e4104ca-2dfe-4904-be3b-f137f3b95893 - - - - - -] Logical_Switch_Port d47a3074-20f8-49c9-8c56-607f2fafbcbd host information not removed, the port state is up
2026-03-18 11:10:21.892 8 INFO neutron.plugins.ml2.drivers.ovn.mech_driver.mech_driver [None req-9e4104ca-2dfe-4904-be3b-f137f3b95893 - - - - - -] OVN reports status up for port: d47a3074-20f8-49c9-8c56-607f2fafbcbd
2026-03-18 11:10:21.902 8 INFO neutron.plugins.ml2.plugin [None req-9e4104ca-2dfe-4904-be3b-f137f3b95893 - - - - - -] Attempt 1 to provision port d47a3074-20f8-49c9-8c56-607f2fafbcbd
2026-03-18 11:10:22.261 8 INFO neutron.db.ovn_revision_numbers_db [None req-9e4104ca-2dfe-4904-be3b-f137f3b95893 - - - - - -] Successfully bumped revision number for resource d47a3074-20f8-49c9-8c56-607f2fafbcbd (type: ports) to 2 [pid: 7|app: 0|req: 1618/3045] 199.204.45.153 () {34 vars in 986 bytes} [Wed Mar 18 11:10:22 2026] GET /v2.0/networks?id=6c03f35e-ce2b-4b76-93fd-24bb570bf391 => generated 743 bytes in 95 msecs (HTTP/1.1 200) 4 headers in 157 bytes (1 switches on core 0) [pid: 8|app: 0|req: 1428/3046] 199.204.45.153 () {34 vars in 1050 bytes} [Wed Mar 18 11:10:22 2026] GET /v2.0/security-groups?fields=id&fields=name&tenant_id=ebd68378751e4257b8e411286c86d655 => generated 179 bytes in 56 msecs (HTTP/1.1 200) 4 headers in 157 bytes (1 switches on core 0)
2026-03-18 11:10:22.869 7 WARNING neutron.scheduler.dhcp_agent_scheduler [req-7018dd54-6c71-495d-bacd-f1dfa25bc437 req-00170118-8f26-44ba-8613-d1f3439f70c1 4907bc5ec96e44028291795a3812becf ebd68378751e4257b8e411286c86d655 - - default default] No more DHCP agents
2026-03-18 11:10:22.871 7 WARNING neutron.api.rpc.agentnotifiers.dhcp_rpc_agent_api [req-7018dd54-6c71-495d-bacd-f1dfa25bc437 req-00170118-8f26-44ba-8613-d1f3439f70c1 4907bc5ec96e44028291795a3812becf ebd68378751e4257b8e411286c86d655 - - default default] Unable to schedule network 6c03f35e-ce2b-4b76-93fd-24bb570bf391: no agents available; will retry on subsequent port and subnet creation events.
2026-03-18 11:10:23.070 7 INFO neutron.db.ovn_revision_numbers_db [req-7018dd54-6c71-495d-bacd-f1dfa25bc437 req-00170118-8f26-44ba-8613-d1f3439f70c1 4907bc5ec96e44028291795a3812becf ebd68378751e4257b8e411286c86d655 - - default default] Successfully bumped revision number for resource 70bdf669-87da-4f48-a096-9012b88be677 (type: ports) to 1 [pid: 7|app: 0|req: 1619/3047] 199.204.45.153 () {38 vars in 955 bytes} [Wed Mar 18 11:10:22 2026] POST /v2.0/ports => generated 1179 bytes in 615 msecs (HTTP/1.1 201) 4 headers in 163 bytes (1 switches on core 0) /var/lib/openstack/lib/python3.12/site-packages/pycadf/identifier.py:70: UserWarning: Invalid uuid: neutron. To ensure interoperability, identifiers should be a valid uuid. warnings.warn(('Invalid uuid: %s. To ensure interoperability, ' [pid: 7|app: 0|req: 1620/3048] 10.0.0.194 () {34 vars in 990 bytes} [Wed Mar 18 11:10:23 2026] GET /v2.0/ports?device_id=a2bc11e1-26e3-42e4-a5e3-76daf67e0a33 => generated 1182 bytes in 46 msecs (HTTP/1.1 200) 4 headers in 158 bytes (1 switches on core 0) [pid: 7|app: 0|req: 1621/3049] 10.0.0.194 () {34 vars in 1040 bytes} [Wed Mar 18 11:10:23 2026] GET /v2.0/security-groups?id=6be9e1c7-48c1-4f86-8d1a-0c1dcebc2c39&fields=id&fields=name => generated 112 bytes in 58 msecs (HTTP/1.1 200) 4 headers in 157 bytes (1 switches on core 0)
2026-03-18 11:10:23.921 8 INFO neutron.db.ovn_revision_numbers_db [req-7018dd54-6c71-495d-bacd-f1dfa25bc437 req-a5c9cac8-0bf3-4762-a071-a3059259eb43 e5515520c2b642b69451b885129f84f2 2037fad31b3c4851a310b9de9dd1ad65 - - c341987f76d84bfcba2e05879ecd73d4 c341987f76d84bfcba2e05879ecd73d4] Successfully bumped revision number for resource 70bdf669-87da-4f48-a096-9012b88be677 (type: ports) to 2
2026-03-18 11:10:24.169 8 INFO neutron.db.ovn_revision_numbers_db [req-7018dd54-6c71-495d-bacd-f1dfa25bc437 req-a5c9cac8-0bf3-4762-a071-a3059259eb43 e5515520c2b642b69451b885129f84f2 2037fad31b3c4851a310b9de9dd1ad65 - - c341987f76d84bfcba2e05879ecd73d4 c341987f76d84bfcba2e05879ecd73d4] Successfully bumped revision number for resource 70bdf669-87da-4f48-a096-9012b88be677 (type: ports) to 4 [pid: 8|app: 0|req: 1429/3050] 199.204.45.153 () {38 vars in 1028 bytes} [Wed Mar 18 11:10:23 2026] PUT /v2.0/ports/70bdf669-87da-4f48-a096-9012b88be677 => generated 1429 bytes in 1031 msecs (HTTP/1.1 200) 4 headers in 158 bytes (1 switches on core 0)
2026-03-18 11:10:24.270 8 INFO neutron.notifiers.nova [-] Nova event matching ['req-2319f25d-2b37-4797-b9ba-ad8c55714fa8'] response: {'name': 'network-changed', 'server_uuid': 'a2bc11e1-26e3-42e4-a5e3-76daf67e0a33', 'tag': '70bdf669-87da-4f48-a096-9012b88be677', 'status': 'completed', 'code': 200} [pid: 7|app: 0|req: 1622/3051] 199.204.45.153 () {34 vars in 1080 bytes} [Wed Mar 18 11:10:24 2026] GET /v2.0/ports?tenant_id=ebd68378751e4257b8e411286c86d655&device_id=a2bc11e1-26e3-42e4-a5e3-76daf67e0a33 => generated 1432 bytes in 48 msecs (HTTP/1.1 200) 4 headers in 158 bytes (1 switches on core 0) /var/lib/openstack/lib/python3.12/site-packages/pycadf/identifier.py:70: UserWarning: Invalid uuid: neutron. To ensure interoperability, identifiers should be a valid uuid. warnings.warn(('Invalid uuid: %s. To ensure interoperability, ' [pid: 8|app: 0|req: 1430/3052] 199.204.45.153 () {34 vars in 1018 bytes} [Wed Mar 18 11:10:24 2026] GET /v2.0/networks?tenant_id=ebd68378751e4257b8e411286c86d655&shared=False => generated 2498 bytes in 64 msecs (HTTP/1.1 200) 4 headers in 158 bytes (1 switches on core 0) [pid: 7|app: 0|req: 1623/3053] 199.204.45.153 () {34 vars in 930 bytes} [Wed Mar 18 11:10:24 2026] GET /v2.0/networks?shared=True => generated 791 bytes in 50 msecs (HTTP/1.1 200) 4 headers in 157 bytes (1 switches on core 0) [pid: 8|app: 0|req: 1431/3054] 199.204.45.153 () {34 vars in 1080 bytes} [Wed Mar 18 11:10:25 2026] GET /v2.0/ports?tenant_id=ebd68378751e4257b8e411286c86d655&device_id=a2bc11e1-26e3-42e4-a5e3-76daf67e0a33 => generated 1432 bytes in 66 msecs (HTTP/1.1 200) 4 headers in 158 bytes (1 switches on core 0) [pid: 7|app: 0|req: 1624/3055] 199.204.45.153 () {34 vars in 1058 bytes} [Wed Mar 18 11:10:26 2026] GET /v2.0/floatingips?fixed_ip_address=10.2.1.172&port_id=70bdf669-87da-4f48-a096-9012b88be677 => generated 19 bytes in 44 msecs (HTTP/1.1 200) 4 headers in 156 bytes (1 switches on core 0) [pid: 8|app: 0|req: 1432/3056] 199.204.45.153 () {34 vars in 1102 bytes} [Wed Mar 18 11:10:26 2026] GET /v2.0/floatingips?fixed_ip_address=fd7b%3Af9f7%3Afff%3A4eca%3A%3A8a&port_id=70bdf669-87da-4f48-a096-9012b88be677 => generated 19 bytes in 41 msecs (HTTP/1.1 200) 4 headers in 156 bytes (1 switches on core 0) [pid: 7|app: 0|req: 1625/3057] 199.204.45.153 () {34 vars in 1064 bytes} [Wed Mar 18 11:10:26 2026] GET /v2.0/subnets?id=77fea172-5068-47e3-a249-c15e0d5c997f&id=b5340f94-5223-4075-8dce-59f5ef4ebd28 => generated 1410 bytes in 40 msecs (HTTP/1.1 200) 4 headers in 158 bytes (1 switches on core 0) [pid: 8|app: 0|req: 1433/3058] 199.204.45.153 () {34 vars in 1052 bytes} [Wed Mar 18 11:10:26 2026] GET /v2.0/ports?network_id=6c03f35e-ce2b-4b76-93fd-24bb570bf391&device_owner=network%3Adhcp => generated 12 bytes in 39 msecs (HTTP/1.1 200) 4 headers in 156 bytes (1 switches on core 0) [pid: 7|app: 0|req: 1626/3059] 199.204.45.153 () {34 vars in 1052 bytes} [Wed Mar 18 11:10:26 2026] GET /v2.0/ports?network_id=6c03f35e-ce2b-4b76-93fd-24bb570bf391&device_owner=network%3Adhcp => generated 12 bytes in 511 msecs (HTTP/1.1 200) 4 headers in 156 bytes (1 switches on core 0) [pid: 8|app: 0|req: 1434/3060] 199.204.45.153 () {34 vars in 1012 bytes} [Wed Mar 18 11:10:26 2026] GET /v2.0/networks/6c03f35e-ce2b-4b76-93fd-24bb570bf391?fields=segments => generated 14 bytes in 37 msecs (HTTP/1.1 200) 4 headers in 156 bytes (1 switches on core 0) [pid: 7|app: 0|req: 1627/3061] 199.204.45.153 () {34 vars in 1112 bytes} [Wed Mar 18 11:10:26 2026] GET /v2.0/networks/6c03f35e-ce2b-4b76-93fd-24bb570bf391?fields=provider%3Aphysical_network&fields=provider%3Anetwork_type => generated 79 bytes in 37 msecs (HTTP/1.1 200) 4 headers in 156 bytes (1 switches on core 0)
2026-03-18 11:10:27.825 8 WARNING neutron.plugins.ml2.drivers.ovn.mech_driver.ovsdb.ovn_client [None req-fa7806c2-7271-4ed1-afec-6b0fe84e3781 - - - - - -] No hosting information found for port d47a3074-20f8-49c9-8c56-607f2fafbcbd: RuntimeError: No hosting information found for port d47a3074-20f8-49c9-8c56-607f2fafbcbd
2026-03-18 11:10:27.924 8 INFO neutron.db.ovn_revision_numbers_db [None req-fa7806c2-7271-4ed1-afec-6b0fe84e3781 - - - - - -] Successfully bumped revision number for resource d47a3074-20f8-49c9-8c56-607f2fafbcbd (type: router_ports) to 2
