2026-03-18 11:05:27.537 8 INFO neutron.db.ovn_revision_numbers_db [None req-aacf24dd-5cc1-4c26-8c17-c78a9b7ce679 18f6c9d8f421482486f720fbe3e6c143 5c5d3b1714e64a7c838d1fe74b30f147 - - default default] Successfully bumped revision number for resource 142182f2-c944-4b4f-9aed-cc8a22a4896b (type: subnets) to 0 [pid: 8|app: 0|req: 702/1551] 10.0.0.25 () {34 vars in 668 bytes} [Wed Mar 18 11:05:27 2026] POST /v2.0/subnets => generated 646 bytes in 331 msecs (HTTP/1.1 201) 4 headers in 162 bytes (1 switches on core 0) [pid: 8|app: 0|req: 703/1552] 199.204.45.153 () {34 vars in 994 bytes} [Wed Mar 18 11:05:27 2026] GET /v2.0/ports?device_id=d2408ab0-b5e7-4c97-a318-766671fc688d => generated 973 bytes in 36 msecs (HTTP/1.1 200) 4 headers in 157 bytes (1 switches on core 0)
2026-03-18 11:05:27.914 7 INFO neutron.db.ovn_revision_numbers_db [None req-451d69cd-71ff-48f3-9859-67d59a0e2885 a124b12525f84d4fa4b52bac95024e6d f298e9152d724241b34f57fa202c698e - - default default] Successfully bumped revision number for resource 3a2cba5f-471b-41ad-9d40-c47502d08a39 (type: security_groups) to 1
2026-03-18 11:05:27.926 7 INFO neutron.db.ovn_revision_numbers_db [None req-451d69cd-71ff-48f3-9859-67d59a0e2885 a124b12525f84d4fa4b52bac95024e6d f298e9152d724241b34f57fa202c698e - - default default] Successfully bumped revision number for resource 1c0fa963-4032-4c4c-b6df-3b47365591df (type: security_group_rules) to 0
2026-03-18 11:05:27.938 7 INFO neutron.db.ovn_revision_numbers_db [None req-451d69cd-71ff-48f3-9859-67d59a0e2885 a124b12525f84d4fa4b52bac95024e6d f298e9152d724241b34f57fa202c698e - - default default] Successfully bumped revision number for resource 3e370753-043a-4df3-9996-ff0c19cbc479 (type: security_group_rules) to 0
2026-03-18 11:05:27.949 7 INFO neutron.db.ovn_revision_numbers_db [None req-451d69cd-71ff-48f3-9859-67d59a0e2885 a124b12525f84d4fa4b52bac95024e6d f298e9152d724241b34f57fa202c698e - - default default] Successfully bumped revision number for resource a91e1a63-cff6-4e27-9b78-d350869f30ee (type: security_group_rules) to 0
2026-03-18 11:05:27.961 7 INFO neutron.db.ovn_revision_numbers_db [None req-451d69cd-71ff-48f3-9859-67d59a0e2885 a124b12525f84d4fa4b52bac95024e6d f298e9152d724241b34f57fa202c698e - - default default] Successfully bumped revision number for resource cae88067-4e66-4fd6-8ad6-99d40eea85dd (type: security_group_rules) to 0 [pid: 7|app: 0|req: 850/1553] 10.0.0.25 () {32 vars in 773 bytes} [Wed Mar 18 11:05:27 2026] GET /v2.0/security-groups?tenant_id=f5a06fac1d07430c997dc98e3c80d539&name=default => generated 2925 bytes in 471 msecs (HTTP/1.1 200) 4 headers in 158 bytes (1 switches on core 0)
2026-03-18 11:05:28.104 7 INFO neutron_taas.services.taas.taas_plugin [req-e6f12e21-8d82-43bc-b987-b26ae24801c5 req-eda168dd-abaf-4960-a610-c640a0567d69 8ad81f96469b46efb01e7418add4e17f 02773b9b25eb40eebd21466d4e9f7324 - - default default] TaaS: Handle Delete Port: 6fccb994-27a1-40b9-9fdd-76ac25130dca
2026-03-18 11:05:28.108 7 INFO neutron_taas.services.taas.tap_mirror_plugin [req-e6f12e21-8d82-43bc-b987-b26ae24801c5 req-eda168dd-abaf-4960-a610-c640a0567d69 8ad81f96469b46efb01e7418add4e17f 02773b9b25eb40eebd21466d4e9f7324 - - default default] Tap Mirror: Handle Delete Port: 6fccb994-27a1-40b9-9fdd-76ac25130dca
2026-03-18 11:05:28.207 8 INFO neutron.db.ovn_revision_numbers_db [None req-7b718f58-ea9e-4ec8-b89a-2d3154b6edbd - - - - - -] Successfully bumped revision number for resource 0c6b7828-3e19-412f-b5a3-316bc8523343 (type: ports) to 2
2026-03-18 11:05:28.260 8 INFO neutron.db.ovn_revision_numbers_db [None req-7b718f58-ea9e-4ec8-b89a-2d3154b6edbd - - - - - -] Successfully bumped revision number for resource 142182f2-c944-4b4f-9aed-cc8a22a4896b (type: subnets) to 1 [pid: 8|app: 0|req: 704/1554] 10.0.0.25 () {34 vars in 740 bytes} [Wed Mar 18 11:05:27 2026] PUT /v2.0/subnets/142182f2-c944-4b4f-9aed-cc8a22a4896b => generated 656 bytes in 673 msecs (HTTP/1.1 200) 4 headers in 157 bytes (1 switches on core 0) [pid: 8|app: 0|req: 705/1555] 10.0.0.194 () {34 vars in 990 bytes} [Wed Mar 18 11:05:28 2026] GET /v2.0/ports?device_id=d2408ab0-b5e7-4c97-a318-766671fc688d => generated 12 bytes in 22 msecs (HTTP/1.1 200) 4 headers in 156 bytes (1 switches on core 0) [pid: 7|app: 0|req: 851/1556] 199.204.45.153 () {36 vars in 997 bytes} [Wed Mar 18 11:05:27 2026] DELETE /v2.0/ports/6fccb994-27a1-40b9-9fdd-76ac25130dca => generated 0 bytes in 315 msecs (HTTP/1.1 204) 3 headers in 131 bytes (1 switches on core 0)
2026-03-18 11:05:28.346 7 INFO neutron.notifiers.nova [-] Nova event matching ['req-f5344d8d-225f-4403-bb0d-e9aaf9917f9c'] response: {'server_uuid': 'd2408ab0-b5e7-4c97-a318-766671fc688d', 'name': 'network-vif-deleted', 'tag': '6fccb994-27a1-40b9-9fdd-76ac25130dca', 'status': 'completed', 'code': 200}
2026-03-18 11:05:28.501 7 INFO neutron_taas.services.taas.taas_plugin [None req-f7d3d83f-5d19-447a-be69-d4e775b94895 18f6c9d8f421482486f720fbe3e6c143 5c5d3b1714e64a7c838d1fe74b30f147 - - default default] TaaS: Handle Delete Port: 0c6b7828-3e19-412f-b5a3-316bc8523343
2026-03-18 11:05:28.509 7 INFO neutron_taas.services.taas.tap_mirror_plugin [None req-f7d3d83f-5d19-447a-be69-d4e775b94895 18f6c9d8f421482486f720fbe3e6c143 5c5d3b1714e64a7c838d1fe74b30f147 - - default default] Tap Mirror: Handle Delete Port: 0c6b7828-3e19-412f-b5a3-316bc8523343 [pid: 8|app: 0|req: 706/1557] 10.0.0.25 () {32 vars in 739 bytes} [Wed Mar 18 11:05:28 2026] DELETE /v2.0/security-groups/3a2cba5f-471b-41ad-9d40-c47502d08a39 => generated 0 bytes in 265 msecs (HTTP/1.1 204) 2 headers in 112 bytes (1 switches on core 0)
2026-03-18 11:05:28.691 8 INFO neutron.notifiers.nova [-] Nova event matching ['req-8d950eaf-275f-477a-8aaa-8e5497fe5434'] response: {'server_uuid': 'd2408ab0-b5e7-4c97-a318-766671fc688d', 'name': 'network-vif-unplugged', 'status': 'completed', 'tag': '6fccb994-27a1-40b9-9fdd-76ac25130dca', 'code': 200}
2026-03-18 11:05:28.817 7 INFO neutron.services.segments.plugin [-] Segment b9ad6955-09a3-464e-a0c0-3d41bccf8f11 resource provider aggregate not found
2026-03-18 11:05:28.828 7 INFO neutron.services.segments.plugin [-] Segment b9ad6955-09a3-464e-a0c0-3d41bccf8f11 resource provider aggregate not found
2026-03-18 11:05:28.843 7 INFO neutron.services.segments.plugin [-] Segment b9ad6955-09a3-464e-a0c0-3d41bccf8f11 resource provider not found; error: Placement Client Error (4xx): {"errors": [{"status": 404, "title": "Not Found", "detail": "The resource could not be found.\n\n No resource provider with uuid b9ad6955-09a3-464e-a0c0-3d41bccf8f11 found for delete ", "request_id": "req-908b5551-1660-4140-90ad-3cf3dc8ddade"}]}
2026-03-18 11:05:28.849 7 INFO neutron.services.segments.plugin [-] Segment b9ad6955-09a3-464e-a0c0-3d41bccf8f11 resource provider not found; error: Placement Client Error (4xx): {"errors": [{"status": 404, "title": "Not Found", "detail": "The resource could not be found.\n\n No resource provider with uuid b9ad6955-09a3-464e-a0c0-3d41bccf8f11 found for delete ", "request_id": "req-388cfabb-25ef-4293-a921-189b1c49efbb"}]} [pid: 7|app: 0|req: 852/1558] 10.0.0.25 () {32 vars in 725 bytes} [Wed Mar 18 11:05:28 2026] DELETE /v2.0/networks/efa8b3b3-758f-4095-85da-3b1f61a99360 => generated 0 bytes in 577 msecs (HTTP/1.1 204) 3 headers in 131 bytes (1 switches on core 0)
2026-03-18 11:05:28.908 7 INFO neutron.pecan_wsgi.hooks.translation [None req-fdb58c79-293a-4d44-9f7e-b4f6657b377c 18f6c9d8f421482486f720fbe3e6c143 5c5d3b1714e64a7c838d1fe74b30f147 - - default default] DELETE failed (client error): The resource could not be found. [pid: 7|app: 0|req: 853/1559] 10.0.0.25 () {32 vars in 725 bytes} [Wed Mar 18 11:05:28 2026] DELETE /v2.0/networks/efa8b3b3-758f-4095-85da-3b1f61a99360 => generated 138 bytes in 14 msecs (HTTP/1.1 404) 4 headers in 164 bytes (1 switches on core 0) [pid: 7|app: 0|req: 854/1560] 10.0.0.25 () {32 vars in 693 bytes} [Wed Mar 18 11:05:28 2026] GET /v2.0/networks?router%3Aexternal=True => generated 689 bytes in 57 msecs (HTTP/1.1 200) 4 headers in 157 bytes (1 switches on core 0) [pid: 8|app: 0|req: 707/1561] 10.0.0.44 () {28 vars in 590 bytes} [Wed Mar 18 11:05:28 2026] GET /v2.0/floatingips => generated 19 bytes in 214 msecs (HTTP/1.1 200) 4 headers in 156 bytes (1 switches on core 0) [pid: 7|app: 0|req: 855/1562] 10.0.0.25 () {32 vars in 741 bytes} [Wed Mar 18 11:05:28 2026] GET /v2.0/subnets?network_id=5efbf1d6-954f-42e1-8123-8a971c3bf319 => generated 649 bytes in 26 msecs (HTTP/1.1 200) 4 headers in 157 bytes (1 switches on core 0) [pid: 7|app: 0|req: 856/1563] 10.0.0.25 () {32 vars in 652 bytes} [Wed Mar 18 11:05:29 2026] GET /v2.0/extensions => generated 20541 bytes in 5 msecs (HTTP/1.1 200) 4 headers in 159 bytes (1 switches on core 0) [pid: 8|app: 0|req: 708/1564] 10.0.0.44 () {28 vars in 582 bytes} [Wed Mar 18 11:05:28 2026] GET /v2.0/subnets => generated 2666 bytes in 37 msecs (HTTP/1.1 200) 4 headers in 158 bytes (1 switches on core 0) [pid: 7|app: 0|req: 857/1565] 10.0.0.25 () {32 vars in 648 bytes} [Wed Mar 18 11:05:29 2026] GET /v2.0/networks => generated 1389 bytes in 47 msecs (HTTP/1.1 200) 4 headers in 158 bytes (1 switches on core 0) [pid: 8|app: 0|req: 709/1566] 10.0.0.44 () {28 vars in 584 bytes} [Wed Mar 18 11:05:29 2026] GET /v2.0/networks => generated 3882 bytes in 57 msecs (HTTP/1.1 200) 4 headers in 158 bytes (1 switches on core 0) [pid: 7|app: 0|req: 858/1567] 10.0.0.25 () {32 vars in 646 bytes} [Wed Mar 18 11:05:29 2026] GET /v2.0/subnets => generated 1312 bytes in 35 msecs (HTTP/1.1 200) 4 headers in 158 bytes (1 switches on core 0) [pid: 8|app: 0|req: 710/1568] 10.0.0.44 () {28 vars in 598 bytes} [Wed Mar 18 11:05:29 2026] GET /v2.0/security-groups => generated 23209 bytes in 32 msecs (HTTP/1.1 200) 4 headers in 159 bytes (1 switches on core 0) [pid: 7|app: 0|req: 859/1569] 10.0.0.25 () {32 vars in 722 bytes} [Wed Mar 18 11:05:29 2026] GET /v2.0/networks/cf80bb08-5ee1-4a4d-bd7f-cea6dc869bc6 => generated 711 bytes in 45 msecs (HTTP/1.1 200) 4 headers in 157 bytes (1 switches on core 0) [pid: 8|app: 0|req: 711/1570] 10.0.0.44 () {28 vars in 578 bytes} [Wed Mar 18 11:05:29 2026] GET /v2.0/ports => generated 9276 bytes in 63 msecs (HTTP/1.1 200) 4 headers in 158 bytes (1 switches on core 0) [pid: 7|app: 0|req: 860/1571] 10.0.0.25 () {32 vars in 720 bytes} [Wed Mar 18 11:05:29 2026] GET /v2.0/subnets/efac73e7-f27f-4cf4-a8f4-8db90b69dd3d => generated 673 bytes in 28 msecs (HTTP/1.1 200) 4 headers in 157 bytes (1 switches on core 0)
2026-03-18 11:05:29.213 8 INFO neutron.pecan_wsgi.hooks.translation [None req-0dab8f66-8bd4-4a1b-9b5c-1152a18c8ecd 18f6c9d8f421482486f720fbe3e6c143 5c5d3b1714e64a7c838d1fe74b30f147 - - default default] DELETE failed (client error): The resource could not be found. [pid: 8|app: 0|req: 712/1572] 10.0.0.25 () {32 vars in 723 bytes} [Wed Mar 18 11:05:29 2026] DELETE /v2.0/subnets/142182f2-c944-4b4f-9aed-cc8a22a4896b => generated 136 bytes in 16 msecs (HTTP/1.1 404) 4 headers in 164 bytes (1 switches on core 0) [pid: 7|app: 0|req: 861/1573] 10.0.0.44 () {28 vars in 618 bytes} [Wed Mar 18 11:05:29 2026] GET /v2.0/network-ip-availabilities => generated 2048 bytes in 22 msecs (HTTP/1.1 200) 4 headers in 158 bytes (1 switches on core 0)
2026-03-18 11:05:29.234 8 INFO neutron.pecan_wsgi.hooks.translation [None req-5c29ef4d-9ca7-4ad7-ba74-d5dadd635bd3 18f6c9d8f421482486f720fbe3e6c143 5c5d3b1714e64a7c838d1fe74b30f147 - - default default] DELETE failed (client error): The resource could not be found. [pid: 8|app: 0|req: 713/1574] 10.0.0.25 () {32 vars in 725 bytes} [Wed Mar 18 11:05:29 2026] DELETE /v2.0/networks/efa8b3b3-758f-4095-85da-3b1f61a99360 => generated 138 bytes in 15 msecs (HTTP/1.1 404) 4 headers in 164 bytes (1 switches on core 0) [pid: 7|app: 0|req: 862/1575] 10.0.0.194 () {34 vars in 990 bytes} [Wed Mar 18 11:05:29 2026] GET /v2.0/ports?device_id=d2408ab0-b5e7-4c97-a318-766671fc688d => generated 12 bytes in 21 msecs (HTTP/1.1 200) 4 headers in 156 bytes (1 switches on core 0) [pid: 8|app: 0|req: 714/1576] 10.0.0.44 () {28 vars in 582 bytes} [Wed Mar 18 11:05:29 2026] GET /v2.0/subnets => generated 2666 bytes in 33 msecs (HTTP/1.1 200) 4 headers in 158 bytes (1 switches on core 0) [pid: 8|app: 0|req: 715/1577] 10.0.0.44 () {28 vars in 590 bytes} [Wed Mar 18 11:05:29 2026] GET /v2.0/subnetpools => generated 19 bytes in 15 msecs (HTTP/1.1 200) 4 headers in 156 bytes (1 switches on core 0) [pid: 8|app: 0|req: 716/1578] 10.0.0.44 () {28 vars in 582 bytes} [Wed Mar 18 11:05:29 2026] GET /v2.0/routers => generated 974 bytes in 66 msecs (HTTP/1.1 200) 4 headers in 157 bytes (1 switches on core 0) [pid: 8|app: 0|req: 717/1579] 10.0.0.194 () {34 vars in 990 bytes} [Wed Mar 18 11:05:29 2026] GET /v2.0/ports?device_id=d2408ab0-b5e7-4c97-a318-766671fc688d => generated 12 bytes in 21 msecs (HTTP/1.1 200) 4 headers in 156 bytes (1 switches on core 0) [pid: 8|app: 0|req: 718/1580] 10.0.0.44 () {28 vars in 623 bytes} [Wed Mar 18 11:05:29 2026] GET /v2.0/agents?binary=ovn-controller => generated 416 bytes in 27 msecs (HTTP/1.1 200) 4 headers in 157 bytes (1 switches on core 0) [pid: 8|app: 0|req: 719/1581] 10.0.0.44 () {28 vars in 580 bytes} [Wed Mar 18 11:05:29 2026] GET /v2.0/agents => generated 1214 bytes in 12 msecs (HTTP/1.1 200) 4 headers in 158 bytes (1 switches on core 0) [pid: 7|app: 0|req: 863/1582] 10.0.0.25 () {32 vars in 723 bytes} [Wed Mar 18 11:05:29 2026] DELETE /v2.0/subnets/efac73e7-f27f-4cf4-a8f4-8db90b69dd3d => generated 0 bytes in 188 msecs (HTTP/1.1 204) 3 headers in 131 bytes (1 switches on core 0)
2026-03-18 11:05:29.570 8 INFO neutron_taas.services.taas.taas_plugin [None req-23ae646d-fa90-4f89-b5ad-0994a766b2a3 18f6c9d8f421482486f720fbe3e6c143 5c5d3b1714e64a7c838d1fe74b30f147 - - default default] TaaS: Handle Delete Port: dd361669-34ad-4b07-af32-52a724c726c0
2026-03-18 11:05:29.573 8 INFO neutron_taas.services.taas.tap_mirror_plugin [None req-23ae646d-fa90-4f89-b5ad-0994a766b2a3 18f6c9d8f421482486f720fbe3e6c143 5c5d3b1714e64a7c838d1fe74b30f147 - - default default] Tap Mirror: Handle Delete Port: dd361669-34ad-4b07-af32-52a724c726c0
2026-03-18 11:05:29.774 8 INFO neutron.services.segments.plugin [-] Segment 3bde1832-61f9-4601-bac5-acaa37c8e9e7 resource provider aggregate not found
2026-03-18 11:05:29.778 8 INFO neutron.services.segments.plugin [-] Segment 3bde1832-61f9-4601-bac5-acaa37c8e9e7 resource provider aggregate not found
2026-03-18 11:05:29.791 8 INFO neutron.services.segments.plugin [-] Segment 3bde1832-61f9-4601-bac5-acaa37c8e9e7 resource provider not found; error: Placement Client Error (4xx): {"errors": [{"status": 404, "title": "Not Found", "detail": "The resource could not be found.\n\n No resource provider with uuid 3bde1832-61f9-4601-bac5-acaa37c8e9e7 found for delete ", "request_id": "req-f19a125f-4d2e-436b-ae11-8ec115754189"}]}
2026-03-18 11:05:29.799 8 INFO neutron.services.segments.plugin [-] Segment 3bde1832-61f9-4601-bac5-acaa37c8e9e7 resource provider not found; error: Placement Client Error (4xx): {"errors": [{"status": 404, "title": "Not Found", "detail": "The resource could not be found.\n\n No resource provider with uuid 3bde1832-61f9-4601-bac5-acaa37c8e9e7 found for delete ", "request_id": "req-a8c8509d-7ade-41cf-a4c3-0bf2f62321b2"}]} [pid: 8|app: 0|req: 720/1583] 10.0.0.25 () {32 vars in 725 bytes} [Wed Mar 18 11:05:29 2026] DELETE /v2.0/networks/cf80bb08-5ee1-4a4d-bd7f-cea6dc869bc6 => generated 0 bytes in 407 msecs (HTTP/1.1 204) 3 headers in 131 bytes (1 switches on core 0)
2026-03-18 11:05:30.204 7 INFO neutron.db.ovn_revision_numbers_db [None req-578aef4a-191c-4aca-9471-b068e860c03e a124b12525f84d4fa4b52bac95024e6d f298e9152d724241b34f57fa202c698e - - default default] Successfully bumped revision number for resource c67bdceb-4d54-4ba1-8460-a6011507c92b (type: security_groups) to 1
2026-03-18 11:05:30.214 7 INFO neutron.db.ovn_revision_numbers_db [None req-578aef4a-191c-4aca-9471-b068e860c03e a124b12525f84d4fa4b52bac95024e6d f298e9152d724241b34f57fa202c698e - - default default] Successfully bumped revision number for resource 899dfb3c-9352-41cd-a5d0-a63b75aa9883 (type: security_group_rules) to 0
2026-03-18 11:05:30.224 7 INFO neutron.db.ovn_revision_numbers_db [None req-578aef4a-191c-4aca-9471-b068e860c03e a124b12525f84d4fa4b52bac95024e6d f298e9152d724241b34f57fa202c698e - - default default] Successfully bumped revision number for resource 9cd0703e-5deb-4177-a6a8-d84c0f4cc0e8 (type: security_group_rules) to 0
2026-03-18 11:05:30.234 7 INFO neutron.db.ovn_revision_numbers_db [None req-578aef4a-191c-4aca-9471-b068e860c03e a124b12525f84d4fa4b52bac95024e6d f298e9152d724241b34f57fa202c698e - - default default] Successfully bumped revision number for resource af0fd68c-37b7-4274-b1f7-45acc4e935be (type: security_group_rules) to 0
2026-03-18 11:05:30.247 7 INFO neutron.db.ovn_revision_numbers_db [None req-578aef4a-191c-4aca-9471-b068e860c03e a124b12525f84d4fa4b52bac95024e6d f298e9152d724241b34f57fa202c698e - - default default] Successfully bumped revision number for resource fd4db41f-c959-4e37-89de-03e25f8cc94f (type: security_group_rules) to 0 [pid: 7|app: 0|req: 864/1584] 10.0.0.25 () {32 vars in 773 bytes} [Wed Mar 18 11:05:29 2026] GET /v2.0/security-groups?tenant_id=466850a694ac40b5a4f2788b09d288e8&name=default => generated 2925 bytes in 456 msecs (HTTP/1.1 200) 4 headers in 158 bytes (1 switches on core 0) [pid: 7|app: 0|req: 865/1585] 10.0.0.25 () {32 vars in 739 bytes} [Wed Mar 18 11:05:30 2026] DELETE /v2.0/security-groups/c67bdceb-4d54-4ba1-8460-a6011507c92b => generated 0 bytes in 271 msecs (HTTP/1.1 204) 2 headers in 112 bytes (1 switches on core 0)
2026-03-18 11:05:30.609 8 INFO neutron.db.ovn_revision_numbers_db [None req-2dff95fc-9523-4931-a9cb-bdef6384b140 32d10c8a46904f5aadc3a8e8fe2d33f1 2c2910997e834613b468cd740c932d5a - - default default] Successfully bumped revision number for resource 42a85314-5b47-42ba-bd7d-8b30ee3af008 (type: security_groups) to 1
2026-03-18 11:05:30.629 8 INFO neutron.db.ovn_revision_numbers_db [None req-2dff95fc-9523-4931-a9cb-bdef6384b140 32d10c8a46904f5aadc3a8e8fe2d33f1 2c2910997e834613b468cd740c932d5a - - default default] Successfully bumped revision number for resource 98984fbe-3971-4888-8191-5b8e52f9b14f (type: security_group_rules) to 0 [pid: 7|app: 0|req: 866/1586] 10.0.0.25 () {32 vars in 773 bytes} [Wed Mar 18 11:05:30 2026] GET /v2.0/security-groups?tenant_id=5c5d3b1714e64a7c838d1fe74b30f147&name=default => generated 2925 bytes in 65 msecs (HTTP/1.1 200) 4 headers in 158 bytes (1 switches on core 0)
2026-03-18 11:05:30.639 8 INFO neutron.db.ovn_revision_numbers_db [None req-2dff95fc-9523-4931-a9cb-bdef6384b140 32d10c8a46904f5aadc3a8e8fe2d33f1 2c2910997e834613b468cd740c932d5a - - default default] Successfully bumped revision number for resource 9e43cfc3-4de6-40ea-9728-c2217441fc69 (type: security_group_rules) to 0 [pid: 7|app: 0|req: 867/1587] 10.0.0.194 () {34 vars in 990 bytes} [Wed Mar 18 11:05:30 2026] GET /v2.0/ports?device_id=d2408ab0-b5e7-4c97-a318-766671fc688d => generated 12 bytes in 18 msecs (HTTP/1.1 200) 4 headers in 156 bytes (1 switches on core 0)
2026-03-18 11:05:30.651 8 INFO neutron.db.ovn_revision_numbers_db [None req-2dff95fc-9523-4931-a9cb-bdef6384b140 32d10c8a46904f5aadc3a8e8fe2d33f1 2c2910997e834613b468cd740c932d5a - - default default] Successfully bumped revision number for resource b4391c05-9418-4954-af30-1298968241bf (type: security_group_rules) to 0
2026-03-18 11:05:30.673 8 INFO neutron.db.ovn_revision_numbers_db [None req-2dff95fc-9523-4931-a9cb-bdef6384b140 32d10c8a46904f5aadc3a8e8fe2d33f1 2c2910997e834613b468cd740c932d5a - - default default] Successfully bumped revision number for resource fa18b27a-a0b9-4ef6-9dbc-b3cf54974253 (type: security_group_rules) to 0
2026-03-18 11:05:30.747 8 INFO neutron.db.segments_db [None req-2dff95fc-9523-4931-a9cb-bdef6384b140 32d10c8a46904f5aadc3a8e8fe2d33f1 2c2910997e834613b468cd740c932d5a - - default default] Added segment 32a345c9-7636-446d-a356-ca3696e33408 of type geneve for network 62f6a0bb-9b5d-45fd-86d9-c389508780a9
2026-03-18 11:05:30.898 8 INFO neutron.db.ovn_revision_numbers_db [None req-2dff95fc-9523-4931-a9cb-bdef6384b140 32d10c8a46904f5aadc3a8e8fe2d33f1 2c2910997e834613b468cd740c932d5a - - default default] Successfully bumped revision number for resource 62f6a0bb-9b5d-45fd-86d9-c389508780a9 (type: networks) to 1 [pid: 7|app: 0|req: 868/1588] 10.0.0.25 () {32 vars in 739 bytes} [Wed Mar 18 11:05:30 2026] DELETE /v2.0/security-groups/67818552-ca82-4780-b32d-f527206b4024 => generated 0 bytes in 295 msecs (HTTP/1.1 204) 2 headers in 112 bytes (1 switches on core 0)
2026-03-18 11:05:31.066 8 WARNING neutron.scheduler.dhcp_agent_scheduler [None req-2dff95fc-9523-4931-a9cb-bdef6384b140 32d10c8a46904f5aadc3a8e8fe2d33f1 2c2910997e834613b468cd740c932d5a - - default default] No more DHCP agents
2026-03-18 11:05:31.068 8 WARNING neutron.api.rpc.agentnotifiers.dhcp_rpc_agent_api [None req-2dff95fc-9523-4931-a9cb-bdef6384b140 32d10c8a46904f5aadc3a8e8fe2d33f1 2c2910997e834613b468cd740c932d5a - - default default] Unable to schedule network 62f6a0bb-9b5d-45fd-86d9-c389508780a9: no agents available; will retry on subsequent port and subnet creation events.
2026-03-18 11:05:31.132 8 INFO neutron.plugins.ml2.drivers.ovn.mech_driver.mech_driver [None req-5580ffd6-6cf8-46d4-bc37-a7e5139f9c08 - - - - - -] OVN reports status down for port: 6993c3f5-8394-4dc0-81d5-418355776643
2026-03-18 11:05:31.193 8 INFO neutron.db.ovn_revision_numbers_db [None req-2dff95fc-9523-4931-a9cb-bdef6384b140 32d10c8a46904f5aadc3a8e8fe2d33f1 2c2910997e834613b468cd740c932d5a - - default default] Successfully bumped revision number for resource 6993c3f5-8394-4dc0-81d5-418355776643 (type: ports) to 1 [pid: 8|app: 0|req: 721/1589] 10.0.0.25 () {34 vars in 669 bytes} [Wed Mar 18 11:05:30 2026] POST /v2.0/networks => generated 688 bytes in 943 msecs (HTTP/1.1 201) 4 headers in 162 bytes (1 switches on core 0)
2026-03-18 11:05:31.420 7 WARNING neutron.scheduler.dhcp_agent_scheduler [None req-78c79eec-7b4d-4024-b73a-5282c552c095 32d10c8a46904f5aadc3a8e8fe2d33f1 2c2910997e834613b468cd740c932d5a - - default default] No more DHCP agents
2026-03-18 11:05:31.422 7 WARNING neutron.api.rpc.agentnotifiers.dhcp_rpc_agent_api [None req-78c79eec-7b4d-4024-b73a-5282c552c095 32d10c8a46904f5aadc3a8e8fe2d33f1 2c2910997e834613b468cd740c932d5a - - default default] Unable to schedule network 62f6a0bb-9b5d-45fd-86d9-c389508780a9: no agents available; will retry on subsequent port and subnet creation events.
2026-03-18 11:05:31.443 7 INFO neutron.db.ovn_revision_numbers_db [None req-78c79eec-7b4d-4024-b73a-5282c552c095 32d10c8a46904f5aadc3a8e8fe2d33f1 2c2910997e834613b468cd740c932d5a - - default default] Successfully bumped revision number for resource 5bc602bf-fb04-4c97-aaa7-9dea345607fa (type: subnets) to 0 [pid: 7|app: 0|req: 869/1590] 10.0.0.25 () {34 vars in 668 bytes} [Wed Mar 18 11:05:31 2026] POST /v2.0/subnets => generated 627 bytes in 220 msecs (HTTP/1.1 201) 4 headers in 162 bytes (1 switches on core 0)
2026-03-18 11:05:31.903 8 WARNING neutron.scheduler.dhcp_agent_scheduler [None req-371e0391-06ce-4e5f-ac67-19bb8ea266e3 32d10c8a46904f5aadc3a8e8fe2d33f1 2c2910997e834613b468cd740c932d5a - - default default] No more DHCP agents
2026-03-18 11:05:31.904 8 WARNING neutron.api.rpc.agentnotifiers.dhcp_rpc_agent_api [None req-371e0391-06ce-4e5f-ac67-19bb8ea266e3 32d10c8a46904f5aadc3a8e8fe2d33f1 2c2910997e834613b468cd740c932d5a - - default default] Unable to schedule network 5efbf1d6-954f-42e1-8123-8a971c3bf319: no agents available; will retry on subsequent port and subnet creation events.
2026-03-18 11:05:32.049 8 INFO neutron.plugins.ml2.drivers.ovn.mech_driver.mech_driver [None req-5580ffd6-6cf8-46d4-bc37-a7e5139f9c08 - - - - - -] OVN reports status down for port: 371ff750-9e8f-44ac-9409-f9d8e69a3a2c
2026-03-18 11:05:32.107 8 INFO neutron.db.ovn_revision_numbers_db [None req-371e0391-06ce-4e5f-ac67-19bb8ea266e3 32d10c8a46904f5aadc3a8e8fe2d33f1 2c2910997e834613b468cd740c932d5a - - default default] Successfully bumped revision number for resource 371ff750-9e8f-44ac-9409-f9d8e69a3a2c (type: ports) to 1
2026-03-18 11:05:32.716 7 INFO neutron.db.ovn_revision_numbers_db [None req-56ccedd6-1962-4902-b896-de65047ebc6a d3b29e47d958485daddd94fa42032779 a9e2216dd0844593bd22d6405e50565d - - default default] Successfully bumped revision number for resource affc9f76-9a45-42a2-8673-950540f94bc8 (type: security_groups) to 1
2026-03-18 11:05:32.717 8 INFO neutron.plugins.ml2.drivers.ovn.mech_driver.ovsdb.commands [-] Schedule LRP lrp-371ff750-9e8f-44ac-9409-f9d8e69a3a2c on gateway 06a5a336-019a-49a0-a95c-0d7bd0abdeb4 with priority 1
2026-03-18 11:05:32.737 7 INFO neutron.db.ovn_revision_numbers_db [None req-56ccedd6-1962-4902-b896-de65047ebc6a d3b29e47d958485daddd94fa42032779 a9e2216dd0844593bd22d6405e50565d - - default default] Successfully bumped revision number for resource 0a1996ab-b719-4d88-aeb5-d4d11d9d9381 (type: security_group_rules) to 0
2026-03-18 11:05:32.756 7 INFO neutron.db.ovn_revision_numbers_db [None req-56ccedd6-1962-4902-b896-de65047ebc6a d3b29e47d958485daddd94fa42032779 a9e2216dd0844593bd22d6405e50565d - - default default] Successfully bumped revision number for resource b10c533e-5f04-49bf-bd23-6291428a96ef (type: security_group_rules) to 0
2026-03-18 11:05:32.771 7 INFO neutron.db.ovn_revision_numbers_db [None req-56ccedd6-1962-4902-b896-de65047ebc6a d3b29e47d958485daddd94fa42032779 a9e2216dd0844593bd22d6405e50565d - - default default] Successfully bumped revision number for resource c249e7a4-e3e1-4428-bdab-c66f05896b11 (type: security_group_rules) to 0
2026-03-18 11:05:32.789 7 INFO neutron.db.ovn_revision_numbers_db [None req-56ccedd6-1962-4902-b896-de65047ebc6a d3b29e47d958485daddd94fa42032779 a9e2216dd0844593bd22d6405e50565d - - default default] Successfully bumped revision number for resource e07c3cd2-69e1-45a4-b141-50f6f906622c (type: security_group_rules) to 0
2026-03-18 11:05:32.793 8 INFO neutron.plugins.ml2.drivers.ovn.mech_driver.mech_driver [None req-5580ffd6-6cf8-46d4-bc37-a7e5139f9c08 - - - - - -] OVN reports status up for port: 371ff750-9e8f-44ac-9409-f9d8e69a3a2c
2026-03-18 11:05:32.819 8 INFO neutron.plugins.ml2.plugin [None req-5580ffd6-6cf8-46d4-bc37-a7e5139f9c08 - - - - - -] Attempt 1 to provision port 371ff750-9e8f-44ac-9409-f9d8e69a3a2c
2026-03-18 11:05:32.841 8 INFO neutron.db.ovn_revision_numbers_db [None req-371e0391-06ce-4e5f-ac67-19bb8ea266e3 32d10c8a46904f5aadc3a8e8fe2d33f1 2c2910997e834613b468cd740c932d5a - - default default] Successfully bumped revision number for resource 371ff750-9e8f-44ac-9409-f9d8e69a3a2c (type: router_ports) to 1
2026-03-18 11:05:32.867 7 INFO neutron.db.segments_db [None req-56ccedd6-1962-4902-b896-de65047ebc6a d3b29e47d958485daddd94fa42032779 a9e2216dd0844593bd22d6405e50565d - - default default] Added segment 94aa062d-ce4b-4ed0-b5d8-5a9a09852818 of type geneve for network e23085ca-6aef-486c-a7da-aa63af526867
2026-03-18 11:05:32.954 8 INFO neutron.db.ovn_revision_numbers_db [None req-371e0391-06ce-4e5f-ac67-19bb8ea266e3 32d10c8a46904f5aadc3a8e8fe2d33f1 2c2910997e834613b468cd740c932d5a - - default default] Successfully bumped revision number for resource 5dbfbd57-c9cd-407b-a859-8ff977088545 (type: routers) to 2
2026-03-18 11:05:32.978 7 INFO neutron.db.ovn_revision_numbers_db [None req-56ccedd6-1962-4902-b896-de65047ebc6a d3b29e47d958485daddd94fa42032779 a9e2216dd0844593bd22d6405e50565d - - default default] Successfully bumped revision number for resource e23085ca-6aef-486c-a7da-aa63af526867 (type: networks) to 1 [pid: 8|app: 0|req: 722/1591] 10.0.0.25 () {34 vars in 668 bytes} [Wed Mar 18 11:05:31 2026] POST /v2.0/routers => generated 955 bytes in 1516 msecs (HTTP/1.1 201) 4 headers in 162 bytes (1 switches on core 0)
2026-03-18 11:05:33.141 7 WARNING neutron.scheduler.dhcp_agent_scheduler [None req-56ccedd6-1962-4902-b896-de65047ebc6a d3b29e47d958485daddd94fa42032779 a9e2216dd0844593bd22d6405e50565d - - default default] No more DHCP agents
2026-03-18 11:05:33.144 7 WARNING neutron.api.rpc.agentnotifiers.dhcp_rpc_agent_api [None req-56ccedd6-1962-4902-b896-de65047ebc6a d3b29e47d958485daddd94fa42032779 a9e2216dd0844593bd22d6405e50565d - - default default] Unable to schedule network e23085ca-6aef-486c-a7da-aa63af526867: no agents available; will retry on subsequent port and subnet creation events.
2026-03-18 11:05:33.327 8 INFO neutron.db.ovn_revision_numbers_db [None req-fe2dfe50-28bf-4879-9012-273da73efda7 daaafb8974af4438974c5d2afeb012ef 2493b67e99154071bed7f0500847f229 - - default default] Successfully bumped revision number for resource 4ea7a964-d0bd-4d94-9254-bf7a979b1b76 (type: security_groups) to 1
2026-03-18 11:05:33.329 7 INFO neutron.db.ovn_revision_numbers_db [None req-56ccedd6-1962-4902-b896-de65047ebc6a d3b29e47d958485daddd94fa42032779 a9e2216dd0844593bd22d6405e50565d - - default default] Successfully bumped revision number for resource ea843f67-b5ac-4e6a-8d30-2a40e8cbfbce (type: ports) to 1
2026-03-18 11:05:33.337 8 INFO neutron.db.ovn_revision_numbers_db [None req-fe2dfe50-28bf-4879-9012-273da73efda7 daaafb8974af4438974c5d2afeb012ef 2493b67e99154071bed7f0500847f229 - - default default] Successfully bumped revision number for resource 42ce8ee0-284e-4e83-9388-043773af959d (type: security_group_rules) to 0
2026-03-18 11:05:33.347 8 INFO neutron.db.ovn_revision_numbers_db [None req-fe2dfe50-28bf-4879-9012-273da73efda7 daaafb8974af4438974c5d2afeb012ef 2493b67e99154071bed7f0500847f229 - - default default] Successfully bumped revision number for resource 6d20c6ff-a0d5-4901-9519-aa6593a02169 (type: security_group_rules) to 0 [pid: 7|app: 0|req: 870/1592] 10.0.0.25 () {34 vars in 669 bytes} [Wed Mar 18 11:05:32 2026] POST /v2.0/networks => generated 671 bytes in 1065 msecs (HTTP/1.1 201) 4 headers in 162 bytes (1 switches on core 0)
2026-03-18 11:05:33.356 8 INFO neutron.db.ovn_revision_numbers_db [None req-fe2dfe50-28bf-4879-9012-273da73efda7 daaafb8974af4438974c5d2afeb012ef 2493b67e99154071bed7f0500847f229 - - default default] Successfully bumped revision number for resource ab45eafa-a44e-4706-84ce-0f479bc8c88e (type: security_group_rules) to 0
2026-03-18 11:05:33.366 8 INFO neutron.db.ovn_revision_numbers_db [None req-fe2dfe50-28bf-4879-9012-273da73efda7 daaafb8974af4438974c5d2afeb012ef 2493b67e99154071bed7f0500847f229 - - default default] Successfully bumped revision number for resource ba03fa11-5768-461f-8d36-1820cbd5fc1c (type: security_group_rules) to 0
2026-03-18 11:05:33.441 8 INFO neutron.db.segments_db [None req-fe2dfe50-28bf-4879-9012-273da73efda7 daaafb8974af4438974c5d2afeb012ef 2493b67e99154071bed7f0500847f229 - - default default] Added segment f83bf6e9-6ac2-427e-b701-5db4e5825aae of type geneve for network d813619c-6e0f-407b-858a-eaafde30a0d2
2026-03-18 11:05:33.559 8 INFO neutron.db.ovn_revision_numbers_db [None req-fe2dfe50-28bf-4879-9012-273da73efda7 daaafb8974af4438974c5d2afeb012ef 2493b67e99154071bed7f0500847f229 - - default default] Successfully bumped revision number for resource d813619c-6e0f-407b-858a-eaafde30a0d2 (type: networks) to 1
2026-03-18 11:05:33.671 7 INFO neutron_taas.services.taas.taas_plugin [None req-bcc073ef-abfe-439d-8400-fbde134bc57d a124b12525f84d4fa4b52bac95024e6d f298e9152d724241b34f57fa202c698e - - default default] TaaS: Handle Delete Port: 466ff8ec-c4d8-4177-99e6-c231adaa4039
2026-03-18 11:05:33.674 7 INFO neutron_taas.services.taas.tap_mirror_plugin [None req-bcc073ef-abfe-439d-8400-fbde134bc57d a124b12525f84d4fa4b52bac95024e6d f298e9152d724241b34f57fa202c698e - - default default] Tap Mirror: Handle Delete Port: 466ff8ec-c4d8-4177-99e6-c231adaa4039
2026-03-18 11:05:33.728 8 WARNING neutron.scheduler.dhcp_agent_scheduler [None req-fe2dfe50-28bf-4879-9012-273da73efda7 daaafb8974af4438974c5d2afeb012ef 2493b67e99154071bed7f0500847f229 - - default default] No more DHCP agents
2026-03-18 11:05:33.729 8 WARNING neutron.api.rpc.agentnotifiers.dhcp_rpc_agent_api [None req-fe2dfe50-28bf-4879-9012-273da73efda7 daaafb8974af4438974c5d2afeb012ef 2493b67e99154071bed7f0500847f229 - - default default] Unable to schedule network d813619c-6e0f-407b-858a-eaafde30a0d2: no agents available; will retry on subsequent port and subnet creation events.
2026-03-18 11:05:33.864 8 INFO neutron.db.ovn_revision_numbers_db [None req-fe2dfe50-28bf-4879-9012-273da73efda7 daaafb8974af4438974c5d2afeb012ef 2493b67e99154071bed7f0500847f229 - - default default] Successfully bumped revision number for resource 4a1519cd-b208-4df6-97ea-a2dbc213a621 (type: ports) to 1 [pid: 8|app: 0|req: 723/1593] 10.0.0.25 () {34 vars in 669 bytes} [Wed Mar 18 11:05:32 2026] POST /v2.0/networks => generated 682 bytes in 905 msecs (HTTP/1.1 201) 4 headers in 162 bytes (1 switches on core 0) [pid: 7|app: 0|req: 871/1594] 10.0.0.25 () {34 vars in 788 bytes} [Wed Mar 18 11:05:33 2026] PUT /v2.0/routers/ed73e04c-76b8-472d-bbbc-4bf3c8b70fa2/remove_router_interface => generated 309 bytes in 1055 msecs (HTTP/1.1 200) 4 headers in 157 bytes (1 switches on core 0) /var/lib/openstack/lib/python3.12/site-packages/pycadf/identifier.py:70: UserWarning: Invalid uuid: neutron. To ensure interoperability, identifiers should be a valid uuid. warnings.warn(('Invalid uuid: %s. To ensure interoperability, '
2026-03-18 11:05:34.426 8 WARNING neutron.scheduler.dhcp_agent_scheduler [None req-fd185c34-8e24-4088-a8ed-dcb37c511211 32d10c8a46904f5aadc3a8e8fe2d33f1 2c2910997e834613b468cd740c932d5a - - default default] No more DHCP agents
2026-03-18 11:05:34.428 8 WARNING neutron.api.rpc.agentnotifiers.dhcp_rpc_agent_api [None req-fd185c34-8e24-4088-a8ed-dcb37c511211 32d10c8a46904f5aadc3a8e8fe2d33f1 2c2910997e834613b468cd740c932d5a - - default default] Unable to schedule network 62f6a0bb-9b5d-45fd-86d9-c389508780a9: no agents available; will retry on subsequent port and subnet creation events.
2026-03-18 11:05:34.493 7 INFO neutron.db.segments_db [None req-4846c41d-525f-4a63-be88-fac604df1089 d3b29e47d958485daddd94fa42032779 a9e2216dd0844593bd22d6405e50565d - - default default] Added segment ef279f76-8eb0-4e3b-a627-8df255f01028 of type geneve for network 0039d28c-021b-42b0-8953-7041a2efe3c2
2026-03-18 11:05:34.601 8 INFO neutron.db.ovn_revision_numbers_db [None req-fd185c34-8e24-4088-a8ed-dcb37c511211 32d10c8a46904f5aadc3a8e8fe2d33f1 2c2910997e834613b468cd740c932d5a - - default default] Successfully bumped revision number for resource 40e06000-adf0-4f60-861e-de2c5a45f74c (type: ports) to 1
2026-03-18 11:05:34.675 7 INFO neutron.db.ovn_revision_numbers_db [None req-4846c41d-525f-4a63-be88-fac604df1089 d3b29e47d958485daddd94fa42032779 a9e2216dd0844593bd22d6405e50565d - - default default] Successfully bumped revision number for resource 0039d28c-021b-42b0-8953-7041a2efe3c2 (type: networks) to 1
2026-03-18 11:05:34.846 7 WARNING neutron.scheduler.dhcp_agent_scheduler [None req-4846c41d-525f-4a63-be88-fac604df1089 d3b29e47d958485daddd94fa42032779 a9e2216dd0844593bd22d6405e50565d - - default default] No more DHCP agents
2026-03-18 11:05:34.847 7 WARNING neutron.api.rpc.agentnotifiers.dhcp_rpc_agent_api [None req-4846c41d-525f-4a63-be88-fac604df1089 d3b29e47d958485daddd94fa42032779 a9e2216dd0844593bd22d6405e50565d - - default default] Unable to schedule network 0039d28c-021b-42b0-8953-7041a2efe3c2: no agents available; will retry on subsequent port and subnet creation events.
2026-03-18 11:05:34.947 7 INFO neutron.db.ovn_revision_numbers_db [None req-4846c41d-525f-4a63-be88-fac604df1089 d3b29e47d958485daddd94fa42032779 a9e2216dd0844593bd22d6405e50565d - - default default] Successfully bumped revision number for resource e076b474-53e2-44c5-a5f5-2c3b3709f7ae (type: ports) to 1 [pid: 7|app: 0|req: 872/1595] 10.0.0.25 () {34 vars in 669 bytes} [Wed Mar 18 11:05:34 2026] POST /v2.0/networks => generated 671 bytes in 561 msecs (HTTP/1.1 201) 4 headers in 162 bytes (1 switches on core 0)
2026-03-18 11:05:35.147 7 WARNING neutron.scheduler.dhcp_agent_scheduler [None req-741303ce-032a-41be-938a-43b29ec0c8c7 daaafb8974af4438974c5d2afeb012ef 2493b67e99154071bed7f0500847f229 - - default default] No more DHCP agents
2026-03-18 11:05:35.148 7 WARNING neutron.api.rpc.agentnotifiers.dhcp_rpc_agent_api [None req-741303ce-032a-41be-938a-43b29ec0c8c7 daaafb8974af4438974c5d2afeb012ef 2493b67e99154071bed7f0500847f229 - - default default] Unable to schedule network d813619c-6e0f-407b-858a-eaafde30a0d2: no agents available; will retry on subsequent port and subnet creation events.
2026-03-18 11:05:35.319 7 INFO neutron.db.ovn_revision_numbers_db [None req-741303ce-032a-41be-938a-43b29ec0c8c7 daaafb8974af4438974c5d2afeb012ef 2493b67e99154071bed7f0500847f229 - - default default] Successfully bumped revision number for resource c9949894-7186-4c69-9702-6025179bdfe9 (type: ports) to 1
2026-03-18 11:05:35.334 8 WARNING neutron.scheduler.dhcp_agent_scheduler [None req-fd185c34-8e24-4088-a8ed-dcb37c511211 32d10c8a46904f5aadc3a8e8fe2d33f1 2c2910997e834613b468cd740c932d5a - - default default] No more DHCP agents
2026-03-18 11:05:35.335 8 WARNING neutron.api.rpc.agentnotifiers.dhcp_rpc_agent_api [None req-fd185c34-8e24-4088-a8ed-dcb37c511211 32d10c8a46904f5aadc3a8e8fe2d33f1 2c2910997e834613b468cd740c932d5a - - default default] Unable to schedule network 62f6a0bb-9b5d-45fd-86d9-c389508780a9: no agents available; will retry on subsequent port and subnet creation events. [pid: 7|app: 0|req: 873/1596] 10.0.0.25 () {34 vars in 664 bytes} [Wed Mar 18 11:05:34 2026] POST /v2.0/ports => generated 775 bytes in 399 msecs (HTTP/1.1 201) 4 headers in 162 bytes (1 switches on core 0) /var/lib/openstack/lib/python3.12/site-packages/pycadf/identifier.py:70: UserWarning: Invalid uuid: neutron. To ensure interoperability, identifiers should be a valid uuid. warnings.warn(('Invalid uuid: %s. To ensure interoperability, '
2026-03-18 11:05:35.725 7 INFO neutron_taas.services.taas.taas_plugin [None req-880e873f-5a91-4d2d-95f9-9fb0cd9d7585 a124b12525f84d4fa4b52bac95024e6d f298e9152d724241b34f57fa202c698e - - default default] TaaS: Handle Delete Port: 58469395-0c46-4ec9-a694-ccc9121a7ac2
2026-03-18 11:05:35.728 7 INFO neutron_taas.services.taas.tap_mirror_plugin [None req-880e873f-5a91-4d2d-95f9-9fb0cd9d7585 a124b12525f84d4fa4b52bac95024e6d f298e9152d724241b34f57fa202c698e - - default default] Tap Mirror: Handle Delete Port: 58469395-0c46-4ec9-a694-ccc9121a7ac2
2026-03-18 11:05:35.787 8 INFO neutron.db.ovn_revision_numbers_db [None req-fd185c34-8e24-4088-a8ed-dcb37c511211 32d10c8a46904f5aadc3a8e8fe2d33f1 2c2910997e834613b468cd740c932d5a - - default default] Successfully bumped revision number for resource 40e06000-adf0-4f60-861e-de2c5a45f74c (type: router_ports) to 1 [pid: 8|app: 0|req: 724/1597] 10.0.0.25 () {34 vars in 782 bytes} [Wed Mar 18 11:05:33 2026] PUT /v2.0/routers/5dbfbd57-c9cd-407b-a859-8ff977088545/add_router_interface => generated 309 bytes in 1908 msecs (HTTP/1.1 200) 4 headers in 157 bytes (1 switches on core 0)
2026-03-18 11:05:36.008 8 WARNING neutron.scheduler.dhcp_agent_scheduler [None req-a1785726-a9c4-4333-aeb6-d02110a585df d3b29e47d958485daddd94fa42032779 a9e2216dd0844593bd22d6405e50565d - - default default] No more DHCP agents
2026-03-18 11:05:36.009 8 WARNING neutron.api.rpc.agentnotifiers.dhcp_rpc_agent_api [None req-a1785726-a9c4-4333-aeb6-d02110a585df d3b29e47d958485daddd94fa42032779 a9e2216dd0844593bd22d6405e50565d - - default default] Unable to schedule network e23085ca-6aef-486c-a7da-aa63af526867: no agents available; will retry on subsequent port and subnet creation events.
2026-03-18 11:05:36.050 8 INFO neutron.db.ovn_revision_numbers_db [None req-a1785726-a9c4-4333-aeb6-d02110a585df d3b29e47d958485daddd94fa42032779 a9e2216dd0844593bd22d6405e50565d - - default default] Successfully bumped revision number for resource 9147d3da-199a-485b-9fad-47e4f7bf197e (type: subnets) to 0 [pid: 8|app: 0|req: 725/1598] 10.0.0.25 () {34 vars in 668 bytes} [Wed Mar 18 11:05:35 2026] POST /v2.0/subnets => generated 646 bytes in 272 msecs (HTTP/1.1 201) 4 headers in 162 bytes (1 switches on core 0)
2026-03-18 11:05:36.156 8 INFO neutron.db.segments_db [None req-5e1a8763-7500-4498-b9d1-c834b508d2e1 daaafb8974af4438974c5d2afeb012ef 2493b67e99154071bed7f0500847f229 - - default default] Added segment bd99e657-8367-46ad-8751-28d21a9c2ed5 of type geneve for network bbaff05d-d97c-41cd-bfb3-bff450d1e23e [pid: 7|app: 0|req: 874/1599] 10.0.0.25 () {32 vars in 723 bytes} [Wed Mar 18 11:05:35 2026] DELETE /v2.0/routers/ed73e04c-76b8-472d-bbbc-4bf3c8b70fa2 => generated 0 bytes in 835 msecs (HTTP/1.1 204) 2 headers in 112 bytes (1 switches on core 0)
2026-03-18 11:05:36.327 8 INFO neutron.db.ovn_revision_numbers_db [None req-5e1a8763-7500-4498-b9d1-c834b508d2e1 daaafb8974af4438974c5d2afeb012ef 2493b67e99154071bed7f0500847f229 - - default default] Successfully bumped revision number for resource bbaff05d-d97c-41cd-bfb3-bff450d1e23e (type: networks) to 1
2026-03-18 11:05:36.497 8 WARNING neutron.scheduler.dhcp_agent_scheduler [None req-5e1a8763-7500-4498-b9d1-c834b508d2e1 daaafb8974af4438974c5d2afeb012ef 2493b67e99154071bed7f0500847f229 - - default default] No more DHCP agents
2026-03-18 11:05:36.498 8 WARNING neutron.api.rpc.agentnotifiers.dhcp_rpc_agent_api [None req-5e1a8763-7500-4498-b9d1-c834b508d2e1 daaafb8974af4438974c5d2afeb012ef 2493b67e99154071bed7f0500847f229 - - default default] Unable to schedule network bbaff05d-d97c-41cd-bfb3-bff450d1e23e: no agents available; will retry on subsequent port and subnet creation events.
2026-03-18 11:05:36.515 7 WARNING neutron.scheduler.dhcp_agent_scheduler [None req-ad6be16d-5f0d-423a-af27-f54560241e42 32d10c8a46904f5aadc3a8e8fe2d33f1 2c2910997e834613b468cd740c932d5a - - default default] No more DHCP agents
2026-03-18 11:05:36.517 7 WARNING neutron.api.rpc.agentnotifiers.dhcp_rpc_agent_api [None req-ad6be16d-5f0d-423a-af27-f54560241e42 32d10c8a46904f5aadc3a8e8fe2d33f1 2c2910997e834613b468cd740c932d5a - - default default] Unable to schedule network 62f6a0bb-9b5d-45fd-86d9-c389508780a9: no agents available; will retry on subsequent port and subnet creation events.
2026-03-18 11:05:36.593 8 INFO neutron.db.ovn_revision_numbers_db [None req-5e1a8763-7500-4498-b9d1-c834b508d2e1 daaafb8974af4438974c5d2afeb012ef 2493b67e99154071bed7f0500847f229 - - default default] Successfully bumped revision number for resource e992850f-5a71-45bf-baf5-eb4e8af2a660 (type: ports) to 1 [pid: 8|app: 0|req: 726/1600] 10.0.0.25 () {34 vars in 669 bytes} [Wed Mar 18 11:05:36 2026] POST /v2.0/networks => generated 670 bytes in 551 msecs (HTTP/1.1 201) 4 headers in 162 bytes (1 switches on core 0)
2026-03-18 11:05:36.741 7 INFO neutron.db.ovn_revision_numbers_db [None req-ad6be16d-5f0d-423a-af27-f54560241e42 32d10c8a46904f5aadc3a8e8fe2d33f1 2c2910997e834613b468cd740c932d5a - - default default] Successfully bumped revision number for resource a964906a-5221-436d-a10c-008b505e6599 (type: ports) to 1 [pid: 7|app: 0|req: 875/1603] 10.0.0.25 () {34 vars in 664 bytes} [Wed Mar 18 11:05:36 2026] POST /v2.0/ports => generated 959 bytes in 604 msecs (HTTP/1.1 201) 4 headers in 162 bytes (1 switches on core 0) /var/lib/openstack/lib/python3.12/site-packages/pycadf/identifier.py:70: UserWarning: Invalid uuid: neutron. To ensure interoperability, identifiers should be a valid uuid. warnings.warn(('Invalid uuid: %s. To ensure interoperability, '
2026-03-18 11:05:36.857 8 WARNING neutron.scheduler.dhcp_agent_scheduler [None req-86b7696a-05f1-4be4-8a90-fa2fe7d03975 d3b29e47d958485daddd94fa42032779 a9e2216dd0844593bd22d6405e50565d - - default default] No more DHCP agents
2026-03-18 11:05:36.858 8 WARNING neutron.api.rpc.agentnotifiers.dhcp_rpc_agent_api [None req-86b7696a-05f1-4be4-8a90-fa2fe7d03975 d3b29e47d958485daddd94fa42032779 a9e2216dd0844593bd22d6405e50565d - - default default] Unable to schedule network 0039d28c-021b-42b0-8953-7041a2efe3c2: no agents available; will retry on subsequent port and subnet creation events.
2026-03-18 11:05:36.895 8 INFO neutron.db.ovn_revision_numbers_db [None req-86b7696a-05f1-4be4-8a90-fa2fe7d03975 d3b29e47d958485daddd94fa42032779 a9e2216dd0844593bd22d6405e50565d - - default default] Successfully bumped revision number for resource 331e243a-b622-4c76-a6a1-e4953433621f (type: subnets) to 0 [pid: 8|app: 0|req: 729/1604] 10.0.0.25 () {34 vars in 668 bytes} [Wed Mar 18 11:05:36 2026] POST /v2.0/subnets => generated 655 bytes in 288 msecs (HTTP/1.1 201) 4 headers in 162 bytes (1 switches on core 0) [pid: 7|app: 0|req: 876/1605] 10.0.0.25 () {32 vars in 723 bytes} [Wed Mar 18 11:05:36 2026] DELETE /v2.0/subnets/08da00e3-2528-4197-a831-5e5599c4f859 => generated 0 bytes in 183 msecs (HTTP/1.1 204) 3 headers in 131 bytes (1 switches on core 0)
2026-03-18 11:05:37.102 8 WARNING neutron.scheduler.dhcp_agent_scheduler [None req-4894fa3a-d491-49da-af41-6e12a89a65dc daaafb8974af4438974c5d2afeb012ef 2493b67e99154071bed7f0500847f229 - - default default] No more DHCP agents
2026-03-18 11:05:37.103 8 WARNING neutron.api.rpc.agentnotifiers.dhcp_rpc_agent_api [None req-4894fa3a-d491-49da-af41-6e12a89a65dc daaafb8974af4438974c5d2afeb012ef 2493b67e99154071bed7f0500847f229 - - default default] Unable to schedule network bbaff05d-d97c-41cd-bfb3-bff450d1e23e: no agents available; will retry on subsequent port and subnet creation events.
2026-03-18 11:05:37.234 7 WARNING neutron.scheduler.dhcp_agent_scheduler [None req-662167d7-a499-41a6-a765-70044aa061ef 32d10c8a46904f5aadc3a8e8fe2d33f1 2c2910997e834613b468cd740c932d5a - - default default] No more DHCP agents
2026-03-18 11:05:37.235 7 WARNING neutron.api.rpc.agentnotifiers.dhcp_rpc_agent_api [None req-662167d7-a499-41a6-a765-70044aa061ef 32d10c8a46904f5aadc3a8e8fe2d33f1 2c2910997e834613b468cd740c932d5a - - default default] Unable to schedule network 62f6a0bb-9b5d-45fd-86d9-c389508780a9: no agents available; will retry on subsequent port and subnet creation events.
2026-03-18 11:05:37.418 7 INFO neutron.db.ovn_revision_numbers_db [None req-662167d7-a499-41a6-a765-70044aa061ef 32d10c8a46904f5aadc3a8e8fe2d33f1 2c2910997e834613b468cd740c932d5a - - default default] Successfully bumped revision number for resource ce31fdec-a86c-47c9-a1e4-81283b76310d (type: ports) to 1 [pid: 7|app: 0|req: 877/1606] 10.0.0.25 () {34 vars in 664 bytes} [Wed Mar 18 11:05:36 2026] POST /v2.0/ports => generated 959 bytes in 451 msecs (HTTP/1.1 201) 4 headers in 162 bytes (1 switches on core 0) /var/lib/openstack/lib/python3.12/site-packages/pycadf/identifier.py:70: UserWarning: Invalid uuid: neutron. To ensure interoperability, identifiers should be a valid uuid. warnings.warn(('Invalid uuid: %s. To ensure interoperability, '
2026-03-18 11:05:37.545 7 INFO neutron.db.ovn_revision_numbers_db [None req-5eb84788-8e2f-41ee-a1ab-f7d4a7d65a65 d3b29e47d958485daddd94fa42032779 a9e2216dd0844593bd22d6405e50565d - - default default] Successfully bumped revision number for resource 8f2ef18d-3b51-4fa6-bf16-2ba3a9c8efe1 (type: routers) to 1 [pid: 7|app: 0|req: 878/1607] 10.0.0.25 () {34 vars in 668 bytes} [Wed Mar 18 11:05:37 2026] POST /v2.0/routers => generated 607 bytes in 134 msecs (HTTP/1.1 201) 4 headers in 162 bytes (1 switches on core 0)
2026-03-18 11:05:37.614 8 INFO neutron.db.ovn_revision_numbers_db [None req-85907d7c-f38a-4e95-84ac-5eb753a4ccfe - - - - - -] Successfully bumped revision number for resource e992850f-5a71-45bf-baf5-eb4e8af2a660 (type: ports) to 2
2026-03-18 11:05:37.645 8 INFO neutron.db.ovn_revision_numbers_db [None req-85907d7c-f38a-4e95-84ac-5eb753a4ccfe - - - - - -] Successfully bumped revision number for resource 3ebe74c4-a938-4a98-88e6-d9e8c0122601 (type: subnets) to 0 [pid: 8|app: 0|req: 730/1608] 10.0.0.25 () {34 vars in 668 bytes} [Wed Mar 18 11:05:36 2026] POST /v2.0/subnets => generated 626 bytes in 750 msecs (HTTP/1.1 201) 4 headers in 162 bytes (1 switches on core 0)
2026-03-18 11:05:37.693 7 INFO neutron_taas.services.taas.taas_plugin [None req-71a5dfe4-df01-4f54-b4d6-9f2195b42a59 a124b12525f84d4fa4b52bac95024e6d f298e9152d724241b34f57fa202c698e - - default default] TaaS: Handle Delete Port: e46317df-6c93-48d7-b98a-f923083e5116
2026-03-18 11:05:37.696 7 INFO neutron_taas.services.taas.tap_mirror_plugin [None req-71a5dfe4-df01-4f54-b4d6-9f2195b42a59 a124b12525f84d4fa4b52bac95024e6d f298e9152d724241b34f57fa202c698e - - default default] Tap Mirror: Handle Delete Port: e46317df-6c93-48d7-b98a-f923083e5116
2026-03-18 11:05:37.893 7 INFO neutron.services.segments.plugin [-] Segment e82fb6cc-0567-4e58-82c5-142aefad6dbd resource provider aggregate not found
2026-03-18 11:05:37.901 7 INFO neutron.services.segments.plugin [-] Segment e82fb6cc-0567-4e58-82c5-142aefad6dbd resource provider aggregate not found
2026-03-18 11:05:37.902 8 WARNING neutron.scheduler.dhcp_agent_scheduler [None req-2ae2ef2e-c10a-4ee7-9889-3ea229408e55 32d10c8a46904f5aadc3a8e8fe2d33f1 2c2910997e834613b468cd740c932d5a - - default default] No more DHCP agents
2026-03-18 11:05:37.906 8 WARNING neutron.api.rpc.agentnotifiers.dhcp_rpc_agent_api [None req-2ae2ef2e-c10a-4ee7-9889-3ea229408e55 32d10c8a46904f5aadc3a8e8fe2d33f1 2c2910997e834613b468cd740c932d5a - - default default] Unable to schedule network 5efbf1d6-954f-42e1-8123-8a971c3bf319: no agents available; will retry on subsequent port and subnet creation events.
2026-03-18 11:05:37.911 7 INFO neutron.services.segments.plugin [-] Segment e82fb6cc-0567-4e58-82c5-142aefad6dbd resource provider not found; error: Placement Client Error (4xx): {"errors": [{"status": 404, "title": "Not Found", "detail": "The resource could not be found.\n\n No resource provider with uuid e82fb6cc-0567-4e58-82c5-142aefad6dbd found for delete ", "request_id": "req-df4da452-d483-4b17-a562-22cb4510c16f"}]}
2026-03-18 11:05:37.915 8 WARNING neutron.plugins.ml2.drivers.ovn.mech_driver.ovsdb.ovn_client [None req-5580ffd6-6cf8-46d4-bc37-a7e5139f9c08 - - - - - -] No hosting information found for port 371ff750-9e8f-44ac-9409-f9d8e69a3a2c: RuntimeError: No hosting information found for port 371ff750-9e8f-44ac-9409-f9d8e69a3a2c
