Apr 10 18:06:37.278662 np0000164868 devstack@neutron-api.service[102764]: DEBUG ovsdbapp.backend.ovs_idl [None req-11f35835-e86c-48e1-bf42-4d9a96136305 None None] Created schema index HA_Chassis_Group.name {{(pid=102764) autocreate_indices /opt/stack/data/venv/lib/python3.12/site-packages/ovsdbapp/backend/ovs_idl/__init__.py:106}}
Apr 10 18:06:37.278662 np0000164868 devstack@neutron-api.service[102764]: DEBUG ovsdbapp.backend.ovs_idl [None req-11f35835-e86c-48e1-bf42-4d9a96136305 None None] Created schema index Address_Set.name {{(pid=102764) autocreate_indices /opt/stack/data/venv/lib/python3.12/site-packages/ovsdbapp/backend/ovs_idl/__init__.py:106}}
Apr 10 18:06:37.279024 np0000164868 devstack@neutron-api.service[102764]: DEBUG ovsdbapp.backend.ovs_idl [None req-11f35835-e86c-48e1-bf42-4d9a96136305 None None] Created schema index Connection.target {{(pid=102764) autocreate_indices /opt/stack/data/venv/lib/python3.12/site-packages/ovsdbapp/backend/ovs_idl/__init__.py:106}}
Apr 10 18:06:37.279024 np0000164868 devstack@neutron-api.service[102764]: DEBUG ovsdbapp.backend.ovs_idl [None req-11f35835-e86c-48e1-bf42-4d9a96136305 None None] Created schema index Gateway_Chassis.name {{(pid=102764) autocreate_indices /opt/stack/data/venv/lib/python3.12/site-packages/ovsdbapp/backend/ovs_idl/__init__.py:106}}
Apr 10 18:06:37.279300 np0000164868 devstack@neutron-api.service[102764]: DEBUG ovsdbapp.backend.ovs_idl [None req-11f35835-e86c-48e1-bf42-4d9a96136305 None None] Created schema index Mirror.name {{(pid=102764) autocreate_indices /opt/stack/data/venv/lib/python3.12/site-packages/ovsdbapp/backend/ovs_idl/__init__.py:106}}
Apr 10 18:06:37.279300 np0000164868 devstack@neutron-api.service[102764]: DEBUG ovsdbapp.backend.ovs_idl [None req-11f35835-e86c-48e1-bf42-4d9a96136305 None None] Created schema index Chassis_Template_Var.chassis {{(pid=102764) autocreate_indices /opt/stack/data/venv/lib/python3.12/site-packages/ovsdbapp/backend/ovs_idl/__init__.py:106}}
Apr 10 18:06:37.279300 np0000164868 devstack@neutron-api.service[102764]: DEBUG ovsdbapp.backend.ovs_idl [None req-11f35835-e86c-48e1-bf42-4d9a96136305 None None] Created schema index Logical_Router_Port.name {{(pid=102764) autocreate_indices /opt/stack/data/venv/lib/python3.12/site-packages/ovsdbapp/backend/ovs_idl/__init__.py:106}}
Apr 10 18:06:37.279622 np0000164868 devstack@neutron-api.service[102764]: DEBUG ovsdbapp.backend.ovs_idl [None req-11f35835-e86c-48e1-bf42-4d9a96136305 None None] Created schema index Port_Group.name {{(pid=102764) autocreate_indices /opt/stack/data/venv/lib/python3.12/site-packages/ovsdbapp/backend/ovs_idl/__init__.py:106}}
Apr 10 18:06:37.279622 np0000164868 devstack@neutron-api.service[102764]: DEBUG ovsdbapp.backend.ovs_idl [None req-11f35835-e86c-48e1-bf42-4d9a96136305 None None] Created schema index Logical_Switch_Port.name {{(pid=102764) autocreate_indices /opt/stack/data/venv/lib/python3.12/site-packages/ovsdbapp/backend/ovs_idl/__init__.py:106}}
Apr 10 18:06:37.280709 np0000164868 devstack@neutron-api.service[102766]: INFO ovsdbapp.backend.ovs_idl.vlog [None req-36d4d61d-7959-4cf7-a495-0d49744b9a74 None None] ssl:162.253.55.110:6642: connected
Apr 10 18:06:37.282573 np0000164868 devstack@neutron-api.service[102764]: INFO ovsdbapp.backend.ovs_idl.vlog [None req-11f35835-e86c-48e1-bf42-4d9a96136305 None None] ssl:162.253.55.110:6641: connecting...
Apr 10 18:06:37.289681 np0000164868 devstack@neutron-api.service[102764]: INFO ovsdbapp.backend.ovs_idl.vlog [None req-11f35835-e86c-48e1-bf42-4d9a96136305 None None] ssl:162.253.55.110:6641: connected
Apr 10 18:06:37.305121 np0000164868 devstack@neutron-api.service[102763]: DEBUG ovsdbapp.backend.ovs_idl [None req-58ab8f14-cbdb-4740-b80e-d4d9483d1f0a None None] Created lookup_table index Chassis.name {{(pid=102763) autocreate_indices /opt/stack/data/venv/lib/python3.12/site-packages/ovsdbapp/backend/ovs_idl/__init__.py:87}}
Apr 10 18:06:37.305214 np0000164868 devstack@neutron-api.service[102763]: DEBUG ovsdbapp.backend.ovs_idl [None req-58ab8f14-cbdb-4740-b80e-d4d9483d1f0a None None] Created lookup_table index Port_Binding.logical_port {{(pid=102763) autocreate_indices /opt/stack/data/venv/lib/python3.12/site-packages/ovsdbapp/backend/ovs_idl/__init__.py:87}}
Apr 10 18:06:37.305355 np0000164868 devstack@neutron-api.service[102763]: DEBUG ovsdbapp.backend.ovs_idl [None req-58ab8f14-cbdb-4740-b80e-d4d9483d1f0a None None] Created schema index Chassis_Private.name {{(pid=102763) autocreate_indices /opt/stack/data/venv/lib/python3.12/site-packages/ovsdbapp/backend/ovs_idl/__init__.py:106}}
Apr 10 18:06:37.305479 np0000164868 devstack@neutron-api.service[102763]: DEBUG ovsdbapp.backend.ovs_idl [None req-58ab8f14-cbdb-4740-b80e-d4d9483d1f0a None None] Created schema index Datapath_Binding.tunnel_key {{(pid=102763) autocreate_indices /opt/stack/data/venv/lib/python3.12/site-packages/ovsdbapp/backend/ovs_idl/__init__.py:106}}
Apr 10 18:06:37.307942 np0000164868 devstack@neutron-api.service[102763]: INFO ovsdbapp.backend.ovs_idl.vlog [None req-58ab8f14-cbdb-4740-b80e-d4d9483d1f0a None None] ssl:162.253.55.110:6642: connecting...
Apr 10 18:06:37.313888 np0000164868 devstack@neutron-api.service[102763]: INFO ovsdbapp.backend.ovs_idl.vlog [None req-58ab8f14-cbdb-4740-b80e-d4d9483d1f0a None None] ssl:162.253.55.110:6642: connected
Apr 10 18:06:37.317624 np0000164868 devstack@neutron-api.service[102766]: DEBUG neutron.common.ovn.hash_ring_manager [None req-36d4d61d-7959-4cf7-a495-0d49744b9a74 None None] Allow caching, nodes 4>=4 {{(pid=102766) _wait_startup_before_caching /opt/stack/neutron/neutron/common/ovn/hash_ring_manager.py:65}}
Apr 10 18:06:37.322975 np0000164868 devstack@neutron-api.service[102766]: DEBUG neutron.common.ovn.hash_ring_manager [None req-36d4d61d-7959-4cf7-a495-0d49744b9a74 None None] Hash Ring loaded. 4 active nodes. 0 offline nodes {{(pid=102766) _load_hash_ring /opt/stack/neutron/neutron/common/ovn/hash_ring_manager.py:102}}
Apr 10 18:06:37.323198 np0000164868 devstack@neutron-api.service[102766]: DEBUG neutron.plugins.ml2.drivers.ovn.mech_driver.ovsdb.ovsdb_monitor [None req-36d4d61d-7959-4cf7-a495-0d49744b9a74 None None] ChassisAgentWriteEvent : Matched Chassis_Private, create, None None {{(pid=102766) matches /opt/stack/neutron/neutron/plugins/ml2/drivers/ovn/mech_driver/ovsdb/ovsdb_monitor.py:64}}
Apr 10 18:06:37.323406 np0000164868 devstack@neutron-api.service[102766]: DEBUG neutron.plugins.ml2.drivers.ovn.mech_driver.ovsdb.ovsdb_monitor [None req-36d4d61d-7959-4cf7-a495-0d49744b9a74 None None] ChassisOVNAgentWriteEvent : Matched Chassis_Private, create, None None {{(pid=102766) matches /opt/stack/neutron/neutron/plugins/ml2/drivers/ovn/mech_driver/ovsdb/ovsdb_monitor.py:64}}
Apr 10 18:06:37.323489 np0000164868 devstack@neutron-api.service[102764]: DEBUG neutron.common.ovn.hash_ring_manager [None req-11f35835-e86c-48e1-bf42-4d9a96136305 None None] Allow caching, nodes 4>=4 {{(pid=102764) _wait_startup_before_caching /opt/stack/neutron/neutron/common/ovn/hash_ring_manager.py:65}}
Apr 10 18:06:37.323898 np0000164868 devstack@neutron-api.service[102766]: DEBUG neutron.plugins.ml2.drivers.ovn.mech_driver.ovsdb.ovsdb_monitor [None req-36d4d61d-7959-4cf7-a495-0d49744b9a74 None None] Hash Ring: Node 4c58fdb80c1f560d9da84b7d0eda25f0 (host: np0000164868) handling event "create" for row d4a8b7b7-32b9-497b-b24d-8b6dd9dea3ab (table: Encap) {{(pid=102766) notify /opt/stack/neutron/neutron/plugins/ml2/drivers/ovn/mech_driver/ovsdb/ovsdb_monitor.py:912}}
Apr 10 18:06:37.326075 np0000164868 devstack@neutron-api.service[102766]: INFO neutron.plugins.ml2.drivers.ovn.mech_driver.mech_driver [None req-36d4d61d-7959-4cf7-a495-0d49744b9a74 None None] WorkerService process has finished the post initialization
Apr 10 18:06:37.327716 np0000164868 devstack@neutron-api.service[102766]: WSGI app 0 (mountpoint='') ready in 8 seconds on interpreter 0x79d71b4a3668 pid: 102766 (default app)
Apr 10 18:06:37.329041 np0000164868 devstack@neutron-api.service[102764]: DEBUG neutron.common.ovn.hash_ring_manager [None req-11f35835-e86c-48e1-bf42-4d9a96136305 None None] Hash Ring loaded. 4 active nodes. 0 offline nodes {{(pid=102764) _load_hash_ring /opt/stack/neutron/neutron/common/ovn/hash_ring_manager.py:102}}
Apr 10 18:06:37.329273 np0000164868 devstack@neutron-api.service[102764]: DEBUG neutron.plugins.ml2.drivers.ovn.mech_driver.ovsdb.ovsdb_monitor [None req-11f35835-e86c-48e1-bf42-4d9a96136305 None None] Hash Ring: Node 84b6696a22d35b27a6516573ea0a326d (host: np0000164868) handling event "create" for row fb38b852-b575-4d39-8a89-7f31a1920c78 (table: Connection) {{(pid=102764) notify /opt/stack/neutron/neutron/plugins/ml2/drivers/ovn/mech_driver/ovsdb/ovsdb_monitor.py:912}}
Apr 10 18:06:37.329453 np0000164868 devstack@neutron-api.service[102764]: DEBUG neutron.plugins.ml2.drivers.ovn.mech_driver.ovsdb.ovsdb_monitor [None req-11f35835-e86c-48e1-bf42-4d9a96136305 None None] Hash Ring: Node 84b6696a22d35b27a6516573ea0a326d (host: np0000164868) handling event "create" for row 4ec16f3f-2295-4534-b781-a0ea3bfe9309 (table: Port_Group) {{(pid=102764) notify /opt/stack/neutron/neutron/plugins/ml2/drivers/ovn/mech_driver/ovsdb/ovsdb_monitor.py:912}}
Apr 10 18:06:37.330320 np0000164868 devstack@neutron-api.service[102764]: INFO neutron.plugins.ml2.drivers.ovn.mech_driver.ovsdb.impl_idl_ovn [None req-11f35835-e86c-48e1-bf42-4d9a96136305 None None] Getting OvsdbSbOvnIdl for WorkerService with retry
Apr 10 18:06:37.348333 np0000164868 devstack@neutron-api.service[102763]: DEBUG neutron.common.ovn.hash_ring_manager [None req-58ab8f14-cbdb-4740-b80e-d4d9483d1f0a None None] Allow caching, nodes 4>=4 {{(pid=102763) _wait_startup_before_caching /opt/stack/neutron/neutron/common/ovn/hash_ring_manager.py:65}}
Apr 10 18:06:37.353100 np0000164868 devstack@neutron-api.service[102763]: DEBUG neutron.common.ovn.hash_ring_manager [None req-58ab8f14-cbdb-4740-b80e-d4d9483d1f0a None None] Hash Ring loaded. 4 active nodes. 0 offline nodes {{(pid=102763) _load_hash_ring /opt/stack/neutron/neutron/common/ovn/hash_ring_manager.py:102}}
Apr 10 18:06:37.353339 np0000164868 devstack@neutron-api.service[102763]: DEBUG neutron.plugins.ml2.drivers.ovn.mech_driver.ovsdb.ovsdb_monitor [None req-58ab8f14-cbdb-4740-b80e-d4d9483d1f0a None None] ChassisOVNAgentWriteEvent : Matched Chassis_Private, create, None None {{(pid=102763) matches /opt/stack/neutron/neutron/plugins/ml2/drivers/ovn/mech_driver/ovsdb/ovsdb_monitor.py:64}}
Apr 10 18:06:37.353473 np0000164868 devstack@neutron-api.service[102763]: DEBUG neutron.plugins.ml2.drivers.ovn.mech_driver.ovsdb.ovsdb_monitor [None req-58ab8f14-cbdb-4740-b80e-d4d9483d1f0a None None] ChassisAgentWriteEvent : Matched Chassis_Private, create, None None {{(pid=102763) matches /opt/stack/neutron/neutron/plugins/ml2/drivers/ovn/mech_driver/ovsdb/ovsdb_monitor.py:64}}
Apr 10 18:06:37.353838 np0000164868 devstack@neutron-api.service[102763]: DEBUG neutron.plugins.ml2.drivers.ovn.mech_driver.ovsdb.ovsdb_monitor [None req-58ab8f14-cbdb-4740-b80e-d4d9483d1f0a None None] Hash Ring: Node dbe4b620dcd95b80a1472d503e8bc6aa (host: np0000164868) handling event "create" for row c9581b9b-8090-4ce3-91fb-d262e8abde20 (table: Chassis_Private) {{(pid=102763) notify /opt/stack/neutron/neutron/plugins/ml2/drivers/ovn/mech_driver/ovsdb/ovsdb_monitor.py:912}}
Apr 10 18:06:37.356150 np0000164868 devstack@neutron-api.service[102763]: INFO neutron.plugins.ml2.drivers.ovn.mech_driver.mech_driver [None req-58ab8f14-cbdb-4740-b80e-d4d9483d1f0a None None] WorkerService process has finished the post initialization
Apr 10 18:06:37.357539 np0000164868 devstack@neutron-api.service[102763]: WSGI app 0 (mountpoint='') ready in 8 seconds on interpreter 0x79d71b4a3668 pid: 102763 (default app)
Apr 10 18:06:37.364576 np0000164868 devstack@neutron-api.service[102764]: DEBUG ovsdbapp.backend.ovs_idl [None req-11f35835-e86c-48e1-bf42-4d9a96136305 None None] Created lookup_table index Chassis.name {{(pid=102764) autocreate_indices /opt/stack/data/venv/lib/python3.12/site-packages/ovsdbapp/backend/ovs_idl/__init__.py:87}}
Apr 10 18:06:37.364729 np0000164868 devstack@neutron-api.service[102764]: DEBUG ovsdbapp.backend.ovs_idl [None req-11f35835-e86c-48e1-bf42-4d9a96136305 None None] Created lookup_table index Port_Binding.logical_port {{(pid=102764) autocreate_indices /opt/stack/data/venv/lib/python3.12/site-packages/ovsdbapp/backend/ovs_idl/__init__.py:87}}
Apr 10 18:06:37.364875 np0000164868 devstack@neutron-api.service[102764]: DEBUG ovsdbapp.backend.ovs_idl [None req-11f35835-e86c-48e1-bf42-4d9a96136305 None None] Created schema index Chassis_Private.name {{(pid=102764) autocreate_indices /opt/stack/data/venv/lib/python3.12/site-packages/ovsdbapp/backend/ovs_idl/__init__.py:106}}
Apr 10 18:06:37.364972 np0000164868 devstack@neutron-api.service[102764]: DEBUG ovsdbapp.backend.ovs_idl [None req-11f35835-e86c-48e1-bf42-4d9a96136305 None None] Created schema index Datapath_Binding.tunnel_key {{(pid=102764) autocreate_indices /opt/stack/data/venv/lib/python3.12/site-packages/ovsdbapp/backend/ovs_idl/__init__.py:106}}
Apr 10 18:06:37.367199 np0000164868 devstack@neutron-api.service[102764]: INFO ovsdbapp.backend.ovs_idl.vlog [None req-11f35835-e86c-48e1-bf42-4d9a96136305 None None] ssl:162.253.55.110:6642: connecting...
Apr 10 18:06:37.372815 np0000164868 devstack@neutron-api.service[102764]: INFO ovsdbapp.backend.ovs_idl.vlog [None req-11f35835-e86c-48e1-bf42-4d9a96136305 None None] ssl:162.253.55.110:6642: connected
Apr 10 18:06:37.405071 np0000164868 devstack@neutron-api.service[102764]: DEBUG neutron.common.ovn.hash_ring_manager [None req-11f35835-e86c-48e1-bf42-4d9a96136305 None None] Allow caching, nodes 4>=4 {{(pid=102764) _wait_startup_before_caching /opt/stack/neutron/neutron/common/ovn/hash_ring_manager.py:65}}
Apr 10 18:06:37.410613 np0000164868 devstack@neutron-api.service[102764]: DEBUG neutron.common.ovn.hash_ring_manager [None req-11f35835-e86c-48e1-bf42-4d9a96136305 None None] Hash Ring loaded. 4 active nodes. 0 offline nodes {{(pid=102764) _load_hash_ring /opt/stack/neutron/neutron/common/ovn/hash_ring_manager.py:102}}
Apr 10 18:06:37.410955 np0000164868 devstack@neutron-api.service[102764]: DEBUG neutron.plugins.ml2.drivers.ovn.mech_driver.ovsdb.ovsdb_monitor [None req-11f35835-e86c-48e1-bf42-4d9a96136305 None None] ChassisOVNAgentWriteEvent : Matched Chassis_Private, create, None None {{(pid=102764) matches /opt/stack/neutron/neutron/plugins/ml2/drivers/ovn/mech_driver/ovsdb/ovsdb_monitor.py:64}}
Apr 10 18:06:37.411175 np0000164868 devstack@neutron-api.service[102764]: DEBUG neutron.plugins.ml2.drivers.ovn.mech_driver.ovsdb.ovsdb_monitor [None req-11f35835-e86c-48e1-bf42-4d9a96136305 None None] ChassisAgentWriteEvent : Matched Chassis_Private, create, None None {{(pid=102764) matches /opt/stack/neutron/neutron/plugins/ml2/drivers/ovn/mech_driver/ovsdb/ovsdb_monitor.py:64}}
Apr 10 18:06:37.414437 np0000164868 devstack@neutron-api.service[102764]: INFO neutron.plugins.ml2.drivers.ovn.mech_driver.mech_driver [None req-11f35835-e86c-48e1-bf42-4d9a96136305 None None] WorkerService process has finished the post initialization
Apr 10 18:06:37.416162 np0000164868 devstack@neutron-api.service[102764]: WSGI app 0 (mountpoint='') ready in 8 seconds on interpreter 0x79d71b4a3668 pid: 102764 (default app)
Apr 10 18:06:38.826987 np0000164868 devstack@neutron-api.service[102764]: DEBUG neutron.plugins.ml2.drivers.ovn.mech_driver.ovsdb.ovsdb_monitor [-] Hash Ring: Node 84b6696a22d35b27a6516573ea0a326d (host: np0000164868) handling event "update" for row fb38b852-b575-4d39-8a89-7f31a1920c78 (table: Connection) {{(pid=102764) notify /opt/stack/neutron/neutron/plugins/ml2/drivers/ovn/mech_driver/ovsdb/ovsdb_monitor.py:912}}
Apr 10 18:06:38.834875 np0000164868 devstack@neutron-api.service[102765]: DEBUG neutron.common.ovn.hash_ring_manager [-] Allow caching, nodes 4>=4 {{(pid=102765) _wait_startup_before_caching /opt/stack/neutron/neutron/common/ovn/hash_ring_manager.py:65}}
Apr 10 18:06:38.835335 np0000164868 devstack@neutron-api.service[102765]: DEBUG neutron.plugins.ml2.drivers.ovn.mech_driver.ovsdb.ovsdb_monitor [-] Hash Ring: Node fbd89d38d33d5bb1bd9000579ff661e5 (host: np0000164868) handling event "update" for row fb38b852-b575-4d39-8a89-7f31a1920c78 (table: Connection) {{(pid=102765) notify /opt/stack/neutron/neutron/plugins/ml2/drivers/ovn/mech_driver/ovsdb/ovsdb_monitor.py:912}}
Apr 10 18:06:41.329934 np0000164868 devstack@neutron-api.service[102764]: DEBUG neutron.plugins.ml2.drivers.ovn.mech_driver.ovsdb.ovsdb_monitor [-] Hash Ring: Node 84b6696a22d35b27a6516573ea0a326d (host: np0000164868) handling event "update" for row fb38b852-b575-4d39-8a89-7f31a1920c78 (table: Connection) {{(pid=102764) notify /opt/stack/neutron/neutron/plugins/ml2/drivers/ovn/mech_driver/ovsdb/ovsdb_monitor.py:912}}
Apr 10 18:06:41.330471 np0000164868 devstack@neutron-api.service[102765]: DEBUG neutron.plugins.ml2.drivers.ovn.mech_driver.ovsdb.ovsdb_monitor [-] Hash Ring: Node fbd89d38d33d5bb1bd9000579ff661e5 (host: np0000164868) handling event "update" for row fb38b852-b575-4d39-8a89-7f31a1920c78 (table: Connection) {{(pid=102765) notify /opt/stack/neutron/neutron/plugins/ml2/drivers/ovn/mech_driver/ovsdb/ovsdb_monitor.py:912}}
Apr 10 18:06:42.756760 np0000164868 devstack@neutron-api.service[102765]: DEBUG neutron.api.wsgi [None req-9e570fba-81f6-4ca0-93cb-8e4ee6f4a8c5 admin admin] Missing Content-Type {{(pid=102765) get_content_type /opt/stack/neutron/neutron/api/wsgi.py:85}}
Apr 10 18:06:42.757399 np0000164868 devstack@neutron-api.service[102765]: DEBUG neutron.api.wsgi [None req-9e570fba-81f6-4ca0-93cb-8e4ee6f4a8c5 admin admin] https://162.253.55.110/networking/v2.0/extensions returned with HTTP 200 {{(pid=102765) __call__ /opt/stack/neutron/neutron/api/wsgi.py:545}}
Apr 10 18:06:42.757492 np0000164868 devstack@neutron-api.service[102765]: [pid: 102765|app: 0|req: 2/2] 162.253.55.110 () {64 vars in 1323 bytes} [Fri Apr 10 18:06:42 2026] GET /networking/v2.0/extensions => generated 15208 bytes in 407 msecs (HTTP/1.1 200) 4 headers in 159 bytes (1 switches on core 0)
Apr 10 18:06:43.158520 np0000164868 devstack@neutron-api.service[102766]: DEBUG neutron.api.v2.base [None req-e16d1c11-f2ce-49dd-a25f-b46afa871ff1 admin admin] Request body: {'subnetpool': {'prefixes': ['10.1.0.0/20'], 'is_default': True, 'shared': True, 'default_prefixlen': 26, 'name': 'shared-default-subnetpool-v4'}} {{(pid=102766) prepare_request_body /opt/stack/neutron/neutron/api/v2/base.py:729}}
Apr 10 18:06:43.380667 np0000164868 devstack@neutron-api.service[102766]: DEBUG neutron.policy [None req-e16d1c11-f2ce-49dd-a25f-b46afa871ff1 admin admin] Loaded default policies from ['neutron'] under neutron.policies entry points {{(pid=102766) register_rules /opt/stack/neutron/neutron/policy.py:65}}
Apr 10 18:06:43.534085 np0000164868 devstack@neutron-api.service[102766]: DEBUG neutron_lib.callbacks.manager [None req-e16d1c11-f2ce-49dd-a25f-b46afa871ff1 admin admin] Publish callbacks ['neutron.objects.securitygroup.RbacNeutronDbObjectMixin.validate_rbac_policy_change-2463061949669', 'neutron.objects.address_group.RbacNeutronDbObjectMixin.validate_rbac_policy_change-2463061924009', 'neutron.objects.network.RbacNeutronDbObjectMixin.validate_rbac_policy_change-2463061905886', 'neutron.objects.qos.policy.RbacNeutronDbObjectMixin.validate_rbac_policy_change-2463061902969', 'neutron.objects.subnetpool.RbacNeutronDbObjectMixin.validate_rbac_policy_change-2463062016469', 'neutron.objects.address_scope.RbacNeutronDbObjectMixin.validate_rbac_policy_change-2463062016646', 'neutron.plugins.ml2.plugin.External_net_db_mixin._process_ext_policy_create-997331', 'neutron.plugins.ml2.plugin.NeutronDbPluginV2.validate_network_rbac_policy_change-1009399'] for rbac-policy (None), before_create {{(pid=102766) _notify_loop /opt/stack/data/venv/lib/python3.12/site-packages/neutron_lib/callbacks/manager.py:184}}
Apr 10 18:06:43.590866 np0000164868 devstack@neutron-api.service[102766]: DEBUG neutron_lib.callbacks.manager [None req-e16d1c11-f2ce-49dd-a25f-b46afa871ff1 admin admin] Publish callbacks [] for subnetpool (None), before_response {{(pid=102766) _notify_loop /opt/stack/data/venv/lib/python3.12/site-packages/neutron_lib/callbacks/manager.py:184}}
Apr 10 18:06:43.591562 np0000164868 devstack@neutron-api.service[102766]: [pid: 102766|app: 0|req: 1/3] 162.253.55.110 () {68 vars in 1367 bytes} [Fri Apr 10 18:06:43 2026] POST /networking/v2.0/subnetpools => generated 533 bytes in 542 msecs (HTTP/1.1 201) 4 headers in 162 bytes (1 switches on core 0)
Apr 10 18:06:43.914366 np0000164868 devstack@neutron-api.service[102763]: DEBUG neutron.api.v2.base [None req-898083a0-f7a7-4480-87cc-5d98ed9133e4 admin admin] Request body: {'subnetpool': {'prefixes': ['fdf1:6919:dc4b::/56'], 'is_default': True, 'shared': True, 'default_prefixlen': 64, 'name': 'shared-default-subnetpool-v6'}} {{(pid=102763) prepare_request_body /opt/stack/neutron/neutron/api/v2/base.py:729}}
Apr 10 18:06:44.099951 np0000164868 devstack@neutron-api.service[102763]: DEBUG neutron.policy [None req-898083a0-f7a7-4480-87cc-5d98ed9133e4 admin admin] Loaded default policies from ['neutron'] under neutron.policies entry points {{(pid=102763) register_rules /opt/stack/neutron/neutron/policy.py:65}}
Apr 10 18:06:44.242228 np0000164868 devstack@neutron-api.service[102763]: DEBUG neutron_lib.callbacks.manager [None req-898083a0-f7a7-4480-87cc-5d98ed9133e4 admin admin] Publish callbacks ['neutron.objects.securitygroup.RbacNeutronDbObjectMixin.validate_rbac_policy_change-2463061946464', 'neutron.objects.address_group.RbacNeutronDbObjectMixin.validate_rbac_policy_change-2463060994952', 'neutron.objects.network.RbacNeutronDbObjectMixin.validate_rbac_policy_change-2463061916599', 'neutron.objects.qos.policy.RbacNeutronDbObjectMixin.validate_rbac_policy_change-2463061915305', 'neutron.objects.subnetpool.RbacNeutronDbObjectMixin.validate_rbac_policy_change-2463062002177', 'neutron.objects.address_scope.RbacNeutronDbObjectMixin.validate_rbac_policy_change-2463062003062', 'neutron.plugins.ml2.plugin.External_net_db_mixin._process_ext_policy_create-2100858', 'neutron.plugins.ml2.plugin.NeutronDbPluginV2.validate_network_rbac_policy_change-2157218'] for rbac-policy (None), before_create {{(pid=102763) _notify_loop /opt/stack/data/venv/lib/python3.12/site-packages/neutron_lib/callbacks/manager.py:184}}
Apr 10 18:06:44.285218 np0000164868 devstack@neutron-api.service[102763]: DEBUG neutron_lib.callbacks.manager [None req-898083a0-f7a7-4480-87cc-5d98ed9133e4 admin admin] Publish callbacks [] for subnetpool (None), before_response {{(pid=102763) _notify_loop /opt/stack/data/venv/lib/python3.12/site-packages/neutron_lib/callbacks/manager.py:184}}
Apr 10 18:06:44.285713 np0000164868 devstack@neutron-api.service[102763]: [pid: 102763|app: 0|req: 1/4] 162.253.55.110 () {68 vars in 1367 bytes} [Fri Apr 10 18:06:43 2026] POST /networking/v2.0/subnetpools => generated 543 bytes in 482 msecs (HTTP/1.1 201) 4 headers in 162 bytes (1 switches on core 0)
Apr 10 18:06:44.691425 np0000164868 devstack@neutron-api.service[102764]: DEBUG neutron.api.v2.base [None req-8b45dac0-4f25-4830-90b1-e9104432d97d admin admin] Request body: {'network': {'admin_state_up': True, 'name': 'private'}} {{(pid=102764) prepare_request_body /opt/stack/neutron/neutron/api/v2/base.py:729}}
Apr 10 18:06:44.712998 np0000164868 devstack@neutron-api.service[102764]: DEBUG neutron.pecan_wsgi.hooks.quota_enforcement [None req-8b45dac0-4f25-4830-90b1-e9104432d97d admin admin] Made reservation on behalf of e37d4e0bbfc64d79a262a831ccd19ec7 for: {'network': 1} {{(pid=102764) before /opt/stack/neutron/neutron/pecan_wsgi/hooks/quota_enforcement.py:66}}
Apr 10 18:06:44.891976 np0000164868 devstack@neutron-api.service[102764]: DEBUG neutron.policy [None req-8b45dac0-4f25-4830-90b1-e9104432d97d admin admin] Loaded default policies from ['neutron'] under neutron.policies entry points {{(pid=102764) register_rules /opt/stack/neutron/neutron/policy.py:65}}
Apr 10 18:06:44.996065 np0000164868 devstack@neutron-api.service[102764]: DEBUG neutron_lib.callbacks.manager [None req-8b45dac0-4f25-4830-90b1-e9104432d97d admin admin] Publish callbacks ['neutron.plugins.ml2.plugin.SecurityGroupDbMixin._ensure_default_security_group_handler-1991495'] for network (None), before_create {{(pid=102764) _notify_loop /opt/stack/data/venv/lib/python3.12/site-packages/neutron_lib/callbacks/manager.py:184}}
Apr 10 18:06:45.017521 np0000164868 devstack@neutron-api.service[102764]: DEBUG neutron_lib.callbacks.manager [None req-8b45dac0-4f25-4830-90b1-e9104432d97d admin admin] Publish callbacks [] for security_group (None), before_create {{(pid=102764) _notify_loop /opt/stack/data/venv/lib/python3.12/site-packages/neutron_lib/callbacks/manager.py:184}}
Apr 10 18:06:45.118502 np0000164868 devstack@neutron-api.service[102764]: DEBUG neutron_lib.callbacks.manager [None req-8b45dac0-4f25-4830-90b1-e9104432d97d admin admin] Publish callbacks ['neutron.plugins.ml2.drivers.ovn.mech_driver.mech_driver.OVNMechanismDriver._create_security_group_precommit-502062'] for security_group (c56e82c0-4a9a-4767-8524-d3ed4bb9edba), precommit_create {{(pid=102764) _notify_loop /opt/stack/data/venv/lib/python3.12/site-packages/neutron_lib/callbacks/manager.py:184}}
Apr 10 18:06:45.118694 np0000164868 devstack@neutron-api.service[102764]: DEBUG neutron.db.ovn_revision_numbers_db [None req-8b45dac0-4f25-4830-90b1-e9104432d97d admin admin] create_initial_revision uuid=c56e82c0-4a9a-4767-8524-d3ed4bb9edba, type=security_groups, rev=-1 {{(pid=102764) create_initial_revision /opt/stack/neutron/neutron/db/ovn_revision_numbers_db.py:98}}
Apr 10 18:06:45.121274 np0000164868 devstack@neutron-api.service[102764]: DEBUG neutron.db.ovn_revision_numbers_db [None req-8b45dac0-4f25-4830-90b1-e9104432d97d admin admin] create_initial_revision uuid=15547353-ec9b-46bc-880d-e1a82f59f13b, type=security_group_rules, rev=-1 {{(pid=102764) create_initial_revision /opt/stack/neutron/neutron/db/ovn_revision_numbers_db.py:98}}
Apr 10 18:06:45.122406 np0000164868 devstack@neutron-api.service[102764]: DEBUG neutron.db.ovn_revision_numbers_db [None req-8b45dac0-4f25-4830-90b1-e9104432d97d admin admin] create_initial_revision uuid=41a0482a-6cad-4c99-8c15-fcff3cdd731e, type=security_group_rules, rev=-1 {{(pid=102764) create_initial_revision /opt/stack/neutron/neutron/db/ovn_revision_numbers_db.py:98}}
Apr 10 18:06:45.123401 np0000164868 devstack@neutron-api.service[102764]: DEBUG neutron.db.ovn_revision_numbers_db [None req-8b45dac0-4f25-4830-90b1-e9104432d97d admin admin] create_initial_revision uuid=46174799-ed76-4812-a44e-d23fe9d1ce37, type=security_group_rules, rev=-1 {{(pid=102764) create_initial_revision /opt/stack/neutron/neutron/db/ovn_revision_numbers_db.py:98}}
Apr 10 18:06:45.124429 np0000164868 devstack@neutron-api.service[102764]: DEBUG neutron.db.ovn_revision_numbers_db [None req-8b45dac0-4f25-4830-90b1-e9104432d97d admin admin] create_initial_revision uuid=dcc0ad7b-0e2c-4325-9c44-779c643e45c9, type=security_group_rules, rev=-1 {{(pid=102764) create_initial_revision /opt/stack/neutron/neutron/db/ovn_revision_numbers_db.py:98}}
Apr 10 18:06:45.131665 np0000164868 devstack@neutron-api.service[102764]: DEBUG neutron_lib.callbacks.manager [None req-8b45dac0-4f25-4830-90b1-e9104432d97d admin admin] Publish callbacks ['neutron.plugins.ml2.drivers.ovn.mech_driver.mech_driver.OVNMechanismDriver._create_security_group-502064', 'neutron.plugins.ml2.ovo_rpc._ObjectChangeHandler.handle_event-6686362'] for security_group (c56e82c0-4a9a-4767-8524-d3ed4bb9edba), after_create {{(pid=102764) _notify_loop /opt/stack/data/venv/lib/python3.12/site-packages/neutron_lib/callbacks/manager.py:184}}
Apr 10 18:06:45.131894 np0000164868 devstack@neutron-api.service[102764]: INFO neutron.plugins.ml2.drivers.ovn.mech_driver.ovsdb.extensions.qos [None req-8b45dac0-4f25-4830-90b1-e9104432d97d admin admin] Starting OVNClientQosExtension
Apr 10 18:06:45.132045 np0000164868 devstack@neutron-api.service[102764]: INFO neutron.plugins.ml2.drivers.ovn.mech_driver.ovsdb.extensions.placement [None req-8b45dac0-4f25-4830-90b1-e9104432d97d admin admin] Starting OVNClientPlacementExtension
Apr 10 18:06:45.133171 np0000164868 devstack@neutron-api.service[102764]: DEBUG ovsdbapp.backend.ovs_idl.transaction [-] Running txn n=1 command(idx=0): PgAddCommand(_result=None, name=pg_c56e82c0_4a9a_4767_8524_d3ed4bb9edba, may_exist=False, columns={'acls': [], 'external_ids': {'neutron:security_group_id': 'c56e82c0-4a9a-4767-8524-d3ed4bb9edba'}}) {{(pid=102764) do_commit /opt/stack/data/venv/lib/python3.12/site-packages/ovsdbapp/backend/ovs_idl/transaction.py:89}}
Apr 10 18:06:45.134704 np0000164868 devstack@neutron-api.service[102764]: DEBUG ovsdbapp.backend.ovs_idl.transaction [-] Running txn n=1 command(idx=1): PgAclAddCommand(_result=None, entity=pg_c56e82c0_4a9a_4767_8524_d3ed4bb9edba, direction=to-lport, priority=1002, match=outport == @pg_c56e82c0_4a9a_4767_8524_d3ed4bb9edba && ip4 && ip4.src == $pg_c56e82c0_4a9a_4767_8524_d3ed4bb9edba_ip4, action=allow-related, log=False, may_exist=True, severity=[], name=[], meter=[], external_ids={'neutron:security_group_rule_id': '15547353-ec9b-46bc-880d-e1a82f59f13b'}) {{(pid=102764) do_commit /opt/stack/data/venv/lib/python3.12/site-packages/ovsdbapp/backend/ovs_idl/transaction.py:89}}
Apr 10 18:06:45.135153 np0000164868 devstack@neutron-api.service[102764]: DEBUG ovsdbapp.backend.ovs_idl.transaction [-] Running txn n=1 command(idx=2): PgAclAddCommand(_result=None, entity=pg_c56e82c0_4a9a_4767_8524_d3ed4bb9edba, direction=to-lport, priority=1002, match=outport == @pg_c56e82c0_4a9a_4767_8524_d3ed4bb9edba && ip6 && ip6.src == $pg_c56e82c0_4a9a_4767_8524_d3ed4bb9edba_ip6, action=allow-related, log=False, may_exist=True, severity=[], name=[], meter=[], external_ids={'neutron:security_group_rule_id': '41a0482a-6cad-4c99-8c15-fcff3cdd731e'}) {{(pid=102764) do_commit /opt/stack/data/venv/lib/python3.12/site-packages/ovsdbapp/backend/ovs_idl/transaction.py:89}}
Apr 10 18:06:45.135541 np0000164868 devstack@neutron-api.service[102764]: DEBUG ovsdbapp.backend.ovs_idl.transaction [-] Running txn n=1 command(idx=3): PgAclAddCommand(_result=None, entity=pg_c56e82c0_4a9a_4767_8524_d3ed4bb9edba, direction=from-lport, priority=1002, match=inport == @pg_c56e82c0_4a9a_4767_8524_d3ed4bb9edba && ip6, action=allow-related, log=False, may_exist=True, severity=[], name=[], meter=[], external_ids={'neutron:security_group_rule_id': '46174799-ed76-4812-a44e-d23fe9d1ce37'}) {{(pid=102764) do_commit /opt/stack/data/venv/lib/python3.12/site-packages/ovsdbapp/backend/ovs_idl/transaction.py:89}}
Apr 10 18:06:45.136022 np0000164868 devstack@neutron-api.service[102764]: DEBUG ovsdbapp.backend.ovs_idl.transaction [-] Running txn n=1 command(idx=4): PgAclAddCommand(_result=None, entity=pg_c56e82c0_4a9a_4767_8524_d3ed4bb9edba, direction=from-lport, priority=1002, match=inport == @pg_c56e82c0_4a9a_4767_8524_d3ed4bb9edba && ip4, action=allow-related, log=False, may_exist=True, severity=[], name=[], meter=[], external_ids={'neutron:security_group_rule_id': 'dcc0ad7b-0e2c-4325-9c44-779c643e45c9'}) {{(pid=102764) do_commit /opt/stack/data/venv/lib/python3.12/site-packages/ovsdbapp/backend/ovs_idl/transaction.py:89}}
Apr 10 18:06:45.143402 np0000164868 devstack@neutron-api.service[102765]: DEBUG neutron.plugins.ml2.drivers.ovn.mech_driver.ovsdb.ovsdb_monitor [-] Hash Ring: Node fbd89d38d33d5bb1bd9000579ff661e5 (host: np0000164868) handling event "create" for row 3cc019f1-1506-460a-a0c0-168fae13ee1c (table: ACL) {{(pid=102765) notify /opt/stack/neutron/neutron/plugins/ml2/drivers/ovn/mech_driver/ovsdb/ovsdb_monitor.py:912}}
Apr 10 18:06:45.143736 np0000164868 devstack@neutron-api.service[102765]: DEBUG neutron.plugins.ml2.drivers.ovn.mech_driver.ovsdb.ovsdb_monitor [-] Hash Ring: Node fbd89d38d33d5bb1bd9000579ff661e5 (host: np0000164868) handling event "create" for row 7975b1d0-f530-4940-b641-fc991fb80c5d (table: ACL) {{(pid=102765) notify /opt/stack/neutron/neutron/plugins/ml2/drivers/ovn/mech_driver/ovsdb/ovsdb_monitor.py:912}}
Apr 10 18:06:45.143838 np0000164868 devstack@neutron-api.service[102764]: DEBUG neutron.plugins.ml2.drivers.ovn.mech_driver.ovsdb.ovsdb_monitor [-] Hash Ring: Node 84b6696a22d35b27a6516573ea0a326d (host: np0000164868) handling event "create" for row 3cc019f1-1506-460a-a0c0-168fae13ee1c (table: ACL) {{(pid=102764) notify /opt/stack/neutron/neutron/plugins/ml2/drivers/ovn/mech_driver/ovsdb/ovsdb_monitor.py:912}}
Apr 10 18:06:45.143896 np0000164868 devstack@neutron-api.service[102765]: DEBUG neutron.plugins.ml2.drivers.ovn.mech_driver.ovsdb.ovsdb_monitor [-] Hash Ring: Node fbd89d38d33d5bb1bd9000579ff661e5 (host: np0000164868) handling event "create" for row 7b9e8e21-98f2-42ce-9b92-2e413e69e3cf (table: ACL) {{(pid=102765) notify /opt/stack/neutron/neutron/plugins/ml2/drivers/ovn/mech_driver/ovsdb/ovsdb_monitor.py:912}}
Apr 10 18:06:45.143968 np0000164868 devstack@neutron-api.service[102765]: DEBUG neutron.plugins.ml2.drivers.ovn.mech_driver.ovsdb.ovsdb_monitor [-] Hash Ring: Node fbd89d38d33d5bb1bd9000579ff661e5 (host: np0000164868) handling event "create" for row 899e281a-9008-4ddf-9d06-69129cffba57 (table: ACL) {{(pid=102765) notify /opt/stack/neutron/neutron/plugins/ml2/drivers/ovn/mech_driver/ovsdb/ovsdb_monitor.py:912}}
Apr 10 18:06:45.144029 np0000164868 devstack@neutron-api.service[102766]: DEBUG neutron.plugins.ml2.drivers.ovn.mech_driver.ovsdb.ovsdb_monitor [-] Hash Ring: Node 4c58fdb80c1f560d9da84b7d0eda25f0 (host: np0000164868) handling event "create" for row 7975b1d0-f530-4940-b641-fc991fb80c5d (table: ACL) {{(pid=102766) notify /opt/stack/neutron/neutron/plugins/ml2/drivers/ovn/mech_driver/ovsdb/ovsdb_monitor.py:912}}
Apr 10 18:06:45.144349 np0000164868 devstack@neutron-api.service[102765]: DEBUG neutron.plugins.ml2.drivers.ovn.mech_driver.ovsdb.ovsdb_monitor [-] Hash Ring: Node fbd89d38d33d5bb1bd9000579ff661e5 (host: np0000164868) handling event "create" for row 603d0a1e-f56d-4524-b85c-7688de020631 (table: Port_Group) {{(pid=102765) notify /opt/stack/neutron/neutron/plugins/ml2/drivers/ovn/mech_driver/ovsdb/ovsdb_monitor.py:912}}
Apr 10 18:06:45.146233 np0000164868 devstack@neutron-api.service[102763]: DEBUG neutron.plugins.ml2.drivers.ovn.mech_driver.ovsdb.ovsdb_monitor [-] Hash Ring: Node dbe4b620dcd95b80a1472d503e8bc6aa (host: np0000164868) handling event "create" for row 7b9e8e21-98f2-42ce-9b92-2e413e69e3cf (table: ACL) {{(pid=102763) notify /opt/stack/neutron/neutron/plugins/ml2/drivers/ovn/mech_driver/ovsdb/ovsdb_monitor.py:912}}
Apr 10 18:06:45.170598 np0000164868 devstack@neutron-api.service[102764]: INFO neutron.db.ovn_revision_numbers_db [None req-8b45dac0-4f25-4830-90b1-e9104432d97d admin admin] Successfully bumped revision number for resource c56e82c0-4a9a-4767-8524-d3ed4bb9edba (type: security_groups) to 1
Apr 10 18:06:45.187305 np0000164868 devstack@neutron-api.service[102764]: INFO neutron.db.ovn_revision_numbers_db [None req-8b45dac0-4f25-4830-90b1-e9104432d97d admin admin] Successfully bumped revision number for resource 15547353-ec9b-46bc-880d-e1a82f59f13b (type: security_group_rules) to 0
Apr 10 18:06:45.200929 np0000164868 devstack@neutron-api.service[102764]: INFO neutron.db.ovn_revision_numbers_db [None req-8b45dac0-4f25-4830-90b1-e9104432d97d admin admin] Successfully bumped revision number for resource 41a0482a-6cad-4c99-8c15-fcff3cdd731e (type: security_group_rules) to 0
Apr 10 18:06:45.214839 np0000164868 devstack@neutron-api.service[102764]: INFO neutron.db.ovn_revision_numbers_db [None req-8b45dac0-4f25-4830-90b1-e9104432d97d admin admin] Successfully bumped revision number for resource 46174799-ed76-4812-a44e-d23fe9d1ce37 (type: security_group_rules) to 0
Apr 10 18:06:45.231748 np0000164868 devstack@neutron-api.service[102764]: INFO neutron.db.ovn_revision_numbers_db [None req-8b45dac0-4f25-4830-90b1-e9104432d97d admin admin] Successfully bumped revision number for resource dcc0ad7b-0e2c-4325-9c44-779c643e45c9 (type: security_group_rules) to 0
Apr 10 18:06:45.256877 np0000164868 devstack@neutron-api.service[102764]: DEBUG neutron.api.rpc.handlers.resources_rpc [None req-8b45dac0-4f25-4830-90b1-e9104432d97d admin admin] Pushing event updated for resources: {'SecurityGroup': ['ID=c56e82c0-4a9a-4767-8524-d3ed4bb9edba,revision_number=1']} {{(pid=102764) push /opt/stack/neutron/neutron/api/rpc/handlers/resources_rpc.py:237}}
Apr 10 18:06:45.265120 np0000164868 devstack@neutron-api.service[102764]: DEBUG ovsdbapp.backend.ovs_idl.transaction [-] Running txn n=1 command(idx=0): CheckLivenessCommand(_result=None) {{(pid=102764) do_commit /opt/stack/data/venv/lib/python3.12/site-packages/ovsdbapp/backend/ovs_idl/transaction.py:89}}
Apr 10 18:06:45.269359 np0000164868 devstack@neutron-api.service[102766]: DEBUG neutron.plugins.ml2.drivers.ovn.mech_driver.ovsdb.ovsdb_monitor [-] Hash Ring: Node 4c58fdb80c1f560d9da84b7d0eda25f0 (host: np0000164868) handling event "update" for row 0fb7f701-42ca-4fe4-a14a-e562ae3c99fc (table: NB_Global) {{(pid=102766) notify /opt/stack/neutron/neutron/plugins/ml2/drivers/ovn/mech_driver/ovsdb/ovsdb_monitor.py:912}}
Apr 10 18:06:45.270302 np0000164868 devstack@neutron-api.service[102766]: DEBUG neutron.plugins.ml2.drivers.ovn.mech_driver.ovsdb.ovsdb_monitor [-] Hash Ring: Node 4c58fdb80c1f560d9da84b7d0eda25f0 (host: np0000164868) handling event "update" for row 0fb7f701-42ca-4fe4-a14a-e562ae3c99fc (table: NB_Global) {{(pid=102766) notify /opt/stack/neutron/neutron/plugins/ml2/drivers/ovn/mech_driver/ovsdb/ovsdb_monitor.py:912}}
Apr 10 18:06:45.270533 np0000164868 devstack@neutron-api.service[102765]: DEBUG neutron.plugins.ml2.drivers.ovn.mech_driver.ovsdb.ovsdb_monitor [-] Hash Ring: Node fbd89d38d33d5bb1bd9000579ff661e5 (host: np0000164868) handling event "update" for row 0fb7f701-42ca-4fe4-a14a-e562ae3c99fc (table: NB_Global) {{(pid=102765) notify /opt/stack/neutron/neutron/plugins/ml2/drivers/ovn/mech_driver/ovsdb/ovsdb_monitor.py:912}}
Apr 10 18:06:45.272246 np0000164868 devstack@neutron-api.service[102766]: DEBUG neutron.plugins.ml2.drivers.ovn.mech_driver.ovsdb.ovsdb_monitor [-] Hash Ring: Node 4c58fdb80c1f560d9da84b7d0eda25f0 (host: np0000164868) handling event "update" for row 0fb7f701-42ca-4fe4-a14a-e562ae3c99fc (table: NB_Global) {{(pid=102766) notify /opt/stack/neutron/neutron/plugins/ml2/drivers/ovn/mech_driver/ovsdb/ovsdb_monitor.py:912}}
Apr 10 18:06:45.272404 np0000164868 devstack@neutron-api.service[102765]: DEBUG neutron.plugins.ml2.drivers.ovn.mech_driver.ovsdb.ovsdb_monitor [-] Hash Ring: Node fbd89d38d33d5bb1bd9000579ff661e5 (host: np0000164868) handling event "update" for row 0fb7f701-42ca-4fe4-a14a-e562ae3c99fc (table: NB_Global) {{(pid=102765) notify /opt/stack/neutron/neutron/plugins/ml2/drivers/ovn/mech_driver/ovsdb/ovsdb_monitor.py:912}}
Apr 10 18:06:45.272550 np0000164868 devstack@neutron-api.service[102764]: DEBUG neutron.api.rpc.callbacks.version_manager [None req-8b45dac0-4f25-4830-90b1-e9104432d97d admin admin] Tracked resource versions report:
Apr 10 18:06:45.272550 np0000164868 devstack@neutron-api.service[102764]: pushed versions:
Apr 10 18:06:45.272550 np0000164868 devstack@neutron-api.service[102764]: { 'AddressGroup': {'1.2'},
Apr 10 18:06:45.272550 np0000164868 devstack@neutron-api.service[102764]: 'Agent': {'1.1'},
Apr 10 18:06:45.272550 np0000164868 devstack@neutron-api.service[102764]: 'ConntrackHelper': {'1.0'},
Apr 10 18:06:45.272550 np0000164868 devstack@neutron-api.service[102764]: 'LocalIPAssociation': {'1.0'},
Apr 10 18:06:45.272550 np0000164868 devstack@neutron-api.service[102764]: 'Log': {'1.0'},
Apr 10 18:06:45.272550 np0000164868 devstack@neutron-api.service[102764]: 'NDPProxy': {'1.0'},
Apr 10 18:06:45.272550 np0000164868 devstack@neutron-api.service[102764]: 'Network': {'1.2'},
Apr 10 18:06:45.272550 np0000164868 devstack@neutron-api.service[102764]: 'Port': {'1.10'},
Apr 10 18:06:45.272550 np0000164868 devstack@neutron-api.service[102764]: 'PortForwarding': {'1.3'},
Apr 10 18:06:45.272550 np0000164868 devstack@neutron-api.service[102764]: 'QosPolicy': {'1.10'},
Apr 10 18:06:45.272550 np0000164868 devstack@neutron-api.service[102764]: 'SecurityGroup': {'1.6'},
Apr 10 18:06:45.272550 np0000164868 devstack@neutron-api.service[102764]: 'SecurityGroupRule': {'1.3'},
Apr 10 18:06:45.272550 np0000164868 devstack@neutron-api.service[102764]: 'SubPort': {'1.0'},
Apr 10 18:06:45.272550 np0000164868 devstack@neutron-api.service[102764]: 'Subnet': {'1.2'},
Apr 10 18:06:45.272550 np0000164868 devstack@neutron-api.service[102764]: 'Trunk': {'1.1'}}
Apr 10 18:06:45.272550 np0000164868 devstack@neutron-api.service[102764]: consumer versions:
Apr 10 18:06:45.272550 np0000164868 devstack@neutron-api.service[102764]: {}
Apr 10 18:06:45.272550 np0000164868 devstack@neutron-api.service[102764]: {{(pid=102764) report /opt/stack/neutron/neutron/api/rpc/callbacks/version_manager.py:183}}
Apr 10 18:06:45.273709 np0000164868 devstack@neutron-api.service[102765]: DEBUG neutron.plugins.ml2.drivers.ovn.mech_driver.ovsdb.ovsdb_monitor [-] ChassisAgentWriteEvent : Matched Chassis_Private, update, None None {{(pid=102765) matches /opt/stack/neutron/neutron/plugins/ml2/drivers/ovn/mech_driver/ovsdb/ovsdb_monitor.py:64}}
Apr 10 18:06:45.274099 np0000164868 devstack@neutron-api.service[102763]: DEBUG neutron.plugins.ml2.drivers.ovn.mech_driver.ovsdb.ovsdb_monitor [-] ChassisAgentWriteEvent : Matched Chassis_Private, update, None None {{(pid=102763) matches /opt/stack/neutron/neutron/plugins/ml2/drivers/ovn/mech_driver/ovsdb/ovsdb_monitor.py:64}}
Apr 10 18:06:45.274200 np0000164868 devstack@neutron-api.service[102766]: DEBUG neutron.plugins.ml2.drivers.ovn.mech_driver.ovsdb.ovsdb_monitor [-] ChassisAgentWriteEvent : Matched Chassis_Private, update, None None {{(pid=102766) matches /opt/stack/neutron/neutron/plugins/ml2/drivers/ovn/mech_driver/ovsdb/ovsdb_monitor.py:64}}
Apr 10 18:06:45.274590 np0000164868 devstack@neutron-api.service[102763]: DEBUG neutron.plugins.ml2.drivers.ovn.mech_driver.ovsdb.ovsdb_monitor [-] Hash Ring: Node dbe4b620dcd95b80a1472d503e8bc6aa (host: np0000164868) handling event "update" for row c9581b9b-8090-4ce3-91fb-d262e8abde20 (table: Chassis_Private) {{(pid=102763) notify /opt/stack/neutron/neutron/plugins/ml2/drivers/ovn/mech_driver/ovsdb/ovsdb_monitor.py:912}}
Apr 10 18:06:45.278475 np0000164868 devstack@neutron-api.service[102765]: DEBUG neutron.plugins.ml2.drivers.ovn.mech_driver.ovsdb.ovsdb_monitor [-] Hash Ring: Node fbd89d38d33d5bb1bd9000579ff661e5 (host: np0000164868) handling event "update" for row 0fb7f701-42ca-4fe4-a14a-e562ae3c99fc (table: NB_Global) {{(pid=102765) notify /opt/stack/neutron/neutron/plugins/ml2/drivers/ovn/mech_driver/ovsdb/ovsdb_monitor.py:912}}
Apr 10 18:06:45.278622 np0000164868 devstack@neutron-api.service[102766]: DEBUG neutron.plugins.ml2.drivers.ovn.mech_driver.ovsdb.ovsdb_monitor [-] Hash Ring: Node 4c58fdb80c1f560d9da84b7d0eda25f0 (host: np0000164868) handling event "update" for row 0fb7f701-42ca-4fe4-a14a-e562ae3c99fc (table: NB_Global) {{(pid=102766) notify /opt/stack/neutron/neutron/plugins/ml2/drivers/ovn/mech_driver/ovsdb/ovsdb_monitor.py:912}}
Apr 10 18:06:45.279392 np0000164868 devstack@neutron-api.service[102763]: DEBUG neutron.plugins.ml2.drivers.ovn.mech_driver.ovsdb.ovsdb_monitor [-] ChassisOVNAgentWriteEvent : Matched Chassis_Private, update, None None {{(pid=102763) matches /opt/stack/neutron/neutron/plugins/ml2/drivers/ovn/mech_driver/ovsdb/ovsdb_monitor.py:64}}
Apr 10 18:06:45.279713 np0000164868 devstack@neutron-api.service[102763]: DEBUG neutron.plugins.ml2.drivers.ovn.mech_driver.ovsdb.ovsdb_monitor [-] Hash Ring: Node dbe4b620dcd95b80a1472d503e8bc6aa (host: np0000164868) handling event "update" for row c9581b9b-8090-4ce3-91fb-d262e8abde20 (table: Chassis_Private) {{(pid=102763) notify /opt/stack/neutron/neutron/plugins/ml2/drivers/ovn/mech_driver/ovsdb/ovsdb_monitor.py:912}}
Apr 10 18:06:45.280299 np0000164868 devstack@neutron-api.service[102765]: DEBUG neutron.common.ovn.hash_ring_manager [-] Allow caching, nodes 4>=4 {{(pid=102765) _wait_startup_before_caching /opt/stack/neutron/neutron/common/ovn/hash_ring_manager.py:65}}
Apr 10 18:06:45.280552 np0000164868 devstack@neutron-api.service[102766]: DEBUG neutron.plugins.ml2.drivers.ovn.mech_driver.ovsdb.ovsdb_monitor [-] ChassisOVNAgentWriteEvent : Matched Chassis_Private, update, None None {{(pid=102766) matches /opt/stack/neutron/neutron/plugins/ml2/drivers/ovn/mech_driver/ovsdb/ovsdb_monitor.py:64}}
Apr 10 18:06:45.280656 np0000164868 devstack@neutron-api.service[102765]: DEBUG neutron.plugins.ml2.drivers.ovn.mech_driver.ovsdb.ovsdb_monitor [-] Hash Ring: Node fbd89d38d33d5bb1bd9000579ff661e5 (host: np0000164868) handling event "update" for row c9581b9b-8090-4ce3-91fb-d262e8abde20 (table: Chassis_Private) {{(pid=102765) notify /opt/stack/neutron/neutron/plugins/ml2/drivers/ovn/mech_driver/ovsdb/ovsdb_monitor.py:912}}
Apr 10 18:06:45.281433 np0000164868 devstack@neutron-api.service[102764]: DEBUG neutron.plugins.ml2.drivers.ovn.mech_driver.ovsdb.ovsdb_monitor [-] ChassisAgentWriteEvent : Matched Chassis_Private, update, None None {{(pid=102764) matches /opt/stack/neutron/neutron/plugins/ml2/drivers/ovn/mech_driver/ovsdb/ovsdb_monitor.py:64}}
Apr 10 18:06:45.281545 np0000164868 devstack@neutron-api.service[102765]: DEBUG neutron.plugins.ml2.drivers.ovn.mech_driver.ovsdb.ovsdb_monitor [-] ChassisOVNAgentWriteEvent : Matched Chassis_Private, update, None None {{(pid=102765) matches /opt/stack/neutron/neutron/plugins/ml2/drivers/ovn/mech_driver/ovsdb/ovsdb_monitor.py:64}}
Apr 10 18:06:45.282047 np0000164868 devstack@neutron-api.service[102765]: DEBUG neutron.plugins.ml2.drivers.ovn.mech_driver.ovsdb.ovsdb_monitor [-] Hash Ring: Node fbd89d38d33d5bb1bd9000579ff661e5 (host: np0000164868) handling event "update" for row c9581b9b-8090-4ce3-91fb-d262e8abde20 (table: Chassis_Private) {{(pid=102765) notify /opt/stack/neutron/neutron/plugins/ml2/drivers/ovn/mech_driver/ovsdb/ovsdb_monitor.py:912}}
Apr 10 18:06:45.282698 np0000164868 devstack@neutron-api.service[102765]: DEBUG neutron.plugins.ml2.drivers.ovn.mech_driver.ovsdb.ovsdb_monitor [-] Hash Ring: Node fbd89d38d33d5bb1bd9000579ff661e5 (host: np0000164868) handling event "update" for row 0fb7f701-42ca-4fe4-a14a-e562ae3c99fc (table: NB_Global) {{(pid=102765) notify /opt/stack/neutron/neutron/plugins/ml2/drivers/ovn/mech_driver/ovsdb/ovsdb_monitor.py:912}}
Apr 10 18:06:45.284784 np0000164868 devstack@neutron-api.service[102764]: DEBUG neutron.plugins.ml2.drivers.ovn.mech_driver.ovsdb.ovsdb_monitor [-] ChassisOVNAgentWriteEvent : Matched Chassis_Private, update, None None {{(pid=102764) matches /opt/stack/neutron/neutron/plugins/ml2/drivers/ovn/mech_driver/ovsdb/ovsdb_monitor.py:64}}
Apr 10 18:06:45.346483 np0000164868 devstack@neutron-api.service[102764]: DEBUG neutron.plugins.ml2.drivers.helpers [None req-8b45dac0-4f25-4830-90b1-e9104432d97d admin admin] geneve segment allocate from pool success with {'geneve_vni': 357} {{(pid=102764) allocate_partially_specified_segment /opt/stack/neutron/neutron/plugins/ml2/drivers/helpers.py:142}}
Apr 10 18:06:45.361177 np0000164868 devstack@neutron-api.service[102764]: DEBUG neutron_lib.callbacks.manager [None req-8b45dac0-4f25-4830-90b1-e9104432d97d admin admin] Publish callbacks ['neutron.services.segments.db._add_segment_host_mapping_for_segment-8372791844244', 'neutron.plugins.ml2.plugin.Ml2Plugin._handle_segment_change-1236265'] for segment (38801c18-720a-4aff-b6fe-dbb0d1a6756d), precommit_create {{(pid=102764) _notify_loop /opt/stack/data/venv/lib/python3.12/site-packages/neutron_lib/callbacks/manager.py:184}}
Apr 10 18:06:45.361430 np0000164868 devstack@neutron-api.service[102764]: INFO neutron.db.segments_db [None req-8b45dac0-4f25-4830-90b1-e9104432d97d admin admin] Added segment 38801c18-720a-4aff-b6fe-dbb0d1a6756d of type geneve for network 4abbb547-d36f-4f21-a4fc-90fd20d20386
Apr 10 18:06:45.411733 np0000164868 devstack@neutron-api.service[102764]: DEBUG neutron_lib.callbacks.manager [None req-8b45dac0-4f25-4830-90b1-e9104432d97d admin admin] Publish callbacks ['neutron.services.auto_allocate.db._ensure_external_network_default_value_callback-8372789219692'] for network (4abbb547-d36f-4f21-a4fc-90fd20d20386), precommit_create {{(pid=102764) _notify_loop /opt/stack/data/venv/lib/python3.12/site-packages/neutron_lib/callbacks/manager.py:184}}
Apr 10 18:06:45.431301 np0000164868 devstack@neutron-api.service[102764]: DEBUG neutron.plugins.ml2.drivers.ovn.mech_driver.mech_driver [None req-8b45dac0-4f25-4830-90b1-e9104432d97d admin admin] Validating network segment with type geneve, segmentation ID 357, physical network None {{(pid=102764) _validate_network_segments /opt/stack/neutron/neutron/plugins/ml2/drivers/ovn/mech_driver/mech_driver.py:631}}
Apr 10 18:06:45.431501 np0000164868 devstack@neutron-api.service[102764]: DEBUG neutron.db.ovn_revision_numbers_db [None req-8b45dac0-4f25-4830-90b1-e9104432d97d admin admin] create_initial_revision uuid=4abbb547-d36f-4f21-a4fc-90fd20d20386, type=networks, rev=-1 {{(pid=102764) create_initial_revision /opt/stack/neutron/neutron/db/ovn_revision_numbers_db.py:98}}
Apr 10 18:06:45.449249 np0000164868 devstack@neutron-api.service[102764]: DEBUG neutron_lib.callbacks.manager [None req-8b45dac0-4f25-4830-90b1-e9104432d97d admin admin] Publish callbacks ['neutron.plugins.ml2.ovo_rpc._ObjectChangeHandler.handle_event-6686361'] for network (4abbb547-d36f-4f21-a4fc-90fd20d20386), after_create {{(pid=102764) _notify_loop /opt/stack/data/venv/lib/python3.12/site-packages/neutron_lib/callbacks/manager.py:184}}
