Jun 29 06:03:05.783073 np0000183444 devstack@n-api-meta.service[108872]: DEBUG nova.api.openstack.wsgi_app [None req-faa289b1-1b7b-4b0d-aaaa-6775814d04e8 None None] oslo_messaging_rabbit.amqp_durable_queues = False {{(pid=108872) log_opt_values /opt/stack/data/venv/lib/python3.12/site-packages/oslo_config/cfg.py:3253}}
Jun 29 06:03:05.783231 np0000183444 devstack@n-api-meta.service[108872]: DEBUG nova.api.openstack.wsgi_app [None req-faa289b1-1b7b-4b0d-aaaa-6775814d04e8 None None] oslo_messaging_rabbit.conn_pool_min_size = 2 {{(pid=108872) log_opt_values /opt/stack/data/venv/lib/python3.12/site-packages/oslo_config/cfg.py:3253}}
Jun 29 06:03:05.783374 np0000183444 devstack@n-api-meta.service[108872]: DEBUG nova.api.openstack.wsgi_app [None req-faa289b1-1b7b-4b0d-aaaa-6775814d04e8 None None] oslo_messaging_rabbit.conn_pool_ttl = 1200 {{(pid=108872) log_opt_values /opt/stack/data/venv/lib/python3.12/site-packages/oslo_config/cfg.py:3253}}
Jun 29 06:03:05.783543 np0000183444 devstack@n-api-meta.service[108872]: DEBUG nova.api.openstack.wsgi_app [None req-faa289b1-1b7b-4b0d-aaaa-6775814d04e8 None None] oslo_messaging_rabbit.direct_mandatory_flag = True {{(pid=108872) log_opt_values /opt/stack/data/venv/lib/python3.12/site-packages/oslo_config/cfg.py:3253}}
Jun 29 06:03:05.783694 np0000183444 devstack@n-api-meta.service[108872]: DEBUG nova.api.openstack.wsgi_app [None req-faa289b1-1b7b-4b0d-aaaa-6775814d04e8 None None] oslo_messaging_rabbit.enable_cancel_on_failover = False {{(pid=108872) log_opt_values /opt/stack/data/venv/lib/python3.12/site-packages/oslo_config/cfg.py:3253}}
Jun 29 06:03:05.783868 np0000183444 devstack@n-api-meta.service[108872]: DEBUG nova.api.openstack.wsgi_app [None req-faa289b1-1b7b-4b0d-aaaa-6775814d04e8 None None] oslo_messaging_rabbit.heartbeat_rate = 3 {{(pid=108872) log_opt_values /opt/stack/data/venv/lib/python3.12/site-packages/oslo_config/cfg.py:3253}}
Jun 29 06:03:05.784032 np0000183444 devstack@n-api-meta.service[108872]: DEBUG nova.api.openstack.wsgi_app [None req-faa289b1-1b7b-4b0d-aaaa-6775814d04e8 None None] oslo_messaging_rabbit.heartbeat_timeout_threshold = 60 {{(pid=108872) log_opt_values /opt/stack/data/venv/lib/python3.12/site-packages/oslo_config/cfg.py:3253}}
Jun 29 06:03:05.784185 np0000183444 devstack@n-api-meta.service[108872]: DEBUG nova.api.openstack.wsgi_app [None req-faa289b1-1b7b-4b0d-aaaa-6775814d04e8 None None] oslo_messaging_rabbit.hostname = np0000183444 {{(pid=108872) log_opt_values /opt/stack/data/venv/lib/python3.12/site-packages/oslo_config/cfg.py:3253}}
Jun 29 06:03:05.784343 np0000183444 devstack@n-api-meta.service[108872]: DEBUG nova.api.openstack.wsgi_app [None req-faa289b1-1b7b-4b0d-aaaa-6775814d04e8 None None] oslo_messaging_rabbit.kombu_compression = None {{(pid=108872) log_opt_values /opt/stack/data/venv/lib/python3.12/site-packages/oslo_config/cfg.py:3253}}
Jun 29 06:03:05.784541 np0000183444 devstack@n-api-meta.service[108872]: DEBUG nova.api.openstack.wsgi_app [None req-faa289b1-1b7b-4b0d-aaaa-6775814d04e8 None None] oslo_messaging_rabbit.kombu_failover_strategy = round-robin {{(pid=108872) log_opt_values /opt/stack/data/venv/lib/python3.12/site-packages/oslo_config/cfg.py:3253}}
Jun 29 06:03:05.784673 np0000183444 devstack@n-api-meta.service[108872]: DEBUG nova.api.openstack.wsgi_app [None req-faa289b1-1b7b-4b0d-aaaa-6775814d04e8 None None] oslo_messaging_rabbit.kombu_missing_consumer_retry_timeout = 60 {{(pid=108872) log_opt_values /opt/stack/data/venv/lib/python3.12/site-packages/oslo_config/cfg.py:3253}}
Jun 29 06:03:05.784845 np0000183444 devstack@n-api-meta.service[108872]: DEBUG nova.api.openstack.wsgi_app [None req-faa289b1-1b7b-4b0d-aaaa-6775814d04e8 None None] oslo_messaging_rabbit.kombu_reconnect_delay = 1.0 {{(pid=108872) log_opt_values /opt/stack/data/venv/lib/python3.12/site-packages/oslo_config/cfg.py:3253}}
Jun 29 06:03:05.785001 np0000183444 devstack@n-api-meta.service[108872]: DEBUG nova.api.openstack.wsgi_app [None req-faa289b1-1b7b-4b0d-aaaa-6775814d04e8 None None] oslo_messaging_rabbit.kombu_reconnect_splay = 0.0 {{(pid=108872) log_opt_values /opt/stack/data/venv/lib/python3.12/site-packages/oslo_config/cfg.py:3253}}
Jun 29 06:03:05.785136 np0000183444 devstack@n-api-meta.service[108872]: DEBUG nova.api.openstack.wsgi_app [None req-faa289b1-1b7b-4b0d-aaaa-6775814d04e8 None None] oslo_messaging_rabbit.processname = uwsgi {{(pid=108872) log_opt_values /opt/stack/data/venv/lib/python3.12/site-packages/oslo_config/cfg.py:3253}}
Jun 29 06:03:05.785295 np0000183444 devstack@n-api-meta.service[108872]: DEBUG nova.api.openstack.wsgi_app [None req-faa289b1-1b7b-4b0d-aaaa-6775814d04e8 None None] oslo_messaging_rabbit.rabbit_ha_queues = False {{(pid=108872) log_opt_values /opt/stack/data/venv/lib/python3.12/site-packages/oslo_config/cfg.py:3253}}
Jun 29 06:03:05.785457 np0000183444 devstack@n-api-meta.service[108872]: DEBUG nova.api.openstack.wsgi_app [None req-faa289b1-1b7b-4b0d-aaaa-6775814d04e8 None None] oslo_messaging_rabbit.rabbit_interval_max = 30 {{(pid=108872) log_opt_values /opt/stack/data/venv/lib/python3.12/site-packages/oslo_config/cfg.py:3253}}
Jun 29 06:03:05.785637 np0000183444 devstack@n-api-meta.service[108872]: DEBUG nova.api.openstack.wsgi_app [None req-faa289b1-1b7b-4b0d-aaaa-6775814d04e8 None None] oslo_messaging_rabbit.rabbit_login_method = AMQPLAIN {{(pid=108872) log_opt_values /opt/stack/data/venv/lib/python3.12/site-packages/oslo_config/cfg.py:3253}}
Jun 29 06:03:05.785786 np0000183444 devstack@n-api-meta.service[108872]: DEBUG nova.api.openstack.wsgi_app [None req-faa289b1-1b7b-4b0d-aaaa-6775814d04e8 None None] oslo_messaging_rabbit.rabbit_qos_prefetch_count = 0 {{(pid=108872) log_opt_values /opt/stack/data/venv/lib/python3.12/site-packages/oslo_config/cfg.py:3253}}
Jun 29 06:03:05.785948 np0000183444 devstack@n-api-meta.service[108872]: DEBUG nova.api.openstack.wsgi_app [None req-faa289b1-1b7b-4b0d-aaaa-6775814d04e8 None None] oslo_messaging_rabbit.rabbit_quorum_delivery_limit = 0 {{(pid=108872) log_opt_values /opt/stack/data/venv/lib/python3.12/site-packages/oslo_config/cfg.py:3253}}
Jun 29 06:03:05.786092 np0000183444 devstack@n-api-meta.service[108872]: DEBUG nova.api.openstack.wsgi_app [None req-faa289b1-1b7b-4b0d-aaaa-6775814d04e8 None None] oslo_messaging_rabbit.rabbit_quorum_max_memory_bytes = 0 {{(pid=108872) log_opt_values /opt/stack/data/venv/lib/python3.12/site-packages/oslo_config/cfg.py:3253}}
Jun 29 06:03:05.786241 np0000183444 devstack@n-api-meta.service[108872]: DEBUG nova.api.openstack.wsgi_app [None req-faa289b1-1b7b-4b0d-aaaa-6775814d04e8 None None] oslo_messaging_rabbit.rabbit_quorum_max_memory_length = 0 {{(pid=108872) log_opt_values /opt/stack/data/venv/lib/python3.12/site-packages/oslo_config/cfg.py:3253}}
Jun 29 06:03:05.786382 np0000183444 devstack@n-api-meta.service[108872]: DEBUG nova.api.openstack.wsgi_app [None req-faa289b1-1b7b-4b0d-aaaa-6775814d04e8 None None] oslo_messaging_rabbit.rabbit_quorum_queue = False {{(pid=108872) log_opt_values /opt/stack/data/venv/lib/python3.12/site-packages/oslo_config/cfg.py:3253}}
Jun 29 06:03:05.786534 np0000183444 devstack@n-api-meta.service[108872]: DEBUG nova.api.openstack.wsgi_app [None req-faa289b1-1b7b-4b0d-aaaa-6775814d04e8 None None] oslo_messaging_rabbit.rabbit_retry_backoff = 2 {{(pid=108872) log_opt_values /opt/stack/data/venv/lib/python3.12/site-packages/oslo_config/cfg.py:3253}}
Jun 29 06:03:05.786694 np0000183444 devstack@n-api-meta.service[108872]: DEBUG nova.api.openstack.wsgi_app [None req-faa289b1-1b7b-4b0d-aaaa-6775814d04e8 None None] oslo_messaging_rabbit.rabbit_retry_interval = 1 {{(pid=108872) log_opt_values /opt/stack/data/venv/lib/python3.12/site-packages/oslo_config/cfg.py:3253}}
Jun 29 06:03:05.786846 np0000183444 devstack@n-api-meta.service[108872]: DEBUG nova.api.openstack.wsgi_app [None req-faa289b1-1b7b-4b0d-aaaa-6775814d04e8 None None] oslo_messaging_rabbit.rabbit_stream_fanout = False {{(pid=108872) log_opt_values /opt/stack/data/venv/lib/python3.12/site-packages/oslo_config/cfg.py:3253}}
Jun 29 06:03:05.786989 np0000183444 devstack@n-api-meta.service[108872]: DEBUG nova.api.openstack.wsgi_app [None req-faa289b1-1b7b-4b0d-aaaa-6775814d04e8 None None] oslo_messaging_rabbit.rabbit_transient_queues_ttl = 1800 {{(pid=108872) log_opt_values /opt/stack/data/venv/lib/python3.12/site-packages/oslo_config/cfg.py:3253}}
Jun 29 06:03:05.787121 np0000183444 devstack@n-api-meta.service[108872]: DEBUG nova.api.openstack.wsgi_app [None req-faa289b1-1b7b-4b0d-aaaa-6775814d04e8 None None] oslo_messaging_rabbit.rabbit_transient_quorum_queue = False {{(pid=108872) log_opt_values /opt/stack/data/venv/lib/python3.12/site-packages/oslo_config/cfg.py:3253}}
Jun 29 06:03:05.787249 np0000183444 devstack@n-api-meta.service[108872]: DEBUG nova.api.openstack.wsgi_app [None req-faa289b1-1b7b-4b0d-aaaa-6775814d04e8 None None] oslo_messaging_rabbit.rpc_conn_pool_size = 30 {{(pid=108872) log_opt_values /opt/stack/data/venv/lib/python3.12/site-packages/oslo_config/cfg.py:3253}}
Jun 29 06:03:05.787378 np0000183444 devstack@n-api-meta.service[108872]: DEBUG nova.api.openstack.wsgi_app [None req-faa289b1-1b7b-4b0d-aaaa-6775814d04e8 None None] oslo_messaging_rabbit.ssl = False {{(pid=108872) log_opt_values /opt/stack/data/venv/lib/python3.12/site-packages/oslo_config/cfg.py:3253}}
Jun 29 06:03:05.787536 np0000183444 devstack@n-api-meta.service[108872]: DEBUG nova.api.openstack.wsgi_app [None req-faa289b1-1b7b-4b0d-aaaa-6775814d04e8 None None] oslo_messaging_rabbit.ssl_ca_file = {{(pid=108872) log_opt_values /opt/stack/data/venv/lib/python3.12/site-packages/oslo_config/cfg.py:3253}}
Jun 29 06:03:05.787686 np0000183444 devstack@n-api-meta.service[108872]: DEBUG nova.api.openstack.wsgi_app [None req-faa289b1-1b7b-4b0d-aaaa-6775814d04e8 None None] oslo_messaging_rabbit.ssl_cert_file = {{(pid=108872) log_opt_values /opt/stack/data/venv/lib/python3.12/site-packages/oslo_config/cfg.py:3253}}
Jun 29 06:03:05.787784 np0000183444 devstack@n-api-meta.service[108872]: DEBUG nova.api.openstack.wsgi_app [None req-faa289b1-1b7b-4b0d-aaaa-6775814d04e8 None None] oslo_messaging_rabbit.ssl_enforce_fips_mode = False {{(pid=108872) log_opt_values /opt/stack/data/venv/lib/python3.12/site-packages/oslo_config/cfg.py:3253}}
Jun 29 06:03:05.787914 np0000183444 devstack@n-api-meta.service[108872]: DEBUG nova.api.openstack.wsgi_app [None req-faa289b1-1b7b-4b0d-aaaa-6775814d04e8 None None] oslo_messaging_rabbit.ssl_enforce_hostname_verification = True {{(pid=108872) log_opt_values /opt/stack/data/venv/lib/python3.12/site-packages/oslo_config/cfg.py:3253}}
Jun 29 06:03:05.788047 np0000183444 devstack@n-api-meta.service[108872]: DEBUG nova.api.openstack.wsgi_app [None req-faa289b1-1b7b-4b0d-aaaa-6775814d04e8 None None] oslo_messaging_rabbit.ssl_key_file = {{(pid=108872) log_opt_values /opt/stack/data/venv/lib/python3.12/site-packages/oslo_config/cfg.py:3253}}
Jun 29 06:03:05.788168 np0000183444 devstack@n-api-meta.service[108872]: DEBUG nova.api.openstack.wsgi_app [None req-faa289b1-1b7b-4b0d-aaaa-6775814d04e8 None None] oslo_messaging_rabbit.ssl_version = {{(pid=108872) log_opt_values /opt/stack/data/venv/lib/python3.12/site-packages/oslo_config/cfg.py:3253}}
Jun 29 06:03:05.788308 np0000183444 devstack@n-api-meta.service[108872]: DEBUG nova.api.openstack.wsgi_app [None req-faa289b1-1b7b-4b0d-aaaa-6775814d04e8 None None] oslo_messaging_rabbit.use_queue_manager = False {{(pid=108872) log_opt_values /opt/stack/data/venv/lib/python3.12/site-packages/oslo_config/cfg.py:3253}}
Jun 29 06:03:05.788445 np0000183444 devstack@n-api-meta.service[108872]: DEBUG nova.api.openstack.wsgi_app [None req-faa289b1-1b7b-4b0d-aaaa-6775814d04e8 None None] oslo_messaging_notifications.driver = ['messagingv2'] {{(pid=108872) log_opt_values /opt/stack/data/venv/lib/python3.12/site-packages/oslo_config/cfg.py:3253}}
Jun 29 06:03:05.788636 np0000183444 devstack@n-api-meta.service[108872]: DEBUG nova.api.openstack.wsgi_app [None req-faa289b1-1b7b-4b0d-aaaa-6775814d04e8 None None] oslo_messaging_notifications.retry = -1 {{(pid=108872) log_opt_values /opt/stack/data/venv/lib/python3.12/site-packages/oslo_config/cfg.py:3253}}
Jun 29 06:03:05.789109 np0000183444 devstack@n-api-meta.service[108872]: DEBUG nova.api.openstack.wsgi_app [None req-faa289b1-1b7b-4b0d-aaaa-6775814d04e8 None None] oslo_messaging_notifications.topics = ['notifications'] {{(pid=108872) log_opt_values /opt/stack/data/venv/lib/python3.12/site-packages/oslo_config/cfg.py:3253}}
Jun 29 06:03:05.789109 np0000183444 devstack@n-api-meta.service[108872]: DEBUG nova.api.openstack.wsgi_app [None req-faa289b1-1b7b-4b0d-aaaa-6775814d04e8 None None] oslo_messaging_notifications.transport_url = **** {{(pid=108872) log_opt_values /opt/stack/data/venv/lib/python3.12/site-packages/oslo_config/cfg.py:3253}}
Jun 29 06:03:05.789109 np0000183444 devstack@n-api-meta.service[108872]: DEBUG nova.api.openstack.wsgi_app [None req-faa289b1-1b7b-4b0d-aaaa-6775814d04e8 None None] oslo_reports.file_event_handler = None {{(pid=108872) log_opt_values /opt/stack/data/venv/lib/python3.12/site-packages/oslo_config/cfg.py:3253}}
Jun 29 06:03:05.789109 np0000183444 devstack@n-api-meta.service[108872]: DEBUG nova.api.openstack.wsgi_app [None req-faa289b1-1b7b-4b0d-aaaa-6775814d04e8 None None] oslo_reports.file_event_handler_interval = 1 {{(pid=108872) log_opt_values /opt/stack/data/venv/lib/python3.12/site-packages/oslo_config/cfg.py:3253}}
Jun 29 06:03:05.789269 np0000183444 devstack@n-api-meta.service[108872]: DEBUG nova.api.openstack.wsgi_app [None req-faa289b1-1b7b-4b0d-aaaa-6775814d04e8 None None] oslo_reports.log_dir = None {{(pid=108872) log_opt_values /opt/stack/data/venv/lib/python3.12/site-packages/oslo_config/cfg.py:3253}}
Jun 29 06:03:05.789300 np0000183444 devstack@n-api-meta.service[108872]: DEBUG nova.api.openstack.wsgi_app [None req-faa289b1-1b7b-4b0d-aaaa-6775814d04e8 None None] ******************************************************************************** {{(pid=108872) log_opt_values /opt/stack/data/venv/lib/python3.12/site-packages/oslo_config/cfg.py:3260}}
Jun 29 06:03:05.789385 np0000183444 devstack@n-api-meta.service[108872]: WSGI app 0 (mountpoint='') ready in 2 seconds on interpreter 0x76db3e4a3668 pid: 108872 (default app)
Jun 29 06:03:15.297717 np0000183444 devstack@n-api-meta.service[108871]: DEBUG dbcounter [-] [108871] Writing DB stats nova_api:SELECT=1 {{(pid=108871) stat_writer /opt/stack/data/venv/lib/python3.12/site-packages/dbcounter.py:115}}
Jun 29 06:03:15.362480 np0000183444 devstack@n-api-meta.service[108870]: DEBUG dbcounter [-] [108870] Writing DB stats nova_api:SELECT=1 {{(pid=108870) stat_writer /opt/stack/data/venv/lib/python3.12/site-packages/dbcounter.py:115}}
Jun 29 06:03:15.365748 np0000183444 devstack@n-api-meta.service[108873]: DEBUG dbcounter [-] [108873] Writing DB stats nova_api:SELECT=1 {{(pid=108873) stat_writer /opt/stack/data/venv/lib/python3.12/site-packages/dbcounter.py:115}}
Jun 29 06:03:15.415009 np0000183444 devstack@n-api-meta.service[108872]: DEBUG dbcounter [-] [108872] Writing DB stats nova_api:SELECT=1 {{(pid=108872) stat_writer /opt/stack/data/venv/lib/python3.12/site-packages/dbcounter.py:115}}
Jun 29 06:03:15.463162 np0000183444 devstack@n-api-meta.service[108871]: DEBUG dbcounter [-] [108871] Writing DB stats nova_cell1:SELECT=1 {{(pid=108871) stat_writer /opt/stack/data/venv/lib/python3.12/site-packages/dbcounter.py:115}}
Jun 29 06:03:15.469335 np0000183444 devstack@n-api-meta.service[108871]: DEBUG dbcounter [-] [108871] Writing DB stats nova_cell0:SELECT=1 {{(pid=108871) stat_writer /opt/stack/data/venv/lib/python3.12/site-packages/dbcounter.py:115}}
Jun 29 06:03:15.508523 np0000183444 devstack@n-api-meta.service[108870]: DEBUG dbcounter [-] [108870] Writing DB stats nova_cell1:SELECT=1 {{(pid=108870) stat_writer /opt/stack/data/venv/lib/python3.12/site-packages/dbcounter.py:115}}
Jun 29 06:03:15.510262 np0000183444 devstack@n-api-meta.service[108870]: DEBUG dbcounter [-] [108870] Writing DB stats nova_cell0:SELECT=1 {{(pid=108870) stat_writer /opt/stack/data/venv/lib/python3.12/site-packages/dbcounter.py:115}}
Jun 29 06:03:15.530689 np0000183444 devstack@n-api-meta.service[108873]: DEBUG dbcounter [-] [108873] Writing DB stats nova_cell0:SELECT=1 {{(pid=108873) stat_writer /opt/stack/data/venv/lib/python3.12/site-packages/dbcounter.py:115}}
Jun 29 06:03:15.533400 np0000183444 devstack@n-api-meta.service[108871]: DEBUG dbcounter [-] [108871] Writing DB stats nova_cell0:SELECT=2,nova_cell0:INSERT=1 {{(pid=108871) stat_writer /opt/stack/data/venv/lib/python3.12/site-packages/dbcounter.py:115}}
Jun 29 06:03:15.537363 np0000183444 devstack@n-api-meta.service[108873]: DEBUG dbcounter [-] [108873] Writing DB stats nova_cell1:SELECT=1 {{(pid=108873) stat_writer /opt/stack/data/venv/lib/python3.12/site-packages/dbcounter.py:115}}
Jun 29 06:03:15.561674 np0000183444 devstack@n-api-meta.service[108870]: DEBUG dbcounter [-] [108870] Writing DB stats nova_cell0:SELECT=1 {{(pid=108870) stat_writer /opt/stack/data/venv/lib/python3.12/site-packages/dbcounter.py:115}}
Jun 29 06:03:15.575066 np0000183444 devstack@n-api-meta.service[108872]: DEBUG dbcounter [-] [108872] Writing DB stats nova_cell1:SELECT=1 {{(pid=108872) stat_writer /opt/stack/data/venv/lib/python3.12/site-packages/dbcounter.py:115}}
Jun 29 06:03:15.583754 np0000183444 devstack@n-api-meta.service[108872]: DEBUG dbcounter [-] [108872] Writing DB stats nova_cell0:SELECT=1 {{(pid=108872) stat_writer /opt/stack/data/venv/lib/python3.12/site-packages/dbcounter.py:115}}
Jun 29 06:03:15.583902 np0000183444 devstack@n-api-meta.service[108873]: DEBUG dbcounter [-] [108873] Writing DB stats nova_cell0:SELECT=1 {{(pid=108873) stat_writer /opt/stack/data/venv/lib/python3.12/site-packages/dbcounter.py:115}}
Jun 29 06:03:15.634726 np0000183444 devstack@n-api-meta.service[108872]: DEBUG dbcounter [-] [108872] Writing DB stats nova_cell0:SELECT=1 {{(pid=108872) stat_writer /opt/stack/data/venv/lib/python3.12/site-packages/dbcounter.py:115}}
Jun 29 06:09:21.748877 np0000183444 devstack@n-api-meta.service[108871]: DEBUG nova.api.metadata.handler [None req-a68f6b35-0ae8-4966-9fb8-e32efb5f48b0 None None] Metadata request headers: {'Host': '199.204.45.38:8775', 'User-Agent': 'python-requests/2.34.2', 'Accept-Encoding': 'gzip, deflate', 'Accept': '*/*', 'Connection': 'keep-alive', 'X-Forwarded-For': '192.168.24.108', 'X-Instance-Id': '50c1448c-c370-4a4f-abd2-472a49b374e7', 'X-Tenant-Id': '7b5d2f904a1a43ae9f4df6b245157960', 'X-Instance-Id-Signature': '40daeea7d01c0abacb32b4f665e9375b2098c8d36e1b4d5898f939be6492a3de'} {{(pid=108871) __call__ /opt/stack/nova/nova/api/metadata/handler.py:109}}
Jun 29 06:09:21.762781 np0000183444 devstack@n-api-meta.service[108871]: DEBUG oslo_concurrency.lockutils [None req-b64ef3fe-b90b-4e43-bb78-346cd75a1c96 None None] Acquiring lock "7d32bad2-9d29-481c-ab94-e8e2a035fab2" by "nova.context.set_target_cell..get_or_set_cached_cell_and_set_connections" {{(pid=108871) inner /opt/stack/data/venv/lib/python3.12/site-packages/oslo_concurrency/lockutils.py:511}}
Jun 29 06:09:21.763068 np0000183444 devstack@n-api-meta.service[108871]: DEBUG oslo_concurrency.lockutils [None req-b64ef3fe-b90b-4e43-bb78-346cd75a1c96 None None] Lock "7d32bad2-9d29-481c-ab94-e8e2a035fab2" acquired by "nova.context.set_target_cell..get_or_set_cached_cell_and_set_connections" :: waited 0.000s {{(pid=108871) inner /opt/stack/data/venv/lib/python3.12/site-packages/oslo_concurrency/lockutils.py:524}}
Jun 29 06:09:21.763289 np0000183444 devstack@n-api-meta.service[108871]: DEBUG oslo_concurrency.lockutils [None req-b64ef3fe-b90b-4e43-bb78-346cd75a1c96 None None] Lock "7d32bad2-9d29-481c-ab94-e8e2a035fab2" "released" by "nova.context.set_target_cell..get_or_set_cached_cell_and_set_connections" :: held 0.000s {{(pid=108871) inner /opt/stack/data/venv/lib/python3.12/site-packages/oslo_concurrency/lockutils.py:543}}
Jun 29 06:09:21.823947 np0000183444 devstack@n-api-meta.service[108871]: WARNING neutronclient.v2_0.client [None req-b64ef3fe-b90b-4e43-bb78-346cd75a1c96 None None] The python binding code in neutronclient is deprecated in favor of OpenstackSDK, please use that as this will be removed in a future release.
Jun 29 06:09:22.181901 np0000183444 devstack@n-api-meta.service[108871]: [pid: 108871|app: 0|req: 1/1] 199.204.45.38 () {40 vars in 641 bytes} [Mon Jun 29 06:09:21 2026] GET /openstack => generated 116 bytes in 434 msecs (HTTP/1.1 200) 3 headers in 100 bytes (1 switches on core 0)
Jun 29 06:09:22.198175 np0000183444 devstack@n-api-meta.service[108870]: DEBUG nova.api.metadata.handler [None req-3fde8e6b-7e61-4c2d-b0c6-814243eab147 None None] Metadata request headers: {'Host': '199.204.45.38:8775', 'User-Agent': 'python-requests/2.34.2', 'Accept-Encoding': 'gzip, deflate', 'Accept': '*/*', 'Connection': 'keep-alive', 'X-Forwarded-For': '192.168.24.108', 'X-Instance-Id': '50c1448c-c370-4a4f-abd2-472a49b374e7', 'X-Tenant-Id': '7b5d2f904a1a43ae9f4df6b245157960', 'X-Instance-Id-Signature': '40daeea7d01c0abacb32b4f665e9375b2098c8d36e1b4d5898f939be6492a3de'} {{(pid=108870) __call__ /opt/stack/nova/nova/api/metadata/handler.py:109}}
Jun 29 06:09:22.251868 np0000183444 devstack@n-api-meta.service[108870]: DEBUG nova.api.metadata.handler [None req-3fde8e6b-7e61-4c2d-b0c6-814243eab147 None None] Using cached metadata for instance 50c1448c-c370-4a4f-abd2-472a49b374e7 {{(pid=108870) get_metadata_by_instance_id /opt/stack/nova/nova/api/metadata/handler.py:84}}
Jun 29 06:09:22.252724 np0000183444 devstack@n-api-meta.service[108870]: [pid: 108870|app: 0|req: 1/2] 199.204.45.38 () {40 vars in 641 bytes} [Mon Jun 29 06:09:22 2026] GET /openstack => generated 116 bytes in 56 msecs (HTTP/1.1 200) 3 headers in 100 bytes (1 switches on core 0)
Jun 29 06:09:22.262130 np0000183444 devstack@n-api-meta.service[108873]: DEBUG nova.api.metadata.handler [None req-694c56f4-c21d-43ac-be5a-d562795021ca None None] Metadata request headers: {'Host': '199.204.45.38:8775', 'User-Agent': 'python-requests/2.34.2', 'Accept-Encoding': 'gzip, deflate', 'Accept': '*/*', 'Connection': 'keep-alive', 'X-Forwarded-For': '192.168.24.108', 'X-Instance-Id': '50c1448c-c370-4a4f-abd2-472a49b374e7', 'X-Tenant-Id': '7b5d2f904a1a43ae9f4df6b245157960', 'X-Instance-Id-Signature': '40daeea7d01c0abacb32b4f665e9375b2098c8d36e1b4d5898f939be6492a3de'} {{(pid=108873) __call__ /opt/stack/nova/nova/api/metadata/handler.py:109}}
Jun 29 06:09:22.268223 np0000183444 devstack@n-api-meta.service[108873]: DEBUG nova.api.metadata.handler [None req-694c56f4-c21d-43ac-be5a-d562795021ca None None] Using cached metadata for instance 50c1448c-c370-4a4f-abd2-472a49b374e7 {{(pid=108873) get_metadata_by_instance_id /opt/stack/nova/nova/api/metadata/handler.py:84}}
Jun 29 06:09:22.269024 np0000183444 devstack@n-api-meta.service[108873]: [pid: 108873|app: 0|req: 1/3] 199.204.45.38 () {40 vars in 693 bytes} [Mon Jun 29 06:09:22 2026] GET /openstack/2018-08-27/meta_data.json => generated 946 bytes in 8 msecs (HTTP/1.1 200) 3 headers in 91 bytes (1 switches on core 0)
Jun 29 06:09:22.277323 np0000183444 devstack@n-api-meta.service[108872]: DEBUG nova.api.metadata.handler [None req-faa289b1-1b7b-4b0d-aaaa-6775814d04e8 None None] Metadata request headers: {'Host': '199.204.45.38:8775', 'User-Agent': 'python-requests/2.34.2', 'Accept-Encoding': 'gzip, deflate', 'Accept': '*/*', 'Connection': 'keep-alive', 'X-Forwarded-For': '192.168.24.108', 'X-Instance-Id': '50c1448c-c370-4a4f-abd2-472a49b374e7', 'X-Tenant-Id': '7b5d2f904a1a43ae9f4df6b245157960', 'X-Instance-Id-Signature': '40daeea7d01c0abacb32b4f665e9375b2098c8d36e1b4d5898f939be6492a3de'} {{(pid=108872) __call__ /opt/stack/nova/nova/api/metadata/handler.py:109}}
Jun 29 06:09:22.281186 np0000183444 devstack@n-api-meta.service[108872]: DEBUG nova.api.metadata.handler [None req-faa289b1-1b7b-4b0d-aaaa-6775814d04e8 None None] Using cached metadata for instance 50c1448c-c370-4a4f-abd2-472a49b374e7 {{(pid=108872) get_metadata_by_instance_id /opt/stack/nova/nova/api/metadata/handler.py:84}}
Jun 29 06:09:22.281646 np0000183444 devstack@n-api-meta.service[108872]: [pid: 108872|app: 0|req: 1/4] 199.204.45.38 () {40 vars in 683 bytes} [Mon Jun 29 06:09:22 2026] GET /openstack/2018-08-27/user_data => generated 26375 bytes in 5 msecs (HTTP/1.1 200) 3 headers in 102 bytes (1 switches on core 0)
Jun 29 06:09:22.291048 np0000183444 devstack@n-api-meta.service[108871]: DEBUG nova.api.metadata.handler [None req-b64ef3fe-b90b-4e43-bb78-346cd75a1c96 None None] Metadata request headers: {'Host': '199.204.45.38:8775', 'User-Agent': 'python-requests/2.34.2', 'Accept-Encoding': 'gzip, deflate', 'Accept': '*/*', 'Connection': 'keep-alive', 'X-Forwarded-For': '192.168.24.108', 'X-Instance-Id': '50c1448c-c370-4a4f-abd2-472a49b374e7', 'X-Tenant-Id': '7b5d2f904a1a43ae9f4df6b245157960', 'X-Instance-Id-Signature': '40daeea7d01c0abacb32b4f665e9375b2098c8d36e1b4d5898f939be6492a3de'} {{(pid=108871) __call__ /opt/stack/nova/nova/api/metadata/handler.py:109}}
Jun 29 06:09:22.294125 np0000183444 devstack@n-api-meta.service[108871]: DEBUG nova.api.metadata.handler [None req-b64ef3fe-b90b-4e43-bb78-346cd75a1c96 None None] Using cached metadata for instance 50c1448c-c370-4a4f-abd2-472a49b374e7 {{(pid=108871) get_metadata_by_instance_id /opt/stack/nova/nova/api/metadata/handler.py:84}}
Jun 29 06:09:22.295010 np0000183444 devstack@n-api-meta.service[108871]: [pid: 108871|app: 0|req: 2/5] 199.204.45.38 () {40 vars in 697 bytes} [Mon Jun 29 06:09:22 2026] GET /openstack/2018-08-27/vendor_data.json => generated 2 bytes in 7 msecs (HTTP/1.1 200) 3 headers in 89 bytes (1 switches on core 0)
Jun 29 06:09:22.301312 np0000183444 devstack@n-api-meta.service[108870]: DEBUG nova.api.metadata.handler [None req-3fde8e6b-7e61-4c2d-b0c6-814243eab147 None None] Metadata request headers: {'Host': '199.204.45.38:8775', 'User-Agent': 'python-requests/2.34.2', 'Accept-Encoding': 'gzip, deflate', 'Accept': '*/*', 'Connection': 'keep-alive', 'X-Forwarded-For': '192.168.24.108', 'X-Instance-Id': '50c1448c-c370-4a4f-abd2-472a49b374e7', 'X-Tenant-Id': '7b5d2f904a1a43ae9f4df6b245157960', 'X-Instance-Id-Signature': '40daeea7d01c0abacb32b4f665e9375b2098c8d36e1b4d5898f939be6492a3de'} {{(pid=108870) __call__ /opt/stack/nova/nova/api/metadata/handler.py:109}}
Jun 29 06:09:22.304234 np0000183444 devstack@n-api-meta.service[108870]: DEBUG nova.api.metadata.handler [None req-3fde8e6b-7e61-4c2d-b0c6-814243eab147 None None] Using cached metadata for instance 50c1448c-c370-4a4f-abd2-472a49b374e7 {{(pid=108870) get_metadata_by_instance_id /opt/stack/nova/nova/api/metadata/handler.py:84}}
Jun 29 06:09:22.305187 np0000183444 devstack@n-api-meta.service[108870]: [pid: 108870|app: 0|req: 2/6] 199.204.45.38 () {40 vars in 699 bytes} [Mon Jun 29 06:09:22 2026] GET /openstack/2018-08-27/vendor_data2.json => generated 14 bytes in 4 msecs (HTTP/1.1 200) 3 headers in 90 bytes (1 switches on core 0)
Jun 29 06:09:22.312850 np0000183444 devstack@n-api-meta.service[108873]: DEBUG nova.api.metadata.handler [None req-694c56f4-c21d-43ac-be5a-d562795021ca None None] Metadata request headers: {'Host': '199.204.45.38:8775', 'User-Agent': 'python-requests/2.34.2', 'Accept-Encoding': 'gzip, deflate', 'Accept': '*/*', 'Connection': 'keep-alive', 'X-Forwarded-For': '192.168.24.108', 'X-Instance-Id': '50c1448c-c370-4a4f-abd2-472a49b374e7', 'X-Tenant-Id': '7b5d2f904a1a43ae9f4df6b245157960', 'X-Instance-Id-Signature': '40daeea7d01c0abacb32b4f665e9375b2098c8d36e1b4d5898f939be6492a3de'} {{(pid=108873) __call__ /opt/stack/nova/nova/api/metadata/handler.py:109}}
Jun 29 06:09:22.316327 np0000183444 devstack@n-api-meta.service[108873]: DEBUG nova.api.metadata.handler [None req-694c56f4-c21d-43ac-be5a-d562795021ca None None] Using cached metadata for instance 50c1448c-c370-4a4f-abd2-472a49b374e7 {{(pid=108873) get_metadata_by_instance_id /opt/stack/nova/nova/api/metadata/handler.py:84}}
Jun 29 06:09:22.317130 np0000183444 devstack@n-api-meta.service[108873]: [pid: 108873|app: 0|req: 2/7] 199.204.45.38 () {40 vars in 699 bytes} [Mon Jun 29 06:09:22 2026] GET /openstack/2018-08-27/network_data.json => generated 348 bytes in 5 msecs (HTTP/1.1 200) 3 headers in 100 bytes (1 switches on core 0)
Jun 29 06:09:22.324476 np0000183444 devstack@n-api-meta.service[108872]: DEBUG nova.api.metadata.handler [None req-faa289b1-1b7b-4b0d-aaaa-6775814d04e8 None None] Metadata request headers: {'Host': '199.204.45.38:8775', 'User-Agent': 'python-requests/2.34.2', 'Accept-Encoding': 'gzip, deflate', 'Accept': '*/*', 'Connection': 'keep-alive', 'X-Forwarded-For': '192.168.24.108', 'X-Instance-Id': '50c1448c-c370-4a4f-abd2-472a49b374e7', 'X-Tenant-Id': '7b5d2f904a1a43ae9f4df6b245157960', 'X-Instance-Id-Signature': '40daeea7d01c0abacb32b4f665e9375b2098c8d36e1b4d5898f939be6492a3de'} {{(pid=108872) __call__ /opt/stack/nova/nova/api/metadata/handler.py:109}}
Jun 29 06:09:22.326288 np0000183444 devstack@n-api-meta.service[108872]: DEBUG nova.api.metadata.handler [None req-faa289b1-1b7b-4b0d-aaaa-6775814d04e8 None None] Using cached metadata for instance 50c1448c-c370-4a4f-abd2-472a49b374e7 {{(pid=108872) get_metadata_by_instance_id /opt/stack/nova/nova/api/metadata/handler.py:84}}
Jun 29 06:09:22.326861 np0000183444 devstack@n-api-meta.service[108872]: [pid: 108872|app: 0|req: 2/8] 199.204.45.38 () {40 vars in 657 bytes} [Mon Jun 29 06:09:22 2026] GET /latest/meta-data/ => generated 210 bytes in 3 msecs (HTTP/1.1 200) 3 headers in 100 bytes (1 switches on core 0)
Jun 29 06:09:22.333418 np0000183444 devstack@n-api-meta.service[108871]: DEBUG nova.api.metadata.handler [None req-b64ef3fe-b90b-4e43-bb78-346cd75a1c96 None None] Metadata request headers: {'Host': '199.204.45.38:8775', 'User-Agent': 'python-requests/2.34.2', 'Accept-Encoding': 'gzip, deflate', 'Accept': '*/*', 'Connection': 'keep-alive', 'X-Forwarded-For': '192.168.24.108', 'X-Instance-Id': '50c1448c-c370-4a4f-abd2-472a49b374e7', 'X-Tenant-Id': '7b5d2f904a1a43ae9f4df6b245157960', 'X-Instance-Id-Signature': '40daeea7d01c0abacb32b4f665e9375b2098c8d36e1b4d5898f939be6492a3de'} {{(pid=108871) __call__ /opt/stack/nova/nova/api/metadata/handler.py:109}}
Jun 29 06:09:22.336575 np0000183444 devstack@n-api-meta.service[108871]: DEBUG nova.api.metadata.handler [None req-b64ef3fe-b90b-4e43-bb78-346cd75a1c96 None None] Using cached metadata for instance 50c1448c-c370-4a4f-abd2-472a49b374e7 {{(pid=108871) get_metadata_by_instance_id /opt/stack/nova/nova/api/metadata/handler.py:84}}
Jun 29 06:09:22.337688 np0000183444 devstack@n-api-meta.service[108871]: [pid: 108871|app: 0|req: 3/9] 199.204.45.38 () {40 vars in 699 bytes} [Mon Jun 29 06:09:22 2026] GET /latest/meta-data/block-device-mapping/ => generated 8 bytes in 5 msecs (HTTP/1.1 200) 3 headers in 98 bytes (1 switches on core 0)
Jun 29 06:09:22.346034 np0000183444 devstack@n-api-meta.service[108870]: DEBUG nova.api.metadata.handler [None req-3fde8e6b-7e61-4c2d-b0c6-814243eab147 None None] Metadata request headers: {'Host': '199.204.45.38:8775', 'User-Agent': 'python-requests/2.34.2', 'Accept-Encoding': 'gzip, deflate', 'Accept': '*/*', 'Connection': 'keep-alive', 'X-Forwarded-For': '192.168.24.108', 'X-Instance-Id': '50c1448c-c370-4a4f-abd2-472a49b374e7', 'X-Tenant-Id': '7b5d2f904a1a43ae9f4df6b245157960', 'X-Instance-Id-Signature': '40daeea7d01c0abacb32b4f665e9375b2098c8d36e1b4d5898f939be6492a3de'} {{(pid=108870) __call__ /opt/stack/nova/nova/api/metadata/handler.py:109}}
Jun 29 06:09:22.348876 np0000183444 devstack@n-api-meta.service[108870]: DEBUG nova.api.metadata.handler [None req-3fde8e6b-7e61-4c2d-b0c6-814243eab147 None None] Using cached metadata for instance 50c1448c-c370-4a4f-abd2-472a49b374e7 {{(pid=108870) get_metadata_by_instance_id /opt/stack/nova/nova/api/metadata/handler.py:84}}
Jun 29 06:09:22.349683 np0000183444 devstack@n-api-meta.service[108870]: [pid: 108870|app: 0|req: 3/10] 199.204.45.38 () {40 vars in 705 bytes} [Mon Jun 29 06:09:22 2026] GET /latest/meta-data/block-device-mapping/ami => generated 3 bytes in 4 msecs (HTTP/1.1 200) 3 headers in 98 bytes (1 switches on core 0)
Jun 29 06:09:22.358718 np0000183444 devstack@n-api-meta.service[108873]: DEBUG nova.api.metadata.handler [None req-694c56f4-c21d-43ac-be5a-d562795021ca None None] Metadata request headers: {'Host': '199.204.45.38:8775', 'User-Agent': 'python-requests/2.34.2', 'Accept-Encoding': 'gzip, deflate', 'Accept': '*/*', 'Connection': 'keep-alive', 'X-Forwarded-For': '192.168.24.108', 'X-Instance-Id': '50c1448c-c370-4a4f-abd2-472a49b374e7', 'X-Tenant-Id': '7b5d2f904a1a43ae9f4df6b245157960', 'X-Instance-Id-Signature': '40daeea7d01c0abacb32b4f665e9375b2098c8d36e1b4d5898f939be6492a3de'} {{(pid=108873) __call__ /opt/stack/nova/nova/api/metadata/handler.py:109}}
Jun 29 06:09:22.361436 np0000183444 devstack@n-api-meta.service[108873]: DEBUG nova.api.metadata.handler [None req-694c56f4-c21d-43ac-be5a-d562795021ca None None] Using cached metadata for instance 50c1448c-c370-4a4f-abd2-472a49b374e7 {{(pid=108873) get_metadata_by_instance_id /opt/stack/nova/nova/api/metadata/handler.py:84}}
Jun 29 06:09:22.362179 np0000183444 devstack@n-api-meta.service[108873]: [pid: 108873|app: 0|req: 3/11] 199.204.45.38 () {40 vars in 706 bytes} [Mon Jun 29 06:09:22 2026] GET /latest/meta-data/block-device-mapping/root => generated 8 bytes in 4 msecs (HTTP/1.1 200) 3 headers in 98 bytes (1 switches on core 0)
Jun 29 06:09:22.368820 np0000183444 devstack@n-api-meta.service[108872]: DEBUG nova.api.metadata.handler [None req-faa289b1-1b7b-4b0d-aaaa-6775814d04e8 None None] Metadata request headers: {'Host': '199.204.45.38:8775', 'User-Agent': 'python-requests/2.34.2', 'Accept-Encoding': 'gzip, deflate', 'Accept': '*/*', 'Connection': 'keep-alive', 'X-Forwarded-For': '192.168.24.108', 'X-Instance-Id': '50c1448c-c370-4a4f-abd2-472a49b374e7', 'X-Tenant-Id': '7b5d2f904a1a43ae9f4df6b245157960', 'X-Instance-Id-Signature': '40daeea7d01c0abacb32b4f665e9375b2098c8d36e1b4d5898f939be6492a3de'} {{(pid=108872) __call__ /opt/stack/nova/nova/api/metadata/handler.py:109}}
Jun 29 06:09:22.371153 np0000183444 devstack@n-api-meta.service[108872]: DEBUG nova.api.metadata.handler [None req-faa289b1-1b7b-4b0d-aaaa-6775814d04e8 None None] Using cached metadata for instance 50c1448c-c370-4a4f-abd2-472a49b374e7 {{(pid=108872) get_metadata_by_instance_id /opt/stack/nova/nova/api/metadata/handler.py:84}}
Jun 29 06:09:22.371912 np0000183444 devstack@n-api-meta.service[108872]: [pid: 108872|app: 0|req: 3/12] 199.204.45.38 () {40 vars in 676 bytes} [Mon Jun 29 06:09:22 2026] GET /latest/meta-data/placement/ => generated 17 bytes in 3 msecs (HTTP/1.1 200) 3 headers in 99 bytes (1 switches on core 0)
Jun 29 06:09:22.379854 np0000183444 devstack@n-api-meta.service[108871]: DEBUG nova.api.metadata.handler [None req-b64ef3fe-b90b-4e43-bb78-346cd75a1c96 None None] Metadata request headers: {'Host': '199.204.45.38:8775', 'User-Agent': 'python-requests/2.34.2', 'Accept-Encoding': 'gzip, deflate', 'Accept': '*/*', 'Connection': 'keep-alive', 'X-Forwarded-For': '192.168.24.108', 'X-Instance-Id': '50c1448c-c370-4a4f-abd2-472a49b374e7', 'X-Tenant-Id': '7b5d2f904a1a43ae9f4df6b245157960', 'X-Instance-Id-Signature': '40daeea7d01c0abacb32b4f665e9375b2098c8d36e1b4d5898f939be6492a3de'} {{(pid=108871) __call__ /opt/stack/nova/nova/api/metadata/handler.py:109}}
Jun 29 06:09:22.381504 np0000183444 devstack@n-api-meta.service[108871]: DEBUG nova.api.metadata.handler [None req-b64ef3fe-b90b-4e43-bb78-346cd75a1c96 None None] Using cached metadata for instance 50c1448c-c370-4a4f-abd2-472a49b374e7 {{(pid=108871) get_metadata_by_instance_id /opt/stack/nova/nova/api/metadata/handler.py:84}}
Jun 29 06:09:22.381965 np0000183444 devstack@n-api-meta.service[108871]: [pid: 108871|app: 0|req: 4/13] 199.204.45.38 () {40 vars in 710 bytes} [Mon Jun 29 06:09:22 2026] GET /latest/meta-data/placement/availability-zone => generated 4 bytes in 2 msecs (HTTP/1.1 200) 3 headers in 98 bytes (1 switches on core 0)
Jun 29 06:09:22.390288 np0000183444 devstack@n-api-meta.service[108870]: DEBUG nova.api.metadata.handler [None req-3fde8e6b-7e61-4c2d-b0c6-814243eab147 None None] Metadata request headers: {'Host': '199.204.45.38:8775', 'User-Agent': 'python-requests/2.34.2', 'Accept-Encoding': 'gzip, deflate', 'Accept': '*/*', 'Connection': 'keep-alive', 'X-Forwarded-For': '192.168.24.108', 'X-Instance-Id': '50c1448c-c370-4a4f-abd2-472a49b374e7', 'X-Tenant-Id': '7b5d2f904a1a43ae9f4df6b245157960', 'X-Instance-Id-Signature': '40daeea7d01c0abacb32b4f665e9375b2098c8d36e1b4d5898f939be6492a3de'} {{(pid=108870) __call__ /opt/stack/nova/nova/api/metadata/handler.py:109}}
Jun 29 06:09:22.391915 np0000183444 devstack@n-api-meta.service[108870]: DEBUG nova.api.metadata.handler [None req-3fde8e6b-7e61-4c2d-b0c6-814243eab147 None None] Using cached metadata for instance 50c1448c-c370-4a4f-abd2-472a49b374e7 {{(pid=108870) get_metadata_by_instance_id /opt/stack/nova/nova/api/metadata/handler.py:84}}
Jun 29 06:09:22.392366 np0000183444 devstack@n-api-meta.service[108870]: [pid: 108870|app: 0|req: 4/14] 199.204.45.38 () {40 vars in 669 bytes} [Mon Jun 29 06:09:22 2026] GET /latest/meta-data/ami-id => generated 12 bytes in 3 msecs (HTTP/1.1 200) 3 headers in 99 bytes (1 switches on core 0)
Jun 29 06:09:22.401662 np0000183444 devstack@n-api-meta.service[108873]: DEBUG nova.api.metadata.handler [None req-694c56f4-c21d-43ac-be5a-d562795021ca None None] Metadata request headers: {'Host': '199.204.45.38:8775', 'User-Agent': 'python-requests/2.34.2', 'Accept-Encoding': 'gzip, deflate', 'Accept': '*/*', 'Connection': 'keep-alive', 'X-Forwarded-For': '192.168.24.108', 'X-Instance-Id': '50c1448c-c370-4a4f-abd2-472a49b374e7', 'X-Tenant-Id': '7b5d2f904a1a43ae9f4df6b245157960', 'X-Instance-Id-Signature': '40daeea7d01c0abacb32b4f665e9375b2098c8d36e1b4d5898f939be6492a3de'} {{(pid=108873) __call__ /opt/stack/nova/nova/api/metadata/handler.py:109}}
Jun 29 06:09:22.403279 np0000183444 devstack@n-api-meta.service[108873]: DEBUG nova.api.metadata.handler [None req-694c56f4-c21d-43ac-be5a-d562795021ca None None] Using cached metadata for instance 50c1448c-c370-4a4f-abd2-472a49b374e7 {{(pid=108873) get_metadata_by_instance_id /opt/stack/nova/nova/api/metadata/handler.py:84}}
Jun 29 06:09:22.403655 np0000183444 devstack@n-api-meta.service[108873]: [pid: 108873|app: 0|req: 4/15] 199.204.45.38 () {40 vars in 689 bytes} [Mon Jun 29 06:09:22 2026] GET /latest/meta-data/ami-launch-index => generated 1 bytes in 2 msecs (HTTP/1.1 200) 3 headers in 98 bytes (1 switches on core 0)
Jun 29 06:09:22.410408 np0000183444 devstack@n-api-meta.service[108872]: DEBUG nova.api.metadata.handler [None req-faa289b1-1b7b-4b0d-aaaa-6775814d04e8 None None] Metadata request headers: {'Host': '199.204.45.38:8775', 'User-Agent': 'python-requests/2.34.2', 'Accept-Encoding': 'gzip, deflate', 'Accept': '*/*', 'Connection': 'keep-alive', 'X-Forwarded-For': '192.168.24.108', 'X-Instance-Id': '50c1448c-c370-4a4f-abd2-472a49b374e7', 'X-Tenant-Id': '7b5d2f904a1a43ae9f4df6b245157960', 'X-Instance-Id-Signature': '40daeea7d01c0abacb32b4f665e9375b2098c8d36e1b4d5898f939be6492a3de'} {{(pid=108872) __call__ /opt/stack/nova/nova/api/metadata/handler.py:109}}
Jun 29 06:09:22.414229 np0000183444 devstack@n-api-meta.service[108872]: DEBUG nova.api.metadata.handler [None req-faa289b1-1b7b-4b0d-aaaa-6775814d04e8 None None] Using cached metadata for instance 50c1448c-c370-4a4f-abd2-472a49b374e7 {{(pid=108872) get_metadata_by_instance_id /opt/stack/nova/nova/api/metadata/handler.py:84}}
Jun 29 06:09:22.414229 np0000183444 devstack@n-api-meta.service[108872]: [pid: 108872|app: 0|req: 4/16] 199.204.45.38 () {40 vars in 691 bytes} [Mon Jun 29 06:09:22 2026] GET /latest/meta-data/ami-manifest-path => generated 5 bytes in 4 msecs (HTTP/1.1 200) 3 headers in 98 bytes (1 switches on core 0)
Jun 29 06:09:22.421691 np0000183444 devstack@n-api-meta.service[108871]: DEBUG nova.api.metadata.handler [None req-b64ef3fe-b90b-4e43-bb78-346cd75a1c96 None None] Metadata request headers: {'Host': '199.204.45.38:8775', 'User-Agent': 'python-requests/2.34.2', 'Accept-Encoding': 'gzip, deflate', 'Accept': '*/*', 'Connection': 'keep-alive', 'X-Forwarded-For': '192.168.24.108', 'X-Instance-Id': '50c1448c-c370-4a4f-abd2-472a49b374e7', 'X-Tenant-Id': '7b5d2f904a1a43ae9f4df6b245157960', 'X-Instance-Id-Signature': '40daeea7d01c0abacb32b4f665e9375b2098c8d36e1b4d5898f939be6492a3de'} {{(pid=108871) __call__ /opt/stack/nova/nova/api/metadata/handler.py:109}}
Jun 29 06:09:22.423590 np0000183444 devstack@n-api-meta.service[108871]: DEBUG nova.api.metadata.handler [None req-b64ef3fe-b90b-4e43-bb78-346cd75a1c96 None None] Using cached metadata for instance 50c1448c-c370-4a4f-abd2-472a49b374e7 {{(pid=108871) get_metadata_by_instance_id /opt/stack/nova/nova/api/metadata/handler.py:84}}
Jun 29 06:09:22.424004 np0000183444 devstack@n-api-meta.service[108871]: [pid: 108871|app: 0|req: 5/17] 199.204.45.38 () {40 vars in 673 bytes} [Mon Jun 29 06:09:22 2026] GET /latest/meta-data/hostname => generated 32 bytes in 3 msecs (HTTP/1.1 200) 3 headers in 99 bytes (1 switches on core 0)
Jun 29 06:09:22.431974 np0000183444 devstack@n-api-meta.service[108870]: DEBUG nova.api.metadata.handler [None req-3fde8e6b-7e61-4c2d-b0c6-814243eab147 None None] Metadata request headers: {'Host': '199.204.45.38:8775', 'User-Agent': 'python-requests/2.34.2', 'Accept-Encoding': 'gzip, deflate', 'Accept': '*/*', 'Connection': 'keep-alive', 'X-Forwarded-For': '192.168.24.108', 'X-Instance-Id': '50c1448c-c370-4a4f-abd2-472a49b374e7', 'X-Tenant-Id': '7b5d2f904a1a43ae9f4df6b245157960', 'X-Instance-Id-Signature': '40daeea7d01c0abacb32b4f665e9375b2098c8d36e1b4d5898f939be6492a3de'} {{(pid=108870) __call__ /opt/stack/nova/nova/api/metadata/handler.py:109}}
Jun 29 06:09:22.434909 np0000183444 devstack@n-api-meta.service[108870]: DEBUG nova.api.metadata.handler [None req-3fde8e6b-7e61-4c2d-b0c6-814243eab147 None None] Using cached metadata for instance 50c1448c-c370-4a4f-abd2-472a49b374e7 {{(pid=108870) get_metadata_by_instance_id /opt/stack/nova/nova/api/metadata/handler.py:84}}
Jun 29 06:09:22.435533 np0000183444 devstack@n-api-meta.service[108870]: [pid: 108870|app: 0|req: 5/18] 199.204.45.38 () {40 vars in 687 bytes} [Mon Jun 29 06:09:22 2026] GET /latest/meta-data/instance-action => generated 4 bytes in 4 msecs (HTTP/1.1 200) 3 headers in 98 bytes (1 switches on core 0)
Jun 29 06:09:22.444021 np0000183444 devstack@n-api-meta.service[108873]: DEBUG nova.api.metadata.handler [None req-694c56f4-c21d-43ac-be5a-d562795021ca None None] Metadata request headers: {'Host': '199.204.45.38:8775', 'User-Agent': 'python-requests/2.34.2', 'Accept-Encoding': 'gzip, deflate', 'Accept': '*/*', 'Connection': 'keep-alive', 'X-Forwarded-For': '192.168.24.108', 'X-Instance-Id': '50c1448c-c370-4a4f-abd2-472a49b374e7', 'X-Tenant-Id': '7b5d2f904a1a43ae9f4df6b245157960', 'X-Instance-Id-Signature': '40daeea7d01c0abacb32b4f665e9375b2098c8d36e1b4d5898f939be6492a3de'} {{(pid=108873) __call__ /opt/stack/nova/nova/api/metadata/handler.py:109}}
Jun 29 06:09:22.446843 np0000183444 devstack@n-api-meta.service[108873]: DEBUG nova.api.metadata.handler [None req-694c56f4-c21d-43ac-be5a-d562795021ca None None] Using cached metadata for instance 50c1448c-c370-4a4f-abd2-472a49b374e7 {{(pid=108873) get_metadata_by_instance_id /opt/stack/nova/nova/api/metadata/handler.py:84}}
Jun 29 06:09:22.447705 np0000183444 devstack@n-api-meta.service[108873]: [pid: 108873|app: 0|req: 5/19] 199.204.45.38 () {40 vars in 679 bytes} [Mon Jun 29 06:09:22 2026] GET /latest/meta-data/instance-id => generated 10 bytes in 4 msecs (HTTP/1.1 200) 3 headers in 99 bytes (1 switches on core 0)
Jun 29 06:09:22.454936 np0000183444 devstack@n-api-meta.service[108872]: DEBUG nova.api.metadata.handler [None req-faa289b1-1b7b-4b0d-aaaa-6775814d04e8 None None] Metadata request headers: {'Host': '199.204.45.38:8775', 'User-Agent': 'python-requests/2.34.2', 'Accept-Encoding': 'gzip, deflate', 'Accept': '*/*', 'Connection': 'keep-alive', 'X-Forwarded-For': '192.168.24.108', 'X-Instance-Id': '50c1448c-c370-4a4f-abd2-472a49b374e7', 'X-Tenant-Id': '7b5d2f904a1a43ae9f4df6b245157960', 'X-Instance-Id-Signature': '40daeea7d01c0abacb32b4f665e9375b2098c8d36e1b4d5898f939be6492a3de'} {{(pid=108872) __call__ /opt/stack/nova/nova/api/metadata/handler.py:109}}
Jun 29 06:09:22.457043 np0000183444 devstack@n-api-meta.service[108872]: DEBUG nova.api.metadata.handler [None req-faa289b1-1b7b-4b0d-aaaa-6775814d04e8 None None] Using cached metadata for instance 50c1448c-c370-4a4f-abd2-472a49b374e7 {{(pid=108872) get_metadata_by_instance_id /opt/stack/nova/nova/api/metadata/handler.py:84}}
Jun 29 06:09:22.457550 np0000183444 devstack@n-api-meta.service[108872]: [pid: 108872|app: 0|req: 5/20] 199.204.45.38 () {40 vars in 683 bytes} [Mon Jun 29 06:09:22 2026] GET /latest/meta-data/instance-type => generated 8 bytes in 3 msecs (HTTP/1.1 200) 3 headers in 98 bytes (1 switches on core 0)
Jun 29 06:09:22.466411 np0000183444 devstack@n-api-meta.service[108871]: DEBUG nova.api.metadata.handler [None req-b64ef3fe-b90b-4e43-bb78-346cd75a1c96 None None] Metadata request headers: {'Host': '199.204.45.38:8775', 'User-Agent': 'python-requests/2.34.2', 'Accept-Encoding': 'gzip, deflate', 'Accept': '*/*', 'Connection': 'keep-alive', 'X-Forwarded-For': '192.168.24.108', 'X-Instance-Id': '50c1448c-c370-4a4f-abd2-472a49b374e7', 'X-Tenant-Id': '7b5d2f904a1a43ae9f4df6b245157960', 'X-Instance-Id-Signature': '40daeea7d01c0abacb32b4f665e9375b2098c8d36e1b4d5898f939be6492a3de'} {{(pid=108871) __call__ /opt/stack/nova/nova/api/metadata/handler.py:109}}
Jun 29 06:09:22.468851 np0000183444 devstack@n-api-meta.service[108871]: DEBUG nova.api.metadata.handler [None req-b64ef3fe-b90b-4e43-bb78-346cd75a1c96 None None] Using cached metadata for instance 50c1448c-c370-4a4f-abd2-472a49b374e7 {{(pid=108871) get_metadata_by_instance_id /opt/stack/nova/nova/api/metadata/handler.py:84}}
Jun 29 06:09:22.469403 np0000183444 devstack@n-api-meta.service[108871]: [pid: 108871|app: 0|req: 6/21] 199.204.45.38 () {40 vars in 685 bytes} [Mon Jun 29 06:09:22 2026] GET /latest/meta-data/local-hostname => generated 32 bytes in 3 msecs (HTTP/1.1 200) 3 headers in 99 bytes (1 switches on core 0)
Jun 29 06:09:22.478085 np0000183444 devstack@n-api-meta.service[108870]: DEBUG nova.api.metadata.handler [None req-3fde8e6b-7e61-4c2d-b0c6-814243eab147 None None] Metadata request headers: {'Host': '199.204.45.38:8775', 'User-Agent': 'python-requests/2.34.2', 'Accept-Encoding': 'gzip, deflate', 'Accept': '*/*', 'Connection': 'keep-alive', 'X-Forwarded-For': '192.168.24.108', 'X-Instance-Id': '50c1448c-c370-4a4f-abd2-472a49b374e7', 'X-Tenant-Id': '7b5d2f904a1a43ae9f4df6b245157960', 'X-Instance-Id-Signature': '40daeea7d01c0abacb32b4f665e9375b2098c8d36e1b4d5898f939be6492a3de'} {{(pid=108870) __call__ /opt/stack/nova/nova/api/metadata/handler.py:109}}
Jun 29 06:09:22.479993 np0000183444 devstack@n-api-meta.service[108870]: DEBUG nova.api.metadata.handler [None req-3fde8e6b-7e61-4c2d-b0c6-814243eab147 None None] Using cached metadata for instance 50c1448c-c370-4a4f-abd2-472a49b374e7 {{(pid=108870) get_metadata_by_instance_id /opt/stack/nova/nova/api/metadata/handler.py:84}}
Jun 29 06:09:22.480411 np0000183444 devstack@n-api-meta.service[108870]: [pid: 108870|app: 0|req: 6/22] 199.204.45.38 () {40 vars in 677 bytes} [Mon Jun 29 06:09:22 2026] GET /latest/meta-data/local-ipv4 => generated 14 bytes in 3 msecs (HTTP/1.1 200) 3 headers in 99 bytes (1 switches on core 0)
Jun 29 06:09:22.487365 np0000183444 devstack@n-api-meta.service[108873]: DEBUG nova.api.metadata.handler [None req-694c56f4-c21d-43ac-be5a-d562795021ca None None] Metadata request headers: {'Host': '199.204.45.38:8775', 'User-Agent': 'python-requests/2.34.2', 'Accept-Encoding': 'gzip, deflate', 'Accept': '*/*', 'Connection': 'keep-alive', 'X-Forwarded-For': '192.168.24.108', 'X-Instance-Id': '50c1448c-c370-4a4f-abd2-472a49b374e7', 'X-Tenant-Id': '7b5d2f904a1a43ae9f4df6b245157960', 'X-Instance-Id-Signature': '40daeea7d01c0abacb32b4f665e9375b2098c8d36e1b4d5898f939be6492a3de'} {{(pid=108873) __call__ /opt/stack/nova/nova/api/metadata/handler.py:109}}
Jun 29 06:09:22.489052 np0000183444 devstack@n-api-meta.service[108873]: DEBUG nova.api.metadata.handler [None req-694c56f4-c21d-43ac-be5a-d562795021ca None None] Using cached metadata for instance 50c1448c-c370-4a4f-abd2-472a49b374e7 {{(pid=108873) get_metadata_by_instance_id /opt/stack/nova/nova/api/metadata/handler.py:84}}
Jun 29 06:09:22.489394 np0000183444 devstack@n-api-meta.service[108873]: [pid: 108873|app: 0|req: 6/23] 199.204.45.38 () {40 vars in 687 bytes} [Mon Jun 29 06:09:22 2026] GET /latest/meta-data/public-hostname => generated 32 bytes in 2 msecs (HTTP/1.1 200) 3 headers in 99 bytes (1 switches on core 0)
Jun 29 06:09:22.495973 np0000183444 devstack@n-api-meta.service[108872]: DEBUG nova.api.metadata.handler [None req-faa289b1-1b7b-4b0d-aaaa-6775814d04e8 None None] Metadata request headers: {'Host': '199.204.45.38:8775', 'User-Agent': 'python-requests/2.34.2', 'Accept-Encoding': 'gzip, deflate', 'Accept': '*/*', 'Connection': 'keep-alive', 'X-Forwarded-For': '192.168.24.108', 'X-Instance-Id': '50c1448c-c370-4a4f-abd2-472a49b374e7', 'X-Tenant-Id': '7b5d2f904a1a43ae9f4df6b245157960', 'X-Instance-Id-Signature': '40daeea7d01c0abacb32b4f665e9375b2098c8d36e1b4d5898f939be6492a3de'} {{(pid=108872) __call__ /opt/stack/nova/nova/api/metadata/handler.py:109}}
Jun 29 06:09:22.499265 np0000183444 devstack@n-api-meta.service[108872]: DEBUG nova.api.metadata.handler [None req-faa289b1-1b7b-4b0d-aaaa-6775814d04e8 None None] Using cached metadata for instance 50c1448c-c370-4a4f-abd2-472a49b374e7 {{(pid=108872) get_metadata_by_instance_id /opt/stack/nova/nova/api/metadata/handler.py:84}}
