Apr 22 02:42:13.484827 np0000169027 nova-conductor[111625]: DEBUG cotyledon.oslo_config_glue [-] vmware.task_poll_interval = 0.5 {{(pid=111625) log_opt_values /opt/stack/data/venv/lib/python3.12/site-packages/oslo_config/cfg.py:3006}}
Apr 22 02:42:13.484827 np0000169027 nova-conductor[111625]: DEBUG cotyledon.oslo_config_glue [-] vmware.use_linked_clone = True {{(pid=111625) log_opt_values /opt/stack/data/venv/lib/python3.12/site-packages/oslo_config/cfg.py:3006}}
Apr 22 02:42:13.484827 np0000169027 nova-conductor[111625]: DEBUG cotyledon.oslo_config_glue [-] vmware.vnc_keymap = en-us {{(pid=111625) log_opt_values /opt/stack/data/venv/lib/python3.12/site-packages/oslo_config/cfg.py:3006}}
Apr 22 02:42:13.484827 np0000169027 nova-conductor[111625]: DEBUG cotyledon.oslo_config_glue [-] vmware.vnc_port = 5900 {{(pid=111625) log_opt_values /opt/stack/data/venv/lib/python3.12/site-packages/oslo_config/cfg.py:3006}}
Apr 22 02:42:13.484827 np0000169027 nova-conductor[111625]: DEBUG cotyledon.oslo_config_glue [-] vmware.vnc_port_total = 10000 {{(pid=111625) log_opt_values /opt/stack/data/venv/lib/python3.12/site-packages/oslo_config/cfg.py:3006}}
Apr 22 02:42:13.485079 np0000169027 nova-conductor[111625]: DEBUG cotyledon.oslo_config_glue [-] vnc.auth_schemes = ['none'] {{(pid=111625) log_opt_values /opt/stack/data/venv/lib/python3.12/site-packages/oslo_config/cfg.py:3006}}
Apr 22 02:42:13.485079 np0000169027 nova-conductor[111625]: DEBUG cotyledon.oslo_config_glue [-] vnc.enabled = True {{(pid=111625) log_opt_values /opt/stack/data/venv/lib/python3.12/site-packages/oslo_config/cfg.py:3006}}
Apr 22 02:42:13.485079 np0000169027 nova-conductor[111625]: DEBUG cotyledon.oslo_config_glue [-] vnc.novncproxy_base_url = http://127.0.0.1:6080/vnc_auto.html {{(pid=111625) log_opt_values /opt/stack/data/venv/lib/python3.12/site-packages/oslo_config/cfg.py:3006}}
Apr 22 02:42:13.485079 np0000169027 nova-conductor[111625]: DEBUG cotyledon.oslo_config_glue [-] vnc.novncproxy_host = 0.0.0.0 {{(pid=111625) log_opt_values /opt/stack/data/venv/lib/python3.12/site-packages/oslo_config/cfg.py:3006}}
Apr 22 02:42:13.485079 np0000169027 nova-conductor[111625]: DEBUG cotyledon.oslo_config_glue [-] vnc.novncproxy_port = 6080 {{(pid=111625) log_opt_values /opt/stack/data/venv/lib/python3.12/site-packages/oslo_config/cfg.py:3006}}
Apr 22 02:42:13.485079 np0000169027 nova-conductor[111625]: DEBUG cotyledon.oslo_config_glue [-] vnc.server_listen = 127.0.0.1 {{(pid=111625) log_opt_values /opt/stack/data/venv/lib/python3.12/site-packages/oslo_config/cfg.py:3006}}
Apr 22 02:42:13.485079 np0000169027 nova-conductor[111625]: DEBUG cotyledon.oslo_config_glue [-] vnc.server_proxyclient_address = 127.0.0.1 {{(pid=111625) log_opt_values /opt/stack/data/venv/lib/python3.12/site-packages/oslo_config/cfg.py:3006}}
Apr 22 02:42:13.485079 np0000169027 nova-conductor[111625]: DEBUG cotyledon.oslo_config_glue [-] vnc.vencrypt_ca_certs = None {{(pid=111625) log_opt_values /opt/stack/data/venv/lib/python3.12/site-packages/oslo_config/cfg.py:3006}}
Apr 22 02:42:13.485079 np0000169027 nova-conductor[111625]: DEBUG cotyledon.oslo_config_glue [-] vnc.vencrypt_client_cert = None {{(pid=111625) log_opt_values /opt/stack/data/venv/lib/python3.12/site-packages/oslo_config/cfg.py:3006}}
Apr 22 02:42:13.485355 np0000169027 nova-conductor[111625]: DEBUG cotyledon.oslo_config_glue [-] vnc.vencrypt_client_key = None {{(pid=111625) log_opt_values /opt/stack/data/venv/lib/python3.12/site-packages/oslo_config/cfg.py:3006}}
Apr 22 02:42:13.485355 np0000169027 nova-conductor[111625]: DEBUG cotyledon.oslo_config_glue [-] workarounds.disable_compute_service_check_for_ffu = False {{(pid=111625) log_opt_values /opt/stack/data/venv/lib/python3.12/site-packages/oslo_config/cfg.py:3006}}
Apr 22 02:42:13.485355 np0000169027 nova-conductor[111625]: DEBUG cotyledon.oslo_config_glue [-] workarounds.disable_deep_image_inspection = False {{(pid=111625) log_opt_values /opt/stack/data/venv/lib/python3.12/site-packages/oslo_config/cfg.py:3006}}
Apr 22 02:42:13.485355 np0000169027 nova-conductor[111625]: DEBUG cotyledon.oslo_config_glue [-] workarounds.disable_fallback_pcpu_query = False {{(pid=111625) log_opt_values /opt/stack/data/venv/lib/python3.12/site-packages/oslo_config/cfg.py:3006}}
Apr 22 02:42:13.485355 np0000169027 nova-conductor[111625]: DEBUG cotyledon.oslo_config_glue [-] workarounds.disable_group_policy_check_upcall = False {{(pid=111625) log_opt_values /opt/stack/data/venv/lib/python3.12/site-packages/oslo_config/cfg.py:3006}}
Apr 22 02:42:13.485355 np0000169027 nova-conductor[111625]: DEBUG cotyledon.oslo_config_glue [-] workarounds.disable_libvirt_livesnapshot = False {{(pid=111625) log_opt_values /opt/stack/data/venv/lib/python3.12/site-packages/oslo_config/cfg.py:3006}}
Apr 22 02:42:13.485355 np0000169027 nova-conductor[111625]: DEBUG cotyledon.oslo_config_glue [-] workarounds.disable_rootwrap = False {{(pid=111625) log_opt_values /opt/stack/data/venv/lib/python3.12/site-packages/oslo_config/cfg.py:3006}}
Apr 22 02:42:13.485355 np0000169027 nova-conductor[111625]: DEBUG cotyledon.oslo_config_glue [-] workarounds.enable_numa_live_migration = False {{(pid=111625) log_opt_values /opt/stack/data/venv/lib/python3.12/site-packages/oslo_config/cfg.py:3006}}
Apr 22 02:42:13.485355 np0000169027 nova-conductor[111625]: DEBUG cotyledon.oslo_config_glue [-] workarounds.enable_qemu_monitor_announce_self = False {{(pid=111625) log_opt_values /opt/stack/data/venv/lib/python3.12/site-packages/oslo_config/cfg.py:3006}}
Apr 22 02:42:13.485567 np0000169027 nova-conductor[111625]: DEBUG cotyledon.oslo_config_glue [-] workarounds.ensure_libvirt_rbd_instance_dir_cleanup = False {{(pid=111625) log_opt_values /opt/stack/data/venv/lib/python3.12/site-packages/oslo_config/cfg.py:3006}}
Apr 22 02:42:13.485567 np0000169027 nova-conductor[111625]: DEBUG cotyledon.oslo_config_glue [-] workarounds.handle_virt_lifecycle_events = True {{(pid=111625) log_opt_values /opt/stack/data/venv/lib/python3.12/site-packages/oslo_config/cfg.py:3006}}
Apr 22 02:42:13.485567 np0000169027 nova-conductor[111625]: DEBUG cotyledon.oslo_config_glue [-] workarounds.libvirt_disable_apic = False {{(pid=111625) log_opt_values /opt/stack/data/venv/lib/python3.12/site-packages/oslo_config/cfg.py:3006}}
Apr 22 02:42:13.485567 np0000169027 nova-conductor[111625]: DEBUG cotyledon.oslo_config_glue [-] workarounds.never_download_image_if_on_rbd = False {{(pid=111625) log_opt_values /opt/stack/data/venv/lib/python3.12/site-packages/oslo_config/cfg.py:3006}}
Apr 22 02:42:13.485567 np0000169027 nova-conductor[111625]: DEBUG cotyledon.oslo_config_glue [-] workarounds.qemu_monitor_announce_self_count = 3 {{(pid=111625) log_opt_values /opt/stack/data/venv/lib/python3.12/site-packages/oslo_config/cfg.py:3006}}
Apr 22 02:42:13.485567 np0000169027 nova-conductor[111625]: DEBUG cotyledon.oslo_config_glue [-] workarounds.qemu_monitor_announce_self_interval = 1 {{(pid=111625) log_opt_values /opt/stack/data/venv/lib/python3.12/site-packages/oslo_config/cfg.py:3006}}
Apr 22 02:42:13.485567 np0000169027 nova-conductor[111625]: DEBUG cotyledon.oslo_config_glue [-] workarounds.reserve_disk_resource_for_image_cache = False {{(pid=111625) log_opt_values /opt/stack/data/venv/lib/python3.12/site-packages/oslo_config/cfg.py:3006}}
Apr 22 02:42:13.485567 np0000169027 nova-conductor[111625]: DEBUG cotyledon.oslo_config_glue [-] workarounds.skip_cpu_compare_at_startup = False {{(pid=111625) log_opt_values /opt/stack/data/venv/lib/python3.12/site-packages/oslo_config/cfg.py:3006}}
Apr 22 02:42:13.485567 np0000169027 nova-conductor[111625]: DEBUG cotyledon.oslo_config_glue [-] workarounds.skip_cpu_compare_on_dest = False {{(pid=111625) log_opt_values /opt/stack/data/venv/lib/python3.12/site-packages/oslo_config/cfg.py:3006}}
Apr 22 02:42:13.485769 np0000169027 nova-conductor[111625]: DEBUG cotyledon.oslo_config_glue [-] workarounds.skip_hypervisor_version_check_on_lm = False {{(pid=111625) log_opt_values /opt/stack/data/venv/lib/python3.12/site-packages/oslo_config/cfg.py:3006}}
Apr 22 02:42:13.485769 np0000169027 nova-conductor[111625]: DEBUG cotyledon.oslo_config_glue [-] workarounds.skip_reserve_in_use_ironic_nodes = False {{(pid=111625) log_opt_values /opt/stack/data/venv/lib/python3.12/site-packages/oslo_config/cfg.py:3006}}
Apr 22 02:42:13.485769 np0000169027 nova-conductor[111625]: DEBUG cotyledon.oslo_config_glue [-] workarounds.unified_limits_count_pcpu_as_vcpu = False {{(pid=111625) log_opt_values /opt/stack/data/venv/lib/python3.12/site-packages/oslo_config/cfg.py:3006}}
Apr 22 02:42:13.485769 np0000169027 nova-conductor[111625]: DEBUG cotyledon.oslo_config_glue [-] workarounds.wait_for_vif_plugged_event_during_hard_reboot = [] {{(pid=111625) log_opt_values /opt/stack/data/venv/lib/python3.12/site-packages/oslo_config/cfg.py:3006}}
Apr 22 02:42:13.485769 np0000169027 nova-conductor[111625]: DEBUG cotyledon.oslo_config_glue [-] wsgi.api_paste_config = /etc/nova/api-paste.ini {{(pid=111625) log_opt_values /opt/stack/data/venv/lib/python3.12/site-packages/oslo_config/cfg.py:3006}}
Apr 22 02:42:13.485769 np0000169027 nova-conductor[111625]: DEBUG cotyledon.oslo_config_glue [-] wsgi.secure_proxy_ssl_header = None {{(pid=111625) log_opt_values /opt/stack/data/venv/lib/python3.12/site-packages/oslo_config/cfg.py:3006}}
Apr 22 02:42:13.485769 np0000169027 nova-conductor[111625]: DEBUG cotyledon.oslo_config_glue [-] zvm.ca_file = None {{(pid=111625) log_opt_values /opt/stack/data/venv/lib/python3.12/site-packages/oslo_config/cfg.py:3006}}
Apr 22 02:42:13.485769 np0000169027 nova-conductor[111625]: DEBUG cotyledon.oslo_config_glue [-] zvm.cloud_connector_url = None {{(pid=111625) log_opt_values /opt/stack/data/venv/lib/python3.12/site-packages/oslo_config/cfg.py:3006}}
Apr 22 02:42:13.485957 np0000169027 nova-conductor[111608]: DEBUG oslo_db.sqlalchemy.engines [None req-540cf33a-aaf2-486e-a2fe-d69df8818cb5 None None] MySQL server mode set to STRICT_TRANS_TABLES,STRICT_ALL_TABLES,NO_ZERO_IN_DATE,NO_ZERO_DATE,ERROR_FOR_DIVISION_BY_ZERO,TRADITIONAL,NO_ENGINE_SUBSTITUTION {{(pid=111608) _check_effective_sql_mode /opt/stack/data/venv/lib/python3.12/site-packages/oslo_db/sqlalchemy/engines.py:325}}
Apr 22 02:42:13.485990 np0000169027 nova-conductor[111625]: DEBUG cotyledon.oslo_config_glue [-] zvm.image_tmp_path = /opt/stack/data/nova/images {{(pid=111625) log_opt_values /opt/stack/data/venv/lib/python3.12/site-packages/oslo_config/cfg.py:3006}}
Apr 22 02:42:13.485990 np0000169027 nova-conductor[111625]: DEBUG cotyledon.oslo_config_glue [-] zvm.reachable_timeout = 300 {{(pid=111625) log_opt_values /opt/stack/data/venv/lib/python3.12/site-packages/oslo_config/cfg.py:3006}}
Apr 22 02:42:13.485990 np0000169027 nova-conductor[111625]: DEBUG cotyledon.oslo_config_glue [-] oslo_versionedobjects.fatal_exception_format_errors = False {{(pid=111625) log_opt_values /opt/stack/data/venv/lib/python3.12/site-packages/oslo_config/cfg.py:3006}}
Apr 22 02:42:13.485990 np0000169027 nova-conductor[111625]: DEBUG cotyledon.oslo_config_glue [-] oslo_middleware.http_basic_auth_user_file = /etc/htpasswd {{(pid=111625) log_opt_values /opt/stack/data/venv/lib/python3.12/site-packages/oslo_config/cfg.py:3006}}
Apr 22 02:42:13.485990 np0000169027 nova-conductor[111625]: DEBUG cotyledon.oslo_config_glue [-] profiler.connection_string = messaging:// {{(pid=111625) log_opt_values /opt/stack/data/venv/lib/python3.12/site-packages/oslo_config/cfg.py:3006}}
Apr 22 02:42:13.485990 np0000169027 nova-conductor[111625]: DEBUG cotyledon.oslo_config_glue [-] profiler.enabled = False {{(pid=111625) log_opt_values /opt/stack/data/venv/lib/python3.12/site-packages/oslo_config/cfg.py:3006}}
Apr 22 02:42:13.485990 np0000169027 nova-conductor[111625]: DEBUG cotyledon.oslo_config_glue [-] profiler.es_doc_type = notification {{(pid=111625) log_opt_values /opt/stack/data/venv/lib/python3.12/site-packages/oslo_config/cfg.py:3006}}
Apr 22 02:42:13.485990 np0000169027 nova-conductor[111625]: DEBUG cotyledon.oslo_config_glue [-] profiler.es_scroll_size = 10000 {{(pid=111625) log_opt_values /opt/stack/data/venv/lib/python3.12/site-packages/oslo_config/cfg.py:3006}}
Apr 22 02:42:13.485990 np0000169027 nova-conductor[111625]: DEBUG cotyledon.oslo_config_glue [-] profiler.es_scroll_time = 2m {{(pid=111625) log_opt_values /opt/stack/data/venv/lib/python3.12/site-packages/oslo_config/cfg.py:3006}}
Apr 22 02:42:13.486284 np0000169027 nova-conductor[111625]: DEBUG cotyledon.oslo_config_glue [-] profiler.filter_error_trace = False {{(pid=111625) log_opt_values /opt/stack/data/venv/lib/python3.12/site-packages/oslo_config/cfg.py:3006}}
Apr 22 02:42:13.486284 np0000169027 nova-conductor[111625]: DEBUG cotyledon.oslo_config_glue [-] profiler.hmac_keys = **** {{(pid=111625) log_opt_values /opt/stack/data/venv/lib/python3.12/site-packages/oslo_config/cfg.py:3006}}
Apr 22 02:42:13.486284 np0000169027 nova-conductor[111625]: DEBUG cotyledon.oslo_config_glue [-] profiler.sentinel_service_name = mymaster {{(pid=111625) log_opt_values /opt/stack/data/venv/lib/python3.12/site-packages/oslo_config/cfg.py:3006}}
Apr 22 02:42:13.486284 np0000169027 nova-conductor[111625]: DEBUG cotyledon.oslo_config_glue [-] profiler.socket_timeout = 0.1 {{(pid=111625) log_opt_values /opt/stack/data/venv/lib/python3.12/site-packages/oslo_config/cfg.py:3006}}
Apr 22 02:42:13.486284 np0000169027 nova-conductor[111625]: DEBUG cotyledon.oslo_config_glue [-] profiler.trace_requests = False {{(pid=111625) log_opt_values /opt/stack/data/venv/lib/python3.12/site-packages/oslo_config/cfg.py:3006}}
Apr 22 02:42:13.486284 np0000169027 nova-conductor[111625]: DEBUG cotyledon.oslo_config_glue [-] profiler.trace_sqlalchemy = False {{(pid=111625) log_opt_values /opt/stack/data/venv/lib/python3.12/site-packages/oslo_config/cfg.py:3006}}
Apr 22 02:42:13.486284 np0000169027 nova-conductor[111625]: DEBUG cotyledon.oslo_config_glue [-] profiler_jaeger.process_tags = {} {{(pid=111625) log_opt_values /opt/stack/data/venv/lib/python3.12/site-packages/oslo_config/cfg.py:3006}}
Apr 22 02:42:13.486284 np0000169027 nova-conductor[111625]: DEBUG cotyledon.oslo_config_glue [-] profiler_jaeger.service_name_prefix = None {{(pid=111625) log_opt_values /opt/stack/data/venv/lib/python3.12/site-packages/oslo_config/cfg.py:3006}}
Apr 22 02:42:13.486284 np0000169027 nova-conductor[111625]: DEBUG cotyledon.oslo_config_glue [-] profiler_otlp.service_name_prefix = None {{(pid=111625) log_opt_values /opt/stack/data/venv/lib/python3.12/site-packages/oslo_config/cfg.py:3006}}
Apr 22 02:42:13.486562 np0000169027 nova-conductor[111625]: DEBUG cotyledon.oslo_config_glue [-] oslo_messaging_rabbit.amqp_auto_delete = False {{(pid=111625) log_opt_values /opt/stack/data/venv/lib/python3.12/site-packages/oslo_config/cfg.py:3006}}
Apr 22 02:42:13.486562 np0000169027 nova-conductor[111625]: DEBUG cotyledon.oslo_config_glue [-] oslo_messaging_rabbit.amqp_durable_queues = False {{(pid=111625) log_opt_values /opt/stack/data/venv/lib/python3.12/site-packages/oslo_config/cfg.py:3006}}
Apr 22 02:42:13.486562 np0000169027 nova-conductor[111625]: DEBUG cotyledon.oslo_config_glue [-] oslo_messaging_rabbit.conn_pool_min_size = 2 {{(pid=111625) log_opt_values /opt/stack/data/venv/lib/python3.12/site-packages/oslo_config/cfg.py:3006}}
Apr 22 02:42:13.486562 np0000169027 nova-conductor[111625]: DEBUG cotyledon.oslo_config_glue [-] oslo_messaging_rabbit.conn_pool_ttl = 1200 {{(pid=111625) log_opt_values /opt/stack/data/venv/lib/python3.12/site-packages/oslo_config/cfg.py:3006}}
Apr 22 02:42:13.486562 np0000169027 nova-conductor[111625]: DEBUG cotyledon.oslo_config_glue [-] oslo_messaging_rabbit.direct_mandatory_flag = True {{(pid=111625) log_opt_values /opt/stack/data/venv/lib/python3.12/site-packages/oslo_config/cfg.py:3006}}
Apr 22 02:42:13.486562 np0000169027 nova-conductor[111625]: DEBUG cotyledon.oslo_config_glue [-] oslo_messaging_rabbit.enable_cancel_on_failover = False {{(pid=111625) log_opt_values /opt/stack/data/venv/lib/python3.12/site-packages/oslo_config/cfg.py:3006}}
Apr 22 02:42:13.486562 np0000169027 nova-conductor[111625]: DEBUG cotyledon.oslo_config_glue [-] oslo_messaging_rabbit.heartbeat_in_pthread = False {{(pid=111625) log_opt_values /opt/stack/data/venv/lib/python3.12/site-packages/oslo_config/cfg.py:3006}}
Apr 22 02:42:13.486562 np0000169027 nova-conductor[111625]: DEBUG cotyledon.oslo_config_glue [-] oslo_messaging_rabbit.heartbeat_rate = 3 {{(pid=111625) log_opt_values /opt/stack/data/venv/lib/python3.12/site-packages/oslo_config/cfg.py:3006}}
Apr 22 02:42:13.486562 np0000169027 nova-conductor[111625]: DEBUG cotyledon.oslo_config_glue [-] oslo_messaging_rabbit.heartbeat_timeout_threshold = 60 {{(pid=111625) log_opt_values /opt/stack/data/venv/lib/python3.12/site-packages/oslo_config/cfg.py:3006}}
Apr 22 02:42:13.487080 np0000169027 nova-conductor[111625]: DEBUG cotyledon.oslo_config_glue [-] oslo_messaging_rabbit.hostname = np0000169027 {{(pid=111625) log_opt_values /opt/stack/data/venv/lib/python3.12/site-packages/oslo_config/cfg.py:3006}}
Apr 22 02:42:13.487080 np0000169027 nova-conductor[111625]: DEBUG cotyledon.oslo_config_glue [-] oslo_messaging_rabbit.kombu_compression = None {{(pid=111625) log_opt_values /opt/stack/data/venv/lib/python3.12/site-packages/oslo_config/cfg.py:3006}}
Apr 22 02:42:13.487080 np0000169027 nova-conductor[111625]: DEBUG cotyledon.oslo_config_glue [-] oslo_messaging_rabbit.kombu_failover_strategy = round-robin {{(pid=111625) log_opt_values /opt/stack/data/venv/lib/python3.12/site-packages/oslo_config/cfg.py:3006}}
Apr 22 02:42:13.487080 np0000169027 nova-conductor[111625]: DEBUG cotyledon.oslo_config_glue [-] oslo_messaging_rabbit.kombu_missing_consumer_retry_timeout = 60 {{(pid=111625) log_opt_values /opt/stack/data/venv/lib/python3.12/site-packages/oslo_config/cfg.py:3006}}
Apr 22 02:42:13.487080 np0000169027 nova-conductor[111625]: DEBUG cotyledon.oslo_config_glue [-] oslo_messaging_rabbit.kombu_reconnect_delay = 1.0 {{(pid=111625) log_opt_values /opt/stack/data/venv/lib/python3.12/site-packages/oslo_config/cfg.py:3006}}
Apr 22 02:42:13.487080 np0000169027 nova-conductor[111625]: DEBUG cotyledon.oslo_config_glue [-] oslo_messaging_rabbit.kombu_reconnect_splay = 0.0 {{(pid=111625) log_opt_values /opt/stack/data/venv/lib/python3.12/site-packages/oslo_config/cfg.py:3006}}
Apr 22 02:42:13.487080 np0000169027 nova-conductor[111625]: DEBUG cotyledon.oslo_config_glue [-] oslo_messaging_rabbit.processname = nova-conductor {{(pid=111625) log_opt_values /opt/stack/data/venv/lib/python3.12/site-packages/oslo_config/cfg.py:3006}}
Apr 22 02:42:13.487080 np0000169027 nova-conductor[111625]: DEBUG cotyledon.oslo_config_glue [-] oslo_messaging_rabbit.rabbit_ha_queues = False {{(pid=111625) log_opt_values /opt/stack/data/venv/lib/python3.12/site-packages/oslo_config/cfg.py:3006}}
Apr 22 02:42:13.487080 np0000169027 nova-conductor[111625]: DEBUG cotyledon.oslo_config_glue [-] oslo_messaging_rabbit.rabbit_interval_max = 30 {{(pid=111625) log_opt_values /opt/stack/data/venv/lib/python3.12/site-packages/oslo_config/cfg.py:3006}}
Apr 22 02:42:13.487359 np0000169027 nova-conductor[111625]: DEBUG cotyledon.oslo_config_glue [-] oslo_messaging_rabbit.rabbit_login_method = AMQPLAIN {{(pid=111625) log_opt_values /opt/stack/data/venv/lib/python3.12/site-packages/oslo_config/cfg.py:3006}}
Apr 22 02:42:13.487359 np0000169027 nova-conductor[111625]: DEBUG cotyledon.oslo_config_glue [-] oslo_messaging_rabbit.rabbit_qos_prefetch_count = 0 {{(pid=111625) log_opt_values /opt/stack/data/venv/lib/python3.12/site-packages/oslo_config/cfg.py:3006}}
Apr 22 02:42:13.487359 np0000169027 nova-conductor[111625]: DEBUG cotyledon.oslo_config_glue [-] oslo_messaging_rabbit.rabbit_quorum_delivery_limit = 0 {{(pid=111625) log_opt_values /opt/stack/data/venv/lib/python3.12/site-packages/oslo_config/cfg.py:3006}}
Apr 22 02:42:13.487359 np0000169027 nova-conductor[111625]: DEBUG cotyledon.oslo_config_glue [-] oslo_messaging_rabbit.rabbit_quorum_max_memory_bytes = 0 {{(pid=111625) log_opt_values /opt/stack/data/venv/lib/python3.12/site-packages/oslo_config/cfg.py:3006}}
Apr 22 02:42:13.487359 np0000169027 nova-conductor[111625]: DEBUG cotyledon.oslo_config_glue [-] oslo_messaging_rabbit.rabbit_quorum_max_memory_length = 0 {{(pid=111625) log_opt_values /opt/stack/data/venv/lib/python3.12/site-packages/oslo_config/cfg.py:3006}}
Apr 22 02:42:13.487359 np0000169027 nova-conductor[111625]: DEBUG cotyledon.oslo_config_glue [-] oslo_messaging_rabbit.rabbit_quorum_queue = False {{(pid=111625) log_opt_values /opt/stack/data/venv/lib/python3.12/site-packages/oslo_config/cfg.py:3006}}
Apr 22 02:42:13.487359 np0000169027 nova-conductor[111625]: DEBUG cotyledon.oslo_config_glue [-] oslo_messaging_rabbit.rabbit_retry_backoff = 2 {{(pid=111625) log_opt_values /opt/stack/data/venv/lib/python3.12/site-packages/oslo_config/cfg.py:3006}}
Apr 22 02:42:13.487597 np0000169027 nova-conductor[111601]: DEBUG nova.service [None req-649ac1bf-09de-4076-befe-301fb3894a4e None None] Creating RPC server for service: nova-conductor on topic: conductor {{(pid=111601) start /opt/stack/nova/nova/service.py:195}}
Apr 22 02:42:13.487647 np0000169027 nova-conductor[111625]: DEBUG cotyledon.oslo_config_glue [-] oslo_messaging_rabbit.rabbit_retry_interval = 1 {{(pid=111625) log_opt_values /opt/stack/data/venv/lib/python3.12/site-packages/oslo_config/cfg.py:3006}}
Apr 22 02:42:13.487647 np0000169027 nova-conductor[111625]: DEBUG cotyledon.oslo_config_glue [-] oslo_messaging_rabbit.rabbit_stream_fanout = False {{(pid=111625) log_opt_values /opt/stack/data/venv/lib/python3.12/site-packages/oslo_config/cfg.py:3006}}
Apr 22 02:42:13.487647 np0000169027 nova-conductor[111625]: DEBUG cotyledon.oslo_config_glue [-] oslo_messaging_rabbit.rabbit_transient_queues_ttl = 1800 {{(pid=111625) log_opt_values /opt/stack/data/venv/lib/python3.12/site-packages/oslo_config/cfg.py:3006}}
Apr 22 02:42:13.487647 np0000169027 nova-conductor[111625]: DEBUG cotyledon.oslo_config_glue [-] oslo_messaging_rabbit.rabbit_transient_quorum_queue = False {{(pid=111625) log_opt_values /opt/stack/data/venv/lib/python3.12/site-packages/oslo_config/cfg.py:3006}}
Apr 22 02:42:13.487647 np0000169027 nova-conductor[111625]: DEBUG cotyledon.oslo_config_glue [-] oslo_messaging_rabbit.rpc_conn_pool_size = 30 {{(pid=111625) log_opt_values /opt/stack/data/venv/lib/python3.12/site-packages/oslo_config/cfg.py:3006}}
Apr 22 02:42:13.487647 np0000169027 nova-conductor[111625]: DEBUG cotyledon.oslo_config_glue [-] oslo_messaging_rabbit.ssl = False {{(pid=111625) log_opt_values /opt/stack/data/venv/lib/python3.12/site-packages/oslo_config/cfg.py:3006}}
Apr 22 02:42:13.487647 np0000169027 nova-conductor[111625]: DEBUG cotyledon.oslo_config_glue [-] oslo_messaging_rabbit.ssl_ca_file = {{(pid=111625) log_opt_values /opt/stack/data/venv/lib/python3.12/site-packages/oslo_config/cfg.py:3006}}
Apr 22 02:42:13.487647 np0000169027 nova-conductor[111625]: DEBUG cotyledon.oslo_config_glue [-] oslo_messaging_rabbit.ssl_cert_file = {{(pid=111625) log_opt_values /opt/stack/data/venv/lib/python3.12/site-packages/oslo_config/cfg.py:3006}}
Apr 22 02:42:13.487647 np0000169027 nova-conductor[111625]: DEBUG cotyledon.oslo_config_glue [-] oslo_messaging_rabbit.ssl_enforce_fips_mode = False {{(pid=111625) log_opt_values /opt/stack/data/venv/lib/python3.12/site-packages/oslo_config/cfg.py:3006}}
Apr 22 02:42:13.487858 np0000169027 nova-conductor[111625]: DEBUG cotyledon.oslo_config_glue [-] oslo_messaging_rabbit.ssl_key_file = {{(pid=111625) log_opt_values /opt/stack/data/venv/lib/python3.12/site-packages/oslo_config/cfg.py:3006}}
Apr 22 02:42:13.487858 np0000169027 nova-conductor[111625]: DEBUG cotyledon.oslo_config_glue [-] oslo_messaging_rabbit.ssl_version = {{(pid=111625) log_opt_values /opt/stack/data/venv/lib/python3.12/site-packages/oslo_config/cfg.py:3006}}
Apr 22 02:42:13.487858 np0000169027 nova-conductor[111625]: DEBUG cotyledon.oslo_config_glue [-] oslo_messaging_rabbit.use_queue_manager = False {{(pid=111625) log_opt_values /opt/stack/data/venv/lib/python3.12/site-packages/oslo_config/cfg.py:3006}}
Apr 22 02:42:13.487858 np0000169027 nova-conductor[111625]: DEBUG cotyledon.oslo_config_glue [-] oslo_messaging_notifications.driver = ['messagingv2'] {{(pid=111625) log_opt_values /opt/stack/data/venv/lib/python3.12/site-packages/oslo_config/cfg.py:3006}}
Apr 22 02:42:13.487858 np0000169027 nova-conductor[111625]: DEBUG cotyledon.oslo_config_glue [-] oslo_messaging_notifications.retry = -1 {{(pid=111625) log_opt_values /opt/stack/data/venv/lib/python3.12/site-packages/oslo_config/cfg.py:3006}}
Apr 22 02:42:13.487858 np0000169027 nova-conductor[111625]: DEBUG cotyledon.oslo_config_glue [-] oslo_messaging_notifications.topics = ['notifications'] {{(pid=111625) log_opt_values /opt/stack/data/venv/lib/python3.12/site-packages/oslo_config/cfg.py:3006}}
Apr 22 02:42:13.487858 np0000169027 nova-conductor[111625]: DEBUG cotyledon.oslo_config_glue [-] oslo_messaging_notifications.transport_url = **** {{(pid=111625) log_opt_values /opt/stack/data/venv/lib/python3.12/site-packages/oslo_config/cfg.py:3006}}
Apr 22 02:42:13.487858 np0000169027 nova-conductor[111625]: DEBUG cotyledon.oslo_config_glue [-] oslo_limit.auth_section = None {{(pid=111625) log_opt_values /opt/stack/data/venv/lib/python3.12/site-packages/oslo_config/cfg.py:3006}}
Apr 22 02:42:13.487858 np0000169027 nova-conductor[111625]: DEBUG cotyledon.oslo_config_glue [-] oslo_limit.auth_type = None {{(pid=111625) log_opt_values /opt/stack/data/venv/lib/python3.12/site-packages/oslo_config/cfg.py:3006}}
Apr 22 02:42:13.488198 np0000169027 nova-conductor[111625]: DEBUG cotyledon.oslo_config_glue [-] oslo_limit.cafile = None {{(pid=111625) log_opt_values /opt/stack/data/venv/lib/python3.12/site-packages/oslo_config/cfg.py:3006}}
Apr 22 02:42:13.488198 np0000169027 nova-conductor[111625]: DEBUG cotyledon.oslo_config_glue [-] oslo_limit.certfile = None {{(pid=111625) log_opt_values /opt/stack/data/venv/lib/python3.12/site-packages/oslo_config/cfg.py:3006}}
Apr 22 02:42:13.488198 np0000169027 nova-conductor[111625]: DEBUG cotyledon.oslo_config_glue [-] oslo_limit.collect_timing = False {{(pid=111625) log_opt_values /opt/stack/data/venv/lib/python3.12/site-packages/oslo_config/cfg.py:3006}}
Apr 22 02:42:13.488198 np0000169027 nova-conductor[111625]: DEBUG cotyledon.oslo_config_glue [-] oslo_limit.connect_retries = None {{(pid=111625) log_opt_values /opt/stack/data/venv/lib/python3.12/site-packages/oslo_config/cfg.py:3006}}
Apr 22 02:42:13.488198 np0000169027 nova-conductor[111625]: DEBUG cotyledon.oslo_config_glue [-] oslo_limit.connect_retry_delay = None {{(pid=111625) log_opt_values /opt/stack/data/venv/lib/python3.12/site-packages/oslo_config/cfg.py:3006}}
Apr 22 02:42:13.488198 np0000169027 nova-conductor[111625]: DEBUG cotyledon.oslo_config_glue [-] oslo_limit.endpoint_id = None {{(pid=111625) log_opt_values /opt/stack/data/venv/lib/python3.12/site-packages/oslo_config/cfg.py:3006}}
Apr 22 02:42:13.488198 np0000169027 nova-conductor[111625]: DEBUG cotyledon.oslo_config_glue [-] oslo_limit.endpoint_interface = public {{(pid=111625) log_opt_values /opt/stack/data/venv/lib/python3.12/site-packages/oslo_config/cfg.py:3006}}
Apr 22 02:42:13.488198 np0000169027 nova-conductor[111625]: DEBUG cotyledon.oslo_config_glue [-] oslo_limit.endpoint_override = None {{(pid=111625) log_opt_values /opt/stack/data/venv/lib/python3.12/site-packages/oslo_config/cfg.py:3006}}
Apr 22 02:42:13.488198 np0000169027 nova-conductor[111625]: DEBUG cotyledon.oslo_config_glue [-] oslo_limit.endpoint_region_name = None {{(pid=111625) log_opt_values /opt/stack/data/venv/lib/python3.12/site-packages/oslo_config/cfg.py:3006}}
Apr 22 02:42:13.488478 np0000169027 nova-conductor[111625]: DEBUG cotyledon.oslo_config_glue [-] oslo_limit.endpoint_service_name = None {{(pid=111625) log_opt_values /opt/stack/data/venv/lib/python3.12/site-packages/oslo_config/cfg.py:3006}}
Apr 22 02:42:13.488478 np0000169027 nova-conductor[111625]: DEBUG cotyledon.oslo_config_glue [-] oslo_limit.endpoint_service_type = None {{(pid=111625) log_opt_values /opt/stack/data/venv/lib/python3.12/site-packages/oslo_config/cfg.py:3006}}
Apr 22 02:42:13.488478 np0000169027 nova-conductor[111625]: DEBUG cotyledon.oslo_config_glue [-] oslo_limit.insecure = False {{(pid=111625) log_opt_values /opt/stack/data/venv/lib/python3.12/site-packages/oslo_config/cfg.py:3006}}
Apr 22 02:42:13.488478 np0000169027 nova-conductor[111625]: DEBUG cotyledon.oslo_config_glue [-] oslo_limit.keyfile = None {{(pid=111625) log_opt_values /opt/stack/data/venv/lib/python3.12/site-packages/oslo_config/cfg.py:3006}}
Apr 22 02:42:13.488478 np0000169027 nova-conductor[111625]: DEBUG cotyledon.oslo_config_glue [-] oslo_limit.max_version = None {{(pid=111625) log_opt_values /opt/stack/data/venv/lib/python3.12/site-packages/oslo_config/cfg.py:3006}}
Apr 22 02:42:13.488478 np0000169027 nova-conductor[111625]: DEBUG cotyledon.oslo_config_glue [-] oslo_limit.min_version = None {{(pid=111625) log_opt_values /opt/stack/data/venv/lib/python3.12/site-packages/oslo_config/cfg.py:3006}}
Apr 22 02:42:13.488478 np0000169027 nova-conductor[111625]: DEBUG cotyledon.oslo_config_glue [-] oslo_limit.region_name = None {{(pid=111625) log_opt_values /opt/stack/data/venv/lib/python3.12/site-packages/oslo_config/cfg.py:3006}}
Apr 22 02:42:13.488478 np0000169027 nova-conductor[111625]: DEBUG cotyledon.oslo_config_glue [-] oslo_limit.retriable_status_codes = None {{(pid=111625) log_opt_values /opt/stack/data/venv/lib/python3.12/site-packages/oslo_config/cfg.py:3006}}
Apr 22 02:42:13.488478 np0000169027 nova-conductor[111625]: DEBUG cotyledon.oslo_config_glue [-] oslo_limit.service_name = None {{(pid=111625) log_opt_values /opt/stack/data/venv/lib/python3.12/site-packages/oslo_config/cfg.py:3006}}
Apr 22 02:42:13.488698 np0000169027 nova-conductor[111625]: DEBUG cotyledon.oslo_config_glue [-] oslo_limit.service_type = None {{(pid=111625) log_opt_values /opt/stack/data/venv/lib/python3.12/site-packages/oslo_config/cfg.py:3006}}
Apr 22 02:42:13.488698 np0000169027 nova-conductor[111625]: DEBUG cotyledon.oslo_config_glue [-] oslo_limit.split_loggers = False {{(pid=111625) log_opt_values /opt/stack/data/venv/lib/python3.12/site-packages/oslo_config/cfg.py:3006}}
Apr 22 02:42:13.488698 np0000169027 nova-conductor[111625]: DEBUG cotyledon.oslo_config_glue [-] oslo_limit.status_code_retries = None {{(pid=111625) log_opt_values /opt/stack/data/venv/lib/python3.12/site-packages/oslo_config/cfg.py:3006}}
Apr 22 02:42:13.488698 np0000169027 nova-conductor[111625]: DEBUG cotyledon.oslo_config_glue [-] oslo_limit.status_code_retry_delay = None {{(pid=111625) log_opt_values /opt/stack/data/venv/lib/python3.12/site-packages/oslo_config/cfg.py:3006}}
Apr 22 02:42:13.488698 np0000169027 nova-conductor[111625]: DEBUG cotyledon.oslo_config_glue [-] oslo_limit.timeout = None {{(pid=111625) log_opt_values /opt/stack/data/venv/lib/python3.12/site-packages/oslo_config/cfg.py:3006}}
Apr 22 02:42:13.488698 np0000169027 nova-conductor[111625]: DEBUG cotyledon.oslo_config_glue [-] oslo_limit.valid_interfaces = None {{(pid=111625) log_opt_values /opt/stack/data/venv/lib/python3.12/site-packages/oslo_config/cfg.py:3006}}
Apr 22 02:42:13.488698 np0000169027 nova-conductor[111625]: DEBUG cotyledon.oslo_config_glue [-] oslo_limit.version = None {{(pid=111625) log_opt_values /opt/stack/data/venv/lib/python3.12/site-packages/oslo_config/cfg.py:3006}}
Apr 22 02:42:13.488698 np0000169027 nova-conductor[111625]: DEBUG cotyledon.oslo_config_glue [-] oslo_reports.file_event_handler = None {{(pid=111625) log_opt_values /opt/stack/data/venv/lib/python3.12/site-packages/oslo_config/cfg.py:3006}}
Apr 22 02:42:13.488698 np0000169027 nova-conductor[111625]: DEBUG cotyledon.oslo_config_glue [-] oslo_reports.file_event_handler_interval = 1 {{(pid=111625) log_opt_values /opt/stack/data/venv/lib/python3.12/site-packages/oslo_config/cfg.py:3006}}
Apr 22 02:42:13.488930 np0000169027 nova-conductor[111625]: DEBUG cotyledon.oslo_config_glue [-] oslo_reports.log_dir = None {{(pid=111625) log_opt_values /opt/stack/data/venv/lib/python3.12/site-packages/oslo_config/cfg.py:3006}}
Apr 22 02:42:13.488930 np0000169027 nova-conductor[111625]: DEBUG cotyledon.oslo_config_glue [-] ******************************************************************************** {{(pid=111625) log_opt_values /opt/stack/data/venv/lib/python3.12/site-packages/oslo_config/cfg.py:3013}}
Apr 22 02:42:13.488930 np0000169027 nova-conductor[111625]: DEBUG cotyledon._service_worker [-] Run service ServiceWrapper(3) [111625] {{(pid=111625) wait_forever /opt/stack/data/venv/lib/python3.12/site-packages/cotyledon/_service_worker.py:218}}
Apr 22 02:42:13.488930 np0000169027 nova-conductor[111625]: INFO nova.service [-] Starting conductor node (version 33.1.0)
Apr 22 02:42:13.489123 np0000169027 nova-conductor[111619]: DEBUG oslo_db.sqlalchemy.engines [None req-abecc72d-4662-4a91-b56c-6cca8ae3fd26 None None] MySQL server mode set to STRICT_TRANS_TABLES,STRICT_ALL_TABLES,NO_ZERO_IN_DATE,NO_ZERO_DATE,ERROR_FOR_DIVISION_BY_ZERO,TRADITIONAL,NO_ENGINE_SUBSTITUTION {{(pid=111619) _check_effective_sql_mode /opt/stack/data/venv/lib/python3.12/site-packages/oslo_db/sqlalchemy/engines.py:325}}
Apr 22 02:42:13.489171 np0000169027 nova-conductor[111625]: INFO dbcounter [None req-79e3ed6a-1828-49d6-983c-f1f242648d80 None None] Registered counter for database nova_cell0
Apr 22 02:42:13.489201 np0000169027 nova-conductor[111608]: DEBUG dbcounter [-] [111608] Writer thread running {{(pid=111608) stat_writer /opt/stack/data/venv/lib/python3.12/site-packages/dbcounter.py:102}}
Apr 22 02:42:13.489201 np0000169027 nova-conductor[111608]: DEBUG nova.service [None req-540cf33a-aaf2-486e-a2fe-d69df8818cb5 None None] Creating RPC server for service: nova-conductor on topic: conductor {{(pid=111608) start /opt/stack/nova/nova/service.py:195}}
Apr 22 02:42:13.492257 np0000169027 nova-conductor[111625]: DEBUG oslo_db.sqlalchemy.engines [None req-79e3ed6a-1828-49d6-983c-f1f242648d80 None None] MySQL server mode set to STRICT_TRANS_TABLES,STRICT_ALL_TABLES,NO_ZERO_IN_DATE,NO_ZERO_DATE,ERROR_FOR_DIVISION_BY_ZERO,TRADITIONAL,NO_ENGINE_SUBSTITUTION {{(pid=111625) _check_effective_sql_mode /opt/stack/data/venv/lib/python3.12/site-packages/oslo_db/sqlalchemy/engines.py:325}}
Apr 22 02:42:13.494339 np0000169027 nova-conductor[111619]: DEBUG dbcounter [-] [111619] Writer thread running {{(pid=111619) stat_writer /opt/stack/data/venv/lib/python3.12/site-packages/dbcounter.py:102}}
Apr 22 02:42:13.498208 np0000169027 nova-conductor[111619]: DEBUG nova.service [None req-abecc72d-4662-4a91-b56c-6cca8ae3fd26 None None] Creating RPC server for service: nova-conductor on topic: conductor {{(pid=111619) start /opt/stack/nova/nova/service.py:195}}
Apr 22 02:42:13.500932 np0000169027 nova-conductor[111601]: DEBUG nova.service [None req-649ac1bf-09de-4076-befe-301fb3894a4e None None] Join ServiceGroup membership for this service conductor {{(pid=111601) start /opt/stack/nova/nova/service.py:221}}
Apr 22 02:42:13.501201 np0000169027 nova-conductor[111601]: DEBUG nova.servicegroup.drivers.db [None req-649ac1bf-09de-4076-befe-301fb3894a4e None None] DB_Driver: join new ServiceGroup member np0000169027 to the conductor group, service = {{(pid=111601) join /opt/stack/nova/nova/servicegroup/drivers/db.py:44}}
Apr 22 02:42:13.504839 np0000169027 nova-conductor[111625]: DEBUG dbcounter [-] [111625] Writer thread running {{(pid=111625) stat_writer /opt/stack/data/venv/lib/python3.12/site-packages/dbcounter.py:102}}
Apr 22 02:42:13.507664 np0000169027 nova-conductor[111608]: DEBUG nova.service [None req-540cf33a-aaf2-486e-a2fe-d69df8818cb5 None None] Join ServiceGroup membership for this service conductor {{(pid=111608) start /opt/stack/nova/nova/service.py:221}}
Apr 22 02:42:13.507958 np0000169027 nova-conductor[111608]: DEBUG nova.servicegroup.drivers.db [None req-540cf33a-aaf2-486e-a2fe-d69df8818cb5 None None] DB_Driver: join new ServiceGroup member np0000169027 to the conductor group, service = {{(pid=111608) join /opt/stack/nova/nova/servicegroup/drivers/db.py:44}}
Apr 22 02:42:13.508777 np0000169027 nova-conductor[111625]: DEBUG nova.service [None req-79e3ed6a-1828-49d6-983c-f1f242648d80 None None] Creating RPC server for service: nova-conductor on topic: conductor {{(pid=111625) start /opt/stack/nova/nova/service.py:195}}
Apr 22 02:42:13.517943 np0000169027 nova-conductor[111619]: DEBUG nova.service [None req-abecc72d-4662-4a91-b56c-6cca8ae3fd26 None None] Join ServiceGroup membership for this service conductor {{(pid=111619) start /opt/stack/nova/nova/service.py:221}}
Apr 22 02:42:13.517943 np0000169027 nova-conductor[111619]: DEBUG nova.servicegroup.drivers.db [None req-abecc72d-4662-4a91-b56c-6cca8ae3fd26 None None] DB_Driver: join new ServiceGroup member np0000169027 to the conductor group, service = {{(pid=111619) join /opt/stack/nova/nova/servicegroup/drivers/db.py:44}}
Apr 22 02:42:13.532574 np0000169027 nova-conductor[111625]: DEBUG nova.service [None req-79e3ed6a-1828-49d6-983c-f1f242648d80 None None] Join ServiceGroup membership for this service conductor {{(pid=111625) start /opt/stack/nova/nova/service.py:221}}
Apr 22 02:42:13.533054 np0000169027 nova-conductor[111625]: DEBUG nova.servicegroup.drivers.db [None req-79e3ed6a-1828-49d6-983c-f1f242648d80 None None] DB_Driver: join new ServiceGroup member np0000169027 to the conductor group, service = {{(pid=111625) join /opt/stack/nova/nova/servicegroup/drivers/db.py:44}}
Apr 22 02:42:18.527920 np0000169027 nova-conductor[111608]: DEBUG oslo.service.backend._threading.loopingcall [-] Fixed interval looping call 'nova.servicegroup.drivers.db.DbDriver._report_state' sleeping for 119.98 seconds {{(pid=111608) _run_loop /opt/stack/data/venv/lib/python3.12/site-packages/oslo_service/backend/_threading/loopingcall.py:125}}
Apr 22 02:42:18.528362 np0000169027 nova-conductor[111601]: DEBUG oslo.service.backend._threading.loopingcall [-] Fixed interval looping call 'nova.servicegroup.drivers.db.DbDriver._report_state' sleeping for 119.98 seconds {{(pid=111601) _run_loop /opt/stack/data/venv/lib/python3.12/site-packages/oslo_service/backend/_threading/loopingcall.py:125}}
Apr 22 02:42:18.531884 np0000169027 nova-conductor[111619]: DEBUG oslo.service.backend._threading.loopingcall [-] Fixed interval looping call 'nova.servicegroup.drivers.db.DbDriver._report_state' sleeping for 119.99 seconds {{(pid=111619) _run_loop /opt/stack/data/venv/lib/python3.12/site-packages/oslo_service/backend/_threading/loopingcall.py:125}}
Apr 22 02:42:18.553256 np0000169027 nova-conductor[111625]: DEBUG oslo.service.backend._threading.loopingcall [-] Fixed interval looping call 'nova.servicegroup.drivers.db.DbDriver._report_state' sleeping for 119.98 seconds {{(pid=111625) _run_loop /opt/stack/data/venv/lib/python3.12/site-packages/oslo_service/backend/_threading/loopingcall.py:125}}
Apr 22 02:42:22.091385 np0000169027 nova-conductor[110829]: DEBUG dbcounter [-] [110829] Writing DB stats nova_api:SELECT=1 {{(pid=110829) stat_writer /opt/stack/data/venv/lib/python3.12/site-packages/dbcounter.py:115}}
Apr 22 02:42:22.211839 np0000169027 nova-conductor[110829]: DEBUG dbcounter [-] [110829] Writing DB stats nova_cell0:SELECT=1 {{(pid=110829) stat_writer /opt/stack/data/venv/lib/python3.12/site-packages/dbcounter.py:115}}
Apr 22 02:42:22.217515 np0000169027 nova-conductor[110829]: DEBUG dbcounter [-] [110829] Writing DB stats nova_cell1:SELECT=1 {{(pid=110829) stat_writer /opt/stack/data/venv/lib/python3.12/site-packages/dbcounter.py:115}}
Apr 22 02:42:28.518841 np0000169027 nova-conductor[111601]: DEBUG dbcounter [-] [111601] Writing DB stats nova_cell0:SELECT=4,nova_cell0:INSERT=1,nova_cell0:UPDATE=1 {{(pid=111601) stat_writer /opt/stack/data/venv/lib/python3.12/site-packages/dbcounter.py:115}}
Apr 22 02:42:28.525734 np0000169027 nova-conductor[111608]: DEBUG dbcounter [-] [111608] Writing DB stats nova_cell0:SELECT=3,nova_cell0:UPDATE=1 {{(pid=111608) stat_writer /opt/stack/data/venv/lib/python3.12/site-packages/dbcounter.py:115}}
Apr 22 02:42:28.528879 np0000169027 nova-conductor[111619]: DEBUG dbcounter [-] [111619] Writing DB stats nova_cell0:SELECT=3 {{(pid=111619) stat_writer /opt/stack/data/venv/lib/python3.12/site-packages/dbcounter.py:115}}
Apr 22 02:42:28.548597 np0000169027 nova-conductor[111625]: DEBUG dbcounter [-] [111625] Writing DB stats nova_cell0:SELECT=3 {{(pid=111625) stat_writer /opt/stack/data/venv/lib/python3.12/site-packages/dbcounter.py:115}}
Apr 22 02:42:45.518587 np0000169027 nova-conductor[111619]: DEBUG oslo.service.backend._threading.loopingcall [None req-3201c336-1d76-4949-bbc5-cc078a14a419 None None] Dynamic interval looping call 'nova.service.Service.periodic_tasks' sleeping for 60.00 seconds {{(pid=111619) _run_loop /opt/stack/data/venv/lib/python3.12/site-packages/oslo_service/backend/_threading/loopingcall.py:125}}
Apr 22 02:42:46.511624 np0000169027 nova-conductor[111608]: DEBUG oslo.service.backend._threading.loopingcall [None req-796aa388-d37e-430c-8177-9277dfaeb814 None None] Dynamic interval looping call 'nova.service.Service.periodic_tasks' sleeping for 60.00 seconds {{(pid=111608) _run_loop /opt/stack/data/venv/lib/python3.12/site-packages/oslo_service/backend/_threading/loopingcall.py:125}}
Apr 22 02:42:47.504827 np0000169027 nova-conductor[111601]: DEBUG oslo.service.backend._threading.loopingcall [None req-5a33c336-29f2-426e-bb26-41ce24f24f51 None None] Dynamic interval looping call 'nova.service.Service.periodic_tasks' sleeping for 60.00 seconds {{(pid=111601) _run_loop /opt/stack/data/venv/lib/python3.12/site-packages/oslo_service/backend/_threading/loopingcall.py:125}}
Apr 22 02:42:51.536872 np0000169027 nova-conductor[111625]: DEBUG oslo.service.backend._threading.loopingcall [None req-46fa7a0b-aee4-4e23-8a60-95f01e2b0290 None None] Dynamic interval looping call 'nova.service.Service.periodic_tasks' sleeping for 60.00 seconds {{(pid=111625) _run_loop /opt/stack/data/venv/lib/python3.12/site-packages/oslo_service/backend/_threading/loopingcall.py:125}}
Apr 22 02:43:45.519327 np0000169027 nova-conductor[111619]: DEBUG oslo.service.backend._threading.loopingcall [None req-3201c336-1d76-4949-bbc5-cc078a14a419 None None] Dynamic interval looping call 'nova.service.Service.periodic_tasks' sleeping for 60.00 seconds {{(pid=111619) _run_loop /opt/stack/data/venv/lib/python3.12/site-packages/oslo_service/backend/_threading/loopingcall.py:125}}
Apr 22 02:43:46.512530 np0000169027 nova-conductor[111608]: DEBUG oslo.service.backend._threading.loopingcall [None req-796aa388-d37e-430c-8177-9277dfaeb814 None None] Dynamic interval looping call 'nova.service.Service.periodic_tasks' sleeping for 60.00 seconds {{(pid=111608) _run_loop /opt/stack/data/venv/lib/python3.12/site-packages/oslo_service/backend/_threading/loopingcall.py:125}}
Apr 22 02:43:47.505589 np0000169027 nova-conductor[111601]: DEBUG oslo.service.backend._threading.loopingcall [None req-5a33c336-29f2-426e-bb26-41ce24f24f51 None None] Dynamic interval looping call 'nova.service.Service.periodic_tasks' sleeping for 60.00 seconds {{(pid=111601) _run_loop /opt/stack/data/venv/lib/python3.12/site-packages/oslo_service/backend/_threading/loopingcall.py:125}}
Apr 22 02:43:51.537830 np0000169027 nova-conductor[111625]: DEBUG oslo.service.backend._threading.loopingcall [None req-46fa7a0b-aee4-4e23-8a60-95f01e2b0290 None None] Dynamic interval looping call 'nova.service.Service.periodic_tasks' sleeping for 60.00 seconds {{(pid=111625) _run_loop /opt/stack/data/venv/lib/python3.12/site-packages/oslo_service/backend/_threading/loopingcall.py:125}}
Apr 22 02:44:18.520884 np0000169027 nova-conductor[111608]: DEBUG oslo.service.backend._threading.loopingcall [-] Fixed interval looping call 'nova.servicegroup.drivers.db.DbDriver._report_state' sleeping for 119.99 seconds {{(pid=111608) _run_loop /opt/stack/data/venv/lib/python3.12/site-packages/oslo_service/backend/_threading/loopingcall.py:125}}
Apr 22 02:44:18.521849 np0000169027 nova-conductor[111601]: DEBUG oslo.service.backend._threading.loopingcall [-] Fixed interval looping call 'nova.servicegroup.drivers.db.DbDriver._report_state' sleeping for 119.99 seconds {{(pid=111601) _run_loop /opt/stack/data/venv/lib/python3.12/site-packages/oslo_service/backend/_threading/loopingcall.py:125}}
Apr 22 02:44:18.532767 np0000169027 nova-conductor[111619]: DEBUG oslo.service.backend._threading.loopingcall [-] Fixed interval looping call 'nova.servicegroup.drivers.db.DbDriver._report_state' sleeping for 119.99 seconds {{(pid=111619) _run_loop /opt/stack/data/venv/lib/python3.12/site-packages/oslo_service/backend/_threading/loopingcall.py:125}}
Apr 22 02:44:18.538276 np0000169027 nova-conductor[111625]: DEBUG oslo.service.backend._threading.loopingcall [-] Fixed interval looping call 'nova.servicegroup.drivers.db.DbDriver._report_state' sleeping for 120.00 seconds {{(pid=111625) _run_loop /opt/stack/data/venv/lib/python3.12/site-packages/oslo_service/backend/_threading/loopingcall.py:125}}
Apr 22 02:44:28.514086 np0000169027 nova-conductor[111601]: DEBUG dbcounter [-] [111601] Writing DB stats nova_cell0:SELECT=1,nova_cell0:UPDATE=1 {{(pid=111601) stat_writer /opt/stack/data/venv/lib/python3.12/site-packages/dbcounter.py:115}}
Apr 22 02:44:28.518096 np0000169027 nova-conductor[111608]: DEBUG dbcounter [-] [111608] Writing DB stats nova_cell0:SELECT=1,nova_cell0:UPDATE=1 {{(pid=111608) stat_writer /opt/stack/data/venv/lib/python3.12/site-packages/dbcounter.py:115}}
Apr 22 02:44:28.528931 np0000169027 nova-conductor[111619]: DEBUG dbcounter [-] [111619] Writing DB stats nova_cell0:SELECT=1 {{(pid=111619) stat_writer /opt/stack/data/venv/lib/python3.12/site-packages/dbcounter.py:115}}
Apr 22 02:44:28.535820 np0000169027 nova-conductor[111625]: DEBUG dbcounter [-] [111625] Writing DB stats nova_cell0:SELECT=1 {{(pid=111625) stat_writer /opt/stack/data/venv/lib/python3.12/site-packages/dbcounter.py:115}}
Apr 22 02:44:45.520037 np0000169027 nova-conductor[111619]: DEBUG oslo.service.backend._threading.loopingcall [None req-3201c336-1d76-4949-bbc5-cc078a14a419 None None] Dynamic interval looping call 'nova.service.Service.periodic_tasks' sleeping for 60.00 seconds {{(pid=111619) _run_loop /opt/stack/data/venv/lib/python3.12/site-packages/oslo_service/backend/_threading/loopingcall.py:125}}
Apr 22 02:44:46.513620 np0000169027 nova-conductor[111608]: DEBUG oslo.service.backend._threading.loopingcall [None req-796aa388-d37e-430c-8177-9277dfaeb814 None None] Dynamic interval looping call 'nova.service.Service.periodic_tasks' sleeping for 60.00 seconds {{(pid=111608) _run_loop /opt/stack/data/venv/lib/python3.12/site-packages/oslo_service/backend/_threading/loopingcall.py:125}}
Apr 22 02:44:47.506728 np0000169027 nova-conductor[111601]: DEBUG oslo.service.backend._threading.loopingcall [None req-5a33c336-29f2-426e-bb26-41ce24f24f51 None None] Dynamic interval looping call 'nova.service.Service.periodic_tasks' sleeping for 60.00 seconds {{(pid=111601) _run_loop /opt/stack/data/venv/lib/python3.12/site-packages/oslo_service/backend/_threading/loopingcall.py:125}}
Apr 22 02:44:51.538626 np0000169027 nova-conductor[111625]: DEBUG oslo.service.backend._threading.loopingcall [None req-46fa7a0b-aee4-4e23-8a60-95f01e2b0290 None None] Dynamic interval looping call 'nova.service.Service.periodic_tasks' sleeping for 60.00 seconds {{(pid=111625) _run_loop /opt/stack/data/venv/lib/python3.12/site-packages/oslo_service/backend/_threading/loopingcall.py:125}}
Apr 22 02:45:45.520793 np0000169027 nova-conductor[111619]: DEBUG oslo.service.backend._threading.loopingcall [None req-3201c336-1d76-4949-bbc5-cc078a14a419 None None] Dynamic interval looping call 'nova.service.Service.periodic_tasks' sleeping for 60.00 seconds {{(pid=111619) _run_loop /opt/stack/data/venv/lib/python3.12/site-packages/oslo_service/backend/_threading/loopingcall.py:125}}
Apr 22 02:45:46.514373 np0000169027 nova-conductor[111608]: DEBUG oslo.service.backend._threading.loopingcall [None req-796aa388-d37e-430c-8177-9277dfaeb814 None None] Dynamic interval looping call 'nova.service.Service.periodic_tasks' sleeping for 60.00 seconds {{(pid=111608) _run_loop /opt/stack/data/venv/lib/python3.12/site-packages/oslo_service/backend/_threading/loopingcall.py:125}}
Apr 22 02:45:47.507339 np0000169027 nova-conductor[111601]: DEBUG oslo.service.backend._threading.loopingcall [None req-5a33c336-29f2-426e-bb26-41ce24f24f51 None None] Dynamic interval looping call 'nova.service.Service.periodic_tasks' sleeping for 60.00 seconds {{(pid=111601) _run_loop /opt/stack/data/venv/lib/python3.12/site-packages/oslo_service/backend/_threading/loopingcall.py:125}}
Apr 22 02:45:51.539581 np0000169027 nova-conductor[111625]: DEBUG oslo.service.backend._threading.loopingcall [None req-46fa7a0b-aee4-4e23-8a60-95f01e2b0290 None None] Dynamic interval looping call 'nova.service.Service.periodic_tasks' sleeping for 60.00 seconds {{(pid=111625) _run_loop /opt/stack/data/venv/lib/python3.12/site-packages/oslo_service/backend/_threading/loopingcall.py:125}}
Apr 22 02:46:07.708857 np0000169027 nova-conductor[111601]: INFO nova.utils [None req-4e0117e2-b5d5-479e-bc56-4a78da1c4c0b demo demo] The cell worker thread pool ForkProcess-1.cell_worker is initialized
Apr 22 02:46:07.709491 np0000169027 nova-conductor[111601]: DEBUG oslo_concurrency.lockutils [None req-4e0117e2-b5d5-479e-bc56-4a78da1c4c0b demo demo] Acquiring lock "3fc0ee80-744b-4d86-988b-3710c77e41d4" by "nova.context.set_target_cell..get_or_set_cached_cell_and_set_connections" {{(pid=111601) inner /opt/stack/data/venv/lib/python3.12/site-packages/oslo_concurrency/lockutils.py:506}}
