Mar 27 01:16:39.212632 np0000161112 devstack@neutron-api.service[102211]: INFO neutron.plugins.ml2.drivers.ovn.mech_driver.ovsdb.impl_idl_ovn [None req-03745b02-e815-4d64-8223-00708849f4a1 None None] Getting OvsdbSbOvnIdl for WorkerService with retry
Mar 27 01:16:39.225067 np0000161112 devstack@neutron-api.service[102212]: DEBUG ovsdbapp.backend.ovs_idl [None req-fbd2faaf-bff4-4e31-8a91-30340a664086 None None] Created lookup_table index Chassis.name {{(pid=102212) autocreate_indices /opt/stack/data/venv/lib/python3.12/site-packages/ovsdbapp/backend/ovs_idl/__init__.py:87}}
Mar 27 01:16:39.225067 np0000161112 devstack@neutron-api.service[102212]: DEBUG ovsdbapp.backend.ovs_idl [None req-fbd2faaf-bff4-4e31-8a91-30340a664086 None None] Created lookup_table index Port_Binding.logical_port {{(pid=102212) autocreate_indices /opt/stack/data/venv/lib/python3.12/site-packages/ovsdbapp/backend/ovs_idl/__init__.py:87}}
Mar 27 01:16:39.225217 np0000161112 devstack@neutron-api.service[102212]: DEBUG ovsdbapp.backend.ovs_idl [None req-fbd2faaf-bff4-4e31-8a91-30340a664086 None None] Created schema index Chassis_Private.name {{(pid=102212) autocreate_indices /opt/stack/data/venv/lib/python3.12/site-packages/ovsdbapp/backend/ovs_idl/__init__.py:106}}
Mar 27 01:16:39.225334 np0000161112 devstack@neutron-api.service[102212]: DEBUG ovsdbapp.backend.ovs_idl [None req-fbd2faaf-bff4-4e31-8a91-30340a664086 None None] Created schema index Datapath_Binding.tunnel_key {{(pid=102212) autocreate_indices /opt/stack/data/venv/lib/python3.12/site-packages/ovsdbapp/backend/ovs_idl/__init__.py:106}}
Mar 27 01:16:39.225524 np0000161112 devstack@neutron-api.service[102209]: DEBUG ovsdbapp.backend.ovs_idl [None req-35edee4b-dd83-4823-8afb-702775c6a584 None None] Created lookup_table index Chassis.name {{(pid=102209) autocreate_indices /opt/stack/data/venv/lib/python3.12/site-packages/ovsdbapp/backend/ovs_idl/__init__.py:87}}
Mar 27 01:16:39.225665 np0000161112 devstack@neutron-api.service[102209]: DEBUG ovsdbapp.backend.ovs_idl [None req-35edee4b-dd83-4823-8afb-702775c6a584 None None] Created lookup_table index Port_Binding.logical_port {{(pid=102209) autocreate_indices /opt/stack/data/venv/lib/python3.12/site-packages/ovsdbapp/backend/ovs_idl/__init__.py:87}}
Mar 27 01:16:39.225803 np0000161112 devstack@neutron-api.service[102209]: DEBUG ovsdbapp.backend.ovs_idl [None req-35edee4b-dd83-4823-8afb-702775c6a584 None None] Created schema index Chassis_Private.name {{(pid=102209) autocreate_indices /opt/stack/data/venv/lib/python3.12/site-packages/ovsdbapp/backend/ovs_idl/__init__.py:106}}
Mar 27 01:16:39.226113 np0000161112 devstack@neutron-api.service[102209]: DEBUG ovsdbapp.backend.ovs_idl [None req-35edee4b-dd83-4823-8afb-702775c6a584 None None] Created schema index Datapath_Binding.tunnel_key {{(pid=102209) autocreate_indices /opt/stack/data/venv/lib/python3.12/site-packages/ovsdbapp/backend/ovs_idl/__init__.py:106}}
Mar 27 01:16:39.227694 np0000161112 devstack@neutron-api.service[102212]: INFO ovsdbapp.backend.ovs_idl.vlog [None req-fbd2faaf-bff4-4e31-8a91-30340a664086 None None] ssl:199.204.45.209:6642: connecting...
Mar 27 01:16:39.228231 np0000161112 devstack@neutron-api.service[102209]: INFO ovsdbapp.backend.ovs_idl.vlog [None req-35edee4b-dd83-4823-8afb-702775c6a584 None None] ssl:199.204.45.209:6642: connecting...
Mar 27 01:16:39.233303 np0000161112 devstack@neutron-api.service[102212]: INFO ovsdbapp.backend.ovs_idl.vlog [None req-fbd2faaf-bff4-4e31-8a91-30340a664086 None None] ssl:199.204.45.209:6642: connected
Mar 27 01:16:39.236490 np0000161112 devstack@neutron-api.service[102209]: INFO ovsdbapp.backend.ovs_idl.vlog [None req-35edee4b-dd83-4823-8afb-702775c6a584 None None] ssl:199.204.45.209:6642: connected
Mar 27 01:16:39.249210 np0000161112 devstack@neutron-api.service[102211]: DEBUG ovsdbapp.backend.ovs_idl [None req-03745b02-e815-4d64-8223-00708849f4a1 None None] Created lookup_table index Chassis.name {{(pid=102211) autocreate_indices /opt/stack/data/venv/lib/python3.12/site-packages/ovsdbapp/backend/ovs_idl/__init__.py:87}}
Mar 27 01:16:39.249329 np0000161112 devstack@neutron-api.service[102211]: DEBUG ovsdbapp.backend.ovs_idl [None req-03745b02-e815-4d64-8223-00708849f4a1 None None] Created lookup_table index Port_Binding.logical_port {{(pid=102211) autocreate_indices /opt/stack/data/venv/lib/python3.12/site-packages/ovsdbapp/backend/ovs_idl/__init__.py:87}}
Mar 27 01:16:39.249417 np0000161112 devstack@neutron-api.service[102211]: DEBUG ovsdbapp.backend.ovs_idl [None req-03745b02-e815-4d64-8223-00708849f4a1 None None] Created schema index Chassis_Private.name {{(pid=102211) autocreate_indices /opt/stack/data/venv/lib/python3.12/site-packages/ovsdbapp/backend/ovs_idl/__init__.py:106}}
Mar 27 01:16:39.249500 np0000161112 devstack@neutron-api.service[102211]: DEBUG ovsdbapp.backend.ovs_idl [None req-03745b02-e815-4d64-8223-00708849f4a1 None None] Created schema index Datapath_Binding.tunnel_key {{(pid=102211) autocreate_indices /opt/stack/data/venv/lib/python3.12/site-packages/ovsdbapp/backend/ovs_idl/__init__.py:106}}
Mar 27 01:16:39.251634 np0000161112 devstack@neutron-api.service[102211]: INFO ovsdbapp.backend.ovs_idl.vlog [None req-03745b02-e815-4d64-8223-00708849f4a1 None None] ssl:199.204.45.209:6642: connecting...
Mar 27 01:16:39.256125 np0000161112 devstack@neutron-api.service[102211]: INFO ovsdbapp.backend.ovs_idl.vlog [None req-03745b02-e815-4d64-8223-00708849f4a1 None None] ssl:199.204.45.209:6642: connected
Mar 27 01:16:39.264159 np0000161112 devstack@neutron-api.service[102212]: DEBUG neutron.common.ovn.hash_ring_manager [None req-fbd2faaf-bff4-4e31-8a91-30340a664086 None None] Allow caching, nodes 4>=4 {{(pid=102212) _wait_startup_before_caching /opt/stack/neutron/neutron/common/ovn/hash_ring_manager.py:65}}
Mar 27 01:16:39.268310 np0000161112 devstack@neutron-api.service[102212]: DEBUG neutron.common.ovn.hash_ring_manager [None req-fbd2faaf-bff4-4e31-8a91-30340a664086 None None] Hash Ring loaded. 4 active nodes. 0 offline nodes {{(pid=102212) _load_hash_ring /opt/stack/neutron/neutron/common/ovn/hash_ring_manager.py:102}}
Mar 27 01:16:39.268468 np0000161112 devstack@neutron-api.service[102212]: DEBUG neutron.plugins.ml2.drivers.ovn.mech_driver.ovsdb.ovsdb_monitor [None req-fbd2faaf-bff4-4e31-8a91-30340a664086 None None] Hash Ring: Node b99fee1935ab5321bca00a474768ead2 (host: np0000161112) handling event "create" for row 8a8499f3-d7db-49b9-82aa-55bfb27bebce (table: Chassis) {{(pid=102212) notify /opt/stack/neutron/neutron/plugins/ml2/drivers/ovn/mech_driver/ovsdb/ovsdb_monitor.py:912}}
Mar 27 01:16:39.268890 np0000161112 devstack@neutron-api.service[102209]: DEBUG neutron.common.ovn.hash_ring_manager [None req-35edee4b-dd83-4823-8afb-702775c6a584 None None] Allow caching, nodes 4>=4 {{(pid=102209) _wait_startup_before_caching /opt/stack/neutron/neutron/common/ovn/hash_ring_manager.py:65}}
Mar 27 01:16:39.269169 np0000161112 devstack@neutron-api.service[102212]: DEBUG ovsdbapp.backend.ovs_idl.event [None req-fbd2faaf-bff4-4e31-8a91-30340a664086 None None] Matched CREATE: ChassisBandwidthConfigEvent(events=('create', 'update'), table='Chassis', conditions=None, old_conditions=None), priority=20 to row=Chassis(uuid=8a8499f3-d7db-49b9-82aa-55bfb27bebce, encaps=[33d8e589-af90-40f7-a4c6-bdf681c9014a], external_ids={}, hostname='np0000161112', name='d3ef84f5-1809-4ae2-ab34-f356eed83c5c', nb_cfg=0, other_config={'ct-commit-nat-v2': 'true', 'ct-commit-to-zone': 'true', 'ct-next-zone': 'true', 'ct-no-masked-label': 'true', 'ct-state-save': 'true', 'datapath-type': 'system', 'fdb-timestamp': 'true', 'iface-types': 'afxdp,afxdp-nonpmd,bareudp,erspan,geneve,gre,gtpu,internal,ip6erspan,ip6gre,lisp,patch,srv6,stt,system,tap,vxlan', 'is-interconn': 'false', 'ls-dpg-column': 'true', 'mac-binding-timestamp': 'true', 'ovn-bridge-mappings': 'public:br-ex', 'ovn-chassis-mac-mappings': '', 'ovn-cms-options': 'enable-chassis-as-gw', 'ovn-ct-lb-related': 'true', 'ovn-enable-lflow-cache': 'true', 'ovn-limit-lflow-cache': '', 'ovn-memlimit-lflow-cache-kb': '', 'ovn-monitor-all': 'false', 'ovn-trim-limit-lflow-cache': '', 'ovn-trim-timeout-ms': '', 'ovn-trim-wmark-perc-lflow-cache': '', 'port-up-notif': 'true'}, transport_zones=[], vtep_logical_switches=[]) old= {{(pid=102212) matches /opt/stack/data/venv/lib/python3.12/site-packages/ovsdbapp/backend/ovs_idl/event.py:55}}
Mar 27 01:16:39.269718 np0000161112 devstack@neutron-api.service[102212]: DEBUG neutron.plugins.ml2.drivers.ovn.mech_driver.ovsdb.ovsdb_monitor [None req-fbd2faaf-bff4-4e31-8a91-30340a664086 None None] ChassisOVNAgentWriteEvent : Matched Chassis_Private, create, None None {{(pid=102212) matches /opt/stack/neutron/neutron/plugins/ml2/drivers/ovn/mech_driver/ovsdb/ovsdb_monitor.py:64}}
Mar 27 01:16:39.269829 np0000161112 devstack@neutron-api.service[102212]: DEBUG neutron.plugins.ml2.drivers.ovn.mech_driver.ovsdb.ovsdb_monitor [None req-fbd2faaf-bff4-4e31-8a91-30340a664086 None None] ChassisAgentWriteEvent : Matched Chassis_Private, create, None None {{(pid=102212) matches /opt/stack/neutron/neutron/plugins/ml2/drivers/ovn/mech_driver/ovsdb/ovsdb_monitor.py:64}}
Mar 27 01:16:39.270972 np0000161112 devstack@neutron-api.service[102212]: INFO neutron.plugins.ml2.drivers.ovn.mech_driver.mech_driver [None req-fbd2faaf-bff4-4e31-8a91-30340a664086 None None] WorkerService process has finished the post initialization
Mar 27 01:16:39.271753 np0000161112 devstack@neutron-api.service[102212]: INFO neutron.plugins.ml2.drivers.ovn.mech_driver.ovsdb.extensions.qos [-] Starting OVNClientQosExtension
Mar 27 01:16:39.272361 np0000161112 devstack@neutron-api.service[102212]: INFO neutron.plugins.ml2.drivers.ovn.mech_driver.ovsdb.extensions.placement [-] Starting OVNClientPlacementExtension
Mar 27 01:16:39.274467 np0000161112 devstack@neutron-api.service[102212]: WSGI app 0 (mountpoint='') ready in 8 seconds on interpreter 0x7b1f9e0a3668 pid: 102212 (default app)
Mar 27 01:16:39.275038 np0000161112 devstack@neutron-api.service[102209]: DEBUG neutron.common.ovn.hash_ring_manager [None req-35edee4b-dd83-4823-8afb-702775c6a584 None None] Hash Ring loaded. 4 active nodes. 0 offline nodes {{(pid=102209) _load_hash_ring /opt/stack/neutron/neutron/common/ovn/hash_ring_manager.py:102}}
Mar 27 01:16:39.275271 np0000161112 devstack@neutron-api.service[102209]: DEBUG neutron.plugins.ml2.drivers.ovn.mech_driver.ovsdb.ovsdb_monitor [None req-35edee4b-dd83-4823-8afb-702775c6a584 None None] ChassisAgentWriteEvent : Matched Chassis_Private, create, None None {{(pid=102209) matches /opt/stack/neutron/neutron/plugins/ml2/drivers/ovn/mech_driver/ovsdb/ovsdb_monitor.py:64}}
Mar 27 01:16:39.275526 np0000161112 devstack@neutron-api.service[102209]: DEBUG neutron.plugins.ml2.drivers.ovn.mech_driver.ovsdb.ovsdb_monitor [None req-35edee4b-dd83-4823-8afb-702775c6a584 None None] ChassisOVNAgentWriteEvent : Matched Chassis_Private, create, None None {{(pid=102209) matches /opt/stack/neutron/neutron/plugins/ml2/drivers/ovn/mech_driver/ovsdb/ovsdb_monitor.py:64}}
Mar 27 01:16:39.278410 np0000161112 devstack@neutron-api.service[102209]: INFO neutron.plugins.ml2.drivers.ovn.mech_driver.mech_driver [None req-35edee4b-dd83-4823-8afb-702775c6a584 None None] WorkerService process has finished the post initialization
Mar 27 01:16:39.279910 np0000161112 devstack@neutron-api.service[102209]: WSGI app 0 (mountpoint='') ready in 8 seconds on interpreter 0x7b1f9e0a3668 pid: 102209 (default app)
Mar 27 01:16:39.282900 np0000161112 devstack@neutron-api.service[102211]: DEBUG neutron.common.ovn.hash_ring_manager [None req-03745b02-e815-4d64-8223-00708849f4a1 None None] Allow caching, nodes 4>=4 {{(pid=102211) _wait_startup_before_caching /opt/stack/neutron/neutron/common/ovn/hash_ring_manager.py:65}}
Mar 27 01:16:39.289800 np0000161112 devstack@neutron-api.service[102211]: DEBUG neutron.common.ovn.hash_ring_manager [None req-03745b02-e815-4d64-8223-00708849f4a1 None None] Hash Ring loaded. 4 active nodes. 0 offline nodes {{(pid=102211) _load_hash_ring /opt/stack/neutron/neutron/common/ovn/hash_ring_manager.py:102}}
Mar 27 01:16:39.290088 np0000161112 devstack@neutron-api.service[102211]: DEBUG neutron.plugins.ml2.drivers.ovn.mech_driver.ovsdb.ovsdb_monitor [None req-03745b02-e815-4d64-8223-00708849f4a1 None None] ChassisOVNAgentWriteEvent : Matched Chassis_Private, create, None None {{(pid=102211) matches /opt/stack/neutron/neutron/plugins/ml2/drivers/ovn/mech_driver/ovsdb/ovsdb_monitor.py:64}}
Mar 27 01:16:39.290241 np0000161112 devstack@neutron-api.service[102211]: DEBUG neutron.plugins.ml2.drivers.ovn.mech_driver.ovsdb.ovsdb_monitor [None req-03745b02-e815-4d64-8223-00708849f4a1 None None] ChassisAgentWriteEvent : Matched Chassis_Private, create, None None {{(pid=102211) matches /opt/stack/neutron/neutron/plugins/ml2/drivers/ovn/mech_driver/ovsdb/ovsdb_monitor.py:64}}
Mar 27 01:16:39.292932 np0000161112 devstack@neutron-api.service[102211]: INFO neutron.plugins.ml2.drivers.ovn.mech_driver.mech_driver [None req-03745b02-e815-4d64-8223-00708849f4a1 None None] WorkerService process has finished the post initialization
Mar 27 01:16:39.294591 np0000161112 devstack@neutron-api.service[102211]: WSGI app 0 (mountpoint='') ready in 8 seconds on interpreter 0x7b1f9e0a3668 pid: 102211 (default app)
Mar 27 01:16:41.214400 np0000161112 devstack@neutron-api.service[102209]: DEBUG neutron.plugins.ml2.drivers.ovn.mech_driver.ovsdb.ovsdb_monitor [-] Hash Ring: Node 80f4080636a5556d857c3a3fd3f6222e (host: np0000161112) handling event "update" for row 5442595e-34c8-45aa-bc87-847bbe1058dc (table: Connection) {{(pid=102209) notify /opt/stack/neutron/neutron/plugins/ml2/drivers/ovn/mech_driver/ovsdb/ovsdb_monitor.py:912}}
Mar 27 01:16:41.218786 np0000161112 devstack@neutron-api.service[102210]: DEBUG neutron.common.ovn.hash_ring_manager [-] Allow caching, nodes 4>=4 {{(pid=102210) _wait_startup_before_caching /opt/stack/neutron/neutron/common/ovn/hash_ring_manager.py:65}}
Mar 27 01:16:41.219336 np0000161112 devstack@neutron-api.service[102210]: DEBUG neutron.plugins.ml2.drivers.ovn.mech_driver.ovsdb.ovsdb_monitor [-] Hash Ring: Node fe780ace1b1c581190d11d04d48188e0 (host: np0000161112) handling event "update" for row 5442595e-34c8-45aa-bc87-847bbe1058dc (table: Connection) {{(pid=102210) notify /opt/stack/neutron/neutron/plugins/ml2/drivers/ovn/mech_driver/ovsdb/ovsdb_monitor.py:912}}
Mar 27 01:16:44.487535 np0000161112 devstack@neutron-api.service[102210]: DEBUG neutron.api.wsgi [None req-b4527a7f-daa4-4b41-a6bd-a6d301a933f9 admin admin] Missing Content-Type {{(pid=102210) get_content_type /opt/stack/neutron/neutron/api/wsgi.py:85}}
Mar 27 01:16:44.488449 np0000161112 devstack@neutron-api.service[102210]: DEBUG neutron.api.wsgi [None req-b4527a7f-daa4-4b41-a6bd-a6d301a933f9 admin admin] https://199.204.45.209/networking/v2.0/extensions returned with HTTP 200 {{(pid=102210) __call__ /opt/stack/neutron/neutron/api/wsgi.py:545}}
Mar 27 01:16:44.489102 np0000161112 devstack@neutron-api.service[102210]: [pid: 102210|app: 0|req: 2/2] 199.204.45.209 () {64 vars in 1323 bytes} [Fri Mar 27 01:16:44 2026] GET /networking/v2.0/extensions => generated 15208 bytes in 283 msecs (HTTP/1.1 200) 4 headers in 159 bytes (1 switches on core 0)
Mar 27 01:16:44.870442 np0000161112 devstack@neutron-api.service[102212]: DEBUG neutron.api.v2.base [None req-db9582c5-57d2-4453-80ba-8ee5e00ad24e admin admin] Request body: {'subnetpool': {'shared': True, 'default_prefixlen': 26, 'name': 'shared-default-subnetpool-v4', 'is_default': True, 'prefixes': ['10.1.0.0/20']}} {{(pid=102212) prepare_request_body /opt/stack/neutron/neutron/api/v2/base.py:729}}
Mar 27 01:16:45.065754 np0000161112 devstack@neutron-api.service[102212]: DEBUG neutron.policy [None req-db9582c5-57d2-4453-80ba-8ee5e00ad24e admin admin] Loaded default policies from ['neutron'] under neutron.policies entry points {{(pid=102212) register_rules /opt/stack/neutron/neutron/policy.py:65}}
Mar 27 01:16:45.208207 np0000161112 devstack@neutron-api.service[102212]: DEBUG neutron_lib.callbacks.manager [None req-db9582c5-57d2-4453-80ba-8ee5e00ad24e admin admin] Publish callbacks ['neutron.objects.securitygroup.RbacNeutronDbObjectMixin.validate_rbac_policy_change-1820874840046', 'neutron.objects.address_group.RbacNeutronDbObjectMixin.validate_rbac_policy_change-1820875255302', 'neutron.objects.network.RbacNeutronDbObjectMixin.validate_rbac_policy_change-1820874874129', 'neutron.objects.qos.policy.RbacNeutronDbObjectMixin.validate_rbac_policy_change-1820874869279', 'neutron.objects.subnetpool.RbacNeutronDbObjectMixin.validate_rbac_policy_change-1820874878398', 'neutron.objects.address_scope.RbacNeutronDbObjectMixin.validate_rbac_policy_change-1820874875676', 'neutron.plugins.ml2.plugin.External_net_db_mixin._process_ext_policy_create-176931', 'neutron.plugins.ml2.plugin.NeutronDbPluginV2.validate_network_rbac_policy_change-190543'] for rbac-policy (None), before_create {{(pid=102212) _notify_loop /opt/stack/data/venv/lib/python3.12/site-packages/neutron_lib/callbacks/manager.py:184}}
Mar 27 01:16:45.251276 np0000161112 devstack@neutron-api.service[102212]: DEBUG neutron_lib.callbacks.manager [None req-db9582c5-57d2-4453-80ba-8ee5e00ad24e admin admin] Publish callbacks [] for subnetpool (None), before_response {{(pid=102212) _notify_loop /opt/stack/data/venv/lib/python3.12/site-packages/neutron_lib/callbacks/manager.py:184}}
Mar 27 01:16:45.252013 np0000161112 devstack@neutron-api.service[102212]: [pid: 102212|app: 0|req: 1/3] 199.204.45.209 () {68 vars in 1367 bytes} [Fri Mar 27 01:16:44 2026] POST /networking/v2.0/subnetpools => generated 533 bytes in 488 msecs (HTTP/1.1 201) 4 headers in 162 bytes (1 switches on core 0)
Mar 27 01:16:45.571888 np0000161112 devstack@neutron-api.service[102209]: DEBUG neutron.api.v2.base [None req-9ee3a34d-57ee-4e75-b659-17954892e5a2 admin admin] Request body: {'subnetpool': {'shared': True, 'default_prefixlen': 64, 'name': 'shared-default-subnetpool-v6', 'is_default': True, 'prefixes': ['fd39:f6f2:c1eb::/56']}} {{(pid=102209) prepare_request_body /opt/stack/neutron/neutron/api/v2/base.py:729}}
Mar 27 01:16:45.743590 np0000161112 devstack@neutron-api.service[102209]: DEBUG neutron.policy [None req-9ee3a34d-57ee-4e75-b659-17954892e5a2 admin admin] Loaded default policies from ['neutron'] under neutron.policies entry points {{(pid=102209) register_rules /opt/stack/neutron/neutron/policy.py:65}}
Mar 27 01:16:45.884793 np0000161112 devstack@neutron-api.service[102209]: DEBUG neutron_lib.callbacks.manager [None req-9ee3a34d-57ee-4e75-b659-17954892e5a2 admin admin] Publish callbacks ['neutron.objects.securitygroup.RbacNeutronDbObjectMixin.validate_rbac_policy_change-1820874837108', 'neutron.objects.address_group.RbacNeutronDbObjectMixin.validate_rbac_policy_change-1820875254683', 'neutron.objects.network.RbacNeutronDbObjectMixin.validate_rbac_policy_change-1820874873648', 'neutron.objects.qos.policy.RbacNeutronDbObjectMixin.validate_rbac_policy_change-1820874868774', 'neutron.objects.subnetpool.RbacNeutronDbObjectMixin.validate_rbac_policy_change-1820874877723', 'neutron.objects.address_scope.RbacNeutronDbObjectMixin.validate_rbac_policy_change-1820874875129', 'neutron.plugins.ml2.plugin.External_net_db_mixin._process_ext_policy_create-15178727', 'neutron.plugins.ml2.plugin.NeutronDbPluginV2.validate_network_rbac_policy_change-15189059'] for rbac-policy (None), before_create {{(pid=102209) _notify_loop /opt/stack/data/venv/lib/python3.12/site-packages/neutron_lib/callbacks/manager.py:184}}
Mar 27 01:16:45.925887 np0000161112 devstack@neutron-api.service[102209]: DEBUG neutron_lib.callbacks.manager [None req-9ee3a34d-57ee-4e75-b659-17954892e5a2 admin admin] Publish callbacks [] for subnetpool (None), before_response {{(pid=102209) _notify_loop /opt/stack/data/venv/lib/python3.12/site-packages/neutron_lib/callbacks/manager.py:184}}
Mar 27 01:16:45.926712 np0000161112 devstack@neutron-api.service[102209]: [pid: 102209|app: 0|req: 1/4] 199.204.45.209 () {68 vars in 1367 bytes} [Fri Mar 27 01:16:45 2026] POST /networking/v2.0/subnetpools => generated 543 bytes in 463 msecs (HTTP/1.1 201) 4 headers in 162 bytes (1 switches on core 0)
Mar 27 01:16:46.320044 np0000161112 devstack@neutron-api.service[102211]: DEBUG neutron.api.v2.base [None req-688cb59c-a295-42c6-bc26-ebe3a3cfe785 admin admin] Request body: {'network': {'admin_state_up': True, 'name': 'private'}} {{(pid=102211) prepare_request_body /opt/stack/neutron/neutron/api/v2/base.py:729}}
Mar 27 01:16:46.342022 np0000161112 devstack@neutron-api.service[102211]: DEBUG neutron.pecan_wsgi.hooks.quota_enforcement [None req-688cb59c-a295-42c6-bc26-ebe3a3cfe785 admin admin] Made reservation on behalf of a558fb5036da4323a7a4db33260a569b for: {'network': 1} {{(pid=102211) before /opt/stack/neutron/neutron/pecan_wsgi/hooks/quota_enforcement.py:66}}
Mar 27 01:16:46.509416 np0000161112 devstack@neutron-api.service[102211]: DEBUG neutron.policy [None req-688cb59c-a295-42c6-bc26-ebe3a3cfe785 admin admin] Loaded default policies from ['neutron'] under neutron.policies entry points {{(pid=102211) register_rules /opt/stack/neutron/neutron/policy.py:65}}
Mar 27 01:16:46.611360 np0000161112 devstack@neutron-api.service[102211]: DEBUG neutron_lib.callbacks.manager [None req-688cb59c-a295-42c6-bc26-ebe3a3cfe785 admin admin] Publish callbacks ['neutron.plugins.ml2.plugin.SecurityGroupDbMixin._ensure_default_security_group_handler-112819'] for network (None), before_create {{(pid=102211) _notify_loop /opt/stack/data/venv/lib/python3.12/site-packages/neutron_lib/callbacks/manager.py:184}}
Mar 27 01:16:46.633514 np0000161112 devstack@neutron-api.service[102211]: DEBUG neutron_lib.callbacks.manager [None req-688cb59c-a295-42c6-bc26-ebe3a3cfe785 admin admin] Publish callbacks [] for security_group (None), before_create {{(pid=102211) _notify_loop /opt/stack/data/venv/lib/python3.12/site-packages/neutron_lib/callbacks/manager.py:184}}
Mar 27 01:16:46.729604 np0000161112 devstack@neutron-api.service[102211]: DEBUG neutron_lib.callbacks.manager [None req-688cb59c-a295-42c6-bc26-ebe3a3cfe785 admin admin] Publish callbacks ['neutron.plugins.ml2.drivers.ovn.mech_driver.mech_driver.OVNMechanismDriver._create_security_group_precommit-222138'] for security_group (8b711316-8635-4b67-9c64-7a7208e5a9de), precommit_create {{(pid=102211) _notify_loop /opt/stack/data/venv/lib/python3.12/site-packages/neutron_lib/callbacks/manager.py:184}}
Mar 27 01:16:46.729779 np0000161112 devstack@neutron-api.service[102211]: DEBUG neutron.db.ovn_revision_numbers_db [None req-688cb59c-a295-42c6-bc26-ebe3a3cfe785 admin admin] create_initial_revision uuid=8b711316-8635-4b67-9c64-7a7208e5a9de, type=security_groups, rev=-1 {{(pid=102211) create_initial_revision /opt/stack/neutron/neutron/db/ovn_revision_numbers_db.py:98}}
Mar 27 01:16:46.732151 np0000161112 devstack@neutron-api.service[102211]: DEBUG neutron.db.ovn_revision_numbers_db [None req-688cb59c-a295-42c6-bc26-ebe3a3cfe785 admin admin] create_initial_revision uuid=5e10b78d-da83-47f1-8375-043dd78894b1, type=security_group_rules, rev=-1 {{(pid=102211) create_initial_revision /opt/stack/neutron/neutron/db/ovn_revision_numbers_db.py:98}}
Mar 27 01:16:46.733115 np0000161112 devstack@neutron-api.service[102211]: DEBUG neutron.db.ovn_revision_numbers_db [None req-688cb59c-a295-42c6-bc26-ebe3a3cfe785 admin admin] create_initial_revision uuid=798b3b5a-855d-4f87-bfde-32735d89c02f, type=security_group_rules, rev=-1 {{(pid=102211) create_initial_revision /opt/stack/neutron/neutron/db/ovn_revision_numbers_db.py:98}}
Mar 27 01:16:46.734074 np0000161112 devstack@neutron-api.service[102211]: DEBUG neutron.db.ovn_revision_numbers_db [None req-688cb59c-a295-42c6-bc26-ebe3a3cfe785 admin admin] create_initial_revision uuid=a47dec38-ff39-4a63-8073-59291dd78316, type=security_group_rules, rev=-1 {{(pid=102211) create_initial_revision /opt/stack/neutron/neutron/db/ovn_revision_numbers_db.py:98}}
Mar 27 01:16:46.735206 np0000161112 devstack@neutron-api.service[102211]: DEBUG neutron.db.ovn_revision_numbers_db [None req-688cb59c-a295-42c6-bc26-ebe3a3cfe785 admin admin] create_initial_revision uuid=f4e3fef4-4a17-4f1b-bc93-dc9dff0d2cde, type=security_group_rules, rev=-1 {{(pid=102211) create_initial_revision /opt/stack/neutron/neutron/db/ovn_revision_numbers_db.py:98}}
Mar 27 01:16:46.830662 np0000161112 devstack@neutron-api.service[102211]: DEBUG neutron_lib.callbacks.manager [None req-688cb59c-a295-42c6-bc26-ebe3a3cfe785 admin admin] Publish callbacks ['neutron.plugins.ml2.drivers.ovn.mech_driver.mech_driver.OVNMechanismDriver._create_security_group-222080', 'neutron.plugins.ml2.ovo_rpc._ObjectChangeHandler.handle_event-1242731'] for security_group (8b711316-8635-4b67-9c64-7a7208e5a9de), after_create {{(pid=102211) _notify_loop /opt/stack/data/venv/lib/python3.12/site-packages/neutron_lib/callbacks/manager.py:184}}
Mar 27 01:16:46.830917 np0000161112 devstack@neutron-api.service[102211]: INFO neutron.plugins.ml2.drivers.ovn.mech_driver.ovsdb.extensions.qos [None req-688cb59c-a295-42c6-bc26-ebe3a3cfe785 admin admin] Starting OVNClientQosExtension
Mar 27 01:16:46.831170 np0000161112 devstack@neutron-api.service[102211]: INFO neutron.plugins.ml2.drivers.ovn.mech_driver.ovsdb.extensions.placement [None req-688cb59c-a295-42c6-bc26-ebe3a3cfe785 admin admin] Starting OVNClientPlacementExtension
Mar 27 01:16:46.832497 np0000161112 devstack@neutron-api.service[102211]: DEBUG ovsdbapp.backend.ovs_idl.transaction [-] Running txn n=1 command(idx=0): PgAddCommand(_result=None, name=pg_8b711316_8635_4b67_9c64_7a7208e5a9de, may_exist=False, columns={'acls': [], 'external_ids': {'neutron:security_group_id': '8b711316-8635-4b67-9c64-7a7208e5a9de'}}) {{(pid=102211) do_commit /opt/stack/data/venv/lib/python3.12/site-packages/ovsdbapp/backend/ovs_idl/transaction.py:89}}
Mar 27 01:16:46.833682 np0000161112 devstack@neutron-api.service[102211]: DEBUG ovsdbapp.backend.ovs_idl.transaction [-] Running txn n=1 command(idx=1): PgAclAddCommand(_result=None, entity=pg_8b711316_8635_4b67_9c64_7a7208e5a9de, direction=from-lport, priority=1002, match=inport == @pg_8b711316_8635_4b67_9c64_7a7208e5a9de && ip4, action=allow-related, log=False, may_exist=True, severity=[], name=[], meter=[], external_ids={'neutron:security_group_rule_id': '5e10b78d-da83-47f1-8375-043dd78894b1'}) {{(pid=102211) do_commit /opt/stack/data/venv/lib/python3.12/site-packages/ovsdbapp/backend/ovs_idl/transaction.py:89}}
Mar 27 01:16:46.833955 np0000161112 devstack@neutron-api.service[102211]: DEBUG ovsdbapp.backend.ovs_idl.transaction [-] Running txn n=1 command(idx=2): PgAclAddCommand(_result=None, entity=pg_8b711316_8635_4b67_9c64_7a7208e5a9de, direction=from-lport, priority=1002, match=inport == @pg_8b711316_8635_4b67_9c64_7a7208e5a9de && ip6, action=allow-related, log=False, may_exist=True, severity=[], name=[], meter=[], external_ids={'neutron:security_group_rule_id': '798b3b5a-855d-4f87-bfde-32735d89c02f'}) {{(pid=102211) do_commit /opt/stack/data/venv/lib/python3.12/site-packages/ovsdbapp/backend/ovs_idl/transaction.py:89}}
Mar 27 01:16:46.834210 np0000161112 devstack@neutron-api.service[102211]: DEBUG ovsdbapp.backend.ovs_idl.transaction [-] Running txn n=1 command(idx=3): PgAclAddCommand(_result=None, entity=pg_8b711316_8635_4b67_9c64_7a7208e5a9de, direction=to-lport, priority=1002, match=outport == @pg_8b711316_8635_4b67_9c64_7a7208e5a9de && ip6 && ip6.src == $pg_8b711316_8635_4b67_9c64_7a7208e5a9de_ip6, action=allow-related, log=False, may_exist=True, severity=[], name=[], meter=[], external_ids={'neutron:security_group_rule_id': 'a47dec38-ff39-4a63-8073-59291dd78316'}) {{(pid=102211) do_commit /opt/stack/data/venv/lib/python3.12/site-packages/ovsdbapp/backend/ovs_idl/transaction.py:89}}
Mar 27 01:16:46.834404 np0000161112 devstack@neutron-api.service[102211]: DEBUG ovsdbapp.backend.ovs_idl.transaction [-] Running txn n=1 command(idx=4): PgAclAddCommand(_result=None, entity=pg_8b711316_8635_4b67_9c64_7a7208e5a9de, direction=to-lport, priority=1002, match=outport == @pg_8b711316_8635_4b67_9c64_7a7208e5a9de && ip4 && ip4.src == $pg_8b711316_8635_4b67_9c64_7a7208e5a9de_ip4, action=allow-related, log=False, may_exist=True, severity=[], name=[], meter=[], external_ids={'neutron:security_group_rule_id': 'f4e3fef4-4a17-4f1b-bc93-dc9dff0d2cde'}) {{(pid=102211) do_commit /opt/stack/data/venv/lib/python3.12/site-packages/ovsdbapp/backend/ovs_idl/transaction.py:89}}
Mar 27 01:16:46.839826 np0000161112 devstack@neutron-api.service[102211]: DEBUG neutron.plugins.ml2.drivers.ovn.mech_driver.ovsdb.ovsdb_monitor [-] Hash Ring: Node a26234580abc52349e9650766e6642dc (host: np0000161112) handling event "create" for row 65540535-0c8f-4f61-bde8-3f20d3d6c2d7 (table: ACL) {{(pid=102211) notify /opt/stack/neutron/neutron/plugins/ml2/drivers/ovn/mech_driver/ovsdb/ovsdb_monitor.py:912}}
Mar 27 01:16:46.844881 np0000161112 devstack@neutron-api.service[102209]: DEBUG neutron.plugins.ml2.drivers.ovn.mech_driver.ovsdb.ovsdb_monitor [-] Hash Ring: Node 80f4080636a5556d857c3a3fd3f6222e (host: np0000161112) handling event "create" for row 3bfaede9-30f6-4c63-97dc-12a16f34d1f9 (table: ACL) {{(pid=102209) notify /opt/stack/neutron/neutron/plugins/ml2/drivers/ovn/mech_driver/ovsdb/ovsdb_monitor.py:912}}
Mar 27 01:16:46.845404 np0000161112 devstack@neutron-api.service[102210]: DEBUG neutron.plugins.ml2.drivers.ovn.mech_driver.ovsdb.ovsdb_monitor [-] Hash Ring: Node fe780ace1b1c581190d11d04d48188e0 (host: np0000161112) handling event "create" for row 3bfaede9-30f6-4c63-97dc-12a16f34d1f9 (table: ACL) {{(pid=102210) notify /opt/stack/neutron/neutron/plugins/ml2/drivers/ovn/mech_driver/ovsdb/ovsdb_monitor.py:912}}
Mar 27 01:16:46.845650 np0000161112 devstack@neutron-api.service[102212]: DEBUG neutron.plugins.ml2.drivers.ovn.mech_driver.ovsdb.ovsdb_monitor [-] Hash Ring: Node b99fee1935ab5321bca00a474768ead2 (host: np0000161112) handling event "create" for row 53495baf-f0b5-4dd8-bf88-696b3e3831f4 (table: ACL) {{(pid=102212) notify /opt/stack/neutron/neutron/plugins/ml2/drivers/ovn/mech_driver/ovsdb/ovsdb_monitor.py:912}}
Mar 27 01:16:46.845884 np0000161112 devstack@neutron-api.service[102210]: DEBUG neutron.plugins.ml2.drivers.ovn.mech_driver.ovsdb.ovsdb_monitor [-] Hash Ring: Node fe780ace1b1c581190d11d04d48188e0 (host: np0000161112) handling event "create" for row 53495baf-f0b5-4dd8-bf88-696b3e3831f4 (table: ACL) {{(pid=102210) notify /opt/stack/neutron/neutron/plugins/ml2/drivers/ovn/mech_driver/ovsdb/ovsdb_monitor.py:912}}
Mar 27 01:16:46.845934 np0000161112 devstack@neutron-api.service[102212]: DEBUG neutron.plugins.ml2.drivers.ovn.mech_driver.ovsdb.ovsdb_monitor [-] Hash Ring: Node b99fee1935ab5321bca00a474768ead2 (host: np0000161112) handling event "create" for row daaa474f-d7ff-4ce9-90d1-c670ee3d8e9b (table: ACL) {{(pid=102212) notify /opt/stack/neutron/neutron/plugins/ml2/drivers/ovn/mech_driver/ovsdb/ovsdb_monitor.py:912}}
Mar 27 01:16:46.845973 np0000161112 devstack@neutron-api.service[102210]: DEBUG neutron.plugins.ml2.drivers.ovn.mech_driver.ovsdb.ovsdb_monitor [-] Hash Ring: Node fe780ace1b1c581190d11d04d48188e0 (host: np0000161112) handling event "create" for row 65540535-0c8f-4f61-bde8-3f20d3d6c2d7 (table: ACL) {{(pid=102210) notify /opt/stack/neutron/neutron/plugins/ml2/drivers/ovn/mech_driver/ovsdb/ovsdb_monitor.py:912}}
Mar 27 01:16:46.846096 np0000161112 devstack@neutron-api.service[102210]: DEBUG neutron.plugins.ml2.drivers.ovn.mech_driver.ovsdb.ovsdb_monitor [-] Hash Ring: Node fe780ace1b1c581190d11d04d48188e0 (host: np0000161112) handling event "create" for row daaa474f-d7ff-4ce9-90d1-c670ee3d8e9b (table: ACL) {{(pid=102210) notify /opt/stack/neutron/neutron/plugins/ml2/drivers/ovn/mech_driver/ovsdb/ovsdb_monitor.py:912}}
Mar 27 01:16:46.846550 np0000161112 devstack@neutron-api.service[102210]: DEBUG neutron.plugins.ml2.drivers.ovn.mech_driver.ovsdb.ovsdb_monitor [-] Hash Ring: Node fe780ace1b1c581190d11d04d48188e0 (host: np0000161112) handling event "create" for row 8d27b3c2-3a44-47c3-8f4a-c4ddaff190d9 (table: Port_Group) {{(pid=102210) notify /opt/stack/neutron/neutron/plugins/ml2/drivers/ovn/mech_driver/ovsdb/ovsdb_monitor.py:912}}
Mar 27 01:16:46.937635 np0000161112 devstack@neutron-api.service[102211]: INFO neutron.db.ovn_revision_numbers_db [None req-688cb59c-a295-42c6-bc26-ebe3a3cfe785 admin admin] Successfully bumped revision number for resource 8b711316-8635-4b67-9c64-7a7208e5a9de (type: security_groups) to 1
Mar 27 01:16:46.990229 np0000161112 devstack@neutron-api.service[102211]: INFO neutron.db.ovn_revision_numbers_db [None req-688cb59c-a295-42c6-bc26-ebe3a3cfe785 admin admin] Successfully bumped revision number for resource 5e10b78d-da83-47f1-8375-043dd78894b1 (type: security_group_rules) to 0
Mar 27 01:16:47.104939 np0000161112 devstack@neutron-api.service[102211]: INFO neutron.db.ovn_revision_numbers_db [None req-688cb59c-a295-42c6-bc26-ebe3a3cfe785 admin admin] Successfully bumped revision number for resource 798b3b5a-855d-4f87-bfde-32735d89c02f (type: security_group_rules) to 0
Mar 27 01:16:47.207479 np0000161112 devstack@neutron-api.service[102211]: INFO neutron.db.ovn_revision_numbers_db [None req-688cb59c-a295-42c6-bc26-ebe3a3cfe785 admin admin] Successfully bumped revision number for resource a47dec38-ff39-4a63-8073-59291dd78316 (type: security_group_rules) to 0
Mar 27 01:16:47.270772 np0000161112 devstack@neutron-api.service[102211]: INFO neutron.db.ovn_revision_numbers_db [None req-688cb59c-a295-42c6-bc26-ebe3a3cfe785 admin admin] Successfully bumped revision number for resource f4e3fef4-4a17-4f1b-bc93-dc9dff0d2cde (type: security_group_rules) to 0
Mar 27 01:16:47.296838 np0000161112 devstack@neutron-api.service[102211]: DEBUG neutron.api.rpc.handlers.resources_rpc [None req-688cb59c-a295-42c6-bc26-ebe3a3cfe785 admin admin] Pushing event updated for resources: {'SecurityGroup': ['ID=8b711316-8635-4b67-9c64-7a7208e5a9de,revision_number=1']} {{(pid=102211) push /opt/stack/neutron/neutron/api/rpc/handlers/resources_rpc.py:237}}
Mar 27 01:16:47.306653 np0000161112 devstack@neutron-api.service[102211]: DEBUG ovsdbapp.backend.ovs_idl.transaction [-] Running txn n=1 command(idx=0): CheckLivenessCommand(_result=None) {{(pid=102211) do_commit /opt/stack/data/venv/lib/python3.12/site-packages/ovsdbapp/backend/ovs_idl/transaction.py:89}}
Mar 27 01:16:47.361456 np0000161112 devstack@neutron-api.service[102211]: DEBUG neutron.plugins.ml2.drivers.ovn.mech_driver.ovsdb.ovsdb_monitor [-] Hash Ring: Node a26234580abc52349e9650766e6642dc (host: np0000161112) handling event "update" for row f5cae27f-5bda-4ced-b1b3-6feff8a5f9ff (table: NB_Global) {{(pid=102211) notify /opt/stack/neutron/neutron/plugins/ml2/drivers/ovn/mech_driver/ovsdb/ovsdb_monitor.py:912}}
Mar 27 01:16:47.362203 np0000161112 devstack@neutron-api.service[102210]: DEBUG neutron.plugins.ml2.drivers.ovn.mech_driver.ovsdb.ovsdb_monitor [-] Hash Ring: Node fe780ace1b1c581190d11d04d48188e0 (host: np0000161112) handling event "update" for row f5cae27f-5bda-4ced-b1b3-6feff8a5f9ff (table: NB_Global) {{(pid=102210) notify /opt/stack/neutron/neutron/plugins/ml2/drivers/ovn/mech_driver/ovsdb/ovsdb_monitor.py:912}}
Mar 27 01:16:47.362723 np0000161112 devstack@neutron-api.service[102210]: DEBUG neutron.plugins.ml2.drivers.ovn.mech_driver.ovsdb.ovsdb_monitor [-] Hash Ring: Node fe780ace1b1c581190d11d04d48188e0 (host: np0000161112) handling event "update" for row f5cae27f-5bda-4ced-b1b3-6feff8a5f9ff (table: NB_Global) {{(pid=102210) notify /opt/stack/neutron/neutron/plugins/ml2/drivers/ovn/mech_driver/ovsdb/ovsdb_monitor.py:912}}
Mar 27 01:16:47.364536 np0000161112 devstack@neutron-api.service[102211]: DEBUG neutron.plugins.ml2.drivers.ovn.mech_driver.ovsdb.ovsdb_monitor [-] Hash Ring: Node a26234580abc52349e9650766e6642dc (host: np0000161112) handling event "update" for row f5cae27f-5bda-4ced-b1b3-6feff8a5f9ff (table: NB_Global) {{(pid=102211) notify /opt/stack/neutron/neutron/plugins/ml2/drivers/ovn/mech_driver/ovsdb/ovsdb_monitor.py:912}}
Mar 27 01:16:47.366612 np0000161112 devstack@neutron-api.service[102209]: DEBUG neutron.plugins.ml2.drivers.ovn.mech_driver.ovsdb.ovsdb_monitor [-] ChassisAgentWriteEvent : Matched Chassis_Private, update, None None {{(pid=102209) matches /opt/stack/neutron/neutron/plugins/ml2/drivers/ovn/mech_driver/ovsdb/ovsdb_monitor.py:64}}
Mar 27 01:16:47.367930 np0000161112 devstack@neutron-api.service[102210]: DEBUG neutron.plugins.ml2.drivers.ovn.mech_driver.ovsdb.ovsdb_monitor [-] ChassisAgentWriteEvent : Matched Chassis_Private, update, None None {{(pid=102210) matches /opt/stack/neutron/neutron/plugins/ml2/drivers/ovn/mech_driver/ovsdb/ovsdb_monitor.py:64}}
Mar 27 01:16:47.368195 np0000161112 devstack@neutron-api.service[102212]: DEBUG neutron.plugins.ml2.drivers.ovn.mech_driver.ovsdb.ovsdb_monitor [-] ChassisAgentWriteEvent : Matched Chassis_Private, update, None None {{(pid=102212) matches /opt/stack/neutron/neutron/plugins/ml2/drivers/ovn/mech_driver/ovsdb/ovsdb_monitor.py:64}}
Mar 27 01:16:47.368537 np0000161112 devstack@neutron-api.service[102211]: DEBUG neutron.plugins.ml2.drivers.ovn.mech_driver.ovsdb.ovsdb_monitor [-] Hash Ring: Node a26234580abc52349e9650766e6642dc (host: np0000161112) handling event "update" for row f5cae27f-5bda-4ced-b1b3-6feff8a5f9ff (table: NB_Global) {{(pid=102211) notify /opt/stack/neutron/neutron/plugins/ml2/drivers/ovn/mech_driver/ovsdb/ovsdb_monitor.py:912}}
Mar 27 01:16:47.368537 np0000161112 devstack@neutron-api.service[102211]: DEBUG neutron.plugins.ml2.drivers.ovn.mech_driver.ovsdb.ovsdb_monitor [-] ChassisAgentWriteEvent : Matched Chassis_Private, update, None None {{(pid=102211) matches /opt/stack/neutron/neutron/plugins/ml2/drivers/ovn/mech_driver/ovsdb/ovsdb_monitor.py:64}}
Mar 27 01:16:47.369487 np0000161112 devstack@neutron-api.service[102210]: DEBUG neutron.plugins.ml2.drivers.ovn.mech_driver.ovsdb.ovsdb_monitor [-] Hash Ring: Node fe780ace1b1c581190d11d04d48188e0 (host: np0000161112) handling event "update" for row f5cae27f-5bda-4ced-b1b3-6feff8a5f9ff (table: NB_Global) {{(pid=102210) notify /opt/stack/neutron/neutron/plugins/ml2/drivers/ovn/mech_driver/ovsdb/ovsdb_monitor.py:912}}
Mar 27 01:16:47.370265 np0000161112 devstack@neutron-api.service[102211]: DEBUG neutron.plugins.ml2.drivers.ovn.mech_driver.ovsdb.ovsdb_monitor [-] Hash Ring: Node a26234580abc52349e9650766e6642dc (host: np0000161112) handling event "update" for row f5cae27f-5bda-4ced-b1b3-6feff8a5f9ff (table: NB_Global) {{(pid=102211) notify /opt/stack/neutron/neutron/plugins/ml2/drivers/ovn/mech_driver/ovsdb/ovsdb_monitor.py:912}}
Mar 27 01:16:47.370746 np0000161112 devstack@neutron-api.service[102209]: DEBUG neutron.plugins.ml2.drivers.ovn.mech_driver.ovsdb.ovsdb_monitor [-] ChassisOVNAgentWriteEvent : Matched Chassis_Private, update, None None {{(pid=102209) matches /opt/stack/neutron/neutron/plugins/ml2/drivers/ovn/mech_driver/ovsdb/ovsdb_monitor.py:64}}
Mar 27 01:16:47.371261 np0000161112 devstack@neutron-api.service[102212]: DEBUG neutron.plugins.ml2.drivers.ovn.mech_driver.ovsdb.ovsdb_monitor [-] ChassisOVNAgentWriteEvent : Matched Chassis_Private, update, None None {{(pid=102212) matches /opt/stack/neutron/neutron/plugins/ml2/drivers/ovn/mech_driver/ovsdb/ovsdb_monitor.py:64}}
Mar 27 01:16:47.371756 np0000161112 devstack@neutron-api.service[102210]: DEBUG neutron.plugins.ml2.drivers.ovn.mech_driver.ovsdb.ovsdb_monitor [-] Hash Ring: Node fe780ace1b1c581190d11d04d48188e0 (host: np0000161112) handling event "update" for row f5cae27f-5bda-4ced-b1b3-6feff8a5f9ff (table: NB_Global) {{(pid=102210) notify /opt/stack/neutron/neutron/plugins/ml2/drivers/ovn/mech_driver/ovsdb/ovsdb_monitor.py:912}}
Mar 27 01:16:47.378183 np0000161112 devstack@neutron-api.service[102210]: DEBUG neutron.common.ovn.hash_ring_manager [-] Allow caching, nodes 4>=4 {{(pid=102210) _wait_startup_before_caching /opt/stack/neutron/neutron/common/ovn/hash_ring_manager.py:65}}
Mar 27 01:16:47.378183 np0000161112 devstack@neutron-api.service[102210]: DEBUG neutron.plugins.ml2.drivers.ovn.mech_driver.ovsdb.ovsdb_monitor [-] Hash Ring: Node fe780ace1b1c581190d11d04d48188e0 (host: np0000161112) handling event "update" for row 18c6fe00-5075-4c60-9102-8988aefb9de1 (table: Chassis_Private) {{(pid=102210) notify /opt/stack/neutron/neutron/plugins/ml2/drivers/ovn/mech_driver/ovsdb/ovsdb_monitor.py:912}}
Mar 27 01:16:47.378313 np0000161112 devstack@neutron-api.service[102211]: DEBUG neutron.api.rpc.callbacks.version_manager [None req-688cb59c-a295-42c6-bc26-ebe3a3cfe785 admin admin] Tracked resource versions report:
Mar 27 01:16:47.378313 np0000161112 devstack@neutron-api.service[102211]: pushed versions:
Mar 27 01:16:47.378313 np0000161112 devstack@neutron-api.service[102211]: { 'AddressGroup': {'1.2'},
Mar 27 01:16:47.378313 np0000161112 devstack@neutron-api.service[102211]: 'Agent': {'1.1'},
Mar 27 01:16:47.378313 np0000161112 devstack@neutron-api.service[102211]: 'ConntrackHelper': {'1.0'},
Mar 27 01:16:47.378313 np0000161112 devstack@neutron-api.service[102211]: 'LocalIPAssociation': {'1.0'},
Mar 27 01:16:47.378313 np0000161112 devstack@neutron-api.service[102211]: 'Log': {'1.0'},
Mar 27 01:16:47.378313 np0000161112 devstack@neutron-api.service[102211]: 'NDPProxy': {'1.0'},
Mar 27 01:16:47.378313 np0000161112 devstack@neutron-api.service[102211]: 'Network': {'1.2'},
Mar 27 01:16:47.378313 np0000161112 devstack@neutron-api.service[102211]: 'Port': {'1.10'},
Mar 27 01:16:47.378313 np0000161112 devstack@neutron-api.service[102211]: 'PortForwarding': {'1.3'},
Mar 27 01:16:47.378313 np0000161112 devstack@neutron-api.service[102211]: 'QosPolicy': {'1.10'},
Mar 27 01:16:47.378313 np0000161112 devstack@neutron-api.service[102211]: 'SecurityGroup': {'1.6'},
Mar 27 01:16:47.378313 np0000161112 devstack@neutron-api.service[102211]: 'SecurityGroupRule': {'1.3'},
Mar 27 01:16:47.378313 np0000161112 devstack@neutron-api.service[102211]: 'SubPort': {'1.0'},
Mar 27 01:16:47.378313 np0000161112 devstack@neutron-api.service[102211]: 'Subnet': {'1.2'},
Mar 27 01:16:47.378313 np0000161112 devstack@neutron-api.service[102211]: 'Trunk': {'1.1'}}
Mar 27 01:16:47.378313 np0000161112 devstack@neutron-api.service[102211]: consumer versions:
Mar 27 01:16:47.378313 np0000161112 devstack@neutron-api.service[102211]: {OVN Controller Gateway agent@np0000161112: {}}
Mar 27 01:16:47.378313 np0000161112 devstack@neutron-api.service[102211]: {{(pid=102211) report /opt/stack/neutron/neutron/api/rpc/callbacks/version_manager.py:183}}
Mar 27 01:16:47.378996 np0000161112 devstack@neutron-api.service[102210]: DEBUG neutron.plugins.ml2.drivers.ovn.mech_driver.ovsdb.ovsdb_monitor [-] ChassisOVNAgentWriteEvent : Matched Chassis_Private, update, None None {{(pid=102210) matches /opt/stack/neutron/neutron/plugins/ml2/drivers/ovn/mech_driver/ovsdb/ovsdb_monitor.py:64}}
Mar 27 01:16:47.378996 np0000161112 devstack@neutron-api.service[102210]: DEBUG neutron.plugins.ml2.drivers.ovn.mech_driver.ovsdb.ovsdb_monitor [-] Hash Ring: Node fe780ace1b1c581190d11d04d48188e0 (host: np0000161112) handling event "update" for row 18c6fe00-5075-4c60-9102-8988aefb9de1 (table: Chassis_Private) {{(pid=102210) notify /opt/stack/neutron/neutron/plugins/ml2/drivers/ovn/mech_driver/ovsdb/ovsdb_monitor.py:912}}
Mar 27 01:16:47.379748 np0000161112 devstack@neutron-api.service[102211]: DEBUG neutron.plugins.ml2.drivers.ovn.mech_driver.ovsdb.ovsdb_monitor [-] ChassisOVNAgentWriteEvent : Matched Chassis_Private, update, None None {{(pid=102211) matches /opt/stack/neutron/neutron/plugins/ml2/drivers/ovn/mech_driver/ovsdb/ovsdb_monitor.py:64}}
Mar 27 01:16:47.441027 np0000161112 devstack@neutron-api.service[102211]: DEBUG neutron.plugins.ml2.drivers.helpers [None req-688cb59c-a295-42c6-bc26-ebe3a3cfe785 admin admin] geneve segment allocate from pool success with {'geneve_vni': 44285} {{(pid=102211) allocate_partially_specified_segment /opt/stack/neutron/neutron/plugins/ml2/drivers/helpers.py:142}}
Mar 27 01:16:47.454553 np0000161112 devstack@neutron-api.service[102211]: DEBUG neutron_lib.callbacks.manager [None req-688cb59c-a295-42c6-bc26-ebe3a3cfe785 admin admin] Publish callbacks ['neutron.services.segments.db._add_segment_host_mapping_for_segment-8460975920392', 'neutron.plugins.ml2.plugin.Ml2Plugin._handle_segment_change-372049'] for segment (3d5f4299-aea8-4155-8d28-6f9fee329118), precommit_create {{(pid=102211) _notify_loop /opt/stack/data/venv/lib/python3.12/site-packages/neutron_lib/callbacks/manager.py:184}}
Mar 27 01:16:47.454817 np0000161112 devstack@neutron-api.service[102211]: INFO neutron.db.segments_db [None req-688cb59c-a295-42c6-bc26-ebe3a3cfe785 admin admin] Added segment 3d5f4299-aea8-4155-8d28-6f9fee329118 of type geneve for network 5c276de4-fa48-4c30-995b-f1a8d76e0d12
Mar 27 01:16:47.506684 np0000161112 devstack@neutron-api.service[102211]: DEBUG neutron_lib.callbacks.manager [None req-688cb59c-a295-42c6-bc26-ebe3a3cfe785 admin admin] Publish callbacks ['neutron.services.auto_allocate.db._ensure_external_network_default_value_callback-8460974742832'] for network (5c276de4-fa48-4c30-995b-f1a8d76e0d12), precommit_create {{(pid=102211) _notify_loop /opt/stack/data/venv/lib/python3.12/site-packages/neutron_lib/callbacks/manager.py:184}}
Mar 27 01:16:47.532850 np0000161112 devstack@neutron-api.service[102211]: DEBUG neutron.plugins.ml2.drivers.ovn.mech_driver.mech_driver [None req-688cb59c-a295-42c6-bc26-ebe3a3cfe785 admin admin] Validating network segment with type geneve, segmentation ID 44285, physical network None {{(pid=102211) _validate_network_segments /opt/stack/neutron/neutron/plugins/ml2/drivers/ovn/mech_driver/mech_driver.py:631}}
Mar 27 01:16:47.533057 np0000161112 devstack@neutron-api.service[102211]: DEBUG neutron.db.ovn_revision_numbers_db [None req-688cb59c-a295-42c6-bc26-ebe3a3cfe785 admin admin] create_initial_revision uuid=5c276de4-fa48-4c30-995b-f1a8d76e0d12, type=networks, rev=-1 {{(pid=102211) create_initial_revision /opt/stack/neutron/neutron/db/ovn_revision_numbers_db.py:98}}
Mar 27 01:16:47.647955 np0000161112 devstack@neutron-api.service[102211]: DEBUG neutron_lib.callbacks.manager [None req-688cb59c-a295-42c6-bc26-ebe3a3cfe785 admin admin] Publish callbacks ['neutron.plugins.ml2.ovo_rpc._ObjectChangeHandler.handle_event-1242737'] for network (5c276de4-fa48-4c30-995b-f1a8d76e0d12), after_create {{(pid=102211) _notify_loop /opt/stack/data/venv/lib/python3.12/site-packages/neutron_lib/callbacks/manager.py:184}}
Mar 27 01:16:47.709217 np0000161112 devstack@neutron-api.service[102211]: DEBUG neutron.api.rpc.handlers.resources_rpc [None req-688cb59c-a295-42c6-bc26-ebe3a3cfe785 admin admin] Pushing event updated for resources: {'Network': ['ID=5c276de4-fa48-4c30-995b-f1a8d76e0d12,revision_number=1']} {{(pid=102211) push /opt/stack/neutron/neutron/api/rpc/handlers/resources_rpc.py:237}}
Mar 27 01:16:47.721029 np0000161112 devstack@neutron-api.service[102211]: DEBUG ovsdbapp.backend.ovs_idl.transaction [-] Running txn n=1 command(idx=0): AddNetworkCommand(_result=None, network_uuid=5c276de4-fa48-4c30-995b-f1a8d76e0d12, may_exist=True, columns={'external_ids': {'neutron:network_name': 'private', 'neutron:mtu': '1372', 'neutron:revision_number': '1', 'neutron:availability_zone_hints': '', 'neutron:provnet-network-type': 'geneve'}, 'other_config': {'mcast_snoop': 'false', 'mcast_flood_unregistered': 'false', 'vlan-passthru': 'false'}}) {{(pid=102211) do_commit /opt/stack/data/venv/lib/python3.12/site-packages/ovsdbapp/backend/ovs_idl/transaction.py:89}}
Mar 27 01:16:47.721837 np0000161112 devstack@neutron-api.service[102211]: DEBUG neutron.common.ovn.utils [-] OVS persist_uuid supported=True {{(pid=102211) ovs_persist_uuid_supported /opt/stack/neutron/neutron/common/ovn/utils.py:1535}}
Mar 27 01:16:47.726753 np0000161112 devstack@neutron-api.service[102210]: DEBUG neutron.plugins.ml2.drivers.ovn.mech_driver.ovsdb.ovsdb_monitor [-] Hash Ring: Node fe780ace1b1c581190d11d04d48188e0 (host: np0000161112) handling event "create" for row 5c276de4-fa48-4c30-995b-f1a8d76e0d12 (table: Logical_Switch) {{(pid=102210) notify /opt/stack/neutron/neutron/plugins/ml2/drivers/ovn/mech_driver/ovsdb/ovsdb_monitor.py:912}}
Mar 27 01:16:47.730401 np0000161112 devstack@neutron-api.service[102210]: DEBUG neutron.plugins.ml2.drivers.ovn.mech_driver.ovsdb.ovsdb_monitor [-] Hash Ring: Node fe780ace1b1c581190d11d04d48188e0 (host: np0000161112) handling event "create" for row c21eae0b-06f4-4999-bfa1-21af5e281439 (table: Datapath_Binding) {{(pid=102210) notify /opt/stack/neutron/neutron/plugins/ml2/drivers/ovn/mech_driver/ovsdb/ovsdb_monitor.py:912}}
Mar 27 01:16:47.731015 np0000161112 devstack@neutron-api.service[102209]: DEBUG neutron.plugins.ml2.drivers.ovn.mech_driver.ovsdb.ovsdb_monitor [-] Hash Ring: Node 80f4080636a5556d857c3a3fd3f6222e (host: np0000161112) handling event "create" for row c21eae0b-06f4-4999-bfa1-21af5e281439 (table: Datapath_Binding) {{(pid=102209) notify /opt/stack/neutron/neutron/plugins/ml2/drivers/ovn/mech_driver/ovsdb/ovsdb_monitor.py:912}}
Mar 27 01:16:47.848322 np0000161112 devstack@neutron-api.service[102211]: INFO neutron.db.ovn_revision_numbers_db [None req-688cb59c-a295-42c6-bc26-ebe3a3cfe785 admin admin] Successfully bumped revision number for resource 5c276de4-fa48-4c30-995b-f1a8d76e0d12 (type: networks) to 1
Mar 27 01:16:47.910360 np0000161112 devstack@neutron-api.service[102211]: DEBUG neutron_lib.callbacks.manager [None req-688cb59c-a295-42c6-bc26-ebe3a3cfe785 admin admin] Publish callbacks ['neutron.plugins.ml2.plugin.SecurityGroupDbMixin._ensure_default_security_group_handler-112819'] for port (None), before_create {{(pid=102211) _notify_loop /opt/stack/data/venv/lib/python3.12/site-packages/neutron_lib/callbacks/manager.py:184}}
