Feb 17 20:37:33.090115 np0000156177 neutron-periodic-workers[105224]: DEBUG cotyledon.oslo_config_glue [-] ml2.tenant_network_types = ['geneve'] {{(pid=105224) log_opt_values /opt/stack/data/venv/lib/python3.12/site-packages/oslo_config/cfg.py:2824}}
Feb 17 20:37:33.090163 np0000156177 neutron-periodic-workers[105224]: DEBUG cotyledon.oslo_config_glue [-] ml2.tunnelled_network_rp_name = rp_tunnelled {{(pid=105224) log_opt_values /opt/stack/data/venv/lib/python3.12/site-packages/oslo_config/cfg.py:2824}}
Feb 17 20:37:33.090218 np0000156177 neutron-periodic-workers[105224]: DEBUG cotyledon.oslo_config_glue [-] ml2.type_drivers = ['local', 'flat', 'vlan', 'geneve'] {{(pid=105224) log_opt_values /opt/stack/data/venv/lib/python3.12/site-packages/oslo_config/cfg.py:2824}}
Feb 17 20:37:33.090309 np0000156177 neutron-periodic-workers[105224]: DEBUG cotyledon.oslo_config_glue [-] ml2_type_flat.flat_networks = ['public'] {{(pid=105224) log_opt_values /opt/stack/data/venv/lib/python3.12/site-packages/oslo_config/cfg.py:2824}}
Feb 17 20:37:33.090384 np0000156177 neutron-periodic-workers[105224]: DEBUG cotyledon.oslo_config_glue [-] ml2_type_geneve.max_header_size = 38 {{(pid=105224) log_opt_values /opt/stack/data/venv/lib/python3.12/site-packages/oslo_config/cfg.py:2824}}
Feb 17 20:37:33.090445 np0000156177 neutron-periodic-workers[105224]: DEBUG cotyledon.oslo_config_glue [-] ml2_type_geneve.vni_ranges = ['1:65536'] {{(pid=105224) log_opt_values /opt/stack/data/venv/lib/python3.12/site-packages/oslo_config/cfg.py:2824}}
Feb 17 20:37:33.090520 np0000156177 neutron-periodic-workers[105224]: DEBUG cotyledon.oslo_config_glue [-] ml2_type_vlan.network_vlan_ranges = ['public'] {{(pid=105224) log_opt_values /opt/stack/data/venv/lib/python3.12/site-packages/oslo_config/cfg.py:2824}}
Feb 17 20:37:33.090610 np0000156177 neutron-periodic-workers[105224]: DEBUG cotyledon.oslo_config_glue [-] network_log.burst_limit = 25 {{(pid=105224) log_opt_values /opt/stack/data/venv/lib/python3.12/site-packages/oslo_config/cfg.py:2824}}
Feb 17 20:37:33.090677 np0000156177 neutron-periodic-workers[105224]: DEBUG cotyledon.oslo_config_glue [-] network_log.local_output_log_base = None {{(pid=105224) log_opt_values /opt/stack/data/venv/lib/python3.12/site-packages/oslo_config/cfg.py:2824}}
Feb 17 20:37:33.090739 np0000156177 neutron-periodic-workers[105224]: DEBUG cotyledon.oslo_config_glue [-] network_log.rate_limit = 100 {{(pid=105224) log_opt_values /opt/stack/data/venv/lib/python3.12/site-packages/oslo_config/cfg.py:2824}}
Feb 17 20:37:33.090821 np0000156177 neutron-periodic-workers[105224]: DEBUG cotyledon.oslo_config_glue [-] database.asyncio_connection = **** {{(pid=105224) log_opt_values /opt/stack/data/venv/lib/python3.12/site-packages/oslo_config/cfg.py:2824}}
Feb 17 20:37:33.090925 np0000156177 neutron-periodic-workers[105224]: DEBUG cotyledon.oslo_config_glue [-] database.asyncio_slave_connection = **** {{(pid=105224) log_opt_values /opt/stack/data/venv/lib/python3.12/site-packages/oslo_config/cfg.py:2824}}
Feb 17 20:37:33.090925 np0000156177 neutron-periodic-workers[105224]: DEBUG cotyledon.oslo_config_glue [-] database.backend = sqlalchemy {{(pid=105224) log_opt_values /opt/stack/data/venv/lib/python3.12/site-packages/oslo_config/cfg.py:2824}}
Feb 17 20:37:33.090986 np0000156177 neutron-periodic-workers[105224]: DEBUG cotyledon.oslo_config_glue [-] database.connection = **** {{(pid=105224) log_opt_values /opt/stack/data/venv/lib/python3.12/site-packages/oslo_config/cfg.py:2824}}
Feb 17 20:37:33.091073 np0000156177 neutron-periodic-workers[105224]: DEBUG cotyledon.oslo_config_glue [-] database.connection_debug = 0 {{(pid=105224) log_opt_values /opt/stack/data/venv/lib/python3.12/site-packages/oslo_config/cfg.py:2824}}
Feb 17 20:37:33.091137 np0000156177 neutron-periodic-workers[105224]: DEBUG cotyledon.oslo_config_glue [-] database.connection_parameters = {{(pid=105224) log_opt_values /opt/stack/data/venv/lib/python3.12/site-packages/oslo_config/cfg.py:2824}}
Feb 17 20:37:33.091137 np0000156177 neutron-periodic-workers[105224]: DEBUG cotyledon.oslo_config_glue [-] database.connection_recycle_time = 3600 {{(pid=105224) log_opt_values /opt/stack/data/venv/lib/python3.12/site-packages/oslo_config/cfg.py:2824}}
Feb 17 20:37:33.091224 np0000156177 neutron-periodic-workers[105224]: DEBUG cotyledon.oslo_config_glue [-] database.connection_trace = False {{(pid=105224) log_opt_values /opt/stack/data/venv/lib/python3.12/site-packages/oslo_config/cfg.py:2824}}
Feb 17 20:37:33.091224 np0000156177 neutron-periodic-workers[105224]: DEBUG cotyledon.oslo_config_glue [-] database.db_inc_retry_interval = True {{(pid=105224) log_opt_values /opt/stack/data/venv/lib/python3.12/site-packages/oslo_config/cfg.py:2824}}
Feb 17 20:37:33.091318 np0000156177 neutron-periodic-workers[105224]: DEBUG cotyledon.oslo_config_glue [-] database.db_max_retries = 20 {{(pid=105224) log_opt_values /opt/stack/data/venv/lib/python3.12/site-packages/oslo_config/cfg.py:2824}}
Feb 17 20:37:33.091318 np0000156177 neutron-periodic-workers[105224]: DEBUG cotyledon.oslo_config_glue [-] database.db_max_retry_interval = 10 {{(pid=105224) log_opt_values /opt/stack/data/venv/lib/python3.12/site-packages/oslo_config/cfg.py:2824}}
Feb 17 20:37:33.091420 np0000156177 neutron-periodic-workers[105224]: DEBUG cotyledon.oslo_config_glue [-] database.db_retry_interval = 1 {{(pid=105224) log_opt_values /opt/stack/data/venv/lib/python3.12/site-packages/oslo_config/cfg.py:2824}}
Feb 17 20:37:33.091420 np0000156177 neutron-periodic-workers[105224]: DEBUG cotyledon.oslo_config_glue [-] database.max_overflow = 50 {{(pid=105224) log_opt_values /opt/stack/data/venv/lib/python3.12/site-packages/oslo_config/cfg.py:2824}}
Feb 17 20:37:33.091511 np0000156177 neutron-periodic-workers[105224]: DEBUG cotyledon.oslo_config_glue [-] database.max_pool_size = 5 {{(pid=105224) log_opt_values /opt/stack/data/venv/lib/python3.12/site-packages/oslo_config/cfg.py:2824}}
Feb 17 20:37:33.091511 np0000156177 neutron-periodic-workers[105224]: DEBUG cotyledon.oslo_config_glue [-] database.max_retries = 10 {{(pid=105224) log_opt_values /opt/stack/data/venv/lib/python3.12/site-packages/oslo_config/cfg.py:2824}}
Feb 17 20:37:33.091561 np0000156177 neutron-periodic-workers[105224]: DEBUG cotyledon.oslo_config_glue [-] database.mysql_sql_mode = TRADITIONAL {{(pid=105224) log_opt_values /opt/stack/data/venv/lib/python3.12/site-packages/oslo_config/cfg.py:2824}}
Feb 17 20:37:33.091561 np0000156177 neutron-periodic-workers[105224]: DEBUG cotyledon.oslo_config_glue [-] database.mysql_wsrep_sync_wait = None {{(pid=105224) log_opt_values /opt/stack/data/venv/lib/python3.12/site-packages/oslo_config/cfg.py:2824}}
Feb 17 20:37:33.091617 np0000156177 neutron-periodic-workers[105224]: DEBUG cotyledon.oslo_config_glue [-] database.pool_timeout = None {{(pid=105224) log_opt_values /opt/stack/data/venv/lib/python3.12/site-packages/oslo_config/cfg.py:2824}}
Feb 17 20:37:33.091644 np0000156177 neutron-periodic-workers[105224]: DEBUG cotyledon.oslo_config_glue [-] database.retry_interval = 10 {{(pid=105224) log_opt_values /opt/stack/data/venv/lib/python3.12/site-packages/oslo_config/cfg.py:2824}}
Feb 17 20:37:33.091671 np0000156177 neutron-periodic-workers[105224]: DEBUG cotyledon.oslo_config_glue [-] database.slave_connection = **** {{(pid=105224) log_opt_values /opt/stack/data/venv/lib/python3.12/site-packages/oslo_config/cfg.py:2824}}
Feb 17 20:37:33.091717 np0000156177 neutron-periodic-workers[105224]: DEBUG cotyledon.oslo_config_glue [-] database.sqlite_synchronous = True {{(pid=105224) log_opt_values /opt/stack/data/venv/lib/python3.12/site-packages/oslo_config/cfg.py:2824}}
Feb 17 20:37:33.091769 np0000156177 neutron-periodic-workers[105224]: DEBUG cotyledon.oslo_config_glue [-] database.synchronous_reader = True {{(pid=105224) log_opt_values /opt/stack/data/venv/lib/python3.12/site-packages/oslo_config/cfg.py:2824}}
Feb 17 20:37:33.091798 np0000156177 neutron-periodic-workers[105224]: DEBUG cotyledon.oslo_config_glue [-] database.use_db_reconnect = False {{(pid=105224) log_opt_values /opt/stack/data/venv/lib/python3.12/site-packages/oslo_config/cfg.py:2824}}
Feb 17 20:37:33.091867 np0000156177 neutron-periodic-workers[105224]: DEBUG cotyledon.oslo_config_glue [-] ovn.broadcast_arps_to_all_routers = True {{(pid=105224) log_opt_values /opt/stack/data/venv/lib/python3.12/site-packages/oslo_config/cfg.py:2824}}
Feb 17 20:37:33.091922 np0000156177 neutron-periodic-workers[105224]: DEBUG cotyledon.oslo_config_glue [-] ovn.dhcp_default_lease_time = 43200 {{(pid=105224) log_opt_values /opt/stack/data/venv/lib/python3.12/site-packages/oslo_config/cfg.py:2824}}
Feb 17 20:37:33.091953 np0000156177 neutron-periodic-workers[105224]: DEBUG cotyledon.oslo_config_glue [-] ovn.disable_ovn_dhcp_for_baremetal_ports = False {{(pid=105224) log_opt_values /opt/stack/data/venv/lib/python3.12/site-packages/oslo_config/cfg.py:2824}}
Feb 17 20:37:33.092035 np0000156177 neutron-periodic-workers[105224]: DEBUG cotyledon.oslo_config_glue [-] ovn.dns_records_ovn_owned = False {{(pid=105224) log_opt_values /opt/stack/data/venv/lib/python3.12/site-packages/oslo_config/cfg.py:2824}}
Feb 17 20:37:33.092089 np0000156177 neutron-periodic-workers[105224]: DEBUG cotyledon.oslo_config_glue [-] ovn.dns_servers = [] {{(pid=105224) log_opt_values /opt/stack/data/venv/lib/python3.12/site-packages/oslo_config/cfg.py:2824}}
Feb 17 20:37:33.092127 np0000156177 neutron-periodic-workers[105224]: DEBUG cotyledon.oslo_config_glue [-] ovn.enable_distributed_floating_ip = False {{(pid=105224) log_opt_values /opt/stack/data/venv/lib/python3.12/site-packages/oslo_config/cfg.py:2824}}
Feb 17 20:37:33.092156 np0000156177 neutron-periodic-workers[105224]: DEBUG cotyledon.oslo_config_glue [-] ovn.fdb_age_threshold = 0 {{(pid=105224) log_opt_values /opt/stack/data/venv/lib/python3.12/site-packages/oslo_config/cfg.py:2824}}
Feb 17 20:37:33.092211 np0000156177 neutron-periodic-workers[105224]: DEBUG cotyledon.oslo_config_glue [-] ovn.live_migration_activation_strategy = rarp {{(pid=105224) log_opt_values /opt/stack/data/venv/lib/python3.12/site-packages/oslo_config/cfg.py:2824}}
Feb 17 20:37:33.092245 np0000156177 neutron-periodic-workers[105224]: DEBUG cotyledon.oslo_config_glue [-] ovn.localnet_learn_fdb = False {{(pid=105224) log_opt_values /opt/stack/data/venv/lib/python3.12/site-packages/oslo_config/cfg.py:2824}}
Feb 17 20:37:33.092287 np0000156177 neutron-periodic-workers[105224]: DEBUG cotyledon.oslo_config_glue [-] ovn.mac_binding_age_threshold = 0 {{(pid=105224) log_opt_values /opt/stack/data/venv/lib/python3.12/site-packages/oslo_config/cfg.py:2824}}
Feb 17 20:37:33.092458 np0000156177 neutron-periodic-workers[105224]: DEBUG cotyledon.oslo_config_glue [-] ovn.neutron_sync_mode = log {{(pid=105224) log_opt_values /opt/stack/data/venv/lib/python3.12/site-packages/oslo_config/cfg.py:2824}}
Feb 17 20:37:33.092492 np0000156177 neutron-periodic-workers[105224]: DEBUG cotyledon.oslo_config_glue [-] ovn.ovn_dhcp4_global_options = {} {{(pid=105224) log_opt_values /opt/stack/data/venv/lib/python3.12/site-packages/oslo_config/cfg.py:2824}}
Feb 17 20:37:33.092520 np0000156177 neutron-periodic-workers[105224]: DEBUG cotyledon.oslo_config_glue [-] ovn.ovn_dhcp6_global_options = {} {{(pid=105224) log_opt_values /opt/stack/data/venv/lib/python3.12/site-packages/oslo_config/cfg.py:2824}}
Feb 17 20:37:33.092581 np0000156177 neutron-periodic-workers[105224]: DEBUG cotyledon.oslo_config_glue [-] ovn.ovn_l3_scheduler = leastloaded {{(pid=105224) log_opt_values /opt/stack/data/venv/lib/python3.12/site-packages/oslo_config/cfg.py:2824}}
Feb 17 20:37:33.092610 np0000156177 neutron-periodic-workers[105224]: DEBUG cotyledon.oslo_config_glue [-] ovn.ovn_metadata_enabled = True {{(pid=105224) log_opt_values /opt/stack/data/venv/lib/python3.12/site-packages/oslo_config/cfg.py:2824}}
Feb 17 20:37:33.092670 np0000156177 neutron-periodic-workers[105224]: DEBUG cotyledon.oslo_config_glue [-] ovn.ovn_nb_ca_cert = /opt/stack/data/CA/int-ca/ca-chain.pem {{(pid=105224) log_opt_values /opt/stack/data/venv/lib/python3.12/site-packages/oslo_config/cfg.py:2824}}
Feb 17 20:37:33.092721 np0000156177 neutron-periodic-workers[105224]: DEBUG cotyledon.oslo_config_glue [-] ovn.ovn_nb_certificate = /opt/stack/data/CA/int-ca/devstack-cert.crt {{(pid=105224) log_opt_values /opt/stack/data/venv/lib/python3.12/site-packages/oslo_config/cfg.py:2824}}
Feb 17 20:37:33.092833 np0000156177 neutron-periodic-workers[105224]: DEBUG cotyledon.oslo_config_glue [-] ovn.ovn_nb_connection = ['ssl:199.19.213.143:6641'] {{(pid=105224) log_opt_values /opt/stack/data/venv/lib/python3.12/site-packages/oslo_config/cfg.py:2824}}
Feb 17 20:37:33.092895 np0000156177 neutron-periodic-workers[105224]: DEBUG cotyledon.oslo_config_glue [-] ovn.ovn_nb_private_key = /opt/stack/data/CA/int-ca/private/devstack-cert.key {{(pid=105224) log_opt_values /opt/stack/data/venv/lib/python3.12/site-packages/oslo_config/cfg.py:2824}}
Feb 17 20:37:33.095644 np0000156177 neutron-periodic-workers[105224]: DEBUG cotyledon.oslo_config_glue [-] ovn.ovn_router_indirect_snat = False {{(pid=105224) log_opt_values /opt/stack/data/venv/lib/python3.12/site-packages/oslo_config/cfg.py:2824}}
Feb 17 20:37:33.095644 np0000156177 neutron-periodic-workers[105224]: DEBUG cotyledon.oslo_config_glue [-] ovn.ovn_sb_ca_cert = /opt/stack/data/CA/int-ca/ca-chain.pem {{(pid=105224) log_opt_values /opt/stack/data/venv/lib/python3.12/site-packages/oslo_config/cfg.py:2824}}
Feb 17 20:37:33.095644 np0000156177 neutron-periodic-workers[105224]: DEBUG cotyledon.oslo_config_glue [-] ovn.ovn_sb_certificate = /opt/stack/data/CA/int-ca/devstack-cert.crt {{(pid=105224) log_opt_values /opt/stack/data/venv/lib/python3.12/site-packages/oslo_config/cfg.py:2824}}
Feb 17 20:37:33.095644 np0000156177 neutron-periodic-workers[105224]: DEBUG cotyledon.oslo_config_glue [-] ovn.ovn_sb_connection = ['ssl:199.19.213.143:6642'] {{(pid=105224) log_opt_values /opt/stack/data/venv/lib/python3.12/site-packages/oslo_config/cfg.py:2824}}
Feb 17 20:37:33.095644 np0000156177 neutron-periodic-workers[105224]: DEBUG cotyledon.oslo_config_glue [-] ovn.ovn_sb_private_key = /opt/stack/data/CA/int-ca/private/devstack-cert.key {{(pid=105224) log_opt_values /opt/stack/data/venv/lib/python3.12/site-packages/oslo_config/cfg.py:2824}}
Feb 17 20:37:33.095644 np0000156177 neutron-periodic-workers[105224]: DEBUG cotyledon.oslo_config_glue [-] ovn.ovs_create_tap = False {{(pid=105224) log_opt_values /opt/stack/data/venv/lib/python3.12/site-packages/oslo_config/cfg.py:2824}}
Feb 17 20:37:33.095644 np0000156177 neutron-periodic-workers[105224]: DEBUG cotyledon.oslo_config_glue [-] ovn.ovsdb_connection_timeout = 180 {{(pid=105224) log_opt_values /opt/stack/data/venv/lib/python3.12/site-packages/oslo_config/cfg.py:2824}}
Feb 17 20:37:33.095644 np0000156177 neutron-periodic-workers[105224]: DEBUG cotyledon.oslo_config_glue [-] ovn.ovsdb_log_level = INFO {{(pid=105224) log_opt_values /opt/stack/data/venv/lib/python3.12/site-packages/oslo_config/cfg.py:2824}}
Feb 17 20:37:33.095889 np0000156177 neutron-periodic-workers[105224]: DEBUG cotyledon.oslo_config_glue [-] ovn.ovsdb_probe_interval = 60000 {{(pid=105224) log_opt_values /opt/stack/data/venv/lib/python3.12/site-packages/oslo_config/cfg.py:2824}}
Feb 17 20:37:33.095889 np0000156177 neutron-periodic-workers[105224]: DEBUG cotyledon.oslo_config_glue [-] ovn.ovsdb_retry_max_interval = 180 {{(pid=105224) log_opt_values /opt/stack/data/venv/lib/python3.12/site-packages/oslo_config/cfg.py:2824}}
Feb 17 20:37:33.095889 np0000156177 neutron-periodic-workers[105224]: DEBUG cotyledon.oslo_config_glue [-] ovn.stateless_nat_enabled = False {{(pid=105224) log_opt_values /opt/stack/data/venv/lib/python3.12/site-packages/oslo_config/cfg.py:2824}}
Feb 17 20:37:33.095889 np0000156177 neutron-periodic-workers[105224]: DEBUG cotyledon.oslo_config_glue [-] ovn.vhost_sock_dir = /var/run/openvswitch {{(pid=105224) log_opt_values /opt/stack/data/venv/lib/python3.12/site-packages/oslo_config/cfg.py:2824}}
Feb 17 20:37:33.095889 np0000156177 neutron-periodic-workers[105224]: DEBUG cotyledon.oslo_config_glue [-] OVS.bridge_mac_table_size = 50000 {{(pid=105224) log_opt_values /opt/stack/data/venv/lib/python3.12/site-packages/oslo_config/cfg.py:2824}}
Feb 17 20:37:33.095889 np0000156177 neutron-periodic-workers[105224]: DEBUG cotyledon.oslo_config_glue [-] OVS.igmp_flood = False {{(pid=105224) log_opt_values /opt/stack/data/venv/lib/python3.12/site-packages/oslo_config/cfg.py:2824}}
Feb 17 20:37:33.095889 np0000156177 neutron-periodic-workers[105224]: DEBUG cotyledon.oslo_config_glue [-] OVS.igmp_flood_reports = True {{(pid=105224) log_opt_values /opt/stack/data/venv/lib/python3.12/site-packages/oslo_config/cfg.py:2824}}
Feb 17 20:37:33.095889 np0000156177 neutron-periodic-workers[105224]: DEBUG cotyledon.oslo_config_glue [-] OVS.igmp_flood_unregistered = False {{(pid=105224) log_opt_values /opt/stack/data/venv/lib/python3.12/site-packages/oslo_config/cfg.py:2824}}
Feb 17 20:37:33.095889 np0000156177 neutron-periodic-workers[105224]: DEBUG cotyledon.oslo_config_glue [-] OVS.igmp_snooping_enable = False {{(pid=105224) log_opt_values /opt/stack/data/venv/lib/python3.12/site-packages/oslo_config/cfg.py:2824}}
Feb 17 20:37:33.096124 np0000156177 neutron-periodic-workers[105224]: DEBUG cotyledon.oslo_config_glue [-] OVS.ovsdb_timeout = 10 {{(pid=105224) log_opt_values /opt/stack/data/venv/lib/python3.12/site-packages/oslo_config/cfg.py:2824}}
Feb 17 20:37:33.096124 np0000156177 neutron-periodic-workers[105224]: DEBUG cotyledon.oslo_config_glue [-] ovn_nb_global.fdb_removal_limit = 0 {{(pid=105224) log_opt_values /opt/stack/data/venv/lib/python3.12/site-packages/oslo_config/cfg.py:2824}}
Feb 17 20:37:33.096124 np0000156177 neutron-periodic-workers[105224]: DEBUG cotyledon.oslo_config_glue [-] ovn_nb_global.ignore_lsp_down = False {{(pid=105224) log_opt_values /opt/stack/data/venv/lib/python3.12/site-packages/oslo_config/cfg.py:2824}}
Feb 17 20:37:33.096124 np0000156177 neutron-periodic-workers[105224]: DEBUG cotyledon.oslo_config_glue [-] ovn_nb_global.mac_binding_removal_limit = 0 {{(pid=105224) log_opt_values /opt/stack/data/venv/lib/python3.12/site-packages/oslo_config/cfg.py:2824}}
Feb 17 20:37:33.096124 np0000156177 neutron-periodic-workers[105224]: DEBUG cotyledon.oslo_config_glue [-] ******************************************************************************** {{(pid=105224) log_opt_values /opt/stack/data/venv/lib/python3.12/site-packages/oslo_config/cfg.py:2828}}
Feb 17 20:37:33.096124 np0000156177 neutron-periodic-workers[105224]: DEBUG cotyledon._service_worker [-] Run service ServiceWrapper(0) [105224] {{(pid=105224) wait_forever /opt/stack/data/venv/lib/python3.12/site-packages/cotyledon/_service_worker.py:218}}
Feb 17 20:37:42.750321 np0000156177 neutron-periodic-workers[104468]: DEBUG dbcounter [-] [104468] Writing DB stats neutron:SELECT=4 {{(pid=104468) stat_writer /opt/stack/data/venv/lib/python3.12/site-packages/dbcounter.py:115}}
Feb 17 20:38:22.045728 np0000156177 neutron-periodic-workers[105191]: DEBUG oslo_db.sqlalchemy.engines [None req-5b299945-d3ca-4473-80e6-5dcf53fe0295 None None] Parent process 104468 forked (105191) with an open database connection, which is being discarded and recreated. {{(pid=105191) checkout /opt/stack/data/venv/lib/python3.12/site-packages/oslo_db/sqlalchemy/engines.py:402}}
Feb 17 20:38:22.054192 np0000156177 neutron-periodic-workers[105191]: DEBUG dbcounter [-] [105191] Writer thread running {{(pid=105191) stat_writer /opt/stack/data/venv/lib/python3.12/site-packages/dbcounter.py:102}}
Feb 17 20:38:22.061824 np0000156177 neutron-periodic-workers[105191]: DEBUG oslo.service.backend._threading.loopingcall [None req-5b299945-d3ca-4473-80e6-5dcf53fe0295 None None] Fixed interval looping call 'neutron.plugins.ml2.plugin.DhcpAgentSchedulerDbMixin.remove_networks_from_down_agents' sleeping for 36.98 seconds {{(pid=105191) _run_loop /opt/stack/data/venv/lib/python3.12/site-packages/oslo_service/backend/_threading/loopingcall.py:125}}
Feb 17 20:38:32.061646 np0000156177 neutron-periodic-workers[105191]: DEBUG dbcounter [-] [105191] Writing DB stats neutron:SELECT=3 {{(pid=105191) stat_writer /opt/stack/data/venv/lib/python3.12/site-packages/dbcounter.py:115}}
Feb 17 20:38:45.080295 np0000156177 neutron-periodic-workers[105203]: DEBUG dbcounter [-] [105203] Writer thread running {{(pid=105203) stat_writer /opt/stack/data/venv/lib/python3.12/site-packages/dbcounter.py:102}}
Feb 17 20:38:45.084374 np0000156177 neutron-periodic-workers[105203]: DEBUG neutron.db.agents_db [None req-3347bffd-485e-4200-845a-cbc5bedb951c None None] Agent healthcheck: found 0 active agents {{(pid=105203) agent_health_check /opt/stack/neutron/neutron/db/agents_db.py:317}}
Feb 17 20:38:45.084563 np0000156177 neutron-periodic-workers[105203]: DEBUG oslo.service.backend._threading.loopingcall [None req-3347bffd-485e-4200-845a-cbc5bedb951c None None] Fixed interval looping call 'neutron.plugins.ml2.plugin.AgentDbMixin.agent_health_check' sleeping for 36.98 seconds {{(pid=105203) _run_loop /opt/stack/data/venv/lib/python3.12/site-packages/oslo_service/backend/_threading/loopingcall.py:125}}
Feb 17 20:38:55.081261 np0000156177 neutron-periodic-workers[105203]: DEBUG dbcounter [-] [105203] Writing DB stats neutron:SELECT=1 {{(pid=105203) stat_writer /opt/stack/data/venv/lib/python3.12/site-packages/dbcounter.py:115}}
Feb 17 20:38:59.051303 np0000156177 neutron-periodic-workers[105191]: DEBUG oslo.service.backend._threading.loopingcall [None req-5b299945-d3ca-4473-80e6-5dcf53fe0295 None None] Fixed interval looping call 'neutron.plugins.ml2.plugin.DhcpAgentSchedulerDbMixin.remove_networks_from_down_agents' sleeping for 36.99 seconds {{(pid=105191) _run_loop /opt/stack/data/venv/lib/python3.12/site-packages/oslo_service/backend/_threading/loopingcall.py:125}}
Feb 17 20:39:09.050444 np0000156177 neutron-periodic-workers[105191]: DEBUG dbcounter [-] [105191] Writing DB stats neutron:SELECT=3 {{(pid=105191) stat_writer /opt/stack/data/venv/lib/python3.12/site-packages/dbcounter.py:115}}
Feb 17 20:39:19.138960 np0000156177 neutron-periodic-workers[105224]: DEBUG dbcounter [-] [105224] Writer thread running {{(pid=105224) stat_writer /opt/stack/data/venv/lib/python3.12/site-packages/dbcounter.py:102}}
Feb 17 20:39:19.157633 np0000156177 neutron-periodic-workers[105224]: DEBUG oslo.service.backend._threading.loopingcall [None req-7fefbd96-cd22-4232-bbf5-6f0a4cfa600d None None] Fixed interval looping call 'neutron.services.ovn_l3.plugin.L3_NAT_dbonly_mixin._clean_garbage' sleeping for 299.94 seconds {{(pid=105224) _run_loop /opt/stack/data/venv/lib/python3.12/site-packages/oslo_service/backend/_threading/loopingcall.py:125}}
Feb 17 20:39:22.068969 np0000156177 neutron-periodic-workers[105203]: DEBUG neutron.db.agents_db [None req-3347bffd-485e-4200-845a-cbc5bedb951c None None] Agent healthcheck: found 0 active agents {{(pid=105203) agent_health_check /opt/stack/neutron/neutron/db/agents_db.py:317}}
Feb 17 20:39:22.069370 np0000156177 neutron-periodic-workers[105203]: DEBUG oslo.service.backend._threading.loopingcall [None req-3347bffd-485e-4200-845a-cbc5bedb951c None None] Fixed interval looping call 'neutron.plugins.ml2.plugin.AgentDbMixin.agent_health_check' sleeping for 37.00 seconds {{(pid=105203) _run_loop /opt/stack/data/venv/lib/python3.12/site-packages/oslo_service/backend/_threading/loopingcall.py:125}}
Feb 17 20:39:29.139741 np0000156177 neutron-periodic-workers[105224]: DEBUG dbcounter [-] [105224] Writing DB stats neutron:SELECT=1 {{(pid=105224) stat_writer /opt/stack/data/venv/lib/python3.12/site-packages/dbcounter.py:115}}
Feb 17 20:39:32.067406 np0000156177 neutron-periodic-workers[105203]: DEBUG dbcounter [-] [105203] Writing DB stats neutron:SELECT=1 {{(pid=105203) stat_writer /opt/stack/data/venv/lib/python3.12/site-packages/dbcounter.py:115}}
Feb 17 20:39:33.096333 np0000156177 neutron-periodic-workers[105216]: DEBUG dbcounter [-] [105216] Writer thread running {{(pid=105216) stat_writer /opt/stack/data/venv/lib/python3.12/site-packages/dbcounter.py:102}}
Feb 17 20:39:33.098951 np0000156177 neutron-periodic-workers[105216]: DEBUG oslo.service.backend._threading.loopingcall [None req-abf3722d-e5e1-455e-ad4a-4fa59a33ea46 None None] Fixed interval looping call 'neutron.db.quota.driver_nolock.DbQuotaNoLockDriver._remove_expired_reservations' sleeping for 119.98 seconds {{(pid=105216) _run_loop /opt/stack/data/venv/lib/python3.12/site-packages/oslo_service/backend/_threading/loopingcall.py:125}}
Feb 17 20:39:36.050049 np0000156177 neutron-periodic-workers[105191]: DEBUG oslo.service.backend._threading.loopingcall [None req-5b299945-d3ca-4473-80e6-5dcf53fe0295 None None] Fixed interval looping call 'neutron.plugins.ml2.plugin.DhcpAgentSchedulerDbMixin.remove_networks_from_down_agents' sleeping for 36.99 seconds {{(pid=105191) _run_loop /opt/stack/data/venv/lib/python3.12/site-packages/oslo_service/backend/_threading/loopingcall.py:125}}
Feb 17 20:39:46.049314 np0000156177 neutron-periodic-workers[105191]: DEBUG dbcounter [-] [105191] Writing DB stats neutron:SELECT=3 {{(pid=105191) stat_writer /opt/stack/data/venv/lib/python3.12/site-packages/dbcounter.py:115}}
Feb 17 20:39:53.097758 np0000156177 neutron-periodic-workers[105216]: DEBUG dbcounter [-] [105216] Writing DB stats neutron:DELETE=1 {{(pid=105216) stat_writer /opt/stack/data/venv/lib/python3.12/site-packages/dbcounter.py:115}}
Feb 17 20:39:59.074770 np0000156177 neutron-periodic-workers[105203]: DEBUG neutron.db.agents_db [None req-3347bffd-485e-4200-845a-cbc5bedb951c None None] Agent healthcheck: found 0 active agents {{(pid=105203) agent_health_check /opt/stack/neutron/neutron/db/agents_db.py:317}}
Feb 17 20:39:59.075498 np0000156177 neutron-periodic-workers[105203]: DEBUG oslo.service.backend._threading.loopingcall [None req-3347bffd-485e-4200-845a-cbc5bedb951c None None] Fixed interval looping call 'neutron.plugins.ml2.plugin.AgentDbMixin.agent_health_check' sleeping for 36.99 seconds {{(pid=105203) _run_loop /opt/stack/data/venv/lib/python3.12/site-packages/oslo_service/backend/_threading/loopingcall.py:125}}
Feb 17 20:40:09.073073 np0000156177 neutron-periodic-workers[105203]: DEBUG dbcounter [-] [105203] Writing DB stats neutron:SELECT=1 {{(pid=105203) stat_writer /opt/stack/data/venv/lib/python3.12/site-packages/dbcounter.py:115}}
Feb 17 20:40:13.050010 np0000156177 neutron-periodic-workers[105191]: DEBUG oslo.service.backend._threading.loopingcall [None req-5b299945-d3ca-4473-80e6-5dcf53fe0295 None None] Fixed interval looping call 'neutron.plugins.ml2.plugin.DhcpAgentSchedulerDbMixin.remove_networks_from_down_agents' sleeping for 36.99 seconds {{(pid=105191) _run_loop /opt/stack/data/venv/lib/python3.12/site-packages/oslo_service/backend/_threading/loopingcall.py:125}}
Feb 17 20:40:23.049123 np0000156177 neutron-periodic-workers[105191]: DEBUG dbcounter [-] [105191] Writing DB stats neutron:SELECT=3 {{(pid=105191) stat_writer /opt/stack/data/venv/lib/python3.12/site-packages/dbcounter.py:115}}
Feb 17 20:40:36.073328 np0000156177 neutron-periodic-workers[105203]: DEBUG neutron.db.agents_db [None req-3347bffd-485e-4200-845a-cbc5bedb951c None None] Agent healthcheck: found 0 active agents {{(pid=105203) agent_health_check /opt/stack/neutron/neutron/db/agents_db.py:317}}
Feb 17 20:40:36.074351 np0000156177 neutron-periodic-workers[105203]: DEBUG oslo.service.backend._threading.loopingcall [None req-3347bffd-485e-4200-845a-cbc5bedb951c None None] Fixed interval looping call 'neutron.plugins.ml2.plugin.AgentDbMixin.agent_health_check' sleeping for 36.99 seconds {{(pid=105203) _run_loop /opt/stack/data/venv/lib/python3.12/site-packages/oslo_service/backend/_threading/loopingcall.py:125}}
Feb 17 20:40:46.069874 np0000156177 neutron-periodic-workers[105203]: DEBUG dbcounter [-] [105203] Writing DB stats neutron:SELECT=1 {{(pid=105203) stat_writer /opt/stack/data/venv/lib/python3.12/site-packages/dbcounter.py:115}}
Feb 17 20:40:50.049099 np0000156177 neutron-periodic-workers[105191]: DEBUG oslo.service.backend._threading.loopingcall [None req-5b299945-d3ca-4473-80e6-5dcf53fe0295 None None] Fixed interval looping call 'neutron.plugins.ml2.plugin.DhcpAgentSchedulerDbMixin.remove_networks_from_down_agents' sleeping for 36.99 seconds {{(pid=105191) _run_loop /opt/stack/data/venv/lib/python3.12/site-packages/oslo_service/backend/_threading/loopingcall.py:125}}
Feb 17 20:41:00.048193 np0000156177 neutron-periodic-workers[105191]: DEBUG dbcounter [-] [105191] Writing DB stats neutron:SELECT=3 {{(pid=105191) stat_writer /opt/stack/data/venv/lib/python3.12/site-packages/dbcounter.py:115}}
Feb 17 20:41:13.067156 np0000156177 neutron-periodic-workers[105203]: DEBUG neutron.db.agents_db [None req-3347bffd-485e-4200-845a-cbc5bedb951c None None] Agent healthcheck: found 0 active agents {{(pid=105203) agent_health_check /opt/stack/neutron/neutron/db/agents_db.py:317}}
Feb 17 20:41:13.067529 np0000156177 neutron-periodic-workers[105203]: DEBUG oslo.service.backend._threading.loopingcall [None req-3347bffd-485e-4200-845a-cbc5bedb951c None None] Fixed interval looping call 'neutron.plugins.ml2.plugin.AgentDbMixin.agent_health_check' sleeping for 37.00 seconds {{(pid=105203) _run_loop /opt/stack/data/venv/lib/python3.12/site-packages/oslo_service/backend/_threading/loopingcall.py:125}}
Feb 17 20:41:23.066362 np0000156177 neutron-periodic-workers[105203]: DEBUG dbcounter [-] [105203] Writing DB stats neutron:SELECT=1 {{(pid=105203) stat_writer /opt/stack/data/venv/lib/python3.12/site-packages/dbcounter.py:115}}
Feb 17 20:41:27.050179 np0000156177 neutron-periodic-workers[105191]: DEBUG oslo.service.backend._threading.loopingcall [None req-5b299945-d3ca-4473-80e6-5dcf53fe0295 None None] Fixed interval looping call 'neutron.plugins.ml2.plugin.DhcpAgentSchedulerDbMixin.remove_networks_from_down_agents' sleeping for 36.99 seconds {{(pid=105191) _run_loop /opt/stack/data/venv/lib/python3.12/site-packages/oslo_service/backend/_threading/loopingcall.py:125}}
Feb 17 20:41:33.084073 np0000156177 neutron-periodic-workers[105216]: DEBUG oslo.service.backend._threading.loopingcall [None req-abf3722d-e5e1-455e-ad4a-4fa59a33ea46 None None] Fixed interval looping call 'neutron.db.quota.driver_nolock.DbQuotaNoLockDriver._remove_expired_reservations' sleeping for 120.00 seconds {{(pid=105216) _run_loop /opt/stack/data/venv/lib/python3.12/site-packages/oslo_service/backend/_threading/loopingcall.py:125}}
Feb 17 20:41:37.048378 np0000156177 neutron-periodic-workers[105191]: DEBUG dbcounter [-] [105191] Writing DB stats neutron:SELECT=3 {{(pid=105191) stat_writer /opt/stack/data/venv/lib/python3.12/site-packages/dbcounter.py:115}}
Feb 17 20:41:43.082814 np0000156177 neutron-periodic-workers[105216]: DEBUG dbcounter [-] [105216] Writing DB stats neutron:DELETE=1 {{(pid=105216) stat_writer /opt/stack/data/venv/lib/python3.12/site-packages/dbcounter.py:115}}
Feb 17 20:41:50.073425 np0000156177 neutron-periodic-workers[105203]: DEBUG neutron.db.agents_db [None req-3347bffd-485e-4200-845a-cbc5bedb951c None None] Agent healthcheck: found 0 active agents {{(pid=105203) agent_health_check /opt/stack/neutron/neutron/db/agents_db.py:317}}
Feb 17 20:41:50.073984 np0000156177 neutron-periodic-workers[105203]: DEBUG oslo.service.backend._threading.loopingcall [None req-3347bffd-485e-4200-845a-cbc5bedb951c None None] Fixed interval looping call 'neutron.plugins.ml2.plugin.AgentDbMixin.agent_health_check' sleeping for 36.99 seconds {{(pid=105203) _run_loop /opt/stack/data/venv/lib/python3.12/site-packages/oslo_service/backend/_threading/loopingcall.py:125}}
Feb 17 20:42:00.071769 np0000156177 neutron-periodic-workers[105203]: DEBUG dbcounter [-] [105203] Writing DB stats neutron:SELECT=1 {{(pid=105203) stat_writer /opt/stack/data/venv/lib/python3.12/site-packages/dbcounter.py:115}}
Feb 17 20:42:04.048692 np0000156177 neutron-periodic-workers[105191]: DEBUG oslo.service.backend._threading.loopingcall [None req-5b299945-d3ca-4473-80e6-5dcf53fe0295 None None] Fixed interval looping call 'neutron.plugins.ml2.plugin.DhcpAgentSchedulerDbMixin.remove_networks_from_down_agents' sleeping for 36.99 seconds {{(pid=105191) _run_loop /opt/stack/data/venv/lib/python3.12/site-packages/oslo_service/backend/_threading/loopingcall.py:125}}
Feb 17 20:42:14.047301 np0000156177 neutron-periodic-workers[105191]: DEBUG dbcounter [-] [105191] Writing DB stats neutron:SELECT=3 {{(pid=105191) stat_writer /opt/stack/data/venv/lib/python3.12/site-packages/dbcounter.py:115}}
Feb 17 20:42:27.068181 np0000156177 neutron-periodic-workers[105203]: DEBUG neutron.db.agents_db [None req-3347bffd-485e-4200-845a-cbc5bedb951c None None] Agent healthcheck: found 0 active agents {{(pid=105203) agent_health_check /opt/stack/neutron/neutron/db/agents_db.py:317}}
Feb 17 20:42:27.068181 np0000156177 neutron-periodic-workers[105203]: DEBUG oslo.service.backend._threading.loopingcall [None req-3347bffd-485e-4200-845a-cbc5bedb951c None None] Fixed interval looping call 'neutron.plugins.ml2.plugin.AgentDbMixin.agent_health_check' sleeping for 37.00 seconds {{(pid=105203) _run_loop /opt/stack/data/venv/lib/python3.12/site-packages/oslo_service/backend/_threading/loopingcall.py:125}}
Feb 17 20:42:37.066735 np0000156177 neutron-periodic-workers[105203]: DEBUG dbcounter [-] [105203] Writing DB stats neutron:SELECT=1 {{(pid=105203) stat_writer /opt/stack/data/venv/lib/python3.12/site-packages/dbcounter.py:115}}
Feb 17 20:42:41.046112 np0000156177 neutron-periodic-workers[105191]: DEBUG oslo.service.backend._threading.loopingcall [None req-5b299945-d3ca-4473-80e6-5dcf53fe0295 None None] Fixed interval looping call 'neutron.plugins.ml2.plugin.DhcpAgentSchedulerDbMixin.remove_networks_from_down_agents' sleeping for 36.99 seconds {{(pid=105191) _run_loop /opt/stack/data/venv/lib/python3.12/site-packages/oslo_service/backend/_threading/loopingcall.py:125}}
Feb 17 20:42:51.045250 np0000156177 neutron-periodic-workers[105191]: DEBUG dbcounter [-] [105191] Writing DB stats neutron:SELECT=3 {{(pid=105191) stat_writer /opt/stack/data/venv/lib/python3.12/site-packages/dbcounter.py:115}}
Feb 17 20:43:04.073643 np0000156177 neutron-periodic-workers[105203]: DEBUG neutron.db.agents_db [None req-3347bffd-485e-4200-845a-cbc5bedb951c None None] Agent healthcheck: found 0 active agents {{(pid=105203) agent_health_check /opt/stack/neutron/neutron/db/agents_db.py:317}}
Feb 17 20:43:04.074371 np0000156177 neutron-periodic-workers[105203]: DEBUG oslo.service.backend._threading.loopingcall [None req-3347bffd-485e-4200-845a-cbc5bedb951c None None] Fixed interval looping call 'neutron.plugins.ml2.plugin.AgentDbMixin.agent_health_check' sleeping for 36.99 seconds {{(pid=105203) _run_loop /opt/stack/data/venv/lib/python3.12/site-packages/oslo_service/backend/_threading/loopingcall.py:125}}
Feb 17 20:43:14.071981 np0000156177 neutron-periodic-workers[105203]: DEBUG dbcounter [-] [105203] Writing DB stats neutron:SELECT=1 {{(pid=105203) stat_writer /opt/stack/data/venv/lib/python3.12/site-packages/dbcounter.py:115}}
Feb 17 20:43:18.047452 np0000156177 neutron-periodic-workers[105191]: DEBUG oslo.service.backend._threading.loopingcall [None req-5b299945-d3ca-4473-80e6-5dcf53fe0295 None None] Fixed interval looping call 'neutron.plugins.ml2.plugin.DhcpAgentSchedulerDbMixin.remove_networks_from_down_agents' sleeping for 36.99 seconds {{(pid=105191) _run_loop /opt/stack/data/venv/lib/python3.12/site-packages/oslo_service/backend/_threading/loopingcall.py:125}}
Feb 17 20:43:28.045975 np0000156177 neutron-periodic-workers[105191]: DEBUG dbcounter [-] [105191] Writing DB stats neutron:SELECT=3 {{(pid=105191) stat_writer /opt/stack/data/venv/lib/python3.12/site-packages/dbcounter.py:115}}
Feb 17 20:43:33.087973 np0000156177 neutron-periodic-workers[105216]: DEBUG oslo.service.backend._threading.loopingcall [None req-abf3722d-e5e1-455e-ad4a-4fa59a33ea46 None None] Fixed interval looping call 'neutron.db.quota.driver_nolock.DbQuotaNoLockDriver._remove_expired_reservations' sleeping for 120.00 seconds {{(pid=105216) _run_loop /opt/stack/data/venv/lib/python3.12/site-packages/oslo_service/backend/_threading/loopingcall.py:125}}
Feb 17 20:43:41.070244 np0000156177 neutron-periodic-workers[105203]: DEBUG neutron.db.agents_db [None req-3347bffd-485e-4200-845a-cbc5bedb951c None None] Agent healthcheck: found 0 active agents {{(pid=105203) agent_health_check /opt/stack/neutron/neutron/db/agents_db.py:317}}
Feb 17 20:43:41.070879 np0000156177 neutron-periodic-workers[105203]: DEBUG oslo.service.backend._threading.loopingcall [None req-3347bffd-485e-4200-845a-cbc5bedb951c None None] Fixed interval looping call 'neutron.plugins.ml2.plugin.AgentDbMixin.agent_health_check' sleeping for 36.99 seconds {{(pid=105203) _run_loop /opt/stack/data/venv/lib/python3.12/site-packages/oslo_service/backend/_threading/loopingcall.py:125}}
Feb 17 20:43:43.087799 np0000156177 neutron-periodic-workers[105216]: DEBUG dbcounter [-] [105216] Writing DB stats neutron:DELETE=1 {{(pid=105216) stat_writer /opt/stack/data/venv/lib/python3.12/site-packages/dbcounter.py:115}}
Feb 17 20:43:51.068095 np0000156177 neutron-periodic-workers[105203]: DEBUG dbcounter [-] [105203] Writing DB stats neutron:SELECT=1 {{(pid=105203) stat_writer /opt/stack/data/venv/lib/python3.12/site-packages/dbcounter.py:115}}
Feb 17 20:43:55.045984 np0000156177 neutron-periodic-workers[105191]: DEBUG oslo.service.backend._threading.loopingcall [None req-5b299945-d3ca-4473-80e6-5dcf53fe0295 None None] Fixed interval looping call 'neutron.plugins.ml2.plugin.DhcpAgentSchedulerDbMixin.remove_networks_from_down_agents' sleeping for 36.99 seconds {{(pid=105191) _run_loop /opt/stack/data/venv/lib/python3.12/site-packages/oslo_service/backend/_threading/loopingcall.py:125}}
Feb 17 20:44:05.045126 np0000156177 neutron-periodic-workers[105191]: DEBUG dbcounter [-] [105191] Writing DB stats neutron:SELECT=3 {{(pid=105191) stat_writer /opt/stack/data/venv/lib/python3.12/site-packages/dbcounter.py:115}}
Feb 17 20:44:18.066222 np0000156177 neutron-periodic-workers[105203]: DEBUG neutron.db.agents_db [None req-3347bffd-485e-4200-845a-cbc5bedb951c None None] Agent healthcheck: found 0 active agents {{(pid=105203) agent_health_check /opt/stack/neutron/neutron/db/agents_db.py:317}}
Feb 17 20:44:18.066682 np0000156177 neutron-periodic-workers[105203]: DEBUG oslo.service.backend._threading.loopingcall [None req-3347bffd-485e-4200-845a-cbc5bedb951c None None] Fixed interval looping call 'neutron.plugins.ml2.plugin.AgentDbMixin.agent_health_check' sleeping for 36.99 seconds {{(pid=105203) _run_loop /opt/stack/data/venv/lib/python3.12/site-packages/oslo_service/backend/_threading/loopingcall.py:125}}
Feb 17 20:44:19.107226 np0000156177 neutron-periodic-workers[105224]: DEBUG oslo.service.backend._threading.loopingcall [None req-7fefbd96-cd22-4232-bbf5-6f0a4cfa600d None None] Fixed interval looping call 'neutron.services.ovn_l3.plugin.L3_NAT_dbonly_mixin._clean_garbage' sleeping for 299.99 seconds {{(pid=105224) _run_loop /opt/stack/data/venv/lib/python3.12/site-packages/oslo_service/backend/_threading/loopingcall.py:125}}
Feb 17 20:44:28.064561 np0000156177 neutron-periodic-workers[105203]: DEBUG dbcounter [-] [105203] Writing DB stats neutron:SELECT=1 {{(pid=105203) stat_writer /opt/stack/data/venv/lib/python3.12/site-packages/dbcounter.py:115}}
Feb 17 20:44:29.101416 np0000156177 neutron-periodic-workers[105224]: DEBUG dbcounter [-] [105224] Writing DB stats neutron:SELECT=1 {{(pid=105224) stat_writer /opt/stack/data/venv/lib/python3.12/site-packages/dbcounter.py:115}}
Feb 17 20:44:32.041534 np0000156177 neutron-periodic-workers[105191]: DEBUG oslo.service.backend._threading.loopingcall [None req-5b299945-d3ca-4473-80e6-5dcf53fe0295 None None] Fixed interval looping call 'neutron.plugins.ml2.plugin.DhcpAgentSchedulerDbMixin.remove_networks_from_down_agents' sleeping for 36.99 seconds {{(pid=105191) _run_loop /opt/stack/data/venv/lib/python3.12/site-packages/oslo_service/backend/_threading/loopingcall.py:125}}
Feb 17 20:44:42.041303 np0000156177 neutron-periodic-workers[105191]: DEBUG dbcounter [-] [105191] Writing DB stats neutron:SELECT=3 {{(pid=105191) stat_writer /opt/stack/data/venv/lib/python3.12/site-packages/dbcounter.py:115}}
Feb 17 20:44:55.062126 np0000156177 neutron-periodic-workers[105203]: DEBUG neutron.db.agents_db [None req-3347bffd-485e-4200-845a-cbc5bedb951c None None] Agent healthcheck: found 0 active agents {{(pid=105203) agent_health_check /opt/stack/neutron/neutron/db/agents_db.py:317}}
Feb 17 20:44:55.062854 np0000156177 neutron-periodic-workers[105203]: DEBUG oslo.service.backend._threading.loopingcall [None req-3347bffd-485e-4200-845a-cbc5bedb951c None None] Fixed interval looping call 'neutron.plugins.ml2.plugin.AgentDbMixin.agent_health_check' sleeping for 36.99 seconds {{(pid=105203) _run_loop /opt/stack/data/venv/lib/python3.12/site-packages/oslo_service/backend/_threading/loopingcall.py:125}}
Feb 17 20:45:05.060340 np0000156177 neutron-periodic-workers[105203]: DEBUG dbcounter [-] [105203] Writing DB stats neutron:SELECT=1 {{(pid=105203) stat_writer /opt/stack/data/venv/lib/python3.12/site-packages/dbcounter.py:115}}
Feb 17 20:45:09.038258 np0000156177 neutron-periodic-workers[105191]: DEBUG oslo.service.backend._threading.loopingcall [None req-5b299945-d3ca-4473-80e6-5dcf53fe0295 None None] Fixed interval looping call 'neutron.plugins.ml2.plugin.DhcpAgentSchedulerDbMixin.remove_networks_from_down_agents' sleeping for 36.99 seconds {{(pid=105191) _run_loop /opt/stack/data/venv/lib/python3.12/site-packages/oslo_service/backend/_threading/loopingcall.py:125}}
Feb 17 20:45:19.037682 np0000156177 neutron-periodic-workers[105191]: DEBUG dbcounter [-] [105191] Writing DB stats neutron:SELECT=3 {{(pid=105191) stat_writer /opt/stack/data/venv/lib/python3.12/site-packages/dbcounter.py:115}}
Feb 17 20:45:32.059245 np0000156177 neutron-periodic-workers[105203]: DEBUG neutron.db.agents_db [None req-3347bffd-485e-4200-845a-cbc5bedb951c None None] Agent healthcheck: found 0 active agents {{(pid=105203) agent_health_check /opt/stack/neutron/neutron/db/agents_db.py:317}}
Feb 17 20:45:32.059876 np0000156177 neutron-periodic-workers[105203]: DEBUG oslo.service.backend._threading.loopingcall [None req-3347bffd-485e-4200-845a-cbc5bedb951c None None] Fixed interval looping call 'neutron.plugins.ml2.plugin.AgentDbMixin.agent_health_check' sleeping for 36.99 seconds {{(pid=105203) _run_loop /opt/stack/data/venv/lib/python3.12/site-packages/oslo_service/backend/_threading/loopingcall.py:125}}
Feb 17 20:45:33.092736 np0000156177 neutron-periodic-workers[105216]: DEBUG oslo.service.backend._threading.loopingcall [None req-abf3722d-e5e1-455e-ad4a-4fa59a33ea46 None None] Fixed interval looping call 'neutron.db.quota.driver_nolock.DbQuotaNoLockDriver._remove_expired_reservations' sleeping for 120.00 seconds {{(pid=105216) _run_loop /opt/stack/data/venv/lib/python3.12/site-packages/oslo_service/backend/_threading/loopingcall.py:125}}
Feb 17 20:45:42.056613 np0000156177 neutron-periodic-workers[105203]: DEBUG dbcounter [-] [105203] Writing DB stats neutron:SELECT=1 {{(pid=105203) stat_writer /opt/stack/data/venv/lib/python3.12/site-packages/dbcounter.py:115}}
Feb 17 20:45:43.091455 np0000156177 neutron-periodic-workers[105216]: DEBUG dbcounter [-] [105216] Writing DB stats neutron:DELETE=1 {{(pid=105216) stat_writer /opt/stack/data/venv/lib/python3.12/site-packages/dbcounter.py:115}}
Feb 17 20:45:46.038705 np0000156177 neutron-periodic-workers[105191]: DEBUG oslo.service.backend._threading.loopingcall [None req-5b299945-d3ca-4473-80e6-5dcf53fe0295 None None] Fixed interval looping call 'neutron.plugins.ml2.plugin.DhcpAgentSchedulerDbMixin.remove_networks_from_down_agents' sleeping for 36.99 seconds {{(pid=105191) _run_loop /opt/stack/data/venv/lib/python3.12/site-packages/oslo_service/backend/_threading/loopingcall.py:125}}
Feb 17 20:45:56.037462 np0000156177 neutron-periodic-workers[105191]: DEBUG dbcounter [-] [105191] Writing DB stats neutron:SELECT=3 {{(pid=105191) stat_writer /opt/stack/data/venv/lib/python3.12/site-packages/dbcounter.py:115}}
Feb 17 20:46:09.055347 np0000156177 neutron-periodic-workers[105203]: DEBUG neutron.db.agents_db [None req-3347bffd-485e-4200-845a-cbc5bedb951c None None] Agent healthcheck: found 0 active agents {{(pid=105203) agent_health_check /opt/stack/neutron/neutron/db/agents_db.py:317}}
Feb 17 20:46:09.055980 np0000156177 neutron-periodic-workers[105203]: DEBUG oslo.service.backend._threading.loopingcall [None req-3347bffd-485e-4200-845a-cbc5bedb951c None None] Fixed interval looping call 'neutron.plugins.ml2.plugin.AgentDbMixin.agent_health_check' sleeping for 36.99 seconds {{(pid=105203) _run_loop /opt/stack/data/venv/lib/python3.12/site-packages/oslo_service/backend/_threading/loopingcall.py:125}}
Feb 17 20:46:19.053494 np0000156177 neutron-periodic-workers[105203]: DEBUG dbcounter [-] [105203] Writing DB stats neutron:SELECT=1 {{(pid=105203) stat_writer /opt/stack/data/venv/lib/python3.12/site-packages/dbcounter.py:115}}
Feb 17 20:46:23.036141 np0000156177 neutron-periodic-workers[105191]: DEBUG oslo.service.backend._threading.loopingcall [None req-5b299945-d3ca-4473-80e6-5dcf53fe0295 None None] Fixed interval looping call 'neutron.plugins.ml2.plugin.DhcpAgentSchedulerDbMixin.remove_networks_from_down_agents' sleeping for 36.99 seconds {{(pid=105191) _run_loop /opt/stack/data/venv/lib/python3.12/site-packages/oslo_service/backend/_threading/loopingcall.py:125}}
Feb 17 20:46:33.037623 np0000156177 neutron-periodic-workers[105191]: DEBUG dbcounter [-] [105191] Writing DB stats neutron:SELECT=3 {{(pid=105191) stat_writer /opt/stack/data/venv/lib/python3.12/site-packages/dbcounter.py:115}}
Feb 17 20:46:46.052350 np0000156177 neutron-periodic-workers[105203]: DEBUG neutron.db.agents_db [None req-3347bffd-485e-4200-845a-cbc5bedb951c None None] Agent healthcheck: found 0 active agents {{(pid=105203) agent_health_check /opt/stack/neutron/neutron/db/agents_db.py:317}}
Feb 17 20:46:46.053111 np0000156177 neutron-periodic-workers[105203]: DEBUG oslo.service.backend._threading.loopingcall [None req-3347bffd-485e-4200-845a-cbc5bedb951c None None] Fixed interval looping call 'neutron.plugins.ml2.plugin.AgentDbMixin.agent_health_check' sleeping for 36.99 seconds {{(pid=105203) _run_loop /opt/stack/data/venv/lib/python3.12/site-packages/oslo_service/backend/_threading/loopingcall.py:125}}
Feb 17 20:46:56.050384 np0000156177 neutron-periodic-workers[105203]: DEBUG dbcounter [-] [105203] Writing DB stats neutron:SELECT=1 {{(pid=105203) stat_writer /opt/stack/data/venv/lib/python3.12/site-packages/dbcounter.py:115}}
Feb 17 20:47:00.038188 np0000156177 neutron-periodic-workers[105191]: DEBUG oslo.service.backend._threading.loopingcall [None req-5b299945-d3ca-4473-80e6-5dcf53fe0295 None None] Fixed interval looping call 'neutron.plugins.ml2.plugin.DhcpAgentSchedulerDbMixin.remove_networks_from_down_agents' sleeping for 36.99 seconds {{(pid=105191) _run_loop /opt/stack/data/venv/lib/python3.12/site-packages/oslo_service/backend/_threading/loopingcall.py:125}}
Feb 17 20:47:10.037326 np0000156177 neutron-periodic-workers[105191]: DEBUG dbcounter [-] [105191] Writing DB stats neutron:SELECT=3 {{(pid=105191) stat_writer /opt/stack/data/venv/lib/python3.12/site-packages/dbcounter.py:115}}
Feb 17 20:47:23.049628 np0000156177 neutron-periodic-workers[105203]: DEBUG neutron.db.agents_db [None req-3347bffd-485e-4200-845a-cbc5bedb951c None None] Agent healthcheck: found 0 active agents {{(pid=105203) agent_health_check /opt/stack/neutron/neutron/db/agents_db.py:317}}
Feb 17 20:47:23.050356 np0000156177 neutron-periodic-workers[105203]: DEBUG oslo.service.backend._threading.loopingcall [None req-3347bffd-485e-4200-845a-cbc5bedb951c None None] Fixed interval looping call 'neutron.plugins.ml2.plugin.AgentDbMixin.agent_health_check' sleeping for 36.99 seconds {{(pid=105203) _run_loop /opt/stack/data/venv/lib/python3.12/site-packages/oslo_service/backend/_threading/loopingcall.py:125}}
Feb 17 20:47:33.047435 np0000156177 neutron-periodic-workers[105203]: DEBUG dbcounter [-] [105203] Writing DB stats neutron:SELECT=1 {{(pid=105203) stat_writer /opt/stack/data/venv/lib/python3.12/site-packages/dbcounter.py:115}}
Feb 17 20:47:33.098756 np0000156177 neutron-periodic-workers[105216]: DEBUG oslo.service.backend._threading.loopingcall [None req-abf3722d-e5e1-455e-ad4a-4fa59a33ea46 None None] Fixed interval looping call 'neutron.db.quota.driver_nolock.DbQuotaNoLockDriver._remove_expired_reservations' sleeping for 119.99 seconds {{(pid=105216) _run_loop /opt/stack/data/venv/lib/python3.12/site-packages/oslo_service/backend/_threading/loopingcall.py:125}}
Feb 17 20:47:37.035591 np0000156177 neutron-periodic-workers[105191]: DEBUG oslo.service.backend._threading.loopingcall [None req-5b299945-d3ca-4473-80e6-5dcf53fe0295 None None] Fixed interval looping call 'neutron.plugins.ml2.plugin.DhcpAgentSchedulerDbMixin.remove_networks_from_down_agents' sleeping for 36.99 seconds {{(pid=105191) _run_loop /opt/stack/data/venv/lib/python3.12/site-packages/oslo_service/backend/_threading/loopingcall.py:125}}
Feb 17 20:47:43.096499 np0000156177 neutron-periodic-workers[105216]: DEBUG dbcounter [-] [105216] Writing DB stats neutron:DELETE=1 {{(pid=105216) stat_writer /opt/stack/data/venv/lib/python3.12/site-packages/dbcounter.py:115}}
Feb 17 20:47:47.033046 np0000156177 neutron-periodic-workers[105191]: DEBUG dbcounter [-] [105191] Writing DB stats neutron:SELECT=3 {{(pid=105191) stat_writer /opt/stack/data/venv/lib/python3.12/site-packages/dbcounter.py:115}}
