2026-04-17 03:14:31.287 7 INFO placement.requestlog [req-6b062ca9-2602-4647-a83c-0095b3db4068 req-26519ec4-e8fd-4854-82c3-64c06207fc15 4836f0c07aca4686b1b8ce20f54f7f1a abbd63fb2c3843a2b156b98c20be7494 - - 386df8fdeb89435ba19a4e17b93652c2 386df8fdeb89435ba19a4e17b93652c2] 199.19.213.44 "GET /allocations/98fde414-db90-4716-921d-88ea0b72116f" status: 200 len: 245 microversion: 1.28 [pid: 7|app: 0|req: 372/748] 199.19.213.44 () {34 vars in 862 bytes} [Fri Apr 17 03:14:31 2026] GET /allocations/98fde414-db90-4716-921d-88ea0b72116f => generated 245 bytes in 15 msecs (HTTP/1.1 200) 8 headers in 296 bytes (1 switches on core 0)
2026-04-17 03:14:31.301 8 INFO placement.requestlog [req-6b062ca9-2602-4647-a83c-0095b3db4068 req-7dfed3cb-4c2e-4931-89c6-bca5556f9107 4836f0c07aca4686b1b8ce20f54f7f1a abbd63fb2c3843a2b156b98c20be7494 - - 386df8fdeb89435ba19a4e17b93652c2 386df8fdeb89435ba19a4e17b93652c2] 199.19.213.44 "GET /allocations/b732ded2-978d-4e25-a932-0413d50c1a2c" status: 200 len: 258 microversion: 1.28 [pid: 8|app: 0|req: 377/749] 199.19.213.44 () {34 vars in 862 bytes} [Fri Apr 17 03:14:31 2026] GET /allocations/b732ded2-978d-4e25-a932-0413d50c1a2c => generated 258 bytes in 11 msecs (HTTP/1.1 200) 8 headers in 296 bytes (1 switches on core 0)
2026-04-17 03:14:31.321 7 INFO placement.requestlog [req-6b062ca9-2602-4647-a83c-0095b3db4068 req-60ac1541-7060-4bfd-89cd-29b14c45cf44 4836f0c07aca4686b1b8ce20f54f7f1a abbd63fb2c3843a2b156b98c20be7494 - - 386df8fdeb89435ba19a4e17b93652c2 386df8fdeb89435ba19a4e17b93652c2] 199.19.213.44 "GET /allocations/a7d0aec3-78c5-4342-b55d-24c450072672" status: 200 len: 258 microversion: 1.28 [pid: 7|app: 0|req: 373/750] 199.19.213.44 () {34 vars in 862 bytes} [Fri Apr 17 03:14:31 2026] GET /allocations/a7d0aec3-78c5-4342-b55d-24c450072672 => generated 258 bytes in 16 msecs (HTTP/1.1 200) 8 headers in 296 bytes (1 switches on core 0)
2026-04-17 03:14:31.347 8 INFO placement.requestlog [req-6b062ca9-2602-4647-a83c-0095b3db4068 req-e53c64e1-a9ef-4a5c-8479-aa56003dfe36 4836f0c07aca4686b1b8ce20f54f7f1a abbd63fb2c3843a2b156b98c20be7494 - - 386df8fdeb89435ba19a4e17b93652c2 386df8fdeb89435ba19a4e17b93652c2] 199.19.213.44 "GET /allocations/402bd367-9fc7-47ac-8d8d-a83fc3940923" status: 200 len: 258 microversion: 1.28 [pid: 8|app: 0|req: 378/751] 199.19.213.44 () {34 vars in 862 bytes} [Fri Apr 17 03:14:31 2026] GET /allocations/402bd367-9fc7-47ac-8d8d-a83fc3940923 => generated 258 bytes in 20 msecs (HTTP/1.1 200) 8 headers in 296 bytes (1 switches on core 0)
2026-04-17 03:14:33.970 7 INFO placement.requestlog [req-a29eb2b3-77a3-4e4d-a855-570d33fb9a03 req-1873f83c-b4bb-4bc8-a86b-beea76747b2d 4836f0c07aca4686b1b8ce20f54f7f1a abbd63fb2c3843a2b156b98c20be7494 - - 386df8fdeb89435ba19a4e17b93652c2 386df8fdeb89435ba19a4e17b93652c2] 10.0.0.108 "GET /allocation_candidates?limit=1000&resources=DISK_GB%3A1%2CMEMORY_MB%3A512%2CVCPU%3A1&root_required=%21COMPUTE_STATUS_DISABLED" status: 200 len: 2784 microversion: 1.36 [pid: 7|app: 0|req: 374/752] 10.0.0.108 () {34 vars in 1012 bytes} [Fri Apr 17 03:14:33 2026] GET /allocation_candidates?limit=1000&resources=DISK_GB%3A1%2CMEMORY_MB%3A512%2CVCPU%3A1&root_required=%21COMPUTE_STATUS_DISABLED => generated 2784 bytes in 53 msecs (HTTP/1.1 200) 8 headers in 297 bytes (1 switches on core 0)
2026-04-17 03:14:34.002 8 INFO placement.requestlog [req-a29eb2b3-77a3-4e4d-a855-570d33fb9a03 req-5d0ca887-7537-4536-927b-516fa9db72a0 4836f0c07aca4686b1b8ce20f54f7f1a abbd63fb2c3843a2b156b98c20be7494 - - 386df8fdeb89435ba19a4e17b93652c2 386df8fdeb89435ba19a4e17b93652c2] 10.0.0.108 "GET /allocations/9ae25595-a2ea-44bd-93b8-7db14a1b685d" status: 200 len: 19 microversion: 1.28 [pid: 8|app: 0|req: 379/753] 10.0.0.108 () {34 vars in 861 bytes} [Fri Apr 17 03:14:33 2026] GET /allocations/9ae25595-a2ea-44bd-93b8-7db14a1b685d => generated 19 bytes in 11 msecs (HTTP/1.1 200) 8 headers in 295 bytes (1 switches on core 0)
2026-04-17 03:14:34.062 7 INFO placement.requestlog [req-a29eb2b3-77a3-4e4d-a855-570d33fb9a03 req-e7c59a9d-0733-46bd-b8c0-5f798e42c542 4836f0c07aca4686b1b8ce20f54f7f1a abbd63fb2c3843a2b156b98c20be7494 - - 386df8fdeb89435ba19a4e17b93652c2 386df8fdeb89435ba19a4e17b93652c2] 10.0.0.108 "PUT /allocations/9ae25595-a2ea-44bd-93b8-7db14a1b685d" status: 204 len: 0 microversion: 1.36 [pid: 7|app: 0|req: 375/754] 10.0.0.108 () {38 vars in 914 bytes} [Fri Apr 17 03:14:34 2026] PUT /allocations/9ae25595-a2ea-44bd-93b8-7db14a1b685d => generated 0 bytes in 52 msecs (HTTP/1.1 204) 5 headers in 199 bytes (1 switches on core 0)
2026-04-17 03:14:35.553 8 INFO placement.requestlog [req-a29eb2b3-77a3-4e4d-a855-570d33fb9a03 req-d52bebe7-2014-4778-80c3-cbfe6d938b55 4836f0c07aca4686b1b8ce20f54f7f1a abbd63fb2c3843a2b156b98c20be7494 - - 386df8fdeb89435ba19a4e17b93652c2 386df8fdeb89435ba19a4e17b93652c2] 199.19.213.44 "GET /allocations/9ae25595-a2ea-44bd-93b8-7db14a1b685d" status: 200 len: 258 microversion: 1.28 [pid: 8|app: 0|req: 380/755] 199.19.213.44 () {34 vars in 862 bytes} [Fri Apr 17 03:14:35 2026] GET /allocations/9ae25595-a2ea-44bd-93b8-7db14a1b685d => generated 258 bytes in 14 msecs (HTTP/1.1 200) 8 headers in 296 bytes (1 switches on core 0)
2026-04-17 03:14:36.598 7 INFO placement.requestlog [req-a29eb2b3-77a3-4e4d-a855-570d33fb9a03 req-8f4495bb-98d0-4ca6-a533-ff0138f81904 4836f0c07aca4686b1b8ce20f54f7f1a abbd63fb2c3843a2b156b98c20be7494 - - 386df8fdeb89435ba19a4e17b93652c2 386df8fdeb89435ba19a4e17b93652c2] 199.19.213.44 "GET /resource_providers/5fa32574-4577-4d5b-9f4b-8d7a80f73d19/allocations" status: 200 len: 540 microversion: 1.0 [pid: 7|app: 0|req: 376/756] 199.19.213.44 () {32 vars in 856 bytes} [Fri Apr 17 03:14:36 2026] GET /resource_providers/5fa32574-4577-4d5b-9f4b-8d7a80f73d19/allocations => generated 540 bytes in 16 msecs (HTTP/1.1 200) 6 headers in 224 bytes (1 switches on core 0)
2026-04-17 03:14:36.622 8 INFO placement.requestlog [req-a29eb2b3-77a3-4e4d-a855-570d33fb9a03 req-4ae4f0e3-6374-4fd4-a278-75d4681b7356 4836f0c07aca4686b1b8ce20f54f7f1a abbd63fb2c3843a2b156b98c20be7494 - - 386df8fdeb89435ba19a4e17b93652c2 386df8fdeb89435ba19a4e17b93652c2] 199.19.213.44 "GET /allocations/98fde414-db90-4716-921d-88ea0b72116f" status: 200 len: 245 microversion: 1.28 [pid: 8|app: 0|req: 381/757] 199.19.213.44 () {34 vars in 862 bytes} [Fri Apr 17 03:14:36 2026] GET /allocations/98fde414-db90-4716-921d-88ea0b72116f => generated 245 bytes in 16 msecs (HTTP/1.1 200) 8 headers in 296 bytes (1 switches on core 0)
2026-04-17 03:14:36.640 7 INFO placement.requestlog [req-a29eb2b3-77a3-4e4d-a855-570d33fb9a03 req-ed7eec3a-cdfa-4915-b83a-293a529f60de 4836f0c07aca4686b1b8ce20f54f7f1a abbd63fb2c3843a2b156b98c20be7494 - - 386df8fdeb89435ba19a4e17b93652c2 386df8fdeb89435ba19a4e17b93652c2] 199.19.213.44 "GET /allocations/9ae25595-a2ea-44bd-93b8-7db14a1b685d" status: 200 len: 258 microversion: 1.28 [pid: 7|app: 0|req: 377/758] 199.19.213.44 () {34 vars in 862 bytes} [Fri Apr 17 03:14:36 2026] GET /allocations/9ae25595-a2ea-44bd-93b8-7db14a1b685d => generated 258 bytes in 13 msecs (HTTP/1.1 200) 8 headers in 296 bytes (1 switches on core 0)
2026-04-17 03:14:36.660 8 INFO placement.requestlog [req-a29eb2b3-77a3-4e4d-a855-570d33fb9a03 req-55231c24-7a43-4e8f-9829-a3eb3f19286b 4836f0c07aca4686b1b8ce20f54f7f1a abbd63fb2c3843a2b156b98c20be7494 - - 386df8fdeb89435ba19a4e17b93652c2 386df8fdeb89435ba19a4e17b93652c2] 199.19.213.44 "GET /allocations/b732ded2-978d-4e25-a932-0413d50c1a2c" status: 200 len: 258 microversion: 1.28 [pid: 8|app: 0|req: 382/759] 199.19.213.44 () {34 vars in 862 bytes} [Fri Apr 17 03:14:36 2026] GET /allocations/b732ded2-978d-4e25-a932-0413d50c1a2c => generated 258 bytes in 13 msecs (HTTP/1.1 200) 8 headers in 296 bytes (1 switches on core 0)
2026-04-17 03:14:36.681 7 INFO placement.requestlog [req-a29eb2b3-77a3-4e4d-a855-570d33fb9a03 req-6b23d072-7e7b-4bde-a472-01803ffc088e 4836f0c07aca4686b1b8ce20f54f7f1a abbd63fb2c3843a2b156b98c20be7494 - - 386df8fdeb89435ba19a4e17b93652c2 386df8fdeb89435ba19a4e17b93652c2] 199.19.213.44 "GET /allocations/a7d0aec3-78c5-4342-b55d-24c450072672" status: 200 len: 258 microversion: 1.28 [pid: 7|app: 0|req: 378/760] 199.19.213.44 () {34 vars in 862 bytes} [Fri Apr 17 03:14:36 2026] GET /allocations/a7d0aec3-78c5-4342-b55d-24c450072672 => generated 258 bytes in 15 msecs (HTTP/1.1 200) 8 headers in 296 bytes (1 switches on core 0)
2026-04-17 03:14:36.698 8 INFO placement.requestlog [req-a29eb2b3-77a3-4e4d-a855-570d33fb9a03 req-a297fc95-517c-4fda-9092-4e1834262d1f 4836f0c07aca4686b1b8ce20f54f7f1a abbd63fb2c3843a2b156b98c20be7494 - - 386df8fdeb89435ba19a4e17b93652c2 386df8fdeb89435ba19a4e17b93652c2] 199.19.213.44 "GET /allocations/402bd367-9fc7-47ac-8d8d-a83fc3940923" status: 200 len: 258 microversion: 1.28 [pid: 8|app: 0|req: 383/761] 199.19.213.44 () {34 vars in 862 bytes} [Fri Apr 17 03:14:36 2026] GET /allocations/402bd367-9fc7-47ac-8d8d-a83fc3940923 => generated 258 bytes in 11 msecs (HTTP/1.1 200) 8 headers in 296 bytes (1 switches on core 0)
2026-04-17 03:14:37.709 7 INFO placement.requestlog [None req-0eebc6b1-b238-43b3-bc64-2c6c8cac6ea7 - - - - - -] 10.0.0.51 "GET /" status: 200 len: 136 microversion: 1.0
2026-04-17 03:14:37.710 8 INFO placement.requestlog [None req-9dd4da6c-93c6-4099-899d-718a453d347f - - - - - -] 10.0.0.51 "GET /" status: 200 len: 136 microversion: 1.0
2026-04-17 03:14:47.709 7 INFO placement.requestlog [None req-4415d6a6-faec-4361-a685-f499bbe8b667 - - - - - -] 10.0.0.51 "GET /" status: 200 len: 136 microversion: 1.0
2026-04-17 03:14:47.711 8 INFO placement.requestlog [None req-a2022f45-8ab5-474e-a8fa-2cd3ee4495b4 - - - - - -] 10.0.0.51 "GET /" status: 200 len: 136 microversion: 1.0
2026-04-17 03:14:57.709 7 INFO placement.requestlog [None req-26120267-f099-4e2a-88bc-3d81ba56220f - - - - - -] 10.0.0.51 "GET /" status: 200 len: 136 microversion: 1.0
2026-04-17 03:14:57.709 8 INFO placement.requestlog [None req-160b1033-d6bc-4975-85b3-0c140d7854f3 - - - - - -] 10.0.0.51 "GET /" status: 200 len: 136 microversion: 1.0
2026-04-17 03:15:07.710 8 INFO placement.requestlog [None req-e5bbf6fc-08ce-4fc2-8441-5a9481c3a0dd - - - - - -] 10.0.0.51 "GET /" status: 200 len: 136 microversion: 1.0
2026-04-17 03:15:07.710 7 INFO placement.requestlog [None req-bb43ca7f-cb18-4de7-aad0-1d72f07258a6 - - - - - -] 10.0.0.51 "GET /" status: 200 len: 136 microversion: 1.0
2026-04-17 03:15:13.182 8 INFO placement.requestlog [req-28d47fdf-ecf5-47f7-b216-e8fc34c4b557 req-f53f8f2b-2cd7-4ad3-8369-98dba8927f12 4836f0c07aca4686b1b8ce20f54f7f1a abbd63fb2c3843a2b156b98c20be7494 - - 386df8fdeb89435ba19a4e17b93652c2 386df8fdeb89435ba19a4e17b93652c2] 199.19.213.44 "GET /resource_providers/5fa32574-4577-4d5b-9f4b-8d7a80f73d19/allocations" status: 200 len: 540 microversion: 1.0 [pid: 8|app: 0|req: 388/770] 199.19.213.44 () {32 vars in 856 bytes} [Fri Apr 17 03:15:13 2026] GET /resource_providers/5fa32574-4577-4d5b-9f4b-8d7a80f73d19/allocations => generated 540 bytes in 24 msecs (HTTP/1.1 200) 6 headers in 224 bytes (1 switches on core 0)
2026-04-17 03:15:13.204 7 INFO placement.requestlog [req-28d47fdf-ecf5-47f7-b216-e8fc34c4b557 req-635ee03f-3d31-4b90-ab01-7419e4eef1c9 4836f0c07aca4686b1b8ce20f54f7f1a abbd63fb2c3843a2b156b98c20be7494 - - 386df8fdeb89435ba19a4e17b93652c2 386df8fdeb89435ba19a4e17b93652c2] 199.19.213.44 "GET /allocations/98fde414-db90-4716-921d-88ea0b72116f" status: 200 len: 245 microversion: 1.28 [pid: 7|app: 0|req: 383/771] 199.19.213.44 () {34 vars in 862 bytes} [Fri Apr 17 03:15:13 2026] GET /allocations/98fde414-db90-4716-921d-88ea0b72116f => generated 245 bytes in 13 msecs (HTTP/1.1 200) 8 headers in 296 bytes (1 switches on core 0)
2026-04-17 03:15:13.222 8 INFO placement.requestlog [req-28d47fdf-ecf5-47f7-b216-e8fc34c4b557 req-408472dc-9b64-4e50-969b-3c9354275ec3 4836f0c07aca4686b1b8ce20f54f7f1a abbd63fb2c3843a2b156b98c20be7494 - - 386df8fdeb89435ba19a4e17b93652c2 386df8fdeb89435ba19a4e17b93652c2] 199.19.213.44 "GET /allocations/9ae25595-a2ea-44bd-93b8-7db14a1b685d" status: 200 len: 258 microversion: 1.28 [pid: 8|app: 0|req: 389/772] 199.19.213.44 () {34 vars in 862 bytes} [Fri Apr 17 03:15:13 2026] GET /allocations/9ae25595-a2ea-44bd-93b8-7db14a1b685d => generated 258 bytes in 13 msecs (HTTP/1.1 200) 8 headers in 296 bytes (1 switches on core 0)
2026-04-17 03:15:13.241 7 INFO placement.requestlog [req-28d47fdf-ecf5-47f7-b216-e8fc34c4b557 req-14a9b368-e9b7-4bd9-b8c5-c969c0e53c4a 4836f0c07aca4686b1b8ce20f54f7f1a abbd63fb2c3843a2b156b98c20be7494 - - 386df8fdeb89435ba19a4e17b93652c2 386df8fdeb89435ba19a4e17b93652c2] 199.19.213.44 "GET /allocations/b732ded2-978d-4e25-a932-0413d50c1a2c" status: 200 len: 258 microversion: 1.28 [pid: 7|app: 0|req: 384/773] 199.19.213.44 () {34 vars in 862 bytes} [Fri Apr 17 03:15:13 2026] GET /allocations/b732ded2-978d-4e25-a932-0413d50c1a2c => generated 258 bytes in 13 msecs (HTTP/1.1 200) 8 headers in 296 bytes (1 switches on core 0)
2026-04-17 03:15:13.263 8 INFO placement.requestlog [req-28d47fdf-ecf5-47f7-b216-e8fc34c4b557 req-5d2021f2-34ed-46c3-9876-b42069c4a552 4836f0c07aca4686b1b8ce20f54f7f1a abbd63fb2c3843a2b156b98c20be7494 - - 386df8fdeb89435ba19a4e17b93652c2 386df8fdeb89435ba19a4e17b93652c2] 199.19.213.44 "GET /allocations/a7d0aec3-78c5-4342-b55d-24c450072672" status: 200 len: 258 microversion: 1.28 [pid: 8|app: 0|req: 390/774] 199.19.213.44 () {34 vars in 862 bytes} [Fri Apr 17 03:15:13 2026] GET /allocations/a7d0aec3-78c5-4342-b55d-24c450072672 => generated 258 bytes in 14 msecs (HTTP/1.1 200) 8 headers in 296 bytes (1 switches on core 0)
2026-04-17 03:15:13.283 7 INFO placement.requestlog [req-28d47fdf-ecf5-47f7-b216-e8fc34c4b557 req-860b0499-a47d-4659-949a-03450f80bdd6 4836f0c07aca4686b1b8ce20f54f7f1a abbd63fb2c3843a2b156b98c20be7494 - - 386df8fdeb89435ba19a4e17b93652c2 386df8fdeb89435ba19a4e17b93652c2] 199.19.213.44 "GET /allocations/402bd367-9fc7-47ac-8d8d-a83fc3940923" status: 200 len: 258 microversion: 1.28 [pid: 7|app: 0|req: 385/775] 199.19.213.44 () {34 vars in 862 bytes} [Fri Apr 17 03:15:13 2026] GET /allocations/402bd367-9fc7-47ac-8d8d-a83fc3940923 => generated 258 bytes in 12 msecs (HTTP/1.1 200) 8 headers in 296 bytes (1 switches on core 0)
2026-04-17 03:15:14.335 8 INFO placement.requestlog [req-28d47fdf-ecf5-47f7-b216-e8fc34c4b557 req-c5156d92-bad4-487b-a1a2-d378353863d5 4836f0c07aca4686b1b8ce20f54f7f1a abbd63fb2c3843a2b156b98c20be7494 - - 386df8fdeb89435ba19a4e17b93652c2 386df8fdeb89435ba19a4e17b93652c2] 199.19.213.44 "DELETE /allocations/9ae25595-a2ea-44bd-93b8-7db14a1b685d" status: 204 len: 0 microversion: 1.0 [pid: 8|app: 0|req: 391/776] 199.19.213.44 () {34 vars in 840 bytes} [Fri Apr 17 03:15:14 2026] DELETE /allocations/9ae25595-a2ea-44bd-93b8-7db14a1b685d => generated 0 bytes in 27 msecs (HTTP/1.1 204) 5 headers in 198 bytes (1 switches on core 0)
2026-04-17 03:15:17.709 7 INFO placement.requestlog [None req-4433681f-2b4a-4396-9ad0-f2ed36c8a3ea - - - - - -] 10.0.0.51 "GET /" status: 200 len: 136 microversion: 1.0
2026-04-17 03:15:17.709 8 INFO placement.requestlog [None req-1f16a7f3-8bc5-4a0c-805e-14d320ea21cd - - - - - -] 10.0.0.51 "GET /" status: 200 len: 136 microversion: 1.0
2026-04-17 03:15:20.390 8 INFO placement.requestlog [req-c392fd47-0373-4796-812e-de063b672894 req-ff4a71d8-ccfb-4392-acd7-46bd75ab324d 4836f0c07aca4686b1b8ce20f54f7f1a abbd63fb2c3843a2b156b98c20be7494 - - 386df8fdeb89435ba19a4e17b93652c2 386df8fdeb89435ba19a4e17b93652c2] 199.19.213.44 "GET /resource_providers/5fa32574-4577-4d5b-9f4b-8d7a80f73d19/allocations" status: 200 len: 440 microversion: 1.0 [pid: 8|app: 0|req: 393/779] 199.19.213.44 () {32 vars in 856 bytes} [Fri Apr 17 03:15:20 2026] GET /resource_providers/5fa32574-4577-4d5b-9f4b-8d7a80f73d19/allocations => generated 440 bytes in 15 msecs (HTTP/1.1 200) 6 headers in 224 bytes (1 switches on core 0)
2026-04-17 03:15:20.412 7 INFO placement.requestlog [req-c392fd47-0373-4796-812e-de063b672894 req-e9c1fb98-30c7-4f72-99e2-8cc9cf51fcd5 4836f0c07aca4686b1b8ce20f54f7f1a abbd63fb2c3843a2b156b98c20be7494 - - 386df8fdeb89435ba19a4e17b93652c2 386df8fdeb89435ba19a4e17b93652c2] 199.19.213.44 "GET /allocations/98fde414-db90-4716-921d-88ea0b72116f" status: 200 len: 245 microversion: 1.28 [pid: 7|app: 0|req: 387/780] 199.19.213.44 () {34 vars in 862 bytes} [Fri Apr 17 03:15:20 2026] GET /allocations/98fde414-db90-4716-921d-88ea0b72116f => generated 245 bytes in 14 msecs (HTTP/1.1 200) 8 headers in 296 bytes (1 switches on core 0)
2026-04-17 03:15:20.432 8 INFO placement.requestlog [req-c392fd47-0373-4796-812e-de063b672894 req-10da276f-84ab-476d-bd74-b868221616f2 4836f0c07aca4686b1b8ce20f54f7f1a abbd63fb2c3843a2b156b98c20be7494 - - 386df8fdeb89435ba19a4e17b93652c2 386df8fdeb89435ba19a4e17b93652c2] 199.19.213.44 "GET /allocations/b732ded2-978d-4e25-a932-0413d50c1a2c" status: 200 len: 258 microversion: 1.28 [pid: 8|app: 0|req: 394/781] 199.19.213.44 () {34 vars in 862 bytes} [Fri Apr 17 03:15:20 2026] GET /allocations/b732ded2-978d-4e25-a932-0413d50c1a2c => generated 258 bytes in 14 msecs (HTTP/1.1 200) 8 headers in 296 bytes (1 switches on core 0)
2026-04-17 03:15:20.451 7 INFO placement.requestlog [req-c392fd47-0373-4796-812e-de063b672894 req-a48b9f98-9ce1-400d-86b7-9c041d523936 4836f0c07aca4686b1b8ce20f54f7f1a abbd63fb2c3843a2b156b98c20be7494 - - 386df8fdeb89435ba19a4e17b93652c2 386df8fdeb89435ba19a4e17b93652c2] 199.19.213.44 "GET /allocations/a7d0aec3-78c5-4342-b55d-24c450072672" status: 200 len: 258 microversion: 1.28 [pid: 7|app: 0|req: 388/782] 199.19.213.44 () {34 vars in 862 bytes} [Fri Apr 17 03:15:20 2026] GET /allocations/a7d0aec3-78c5-4342-b55d-24c450072672 => generated 258 bytes in 15 msecs (HTTP/1.1 200) 8 headers in 296 bytes (1 switches on core 0)
2026-04-17 03:15:20.473 8 INFO placement.requestlog [req-c392fd47-0373-4796-812e-de063b672894 req-7e5e048a-de23-4e33-9ae8-783a39d84e31 4836f0c07aca4686b1b8ce20f54f7f1a abbd63fb2c3843a2b156b98c20be7494 - - 386df8fdeb89435ba19a4e17b93652c2 386df8fdeb89435ba19a4e17b93652c2] 199.19.213.44 "GET /allocations/402bd367-9fc7-47ac-8d8d-a83fc3940923" status: 200 len: 258 microversion: 1.28 [pid: 8|app: 0|req: 395/783] 199.19.213.44 () {34 vars in 862 bytes} [Fri Apr 17 03:15:20 2026] GET /allocations/402bd367-9fc7-47ac-8d8d-a83fc3940923 => generated 258 bytes in 14 msecs (HTTP/1.1 200) 8 headers in 296 bytes (1 switches on core 0)
2026-04-17 03:15:21.529 7 INFO placement.requestlog [req-c392fd47-0373-4796-812e-de063b672894 req-609b4f9f-42be-4ce6-af0e-924001060d98 4836f0c07aca4686b1b8ce20f54f7f1a abbd63fb2c3843a2b156b98c20be7494 - - 386df8fdeb89435ba19a4e17b93652c2 386df8fdeb89435ba19a4e17b93652c2] 199.19.213.44 "DELETE /allocations/b732ded2-978d-4e25-a932-0413d50c1a2c" status: 204 len: 0 microversion: 1.0 [pid: 7|app: 0|req: 389/784] 199.19.213.44 () {34 vars in 840 bytes} [Fri Apr 17 03:15:21 2026] DELETE /allocations/b732ded2-978d-4e25-a932-0413d50c1a2c => generated 0 bytes in 30 msecs (HTTP/1.1 204) 5 headers in 198 bytes (1 switches on core 0)
2026-04-17 03:15:25.284 7 INFO placement.requestlog [None req-8cabf763-b5c3-4d53-ab8c-84a743686a7c a45afccbd47f4dd2ae602909ff41dfb0 abbd63fb2c3843a2b156b98c20be7494 - - 386df8fdeb89435ba19a4e17b93652c2 386df8fdeb89435ba19a4e17b93652c2] 10.0.0.203 "GET /resource_providers/8dc29a17-f3ee-4715-b466-d4ae11e5ff86/aggregates" status: 404 len: 235 microversion: 1.1 [pid: 7|app: 0|req: 390/785] 10.0.0.203 () {32 vars in 816 bytes} [Fri Apr 17 03:15:25 2026] GET /resource_providers/8dc29a17-f3ee-4715-b466-d4ae11e5ff86/aggregates => generated 235 bytes in 176 msecs (HTTP/1.1 404) 5 headers in 202 bytes (1 switches on core 0)
2026-04-17 03:15:25.302 8 INFO placement.requestlog [None req-6bf04e70-387e-408c-a148-14e20597a40e a45afccbd47f4dd2ae602909ff41dfb0 abbd63fb2c3843a2b156b98c20be7494 - - 386df8fdeb89435ba19a4e17b93652c2 386df8fdeb89435ba19a4e17b93652c2] 10.0.0.203 "GET /resource_providers/8dc29a17-f3ee-4715-b466-d4ae11e5ff86/aggregates" status: 404 len: 235 microversion: 1.1 [pid: 8|app: 0|req: 396/786] 10.0.0.203 () {32 vars in 816 bytes} [Fri Apr 17 03:15:25 2026] GET /resource_providers/8dc29a17-f3ee-4715-b466-d4ae11e5ff86/aggregates => generated 235 bytes in 204 msecs (HTTP/1.1 404) 5 headers in 202 bytes (1 switches on core 0)
2026-04-17 03:15:25.311 7 INFO placement.requestlog [None req-38280a3f-a3e2-4b89-8865-749349b80336 a45afccbd47f4dd2ae602909ff41dfb0 abbd63fb2c3843a2b156b98c20be7494 - - 386df8fdeb89435ba19a4e17b93652c2 386df8fdeb89435ba19a4e17b93652c2] 10.0.0.203 "DELETE /resource_providers/8dc29a17-f3ee-4715-b466-d4ae11e5ff86" status: 404 len: 246 microversion: 1.1 [pid: 7|app: 0|req: 391/787] 10.0.0.203 () {34 vars in 816 bytes} [Fri Apr 17 03:15:25 2026] DELETE /resource_providers/8dc29a17-f3ee-4715-b466-d4ae11e5ff86 => generated 246 bytes in 19 msecs (HTTP/1.1 404) 6 headers in 231 bytes (1 switches on core 0)
2026-04-17 03:15:25.324 8 INFO placement.requestlog [None req-80dde996-97b5-42b1-b618-3e5297b9eed4 a45afccbd47f4dd2ae602909ff41dfb0 abbd63fb2c3843a2b156b98c20be7494 - - 386df8fdeb89435ba19a4e17b93652c2 386df8fdeb89435ba19a4e17b93652c2] 10.0.0.203 "DELETE /resource_providers/8dc29a17-f3ee-4715-b466-d4ae11e5ff86" status: 404 len: 246 microversion: 1.1 [pid: 8|app: 0|req: 397/788] 10.0.0.203 () {34 vars in 816 bytes} [Fri Apr 17 03:15:25 2026] DELETE /resource_providers/8dc29a17-f3ee-4715-b466-d4ae11e5ff86 => generated 246 bytes in 15 msecs (HTTP/1.1 404) 6 headers in 231 bytes (1 switches on core 0)
2026-04-17 03:15:25.546 7 INFO placement.requestlog [None req-0e6def8a-e5f7-46e5-bb07-d235535205a0 a45afccbd47f4dd2ae602909ff41dfb0 abbd63fb2c3843a2b156b98c20be7494 - - 386df8fdeb89435ba19a4e17b93652c2 386df8fdeb89435ba19a4e17b93652c2] 10.0.0.203 "GET /resource_providers/6def36a6-c29d-459c-a398-6b0f17303ed8/aggregates" status: 404 len: 235 microversion: 1.1 [pid: 7|app: 0|req: 392/789] 10.0.0.203 () {32 vars in 816 bytes} [Fri Apr 17 03:15:25 2026] GET /resource_providers/6def36a6-c29d-459c-a398-6b0f17303ed8/aggregates => generated 235 bytes in 11 msecs (HTTP/1.1 404) 5 headers in 202 bytes (1 switches on core 0)
2026-04-17 03:15:25.556 8 INFO placement.requestlog [None req-84d19d2c-e4f7-4b8f-a002-6cd14b853c0c a45afccbd47f4dd2ae602909ff41dfb0 abbd63fb2c3843a2b156b98c20be7494 - - 386df8fdeb89435ba19a4e17b93652c2 386df8fdeb89435ba19a4e17b93652c2] 10.0.0.203 "GET /resource_providers/6def36a6-c29d-459c-a398-6b0f17303ed8/aggregates" status: 404 len: 235 microversion: 1.1 [pid: 8|app: 0|req: 398/790] 10.0.0.203 () {32 vars in 816 bytes} [Fri Apr 17 03:15:25 2026] GET /resource_providers/6def36a6-c29d-459c-a398-6b0f17303ed8/aggregates => generated 235 bytes in 21 msecs (HTTP/1.1 404) 5 headers in 202 bytes (1 switches on core 0)
2026-04-17 03:15:25.574 7 INFO placement.requestlog [None req-115d5916-ce6f-4d73-bc77-5095e4947f95 a45afccbd47f4dd2ae602909ff41dfb0 abbd63fb2c3843a2b156b98c20be7494 - - 386df8fdeb89435ba19a4e17b93652c2 386df8fdeb89435ba19a4e17b93652c2] 10.0.0.203 "DELETE /resource_providers/6def36a6-c29d-459c-a398-6b0f17303ed8" status: 404 len: 246 microversion: 1.1 [pid: 7|app: 0|req: 393/791] 10.0.0.203 () {34 vars in 816 bytes} [Fri Apr 17 03:15:25 2026] DELETE /resource_providers/6def36a6-c29d-459c-a398-6b0f17303ed8 => generated 246 bytes in 10 msecs (HTTP/1.1 404) 6 headers in 231 bytes (1 switches on core 0)
2026-04-17 03:15:25.589 8 INFO placement.requestlog [None req-3e34c0de-4561-4cc2-893d-818297909727 a45afccbd47f4dd2ae602909ff41dfb0 abbd63fb2c3843a2b156b98c20be7494 - - 386df8fdeb89435ba19a4e17b93652c2 386df8fdeb89435ba19a4e17b93652c2] 10.0.0.203 "DELETE /resource_providers/6def36a6-c29d-459c-a398-6b0f17303ed8" status: 404 len: 246 microversion: 1.1 [pid: 8|app: 0|req: 399/792] 10.0.0.203 () {34 vars in 816 bytes} [Fri Apr 17 03:15:25 2026] DELETE /resource_providers/6def36a6-c29d-459c-a398-6b0f17303ed8 => generated 246 bytes in 17 msecs (HTTP/1.1 404) 6 headers in 231 bytes (1 switches on core 0)
2026-04-17 03:15:27.708 8 INFO placement.requestlog [None req-d55230f7-094d-45d5-b5b6-184241264678 - - - - - -] 10.0.0.51 "GET /" status: 200 len: 136 microversion: 1.0
2026-04-17 03:15:27.708 7 INFO placement.requestlog [None req-f1ca5e3d-72a3-419b-822c-af336e9adf80 - - - - - -] 10.0.0.51 "GET /" status: 200 len: 136 microversion: 1.0
2026-04-17 03:15:30.012 7 INFO placement.requestlog [req-7d8ecd03-2e68-4264-8a47-24648ef07ddc req-24d572a1-684c-4dd3-83c5-7acb14b16c7c 4836f0c07aca4686b1b8ce20f54f7f1a abbd63fb2c3843a2b156b98c20be7494 - - 386df8fdeb89435ba19a4e17b93652c2 386df8fdeb89435ba19a4e17b93652c2] 199.19.213.44 "GET /resource_providers/5fa32574-4577-4d5b-9f4b-8d7a80f73d19/allocations" status: 200 len: 340 microversion: 1.0 [pid: 7|app: 0|req: 395/795] 199.19.213.44 () {32 vars in 856 bytes} [Fri Apr 17 03:15:29 2026] GET /resource_providers/5fa32574-4577-4d5b-9f4b-8d7a80f73d19/allocations => generated 340 bytes in 18 msecs (HTTP/1.1 200) 6 headers in 224 bytes (1 switches on core 0)
2026-04-17 03:15:30.038 8 INFO placement.requestlog [req-7d8ecd03-2e68-4264-8a47-24648ef07ddc req-edaf73c0-6e68-4e06-8008-d30735f3bdb0 4836f0c07aca4686b1b8ce20f54f7f1a abbd63fb2c3843a2b156b98c20be7494 - - 386df8fdeb89435ba19a4e17b93652c2 386df8fdeb89435ba19a4e17b93652c2] 199.19.213.44 "GET /resource_providers/5fa32574-4577-4d5b-9f4b-8d7a80f73d19/allocations" status: 200 len: 340 microversion: 1.0 [pid: 8|app: 0|req: 401/796] 199.19.213.44 () {32 vars in 856 bytes} [Fri Apr 17 03:15:30 2026] GET /resource_providers/5fa32574-4577-4d5b-9f4b-8d7a80f73d19/allocations => generated 340 bytes in 19 msecs (HTTP/1.1 200) 6 headers in 224 bytes (1 switches on core 0)
2026-04-17 03:15:30.059 7 INFO placement.requestlog [req-7d8ecd03-2e68-4264-8a47-24648ef07ddc req-65a6e4a8-871b-454b-a4a0-6c5b22237f3c 4836f0c07aca4686b1b8ce20f54f7f1a abbd63fb2c3843a2b156b98c20be7494 - - 386df8fdeb89435ba19a4e17b93652c2 386df8fdeb89435ba19a4e17b93652c2] 199.19.213.44 "GET /allocations/98fde414-db90-4716-921d-88ea0b72116f" status: 200 len: 245 microversion: 1.28 [pid: 7|app: 0|req: 396/797] 199.19.213.44 () {34 vars in 862 bytes} [Fri Apr 17 03:15:30 2026] GET /allocations/98fde414-db90-4716-921d-88ea0b72116f => generated 245 bytes in 14 msecs (HTTP/1.1 200) 8 headers in 296 bytes (1 switches on core 0)
2026-04-17 03:15:30.083 8 INFO placement.requestlog [req-7d8ecd03-2e68-4264-8a47-24648ef07ddc req-b2ee1faf-8342-4127-b6f6-1b888213290f 4836f0c07aca4686b1b8ce20f54f7f1a abbd63fb2c3843a2b156b98c20be7494 - - 386df8fdeb89435ba19a4e17b93652c2 386df8fdeb89435ba19a4e17b93652c2] 199.19.213.44 "GET /allocations/a7d0aec3-78c5-4342-b55d-24c450072672" status: 200 len: 258 microversion: 1.28 [pid: 8|app: 0|req: 402/798] 199.19.213.44 () {34 vars in 862 bytes} [Fri Apr 17 03:15:30 2026] GET /allocations/a7d0aec3-78c5-4342-b55d-24c450072672 => generated 258 bytes in 14 msecs (HTTP/1.1 200) 8 headers in 296 bytes (1 switches on core 0)
2026-04-17 03:15:30.104 7 INFO placement.requestlog [req-7d8ecd03-2e68-4264-8a47-24648ef07ddc req-80a4e356-5d85-4a43-add7-4883ffb4ebd6 4836f0c07aca4686b1b8ce20f54f7f1a abbd63fb2c3843a2b156b98c20be7494 - - 386df8fdeb89435ba19a4e17b93652c2 386df8fdeb89435ba19a4e17b93652c2] 199.19.213.44 "GET /allocations/402bd367-9fc7-47ac-8d8d-a83fc3940923" status: 200 len: 258 microversion: 1.28 [pid: 7|app: 0|req: 397/799] 199.19.213.44 () {34 vars in 862 bytes} [Fri Apr 17 03:15:30 2026] GET /allocations/402bd367-9fc7-47ac-8d8d-a83fc3940923 => generated 258 bytes in 15 msecs (HTTP/1.1 200) 8 headers in 296 bytes (1 switches on core 0)
2026-04-17 03:15:37.709 7 INFO placement.requestlog [None req-6ceed2ab-8f63-49be-a26e-68adb0d91e69 - - - - - -] 10.0.0.51 "GET /" status: 200 len: 136 microversion: 1.0
2026-04-17 03:15:37.711 8 INFO placement.requestlog [None req-9e1847da-51a8-4294-8bc1-0d70a2de07e7 - - - - - -] 10.0.0.51 "GET /" status: 200 len: 136 microversion: 1.0
2026-04-17 03:15:42.948 7 INFO placement.requestlog [req-dbab45ad-27e7-4325-a370-ae090c07a1f2 req-798af68c-313d-4d0e-ad30-d76c58e75b78 4836f0c07aca4686b1b8ce20f54f7f1a abbd63fb2c3843a2b156b98c20be7494 - - 386df8fdeb89435ba19a4e17b93652c2 386df8fdeb89435ba19a4e17b93652c2] 10.0.0.108 "GET /allocation_candidates?limit=1000&resources=DISK_GB%3A1%2CMEMORY_MB%3A512%2CVCPU%3A1&root_required=%21COMPUTE_STATUS_DISABLED" status: 200 len: 2784 microversion: 1.36 [pid: 7|app: 0|req: 399/802] 10.0.0.108 () {34 vars in 1012 bytes} [Fri Apr 17 03:15:42 2026] GET /allocation_candidates?limit=1000&resources=DISK_GB%3A1%2CMEMORY_MB%3A512%2CVCPU%3A1&root_required=%21COMPUTE_STATUS_DISABLED => generated 2784 bytes in 141 msecs (HTTP/1.1 200) 8 headers in 297 bytes (1 switches on core 0)
2026-04-17 03:15:42.979 8 INFO placement.requestlog [req-dbab45ad-27e7-4325-a370-ae090c07a1f2 req-8a99f6af-349c-40ac-9d78-73bf82077295 4836f0c07aca4686b1b8ce20f54f7f1a abbd63fb2c3843a2b156b98c20be7494 - - 386df8fdeb89435ba19a4e17b93652c2 386df8fdeb89435ba19a4e17b93652c2] 10.0.0.108 "GET /allocations/c9fa4a5a-13c4-4ad9-a783-7b23620d02d9" status: 200 len: 19 microversion: 1.28 [pid: 8|app: 0|req: 404/803] 10.0.0.108 () {34 vars in 861 bytes} [Fri Apr 17 03:15:42 2026] GET /allocations/c9fa4a5a-13c4-4ad9-a783-7b23620d02d9 => generated 19 bytes in 11 msecs (HTTP/1.1 200) 8 headers in 295 bytes (1 switches on core 0)
2026-04-17 03:15:43.042 7 INFO placement.requestlog [req-dbab45ad-27e7-4325-a370-ae090c07a1f2 req-bdc0d2fe-e70f-457a-892b-5962f302878e 4836f0c07aca4686b1b8ce20f54f7f1a abbd63fb2c3843a2b156b98c20be7494 - - 386df8fdeb89435ba19a4e17b93652c2 386df8fdeb89435ba19a4e17b93652c2] 10.0.0.108 "PUT /allocations/c9fa4a5a-13c4-4ad9-a783-7b23620d02d9" status: 204 len: 0 microversion: 1.36 [pid: 7|app: 0|req: 400/804] 10.0.0.108 () {38 vars in 914 bytes} [Fri Apr 17 03:15:42 2026] PUT /allocations/c9fa4a5a-13c4-4ad9-a783-7b23620d02d9 => generated 0 bytes in 59 msecs (HTTP/1.1 204) 5 headers in 199 bytes (1 switches on core 0)
2026-04-17 03:15:44.482 8 INFO placement.requestlog [req-dbab45ad-27e7-4325-a370-ae090c07a1f2 req-11042c6f-3d6a-47d1-bb62-9508ca64e012 4836f0c07aca4686b1b8ce20f54f7f1a abbd63fb2c3843a2b156b98c20be7494 - - 386df8fdeb89435ba19a4e17b93652c2 386df8fdeb89435ba19a4e17b93652c2] 199.19.213.44 "GET /allocations/c9fa4a5a-13c4-4ad9-a783-7b23620d02d9" status: 200 len: 258 microversion: 1.28 [pid: 8|app: 0|req: 405/805] 199.19.213.44 () {34 vars in 862 bytes} [Fri Apr 17 03:15:44 2026] GET /allocations/c9fa4a5a-13c4-4ad9-a783-7b23620d02d9 => generated 258 bytes in 57 msecs (HTTP/1.1 200) 8 headers in 296 bytes (1 switches on core 0)
2026-04-17 03:15:45.526 7 INFO placement.requestlog [req-dbab45ad-27e7-4325-a370-ae090c07a1f2 req-5bccfaa7-73d3-4c16-ac7f-fb68d0a6ed72 4836f0c07aca4686b1b8ce20f54f7f1a abbd63fb2c3843a2b156b98c20be7494 - - 386df8fdeb89435ba19a4e17b93652c2 386df8fdeb89435ba19a4e17b93652c2] 199.19.213.44 "GET /resource_providers?in_tree=5fa32574-4577-4d5b-9f4b-8d7a80f73d19" status: 200 len: 798 microversion: 1.14 [pid: 7|app: 0|req: 401/806] 199.19.213.44 () {34 vars in 891 bytes} [Fri Apr 17 03:15:45 2026] GET /resource_providers?in_tree=5fa32574-4577-4d5b-9f4b-8d7a80f73d19 => generated 798 bytes in 20 msecs (HTTP/1.1 200) 6 headers in 225 bytes (1 switches on core 0)
2026-04-17 03:15:45.553 8 INFO placement.requestlog [req-dbab45ad-27e7-4325-a370-ae090c07a1f2 req-0cca7fc5-ef3f-4a49-8a94-ffb527aa926b 4836f0c07aca4686b1b8ce20f54f7f1a abbd63fb2c3843a2b156b98c20be7494 - - 386df8fdeb89435ba19a4e17b93652c2 386df8fdeb89435ba19a4e17b93652c2] 199.19.213.44 "GET /resource_providers/5fa32574-4577-4d5b-9f4b-8d7a80f73d19/inventories" status: 200 len: 401 microversion: 1.0 [pid: 8|app: 0|req: 406/807] 199.19.213.44 () {32 vars in 856 bytes} [Fri Apr 17 03:15:45 2026] GET /resource_providers/5fa32574-4577-4d5b-9f4b-8d7a80f73d19/inventories => generated 401 bytes in 17 msecs (HTTP/1.1 200) 6 headers in 224 bytes (1 switches on core 0)
2026-04-17 03:15:45.577 7 INFO placement.requestlog [req-dbab45ad-27e7-4325-a370-ae090c07a1f2 req-0b2534a1-c628-42df-8c07-ab51d66f3b56 4836f0c07aca4686b1b8ce20f54f7f1a abbd63fb2c3843a2b156b98c20be7494 - - 386df8fdeb89435ba19a4e17b93652c2 386df8fdeb89435ba19a4e17b93652c2] 199.19.213.44 "GET /resource_providers/5fa32574-4577-4d5b-9f4b-8d7a80f73d19/aggregates" status: 200 len: 54 microversion: 1.19 [pid: 7|app: 0|req: 402/808] 199.19.213.44 () {34 vars in 898 bytes} [Fri Apr 17 03:15:45 2026] GET /resource_providers/5fa32574-4577-4d5b-9f4b-8d7a80f73d19/aggregates => generated 54 bytes in 17 msecs (HTTP/1.1 200) 8 headers in 295 bytes (1 switches on core 0)
2026-04-17 03:15:45.606 8 INFO placement.requestlog [req-dbab45ad-27e7-4325-a370-ae090c07a1f2 req-ed461b20-a6de-4612-8fd8-a3db366cdd4f 4836f0c07aca4686b1b8ce20f54f7f1a abbd63fb2c3843a2b156b98c20be7494 - - 386df8fdeb89435ba19a4e17b93652c2 386df8fdeb89435ba19a4e17b93652c2] 199.19.213.44 "GET /resource_providers/5fa32574-4577-4d5b-9f4b-8d7a80f73d19/traits" status: 200 len: 2317 microversion: 1.6 [pid: 8|app: 0|req: 407/809] 199.19.213.44 () {34 vars in 889 bytes} [Fri Apr 17 03:15:45 2026] GET /resource_providers/5fa32574-4577-4d5b-9f4b-8d7a80f73d19/traits => generated 2317 bytes in 25 msecs (HTTP/1.1 200) 6 headers in 225 bytes (1 switches on core 0)
2026-04-17 03:15:45.630 7 INFO placement.requestlog [req-dbab45ad-27e7-4325-a370-ae090c07a1f2 req-c6151b92-edfc-4964-b49f-2c356073fe9d 4836f0c07aca4686b1b8ce20f54f7f1a abbd63fb2c3843a2b156b98c20be7494 - - 386df8fdeb89435ba19a4e17b93652c2 386df8fdeb89435ba19a4e17b93652c2] 199.19.213.44 "GET /resource_providers/5fa32574-4577-4d5b-9f4b-8d7a80f73d19/allocations" status: 200 len: 440 microversion: 1.0 [pid: 7|app: 0|req: 403/810] 199.19.213.44 () {32 vars in 856 bytes} [Fri Apr 17 03:15:45 2026] GET /resource_providers/5fa32574-4577-4d5b-9f4b-8d7a80f73d19/allocations => generated 440 bytes in 17 msecs (HTTP/1.1 200) 6 headers in 224 bytes (1 switches on core 0)
2026-04-17 03:15:45.651 8 INFO placement.requestlog [req-dbab45ad-27e7-4325-a370-ae090c07a1f2 req-c5c6dd0f-f032-4dd4-b996-feb75e7e90df 4836f0c07aca4686b1b8ce20f54f7f1a abbd63fb2c3843a2b156b98c20be7494 - - 386df8fdeb89435ba19a4e17b93652c2 386df8fdeb89435ba19a4e17b93652c2] 199.19.213.44 "GET /allocations/98fde414-db90-4716-921d-88ea0b72116f" status: 200 len: 245 microversion: 1.28 [pid: 8|app: 0|req: 408/811] 199.19.213.44 () {34 vars in 862 bytes} [Fri Apr 17 03:15:45 2026] GET /allocations/98fde414-db90-4716-921d-88ea0b72116f => generated 245 bytes in 14 msecs (HTTP/1.1 200) 8 headers in 296 bytes (1 switches on core 0)
2026-04-17 03:15:45.673 7 INFO placement.requestlog [req-dbab45ad-27e7-4325-a370-ae090c07a1f2 req-aa0664cd-0b02-407e-87a9-b6c50e49c9fb 4836f0c07aca4686b1b8ce20f54f7f1a abbd63fb2c3843a2b156b98c20be7494 - - 386df8fdeb89435ba19a4e17b93652c2 386df8fdeb89435ba19a4e17b93652c2] 199.19.213.44 "GET /allocations/a7d0aec3-78c5-4342-b55d-24c450072672" status: 200 len: 258 microversion: 1.28 [pid: 7|app: 0|req: 404/812] 199.19.213.44 () {34 vars in 862 bytes} [Fri Apr 17 03:15:45 2026] GET /allocations/a7d0aec3-78c5-4342-b55d-24c450072672 => generated 258 bytes in 14 msecs (HTTP/1.1 200) 8 headers in 296 bytes (1 switches on core 0)
2026-04-17 03:15:45.694 8 INFO placement.requestlog [req-dbab45ad-27e7-4325-a370-ae090c07a1f2 req-1f810554-53d4-4332-939b-354142266cea 4836f0c07aca4686b1b8ce20f54f7f1a abbd63fb2c3843a2b156b98c20be7494 - - 386df8fdeb89435ba19a4e17b93652c2 386df8fdeb89435ba19a4e17b93652c2] 199.19.213.44 "GET /allocations/c9fa4a5a-13c4-4ad9-a783-7b23620d02d9" status: 200 len: 258 microversion: 1.28 [pid: 8|app: 0|req: 409/813] 199.19.213.44 () {34 vars in 862 bytes} [Fri Apr 17 03:15:45 2026] GET /allocations/c9fa4a5a-13c4-4ad9-a783-7b23620d02d9 => generated 258 bytes in 14 msecs (HTTP/1.1 200) 8 headers in 296 bytes (1 switches on core 0)
2026-04-17 03:15:45.716 7 INFO placement.requestlog [req-dbab45ad-27e7-4325-a370-ae090c07a1f2 req-1f94bf9b-1ef6-4f37-9daf-9f3ca14d8298 4836f0c07aca4686b1b8ce20f54f7f1a abbd63fb2c3843a2b156b98c20be7494 - - 386df8fdeb89435ba19a4e17b93652c2 386df8fdeb89435ba19a4e17b93652c2] 199.19.213.44 "GET /allocations/402bd367-9fc7-47ac-8d8d-a83fc3940923" status: 200 len: 258 microversion: 1.28 [pid: 7|app: 0|req: 405/814] 199.19.213.44 () {34 vars in 862 bytes} [Fri Apr 17 03:15:45 2026] GET /allocations/402bd367-9fc7-47ac-8d8d-a83fc3940923 => generated 258 bytes in 14 msecs (HTTP/1.1 200) 8 headers in 296 bytes (1 switches on core 0)
2026-04-17 03:15:47.710 8 INFO placement.requestlog [None req-f9a47561-52bd-4d8e-9000-0bd83af8a36b - - - - - -] 10.0.0.51 "GET /" status: 200 len: 136 microversion: 1.0
2026-04-17 03:15:47.710 7 INFO placement.requestlog [None req-40cd87fb-e911-4089-a59e-83a79176b88d - - - - - -] 10.0.0.51 "GET /" status: 200 len: 136 microversion: 1.0
2026-04-17 03:15:57.708 7 INFO placement.requestlog [None req-926269ad-b707-4b61-b1ca-367e9050d07e - - - - - -] 10.0.0.51 "GET /" status: 200 len: 136 microversion: 1.0
2026-04-17 03:15:57.708 8 INFO placement.requestlog [None req-7f517eb1-d91c-49e1-a806-5dea3941b15b - - - - - -] 10.0.0.51 "GET /" status: 200 len: 136 microversion: 1.0
2026-04-17 03:16:07.709 7 INFO placement.requestlog [None req-64103152-cf78-49ed-ad89-e2c48e753c05 - - - - - -] 10.0.0.51 "GET /" status: 200 len: 136 microversion: 1.0
2026-04-17 03:16:07.709 8 INFO placement.requestlog [None req-c9ec8942-f325-4ba6-a2ef-a201e136cad7 - - - - - -] 10.0.0.51 "GET /" status: 200 len: 136 microversion: 1.0
2026-04-17 03:16:14.264 8 INFO placement.requestlog [req-01aa6523-79a7-43d8-8b01-b7b67be712f5 req-ab28985b-c859-4833-9ef6-5e2161f95b5a 4836f0c07aca4686b1b8ce20f54f7f1a abbd63fb2c3843a2b156b98c20be7494 - - 386df8fdeb89435ba19a4e17b93652c2 386df8fdeb89435ba19a4e17b93652c2] 199.19.213.44 "GET /resource_providers/5fa32574-4577-4d5b-9f4b-8d7a80f73d19/allocations" status: 200 len: 440 microversion: 1.0 [pid: 8|app: 0|req: 413/821] 199.19.213.44 () {32 vars in 856 bytes} [Fri Apr 17 03:16:14 2026] GET /resource_providers/5fa32574-4577-4d5b-9f4b-8d7a80f73d19/allocations => generated 440 bytes in 21 msecs (HTTP/1.1 200) 6 headers in 224 bytes (1 switches on core 0)
2026-04-17 03:16:14.284 7 INFO placement.requestlog [req-01aa6523-79a7-43d8-8b01-b7b67be712f5 req-f704ce94-461b-436e-a0d4-dcc8f013ee6d 4836f0c07aca4686b1b8ce20f54f7f1a abbd63fb2c3843a2b156b98c20be7494 - - 386df8fdeb89435ba19a4e17b93652c2 386df8fdeb89435ba19a4e17b93652c2] 199.19.213.44 "GET /allocations/98fde414-db90-4716-921d-88ea0b72116f" status: 200 len: 245 microversion: 1.28 [pid: 7|app: 0|req: 409/822] 199.19.213.44 () {34 vars in 862 bytes} [Fri Apr 17 03:16:14 2026] GET /allocations/98fde414-db90-4716-921d-88ea0b72116f => generated 245 bytes in 13 msecs (HTTP/1.1 200) 8 headers in 296 bytes (1 switches on core 0)
2026-04-17 03:16:14.307 8 INFO placement.requestlog [req-01aa6523-79a7-43d8-8b01-b7b67be712f5 req-438ff73b-4d73-491d-9977-da762bb88dab 4836f0c07aca4686b1b8ce20f54f7f1a abbd63fb2c3843a2b156b98c20be7494 - - 386df8fdeb89435ba19a4e17b93652c2 386df8fdeb89435ba19a4e17b93652c2] 199.19.213.44 "GET /allocations/a7d0aec3-78c5-4342-b55d-24c450072672" status: 200 len: 258 microversion: 1.28 [pid: 8|app: 0|req: 414/823] 199.19.213.44 () {34 vars in 862 bytes} [Fri Apr 17 03:16:14 2026] GET /allocations/a7d0aec3-78c5-4342-b55d-24c450072672 => generated 258 bytes in 18 msecs (HTTP/1.1 200) 8 headers in 296 bytes (1 switches on core 0)
2026-04-17 03:16:14.324 7 INFO placement.requestlog [req-01aa6523-79a7-43d8-8b01-b7b67be712f5 req-25a40238-fb41-4944-8b63-05e0e548002c 4836f0c07aca4686b1b8ce20f54f7f1a abbd63fb2c3843a2b156b98c20be7494 - - 386df8fdeb89435ba19a4e17b93652c2 386df8fdeb89435ba19a4e17b93652c2] 199.19.213.44 "GET /allocations/c9fa4a5a-13c4-4ad9-a783-7b23620d02d9" status: 200 len: 258 microversion: 1.28 [pid: 7|app: 0|req: 410/824] 199.19.213.44 () {34 vars in 862 bytes} [Fri Apr 17 03:16:14 2026] GET /allocations/c9fa4a5a-13c4-4ad9-a783-7b23620d02d9 => generated 258 bytes in 12 msecs (HTTP/1.1 200) 8 headers in 296 bytes (1 switches on core 0)
2026-04-17 03:16:14.352 8 INFO placement.requestlog [req-01aa6523-79a7-43d8-8b01-b7b67be712f5 req-1ef4fbf1-b123-4536-b227-15b8938f391d 4836f0c07aca4686b1b8ce20f54f7f1a abbd63fb2c3843a2b156b98c20be7494 - - 386df8fdeb89435ba19a4e17b93652c2 386df8fdeb89435ba19a4e17b93652c2] 199.19.213.44 "GET /allocations/402bd367-9fc7-47ac-8d8d-a83fc3940923" status: 200 len: 258 microversion: 1.28 [pid: 8|app: 0|req: 415/825] 199.19.213.44 () {34 vars in 862 bytes} [Fri Apr 17 03:16:14 2026] GET /allocations/402bd367-9fc7-47ac-8d8d-a83fc3940923 => generated 258 bytes in 22 msecs (HTTP/1.1 200) 8 headers in 296 bytes (1 switches on core 0)
2026-04-17 03:16:15.406 7 INFO placement.requestlog [req-01aa6523-79a7-43d8-8b01-b7b67be712f5 req-ca3de811-1417-4b62-aceb-8a84c99682fb 4836f0c07aca4686b1b8ce20f54f7f1a abbd63fb2c3843a2b156b98c20be7494 - - 386df8fdeb89435ba19a4e17b93652c2 386df8fdeb89435ba19a4e17b93652c2] 199.19.213.44 "DELETE /allocations/c9fa4a5a-13c4-4ad9-a783-7b23620d02d9" status: 204 len: 0 microversion: 1.0 [pid: 7|app: 0|req: 411/826] 199.19.213.44 () {34 vars in 840 bytes} [Fri Apr 17 03:16:15 2026] DELETE /allocations/c9fa4a5a-13c4-4ad9-a783-7b23620d02d9 => generated 0 bytes in 25 msecs (HTTP/1.1 204) 5 headers in 198 bytes (1 switches on core 0)
2026-04-17 03:16:17.709 7 INFO placement.requestlog [None req-b3e218cc-d6e3-44e3-bc1c-95b1806bd6cf - - - - - -] 10.0.0.51 "GET /" status: 200 len: 136 microversion: 1.0
2026-04-17 03:16:17.710 8 INFO placement.requestlog [None req-5e971984-e7f0-4306-9891-985ecc2e6642 - - - - - -] 10.0.0.51 "GET /" status: 200 len: 136 microversion: 1.0
2026-04-17 03:16:19.564 8 INFO placement.requestlog [None req-606decfb-9a19-49dc-8b79-dce0c9a9fec3 a45afccbd47f4dd2ae602909ff41dfb0 abbd63fb2c3843a2b156b98c20be7494 - - 386df8fdeb89435ba19a4e17b93652c2 386df8fdeb89435ba19a4e17b93652c2] 10.0.0.203 "GET /resource_providers/58fb5d18-9ac8-44dc-8aee-08ea973a51dd/aggregates" status: 404 len: 235 microversion: 1.1
2026-04-17 03:16:19.564 7 INFO placement.requestlog [None req-be1415fd-860d-4ffb-892c-b5fae4e5ac52 a45afccbd47f4dd2ae602909ff41dfb0 abbd63fb2c3843a2b156b98c20be7494 - - 386df8fdeb89435ba19a4e17b93652c2 386df8fdeb89435ba19a4e17b93652c2] 10.0.0.203 "GET /resource_providers/58fb5d18-9ac8-44dc-8aee-08ea973a51dd/aggregates" status: 404 len: 235 microversion: 1.1 [pid: 8|app: 0|req: 417/829] 10.0.0.203 () {32 vars in 816 bytes} [Fri Apr 17 03:16:19 2026] GET /resource_providers/58fb5d18-9ac8-44dc-8aee-08ea973a51dd/aggregates => generated 235 bytes in 70 msecs (HTTP/1.1 404) 5 headers in 202 bytes (1 switches on core 0) [pid: 7|app: 0|req: 413/830] 10.0.0.203 () {32 vars in 816 bytes} [Fri Apr 17 03:16:19 2026] GET /resource_providers/58fb5d18-9ac8-44dc-8aee-08ea973a51dd/aggregates => generated 235 bytes in 74 msecs (HTTP/1.1 404) 5 headers in 202 bytes (1 switches on core 0)
2026-04-17 03:16:19.606 8 INFO placement.requestlog [None req-34e25e13-76b7-45f4-ac78-32000d50ffbb a45afccbd47f4dd2ae602909ff41dfb0 abbd63fb2c3843a2b156b98c20be7494 - - 386df8fdeb89435ba19a4e17b93652c2 386df8fdeb89435ba19a4e17b93652c2] 10.0.0.203 "DELETE /resource_providers/58fb5d18-9ac8-44dc-8aee-08ea973a51dd" status: 404 len: 246 microversion: 1.1 [pid: 8|app: 0|req: 418/831] 10.0.0.203 () {34 vars in 816 bytes} [Fri Apr 17 03:16:19 2026] DELETE /resource_providers/58fb5d18-9ac8-44dc-8aee-08ea973a51dd => generated 246 bytes in 20 msecs (HTTP/1.1 404) 6 headers in 231 bytes (1 switches on core 0)
2026-04-17 03:16:19.612 7 INFO placement.requestlog [None req-3ff6a6ab-3e43-4f51-806b-e15bb67be428 a45afccbd47f4dd2ae602909ff41dfb0 abbd63fb2c3843a2b156b98c20be7494 - - 386df8fdeb89435ba19a4e17b93652c2 386df8fdeb89435ba19a4e17b93652c2] 10.0.0.203 "DELETE /resource_providers/58fb5d18-9ac8-44dc-8aee-08ea973a51dd" status: 404 len: 246 microversion: 1.1 [pid: 7|app: 0|req: 414/832] 10.0.0.203 () {34 vars in 816 bytes} [Fri Apr 17 03:16:19 2026] DELETE /resource_providers/58fb5d18-9ac8-44dc-8aee-08ea973a51dd => generated 246 bytes in 16 msecs (HTTP/1.1 404) 6 headers in 231 bytes (1 switches on core 0)
2026-04-17 03:16:21.638 8 INFO placement.requestlog [None req-5b527518-d9fc-40cb-bfdf-39aae897b927 a45afccbd47f4dd2ae602909ff41dfb0 abbd63fb2c3843a2b156b98c20be7494 - - 386df8fdeb89435ba19a4e17b93652c2 386df8fdeb89435ba19a4e17b93652c2] 10.0.0.203 "GET /resource_providers/47ec9691-ff5e-4d41-8ac3-281bcbb08c24/aggregates" status: 404 len: 235 microversion: 1.1 [pid: 8|app: 0|req: 419/833] 10.0.0.203 () {32 vars in 816 bytes} [Fri Apr 17 03:16:21 2026] GET /resource_providers/47ec9691-ff5e-4d41-8ac3-281bcbb08c24/aggregates => generated 235 bytes in 16 msecs (HTTP/1.1 404) 5 headers in 202 bytes (1 switches on core 0)
2026-04-17 03:16:21.651 7 INFO placement.requestlog [None req-04b68707-4e26-4d78-a26f-580b8232d3d0 a45afccbd47f4dd2ae602909ff41dfb0 abbd63fb2c3843a2b156b98c20be7494 - - 386df8fdeb89435ba19a4e17b93652c2 386df8fdeb89435ba19a4e17b93652c2] 10.0.0.203 "GET /resource_providers/47ec9691-ff5e-4d41-8ac3-281bcbb08c24/aggregates" status: 404 len: 235 microversion: 1.1 [pid: 7|app: 0|req: 415/834] 10.0.0.203 () {32 vars in 816 bytes} [Fri Apr 17 03:16:21 2026] GET /resource_providers/47ec9691-ff5e-4d41-8ac3-281bcbb08c24/aggregates => generated 235 bytes in 18 msecs (HTTP/1.1 404) 5 headers in 202 bytes (1 switches on core 0)
2026-04-17 03:16:21.661 8 INFO placement.requestlog [None req-7d5c72e8-dabe-4517-a69e-c6ed7fd8ef14 a45afccbd47f4dd2ae602909ff41dfb0 abbd63fb2c3843a2b156b98c20be7494 - - 386df8fdeb89435ba19a4e17b93652c2 386df8fdeb89435ba19a4e17b93652c2] 10.0.0.203 "DELETE /resource_providers/47ec9691-ff5e-4d41-8ac3-281bcbb08c24" status: 404 len: 246 microversion: 1.1 [pid: 8|app: 0|req: 420/835] 10.0.0.203 () {34 vars in 816 bytes} [Fri Apr 17 03:16:21 2026] DELETE /resource_providers/47ec9691-ff5e-4d41-8ac3-281bcbb08c24 => generated 246 bytes in 14 msecs (HTTP/1.1 404) 6 headers in 231 bytes (1 switches on core 0)
2026-04-17 03:16:21.678 7 INFO placement.requestlog [None req-85caeb27-a7ef-482d-aca0-b01f638a2421 a45afccbd47f4dd2ae602909ff41dfb0 abbd63fb2c3843a2b156b98c20be7494 - - 386df8fdeb89435ba19a4e17b93652c2 386df8fdeb89435ba19a4e17b93652c2] 10.0.0.203 "DELETE /resource_providers/47ec9691-ff5e-4d41-8ac3-281bcbb08c24" status: 404 len: 246 microversion: 1.1 [pid: 7|app: 0|req: 416/836] 10.0.0.203 () {34 vars in 816 bytes} [Fri Apr 17 03:16:21 2026] DELETE /resource_providers/47ec9691-ff5e-4d41-8ac3-281bcbb08c24 => generated 246 bytes in 11 msecs (HTTP/1.1 404) 6 headers in 231 bytes (1 switches on core 0)
2026-04-17 03:16:22.334 7 INFO placement.requestlog [None req-6ac21049-637c-4886-a3db-8f662944284c a45afccbd47f4dd2ae602909ff41dfb0 abbd63fb2c3843a2b156b98c20be7494 - - 386df8fdeb89435ba19a4e17b93652c2 386df8fdeb89435ba19a4e17b93652c2] 10.0.0.203 "GET /resource_providers/7827d674-48a4-4797-81a6-25d94542dde3/aggregates" status: 404 len: 235 microversion: 1.1 [pid: 7|app: 0|req: 417/837] 10.0.0.203 () {32 vars in 816 bytes} [Fri Apr 17 03:16:22 2026] GET /resource_providers/7827d674-48a4-4797-81a6-25d94542dde3/aggregates => generated 235 bytes in 11 msecs (HTTP/1.1 404) 5 headers in 202 bytes (1 switches on core 0)
2026-04-17 03:16:22.341 8 INFO placement.requestlog [None req-12ec7452-5ce8-4084-9aee-6af2014e850f a45afccbd47f4dd2ae602909ff41dfb0 abbd63fb2c3843a2b156b98c20be7494 - - 386df8fdeb89435ba19a4e17b93652c2 386df8fdeb89435ba19a4e17b93652c2] 10.0.0.203 "GET /resource_providers/7827d674-48a4-4797-81a6-25d94542dde3/aggregates" status: 404 len: 235 microversion: 1.1 [pid: 8|app: 0|req: 421/838] 10.0.0.203 () {32 vars in 816 bytes} [Fri Apr 17 03:16:22 2026] GET /resource_providers/7827d674-48a4-4797-81a6-25d94542dde3/aggregates => generated 235 bytes in 18 msecs (HTTP/1.1 404) 5 headers in 202 bytes (1 switches on core 0)
2026-04-17 03:16:22.361 7 INFO placement.requestlog [None req-416a8945-5952-4a8a-8d18-8e689a4676fa a45afccbd47f4dd2ae602909ff41dfb0 abbd63fb2c3843a2b156b98c20be7494 - - 386df8fdeb89435ba19a4e17b93652c2 386df8fdeb89435ba19a4e17b93652c2] 10.0.0.203 "DELETE /resource_providers/7827d674-48a4-4797-81a6-25d94542dde3" status: 404 len: 246 microversion: 1.1 [pid: 7|app: 0|req: 418/839] 10.0.0.203 () {34 vars in 816 bytes} [Fri Apr 17 03:16:22 2026] DELETE /resource_providers/7827d674-48a4-4797-81a6-25d94542dde3 => generated 246 bytes in 9 msecs (HTTP/1.1 404) 6 headers in 231 bytes (1 switches on core 0)
2026-04-17 03:16:22.369 8 INFO placement.requestlog [None req-23a81bff-8402-4bd6-8501-b9e734b8e3ee a45afccbd47f4dd2ae602909ff41dfb0 abbd63fb2c3843a2b156b98c20be7494 - - 386df8fdeb89435ba19a4e17b93652c2 386df8fdeb89435ba19a4e17b93652c2] 10.0.0.203 "DELETE /resource_providers/7827d674-48a4-4797-81a6-25d94542dde3" status: 404 len: 246 microversion: 1.1 [pid: 8|app: 0|req: 422/840] 10.0.0.203 () {34 vars in 816 bytes} [Fri Apr 17 03:16:22 2026] DELETE /resource_providers/7827d674-48a4-4797-81a6-25d94542dde3 => generated 246 bytes in 16 msecs (HTTP/1.1 404) 6 headers in 231 bytes (1 switches on core 0)
2026-04-17 03:16:24.388 7 INFO placement.requestlog [None req-1e3b718f-441e-4b00-87c3-0fa60b92a560 a45afccbd47f4dd2ae602909ff41dfb0 abbd63fb2c3843a2b156b98c20be7494 - - 386df8fdeb89435ba19a4e17b93652c2 386df8fdeb89435ba19a4e17b93652c2] 10.0.0.203 "GET /resource_providers/03de8540-366e-45e2-b648-8e0fbbab07e3/aggregates" status: 404 len: 235 microversion: 1.1 [pid: 7|app: 0|req: 419/841] 10.0.0.203 () {32 vars in 816 bytes} [Fri Apr 17 03:16:24 2026] GET /resource_providers/03de8540-366e-45e2-b648-8e0fbbab07e3/aggregates => generated 235 bytes in 13 msecs (HTTP/1.1 404) 5 headers in 202 bytes (1 switches on core 0)
2026-04-17 03:16:24.403 8 INFO placement.requestlog [None req-d8a18c5b-9faf-4f51-9eac-a14ec78fa555 a45afccbd47f4dd2ae602909ff41dfb0 abbd63fb2c3843a2b156b98c20be7494 - - 386df8fdeb89435ba19a4e17b93652c2 386df8fdeb89435ba19a4e17b93652c2] 10.0.0.203 "GET /resource_providers/03de8540-366e-45e2-b648-8e0fbbab07e3/aggregates" status: 404 len: 235 microversion: 1.1 [pid: 8|app: 0|req: 423/842] 10.0.0.203 () {32 vars in 816 bytes} [Fri Apr 17 03:16:24 2026] GET /resource_providers/03de8540-366e-45e2-b648-8e0fbbab07e3/aggregates => generated 235 bytes in 24 msecs (HTTP/1.1 404) 5 headers in 202 bytes (1 switches on core 0)
