2026-04-07 01:15:56.630 7 INFO placement.requestlog [None req-0e235dba-8c4b-4e5b-9610-b8a5169daf26 b3779f8512584d7b86f8a0b51789f8df 93c0e08e55b04732ba51f540906e7151 - - 0c9421973ae24540a2c6aaf1bcc12486 0c9421973ae24540a2c6aaf1bcc12486] 10.0.0.41 "GET /resource_providers/8ba6b47f-bbc9-41e0-ae75-8a416c759bb6/aggregates" status: 404 len: 235 microversion: 1.1 [pid: 7|app: 0|req: 457/915] 10.0.0.41 () {32 vars in 815 bytes} [Tue Apr 7 01:15:56 2026] GET /resource_providers/8ba6b47f-bbc9-41e0-ae75-8a416c759bb6/aggregates => generated 235 bytes in 8 msecs (HTTP/1.1 404) 5 headers in 202 bytes (1 switches on core 0)
2026-04-07 01:15:56.646 8 INFO placement.requestlog [None req-b1baec47-bd23-4e48-8cff-deb3cf2c1f53 b3779f8512584d7b86f8a0b51789f8df 93c0e08e55b04732ba51f540906e7151 - - 0c9421973ae24540a2c6aaf1bcc12486 0c9421973ae24540a2c6aaf1bcc12486] 10.0.0.41 "GET /resource_providers/8ba6b47f-bbc9-41e0-ae75-8a416c759bb6/aggregates" status: 404 len: 235 microversion: 1.1 [pid: 8|app: 0|req: 459/916] 10.0.0.41 () {32 vars in 815 bytes} [Tue Apr 7 01:15:56 2026] GET /resource_providers/8ba6b47f-bbc9-41e0-ae75-8a416c759bb6/aggregates => generated 235 bytes in 9 msecs (HTTP/1.1 404) 5 headers in 202 bytes (1 switches on core 0)
2026-04-07 01:15:56.648 7 INFO placement.requestlog [None req-7b95c1ab-dde4-45fa-9394-e35ea17c5be8 b3779f8512584d7b86f8a0b51789f8df 93c0e08e55b04732ba51f540906e7151 - - 0c9421973ae24540a2c6aaf1bcc12486 0c9421973ae24540a2c6aaf1bcc12486] 10.0.0.41 "DELETE /resource_providers/8ba6b47f-bbc9-41e0-ae75-8a416c759bb6" status: 404 len: 246 microversion: 1.1 [pid: 7|app: 0|req: 458/917] 10.0.0.41 () {34 vars in 815 bytes} [Tue Apr 7 01:15:56 2026] DELETE /resource_providers/8ba6b47f-bbc9-41e0-ae75-8a416c759bb6 => generated 246 bytes in 9 msecs (HTTP/1.1 404) 6 headers in 231 bytes (1 switches on core 0)
2026-04-07 01:15:56.653 8 INFO placement.requestlog [req-8cd49a72-6b79-47ad-9642-c65660781160 req-c155ca35-f228-490c-aa9b-de55b5776717 477de9f882514802be4ca4e545a30c4c 93c0e08e55b04732ba51f540906e7151 - - 0c9421973ae24540a2c6aaf1bcc12486 0c9421973ae24540a2c6aaf1bcc12486] 10.0.0.44 "GET /allocations/e6e8998b-dd5b-4dc0-b18c-2951ed4a8ff1" status: 200 len: 19 microversion: 1.28 [pid: 8|app: 0|req: 460/918] 10.0.0.44 () {34 vars in 860 bytes} [Tue Apr 7 01:15:56 2026] GET /allocations/e6e8998b-dd5b-4dc0-b18c-2951ed4a8ff1 => generated 19 bytes in 7 msecs (HTTP/1.1 200) 8 headers in 295 bytes (1 switches on core 0)
2026-04-07 01:15:56.658 7 INFO placement.requestlog [None req-e3aed991-0fd9-4a45-a90c-3a34d94127f5 b3779f8512584d7b86f8a0b51789f8df 93c0e08e55b04732ba51f540906e7151 - - 0c9421973ae24540a2c6aaf1bcc12486 0c9421973ae24540a2c6aaf1bcc12486] 10.0.0.41 "DELETE /resource_providers/8ba6b47f-bbc9-41e0-ae75-8a416c759bb6" status: 404 len: 246 microversion: 1.1 [pid: 7|app: 0|req: 459/919] 10.0.0.41 () {34 vars in 815 bytes} [Tue Apr 7 01:15:56 2026] DELETE /resource_providers/8ba6b47f-bbc9-41e0-ae75-8a416c759bb6 => generated 246 bytes in 4 msecs (HTTP/1.1 404) 6 headers in 231 bytes (1 switches on core 0)
2026-04-07 01:15:56.715 8 INFO placement.requestlog [req-8cd49a72-6b79-47ad-9642-c65660781160 req-a43c7bea-1f5a-4cfc-8c59-457bab49c9e2 477de9f882514802be4ca4e545a30c4c 93c0e08e55b04732ba51f540906e7151 - - 0c9421973ae24540a2c6aaf1bcc12486 0c9421973ae24540a2c6aaf1bcc12486] 10.0.0.44 "PUT /allocations/e6e8998b-dd5b-4dc0-b18c-2951ed4a8ff1" status: 204 len: 0 microversion: 1.36 [pid: 8|app: 0|req: 461/920] 10.0.0.44 () {38 vars in 913 bytes} [Tue Apr 7 01:15:56 2026] PUT /allocations/e6e8998b-dd5b-4dc0-b18c-2951ed4a8ff1 => generated 0 bytes in 57 msecs (HTTP/1.1 204) 5 headers in 199 bytes (1 switches on core 0)
2026-04-07 01:15:58.217 7 INFO placement.requestlog [req-8cd49a72-6b79-47ad-9642-c65660781160 req-0eb79301-d028-47e5-8cf7-90365cf809c6 477de9f882514802be4ca4e545a30c4c 93c0e08e55b04732ba51f540906e7151 - - 0c9421973ae24540a2c6aaf1bcc12486 0c9421973ae24540a2c6aaf1bcc12486] 199.204.45.140 "GET /allocations/e6e8998b-dd5b-4dc0-b18c-2951ed4a8ff1" status: 200 len: 258 microversion: 1.28 [pid: 7|app: 0|req: 460/921] 199.204.45.140 () {34 vars in 863 bytes} [Tue Apr 7 01:15:58 2026] GET /allocations/e6e8998b-dd5b-4dc0-b18c-2951ed4a8ff1 => generated 258 bytes in 19 msecs (HTTP/1.1 200) 8 headers in 296 bytes (1 switches on core 0)
2026-04-07 01:15:59.278 8 INFO placement.requestlog [req-8cd49a72-6b79-47ad-9642-c65660781160 req-d4783688-ab0d-4607-bdbd-aa78190ef8e9 477de9f882514802be4ca4e545a30c4c 93c0e08e55b04732ba51f540906e7151 - - 0c9421973ae24540a2c6aaf1bcc12486 0c9421973ae24540a2c6aaf1bcc12486] 199.204.45.140 "GET /resource_providers/b28c6e35-beb3-44c4-9201-9c71f40898ab/allocations" status: 200 len: 553 microversion: 1.0 [pid: 8|app: 0|req: 462/922] 199.204.45.140 () {32 vars in 857 bytes} [Tue Apr 7 01:15:59 2026] GET /resource_providers/b28c6e35-beb3-44c4-9201-9c71f40898ab/allocations => generated 553 bytes in 24 msecs (HTTP/1.1 200) 6 headers in 224 bytes (1 switches on core 0)
2026-04-07 01:15:59.304 7 INFO placement.requestlog [req-8cd49a72-6b79-47ad-9642-c65660781160 req-d69a9f8c-4b93-42a3-bf03-8184ce77dd03 477de9f882514802be4ca4e545a30c4c 93c0e08e55b04732ba51f540906e7151 - - 0c9421973ae24540a2c6aaf1bcc12486 0c9421973ae24540a2c6aaf1bcc12486] 199.204.45.140 "GET /allocations/0b5e957e-b21c-474e-8ee3-9f3517150912" status: 200 len: 258 microversion: 1.28 [pid: 7|app: 0|req: 461/923] 199.204.45.140 () {34 vars in 863 bytes} [Tue Apr 7 01:15:59 2026] GET /allocations/0b5e957e-b21c-474e-8ee3-9f3517150912 => generated 258 bytes in 16 msecs (HTTP/1.1 200) 8 headers in 296 bytes (1 switches on core 0)
2026-04-07 01:15:59.340 8 INFO placement.requestlog [req-8cd49a72-6b79-47ad-9642-c65660781160 req-cc61ec47-9d4e-43bf-9a08-98a675e06aa1 477de9f882514802be4ca4e545a30c4c 93c0e08e55b04732ba51f540906e7151 - - 0c9421973ae24540a2c6aaf1bcc12486 0c9421973ae24540a2c6aaf1bcc12486] 199.204.45.140 "GET /allocations/aae2dbf7-6634-4b0b-a68b-694ee398bc48" status: 200 len: 258 microversion: 1.28 [pid: 8|app: 0|req: 463/924] 199.204.45.140 () {34 vars in 863 bytes} [Tue Apr 7 01:15:59 2026] GET /allocations/aae2dbf7-6634-4b0b-a68b-694ee398bc48 => generated 258 bytes in 26 msecs (HTTP/1.1 200) 8 headers in 296 bytes (1 switches on core 0)
2026-04-07 01:15:59.363 7 INFO placement.requestlog [req-8cd49a72-6b79-47ad-9642-c65660781160 req-1bab5e61-91e8-4f4b-8163-3c365ee9b5cc 477de9f882514802be4ca4e545a30c4c 93c0e08e55b04732ba51f540906e7151 - - 0c9421973ae24540a2c6aaf1bcc12486 0c9421973ae24540a2c6aaf1bcc12486] 199.204.45.140 "GET /allocations/e6e8998b-dd5b-4dc0-b18c-2951ed4a8ff1" status: 200 len: 258 microversion: 1.28 [pid: 7|app: 0|req: 462/925] 199.204.45.140 () {34 vars in 863 bytes} [Tue Apr 7 01:15:59 2026] GET /allocations/e6e8998b-dd5b-4dc0-b18c-2951ed4a8ff1 => generated 258 bytes in 15 msecs (HTTP/1.1 200) 8 headers in 296 bytes (1 switches on core 0)
2026-04-07 01:15:59.379 8 INFO placement.requestlog [req-8cd49a72-6b79-47ad-9642-c65660781160 req-b1e0ad1e-4647-40eb-9ca0-ccde7e757cbe 477de9f882514802be4ca4e545a30c4c 93c0e08e55b04732ba51f540906e7151 - - 0c9421973ae24540a2c6aaf1bcc12486 0c9421973ae24540a2c6aaf1bcc12486] 199.204.45.140 "GET /allocations/a8cdbca8-32ee-45ba-b2d9-13c70e34356c" status: 200 len: 258 microversion: 1.28 [pid: 8|app: 0|req: 464/926] 199.204.45.140 () {34 vars in 863 bytes} [Tue Apr 7 01:15:59 2026] GET /allocations/a8cdbca8-32ee-45ba-b2d9-13c70e34356c => generated 258 bytes in 11 msecs (HTTP/1.1 200) 8 headers in 296 bytes (1 switches on core 0)
2026-04-07 01:15:59.405 7 INFO placement.requestlog [req-8cd49a72-6b79-47ad-9642-c65660781160 req-04cb5d1c-6bf4-40c4-b7f9-d07cbec09c1a 477de9f882514802be4ca4e545a30c4c 93c0e08e55b04732ba51f540906e7151 - - 0c9421973ae24540a2c6aaf1bcc12486 0c9421973ae24540a2c6aaf1bcc12486] 199.204.45.140 "GET /allocations/689a08de-312e-432f-9388-6c6d681103fa" status: 200 len: 258 microversion: 1.28 [pid: 7|app: 0|req: 463/927] 199.204.45.140 () {34 vars in 863 bytes} [Tue Apr 7 01:15:59 2026] GET /allocations/689a08de-312e-432f-9388-6c6d681103fa => generated 258 bytes in 21 msecs (HTTP/1.1 200) 8 headers in 296 bytes (1 switches on core 0)
2026-04-07 01:16:01.934 8 INFO placement.requestlog [None req-6002435f-97c1-4c79-ab69-b260e111df43 - - - - - -] 10.0.0.102 "GET /" status: 200 len: 136 microversion: 1.0
2026-04-07 01:16:01.935 7 INFO placement.requestlog [None req-e3051ce5-b099-4b45-a723-9dee4f06721d - - - - - -] 10.0.0.102 "GET /" status: 200 len: 136 microversion: 1.0
2026-04-07 01:16:04.529 8 INFO placement.requestlog [req-d3aad3f2-3da3-430b-9ca0-63ef02e030bb req-107b1190-41a8-4b26-ad3e-7dc4daaa799a 477de9f882514802be4ca4e545a30c4c 93c0e08e55b04732ba51f540906e7151 - - 0c9421973ae24540a2c6aaf1bcc12486 0c9421973ae24540a2c6aaf1bcc12486] 199.204.45.140 "GET /resource_providers/b28c6e35-beb3-44c4-9201-9c71f40898ab/allocations" status: 200 len: 553 microversion: 1.0 [pid: 8|app: 0|req: 466/930] 199.204.45.140 () {32 vars in 857 bytes} [Tue Apr 7 01:16:04 2026] GET /resource_providers/b28c6e35-beb3-44c4-9201-9c71f40898ab/allocations => generated 553 bytes in 17 msecs (HTTP/1.1 200) 6 headers in 224 bytes (1 switches on core 0)
2026-04-07 01:16:04.551 7 INFO placement.requestlog [req-d3aad3f2-3da3-430b-9ca0-63ef02e030bb req-43951039-3e00-445b-a610-dfe62f6691b4 477de9f882514802be4ca4e545a30c4c 93c0e08e55b04732ba51f540906e7151 - - 0c9421973ae24540a2c6aaf1bcc12486 0c9421973ae24540a2c6aaf1bcc12486] 199.204.45.140 "GET /allocations/0b5e957e-b21c-474e-8ee3-9f3517150912" status: 200 len: 258 microversion: 1.28 [pid: 7|app: 0|req: 465/931] 199.204.45.140 () {34 vars in 863 bytes} [Tue Apr 7 01:16:04 2026] GET /allocations/0b5e957e-b21c-474e-8ee3-9f3517150912 => generated 258 bytes in 16 msecs (HTTP/1.1 200) 8 headers in 296 bytes (1 switches on core 0)
2026-04-07 01:16:04.573 8 INFO placement.requestlog [req-d3aad3f2-3da3-430b-9ca0-63ef02e030bb req-03fdc27e-458a-457c-b785-e1ef5b453f6a 477de9f882514802be4ca4e545a30c4c 93c0e08e55b04732ba51f540906e7151 - - 0c9421973ae24540a2c6aaf1bcc12486 0c9421973ae24540a2c6aaf1bcc12486] 199.204.45.140 "GET /allocations/aae2dbf7-6634-4b0b-a68b-694ee398bc48" status: 200 len: 258 microversion: 1.28 [pid: 8|app: 0|req: 467/932] 199.204.45.140 () {34 vars in 863 bytes} [Tue Apr 7 01:16:04 2026] GET /allocations/aae2dbf7-6634-4b0b-a68b-694ee398bc48 => generated 258 bytes in 16 msecs (HTTP/1.1 200) 8 headers in 296 bytes (1 switches on core 0)
2026-04-07 01:16:04.599 7 INFO placement.requestlog [req-d3aad3f2-3da3-430b-9ca0-63ef02e030bb req-12148c29-27d0-4072-a1a0-6d2c3a5ef27f 477de9f882514802be4ca4e545a30c4c 93c0e08e55b04732ba51f540906e7151 - - 0c9421973ae24540a2c6aaf1bcc12486 0c9421973ae24540a2c6aaf1bcc12486] 199.204.45.140 "GET /allocations/e6e8998b-dd5b-4dc0-b18c-2951ed4a8ff1" status: 200 len: 258 microversion: 1.28 [pid: 7|app: 0|req: 466/933] 199.204.45.140 () {34 vars in 863 bytes} [Tue Apr 7 01:16:04 2026] GET /allocations/e6e8998b-dd5b-4dc0-b18c-2951ed4a8ff1 => generated 258 bytes in 16 msecs (HTTP/1.1 200) 8 headers in 296 bytes (1 switches on core 0)
2026-04-07 01:16:04.622 8 INFO placement.requestlog [req-d3aad3f2-3da3-430b-9ca0-63ef02e030bb req-7193e4f1-5b9f-4dc1-bcb9-d52ce31cf796 477de9f882514802be4ca4e545a30c4c 93c0e08e55b04732ba51f540906e7151 - - 0c9421973ae24540a2c6aaf1bcc12486 0c9421973ae24540a2c6aaf1bcc12486] 199.204.45.140 "GET /allocations/a8cdbca8-32ee-45ba-b2d9-13c70e34356c" status: 200 len: 258 microversion: 1.28 [pid: 8|app: 0|req: 468/934] 199.204.45.140 () {34 vars in 863 bytes} [Tue Apr 7 01:16:04 2026] GET /allocations/a8cdbca8-32ee-45ba-b2d9-13c70e34356c => generated 258 bytes in 13 msecs (HTTP/1.1 200) 8 headers in 296 bytes (1 switches on core 0)
2026-04-07 01:16:04.648 7 INFO placement.requestlog [req-d3aad3f2-3da3-430b-9ca0-63ef02e030bb req-28c3b54d-ae8b-42d8-ae73-cf8ad8b7126e 477de9f882514802be4ca4e545a30c4c 93c0e08e55b04732ba51f540906e7151 - - 0c9421973ae24540a2c6aaf1bcc12486 0c9421973ae24540a2c6aaf1bcc12486] 199.204.45.140 "GET /allocations/689a08de-312e-432f-9388-6c6d681103fa" status: 200 len: 258 microversion: 1.28 [pid: 7|app: 0|req: 467/935] 199.204.45.140 () {34 vars in 863 bytes} [Tue Apr 7 01:16:04 2026] GET /allocations/689a08de-312e-432f-9388-6c6d681103fa => generated 258 bytes in 14 msecs (HTTP/1.1 200) 8 headers in 296 bytes (1 switches on core 0)
2026-04-07 01:16:05.076 8 INFO placement.requestlog [None req-72eca635-0eb4-460b-bc5c-18128b41f279 b3779f8512584d7b86f8a0b51789f8df 93c0e08e55b04732ba51f540906e7151 - - 0c9421973ae24540a2c6aaf1bcc12486 0c9421973ae24540a2c6aaf1bcc12486] 10.0.0.41 "GET /resource_providers/d04bed78-d48a-468c-8115-f7f11ea56e2b/aggregates" status: 404 len: 235 microversion: 1.1 [pid: 8|app: 0|req: 469/936] 10.0.0.41 () {32 vars in 815 bytes} [Tue Apr 7 01:16:05 2026] GET /resource_providers/d04bed78-d48a-468c-8115-f7f11ea56e2b/aggregates => generated 235 bytes in 16 msecs (HTTP/1.1 404) 5 headers in 202 bytes (1 switches on core 0)
2026-04-07 01:16:05.078 7 INFO placement.requestlog [None req-d5550dbf-cf63-4f61-a5a6-4187e876b0e9 b3779f8512584d7b86f8a0b51789f8df 93c0e08e55b04732ba51f540906e7151 - - 0c9421973ae24540a2c6aaf1bcc12486 0c9421973ae24540a2c6aaf1bcc12486] 10.0.0.41 "GET /resource_providers/d04bed78-d48a-468c-8115-f7f11ea56e2b/aggregates" status: 404 len: 235 microversion: 1.1 [pid: 7|app: 0|req: 468/937] 10.0.0.41 () {32 vars in 815 bytes} [Tue Apr 7 01:16:05 2026] GET /resource_providers/d04bed78-d48a-468c-8115-f7f11ea56e2b/aggregates => generated 235 bytes in 11 msecs (HTTP/1.1 404) 5 headers in 202 bytes (1 switches on core 0)
2026-04-07 01:16:05.106 7 INFO placement.requestlog [None req-cad81607-c3ea-4c34-9e03-df485e26adb6 b3779f8512584d7b86f8a0b51789f8df 93c0e08e55b04732ba51f540906e7151 - - 0c9421973ae24540a2c6aaf1bcc12486 0c9421973ae24540a2c6aaf1bcc12486] 10.0.0.41 "DELETE /resource_providers/d04bed78-d48a-468c-8115-f7f11ea56e2b" status: 404 len: 246 microversion: 1.1 [pid: 7|app: 0|req: 469/938] 10.0.0.41 () {34 vars in 815 bytes} [Tue Apr 7 01:16:05 2026] DELETE /resource_providers/d04bed78-d48a-468c-8115-f7f11ea56e2b => generated 246 bytes in 6 msecs (HTTP/1.1 404) 6 headers in 231 bytes (1 switches on core 0)
2026-04-07 01:16:05.111 8 INFO placement.requestlog [None req-c4d58e78-5e6b-4bc6-aa8f-05209dc1db8a b3779f8512584d7b86f8a0b51789f8df 93c0e08e55b04732ba51f540906e7151 - - 0c9421973ae24540a2c6aaf1bcc12486 0c9421973ae24540a2c6aaf1bcc12486] 10.0.0.41 "DELETE /resource_providers/d04bed78-d48a-468c-8115-f7f11ea56e2b" status: 404 len: 246 microversion: 1.1 [pid: 8|app: 0|req: 470/939] 10.0.0.41 () {34 vars in 815 bytes} [Tue Apr 7 01:16:05 2026] DELETE /resource_providers/d04bed78-d48a-468c-8115-f7f11ea56e2b => generated 246 bytes in 12 msecs (HTTP/1.1 404) 6 headers in 231 bytes (1 switches on core 0)
2026-04-07 01:16:05.710 7 INFO placement.requestlog [req-d3aad3f2-3da3-430b-9ca0-63ef02e030bb req-9fcb79dc-3b87-452a-aa35-1f5f397843cc 477de9f882514802be4ca4e545a30c4c 93c0e08e55b04732ba51f540906e7151 - - 0c9421973ae24540a2c6aaf1bcc12486 0c9421973ae24540a2c6aaf1bcc12486] 199.204.45.140 "DELETE /allocations/0b5e957e-b21c-474e-8ee3-9f3517150912" status: 204 len: 0 microversion: 1.0 [pid: 7|app: 0|req: 470/940] 199.204.45.140 () {34 vars in 841 bytes} [Tue Apr 7 01:16:05 2026] DELETE /allocations/0b5e957e-b21c-474e-8ee3-9f3517150912 => generated 0 bytes in 38 msecs (HTTP/1.1 204) 5 headers in 198 bytes (1 switches on core 0)
2026-04-07 01:16:10.609 8 INFO placement.requestlog [None req-28d8a047-d265-43f8-abfc-cb4a6af9bbed b3779f8512584d7b86f8a0b51789f8df 93c0e08e55b04732ba51f540906e7151 - - 0c9421973ae24540a2c6aaf1bcc12486 0c9421973ae24540a2c6aaf1bcc12486] 10.0.0.41 "GET /resource_providers/7c8ed420-9e05-437e-bb24-48339f1e65ab/aggregates" status: 404 len: 235 microversion: 1.1 [pid: 8|app: 0|req: 471/941] 10.0.0.41 () {32 vars in 815 bytes} [Tue Apr 7 01:16:10 2026] GET /resource_providers/7c8ed420-9e05-437e-bb24-48339f1e65ab/aggregates => generated 235 bytes in 10 msecs (HTTP/1.1 404) 5 headers in 202 bytes (1 switches on core 0)
2026-04-07 01:16:10.612 7 INFO placement.requestlog [None req-60526eb2-ff37-4950-a19c-26a053b7d2a7 b3779f8512584d7b86f8a0b51789f8df 93c0e08e55b04732ba51f540906e7151 - - 0c9421973ae24540a2c6aaf1bcc12486 0c9421973ae24540a2c6aaf1bcc12486] 10.0.0.41 "GET /resource_providers/7c8ed420-9e05-437e-bb24-48339f1e65ab/aggregates" status: 404 len: 235 microversion: 1.1 [pid: 7|app: 0|req: 471/942] 10.0.0.41 () {32 vars in 815 bytes} [Tue Apr 7 01:16:10 2026] GET /resource_providers/7c8ed420-9e05-437e-bb24-48339f1e65ab/aggregates => generated 235 bytes in 11 msecs (HTTP/1.1 404) 5 headers in 202 bytes (1 switches on core 0)
2026-04-07 01:16:10.628 8 INFO placement.requestlog [None req-f8814567-6957-4bbe-b7bd-b268be7737d5 b3779f8512584d7b86f8a0b51789f8df 93c0e08e55b04732ba51f540906e7151 - - 0c9421973ae24540a2c6aaf1bcc12486 0c9421973ae24540a2c6aaf1bcc12486] 10.0.0.41 "DELETE /resource_providers/7c8ed420-9e05-437e-bb24-48339f1e65ab" status: 404 len: 246 microversion: 1.1 [pid: 8|app: 0|req: 472/943] 10.0.0.41 () {34 vars in 815 bytes} [Tue Apr 7 01:16:10 2026] DELETE /resource_providers/7c8ed420-9e05-437e-bb24-48339f1e65ab => generated 246 bytes in 7 msecs (HTTP/1.1 404) 6 headers in 231 bytes (1 switches on core 0)
2026-04-07 01:16:10.650 7 INFO placement.requestlog [None req-3dcb3c9a-ccfa-43ac-85e6-295530115693 b3779f8512584d7b86f8a0b51789f8df 93c0e08e55b04732ba51f540906e7151 - - 0c9421973ae24540a2c6aaf1bcc12486 0c9421973ae24540a2c6aaf1bcc12486] 10.0.0.41 "DELETE /resource_providers/7c8ed420-9e05-437e-bb24-48339f1e65ab" status: 404 len: 246 microversion: 1.1 [pid: 7|app: 0|req: 472/944] 10.0.0.41 () {34 vars in 815 bytes} [Tue Apr 7 01:16:10 2026] DELETE /resource_providers/7c8ed420-9e05-437e-bb24-48339f1e65ab => generated 246 bytes in 24 msecs (HTTP/1.1 404) 6 headers in 231 bytes (1 switches on core 0)
2026-04-07 01:16:11.934 8 INFO placement.requestlog [None req-cf17e277-b5b1-408e-9dc9-a5238930bf9e - - - - - -] 10.0.0.102 "GET /" status: 200 len: 136 microversion: 1.0
2026-04-07 01:16:11.934 7 INFO placement.requestlog [None req-1886107f-af5b-4a82-a634-1e05535a91af - - - - - -] 10.0.0.102 "GET /" status: 200 len: 136 microversion: 1.0
2026-04-07 01:16:12.682 8 INFO placement.requestlog [None req-4f09566f-41cb-434b-a62b-4f2dca4b1335 b3779f8512584d7b86f8a0b51789f8df 93c0e08e55b04732ba51f540906e7151 - - 0c9421973ae24540a2c6aaf1bcc12486 0c9421973ae24540a2c6aaf1bcc12486] 10.0.0.41 "GET /resource_providers/4d4648e9-16e6-4ce9-81ff-4fae4561f644/aggregates" status: 404 len: 235 microversion: 1.1 [pid: 8|app: 0|req: 474/947] 10.0.0.41 () {32 vars in 815 bytes} [Tue Apr 7 01:16:12 2026] GET /resource_providers/4d4648e9-16e6-4ce9-81ff-4fae4561f644/aggregates => generated 235 bytes in 10 msecs (HTTP/1.1 404) 5 headers in 202 bytes (1 switches on core 0)
2026-04-07 01:16:12.689 7 INFO placement.requestlog [None req-26098b9f-b7cc-44d5-acc3-af828db2cc62 b3779f8512584d7b86f8a0b51789f8df 93c0e08e55b04732ba51f540906e7151 - - 0c9421973ae24540a2c6aaf1bcc12486 0c9421973ae24540a2c6aaf1bcc12486] 10.0.0.41 "GET /resource_providers/4d4648e9-16e6-4ce9-81ff-4fae4561f644/aggregates" status: 404 len: 235 microversion: 1.1 [pid: 7|app: 0|req: 474/948] 10.0.0.41 () {32 vars in 815 bytes} [Tue Apr 7 01:16:12 2026] GET /resource_providers/4d4648e9-16e6-4ce9-81ff-4fae4561f644/aggregates => generated 235 bytes in 10 msecs (HTTP/1.1 404) 5 headers in 202 bytes (1 switches on core 0)
2026-04-07 01:16:12.708 7 INFO placement.requestlog [None req-887c4ce9-8a0a-424e-8075-19d9ada5f1b0 b3779f8512584d7b86f8a0b51789f8df 93c0e08e55b04732ba51f540906e7151 - - 0c9421973ae24540a2c6aaf1bcc12486 0c9421973ae24540a2c6aaf1bcc12486] 10.0.0.41 "DELETE /resource_providers/4d4648e9-16e6-4ce9-81ff-4fae4561f644" status: 404 len: 246 microversion: 1.1 [pid: 7|app: 0|req: 475/949] 10.0.0.41 () {34 vars in 815 bytes} [Tue Apr 7 01:16:12 2026] DELETE /resource_providers/4d4648e9-16e6-4ce9-81ff-4fae4561f644 => generated 246 bytes in 10 msecs (HTTP/1.1 404) 6 headers in 231 bytes (1 switches on core 0)
2026-04-07 01:16:12.709 8 INFO placement.requestlog [None req-a3b235a7-f3a4-4c35-a9dd-3ac71e11c4e7 b3779f8512584d7b86f8a0b51789f8df 93c0e08e55b04732ba51f540906e7151 - - 0c9421973ae24540a2c6aaf1bcc12486 0c9421973ae24540a2c6aaf1bcc12486] 10.0.0.41 "DELETE /resource_providers/4d4648e9-16e6-4ce9-81ff-4fae4561f644" status: 404 len: 246 microversion: 1.1 [pid: 8|app: 0|req: 475/950] 10.0.0.41 () {34 vars in 815 bytes} [Tue Apr 7 01:16:12 2026] DELETE /resource_providers/4d4648e9-16e6-4ce9-81ff-4fae4561f644 => generated 246 bytes in 12 msecs (HTTP/1.1 404) 6 headers in 231 bytes (1 switches on core 0)
2026-04-07 01:16:20.255 8 INFO placement.requestlog [None req-f8402862-133f-4c49-bddd-586545bd9ba8 b3779f8512584d7b86f8a0b51789f8df 93c0e08e55b04732ba51f540906e7151 - - 0c9421973ae24540a2c6aaf1bcc12486 0c9421973ae24540a2c6aaf1bcc12486] 10.0.0.41 "GET /resource_providers/e52328b4-28b4-4453-9ff9-a9edc628b293/aggregates" status: 404 len: 235 microversion: 1.1 [pid: 8|app: 0|req: 476/951] 10.0.0.41 () {32 vars in 815 bytes} [Tue Apr 7 01:16:20 2026] GET /resource_providers/e52328b4-28b4-4453-9ff9-a9edc628b293/aggregates => generated 235 bytes in 10 msecs (HTTP/1.1 404) 5 headers in 202 bytes (1 switches on core 0)
2026-04-07 01:16:20.256 7 INFO placement.requestlog [None req-ca1b41cf-de04-41ff-81da-31d67dce2bf5 b3779f8512584d7b86f8a0b51789f8df 93c0e08e55b04732ba51f540906e7151 - - 0c9421973ae24540a2c6aaf1bcc12486 0c9421973ae24540a2c6aaf1bcc12486] 10.0.0.41 "GET /resource_providers/e52328b4-28b4-4453-9ff9-a9edc628b293/aggregates" status: 404 len: 235 microversion: 1.1 [pid: 7|app: 0|req: 476/952] 10.0.0.41 () {32 vars in 815 bytes} [Tue Apr 7 01:16:20 2026] GET /resource_providers/e52328b4-28b4-4453-9ff9-a9edc628b293/aggregates => generated 235 bytes in 14 msecs (HTTP/1.1 404) 5 headers in 202 bytes (1 switches on core 0)
2026-04-07 01:16:20.273 8 INFO placement.requestlog [None req-fe937e9f-4bfe-4f7f-9480-9bf1d5cbdd59 b3779f8512584d7b86f8a0b51789f8df 93c0e08e55b04732ba51f540906e7151 - - 0c9421973ae24540a2c6aaf1bcc12486 0c9421973ae24540a2c6aaf1bcc12486] 10.0.0.41 "DELETE /resource_providers/e52328b4-28b4-4453-9ff9-a9edc628b293" status: 404 len: 246 microversion: 1.1 [pid: 8|app: 0|req: 477/953] 10.0.0.41 () {34 vars in 815 bytes} [Tue Apr 7 01:16:20 2026] DELETE /resource_providers/e52328b4-28b4-4453-9ff9-a9edc628b293 => generated 246 bytes in 6 msecs (HTTP/1.1 404) 6 headers in 231 bytes (1 switches on core 0)
2026-04-07 01:16:20.278 7 INFO placement.requestlog [None req-3dc90e26-e112-4b3b-bc0d-b0046fb83654 b3779f8512584d7b86f8a0b51789f8df 93c0e08e55b04732ba51f540906e7151 - - 0c9421973ae24540a2c6aaf1bcc12486 0c9421973ae24540a2c6aaf1bcc12486] 10.0.0.41 "DELETE /resource_providers/e52328b4-28b4-4453-9ff9-a9edc628b293" status: 404 len: 246 microversion: 1.1 [pid: 7|app: 0|req: 477/954] 10.0.0.41 () {34 vars in 815 bytes} [Tue Apr 7 01:16:20 2026] DELETE /resource_providers/e52328b4-28b4-4453-9ff9-a9edc628b293 => generated 246 bytes in 10 msecs (HTTP/1.1 404) 6 headers in 231 bytes (1 switches on core 0)
2026-04-07 01:16:21.934 7 INFO placement.requestlog [None req-418aa3d0-bf1c-4d4d-8e06-01ebc0ac791d - - - - - -] 10.0.0.102 "GET /" status: 200 len: 136 microversion: 1.0
2026-04-07 01:16:21.934 8 INFO placement.requestlog [None req-a8b21ea2-9582-43db-bd0c-71f5cf47a7d6 - - - - - -] 10.0.0.102 "GET /" status: 200 len: 136 microversion: 1.0
2026-04-07 01:16:22.009 8 INFO placement.requestlog [None req-85461929-a14e-4bd7-8eae-6acc723be544 b3779f8512584d7b86f8a0b51789f8df 93c0e08e55b04732ba51f540906e7151 - - 0c9421973ae24540a2c6aaf1bcc12486 0c9421973ae24540a2c6aaf1bcc12486] 10.0.0.41 "GET /resource_providers/6f91eeab-07a7-4255-9dcf-df0a544d1f9d/aggregates" status: 404 len: 235 microversion: 1.1
2026-04-07 01:16:22.009 7 INFO placement.requestlog [None req-8e545260-6862-4cf5-8cbb-726b8493a918 b3779f8512584d7b86f8a0b51789f8df 93c0e08e55b04732ba51f540906e7151 - - 0c9421973ae24540a2c6aaf1bcc12486 0c9421973ae24540a2c6aaf1bcc12486] 10.0.0.41 "GET /resource_providers/6f91eeab-07a7-4255-9dcf-df0a544d1f9d/aggregates" status: 404 len: 235 microversion: 1.1 [pid: 8|app: 0|req: 479/957] 10.0.0.41 () {32 vars in 815 bytes} [Tue Apr 7 01:16:22 2026] GET /resource_providers/6f91eeab-07a7-4255-9dcf-df0a544d1f9d/aggregates => generated 235 bytes in 7 msecs (HTTP/1.1 404) 5 headers in 202 bytes (1 switches on core 0) [pid: 7|app: 0|req: 479/958] 10.0.0.41 () {32 vars in 815 bytes} [Tue Apr 7 01:16:22 2026] GET /resource_providers/6f91eeab-07a7-4255-9dcf-df0a544d1f9d/aggregates => generated 235 bytes in 8 msecs (HTTP/1.1 404) 5 headers in 202 bytes (1 switches on core 0)
2026-04-07 01:16:22.036 7 INFO placement.requestlog [None req-09f1023f-882a-427f-b8eb-f42c34a22999 b3779f8512584d7b86f8a0b51789f8df 93c0e08e55b04732ba51f540906e7151 - - 0c9421973ae24540a2c6aaf1bcc12486 0c9421973ae24540a2c6aaf1bcc12486] 10.0.0.41 "DELETE /resource_providers/6f91eeab-07a7-4255-9dcf-df0a544d1f9d" status: 404 len: 246 microversion: 1.1 [pid: 7|app: 0|req: 480/959] 10.0.0.41 () {34 vars in 815 bytes} [Tue Apr 7 01:16:22 2026] DELETE /resource_providers/6f91eeab-07a7-4255-9dcf-df0a544d1f9d => generated 246 bytes in 10 msecs (HTTP/1.1 404) 6 headers in 231 bytes (1 switches on core 0)
2026-04-07 01:16:22.036 8 INFO placement.requestlog [None req-12995c10-2054-42d2-af67-38a6849ba07e b3779f8512584d7b86f8a0b51789f8df 93c0e08e55b04732ba51f540906e7151 - - 0c9421973ae24540a2c6aaf1bcc12486 0c9421973ae24540a2c6aaf1bcc12486] 10.0.0.41 "DELETE /resource_providers/6f91eeab-07a7-4255-9dcf-df0a544d1f9d" status: 404 len: 246 microversion: 1.1 [pid: 8|app: 0|req: 480/960] 10.0.0.41 () {34 vars in 815 bytes} [Tue Apr 7 01:16:22 2026] DELETE /resource_providers/6f91eeab-07a7-4255-9dcf-df0a544d1f9d => generated 246 bytes in 13 msecs (HTTP/1.1 404) 6 headers in 231 bytes (1 switches on core 0)
2026-04-07 01:16:22.300 7 INFO placement.requestlog [None req-1c82aad8-81e8-4944-8e55-e4af7b729d44 b3779f8512584d7b86f8a0b51789f8df 93c0e08e55b04732ba51f540906e7151 - - 0c9421973ae24540a2c6aaf1bcc12486 0c9421973ae24540a2c6aaf1bcc12486] 10.0.0.41 "GET /resource_providers/e3191b73-4724-4a87-a51d-f74a1cebbe79/aggregates" status: 404 len: 235 microversion: 1.1 [pid: 7|app: 0|req: 481/961] 10.0.0.41 () {32 vars in 815 bytes} [Tue Apr 7 01:16:22 2026] GET /resource_providers/e3191b73-4724-4a87-a51d-f74a1cebbe79/aggregates => generated 235 bytes in 8 msecs (HTTP/1.1 404) 5 headers in 202 bytes (1 switches on core 0)
2026-04-07 01:16:22.305 8 INFO placement.requestlog [None req-67843929-618d-4104-bec5-9fd49034f489 b3779f8512584d7b86f8a0b51789f8df 93c0e08e55b04732ba51f540906e7151 - - 0c9421973ae24540a2c6aaf1bcc12486 0c9421973ae24540a2c6aaf1bcc12486] 10.0.0.41 "GET /resource_providers/e3191b73-4724-4a87-a51d-f74a1cebbe79/aggregates" status: 404 len: 235 microversion: 1.1 [pid: 8|app: 0|req: 481/962] 10.0.0.41 () {32 vars in 815 bytes} [Tue Apr 7 01:16:22 2026] GET /resource_providers/e3191b73-4724-4a87-a51d-f74a1cebbe79/aggregates => generated 235 bytes in 10 msecs (HTTP/1.1 404) 5 headers in 202 bytes (1 switches on core 0)
2026-04-07 01:16:22.329 7 INFO placement.requestlog [None req-e62e7cd5-77c4-4abc-84e6-9da8cba510e4 b3779f8512584d7b86f8a0b51789f8df 93c0e08e55b04732ba51f540906e7151 - - 0c9421973ae24540a2c6aaf1bcc12486 0c9421973ae24540a2c6aaf1bcc12486] 10.0.0.41 "DELETE /resource_providers/e3191b73-4724-4a87-a51d-f74a1cebbe79" status: 404 len: 246 microversion: 1.1
2026-04-07 01:16:22.330 8 INFO placement.requestlog [None req-eac7c91d-0970-42e8-8ae6-6409cd4035e8 b3779f8512584d7b86f8a0b51789f8df 93c0e08e55b04732ba51f540906e7151 - - 0c9421973ae24540a2c6aaf1bcc12486 0c9421973ae24540a2c6aaf1bcc12486] 10.0.0.41 "DELETE /resource_providers/e3191b73-4724-4a87-a51d-f74a1cebbe79" status: 404 len: 246 microversion: 1.1 [pid: 7|app: 0|req: 482/963] 10.0.0.41 () {34 vars in 815 bytes} [Tue Apr 7 01:16:22 2026] DELETE /resource_providers/e3191b73-4724-4a87-a51d-f74a1cebbe79 => generated 246 bytes in 14 msecs (HTTP/1.1 404) 6 headers in 231 bytes (1 switches on core 0) [pid: 8|app: 0|req: 482/964] 10.0.0.41 () {34 vars in 815 bytes} [Tue Apr 7 01:16:22 2026] DELETE /resource_providers/e3191b73-4724-4a87-a51d-f74a1cebbe79 => generated 246 bytes in 10 msecs (HTTP/1.1 404) 6 headers in 231 bytes (1 switches on core 0)
2026-04-07 01:16:25.114 7 INFO placement.requestlog [None req-3c67b50d-5dd8-4025-bcb4-da02c0bfffc2 b3779f8512584d7b86f8a0b51789f8df 93c0e08e55b04732ba51f540906e7151 - - 0c9421973ae24540a2c6aaf1bcc12486 0c9421973ae24540a2c6aaf1bcc12486] 10.0.0.41 "GET /resource_providers/b3e04da8-5fe1-4964-9fdd-163a9785d5a6/aggregates" status: 404 len: 235 microversion: 1.1 [pid: 7|app: 0|req: 483/965] 10.0.0.41 () {32 vars in 815 bytes} [Tue Apr 7 01:16:25 2026] GET /resource_providers/b3e04da8-5fe1-4964-9fdd-163a9785d5a6/aggregates => generated 235 bytes in 11 msecs (HTTP/1.1 404) 5 headers in 202 bytes (1 switches on core 0)
2026-04-07 01:16:25.115 8 INFO placement.requestlog [None req-3f222848-c35a-466c-bedc-bbd9e51afe90 b3779f8512584d7b86f8a0b51789f8df 93c0e08e55b04732ba51f540906e7151 - - 0c9421973ae24540a2c6aaf1bcc12486 0c9421973ae24540a2c6aaf1bcc12486] 10.0.0.41 "GET /resource_providers/b3e04da8-5fe1-4964-9fdd-163a9785d5a6/aggregates" status: 404 len: 235 microversion: 1.1 [pid: 8|app: 0|req: 483/966] 10.0.0.41 () {32 vars in 815 bytes} [Tue Apr 7 01:16:25 2026] GET /resource_providers/b3e04da8-5fe1-4964-9fdd-163a9785d5a6/aggregates => generated 235 bytes in 13 msecs (HTTP/1.1 404) 5 headers in 202 bytes (1 switches on core 0)
2026-04-07 01:16:25.140 7 INFO placement.requestlog [None req-d1473d32-9a0f-44e9-b03f-fc87e857f3c0 b3779f8512584d7b86f8a0b51789f8df 93c0e08e55b04732ba51f540906e7151 - - 0c9421973ae24540a2c6aaf1bcc12486 0c9421973ae24540a2c6aaf1bcc12486] 10.0.0.41 "DELETE /resource_providers/b3e04da8-5fe1-4964-9fdd-163a9785d5a6" status: 404 len: 246 microversion: 1.1 [pid: 7|app: 0|req: 484/967] 10.0.0.41 () {34 vars in 815 bytes} [Tue Apr 7 01:16:25 2026] DELETE /resource_providers/b3e04da8-5fe1-4964-9fdd-163a9785d5a6 => generated 246 bytes in 11 msecs (HTTP/1.1 404) 6 headers in 231 bytes (1 switches on core 0)
2026-04-07 01:16:25.141 8 INFO placement.requestlog [None req-3e468a1e-4a19-43a0-b22c-1f4ec902412d b3779f8512584d7b86f8a0b51789f8df 93c0e08e55b04732ba51f540906e7151 - - 0c9421973ae24540a2c6aaf1bcc12486 0c9421973ae24540a2c6aaf1bcc12486] 10.0.0.41 "DELETE /resource_providers/b3e04da8-5fe1-4964-9fdd-163a9785d5a6" status: 404 len: 246 microversion: 1.1 [pid: 8|app: 0|req: 484/968] 10.0.0.41 () {34 vars in 815 bytes} [Tue Apr 7 01:16:25 2026] DELETE /resource_providers/b3e04da8-5fe1-4964-9fdd-163a9785d5a6 => generated 246 bytes in 10 msecs (HTTP/1.1 404) 6 headers in 231 bytes (1 switches on core 0)
2026-04-07 01:16:25.441 7 INFO placement.requestlog [req-94cbde2d-1160-4343-bb2f-2c2411dfe0aa req-b2e35f29-342d-4287-9b84-27e38e3098f8 477de9f882514802be4ca4e545a30c4c 93c0e08e55b04732ba51f540906e7151 - - 0c9421973ae24540a2c6aaf1bcc12486 0c9421973ae24540a2c6aaf1bcc12486] 199.204.45.140 "GET /resource_providers/b28c6e35-beb3-44c4-9201-9c71f40898ab/allocations" status: 200 len: 453 microversion: 1.0 [pid: 7|app: 0|req: 485/969] 199.204.45.140 () {32 vars in 857 bytes} [Tue Apr 7 01:16:25 2026] GET /resource_providers/b28c6e35-beb3-44c4-9201-9c71f40898ab/allocations => generated 453 bytes in 19 msecs (HTTP/1.1 200) 6 headers in 224 bytes (1 switches on core 0)
2026-04-07 01:16:25.460 8 INFO placement.requestlog [req-94cbde2d-1160-4343-bb2f-2c2411dfe0aa req-568f6cdd-c0d5-448c-b637-2ed7e1ee37b5 477de9f882514802be4ca4e545a30c4c 93c0e08e55b04732ba51f540906e7151 - - 0c9421973ae24540a2c6aaf1bcc12486 0c9421973ae24540a2c6aaf1bcc12486] 199.204.45.140 "GET /allocations/e6e8998b-dd5b-4dc0-b18c-2951ed4a8ff1" status: 200 len: 258 microversion: 1.28 [pid: 8|app: 0|req: 485/970] 199.204.45.140 () {34 vars in 863 bytes} [Tue Apr 7 01:16:25 2026] GET /allocations/e6e8998b-dd5b-4dc0-b18c-2951ed4a8ff1 => generated 258 bytes in 14 msecs (HTTP/1.1 200) 8 headers in 296 bytes (1 switches on core 0)
2026-04-07 01:16:25.482 7 INFO placement.requestlog [req-94cbde2d-1160-4343-bb2f-2c2411dfe0aa req-2024e224-9fde-48fb-a20d-09c7b6c9cf7d 477de9f882514802be4ca4e545a30c4c 93c0e08e55b04732ba51f540906e7151 - - 0c9421973ae24540a2c6aaf1bcc12486 0c9421973ae24540a2c6aaf1bcc12486] 199.204.45.140 "GET /allocations/a8cdbca8-32ee-45ba-b2d9-13c70e34356c" status: 200 len: 258 microversion: 1.28 [pid: 7|app: 0|req: 486/971] 199.204.45.140 () {34 vars in 863 bytes} [Tue Apr 7 01:16:25 2026] GET /allocations/a8cdbca8-32ee-45ba-b2d9-13c70e34356c => generated 258 bytes in 15 msecs (HTTP/1.1 200) 8 headers in 296 bytes (1 switches on core 0)
2026-04-07 01:16:25.502 8 INFO placement.requestlog [req-94cbde2d-1160-4343-bb2f-2c2411dfe0aa req-2263511f-c673-44f9-8a32-36a7201b835b 477de9f882514802be4ca4e545a30c4c 93c0e08e55b04732ba51f540906e7151 - - 0c9421973ae24540a2c6aaf1bcc12486 0c9421973ae24540a2c6aaf1bcc12486] 199.204.45.140 "GET /allocations/aae2dbf7-6634-4b0b-a68b-694ee398bc48" status: 200 len: 258 microversion: 1.28 [pid: 8|app: 0|req: 486/972] 199.204.45.140 () {34 vars in 863 bytes} [Tue Apr 7 01:16:25 2026] GET /allocations/aae2dbf7-6634-4b0b-a68b-694ee398bc48 => generated 258 bytes in 15 msecs (HTTP/1.1 200) 8 headers in 296 bytes (1 switches on core 0)
2026-04-07 01:16:25.525 7 INFO placement.requestlog [req-94cbde2d-1160-4343-bb2f-2c2411dfe0aa req-af9c2f89-8cb5-48b8-b48d-2d64c2701695 477de9f882514802be4ca4e545a30c4c 93c0e08e55b04732ba51f540906e7151 - - 0c9421973ae24540a2c6aaf1bcc12486 0c9421973ae24540a2c6aaf1bcc12486] 199.204.45.140 "GET /allocations/689a08de-312e-432f-9388-6c6d681103fa" status: 200 len: 258 microversion: 1.28 [pid: 7|app: 0|req: 487/973] 199.204.45.140 () {34 vars in 863 bytes} [Tue Apr 7 01:16:25 2026] GET /allocations/689a08de-312e-432f-9388-6c6d681103fa => generated 258 bytes in 15 msecs (HTTP/1.1 200) 8 headers in 296 bytes (1 switches on core 0)
2026-04-07 01:16:26.576 8 INFO placement.requestlog [req-94cbde2d-1160-4343-bb2f-2c2411dfe0aa req-a0e27888-e1b1-47a4-88e7-6cdb6ee779e1 477de9f882514802be4ca4e545a30c4c 93c0e08e55b04732ba51f540906e7151 - - 0c9421973ae24540a2c6aaf1bcc12486 0c9421973ae24540a2c6aaf1bcc12486] 199.204.45.140 "DELETE /allocations/e6e8998b-dd5b-4dc0-b18c-2951ed4a8ff1" status: 204 len: 0 microversion: 1.0 [pid: 8|app: 0|req: 487/974] 199.204.45.140 () {34 vars in 841 bytes} [Tue Apr 7 01:16:26 2026] DELETE /allocations/e6e8998b-dd5b-4dc0-b18c-2951ed4a8ff1 => generated 0 bytes in 26 msecs (HTTP/1.1 204) 5 headers in 198 bytes (1 switches on core 0)
2026-04-07 01:16:28.612 7 INFO placement.requestlog [None req-8f449475-cf2c-4fdf-8327-e6ee146d401c b3779f8512584d7b86f8a0b51789f8df 93c0e08e55b04732ba51f540906e7151 - - 0c9421973ae24540a2c6aaf1bcc12486 0c9421973ae24540a2c6aaf1bcc12486] 10.0.0.41 "GET /resource_providers/5708e8f8-1371-493f-81c9-7aa1e750ea72/aggregates" status: 404 len: 235 microversion: 1.1 [pid: 7|app: 0|req: 488/975] 10.0.0.41 () {32 vars in 815 bytes} [Tue Apr 7 01:16:28 2026] GET /resource_providers/5708e8f8-1371-493f-81c9-7aa1e750ea72/aggregates => generated 235 bytes in 15 msecs (HTTP/1.1 404) 5 headers in 202 bytes (1 switches on core 0)
2026-04-07 01:16:28.614 8 INFO placement.requestlog [None req-1e0ed695-9aac-4d71-b662-bcf2d95c6fa4 b3779f8512584d7b86f8a0b51789f8df 93c0e08e55b04732ba51f540906e7151 - - 0c9421973ae24540a2c6aaf1bcc12486 0c9421973ae24540a2c6aaf1bcc12486] 10.0.0.41 "GET /resource_providers/5708e8f8-1371-493f-81c9-7aa1e750ea72/aggregates" status: 404 len: 235 microversion: 1.1 [pid: 8|app: 0|req: 488/976] 10.0.0.41 () {32 vars in 815 bytes} [Tue Apr 7 01:16:28 2026] GET /resource_providers/5708e8f8-1371-493f-81c9-7aa1e750ea72/aggregates => generated 235 bytes in 17 msecs (HTTP/1.1 404) 5 headers in 202 bytes (1 switches on core 0)
2026-04-07 01:16:28.633 7 INFO placement.requestlog [None req-8fb62289-e45a-48cb-8fa8-b152ebb9c79d b3779f8512584d7b86f8a0b51789f8df 93c0e08e55b04732ba51f540906e7151 - - 0c9421973ae24540a2c6aaf1bcc12486 0c9421973ae24540a2c6aaf1bcc12486] 10.0.0.41 "DELETE /resource_providers/5708e8f8-1371-493f-81c9-7aa1e750ea72" status: 404 len: 246 microversion: 1.1 [pid: 7|app: 0|req: 489/977] 10.0.0.41 () {34 vars in 815 bytes} [Tue Apr 7 01:16:28 2026] DELETE /resource_providers/5708e8f8-1371-493f-81c9-7aa1e750ea72 => generated 246 bytes in 9 msecs (HTTP/1.1 404) 6 headers in 231 bytes (1 switches on core 0)
2026-04-07 01:16:28.665 8 INFO placement.requestlog [None req-a6593883-83fc-41a8-b3da-39e071529939 b3779f8512584d7b86f8a0b51789f8df 93c0e08e55b04732ba51f540906e7151 - - 0c9421973ae24540a2c6aaf1bcc12486 0c9421973ae24540a2c6aaf1bcc12486] 10.0.0.41 "DELETE /resource_providers/5708e8f8-1371-493f-81c9-7aa1e750ea72" status: 404 len: 246 microversion: 1.1 [pid: 8|app: 0|req: 489/978] 10.0.0.41 () {34 vars in 815 bytes} [Tue Apr 7 01:16:28 2026] DELETE /resource_providers/5708e8f8-1371-493f-81c9-7aa1e750ea72 => generated 246 bytes in 27 msecs (HTTP/1.1 404) 6 headers in 231 bytes (1 switches on core 0)
2026-04-07 01:16:31.934 7 INFO placement.requestlog [None req-dd3a3366-599d-45aa-bbee-35a78233c085 - - - - - -] 10.0.0.102 "GET /" status: 200 len: 136 microversion: 1.0
2026-04-07 01:16:31.937 8 INFO placement.requestlog [None req-7a1aa052-a6dd-4888-855e-9eea765deece - - - - - -] 10.0.0.102 "GET /" status: 200 len: 136 microversion: 1.0
2026-04-07 01:16:33.370 7 INFO placement.requestlog [req-47757040-acd5-4427-9d4d-bef54e1ab4c2 req-7b355fcc-3653-4bdf-b791-419daf57b68e 477de9f882514802be4ca4e545a30c4c 93c0e08e55b04732ba51f540906e7151 - - 0c9421973ae24540a2c6aaf1bcc12486 0c9421973ae24540a2c6aaf1bcc12486] 199.204.45.140 "GET /resource_providers/b28c6e35-beb3-44c4-9201-9c71f40898ab/allocations" status: 200 len: 353 microversion: 1.0 [pid: 7|app: 0|req: 491/981] 199.204.45.140 () {32 vars in 857 bytes} [Tue Apr 7 01:16:33 2026] GET /resource_providers/b28c6e35-beb3-44c4-9201-9c71f40898ab/allocations => generated 353 bytes in 18 msecs (HTTP/1.1 200) 6 headers in 224 bytes (1 switches on core 0)
2026-04-07 01:16:33.388 8 INFO placement.requestlog [req-47757040-acd5-4427-9d4d-bef54e1ab4c2 req-bd109ce1-21a1-449b-8482-1ee6292d6a39 477de9f882514802be4ca4e545a30c4c 93c0e08e55b04732ba51f540906e7151 - - 0c9421973ae24540a2c6aaf1bcc12486 0c9421973ae24540a2c6aaf1bcc12486] 199.204.45.140 "GET /allocations/a8cdbca8-32ee-45ba-b2d9-13c70e34356c" status: 200 len: 258 microversion: 1.28 [pid: 8|app: 0|req: 491/982] 199.204.45.140 () {34 vars in 863 bytes} [Tue Apr 7 01:16:33 2026] GET /allocations/a8cdbca8-32ee-45ba-b2d9-13c70e34356c => generated 258 bytes in 12 msecs (HTTP/1.1 200) 8 headers in 296 bytes (1 switches on core 0)
2026-04-07 01:16:33.407 7 INFO placement.requestlog [req-47757040-acd5-4427-9d4d-bef54e1ab4c2 req-73b9f07f-1d0d-4a29-938c-d7c1e15610a2 477de9f882514802be4ca4e545a30c4c 93c0e08e55b04732ba51f540906e7151 - - 0c9421973ae24540a2c6aaf1bcc12486 0c9421973ae24540a2c6aaf1bcc12486] 199.204.45.140 "GET /allocations/aae2dbf7-6634-4b0b-a68b-694ee398bc48" status: 200 len: 258 microversion: 1.28 [pid: 7|app: 0|req: 492/983] 199.204.45.140 () {34 vars in 863 bytes} [Tue Apr 7 01:16:33 2026] GET /allocations/aae2dbf7-6634-4b0b-a68b-694ee398bc48 => generated 258 bytes in 13 msecs (HTTP/1.1 200) 8 headers in 296 bytes (1 switches on core 0)
2026-04-07 01:16:33.426 8 INFO placement.requestlog [req-47757040-acd5-4427-9d4d-bef54e1ab4c2 req-a5e11f23-de4e-4536-b9dc-bf796108726f 477de9f882514802be4ca4e545a30c4c 93c0e08e55b04732ba51f540906e7151 - - 0c9421973ae24540a2c6aaf1bcc12486 0c9421973ae24540a2c6aaf1bcc12486] 199.204.45.140 "GET /allocations/689a08de-312e-432f-9388-6c6d681103fa" status: 200 len: 258 microversion: 1.28 [pid: 8|app: 0|req: 492/984] 199.204.45.140 () {34 vars in 863 bytes} [Tue Apr 7 01:16:33 2026] GET /allocations/689a08de-312e-432f-9388-6c6d681103fa => generated 258 bytes in 14 msecs (HTTP/1.1 200) 8 headers in 296 bytes (1 switches on core 0)
2026-04-07 01:16:33.874 7 INFO placement.requestlog [req-930b3878-f8b8-4663-939c-74d3ecae012f req-4b8d2ef7-dc12-4d33-b6f8-e03dda468d43 477de9f882514802be4ca4e545a30c4c 93c0e08e55b04732ba51f540906e7151 - - 0c9421973ae24540a2c6aaf1bcc12486 0c9421973ae24540a2c6aaf1bcc12486] 10.0.0.44 "GET /allocation_candidates?limit=1000&resources=MEMORY_MB%3A2048%2CVCPU%3A2&root_required=%21COMPUTE_STATUS_DISABLED" status: 200 len: 2432 microversion: 1.36 [pid: 7|app: 0|req: 493/985] 10.0.0.44 () {34 vars in 985 bytes} [Tue Apr 7 01:16:33 2026] GET /allocation_candidates?limit=1000&resources=MEMORY_MB%3A2048%2CVCPU%3A2&root_required=%21COMPUTE_STATUS_DISABLED => generated 2432 bytes in 42 msecs (HTTP/1.1 200) 8 headers in 297 bytes (1 switches on core 0)
2026-04-07 01:16:33.907 8 INFO placement.requestlog [req-930b3878-f8b8-4663-939c-74d3ecae012f req-900e5231-aa28-4b34-b7b3-7bcd5e45a0f5 477de9f882514802be4ca4e545a30c4c 93c0e08e55b04732ba51f540906e7151 - - 0c9421973ae24540a2c6aaf1bcc12486 0c9421973ae24540a2c6aaf1bcc12486] 10.0.0.44 "GET /allocations/3c0405aa-9ca7-4a56-b766-1f56b38f9d8a" status: 200 len: 19 microversion: 1.28 [pid: 8|app: 0|req: 493/986] 10.0.0.44 () {34 vars in 860 bytes} [Tue Apr 7 01:16:33 2026] GET /allocations/3c0405aa-9ca7-4a56-b766-1f56b38f9d8a => generated 19 bytes in 11 msecs (HTTP/1.1 200) 8 headers in 295 bytes (1 switches on core 0)
2026-04-07 01:16:34.003 7 INFO placement.requestlog [req-930b3878-f8b8-4663-939c-74d3ecae012f req-24903abb-b60d-41cc-918f-5ed497ab5e33 477de9f882514802be4ca4e545a30c4c 93c0e08e55b04732ba51f540906e7151 - - 0c9421973ae24540a2c6aaf1bcc12486 0c9421973ae24540a2c6aaf1bcc12486] 10.0.0.44 "PUT /allocations/3c0405aa-9ca7-4a56-b766-1f56b38f9d8a" status: 204 len: 0 microversion: 1.36 [pid: 7|app: 0|req: 494/987] 10.0.0.44 () {38 vars in 913 bytes} [Tue Apr 7 01:16:33 2026] PUT /allocations/3c0405aa-9ca7-4a56-b766-1f56b38f9d8a => generated 0 bytes in 92 msecs (HTTP/1.1 204) 5 headers in 199 bytes (1 switches on core 0)
2026-04-07 01:16:34.472 8 INFO placement.requestlog [req-47757040-acd5-4427-9d4d-bef54e1ab4c2 req-7836ee4f-b3a3-4dda-ba89-7407f87ec46a 477de9f882514802be4ca4e545a30c4c 93c0e08e55b04732ba51f540906e7151 - - 0c9421973ae24540a2c6aaf1bcc12486 0c9421973ae24540a2c6aaf1bcc12486] 199.204.45.140 "DELETE /allocations/689a08de-312e-432f-9388-6c6d681103fa" status: 204 len: 0 microversion: 1.0 [pid: 8|app: 0|req: 494/988] 199.204.45.140 () {34 vars in 841 bytes} [Tue Apr 7 01:16:34 2026] DELETE /allocations/689a08de-312e-432f-9388-6c6d681103fa => generated 0 bytes in 20 msecs (HTTP/1.1 204) 5 headers in 198 bytes (1 switches on core 0)
2026-04-07 01:16:35.539 7 INFO placement.requestlog [req-930b3878-f8b8-4663-939c-74d3ecae012f req-3f688abe-b152-4d02-8e73-da7878aa0fbf 477de9f882514802be4ca4e545a30c4c 93c0e08e55b04732ba51f540906e7151 - - 0c9421973ae24540a2c6aaf1bcc12486 0c9421973ae24540a2c6aaf1bcc12486] 199.204.45.140 "GET /allocations/3c0405aa-9ca7-4a56-b766-1f56b38f9d8a" status: 200 len: 245 microversion: 1.28 [pid: 7|app: 0|req: 495/989] 199.204.45.140 () {34 vars in 863 bytes} [Tue Apr 7 01:16:35 2026] GET /allocations/3c0405aa-9ca7-4a56-b766-1f56b38f9d8a => generated 245 bytes in 16 msecs (HTTP/1.1 200) 8 headers in 296 bytes (1 switches on core 0)
2026-04-07 01:16:36.582 8 INFO placement.requestlog [req-930b3878-f8b8-4663-939c-74d3ecae012f req-975200cb-faa6-491c-83c1-9c2ce4406b57 477de9f882514802be4ca4e545a30c4c 93c0e08e55b04732ba51f540906e7151 - - 0c9421973ae24540a2c6aaf1bcc12486 0c9421973ae24540a2c6aaf1bcc12486] 199.204.45.140 "GET /resource_providers/b28c6e35-beb3-44c4-9201-9c71f40898ab/allocations" status: 200 len: 340 microversion: 1.0 [pid: 8|app: 0|req: 495/990] 199.204.45.140 () {32 vars in 857 bytes} [Tue Apr 7 01:16:36 2026] GET /resource_providers/b28c6e35-beb3-44c4-9201-9c71f40898ab/allocations => generated 340 bytes in 22 msecs (HTTP/1.1 200) 6 headers in 224 bytes (1 switches on core 0)
2026-04-07 01:16:36.600 7 INFO placement.requestlog [req-930b3878-f8b8-4663-939c-74d3ecae012f req-fba19a7d-3139-4a58-aba1-d6170c22e789 477de9f882514802be4ca4e545a30c4c 93c0e08e55b04732ba51f540906e7151 - - 0c9421973ae24540a2c6aaf1bcc12486 0c9421973ae24540a2c6aaf1bcc12486] 199.204.45.140 "GET /allocations/3c0405aa-9ca7-4a56-b766-1f56b38f9d8a" status: 200 len: 245 microversion: 1.28 [pid: 7|app: 0|req: 496/991] 199.204.45.140 () {34 vars in 863 bytes} [Tue Apr 7 01:16:36 2026] GET /allocations/3c0405aa-9ca7-4a56-b766-1f56b38f9d8a => generated 245 bytes in 12 msecs (HTTP/1.1 200) 8 headers in 296 bytes (1 switches on core 0)
2026-04-07 01:16:36.619 8 INFO placement.requestlog [req-930b3878-f8b8-4663-939c-74d3ecae012f req-cb380be6-4544-4325-9693-3ed84f223194 477de9f882514802be4ca4e545a30c4c 93c0e08e55b04732ba51f540906e7151 - - 0c9421973ae24540a2c6aaf1bcc12486 0c9421973ae24540a2c6aaf1bcc12486] 199.204.45.140 "GET /allocations/a8cdbca8-32ee-45ba-b2d9-13c70e34356c" status: 200 len: 258 microversion: 1.28 [pid: 8|app: 0|req: 496/992] 199.204.45.140 () {34 vars in 863 bytes} [Tue Apr 7 01:16:36 2026] GET /allocations/a8cdbca8-32ee-45ba-b2d9-13c70e34356c => generated 258 bytes in 13 msecs (HTTP/1.1 200) 8 headers in 296 bytes (1 switches on core 0)
2026-04-07 01:16:36.637 7 INFO placement.requestlog [req-930b3878-f8b8-4663-939c-74d3ecae012f req-b2e851af-4511-492f-aff6-1884ecce0115 477de9f882514802be4ca4e545a30c4c 93c0e08e55b04732ba51f540906e7151 - - 0c9421973ae24540a2c6aaf1bcc12486 0c9421973ae24540a2c6aaf1bcc12486] 199.204.45.140 "GET /allocations/aae2dbf7-6634-4b0b-a68b-694ee398bc48" status: 200 len: 258 microversion: 1.28 [pid: 7|app: 0|req: 497/993] 199.204.45.140 () {34 vars in 863 bytes} [Tue Apr 7 01:16:36 2026] GET /allocations/aae2dbf7-6634-4b0b-a68b-694ee398bc48 => generated 258 bytes in 13 msecs (HTTP/1.1 200) 8 headers in 296 bytes (1 switches on core 0)
2026-04-07 01:16:38.790 8 INFO placement.requestlog [None req-718f4459-7bf8-4eb3-bea3-73aba737c19c b3779f8512584d7b86f8a0b51789f8df 93c0e08e55b04732ba51f540906e7151 - - 0c9421973ae24540a2c6aaf1bcc12486 0c9421973ae24540a2c6aaf1bcc12486] 10.0.0.41 "GET /resource_providers/5c8537f5-66a4-49bc-9161-fe424bfaaff4/aggregates" status: 404 len: 235 microversion: 1.1 [pid: 8|app: 0|req: 497/994] 10.0.0.41 () {32 vars in 815 bytes} [Tue Apr 7 01:16:38 2026] GET /resource_providers/5c8537f5-66a4-49bc-9161-fe424bfaaff4/aggregates => generated 235 bytes in 13 msecs (HTTP/1.1 404) 5 headers in 202 bytes (1 switches on core 0)
2026-04-07 01:16:38.793 7 INFO placement.requestlog [None req-394adfca-edea-471c-b520-a7a1f179a43c b3779f8512584d7b86f8a0b51789f8df 93c0e08e55b04732ba51f540906e7151 - - 0c9421973ae24540a2c6aaf1bcc12486 0c9421973ae24540a2c6aaf1bcc12486] 10.0.0.41 "GET /resource_providers/5c8537f5-66a4-49bc-9161-fe424bfaaff4/aggregates" status: 404 len: 235 microversion: 1.1 [pid: 7|app: 0|req: 498/995] 10.0.0.41 () {32 vars in 815 bytes} [Tue Apr 7 01:16:38 2026] GET /resource_providers/5c8537f5-66a4-49bc-9161-fe424bfaaff4/aggregates => generated 235 bytes in 17 msecs (HTTP/1.1 404) 5 headers in 202 bytes (1 switches on core 0)
2026-04-07 01:16:38.811 8 INFO placement.requestlog [None req-dc8171a8-8933-44a3-b5bb-26b98834671c b3779f8512584d7b86f8a0b51789f8df 93c0e08e55b04732ba51f540906e7151 - - 0c9421973ae24540a2c6aaf1bcc12486 0c9421973ae24540a2c6aaf1bcc12486] 10.0.0.41 "DELETE /resource_providers/5c8537f5-66a4-49bc-9161-fe424bfaaff4" status: 404 len: 246 microversion: 1.1 [pid: 8|app: 0|req: 498/996] 10.0.0.41 () {34 vars in 815 bytes} [Tue Apr 7 01:16:38 2026] DELETE /resource_providers/5c8537f5-66a4-49bc-9161-fe424bfaaff4 => generated 246 bytes in 9 msecs (HTTP/1.1 404) 6 headers in 231 bytes (1 switches on core 0)
2026-04-07 01:16:38.823 7 INFO placement.requestlog [None req-504ff997-bbf2-435c-8992-dc1f2752a8f4 b3779f8512584d7b86f8a0b51789f8df 93c0e08e55b04732ba51f540906e7151 - - 0c9421973ae24540a2c6aaf1bcc12486 0c9421973ae24540a2c6aaf1bcc12486] 10.0.0.41 "DELETE /resource_providers/5c8537f5-66a4-49bc-9161-fe424bfaaff4" status: 404 len: 246 microversion: 1.1 [pid: 7|app: 0|req: 499/997] 10.0.0.41 () {34 vars in 815 bytes} [Tue Apr 7 01:16:38 2026] DELETE /resource_providers/5c8537f5-66a4-49bc-9161-fe424bfaaff4 => generated 246 bytes in 11 msecs (HTTP/1.1 404) 6 headers in 231 bytes (1 switches on core 0)
2026-04-07 01:16:41.934 7 INFO placement.requestlog [None req-e42df01b-a711-480d-9552-ff4daca768eb - - - - - -] 10.0.0.102 "GET /" status: 200 len: 136 microversion: 1.0
2026-04-07 01:16:41.934 8 INFO placement.requestlog [None req-27328a35-457c-4c55-ba03-7c97f067fd75 - - - - - -] 10.0.0.102 "GET /" status: 200 len: 136 microversion: 1.0
2026-04-07 01:16:51.934 7 INFO placement.requestlog [None req-7730bf25-15cc-438f-9dd9-797534981e76 - - - - - -] 10.0.0.102 "GET /" status: 200 len: 136 microversion: 1.0
2026-04-07 01:16:51.935 8 INFO placement.requestlog [None req-1dc4dd6e-6e47-4cd9-9379-21af345fa3c1 - - - - - -] 10.0.0.102 "GET /" status: 200 len: 136 microversion: 1.0
2026-04-07 01:16:52.701 7 INFO placement.requestlog [req-04f09af0-bfda-4410-a57d-e00d4de5c333 req-0c4acfe9-f625-4484-9677-8fb16ea59355 477de9f882514802be4ca4e545a30c4c 93c0e08e55b04732ba51f540906e7151 - - 0c9421973ae24540a2c6aaf1bcc12486 0c9421973ae24540a2c6aaf1bcc12486] 199.204.45.140 "GET /resource_providers/b28c6e35-beb3-44c4-9201-9c71f40898ab/allocations" status: 200 len: 340 microversion: 1.0 [pid: 7|app: 0|req: 502/1002] 199.204.45.140 () {32 vars in 857 bytes} [Tue Apr 7 01:16:52 2026] GET /resource_providers/b28c6e35-beb3-44c4-9201-9c71f40898ab/allocations => generated 340 bytes in 18 msecs (HTTP/1.1 200) 6 headers in 224 bytes (1 switches on core 0)
