2026-04-16 17:28:12.771 8 INFO neutron_taas.services.taas.taas_plugin [req-2ad411d8-315b-41d5-a8f1-16568f2d0607 req-a330aa48-8efe-48aa-b23f-659d47665642 b5b5c743aead42a894d2e93aff46744d 32fc56c1ff764ac288e95f58faae0ce4 - - default default] TaaS: Handle Delete Port: adc74913-bab4-44ad-b951-b6a7552bbe9d
2026-04-16 17:28:12.775 8 INFO neutron_taas.services.taas.tap_mirror_plugin [req-2ad411d8-315b-41d5-a8f1-16568f2d0607 req-a330aa48-8efe-48aa-b23f-659d47665642 b5b5c743aead42a894d2e93aff46744d 32fc56c1ff764ac288e95f58faae0ce4 - - default default] Tap Mirror: Handle Delete Port: adc74913-bab4-44ad-b951-b6a7552bbe9d
2026-04-16 17:28:12.896 8 INFO neutron.db.l3_db [req-2ad411d8-315b-41d5-a8f1-16568f2d0607 req-a330aa48-8efe-48aa-b23f-659d47665642 b5b5c743aead42a894d2e93aff46744d 32fc56c1ff764ac288e95f58faae0ce4 - - default default] Floating IP 9cc2e728-062a-4d63-825e-b8042af4d9a2 disassociated. External IP: 10.96.250.201, port: adc74913-bab4-44ad-b951-b6a7552bbe9d. [pid: 8|app: 0|req: 624/1227] 199.204.45.140 () {36 vars in 996 bytes} [Thu Apr 16 17:28:12 2026] DELETE /v2.0/ports/adc74913-bab4-44ad-b951-b6a7552bbe9d => generated 0 bytes in 528 msecs (HTTP/1.1 204) 3 headers in 131 bytes (1 switches on core 0)
2026-04-16 17:28:13.236 8 INFO neutron.notifiers.nova [-] Nova event matching ['req-36def16f-2e0a-4a9f-bc34-c1714df67a85'] response: {'server_uuid': '9f6cdca0-7aa9-4d7a-a203-3953993219d9', 'name': 'network-vif-deleted', 'tag': 'adc74913-bab4-44ad-b951-b6a7552bbe9d', 'status': 'completed', 'code': 200} [pid: 8|app: 0|req: 625/1228] 10.0.0.90 () {32 vars in 772 bytes} [Thu Apr 16 17:28:13 2026] GET /v2.0/security-groups?tenant_id=c0e5407e74234c35b497cf22601c5be9&name=default => generated 2925 bytes in 221 msecs (HTTP/1.1 200) 4 headers in 158 bytes (1 switches on core 0)
2026-04-16 17:28:13.460 7 INFO neutron.db.l3_hamode_db [None req-095dc34a-c180-403b-b045-153160ed65bb eddc09b0cf7d44df8604f3f1545a2231 2b85de8199854b09abf733bfa66d97dc - - default default] Number of active agents lower than max_l3_agents_per_router. L3 agents available: 1
2026-04-16 17:28:13.742 8 INFO neutron_taas.services.taas.taas_plugin [None req-512869f9-2be0-4d33-a155-d4fd35d9e355 a51c000c19934f2399933f01f9de16dc 65221a7bd8a442af859e6fa35b0fd844 - - default default] TaaS: Handle Delete Port: 3155c7f5-ff10-4ce4-b912-fb6a4aa800d2
2026-04-16 17:28:13.747 8 INFO neutron_taas.services.taas.tap_mirror_plugin [None req-512869f9-2be0-4d33-a155-d4fd35d9e355 a51c000c19934f2399933f01f9de16dc 65221a7bd8a442af859e6fa35b0fd844 - - default default] Tap Mirror: Handle Delete Port: 3155c7f5-ff10-4ce4-b912-fb6a4aa800d2 [pid: 8|app: 0|req: 626/1229] 10.0.0.90 () {34 vars in 787 bytes} [Thu Apr 16 17:28:13 2026] PUT /v2.0/routers/7aa9eaf7-0d4d-48e4-ae4f-8607de6b7771/remove_router_interface => generated 309 bytes in 863 msecs (HTTP/1.1 200) 4 headers in 157 bytes (1 switches on core 0) [pid: 8|app: 0|req: 627/1230] 10.0.0.90 () {32 vars in 738 bytes} [Thu Apr 16 17:28:14 2026] DELETE /v2.0/security-groups/6585d521-cc5a-4e06-9a0b-bc7db509ebc8 => generated 0 bytes in 114 msecs (HTTP/1.1 204) 2 headers in 112 bytes (1 switches on core 0) [pid: 8|app: 0|req: 628/1231] 10.0.0.23 () {34 vars in 988 bytes} [Thu Apr 16 17:28:14 2026] GET /v2.0/ports?device_id=9f6cdca0-7aa9-4d7a-a203-3953993219d9 => generated 12 bytes in 21 msecs (HTTP/1.1 200) 4 headers in 156 bytes (1 switches on core 0)
2026-04-16 17:28:14.815 8 INFO neutron_taas.services.taas.taas_plugin [None req-4be3ae84-fb42-4c6d-8784-bb1a04c4fc01 a51c000c19934f2399933f01f9de16dc 65221a7bd8a442af859e6fa35b0fd844 - - default default] TaaS: Handle Delete Port: 579c1feb-830d-4b9b-b2f5-78b09ac28762
2026-04-16 17:28:14.820 8 INFO neutron_taas.services.taas.tap_mirror_plugin [None req-4be3ae84-fb42-4c6d-8784-bb1a04c4fc01 a51c000c19934f2399933f01f9de16dc 65221a7bd8a442af859e6fa35b0fd844 - - default default] Tap Mirror: Handle Delete Port: 579c1feb-830d-4b9b-b2f5-78b09ac28762 [pid: 7|app: 0|req: 604/1232] 10.0.0.90 () {34 vars in 667 bytes} [Thu Apr 16 17:28:12 2026] POST /v2.0/routers => generated 695 bytes in 2742 msecs (HTTP/1.1 201) 4 headers in 162 bytes (1 switches on core 0) [pid: 7|app: 0|req: 605/1233] 10.0.0.90 () {32 vars in 772 bytes} [Thu Apr 16 17:28:15 2026] GET /v2.0/security-groups?tenant_id=633e2a122c4a483eb5c8c5936eebebcd&name=default => generated 2925 bytes in 173 msecs (HTTP/1.1 200) 4 headers in 158 bytes (1 switches on core 0)
2026-04-16 17:28:15.294 7 WARNING keystonemiddleware.audit [None req-15db67f3-737b-4ef2-aedc-d19c72ed7df0 c6305cc007984aa89fd3e81a8a9f2482 2e2f38aa322d48f7a22035d07cfe4f34 - - default default] Skipping service tempest-service-55864902 as it have no endpoints. [pid: 8|app: 0|req: 629/1234] 10.0.0.90 () {34 vars in 787 bytes} [Thu Apr 16 17:28:14 2026] PUT /v2.0/routers/7aa9eaf7-0d4d-48e4-ae4f-8607de6b7771/remove_router_interface => generated 309 bytes in 1138 msecs (HTTP/1.1 200) 4 headers in 157 bytes (1 switches on core 0) [pid: 8|app: 0|req: 630/1235] 10.0.0.90 () {32 vars in 738 bytes} [Thu Apr 16 17:28:15 2026] DELETE /v2.0/security-groups/06eeb5fc-c366-4fbc-8c2c-2349374afa4f => generated 0 bytes in 94 msecs (HTTP/1.1 204) 2 headers in 112 bytes (1 switches on core 0) [pid: 8|app: 0|req: 631/1236] 10.0.0.23 () {34 vars in 988 bytes} [Thu Apr 16 17:28:15 2026] GET /v2.0/ports?device_id=9f6cdca0-7aa9-4d7a-a203-3953993219d9 => generated 12 bytes in 14 msecs (HTTP/1.1 200) 4 headers in 156 bytes (1 switches on core 0) [pid: 8|app: 0|req: 632/1237] 10.0.0.90 () {32 vars in 734 bytes} [Thu Apr 16 17:28:15 2026] GET /v2.0/ports?device_id=7aa9eaf7-0d4d-48e4-ae4f-8607de6b7771 => generated 12 bytes in 12 msecs (HTTP/1.1 200) 4 headers in 156 bytes (1 switches on core 0)
2026-04-16 17:28:15.836 8 INFO neutron_taas.services.taas.taas_plugin [None req-f35abcd4-fcf4-467f-96f2-22bd341894ff a51c000c19934f2399933f01f9de16dc 65221a7bd8a442af859e6fa35b0fd844 - - default default] TaaS: Handle Delete Port: 7c63e0a1-b8df-424e-8a62-5d015bcf6749
2026-04-16 17:28:15.839 8 INFO neutron_taas.services.taas.tap_mirror_plugin [None req-f35abcd4-fcf4-467f-96f2-22bd341894ff a51c000c19934f2399933f01f9de16dc 65221a7bd8a442af859e6fa35b0fd844 - - default default] Tap Mirror: Handle Delete Port: 7c63e0a1-b8df-424e-8a62-5d015bcf6749
2026-04-16 17:28:16.179 8 INFO neutron.services.segments.plugin [-] Segment 25bf7a95-6298-4824-8894-608b0fd6141c resource provider aggregate not found
2026-04-16 17:28:16.185 8 INFO neutron.services.segments.plugin [-] Segment 25bf7a95-6298-4824-8894-608b0fd6141c resource provider aggregate not found
2026-04-16 17:28:16.200 8 INFO neutron.services.segments.plugin [-] Segment 25bf7a95-6298-4824-8894-608b0fd6141c resource provider not found; error: Placement Client Error (4xx): {"errors": [{"status": 404, "title": "Not Found", "detail": "The resource could not be found.\n\n No resource provider with uuid 25bf7a95-6298-4824-8894-608b0fd6141c found for delete ", "request_id": "req-e1b10067-00ca-4fa5-84c4-718b735a467b"}]}
2026-04-16 17:28:16.205 8 INFO neutron.services.segments.plugin [-] Segment 25bf7a95-6298-4824-8894-608b0fd6141c resource provider not found; error: Placement Client Error (4xx): {"errors": [{"status": 404, "title": "Not Found", "detail": "The resource could not be found.\n\n No resource provider with uuid 25bf7a95-6298-4824-8894-608b0fd6141c found for delete ", "request_id": "req-9a2c62bc-4088-494d-b5b7-add13637a02a"}]}
2026-04-16 17:28:16.209 8 INFO neutron.db.l3_hamode_db [None req-f35abcd4-fcf4-467f-96f2-22bd341894ff a51c000c19934f2399933f01f9de16dc 65221a7bd8a442af859e6fa35b0fd844 - - default default] HA network bfd503bb-341b-4997-95ad-60fcee49693c was deleted as no HA routers are present in tenant 65221a7bd8a442af859e6fa35b0fd844. [pid: 8|app: 0|req: 633/1238] 10.0.0.90 () {32 vars in 722 bytes} [Thu Apr 16 17:28:15 2026] DELETE /v2.0/routers/7aa9eaf7-0d4d-48e4-ae4f-8607de6b7771 => generated 0 bytes in 536 msecs (HTTP/1.1 204) 2 headers in 112 bytes (1 switches on core 0) [pid: 8|app: 0|req: 634/1239] 10.0.0.90 () {32 vars in 722 bytes} [Thu Apr 16 17:28:16 2026] DELETE /v2.0/subnets/b8bbecd9-95d3-44c7-8585-462844230d61 => generated 0 bytes in 159 msecs (HTTP/1.1 204) 3 headers in 131 bytes (1 switches on core 0) [pid: 8|app: 0|req: 635/1240] 10.0.0.90 () {32 vars in 722 bytes} [Thu Apr 16 17:28:16 2026] DELETE /v2.0/subnets/5a33a759-3770-4754-9763-e6fbbbeabb86 => generated 0 bytes in 141 msecs (HTTP/1.1 204) 3 headers in 131 bytes (1 switches on core 0) [pid: 7|app: 0|req: 606/1241] 10.0.0.90 () {34 vars in 781 bytes} [Thu Apr 16 17:28:15 2026] PUT /v2.0/routers/e638a17b-193b-408e-a560-249b5be620c8/add_router_interface => generated 309 bytes in 1269 msecs (HTTP/1.1 200) 4 headers in 157 bytes (1 switches on core 0)
2026-04-16 17:28:16.571 7 WARNING keystonemiddleware.audit [None req-4c0f2252-956a-4fa9-8db4-48cf89b65ecc eddc09b0cf7d44df8604f3f1545a2231 2b85de8199854b09abf733bfa66d97dc - - default default] Skipping service tempest-service-55864902 as it have no endpoints.
2026-04-16 17:28:16.621 8 INFO neutron_taas.services.taas.taas_plugin [None req-7c58828f-c621-4057-bfcc-650edf65eba0 a51c000c19934f2399933f01f9de16dc 65221a7bd8a442af859e6fa35b0fd844 - - default default] TaaS: Handle Delete Port: 5543b32e-c7cd-456f-aa18-b5a01bc5f55b
2026-04-16 17:28:16.624 8 INFO neutron_taas.services.taas.tap_mirror_plugin [None req-7c58828f-c621-4057-bfcc-650edf65eba0 a51c000c19934f2399933f01f9de16dc 65221a7bd8a442af859e6fa35b0fd844 - - default default] Tap Mirror: Handle Delete Port: 5543b32e-c7cd-456f-aa18-b5a01bc5f55b [pid: 8|app: 0|req: 636/1242] 10.0.0.90 () {32 vars in 724 bytes} [Thu Apr 16 17:28:16 2026] DELETE /v2.0/networks/ebda7467-b5b6-4acb-8e00-f3e98a13b340 => generated 0 bytes in 294 msecs (HTTP/1.1 204) 3 headers in 131 bytes (1 switches on core 0) [pid: 7|app: 0|req: 607/1243] 10.0.0.90 () {34 vars in 663 bytes} [Thu Apr 16 17:28:16 2026] POST /v2.0/ports => generated 958 bytes in 322 msecs (HTTP/1.1 201) 4 headers in 162 bytes (1 switches on core 0) /var/lib/openstack/lib/python3.12/site-packages/pycadf/identifier.py:70: UserWarning: Invalid uuid: neutron. To ensure interoperability, identifiers should be a valid uuid. warnings.warn(('Invalid uuid: %s. To ensure interoperability, ' [pid: 8|app: 0|req: 637/1244] 10.0.0.90 () {32 vars in 738 bytes} [Thu Apr 16 17:28:16 2026] DELETE /v2.0/security-groups/73062e72-5dfa-4839-bd9a-7f665f28325d => generated 0 bytes in 81 msecs (HTTP/1.1 204) 2 headers in 112 bytes (1 switches on core 0)
2026-04-16 17:28:16.907 8 WARNING keystonemiddleware.audit [None req-703a28b2-0763-4733-a043-28e4f2ad3e97 b5b5c743aead42a894d2e93aff46744d 32fc56c1ff764ac288e95f58faae0ce4 - - default default] Skipping service tempest-service-55864902 as it have no endpoints.
2026-04-16 17:28:16.980 7 INFO neutron_taas.services.taas.taas_plugin [None req-5555ed74-856f-482c-99ae-3c092bae41bc a51c000c19934f2399933f01f9de16dc 65221a7bd8a442af859e6fa35b0fd844 - - default default] TaaS: Handle Delete Port: c87c370a-2485-4b40-838e-788adf174c27
2026-04-16 17:28:16.983 7 INFO neutron_taas.services.taas.tap_mirror_plugin [None req-5555ed74-856f-482c-99ae-3c092bae41bc a51c000c19934f2399933f01f9de16dc 65221a7bd8a442af859e6fa35b0fd844 - - default default] Tap Mirror: Handle Delete Port: c87c370a-2485-4b40-838e-788adf174c27
2026-04-16 17:28:17.161 7 INFO neutron.services.segments.plugin [-] Segment 899a657c-f24b-42ec-9278-fa49959671ee resource provider aggregate not found
2026-04-16 17:28:17.164 7 INFO neutron.services.segments.plugin [-] Segment 899a657c-f24b-42ec-9278-fa49959671ee resource provider aggregate not found
2026-04-16 17:28:17.181 7 INFO neutron.services.segments.plugin [-] Segment 899a657c-f24b-42ec-9278-fa49959671ee resource provider not found; error: Placement Client Error (4xx): {"errors": [{"status": 404, "title": "Not Found", "detail": "The resource could not be found.\n\n No resource provider with uuid 899a657c-f24b-42ec-9278-fa49959671ee found for delete ", "request_id": "req-f1d51654-2847-4622-b86f-4fb479a8eba7"}]}
2026-04-16 17:28:17.184 7 INFO neutron.services.segments.plugin [-] Segment 899a657c-f24b-42ec-9278-fa49959671ee resource provider not found; error: Placement Client Error (4xx): {"errors": [{"status": 404, "title": "Not Found", "detail": "The resource could not be found.\n\n No resource provider with uuid 899a657c-f24b-42ec-9278-fa49959671ee found for delete ", "request_id": "req-e112d46c-0ad8-448c-b78c-dbcdc46bd17d"}]} [pid: 7|app: 0|req: 608/1245] 10.0.0.90 () {32 vars in 724 bytes} [Thu Apr 16 17:28:16 2026] DELETE /v2.0/networks/9f8de964-7f1d-4f40-a7b3-3637d0a1e87f => generated 0 bytes in 300 msecs (HTTP/1.1 204) 3 headers in 131 bytes (1 switches on core 0)
2026-04-16 17:28:17.200 7 INFO neutron.api.v2.resource [None req-15c7737c-1e2a-4952-a553-9f9af31ef611 b5b5c743aead42a894d2e93aff46744d 32fc56c1ff764ac288e95f58faae0ce4 - - default default] show failed (client error): The resource could not be found. [pid: 7|app: 0|req: 609/1246] 10.0.0.90 () {32 vars in 735 bytes} [Thu Apr 16 17:28:17 2026] GET /v2.0/security-groups/73062e72-5dfa-4839-bd9a-7f665f28325d => generated 146 bytes in 10 msecs (HTTP/1.1 404) 4 headers in 164 bytes (1 switches on core 0)
2026-04-16 17:28:17.268 7 INFO neutron.db.segments_db [None req-048a6784-a60c-4077-8272-bcb837c74054 a51c000c19934f2399933f01f9de16dc 65221a7bd8a442af859e6fa35b0fd844 - - default default] Added segment 9c2f8fc3-c494-4a4e-82ee-de754a0d91da of type vxlan for network 237c9885-a347-466e-9930-86c972c66732 [pid: 8|app: 0|req: 638/1247] 10.0.0.90 () {34 vars in 663 bytes} [Thu Apr 16 17:28:16 2026] POST /v2.0/ports => generated 954 bytes in 375 msecs (HTTP/1.1 201) 4 headers in 162 bytes (1 switches on core 0) /var/lib/openstack/lib/python3.12/site-packages/pycadf/identifier.py:70: UserWarning: Invalid uuid: neutron. To ensure interoperability, identifiers should be a valid uuid. warnings.warn(('Invalid uuid: %s. To ensure interoperability, ' [pid: 7|app: 0|req: 610/1248] 10.0.0.90 () {34 vars in 668 bytes} [Thu Apr 16 17:28:17 2026] POST /v2.0/networks => generated 614 bytes in 146 msecs (HTTP/1.1 201) 4 headers in 162 bytes (1 switches on core 0)
2026-04-16 17:28:17.350 7 WARNING keystonemiddleware.audit [None req-048a6784-a60c-4077-8272-bcb837c74054 a51c000c19934f2399933f01f9de16dc 65221a7bd8a442af859e6fa35b0fd844 - - default default] Skipping service tempest-service-55864902 as it have no endpoints.
2026-04-16 17:28:17.379 8 INFO neutron_taas.services.taas.taas_plugin [None req-8667f1e6-8cc5-40bf-acff-b89761580f81 b5b5c743aead42a894d2e93aff46744d 32fc56c1ff764ac288e95f58faae0ce4 - - default default] TaaS: Handle Delete Port: 091269c0-0ec5-4980-8219-baaddc5907f7
2026-04-16 17:28:17.382 8 INFO neutron_taas.services.taas.tap_mirror_plugin [None req-8667f1e6-8cc5-40bf-acff-b89761580f81 b5b5c743aead42a894d2e93aff46744d 32fc56c1ff764ac288e95f58faae0ce4 - - default default] Tap Mirror: Handle Delete Port: 091269c0-0ec5-4980-8219-baaddc5907f7 [pid: 8|app: 0|req: 639/1249] 10.0.0.90 () {32 vars in 730 bytes} [Thu Apr 16 17:28:17 2026] DELETE /v2.0/floatingips/9cc2e728-062a-4d63-825e-b8042af4d9a2 => generated 0 bytes in 251 msecs (HTTP/1.1 204) 2 headers in 112 bytes (1 switches on core 0) [pid: 8|app: 0|req: 640/1250] 10.0.0.90 () {34 vars in 667 bytes} [Thu Apr 16 17:28:17 2026] POST /v2.0/subnets => generated 646 bytes in 199 msecs (HTTP/1.1 201) 4 headers in 162 bytes (1 switches on core 0)
2026-04-16 17:28:18.058 8 INFO neutron_taas.services.taas.taas_plugin [None req-d3e29445-89e0-4f45-81b5-e888de145552 c6305cc007984aa89fd3e81a8a9f2482 2e2f38aa322d48f7a22035d07cfe4f34 - - default default] TaaS: Handle Delete Port: b03c013a-e055-4669-abe1-cefcfa9a5abd
2026-04-16 17:28:18.060 8 INFO neutron_taas.services.taas.tap_mirror_plugin [None req-d3e29445-89e0-4f45-81b5-e888de145552 c6305cc007984aa89fd3e81a8a9f2482 2e2f38aa322d48f7a22035d07cfe4f34 - - default default] Tap Mirror: Handle Delete Port: b03c013a-e055-4669-abe1-cefcfa9a5abd
2026-04-16 17:28:18.062 7 INFO neutron.db.l3_db [None req-90ab3ad5-89dd-4cc2-9dd1-2701bb25dca4 eddc09b0cf7d44df8604f3f1545a2231 2b85de8199854b09abf733bfa66d97dc - - default default] Floating IP 5d3d9ef3-aef7-4dba-96ed-d631fc9856a2 associated. External IP: 10.96.250.212, port: c0f04414-474b-4791-94f0-3203803750d4.
2026-04-16 17:28:18.229 8 INFO neutron.services.segments.plugin [-] Segment 14c0e77e-bb31-49a5-bd84-6e89e577f744 resource provider aggregate not found
2026-04-16 17:28:18.231 8 INFO neutron.services.segments.plugin [-] Segment 14c0e77e-bb31-49a5-bd84-6e89e577f744 resource provider aggregate not found
2026-04-16 17:28:18.249 8 INFO neutron.services.segments.plugin [-] Segment 14c0e77e-bb31-49a5-bd84-6e89e577f744 resource provider not found; error: Placement Client Error (4xx): {"errors": [{"status": 404, "title": "Not Found", "detail": "The resource could not be found.\n\n No resource provider with uuid 14c0e77e-bb31-49a5-bd84-6e89e577f744 found for delete ", "request_id": "req-efbb78ee-30c4-4d9c-9acd-9f803a2e3811"}]}
2026-04-16 17:28:18.253 8 INFO neutron.services.segments.plugin [-] Segment 14c0e77e-bb31-49a5-bd84-6e89e577f744 resource provider not found; error: Placement Client Error (4xx): {"errors": [{"status": 404, "title": "Not Found", "detail": "The resource could not be found.\n\n No resource provider with uuid 14c0e77e-bb31-49a5-bd84-6e89e577f744 found for delete ", "request_id": "req-62c18223-8678-4696-9502-b64e034f2828"}]} [pid: 7|app: 0|req: 611/1251] 10.0.0.90 () {34 vars in 675 bytes} [Thu Apr 16 17:28:17 2026] POST /v2.0/floatingips => generated 841 bytes in 984 msecs (HTTP/1.1 201) 4 headers in 162 bytes (1 switches on core 0)
2026-04-16 17:28:18.369 7 INFO neutron.db.segments_db [None req-804f1fb9-d3cc-4199-95ae-426ab941d376 a51c000c19934f2399933f01f9de16dc 65221a7bd8a442af859e6fa35b0fd844 - - default default] Added segment 6efd9e3a-1adf-4b0b-8ed3-6eb8064963f0 of type vxlan for network 85d25cb3-3bda-46f6-bf56-ed7e2f49d2cc
2026-04-16 17:28:18.570 7 INFO neutron.db.l3_hamode_db [None req-804f1fb9-d3cc-4199-95ae-426ab941d376 a51c000c19934f2399933f01f9de16dc 65221a7bd8a442af859e6fa35b0fd844 - - default default] Number of active agents lower than max_l3_agents_per_router. L3 agents available: 1 [pid: 8|app: 0|req: 641/1252] 10.0.0.90 () {34 vars in 787 bytes} [Thu Apr 16 17:28:17 2026] PUT /v2.0/routers/a8491b4e-fcce-4fc0-b8ad-b8fbf015ce99/remove_router_interface => generated 309 bytes in 843 msecs (HTTP/1.1 200) 4 headers in 157 bytes (1 switches on core 0)
2026-04-16 17:28:18.675 7 INFO neutron.db.l3_hamode_db [None req-804f1fb9-d3cc-4199-95ae-426ab941d376 a51c000c19934f2399933f01f9de16dc 65221a7bd8a442af859e6fa35b0fd844 - - default default] Number of active agents lower than max_l3_agents_per_router. L3 agents available: 1 [pid: 8|app: 0|req: 642/1253] 10.0.0.90 () {32 vars in 772 bytes} [Thu Apr 16 17:28:18 2026] GET /v2.0/security-groups?tenant_id=e040305f450c4877ba6918af8ed4c468&name=default => generated 2925 bytes in 247 msecs (HTTP/1.1 200) 4 headers in 158 bytes (1 switches on core 0)
2026-04-16 17:28:18.825 8 WARNING keystonemiddleware.audit [None req-2ec082cb-ba5e-42d7-a17f-95da5603fb9b c6305cc007984aa89fd3e81a8a9f2482 2e2f38aa322d48f7a22035d07cfe4f34 - - default default] Skipping service tempest-service-55864902 as it have no endpoints.
2026-04-16 17:28:18.918 8 INFO neutron.db.l3_db [None req-c91a5a8e-1755-4ecf-9b5a-caa83ab9d76b eddc09b0cf7d44df8604f3f1545a2231 2b85de8199854b09abf733bfa66d97dc - - default default] Floating IP 5d3d9ef3-aef7-4dba-96ed-d631fc9856a2 disassociated. External IP: 10.96.250.212, port: c0f04414-474b-4791-94f0-3203803750d4. [pid: 8|app: 0|req: 643/1254] 10.0.0.90 () {34 vars in 747 bytes} [Thu Apr 16 17:28:18 2026] PUT /v2.0/floatingips/5d3d9ef3-aef7-4dba-96ed-d631fc9856a2 => generated 552 bytes in 324 msecs (HTTP/1.1 200) 4 headers in 157 bytes (1 switches on core 0) [pid: 7|app: 0|req: 612/1255] 10.0.0.90 () {34 vars in 667 bytes} [Thu Apr 16 17:28:18 2026] POST /v2.0/routers => generated 511 bytes in 875 msecs (HTTP/1.1 201) 4 headers in 162 bytes (1 switches on core 0) [pid: 7|app: 0|req: 613/1256] 10.0.0.90 () {32 vars in 738 bytes} [Thu Apr 16 17:28:19 2026] DELETE /v2.0/security-groups/3ae4469d-7461-4e72-8584-435bd35129fa => generated 0 bytes in 103 msecs (HTTP/1.1 204) 2 headers in 112 bytes (1 switches on core 0)
2026-04-16 17:28:19.315 7 WARNING keystonemiddleware.audit [None req-46ae82d0-7665-4f86-977d-63049cfec706 c6305cc007984aa89fd3e81a8a9f2482 2e2f38aa322d48f7a22035d07cfe4f34 - - default default] Skipping service tempest-service-55864902 as it have no endpoints.
2026-04-16 17:28:19.336 8 INFO neutron_taas.services.taas.taas_plugin [None req-875165ad-d799-4c6c-b6ad-d3ba4e14a9e5 c6305cc007984aa89fd3e81a8a9f2482 2e2f38aa322d48f7a22035d07cfe4f34 - - default default] TaaS: Handle Delete Port: 09f0fe65-bbcc-4d02-a5e7-0114511f2814
2026-04-16 17:28:19.338 8 INFO neutron_taas.services.taas.tap_mirror_plugin [None req-875165ad-d799-4c6c-b6ad-d3ba4e14a9e5 c6305cc007984aa89fd3e81a8a9f2482 2e2f38aa322d48f7a22035d07cfe4f34 - - default default] Tap Mirror: Handle Delete Port: 09f0fe65-bbcc-4d02-a5e7-0114511f2814
2026-04-16 17:28:19.397 7 INFO neutron_taas.services.taas.taas_plugin [None req-881c603b-4c43-4827-9944-9e9fb344daf2 eddc09b0cf7d44df8604f3f1545a2231 2b85de8199854b09abf733bfa66d97dc - - default default] TaaS: Handle Delete Port: 3b87c2db-9a25-4bd9-a962-ff36bd493cd4
2026-04-16 17:28:19.400 7 INFO neutron_taas.services.taas.tap_mirror_plugin [None req-881c603b-4c43-4827-9944-9e9fb344daf2 eddc09b0cf7d44df8604f3f1545a2231 2b85de8199854b09abf733bfa66d97dc - - default default] Tap Mirror: Handle Delete Port: 3b87c2db-9a25-4bd9-a962-ff36bd493cd4
2026-04-16 17:28:19.572 8 INFO neutron_taas.services.taas.taas_plugin [None req-875165ad-d799-4c6c-b6ad-d3ba4e14a9e5 c6305cc007984aa89fd3e81a8a9f2482 2e2f38aa322d48f7a22035d07cfe4f34 - - default default] TaaS: Handle Delete Port: f796cb61-9b5a-4bcf-a5b5-64924e75e73e
2026-04-16 17:28:19.575 8 INFO neutron_taas.services.taas.tap_mirror_plugin [None req-875165ad-d799-4c6c-b6ad-d3ba4e14a9e5 c6305cc007984aa89fd3e81a8a9f2482 2e2f38aa322d48f7a22035d07cfe4f34 - - default default] Tap Mirror: Handle Delete Port: f796cb61-9b5a-4bcf-a5b5-64924e75e73e [pid: 7|app: 0|req: 614/1257] 10.0.0.90 () {32 vars in 730 bytes} [Thu Apr 16 17:28:19 2026] DELETE /v2.0/floatingips/5d3d9ef3-aef7-4dba-96ed-d631fc9856a2 => generated 0 bytes in 274 msecs (HTTP/1.1 204) 2 headers in 112 bytes (1 switches on core 0)
2026-04-16 17:28:19.895 8 INFO neutron.db.l3_hamode_db [None req-875165ad-d799-4c6c-b6ad-d3ba4e14a9e5 c6305cc007984aa89fd3e81a8a9f2482 2e2f38aa322d48f7a22035d07cfe4f34 - - default default] HA network f084e09b-fb1d-4075-99fd-5915741e45d1 was deleted as no HA routers are present in tenant 32fc56c1ff764ac288e95f58faae0ce4. [pid: 8|app: 0|req: 644/1258] 10.0.0.90 () {32 vars in 722 bytes} [Thu Apr 16 17:28:19 2026] DELETE /v2.0/routers/a8491b4e-fcce-4fc0-b8ad-b8fbf015ce99 => generated 0 bytes in 755 msecs (HTTP/1.1 204) 2 headers in 112 bytes (1 switches on core 0)
2026-04-16 17:28:19.905 8 WARNING keystonemiddleware.audit [None req-875165ad-d799-4c6c-b6ad-d3ba4e14a9e5 c6305cc007984aa89fd3e81a8a9f2482 2e2f38aa322d48f7a22035d07cfe4f34 - - default default] Skipping service tempest-service-55864902 as it have no endpoints. [pid: 7|app: 0|req: 615/1259] 10.0.0.90 () {34 vars in 663 bytes} [Thu Apr 16 17:28:19 2026] POST /v2.0/ports => generated 964 bytes in 351 msecs (HTTP/1.1 201) 4 headers in 162 bytes (1 switches on core 0) /var/lib/openstack/lib/python3.12/site-packages/pycadf/identifier.py:70: UserWarning: Invalid uuid: neutron. To ensure interoperability, identifiers should be a valid uuid. warnings.warn(('Invalid uuid: %s. To ensure interoperability, ' [pid: 7|app: 0|req: 616/1260] 10.0.0.90 () {32 vars in 722 bytes} [Thu Apr 16 17:28:19 2026] DELETE /v2.0/subnets/694a5b69-ea88-43a2-8264-d2786ba0f09e => generated 0 bytes in 143 msecs (HTTP/1.1 204) 3 headers in 131 bytes (1 switches on core 0)
2026-04-16 17:28:20.272 8 INFO neutron.services.segments.plugin [-] Segment 8d055492-01cb-48f7-b8cb-397288d8ebf0 resource provider aggregate not found
2026-04-16 17:28:20.281 8 INFO neutron.services.segments.plugin [-] Segment 8d055492-01cb-48f7-b8cb-397288d8ebf0 resource provider aggregate not found
2026-04-16 17:28:20.293 8 INFO neutron.services.segments.plugin [-] Segment 8d055492-01cb-48f7-b8cb-397288d8ebf0 resource provider not found; error: Placement Client Error (4xx): {"errors": [{"status": 404, "title": "Not Found", "detail": "The resource could not be found.\n\n No resource provider with uuid 8d055492-01cb-48f7-b8cb-397288d8ebf0 found for delete ", "request_id": "req-671a4ff4-5665-47f5-8b76-77d99f0ac220"}]}
2026-04-16 17:28:20.302 8 INFO neutron.services.segments.plugin [-] Segment 8d055492-01cb-48f7-b8cb-397288d8ebf0 resource provider not found; error: Placement Client Error (4xx): {"errors": [{"status": 404, "title": "Not Found", "detail": "The resource could not be found.\n\n No resource provider with uuid 8d055492-01cb-48f7-b8cb-397288d8ebf0 found for delete ", "request_id": "req-12f96df9-1b4c-44a7-bf4e-a1be13c513ad"}]}
2026-04-16 17:28:20.584 8 INFO neutron.db.l3_db [None req-5d458e5a-309f-4200-865c-c8d3a11788c3 eddc09b0cf7d44df8604f3f1545a2231 2b85de8199854b09abf733bfa66d97dc - - default default] Floating IP 539fd36a-855f-4be6-ad84-a29357df434a associated. External IP: 10.96.250.203, port: 1992ed9a-b2c8-48f3-a97d-88df6d518c6f. [pid: 8|app: 0|req: 645/1261] 10.0.0.90 () {34 vars in 675 bytes} [Thu Apr 16 17:28:19 2026] POST /v2.0/floatingips => generated 842 bytes in 1025 msecs (HTTP/1.1 201) 4 headers in 162 bytes (1 switches on core 0)
2026-04-16 17:28:21.011 8 INFO neutron_taas.services.taas.taas_plugin [None req-f50f5d68-b5d1-45e9-9855-7a1642d692b0 c6305cc007984aa89fd3e81a8a9f2482 2e2f38aa322d48f7a22035d07cfe4f34 - - default default] TaaS: Handle Delete Port: 6b2d52d2-f750-424a-9612-4f2314f93ddd
2026-04-16 17:28:21.013 8 INFO neutron_taas.services.taas.tap_mirror_plugin [None req-f50f5d68-b5d1-45e9-9855-7a1642d692b0 c6305cc007984aa89fd3e81a8a9f2482 2e2f38aa322d48f7a22035d07cfe4f34 - - default default] Tap Mirror: Handle Delete Port: 6b2d52d2-f750-424a-9612-4f2314f93ddd [pid: 7|app: 0|req: 617/1262] 10.0.0.90 () {34 vars in 781 bytes} [Thu Apr 16 17:28:20 2026] PUT /v2.0/routers/9df43d4b-097e-4a41-bfe5-445f0edf0137/add_router_interface => generated 309 bytes in 1010 msecs (HTTP/1.1 200) 4 headers in 157 bytes (1 switches on core 0)
2026-04-16 17:28:21.096 7 WARNING keystonemiddleware.audit [None req-1612152b-ae88-498e-8767-804a3db782fd a51c000c19934f2399933f01f9de16dc 65221a7bd8a442af859e6fa35b0fd844 - - default default] Skipping service tempest-service-55864902 as it have no endpoints. /var/lib/openstack/lib/python3.12/site-packages/pycadf/identifier.py:70: UserWarning: Invalid uuid: neutron. To ensure interoperability, identifiers should be a valid uuid. warnings.warn(('Invalid uuid: %s. To ensure interoperability, ' [pid: 7|app: 0|req: 618/1263] 10.0.0.90 () {32 vars in 727 bytes} [Thu Apr 16 17:28:21 2026] GET /v2.0/floatingips/539fd36a-855f-4be6-ad84-a29357df434a => generated 842 bytes in 35 msecs (HTTP/1.1 200) 4 headers in 157 bytes (1 switches on core 0) [pid: 7|app: 0|req: 619/1264] 10.0.0.90 () {32 vars in 715 bytes} [Thu Apr 16 17:28:21 2026] GET /v2.0/ports/5637a3a4-61c9-4b33-9b80-f1418e159082 => generated 1038 bytes in 24 msecs (HTTP/1.1 200) 4 headers in 158 bytes (1 switches on core 0)
2026-04-16 17:28:21.156 7 WARNING keystonemiddleware.audit [None req-e5fc88a3-9c6b-4e30-b206-ff29cd5190a1 a51c000c19934f2399933f01f9de16dc 65221a7bd8a442af859e6fa35b0fd844 - - default default] Skipping service tempest-service-55864902 as it have no endpoints. [pid: 8|app: 0|req: 646/1265] 10.0.0.90 () {32 vars in 724 bytes} [Thu Apr 16 17:28:20 2026] DELETE /v2.0/networks/9df75651-5057-480b-8846-21570690159c => generated 0 bytes in 257 msecs (HTTP/1.1 204) 3 headers in 131 bytes (1 switches on core 0) [pid: 7|app: 0|req: 620/1266] 10.0.0.90 () {32 vars in 653 bytes} [Thu Apr 16 17:28:21 2026] GET /v2.0/floatingips => generated 845 bytes in 57 msecs (HTTP/1.1 200) 4 headers in 157 bytes (1 switches on core 0)
2026-04-16 17:28:21.217 7 WARNING keystonemiddleware.audit [None req-b18a4220-85b5-488b-a0c1-80ce0da78d2a eddc09b0cf7d44df8604f3f1545a2231 2b85de8199854b09abf733bfa66d97dc - - default default] Skipping service tempest-service-55864902 as it have no endpoints.
2026-04-16 17:28:21.556 8 INFO neutron_taas.services.taas.taas_plugin [None req-c67fa87a-9857-425b-b2b6-44e7deeda948 a51c000c19934f2399933f01f9de16dc 65221a7bd8a442af859e6fa35b0fd844 - - default default] TaaS: Handle Delete Port: 5637a3a4-61c9-4b33-9b80-f1418e159082
2026-04-16 17:28:21.559 8 INFO neutron_taas.services.taas.tap_mirror_plugin [None req-c67fa87a-9857-425b-b2b6-44e7deeda948 a51c000c19934f2399933f01f9de16dc 65221a7bd8a442af859e6fa35b0fd844 - - default default] Tap Mirror: Handle Delete Port: 5637a3a4-61c9-4b33-9b80-f1418e159082
2026-04-16 17:28:21.590 7 INFO neutron.db.l3_db [None req-d5ace74d-762a-409a-a54c-213bd1f58626 eddc09b0cf7d44df8604f3f1545a2231 2b85de8199854b09abf733bfa66d97dc - - default default] Floating IP 539fd36a-855f-4be6-ad84-a29357df434a associated. External IP: 10.96.250.203, port: 1992ed9a-b2c8-48f3-a97d-88df6d518c6f. [pid: 8|app: 0|req: 647/1267] 10.0.0.90 () {34 vars in 787 bytes} [Thu Apr 16 17:28:21 2026] PUT /v2.0/routers/9df43d4b-097e-4a41-bfe5-445f0edf0137/remove_router_interface => generated 309 bytes in 760 msecs (HTTP/1.1 200) 4 headers in 157 bytes (1 switches on core 0) /var/lib/openstack/lib/python3.12/site-packages/pycadf/identifier.py:70: UserWarning: Invalid uuid: neutron. To ensure interoperability, identifiers should be a valid uuid. warnings.warn(('Invalid uuid: %s. To ensure interoperability, ' [pid: 8|app: 0|req: 648/1268] 10.0.0.90 () {32 vars in 772 bytes} [Thu Apr 16 17:28:21 2026] GET /v2.0/security-groups?tenant_id=32fc56c1ff764ac288e95f58faae0ce4&name=default => generated 2921 bytes in 24 msecs (HTTP/1.1 200) 4 headers in 158 bytes (1 switches on core 0)
2026-04-16 17:28:22.074 8 INFO neutron.api.v2.resource [None req-0f870c4c-65d1-4200-b9f9-eb2cc4e2d95c a51c000c19934f2399933f01f9de16dc 65221a7bd8a442af859e6fa35b0fd844 - - default default] remove_router_interface failed (client error): The resource could not be found. [pid: 8|app: 0|req: 649/1269] 10.0.0.90 () {34 vars in 787 bytes} [Thu Apr 16 17:28:21 2026] PUT /v2.0/routers/9df43d4b-097e-4a41-bfe5-445f0edf0137/remove_router_interface => generated 197 bytes in 105 msecs (HTTP/1.1 404) 4 headers in 164 bytes (1 switches on core 0) [pid: 8|app: 0|req: 650/1270] 10.0.0.90 () {32 vars in 738 bytes} [Thu Apr 16 17:28:22 2026] DELETE /v2.0/security-groups/934fb5d0-8f0d-402b-9af7-08795bf459f5 => generated 0 bytes in 98 msecs (HTTP/1.1 204) 2 headers in 112 bytes (1 switches on core 0) [pid: 7|app: 0|req: 621/1271] 10.0.0.90 () {34 vars in 747 bytes} [Thu Apr 16 17:28:21 2026] PUT /v2.0/floatingips/539fd36a-855f-4be6-ad84-a29357df434a => generated 841 bytes in 970 msecs (HTTP/1.1 200) 4 headers in 157 bytes (1 switches on core 0) [pid: 8|app: 0|req: 651/1272] 10.0.0.90 () {32 vars in 734 bytes} [Thu Apr 16 17:28:22 2026] GET /v2.0/ports?device_id=9df43d4b-097e-4a41-bfe5-445f0edf0137 => generated 12 bytes in 15 msecs (HTTP/1.1 200) 4 headers in 156 bytes (1 switches on core 0)
2026-04-16 17:28:22.191 7 WARNING keystonemiddleware.audit [None req-d5ace74d-762a-409a-a54c-213bd1f58626 eddc09b0cf7d44df8604f3f1545a2231 2b85de8199854b09abf733bfa66d97dc - - default default] Skipping service tempest-service-55864902 as it have no endpoints.
2026-04-16 17:28:22.279 7 INFO neutron.db.l3_db [None req-c3a56a04-039d-46e0-a881-cefdfb753eb1 eddc09b0cf7d44df8604f3f1545a2231 2b85de8199854b09abf733bfa66d97dc - - default default] Floating IP 539fd36a-855f-4be6-ad84-a29357df434a disassociated. External IP: 10.96.250.203, port: c0f04414-474b-4791-94f0-3203803750d4.
2026-04-16 17:28:22.316 8 INFO neutron.services.segments.plugin [-] Segment 5eb529a8-349c-4d91-8a77-0cfb73e01848 resource provider aggregate not found
2026-04-16 17:28:22.339 8 INFO neutron.services.segments.plugin [-] Segment 5eb529a8-349c-4d91-8a77-0cfb73e01848 resource provider aggregate not found
2026-04-16 17:28:22.345 8 INFO neutron.services.segments.plugin [-] Segment 5eb529a8-349c-4d91-8a77-0cfb73e01848 resource provider not found; error: Placement Client Error (4xx): {"errors": [{"status": 404, "title": "Not Found", "detail": "The resource could not be found.\n\n No resource provider with uuid 5eb529a8-349c-4d91-8a77-0cfb73e01848 found for delete ", "request_id": "req-cc4730ba-1f43-43ea-b1c0-86d6f8d2245f"}]}
2026-04-16 17:28:22.352 8 INFO neutron.services.segments.plugin [-] Segment 5eb529a8-349c-4d91-8a77-0cfb73e01848 resource provider not found; error: Placement Client Error (4xx): {"errors": [{"status": 404, "title": "Not Found", "detail": "The resource could not be found.\n\n No resource provider with uuid 5eb529a8-349c-4d91-8a77-0cfb73e01848 found for delete ", "request_id": "req-2200da90-4c65-470b-b567-0891b811ce08"}]}
2026-04-16 17:28:22.393 8 INFO neutron_taas.services.taas.taas_plugin [None req-7f89051d-65a1-4fe6-a064-aab8d3182bf8 a51c000c19934f2399933f01f9de16dc 65221a7bd8a442af859e6fa35b0fd844 - - default default] TaaS: Handle Delete Port: a0adf4c0-3592-46cb-a209-72e296e556df
2026-04-16 17:28:22.399 8 INFO neutron_taas.services.taas.tap_mirror_plugin [None req-7f89051d-65a1-4fe6-a064-aab8d3182bf8 a51c000c19934f2399933f01f9de16dc 65221a7bd8a442af859e6fa35b0fd844 - - default default] Tap Mirror: Handle Delete Port: a0adf4c0-3592-46cb-a209-72e296e556df [pid: 7|app: 0|req: 622/1273] 10.0.0.90 () {34 vars in 747 bytes} [Thu Apr 16 17:28:22 2026] PUT /v2.0/floatingips/539fd36a-855f-4be6-ad84-a29357df434a => generated 552 bytes in 384 msecs (HTTP/1.1 200) 4 headers in 157 bytes (1 switches on core 0)
2026-04-16 17:28:22.580 7 WARNING keystonemiddleware.audit [None req-c3a56a04-039d-46e0-a881-cefdfb753eb1 eddc09b0cf7d44df8604f3f1545a2231 2b85de8199854b09abf733bfa66d97dc - - default default] Skipping service tempest-service-55864902 as it have no endpoints.
2026-04-16 17:28:22.675 7 INFO neutron_taas.services.taas.taas_plugin [None req-2c2bc184-6398-453a-8190-08311d49a640 eddc09b0cf7d44df8604f3f1545a2231 2b85de8199854b09abf733bfa66d97dc - - default default] TaaS: Handle Delete Port: 5df8b735-4b11-4817-bdb9-c6df0081bc1c
2026-04-16 17:28:22.677 7 INFO neutron_taas.services.taas.tap_mirror_plugin [None req-2c2bc184-6398-453a-8190-08311d49a640 eddc09b0cf7d44df8604f3f1545a2231 2b85de8199854b09abf733bfa66d97dc - - default default] Tap Mirror: Handle Delete Port: 5df8b735-4b11-4817-bdb9-c6df0081bc1c
2026-04-16 17:28:22.743 8 INFO neutron.db.l3_hamode_db [None req-7f89051d-65a1-4fe6-a064-aab8d3182bf8 a51c000c19934f2399933f01f9de16dc 65221a7bd8a442af859e6fa35b0fd844 - - default default] HA network 85d25cb3-3bda-46f6-bf56-ed7e2f49d2cc was deleted as no HA routers are present in tenant 65221a7bd8a442af859e6fa35b0fd844. [pid: 8|app: 0|req: 652/1274] 10.0.0.90 () {32 vars in 722 bytes} [Thu Apr 16 17:28:22 2026] DELETE /v2.0/routers/9df43d4b-097e-4a41-bfe5-445f0edf0137 => generated 0 bytes in 555 msecs (HTTP/1.1 204) 2 headers in 112 bytes (1 switches on core 0) [pid: 7|app: 0|req: 623/1275] 10.0.0.90 () {32 vars in 730 bytes} [Thu Apr 16 17:28:22 2026] DELETE /v2.0/floatingips/539fd36a-855f-4be6-ad84-a29357df434a => generated 0 bytes in 235 msecs (HTTP/1.1 204) 2 headers in 112 bytes (1 switches on core 0)
2026-04-16 17:28:22.820 7 WARNING keystonemiddleware.audit [None req-2c2bc184-6398-453a-8190-08311d49a640 eddc09b0cf7d44df8604f3f1545a2231 2b85de8199854b09abf733bfa66d97dc - - default default] Skipping service tempest-service-55864902 as it have no endpoints.
2026-04-16 17:28:22.835 7 INFO neutron.api.v2.resource [None req-f247ad26-ba02-4dc0-9927-b791dfbcbab6 eddc09b0cf7d44df8604f3f1545a2231 2b85de8199854b09abf733bfa66d97dc - - default default] delete failed (client error): The resource could not be found. [pid: 7|app: 0|req: 624/1276] 10.0.0.90 () {32 vars in 730 bytes} [Thu Apr 16 17:28:22 2026] DELETE /v2.0/floatingips/539fd36a-855f-4be6-ad84-a29357df434a => generated 144 bytes in 18 msecs (HTTP/1.1 404) 4 headers in 164 bytes (1 switches on core 0)
2026-04-16 17:28:22.843 7 WARNING keystonemiddleware.audit [None req-f247ad26-ba02-4dc0-9927-b791dfbcbab6 eddc09b0cf7d44df8604f3f1545a2231 2b85de8199854b09abf733bfa66d97dc - - default default] Skipping service tempest-service-55864902 as it have no endpoints. [pid: 8|app: 0|req: 653/1277] 10.0.0.90 () {32 vars in 722 bytes} [Thu Apr 16 17:28:22 2026] DELETE /v2.0/subnets/964a5d4e-ce2c-48fa-81ee-43a5c8c60436 => generated 0 bytes in 116 msecs (HTTP/1.1 204) 3 headers in 131 bytes (1 switches on core 0)
2026-04-16 17:28:22.995 7 INFO neutron_taas.services.taas.taas_plugin [None req-cf3f4569-0a4b-4494-be18-4e392ee2d551 eddc09b0cf7d44df8604f3f1545a2231 2b85de8199854b09abf733bfa66d97dc - - default default] TaaS: Handle Delete Port: c0f04414-474b-4791-94f0-3203803750d4
2026-04-16 17:28:22.999 7 INFO neutron_taas.services.taas.tap_mirror_plugin [None req-cf3f4569-0a4b-4494-be18-4e392ee2d551 eddc09b0cf7d44df8604f3f1545a2231 2b85de8199854b09abf733bfa66d97dc - - default default] Tap Mirror: Handle Delete Port: c0f04414-474b-4791-94f0-3203803750d4 [pid: 8|app: 0|req: 656/1280] 10.0.0.90 () {32 vars in 724 bytes} [Thu Apr 16 17:28:22 2026] DELETE /v2.0/networks/237c9885-a347-466e-9930-86c972c66732 => generated 0 bytes in 125 msecs (HTTP/1.1 204) 3 headers in 131 bytes (1 switches on core 0)
2026-04-16 17:28:23.054 8 INFO neutron.db.segments_db [None req-537929dc-82e6-41c1-bf5f-689193923754 a51c000c19934f2399933f01f9de16dc 65221a7bd8a442af859e6fa35b0fd844 - - default default] Added segment 8dcbd032-be8f-41c5-a1c8-bf11680f8eb8 of type vxlan for network b47f553a-d768-49b4-84f3-5ffae7934748 [pid: 8|app: 0|req: 657/1281] 10.0.0.90 () {34 vars in 668 bytes} [Thu Apr 16 17:28:23 2026] POST /v2.0/networks => generated 614 bytes in 124 msecs (HTTP/1.1 201) 4 headers in 162 bytes (1 switches on core 0) [pid: 7|app: 0|req: 625/1282] 10.0.0.90 () {32 vars in 718 bytes} [Thu Apr 16 17:28:22 2026] DELETE /v2.0/ports/c0f04414-474b-4791-94f0-3203803750d4 => generated 0 bytes in 306 msecs (HTTP/1.1 204) 3 headers in 131 bytes (1 switches on core 0)
2026-04-16 17:28:23.159 7 WARNING keystonemiddleware.audit [None req-cf3f4569-0a4b-4494-be18-4e392ee2d551 eddc09b0cf7d44df8604f3f1545a2231 2b85de8199854b09abf733bfa66d97dc - - default default] Skipping service tempest-service-55864902 as it have no endpoints.
2026-04-16 17:28:23.247 7 INFO neutron_taas.services.taas.taas_plugin [None req-18a2875b-f4dc-4428-9dfd-e17028ff3303 eddc09b0cf7d44df8604f3f1545a2231 2b85de8199854b09abf733bfa66d97dc - - default default] TaaS: Handle Delete Port: 1992ed9a-b2c8-48f3-a97d-88df6d518c6f
2026-04-16 17:28:23.249 7 INFO neutron_taas.services.taas.tap_mirror_plugin [None req-18a2875b-f4dc-4428-9dfd-e17028ff3303 eddc09b0cf7d44df8604f3f1545a2231 2b85de8199854b09abf733bfa66d97dc - - default default] Tap Mirror: Handle Delete Port: 1992ed9a-b2c8-48f3-a97d-88df6d518c6f [pid: 8|app: 0|req: 658/1283] 10.0.0.90 () {34 vars in 667 bytes} [Thu Apr 16 17:28:23 2026] POST /v2.0/subnets => generated 646 bytes in 190 msecs (HTTP/1.1 201) 4 headers in 162 bytes (1 switches on core 0)
2026-04-16 17:28:23.370 8 INFO neutron.db.segments_db [None req-9ca0b7e1-81e7-42cd-89d9-fae9d7161993 a51c000c19934f2399933f01f9de16dc 65221a7bd8a442af859e6fa35b0fd844 - - default default] Added segment 3f3ba5be-ae70-490e-b646-5c0394eb162d of type vxlan for network 92bda771-04ce-4e1e-8c55-98bc37c2cfec [pid: 7|app: 0|req: 626/1284] 10.0.0.90 () {32 vars in 718 bytes} [Thu Apr 16 17:28:23 2026] DELETE /v2.0/ports/1992ed9a-b2c8-48f3-a97d-88df6d518c6f => generated 0 bytes in 217 msecs (HTTP/1.1 204) 3 headers in 131 bytes (1 switches on core 0)
2026-04-16 17:28:23.598 8 INFO neutron.db.l3_hamode_db [None req-9ca0b7e1-81e7-42cd-89d9-fae9d7161993 a51c000c19934f2399933f01f9de16dc 65221a7bd8a442af859e6fa35b0fd844 - - default default] Number of active agents lower than max_l3_agents_per_router. L3 agents available: 1 [pid: 7|app: 0|req: 627/1285] 10.0.0.90 () {32 vars in 772 bytes} [Thu Apr 16 17:28:23 2026] GET /v2.0/security-groups?tenant_id=a45a0d6c51024e569e6e1d1a5a6e85ac&name=default => generated 2925 bytes in 243 msecs (HTTP/1.1 200) 4 headers in 158 bytes (1 switches on core 0)
2026-04-16 17:28:23.620 7 WARNING keystonemiddleware.audit [None req-fd505f94-948a-4f41-8e45-0b292a035893 c6305cc007984aa89fd3e81a8a9f2482 2e2f38aa322d48f7a22035d07cfe4f34 - - default default] Skipping service tempest-service-55864902 as it have no endpoints. [pid: 7|app: 0|req: 628/1286] 10.0.0.90 () {32 vars in 734 bytes} [Thu Apr 16 17:28:23 2026] GET /v2.0/ports?device_id=e638a17b-193b-408e-a560-249b5be620c8 => generated 958 bytes in 32 msecs (HTTP/1.1 200) 4 headers in 157 bytes (1 switches on core 0)
2026-04-16 17:28:23.717 8 INFO neutron.db.l3_hamode_db [None req-9ca0b7e1-81e7-42cd-89d9-fae9d7161993 a51c000c19934f2399933f01f9de16dc 65221a7bd8a442af859e6fa35b0fd844 - - default default] Number of active agents lower than max_l3_agents_per_router. L3 agents available: 1 [pid: 7|app: 0|req: 629/1287] 10.0.0.90 () {32 vars in 738 bytes} [Thu Apr 16 17:28:23 2026] DELETE /v2.0/security-groups/fd0b24a4-f887-4ad4-b13a-c9a99c299e39 => generated 0 bytes in 88 msecs (HTTP/1.1 204) 2 headers in 112 bytes (1 switches on core 0)
2026-04-16 17:28:23.741 7 WARNING keystonemiddleware.audit [None req-280049fd-98e2-418d-bf10-6fdc1a34a555 c6305cc007984aa89fd3e81a8a9f2482 2e2f38aa322d48f7a22035d07cfe4f34 - - default default] Skipping service tempest-service-55864902 as it have no endpoints.
2026-04-16 17:28:24.083 7 INFO neutron_taas.services.taas.taas_plugin [None req-1a092bcb-3888-47ca-9c0c-4f5cd4aa871d eddc09b0cf7d44df8604f3f1545a2231 2b85de8199854b09abf733bfa66d97dc - - default default] TaaS: Handle Delete Port: 3b117136-6e43-47e7-81bc-8124087872f0
2026-04-16 17:28:24.086 7 INFO neutron_taas.services.taas.tap_mirror_plugin [None req-1a092bcb-3888-47ca-9c0c-4f5cd4aa871d eddc09b0cf7d44df8604f3f1545a2231 2b85de8199854b09abf733bfa66d97dc - - default default] Tap Mirror: Handle Delete Port: 3b117136-6e43-47e7-81bc-8124087872f0 [pid: 8|app: 0|req: 659/1288] 10.0.0.90 () {34 vars in 667 bytes} [Thu Apr 16 17:28:23 2026] POST /v2.0/routers => generated 510 bytes in 855 msecs (HTTP/1.1 201) 4 headers in 162 bytes (1 switches on core 0)
2026-04-16 17:28:24.363 8 INFO neutron.services.segments.plugin [-] Segment 6efd9e3a-1adf-4b0b-8ed3-6eb8064963f0 resource provider aggregate not found
2026-04-16 17:28:24.379 8 INFO neutron.services.segments.plugin [-] Segment 6efd9e3a-1adf-4b0b-8ed3-6eb8064963f0 resource provider aggregate not found
2026-04-16 17:28:24.387 8 INFO neutron.services.segments.plugin [-] Segment 6efd9e3a-1adf-4b0b-8ed3-6eb8064963f0 resource provider not found; error: Placement Client Error (4xx): {"errors": [{"status": 404, "title": "Not Found", "detail": "The resource could not be found.\n\n No resource provider with uuid 6efd9e3a-1adf-4b0b-8ed3-6eb8064963f0 found for delete ", "request_id": "req-9caffb6c-2ce2-4c7a-b45d-5246e8f3338c"}]}
2026-04-16 17:28:24.408 8 INFO neutron.services.segments.plugin [-] Segment 9c2f8fc3-c494-4a4e-82ee-de754a0d91da resource provider aggregate not found
2026-04-16 17:28:24.425 8 INFO neutron.services.segments.plugin [-] Segment 9c2f8fc3-c494-4a4e-82ee-de754a0d91da resource provider not found; error: Placement Client Error (4xx): {"errors": [{"status": 404, "title": "Not Found", "detail": "The resource could not be found.\n\n No resource provider with uuid 9c2f8fc3-c494-4a4e-82ee-de754a0d91da found for delete ", "request_id": "req-63714067-9a2f-49d6-a80d-68a9bcdb96b3"}]}
2026-04-16 17:28:24.430 8 INFO neutron.services.segments.plugin [-] Segment 6efd9e3a-1adf-4b0b-8ed3-6eb8064963f0 resource provider not found; error: Placement Client Error (4xx): {"errors": [{"status": 404, "title": "Not Found", "detail": "The resource could not be found.\n\n No resource provider with uuid 6efd9e3a-1adf-4b0b-8ed3-6eb8064963f0 found for delete ", "request_id": "req-87866848-1d64-41af-a097-d38dabc6b6e4"}]}
2026-04-16 17:28:24.454 8 INFO neutron.services.segments.plugin [-] Segment 9c2f8fc3-c494-4a4e-82ee-de754a0d91da resource provider aggregate not found
2026-04-16 17:28:24.481 8 INFO neutron.services.segments.plugin [-] Segment 9c2f8fc3-c494-4a4e-82ee-de754a0d91da resource provider not found; error: Placement Client Error (4xx): {"errors": [{"status": 404, "title": "Not Found", "detail": "The resource could not be found.\n\n No resource provider with uuid 9c2f8fc3-c494-4a4e-82ee-de754a0d91da found for delete ", "request_id": "req-7ad66c4c-f2a3-4df6-9a0d-72a7703f3bd1"}]}
2026-04-16 17:28:24.497 8 INFO neutron.db.segments_db [None req-f981797c-939b-4cca-b6b3-cc177b9ed7a2 c6305cc007984aa89fd3e81a8a9f2482 2e2f38aa322d48f7a22035d07cfe4f34 - - default default] Added segment 8a0a5353-4dbc-4931-bf61-71cfa91edeae of type vxlan for network fb046ebf-1cdb-4374-9977-e8f08e673787 [pid: 8|app: 0|req: 660/1289] 10.0.0.90 () {34 vars in 669 bytes} [Thu Apr 16 17:28:24 2026] POST /v2.0/networks => generated 727 bytes in 398 msecs (HTTP/1.1 201) 4 headers in 162 bytes (1 switches on core 0) [pid: 7|app: 0|req: 630/1290] 10.0.0.90 () {34 vars in 787 bytes} [Thu Apr 16 17:28:23 2026] PUT /v2.0/routers/e638a17b-193b-408e-a560-249b5be620c8/remove_router_interface => generated 309 bytes in 868 msecs (HTTP/1.1 200) 4 headers in 157 bytes (1 switches on core 0) [pid: 7|app: 0|req: 631/1291] 10.0.0.90 () {34 vars in 667 bytes} [Thu Apr 16 17:28:24 2026] POST /v2.0/subnets => generated 693 bytes in 215 msecs (HTTP/1.1 201) 4 headers in 162 bytes (1 switches on core 0)
2026-04-16 17:28:24.825 7 WARNING keystonemiddleware.audit [None req-b6e3ec00-4ada-4cb1-a754-59ff8db3b569 c6305cc007984aa89fd3e81a8a9f2482 2e2f38aa322d48f7a22035d07cfe4f34 - - default default] Skipping service tempest-service-55864902 as it have no endpoints.
2026-04-16 17:28:24.975 7 INFO neutron_taas.services.taas.taas_plugin [None req-45ba16c6-649c-4618-a665-fd66a47e21bd eddc09b0cf7d44df8604f3f1545a2231 2b85de8199854b09abf733bfa66d97dc - - default default] TaaS: Handle Delete Port: 0fba93f4-b161-436a-844d-fa54c0808808
2026-04-16 17:28:24.977 7 INFO neutron_taas.services.taas.tap_mirror_plugin [None req-45ba16c6-649c-4618-a665-fd66a47e21bd eddc09b0cf7d44df8604f3f1545a2231 2b85de8199854b09abf733bfa66d97dc - - default default] Tap Mirror: Handle Delete Port: 0fba93f4-b161-436a-844d-fa54c0808808
2026-04-16 17:28:25.184 7 INFO neutron_taas.services.taas.taas_plugin [None req-45ba16c6-649c-4618-a665-fd66a47e21bd eddc09b0cf7d44df8604f3f1545a2231 2b85de8199854b09abf733bfa66d97dc - - default default] TaaS: Handle Delete Port: b5c63cfa-1006-4b71-8679-5bb1ce21fa54
2026-04-16 17:28:25.187 7 INFO neutron_taas.services.taas.tap_mirror_plugin [None req-45ba16c6-649c-4618-a665-fd66a47e21bd eddc09b0cf7d44df8604f3f1545a2231 2b85de8199854b09abf733bfa66d97dc - - default default] Tap Mirror: Handle Delete Port: b5c63cfa-1006-4b71-8679-5bb1ce21fa54
2026-04-16 17:28:25.475 7 INFO neutron.services.segments.plugin [-] Segment fef6230b-104c-4149-9932-70452b32d88b resource provider aggregate not found
2026-04-16 17:28:25.483 7 INFO neutron.services.segments.plugin [-] Segment fef6230b-104c-4149-9932-70452b32d88b resource provider aggregate not found
2026-04-16 17:28:25.490 7 INFO neutron.services.segments.plugin [-] Segment fef6230b-104c-4149-9932-70452b32d88b resource provider not found; error: Placement Client Error (4xx): {"errors": [{"status": 404, "title": "Not Found", "detail": "The resource could not be found.\n\n No resource provider with uuid fef6230b-104c-4149-9932-70452b32d88b found for delete ", "request_id": "req-dc01e879-9f8c-4c10-bb87-983602a9f5a2"}]}
2026-04-16 17:28:25.501 7 INFO neutron.services.segments.plugin [-] Segment fef6230b-104c-4149-9932-70452b32d88b resource provider not found; error: Placement Client Error (4xx): {"errors": [{"status": 404, "title": "Not Found", "detail": "The resource could not be found.\n\n No resource provider with uuid fef6230b-104c-4149-9932-70452b32d88b found for delete ", "request_id": "req-cfb9f49f-99d6-461e-a3b7-e3682ee3efc6"}]}
2026-04-16 17:28:25.504 7 INFO neutron.db.l3_hamode_db [None req-45ba16c6-649c-4618-a665-fd66a47e21bd eddc09b0cf7d44df8604f3f1545a2231 2b85de8199854b09abf733bfa66d97dc - - default default] HA network 842f8a73-f3bb-4d12-878a-92ba7d7a0509 was deleted as no HA routers are present in tenant 2b85de8199854b09abf733bfa66d97dc. [pid: 7|app: 0|req: 632/1292] 10.0.0.90 () {32 vars in 722 bytes} [Thu Apr 16 17:28:24 2026] DELETE /v2.0/routers/e638a17b-193b-408e-a560-249b5be620c8 => generated 0 bytes in 686 msecs (HTTP/1.1 204) 2 headers in 112 bytes (1 switches on core 0)
2026-04-16 17:28:25.549 7 INFO neutron.db.segments_db [None req-328a799f-4347-4b6e-bbcb-f2eef33be3d6 c6305cc007984aa89fd3e81a8a9f2482 2e2f38aa322d48f7a22035d07cfe4f34 - - default default] Added segment 910f9e18-c3fd-410d-bb9e-6226d6cf778b of type vxlan for network b8c10e5f-dcaf-47a8-9cf5-f4337118c6e3 [pid: 8|app: 0|req: 661/1293] 10.0.0.90 () {34 vars in 781 bytes} [Thu Apr 16 17:28:24 2026] PUT /v2.0/routers/0458d587-8532-4e29-8232-196e125dbd38/add_router_interface => generated 309 bytes in 975 msecs (HTTP/1.1 200) 4 headers in 157 bytes (1 switches on core 0)
2026-04-16 17:28:25.740 7 INFO neutron.db.l3_hamode_db [None req-328a799f-4347-4b6e-bbcb-f2eef33be3d6 c6305cc007984aa89fd3e81a8a9f2482 0fb0180bb8e542fda652945ce8286270 - - default default] Number of active agents lower than max_l3_agents_per_router. L3 agents available: 1
