Aug 11 14:23:50.241833 np0000188603 systemd[1]: Starting devstack@n-api.service - Devstack devstack@n-api.service...
Aug 11 14:23:50.249519 np0000188603 devstack@n-api.service[98999]: [uWSGI] getting INI configuration from /etc/nova/nova-api-uwsgi.ini
Aug 11 14:23:50.252698 np0000188603 devstack@n-api.service[98999]: *** Starting uWSGI 2.0.24-debian (64bit) on [Tue Aug 11 14:23:50 2026] ***
Aug 11 14:23:50.252698 np0000188603 devstack@n-api.service[98999]: compiled with version: 13.2.0 on 17 April 2024 16:23:48
Aug 11 14:23:50.252698 np0000188603 devstack@n-api.service[98999]: os: Linux-6.8.0-137-generic #137-Ubuntu SMP PREEMPT_DYNAMIC Fri Jul 17 20:28:23 UTC 2026
Aug 11 14:23:50.252698 np0000188603 devstack@n-api.service[98999]: nodename: np0000188603
Aug 11 14:23:50.252698 np0000188603 devstack@n-api.service[98999]: machine: x86_64
Aug 11 14:23:50.252698 np0000188603 devstack@n-api.service[98999]: clock source: unix
Aug 11 14:23:50.252698 np0000188603 devstack@n-api.service[98999]: pcre jit disabled
Aug 11 14:23:50.252698 np0000188603 devstack@n-api.service[98999]: detected number of CPU cores: 16
Aug 11 14:23:50.252698 np0000188603 devstack@n-api.service[98999]: current working directory: /
Aug 11 14:23:50.252698 np0000188603 devstack@n-api.service[98999]: detected binary path: /usr/bin/uwsgi-core
Aug 11 14:23:50.252698 np0000188603 devstack@n-api.service[98999]: your processes number limit is 256916
Aug 11 14:23:50.252698 np0000188603 devstack@n-api.service[98999]: your memory page size is 4096 bytes
Aug 11 14:23:50.252698 np0000188603 devstack@n-api.service[98999]: detected max file descriptor number: 2048
Aug 11 14:23:50.252698 np0000188603 devstack@n-api.service[98999]: lock engine: pthread robust mutexes
Aug 11 14:23:50.253457 np0000188603 devstack@n-api.service[98999]: thunder lock: enabled
Aug 11 14:23:50.253457 np0000188603 devstack@n-api.service[98999]: uwsgi socket 0 bound to UNIX address /var/run/uwsgi/nova-api.socket fd 4
Aug 11 14:23:50.253457 np0000188603 devstack@n-api.service[98999]: Python version: 3.12.3 (main, Jun 19 2026, 12:46:00) [GCC 13.3.0]
Aug 11 14:23:50.253457 np0000188603 devstack@n-api.service[98999]: PEP 405 virtualenv detected: /opt/stack/data/venv
Aug 11 14:23:50.253457 np0000188603 devstack@n-api.service[98999]: Set PythonHome to /opt/stack/data/venv
Aug 11 14:23:50.291817 np0000188603 devstack@n-api.service[98999]: Python main interpreter initialized at 0x7e8bdaaa4668
Aug 11 14:23:50.291817 np0000188603 devstack@n-api.service[98999]: python threads support enabled
Aug 11 14:23:50.291817 np0000188603 devstack@n-api.service[98999]: your server socket listen backlog is limited to 100 connections
Aug 11 14:23:50.291817 np0000188603 devstack@n-api.service[98999]: your mercy for graceful operations on workers is 80 seconds
Aug 11 14:23:50.292427 np0000188603 devstack@n-api.service[98999]: mapped 671795 bytes (656 KB) for 4 cores
Aug 11 14:23:50.292582 np0000188603 devstack@n-api.service[98999]: *** Operational MODE: preforking ***
Aug 11 14:23:50.292787 np0000188603 devstack@n-api.service[98999]: *** uWSGI is running in multiple interpreter mode ***
Aug 11 14:23:50.292787 np0000188603 devstack@n-api.service[98999]: spawned uWSGI master process (pid: 98999)
Aug 11 14:23:50.293013 np0000188603 systemd[1]: Started devstack@n-api.service - Devstack devstack@n-api.service.
Aug 11 14:23:50.293765 np0000188603 devstack@n-api.service[98999]: spawned uWSGI worker 1 (pid: 99000, cores: 1)
Aug 11 14:23:50.294340 np0000188603 devstack@n-api.service[98999]: spawned uWSGI worker 2 (pid: 99001, cores: 1)
Aug 11 14:23:50.294939 np0000188603 devstack@n-api.service[98999]: spawned uWSGI worker 3 (pid: 99002, cores: 1)
Aug 11 14:23:50.295477 np0000188603 devstack@n-api.service[98999]: spawned uWSGI worker 4 (pid: 99003, cores: 1)
Aug 11 14:23:50.295606 np0000188603 devstack@n-api.service[98999]: running "unix_signal:15 gracefully_kill_them_all" (master-start)...
Aug 11 14:23:52.031996 np0000188603 devstack@n-api.service[99003]: INFO dbcounter [None req-0319ede0-fee4-4dcb-9f78-f61508988040 None None] Registered counter for database nova_api
Aug 11 14:23:52.041620 np0000188603 devstack@n-api.service[99001]: INFO dbcounter [None req-ef162b00-80e6-4beb-910c-18dfd1d9ab5f None None] Registered counter for database nova_api
Aug 11 14:23:52.079973 np0000188603 devstack@n-api.service[99002]: INFO dbcounter [None req-2d6f34ee-ea0b-475f-9b7b-08efae03b852 None None] Registered counter for database nova_api
Aug 11 14:23:52.083389 np0000188603 devstack@n-api.service[99003]: DEBUG oslo_db.sqlalchemy.engines [None req-0319ede0-fee4-4dcb-9f78-f61508988040 None None] MySQL server mode set to STRICT_TRANS_TABLES,STRICT_ALL_TABLES,NO_ZERO_IN_DATE,NO_ZERO_DATE,ERROR_FOR_DIVISION_BY_ZERO,TRADITIONAL,NO_ENGINE_SUBSTITUTION {{(pid=99003) _check_effective_sql_mode /opt/stack/data/venv/lib/python3.12/site-packages/oslo_db/sqlalchemy/engines.py:325}}
Aug 11 14:23:52.087586 np0000188603 devstack@n-api.service[99001]: DEBUG oslo_db.sqlalchemy.engines [None req-ef162b00-80e6-4beb-910c-18dfd1d9ab5f None None] MySQL server mode set to STRICT_TRANS_TABLES,STRICT_ALL_TABLES,NO_ZERO_IN_DATE,NO_ZERO_DATE,ERROR_FOR_DIVISION_BY_ZERO,TRADITIONAL,NO_ENGINE_SUBSTITUTION {{(pid=99001) _check_effective_sql_mode /opt/stack/data/venv/lib/python3.12/site-packages/oslo_db/sqlalchemy/engines.py:325}}
Aug 11 14:23:52.087716 np0000188603 devstack@n-api.service[99000]: INFO dbcounter [None req-eb182809-5696-467b-9f10-6d1f60b5820c None None] Registered counter for database nova_api
Aug 11 14:23:52.121934 np0000188603 devstack@n-api.service[99002]: DEBUG oslo_db.sqlalchemy.engines [None req-2d6f34ee-ea0b-475f-9b7b-08efae03b852 None None] MySQL server mode set to STRICT_TRANS_TABLES,STRICT_ALL_TABLES,NO_ZERO_IN_DATE,NO_ZERO_DATE,ERROR_FOR_DIVISION_BY_ZERO,TRADITIONAL,NO_ENGINE_SUBSTITUTION {{(pid=99002) _check_effective_sql_mode /opt/stack/data/venv/lib/python3.12/site-packages/oslo_db/sqlalchemy/engines.py:325}}
Aug 11 14:23:52.124131 np0000188603 devstack@n-api.service[99003]: DEBUG dbcounter [-] [99003] Writer thread running {{(pid=99003) stat_writer /opt/stack/data/venv/lib/python3.12/site-packages/dbcounter.py:102}}
Aug 11 14:23:52.124223 np0000188603 devstack@n-api.service[99001]: DEBUG dbcounter [-] [99001] Writer thread running {{(pid=99001) stat_writer /opt/stack/data/venv/lib/python3.12/site-packages/dbcounter.py:102}}
Aug 11 14:23:52.127521 np0000188603 devstack@n-api.service[99003]: DEBUG nova.context [None req-0319ede0-fee4-4dcb-9f78-f61508988040 None None] Found 2 cells: 00000000-0000-0000-0000-000000000000(cell0),3ca1121a-c84d-4f1a-a54c-1a5ecf048050(cell1) {{(pid=99003) load_cells /opt/stack/nova/nova/context.py:509}}
Aug 11 14:23:52.127786 np0000188603 devstack@n-api.service[99001]: DEBUG nova.context [None req-ef162b00-80e6-4beb-910c-18dfd1d9ab5f None None] Found 2 cells: 00000000-0000-0000-0000-000000000000(cell0),3ca1121a-c84d-4f1a-a54c-1a5ecf048050(cell1) {{(pid=99001) load_cells /opt/stack/nova/nova/context.py:509}}
Aug 11 14:23:52.128157 np0000188603 devstack@n-api.service[99003]: INFO nova.utils [None req-0319ede0-fee4-4dcb-9f78-f61508988040 None None] The cell worker thread pool MainProcess.cell_worker is initialized
Aug 11 14:23:52.128497 np0000188603 devstack@n-api.service[99001]: INFO nova.utils [None req-ef162b00-80e6-4beb-910c-18dfd1d9ab5f None None] The cell worker thread pool MainProcess.cell_worker is initialized
Aug 11 14:23:52.129821 np0000188603 devstack@n-api.service[99003]: DEBUG oslo_concurrency.lockutils [None req-0319ede0-fee4-4dcb-9f78-f61508988040 None None] Acquiring lock "00000000-0000-0000-0000-000000000000" by "nova.context.set_target_cell..get_or_set_cached_cell_and_set_connections" {{(pid=99003) inner /opt/stack/data/venv/lib/python3.12/site-packages/oslo_concurrency/lockutils.py:512}}
Aug 11 14:23:52.130038 np0000188603 devstack@n-api.service[99003]: DEBUG oslo_concurrency.lockutils [None req-0319ede0-fee4-4dcb-9f78-f61508988040 None None] Lock "00000000-0000-0000-0000-000000000000" acquired by "nova.context.set_target_cell..get_or_set_cached_cell_and_set_connections" :: waited 0.000s {{(pid=99003) inner /opt/stack/data/venv/lib/python3.12/site-packages/oslo_concurrency/lockutils.py:525}}
Aug 11 14:23:52.130156 np0000188603 devstack@n-api.service[99001]: DEBUG oslo_concurrency.lockutils [None req-ef162b00-80e6-4beb-910c-18dfd1d9ab5f None None] Acquiring lock "00000000-0000-0000-0000-000000000000" by "nova.context.set_target_cell..get_or_set_cached_cell_and_set_connections" {{(pid=99001) inner /opt/stack/data/venv/lib/python3.12/site-packages/oslo_concurrency/lockutils.py:512}}
Aug 11 14:23:52.130339 np0000188603 devstack@n-api.service[99001]: DEBUG oslo_concurrency.lockutils [None req-ef162b00-80e6-4beb-910c-18dfd1d9ab5f None None] Lock "00000000-0000-0000-0000-000000000000" acquired by "nova.context.set_target_cell..get_or_set_cached_cell_and_set_connections" :: waited 0.000s {{(pid=99001) inner /opt/stack/data/venv/lib/python3.12/site-packages/oslo_concurrency/lockutils.py:525}}
Aug 11 14:23:52.130416 np0000188603 devstack@n-api.service[99003]: DEBUG oslo_concurrency.lockutils [None req-0319ede0-fee4-4dcb-9f78-f61508988040 None None] Lock "00000000-0000-0000-0000-000000000000" "released" by "nova.context.set_target_cell..get_or_set_cached_cell_and_set_connections" :: held 0.000s {{(pid=99003) inner /opt/stack/data/venv/lib/python3.12/site-packages/oslo_concurrency/lockutils.py:544}}
Aug 11 14:23:52.130672 np0000188603 devstack@n-api.service[99001]: DEBUG oslo_concurrency.lockutils [None req-ef162b00-80e6-4beb-910c-18dfd1d9ab5f None None] Lock "00000000-0000-0000-0000-000000000000" "released" by "nova.context.set_target_cell..get_or_set_cached_cell_and_set_connections" :: held 0.000s {{(pid=99001) inner /opt/stack/data/venv/lib/python3.12/site-packages/oslo_concurrency/lockutils.py:544}}
Aug 11 14:23:52.131248 np0000188603 devstack@n-api.service[99003]: DEBUG oslo_concurrency.lockutils [None req-0319ede0-fee4-4dcb-9f78-f61508988040 None None] Acquiring lock "3ca1121a-c84d-4f1a-a54c-1a5ecf048050" by "nova.context.set_target_cell..get_or_set_cached_cell_and_set_connections" {{(pid=99003) inner /opt/stack/data/venv/lib/python3.12/site-packages/oslo_concurrency/lockutils.py:512}}
Aug 11 14:23:52.131484 np0000188603 devstack@n-api.service[99003]: DEBUG oslo_concurrency.lockutils [None req-0319ede0-fee4-4dcb-9f78-f61508988040 None None] Lock "3ca1121a-c84d-4f1a-a54c-1a5ecf048050" acquired by "nova.context.set_target_cell..get_or_set_cached_cell_and_set_connections" :: waited 0.000s {{(pid=99003) inner /opt/stack/data/venv/lib/python3.12/site-packages/oslo_concurrency/lockutils.py:525}}
Aug 11 14:23:52.131727 np0000188603 devstack@n-api.service[99001]: DEBUG oslo_concurrency.lockutils [None req-ef162b00-80e6-4beb-910c-18dfd1d9ab5f None None] Acquiring lock "3ca1121a-c84d-4f1a-a54c-1a5ecf048050" by "nova.context.set_target_cell..get_or_set_cached_cell_and_set_connections" {{(pid=99001) inner /opt/stack/data/venv/lib/python3.12/site-packages/oslo_concurrency/lockutils.py:512}}
Aug 11 14:23:52.131962 np0000188603 devstack@n-api.service[99001]: DEBUG oslo_concurrency.lockutils [None req-ef162b00-80e6-4beb-910c-18dfd1d9ab5f None None] Lock "3ca1121a-c84d-4f1a-a54c-1a5ecf048050" acquired by "nova.context.set_target_cell..get_or_set_cached_cell_and_set_connections" :: waited 0.000s {{(pid=99001) inner /opt/stack/data/venv/lib/python3.12/site-packages/oslo_concurrency/lockutils.py:525}}
Aug 11 14:23:52.132520 np0000188603 devstack@n-api.service[99003]: DEBUG oslo_concurrency.lockutils [None req-0319ede0-fee4-4dcb-9f78-f61508988040 None None] Lock "3ca1121a-c84d-4f1a-a54c-1a5ecf048050" "released" by "nova.context.set_target_cell..get_or_set_cached_cell_and_set_connections" :: held 0.001s {{(pid=99003) inner /opt/stack/data/venv/lib/python3.12/site-packages/oslo_concurrency/lockutils.py:544}}
Aug 11 14:23:52.132835 np0000188603 devstack@n-api.service[99001]: DEBUG oslo_concurrency.lockutils [None req-ef162b00-80e6-4beb-910c-18dfd1d9ab5f None None] Lock "3ca1121a-c84d-4f1a-a54c-1a5ecf048050" "released" by "nova.context.set_target_cell..get_or_set_cached_cell_and_set_connections" :: held 0.001s {{(pid=99001) inner /opt/stack/data/venv/lib/python3.12/site-packages/oslo_concurrency/lockutils.py:544}}
Aug 11 14:23:52.135877 np0000188603 devstack@n-api.service[99001]: INFO dbcounter [None req-ef162b00-80e6-4beb-910c-18dfd1d9ab5f None None] Registered counter for database nova_cell0
Aug 11 14:23:52.136635 np0000188603 devstack@n-api.service[99003]: INFO dbcounter [None req-0319ede0-fee4-4dcb-9f78-f61508988040 None None] Registered counter for database nova_cell0
Aug 11 14:23:52.139356 np0000188603 devstack@n-api.service[99000]: DEBUG oslo_db.sqlalchemy.engines [None req-eb182809-5696-467b-9f10-6d1f60b5820c None None] MySQL server mode set to STRICT_TRANS_TABLES,STRICT_ALL_TABLES,NO_ZERO_IN_DATE,NO_ZERO_DATE,ERROR_FOR_DIVISION_BY_ZERO,TRADITIONAL,NO_ENGINE_SUBSTITUTION {{(pid=99000) _check_effective_sql_mode /opt/stack/data/venv/lib/python3.12/site-packages/oslo_db/sqlalchemy/engines.py:325}}
Aug 11 14:23:52.141597 np0000188603 devstack@n-api.service[99001]: INFO dbcounter [None req-ef162b00-80e6-4beb-910c-18dfd1d9ab5f None None] Registered counter for database nova_cell1
Aug 11 14:23:52.142127 np0000188603 devstack@n-api.service[99003]: INFO dbcounter [None req-0319ede0-fee4-4dcb-9f78-f61508988040 None None] Registered counter for database nova_cell1
Aug 11 14:23:52.157127 np0000188603 devstack@n-api.service[99002]: DEBUG dbcounter [-] [99002] Writer thread running {{(pid=99002) stat_writer /opt/stack/data/venv/lib/python3.12/site-packages/dbcounter.py:102}}
Aug 11 14:23:52.162990 np0000188603 devstack@n-api.service[99002]: DEBUG nova.context [None req-2d6f34ee-ea0b-475f-9b7b-08efae03b852 None None] Found 2 cells: 00000000-0000-0000-0000-000000000000(cell0),3ca1121a-c84d-4f1a-a54c-1a5ecf048050(cell1) {{(pid=99002) load_cells /opt/stack/nova/nova/context.py:509}}
Aug 11 14:23:52.163518 np0000188603 devstack@n-api.service[99002]: INFO nova.utils [None req-2d6f34ee-ea0b-475f-9b7b-08efae03b852 None None] The cell worker thread pool MainProcess.cell_worker is initialized
Aug 11 14:23:52.166735 np0000188603 devstack@n-api.service[99002]: DEBUG oslo_concurrency.lockutils [None req-2d6f34ee-ea0b-475f-9b7b-08efae03b852 None None] Acquiring lock "00000000-0000-0000-0000-000000000000" by "nova.context.set_target_cell..get_or_set_cached_cell_and_set_connections" {{(pid=99002) inner /opt/stack/data/venv/lib/python3.12/site-packages/oslo_concurrency/lockutils.py:512}}
Aug 11 14:23:52.166982 np0000188603 devstack@n-api.service[99002]: DEBUG oslo_concurrency.lockutils [None req-2d6f34ee-ea0b-475f-9b7b-08efae03b852 None None] Lock "00000000-0000-0000-0000-000000000000" acquired by "nova.context.set_target_cell..get_or_set_cached_cell_and_set_connections" :: waited 0.000s {{(pid=99002) inner /opt/stack/data/venv/lib/python3.12/site-packages/oslo_concurrency/lockutils.py:525}}
Aug 11 14:23:52.167600 np0000188603 devstack@n-api.service[99002]: DEBUG oslo_concurrency.lockutils [None req-2d6f34ee-ea0b-475f-9b7b-08efae03b852 None None] Lock "00000000-0000-0000-0000-000000000000" "released" by "nova.context.set_target_cell..get_or_set_cached_cell_and_set_connections" :: held 0.001s {{(pid=99002) inner /opt/stack/data/venv/lib/python3.12/site-packages/oslo_concurrency/lockutils.py:544}}
Aug 11 14:23:52.168845 np0000188603 devstack@n-api.service[99002]: DEBUG oslo_concurrency.lockutils [None req-2d6f34ee-ea0b-475f-9b7b-08efae03b852 None None] Acquiring lock "3ca1121a-c84d-4f1a-a54c-1a5ecf048050" by "nova.context.set_target_cell..get_or_set_cached_cell_and_set_connections" {{(pid=99002) inner /opt/stack/data/venv/lib/python3.12/site-packages/oslo_concurrency/lockutils.py:512}}
Aug 11 14:23:52.169072 np0000188603 devstack@n-api.service[99002]: DEBUG oslo_concurrency.lockutils [None req-2d6f34ee-ea0b-475f-9b7b-08efae03b852 None None] Lock "3ca1121a-c84d-4f1a-a54c-1a5ecf048050" acquired by "nova.context.set_target_cell..get_or_set_cached_cell_and_set_connections" :: waited 0.000s {{(pid=99002) inner /opt/stack/data/venv/lib/python3.12/site-packages/oslo_concurrency/lockutils.py:525}}
Aug 11 14:23:52.170475 np0000188603 devstack@n-api.service[99002]: DEBUG oslo_concurrency.lockutils [None req-2d6f34ee-ea0b-475f-9b7b-08efae03b852 None None] Lock "3ca1121a-c84d-4f1a-a54c-1a5ecf048050" "released" by "nova.context.set_target_cell..get_or_set_cached_cell_and_set_connections" :: held 0.001s {{(pid=99002) inner /opt/stack/data/venv/lib/python3.12/site-packages/oslo_concurrency/lockutils.py:544}}
Aug 11 14:23:52.170859 np0000188603 devstack@n-api.service[99000]: DEBUG dbcounter [-] [99000] Writer thread running {{(pid=99000) stat_writer /opt/stack/data/venv/lib/python3.12/site-packages/dbcounter.py:102}}
Aug 11 14:23:52.173482 np0000188603 devstack@n-api.service[99002]: INFO dbcounter [None req-2d6f34ee-ea0b-475f-9b7b-08efae03b852 None None] Registered counter for database nova_cell0
Aug 11 14:23:52.173586 np0000188603 devstack@n-api.service[99000]: DEBUG nova.context [None req-eb182809-5696-467b-9f10-6d1f60b5820c None None] Found 2 cells: 00000000-0000-0000-0000-000000000000(cell0),3ca1121a-c84d-4f1a-a54c-1a5ecf048050(cell1) {{(pid=99000) load_cells /opt/stack/nova/nova/context.py:509}}
Aug 11 14:23:52.173866 np0000188603 devstack@n-api.service[99000]: INFO nova.utils [None req-eb182809-5696-467b-9f10-6d1f60b5820c None None] The cell worker thread pool MainProcess.cell_worker is initialized
Aug 11 14:23:52.179290 np0000188603 devstack@n-api.service[99000]: DEBUG oslo_concurrency.lockutils [None req-eb182809-5696-467b-9f10-6d1f60b5820c None None] Acquiring lock "00000000-0000-0000-0000-000000000000" by "nova.context.set_target_cell..get_or_set_cached_cell_and_set_connections" {{(pid=99000) inner /opt/stack/data/venv/lib/python3.12/site-packages/oslo_concurrency/lockutils.py:512}}
Aug 11 14:23:52.179290 np0000188603 devstack@n-api.service[99000]: DEBUG oslo_concurrency.lockutils [None req-eb182809-5696-467b-9f10-6d1f60b5820c None None] Lock "00000000-0000-0000-0000-000000000000" acquired by "nova.context.set_target_cell..get_or_set_cached_cell_and_set_connections" :: waited 0.000s {{(pid=99000) inner /opt/stack/data/venv/lib/python3.12/site-packages/oslo_concurrency/lockutils.py:525}}
Aug 11 14:23:52.179290 np0000188603 devstack@n-api.service[99000]: DEBUG oslo_concurrency.lockutils [None req-eb182809-5696-467b-9f10-6d1f60b5820c None None] Lock "00000000-0000-0000-0000-000000000000" "released" by "nova.context.set_target_cell..get_or_set_cached_cell_and_set_connections" :: held 0.000s {{(pid=99000) inner /opt/stack/data/venv/lib/python3.12/site-packages/oslo_concurrency/lockutils.py:544}}
Aug 11 14:23:52.179290 np0000188603 devstack@n-api.service[99000]: DEBUG oslo_concurrency.lockutils [None req-eb182809-5696-467b-9f10-6d1f60b5820c None None] Acquiring lock "3ca1121a-c84d-4f1a-a54c-1a5ecf048050" by "nova.context.set_target_cell..get_or_set_cached_cell_and_set_connections" {{(pid=99000) inner /opt/stack/data/venv/lib/python3.12/site-packages/oslo_concurrency/lockutils.py:512}}
Aug 11 14:23:52.179290 np0000188603 devstack@n-api.service[99000]: DEBUG oslo_concurrency.lockutils [None req-eb182809-5696-467b-9f10-6d1f60b5820c None None] Lock "3ca1121a-c84d-4f1a-a54c-1a5ecf048050" acquired by "nova.context.set_target_cell..get_or_set_cached_cell_and_set_connections" :: waited 0.000s {{(pid=99000) inner /opt/stack/data/venv/lib/python3.12/site-packages/oslo_concurrency/lockutils.py:525}}
Aug 11 14:23:52.179521 np0000188603 devstack@n-api.service[99002]: INFO dbcounter [None req-2d6f34ee-ea0b-475f-9b7b-08efae03b852 None None] Registered counter for database nova_cell1
Aug 11 14:23:52.179557 np0000188603 devstack@n-api.service[99000]: DEBUG oslo_concurrency.lockutils [None req-eb182809-5696-467b-9f10-6d1f60b5820c None None] Lock "3ca1121a-c84d-4f1a-a54c-1a5ecf048050" "released" by "nova.context.set_target_cell..get_or_set_cached_cell_and_set_connections" :: held 0.001s {{(pid=99000) inner /opt/stack/data/venv/lib/python3.12/site-packages/oslo_concurrency/lockutils.py:544}}
Aug 11 14:23:52.181114 np0000188603 devstack@n-api.service[99000]: INFO dbcounter [None req-eb182809-5696-467b-9f10-6d1f60b5820c None None] Registered counter for database nova_cell0
Aug 11 14:23:52.185934 np0000188603 devstack@n-api.service[99000]: INFO dbcounter [None req-eb182809-5696-467b-9f10-6d1f60b5820c None None] Registered counter for database nova_cell1
Aug 11 14:23:52.201933 np0000188603 devstack@n-api.service[99003]: DEBUG oslo_db.sqlalchemy.engines [None req-0319ede0-fee4-4dcb-9f78-f61508988040 None None] MySQL server mode set to STRICT_TRANS_TABLES,STRICT_ALL_TABLES,NO_ZERO_IN_DATE,NO_ZERO_DATE,ERROR_FOR_DIVISION_BY_ZERO,TRADITIONAL,NO_ENGINE_SUBSTITUTION {{(pid=99003) _check_effective_sql_mode /opt/stack/data/venv/lib/python3.12/site-packages/oslo_db/sqlalchemy/engines.py:325}}
Aug 11 14:23:52.208179 np0000188603 devstack@n-api.service[99003]: DEBUG oslo_db.sqlalchemy.engines [None req-0319ede0-fee4-4dcb-9f78-f61508988040 None None] MySQL server mode set to STRICT_TRANS_TABLES,STRICT_ALL_TABLES,NO_ZERO_IN_DATE,NO_ZERO_DATE,ERROR_FOR_DIVISION_BY_ZERO,TRADITIONAL,NO_ENGINE_SUBSTITUTION {{(pid=99003) _check_effective_sql_mode /opt/stack/data/venv/lib/python3.12/site-packages/oslo_db/sqlalchemy/engines.py:325}}
Aug 11 14:23:52.213178 np0000188603 devstack@n-api.service[99001]: DEBUG oslo_db.sqlalchemy.engines [None req-ef162b00-80e6-4beb-910c-18dfd1d9ab5f None None] MySQL server mode set to STRICT_TRANS_TABLES,STRICT_ALL_TABLES,NO_ZERO_IN_DATE,NO_ZERO_DATE,ERROR_FOR_DIVISION_BY_ZERO,TRADITIONAL,NO_ENGINE_SUBSTITUTION {{(pid=99001) _check_effective_sql_mode /opt/stack/data/venv/lib/python3.12/site-packages/oslo_db/sqlalchemy/engines.py:325}}
Aug 11 14:23:52.234012 np0000188603 devstack@n-api.service[99001]: DEBUG oslo_db.sqlalchemy.engines [None req-ef162b00-80e6-4beb-910c-18dfd1d9ab5f None None] MySQL server mode set to STRICT_TRANS_TABLES,STRICT_ALL_TABLES,NO_ZERO_IN_DATE,NO_ZERO_DATE,ERROR_FOR_DIVISION_BY_ZERO,TRADITIONAL,NO_ENGINE_SUBSTITUTION {{(pid=99001) _check_effective_sql_mode /opt/stack/data/venv/lib/python3.12/site-packages/oslo_db/sqlalchemy/engines.py:325}}
Aug 11 14:23:52.246483 np0000188603 devstack@n-api.service[99002]: DEBUG oslo_db.sqlalchemy.engines [None req-2d6f34ee-ea0b-475f-9b7b-08efae03b852 None None] MySQL server mode set to STRICT_TRANS_TABLES,STRICT_ALL_TABLES,NO_ZERO_IN_DATE,NO_ZERO_DATE,ERROR_FOR_DIVISION_BY_ZERO,TRADITIONAL,NO_ENGINE_SUBSTITUTION {{(pid=99002) _check_effective_sql_mode /opt/stack/data/venv/lib/python3.12/site-packages/oslo_db/sqlalchemy/engines.py:325}}
Aug 11 14:23:52.250540 np0000188603 devstack@n-api.service[99002]: DEBUG oslo_db.sqlalchemy.engines [None req-2d6f34ee-ea0b-475f-9b7b-08efae03b852 None None] MySQL server mode set to STRICT_TRANS_TABLES,STRICT_ALL_TABLES,NO_ZERO_IN_DATE,NO_ZERO_DATE,ERROR_FOR_DIVISION_BY_ZERO,TRADITIONAL,NO_ENGINE_SUBSTITUTION {{(pid=99002) _check_effective_sql_mode /opt/stack/data/venv/lib/python3.12/site-packages/oslo_db/sqlalchemy/engines.py:325}}
Aug 11 14:23:52.272983 np0000188603 devstack@n-api.service[99000]: DEBUG oslo_db.sqlalchemy.engines [None req-eb182809-5696-467b-9f10-6d1f60b5820c None None] MySQL server mode set to STRICT_TRANS_TABLES,STRICT_ALL_TABLES,NO_ZERO_IN_DATE,NO_ZERO_DATE,ERROR_FOR_DIVISION_BY_ZERO,TRADITIONAL,NO_ENGINE_SUBSTITUTION {{(pid=99000) _check_effective_sql_mode /opt/stack/data/venv/lib/python3.12/site-packages/oslo_db/sqlalchemy/engines.py:325}}
Aug 11 14:23:52.278606 np0000188603 devstack@n-api.service[99000]: DEBUG oslo_db.sqlalchemy.engines [None req-eb182809-5696-467b-9f10-6d1f60b5820c None None] MySQL server mode set to STRICT_TRANS_TABLES,STRICT_ALL_TABLES,NO_ZERO_IN_DATE,NO_ZERO_DATE,ERROR_FOR_DIVISION_BY_ZERO,TRADITIONAL,NO_ENGINE_SUBSTITUTION {{(pid=99000) _check_effective_sql_mode /opt/stack/data/venv/lib/python3.12/site-packages/oslo_db/sqlalchemy/engines.py:325}}
Aug 11 14:23:52.297339 np0000188603 devstack@n-api.service[99003]: DEBUG dbcounter [-] [99003] Writer thread running {{(pid=99003) stat_writer /opt/stack/data/venv/lib/python3.12/site-packages/dbcounter.py:102}}
Aug 11 14:23:52.304486 np0000188603 devstack@n-api.service[99003]: DEBUG dbcounter [-] [99003] Writer thread running {{(pid=99003) stat_writer /opt/stack/data/venv/lib/python3.12/site-packages/dbcounter.py:102}}
Aug 11 14:23:52.305249 np0000188603 devstack@n-api.service[99001]: DEBUG dbcounter [-] [99001] Writer thread running {{(pid=99001) stat_writer /opt/stack/data/venv/lib/python3.12/site-packages/dbcounter.py:102}}
Aug 11 14:23:52.309567 np0000188603 devstack@n-api.service[99003]: INFO dbcounter [None req-0319ede0-fee4-4dcb-9f78-f61508988040 None None] Registered counter for database nova_cell0
Aug 11 14:23:52.312307 np0000188603 devstack@n-api.service[99001]: DEBUG dbcounter [-] [99001] Writer thread running {{(pid=99001) stat_writer /opt/stack/data/venv/lib/python3.12/site-packages/dbcounter.py:102}}
Aug 11 14:23:52.316012 np0000188603 devstack@n-api.service[99001]: INFO dbcounter [None req-ef162b00-80e6-4beb-910c-18dfd1d9ab5f None None] Registered counter for database nova_cell0
Aug 11 14:23:52.342931 np0000188603 devstack@n-api.service[99002]: DEBUG dbcounter [-] [99002] Writer thread running {{(pid=99002) stat_writer /opt/stack/data/venv/lib/python3.12/site-packages/dbcounter.py:102}}
Aug 11 14:23:52.350134 np0000188603 devstack@n-api.service[99002]: DEBUG dbcounter [-] [99002] Writer thread running {{(pid=99002) stat_writer /opt/stack/data/venv/lib/python3.12/site-packages/dbcounter.py:102}}
Aug 11 14:23:52.358515 np0000188603 devstack@n-api.service[99003]: DEBUG oslo_db.sqlalchemy.engines [None req-0319ede0-fee4-4dcb-9f78-f61508988040 None None] MySQL server mode set to STRICT_TRANS_TABLES,STRICT_ALL_TABLES,NO_ZERO_IN_DATE,NO_ZERO_DATE,ERROR_FOR_DIVISION_BY_ZERO,TRADITIONAL,NO_ENGINE_SUBSTITUTION {{(pid=99003) _check_effective_sql_mode /opt/stack/data/venv/lib/python3.12/site-packages/oslo_db/sqlalchemy/engines.py:325}}
Aug 11 14:23:52.366849 np0000188603 devstack@n-api.service[99001]: DEBUG oslo_db.sqlalchemy.engines [None req-ef162b00-80e6-4beb-910c-18dfd1d9ab5f None None] MySQL server mode set to STRICT_TRANS_TABLES,STRICT_ALL_TABLES,NO_ZERO_IN_DATE,NO_ZERO_DATE,ERROR_FOR_DIVISION_BY_ZERO,TRADITIONAL,NO_ENGINE_SUBSTITUTION {{(pid=99001) _check_effective_sql_mode /opt/stack/data/venv/lib/python3.12/site-packages/oslo_db/sqlalchemy/engines.py:325}}
Aug 11 14:23:52.369500 np0000188603 devstack@n-api.service[99000]: DEBUG dbcounter [-] [99000] Writer thread running {{(pid=99000) stat_writer /opt/stack/data/venv/lib/python3.12/site-packages/dbcounter.py:102}}
Aug 11 14:23:52.370225 np0000188603 devstack@n-api.service[99003]: DEBUG dbcounter [-] [99003] Writer thread running {{(pid=99003) stat_writer /opt/stack/data/venv/lib/python3.12/site-packages/dbcounter.py:102}}
Aug 11 14:23:52.375097 np0000188603 devstack@n-api.service[99001]: DEBUG dbcounter [-] [99001] Writer thread running {{(pid=99001) stat_writer /opt/stack/data/venv/lib/python3.12/site-packages/dbcounter.py:102}}
Aug 11 14:23:52.377700 np0000188603 devstack@n-api.service[99000]: DEBUG dbcounter [-] [99000] Writer thread running {{(pid=99000) stat_writer /opt/stack/data/venv/lib/python3.12/site-packages/dbcounter.py:102}}
Aug 11 14:23:52.428254 np0000188603 devstack@n-api.service[99002]: INFO dbcounter [None req-2d6f34ee-ea0b-475f-9b7b-08efae03b852 None None] Registered counter for database nova_cell0
Aug 11 14:23:52.428493 np0000188603 devstack@n-api.service[99000]: INFO dbcounter [None req-eb182809-5696-467b-9f10-6d1f60b5820c None None] Registered counter for database nova_cell0
Aug 11 14:23:52.472959 np0000188603 devstack@n-api.service[99002]: DEBUG oslo_db.sqlalchemy.engines [None req-2d6f34ee-ea0b-475f-9b7b-08efae03b852 None None] MySQL server mode set to STRICT_TRANS_TABLES,STRICT_ALL_TABLES,NO_ZERO_IN_DATE,NO_ZERO_DATE,ERROR_FOR_DIVISION_BY_ZERO,TRADITIONAL,NO_ENGINE_SUBSTITUTION {{(pid=99002) _check_effective_sql_mode /opt/stack/data/venv/lib/python3.12/site-packages/oslo_db/sqlalchemy/engines.py:325}}
Aug 11 14:23:52.482027 np0000188603 devstack@n-api.service[99002]: DEBUG dbcounter [-] [99002] Writer thread running {{(pid=99002) stat_writer /opt/stack/data/venv/lib/python3.12/site-packages/dbcounter.py:102}}
Aug 11 14:23:52.483920 np0000188603 devstack@n-api.service[99000]: DEBUG oslo_db.sqlalchemy.engines [None req-eb182809-5696-467b-9f10-6d1f60b5820c None None] MySQL server mode set to STRICT_TRANS_TABLES,STRICT_ALL_TABLES,NO_ZERO_IN_DATE,NO_ZERO_DATE,ERROR_FOR_DIVISION_BY_ZERO,TRADITIONAL,NO_ENGINE_SUBSTITUTION {{(pid=99000) _check_effective_sql_mode /opt/stack/data/venv/lib/python3.12/site-packages/oslo_db/sqlalchemy/engines.py:325}}
Aug 11 14:23:52.493884 np0000188603 devstack@n-api.service[99000]: DEBUG dbcounter [-] [99000] Writer thread running {{(pid=99000) stat_writer /opt/stack/data/venv/lib/python3.12/site-packages/dbcounter.py:102}}
Aug 11 14:23:52.843805 np0000188603 devstack@n-api.service[99001]: DEBUG oslo_concurrency.processutils [None req-ef162b00-80e6-4beb-910c-18dfd1d9ab5f None None] Running cmd (subprocess): grep -F node.session.scan /sbin/iscsiadm {{(pid=99001) execute /opt/stack/data/venv/lib/python3.12/site-packages/oslo_concurrency/processutils.py:440}}
Aug 11 14:23:52.865044 np0000188603 devstack@n-api.service[99001]: DEBUG oslo_concurrency.processutils [None req-ef162b00-80e6-4beb-910c-18dfd1d9ab5f None None] CMD "grep -F node.session.scan /sbin/iscsiadm" returned: 0 in 0.021s {{(pid=99001) execute /opt/stack/data/venv/lib/python3.12/site-packages/oslo_concurrency/processutils.py:468}}
Aug 11 14:23:52.873553 np0000188603 devstack@n-api.service[99000]: DEBUG oslo_concurrency.processutils [None req-eb182809-5696-467b-9f10-6d1f60b5820c None None] Running cmd (subprocess): grep -F node.session.scan /sbin/iscsiadm {{(pid=99000) execute /opt/stack/data/venv/lib/python3.12/site-packages/oslo_concurrency/processutils.py:440}}
Aug 11 14:23:52.897302 np0000188603 devstack@n-api.service[99000]: DEBUG oslo_concurrency.processutils [None req-eb182809-5696-467b-9f10-6d1f60b5820c None None] CMD "grep -F node.session.scan /sbin/iscsiadm" returned: 0 in 0.024s {{(pid=99000) execute /opt/stack/data/venv/lib/python3.12/site-packages/oslo_concurrency/processutils.py:468}}
Aug 11 14:23:52.902036 np0000188603 devstack@n-api.service[99003]: DEBUG oslo_concurrency.processutils [None req-0319ede0-fee4-4dcb-9f78-f61508988040 None None] Running cmd (subprocess): grep -F node.session.scan /sbin/iscsiadm {{(pid=99003) execute /opt/stack/data/venv/lib/python3.12/site-packages/oslo_concurrency/processutils.py:440}}
Aug 11 14:23:52.922476 np0000188603 devstack@n-api.service[99003]: DEBUG oslo_concurrency.processutils [None req-0319ede0-fee4-4dcb-9f78-f61508988040 None None] CMD "grep -F node.session.scan /sbin/iscsiadm" returned: 0 in 0.020s {{(pid=99003) execute /opt/stack/data/venv/lib/python3.12/site-packages/oslo_concurrency/processutils.py:468}}
Aug 11 14:23:52.925565 np0000188603 devstack@n-api.service[99002]: DEBUG oslo_concurrency.processutils [None req-2d6f34ee-ea0b-475f-9b7b-08efae03b852 None None] Running cmd (subprocess): grep -F node.session.scan /sbin/iscsiadm {{(pid=99002) execute /opt/stack/data/venv/lib/python3.12/site-packages/oslo_concurrency/processutils.py:440}}
Aug 11 14:23:52.944473 np0000188603 devstack@n-api.service[99002]: DEBUG oslo_concurrency.processutils [None req-2d6f34ee-ea0b-475f-9b7b-08efae03b852 None None] CMD "grep -F node.session.scan /sbin/iscsiadm" returned: 0 in 0.019s {{(pid=99002) execute /opt/stack/data/venv/lib/python3.12/site-packages/oslo_concurrency/processutils.py:468}}
Aug 11 14:23:53.526111 np0000188603 devstack@n-api.service[99001]: DEBUG nova.api.openstack.wsgi_app [None req-ef162b00-80e6-4beb-910c-18dfd1d9ab5f None None] ******************************************************************************** {{(pid=99001) log_opt_values /opt/stack/data/venv/lib/python3.12/site-packages/oslo_config/cfg.py:3518}}
Aug 11 14:23:53.527125 np0000188603 devstack@n-api.service[99001]: DEBUG nova.api.openstack.wsgi_app [None req-ef162b00-80e6-4beb-910c-18dfd1d9ab5f None None] Configuration options gathered from: {{(pid=99001) log_opt_values /opt/stack/data/venv/lib/python3.12/site-packages/oslo_config/cfg.py:3519}}
Aug 11 14:23:53.527125 np0000188603 devstack@n-api.service[99001]: DEBUG nova.api.openstack.wsgi_app [None req-ef162b00-80e6-4beb-910c-18dfd1d9ab5f None None] command line args: [] {{(pid=99001) log_opt_values /opt/stack/data/venv/lib/python3.12/site-packages/oslo_config/cfg.py:3520}}
Aug 11 14:23:53.527125 np0000188603 devstack@n-api.service[99001]: DEBUG nova.api.openstack.wsgi_app [None req-ef162b00-80e6-4beb-910c-18dfd1d9ab5f None None] config files: ['/etc/nova/api-paste.ini', '/etc/nova/nova.conf'] {{(pid=99001) log_opt_values /opt/stack/data/venv/lib/python3.12/site-packages/oslo_config/cfg.py:3521}}
Aug 11 14:23:53.527125 np0000188603 devstack@n-api.service[99001]: DEBUG nova.api.openstack.wsgi_app [None req-ef162b00-80e6-4beb-910c-18dfd1d9ab5f None None] ================================================================================ {{(pid=99001) log_opt_values /opt/stack/data/venv/lib/python3.12/site-packages/oslo_config/cfg.py:3526}}
Aug 11 14:23:53.527125 np0000188603 devstack@n-api.service[99001]: DEBUG nova.api.openstack.wsgi_app [None req-ef162b00-80e6-4beb-910c-18dfd1d9ab5f None None] allow_resize_to_same_host = True {{(pid=99001) log_opt_values /opt/stack/data/venv/lib/python3.12/site-packages/oslo_config/cfg.py:3534}}
Aug 11 14:23:53.527125 np0000188603 devstack@n-api.service[99001]: DEBUG nova.api.openstack.wsgi_app [None req-ef162b00-80e6-4beb-910c-18dfd1d9ab5f None None] arq_binding_timeout = 300 {{(pid=99001) log_opt_values /opt/stack/data/venv/lib/python3.12/site-packages/oslo_config/cfg.py:3534}}
Aug 11 14:23:53.527903 np0000188603 devstack@n-api.service[99001]: DEBUG nova.api.openstack.wsgi_app [None req-ef162b00-80e6-4beb-910c-18dfd1d9ab5f None None] block_device_allocate_retries = 60 {{(pid=99001) log_opt_values /opt/stack/data/venv/lib/python3.12/site-packages/oslo_config/cfg.py:3534}}
Aug 11 14:23:53.527903 np0000188603 devstack@n-api.service[99001]: DEBUG nova.api.openstack.wsgi_app [None req-ef162b00-80e6-4beb-910c-18dfd1d9ab5f None None] block_device_allocate_retries_interval = 3 {{(pid=99001) log_opt_values /opt/stack/data/venv/lib/python3.12/site-packages/oslo_config/cfg.py:3534}}
Aug 11 14:23:53.527903 np0000188603 devstack@n-api.service[99001]: DEBUG nova.api.openstack.wsgi_app [None req-ef162b00-80e6-4beb-910c-18dfd1d9ab5f None None] cell_worker_thread_pool_size = 5 {{(pid=99001) log_opt_values /opt/stack/data/venv/lib/python3.12/site-packages/oslo_config/cfg.py:3534}}
Aug 11 14:23:53.527903 np0000188603 devstack@n-api.service[99001]: DEBUG nova.api.openstack.wsgi_app [None req-ef162b00-80e6-4beb-910c-18dfd1d9ab5f None None] cert = self.pem {{(pid=99001) log_opt_values /opt/stack/data/venv/lib/python3.12/site-packages/oslo_config/cfg.py:3534}}
Aug 11 14:23:53.527903 np0000188603 devstack@n-api.service[99001]: DEBUG nova.api.openstack.wsgi_app [None req-ef162b00-80e6-4beb-910c-18dfd1d9ab5f None None] compute_driver = libvirt.LibvirtDriver {{(pid=99001) log_opt_values /opt/stack/data/venv/lib/python3.12/site-packages/oslo_config/cfg.py:3534}}
Aug 11 14:23:53.527903 np0000188603 devstack@n-api.service[99001]: DEBUG nova.api.openstack.wsgi_app [None req-ef162b00-80e6-4beb-910c-18dfd1d9ab5f None None] compute_monitors = [] {{(pid=99001) log_opt_values /opt/stack/data/venv/lib/python3.12/site-packages/oslo_config/cfg.py:3534}}
Aug 11 14:23:53.528707 np0000188603 devstack@n-api.service[99001]: DEBUG nova.api.openstack.wsgi_app [None req-ef162b00-80e6-4beb-910c-18dfd1d9ab5f None None] concurrency_backend = auto {{(pid=99001) log_opt_values /opt/stack/data/venv/lib/python3.12/site-packages/oslo_config/cfg.py:3534}}
Aug 11 14:23:53.528707 np0000188603 devstack@n-api.service[99001]: DEBUG nova.api.openstack.wsgi_app [None req-ef162b00-80e6-4beb-910c-18dfd1d9ab5f None None] config_dir = [] {{(pid=99001) log_opt_values /opt/stack/data/venv/lib/python3.12/site-packages/oslo_config/cfg.py:3534}}
Aug 11 14:23:53.528707 np0000188603 devstack@n-api.service[99001]: DEBUG nova.api.openstack.wsgi_app [None req-ef162b00-80e6-4beb-910c-18dfd1d9ab5f None None] config_drive_format = iso9660 {{(pid=99001) log_opt_values /opt/stack/data/venv/lib/python3.12/site-packages/oslo_config/cfg.py:3534}}
Aug 11 14:23:53.528707 np0000188603 devstack@n-api.service[99001]: DEBUG nova.api.openstack.wsgi_app [None req-ef162b00-80e6-4beb-910c-18dfd1d9ab5f None None] config_file = ['/etc/nova/api-paste.ini', '/etc/nova/nova.conf'] {{(pid=99001) log_opt_values /opt/stack/data/venv/lib/python3.12/site-packages/oslo_config/cfg.py:3534}}
Aug 11 14:23:53.528707 np0000188603 devstack@n-api.service[99001]: DEBUG nova.api.openstack.wsgi_app [None req-ef162b00-80e6-4beb-910c-18dfd1d9ab5f None None] config_source = [] {{(pid=99001) log_opt_values /opt/stack/data/venv/lib/python3.12/site-packages/oslo_config/cfg.py:3534}}
Aug 11 14:23:53.528707 np0000188603 devstack@n-api.service[99001]: DEBUG nova.api.openstack.wsgi_app [None req-ef162b00-80e6-4beb-910c-18dfd1d9ab5f None None] console_host = np0000188603 {{(pid=99001) log_opt_values /opt/stack/data/venv/lib/python3.12/site-packages/oslo_config/cfg.py:3534}}
Aug 11 14:23:53.529403 np0000188603 devstack@n-api.service[99001]: DEBUG nova.api.openstack.wsgi_app [None req-ef162b00-80e6-4beb-910c-18dfd1d9ab5f None None] control_exchange = nova {{(pid=99001) log_opt_values /opt/stack/data/venv/lib/python3.12/site-packages/oslo_config/cfg.py:3534}}
Aug 11 14:23:53.529403 np0000188603 devstack@n-api.service[99001]: DEBUG nova.api.openstack.wsgi_app [None req-ef162b00-80e6-4beb-910c-18dfd1d9ab5f None None] cpu_allocation_ratio = None {{(pid=99001) log_opt_values /opt/stack/data/venv/lib/python3.12/site-packages/oslo_config/cfg.py:3534}}
Aug 11 14:23:53.529403 np0000188603 devstack@n-api.service[99001]: DEBUG nova.api.openstack.wsgi_app [None req-ef162b00-80e6-4beb-910c-18dfd1d9ab5f None None] daemon = False {{(pid=99001) log_opt_values /opt/stack/data/venv/lib/python3.12/site-packages/oslo_config/cfg.py:3534}}
Aug 11 14:23:53.529403 np0000188603 devstack@n-api.service[99001]: DEBUG nova.api.openstack.wsgi_app [None req-ef162b00-80e6-4beb-910c-18dfd1d9ab5f None None] debug = True {{(pid=99001) log_opt_values /opt/stack/data/venv/lib/python3.12/site-packages/oslo_config/cfg.py:3534}}
Aug 11 14:23:53.529799 np0000188603 devstack@n-api.service[99001]: DEBUG nova.api.openstack.wsgi_app [None req-ef162b00-80e6-4beb-910c-18dfd1d9ab5f None None] default_access_ip_network_name = None {{(pid=99001) log_opt_values /opt/stack/data/venv/lib/python3.12/site-packages/oslo_config/cfg.py:3534}}
Aug 11 14:23:53.529799 np0000188603 devstack@n-api.service[99001]: DEBUG nova.api.openstack.wsgi_app [None req-ef162b00-80e6-4beb-910c-18dfd1d9ab5f None None] default_availability_zone = nova {{(pid=99001) log_opt_values /opt/stack/data/venv/lib/python3.12/site-packages/oslo_config/cfg.py:3534}}
Aug 11 14:23:53.529799 np0000188603 devstack@n-api.service[99001]: DEBUG nova.api.openstack.wsgi_app [None req-ef162b00-80e6-4beb-910c-18dfd1d9ab5f None None] default_ephemeral_format = ext4 {{(pid=99001) log_opt_values /opt/stack/data/venv/lib/python3.12/site-packages/oslo_config/cfg.py:3534}}
Aug 11 14:23:53.530109 np0000188603 devstack@n-api.service[99001]: DEBUG nova.api.openstack.wsgi_app [None req-ef162b00-80e6-4beb-910c-18dfd1d9ab5f None None] default_green_pool_size = 1000 {{(pid=99001) log_opt_values /opt/stack/data/venv/lib/python3.12/site-packages/oslo_config/cfg.py:3534}}
Aug 11 14:23:53.530321 np0000188603 devstack@n-api.service[99001]: DEBUG nova.api.openstack.wsgi_app [None req-ef162b00-80e6-4beb-910c-18dfd1d9ab5f None None] default_log_levels = ['amqp=WARN', 'boto=WARN', 'sqlalchemy=WARN', 'suds=INFO', 'oslo.messaging=INFO', 'oslo_messaging=INFO', 'iso8601=WARN', 'requests.packages.urllib3.connectionpool=WARN', 'urllib3.connectionpool=WARN', 'websocket=WARN', 'requests.packages.urllib3.util.retry=WARN', 'urllib3.util.retry=WARN', 'keystonemiddleware=WARN', 'routes.middleware=WARN', 'stevedore=WARN', 'taskflow=WARN', 'keystoneauth=WARN', 'oslo.cache=INFO', 'oslo_policy=INFO', 'dogpile.core.dogpile=INFO', 'glanceclient=WARN', 'oslo.privsep.daemon=INFO'] {{(pid=99001) log_opt_values /opt/stack/data/venv/lib/python3.12/site-packages/oslo_config/cfg.py:3534}}
Aug 11 14:23:53.530502 np0000188603 devstack@n-api.service[99001]: DEBUG nova.api.openstack.wsgi_app [None req-ef162b00-80e6-4beb-910c-18dfd1d9ab5f None None] default_schedule_zone = None {{(pid=99001) log_opt_values /opt/stack/data/venv/lib/python3.12/site-packages/oslo_config/cfg.py:3534}}
Aug 11 14:23:53.530654 np0000188603 devstack@n-api.service[99001]: DEBUG nova.api.openstack.wsgi_app [None req-ef162b00-80e6-4beb-910c-18dfd1d9ab5f None None] default_thread_pool_size = 10 {{(pid=99001) log_opt_values /opt/stack/data/venv/lib/python3.12/site-packages/oslo_config/cfg.py:3534}}
Aug 11 14:23:53.530826 np0000188603 devstack@n-api.service[99001]: DEBUG nova.api.openstack.wsgi_app [None req-ef162b00-80e6-4beb-910c-18dfd1d9ab5f None None] disk_allocation_ratio = None {{(pid=99001) log_opt_values /opt/stack/data/venv/lib/python3.12/site-packages/oslo_config/cfg.py:3534}}
Aug 11 14:23:53.530993 np0000188603 devstack@n-api.service[99001]: DEBUG nova.api.openstack.wsgi_app [None req-ef162b00-80e6-4beb-910c-18dfd1d9ab5f None None] enable_new_services = True {{(pid=99001) log_opt_values /opt/stack/data/venv/lib/python3.12/site-packages/oslo_config/cfg.py:3534}}
Aug 11 14:23:53.531167 np0000188603 devstack@n-api.service[99001]: DEBUG nova.api.openstack.wsgi_app [None req-ef162b00-80e6-4beb-910c-18dfd1d9ab5f None None] flat_injected = False {{(pid=99001) log_opt_values /opt/stack/data/venv/lib/python3.12/site-packages/oslo_config/cfg.py:3534}}
Aug 11 14:23:53.531356 np0000188603 devstack@n-api.service[99001]: DEBUG nova.api.openstack.wsgi_app [None req-ef162b00-80e6-4beb-910c-18dfd1d9ab5f None None] force_config_drive = False {{(pid=99001) log_opt_values /opt/stack/data/venv/lib/python3.12/site-packages/oslo_config/cfg.py:3534}}
Aug 11 14:23:53.531547 np0000188603 devstack@n-api.service[99001]: DEBUG nova.api.openstack.wsgi_app [None req-ef162b00-80e6-4beb-910c-18dfd1d9ab5f None None] force_raw_images = True {{(pid=99001) log_opt_values /opt/stack/data/venv/lib/python3.12/site-packages/oslo_config/cfg.py:3534}}
Aug 11 14:23:53.531750 np0000188603 devstack@n-api.service[99001]: DEBUG nova.api.openstack.wsgi_app [None req-ef162b00-80e6-4beb-910c-18dfd1d9ab5f None None] graceful_shutdown_timeout = 5 {{(pid=99001) log_opt_values /opt/stack/data/venv/lib/python3.12/site-packages/oslo_config/cfg.py:3534}}
Aug 11 14:23:53.531916 np0000188603 devstack@n-api.service[99001]: DEBUG nova.api.openstack.wsgi_app [None req-ef162b00-80e6-4beb-910c-18dfd1d9ab5f None None] heal_instance_info_cache_interval = -1 {{(pid=99001) log_opt_values /opt/stack/data/venv/lib/python3.12/site-packages/oslo_config/cfg.py:3534}}
Aug 11 14:23:53.532126 np0000188603 devstack@n-api.service[99001]: DEBUG nova.api.openstack.wsgi_app [None req-ef162b00-80e6-4beb-910c-18dfd1d9ab5f None None] host = np0000188603 {{(pid=99001) log_opt_values /opt/stack/data/venv/lib/python3.12/site-packages/oslo_config/cfg.py:3534}}
Aug 11 14:23:53.532336 np0000188603 devstack@n-api.service[99001]: DEBUG nova.api.openstack.wsgi_app [None req-ef162b00-80e6-4beb-910c-18dfd1d9ab5f None None] initial_cpu_allocation_ratio = 4.0 {{(pid=99001) log_opt_values /opt/stack/data/venv/lib/python3.12/site-packages/oslo_config/cfg.py:3534}}
Aug 11 14:23:53.532513 np0000188603 devstack@n-api.service[99001]: DEBUG nova.api.openstack.wsgi_app [None req-ef162b00-80e6-4beb-910c-18dfd1d9ab5f None None] initial_disk_allocation_ratio = 1.0 {{(pid=99001) log_opt_values /opt/stack/data/venv/lib/python3.12/site-packages/oslo_config/cfg.py:3534}}
Aug 11 14:23:53.532684 np0000188603 devstack@n-api.service[99001]: DEBUG nova.api.openstack.wsgi_app [None req-ef162b00-80e6-4beb-910c-18dfd1d9ab5f None None] initial_ram_allocation_ratio = 1.0 {{(pid=99001) log_opt_values /opt/stack/data/venv/lib/python3.12/site-packages/oslo_config/cfg.py:3534}}
Aug 11 14:23:53.532915 np0000188603 devstack@n-api.service[99001]: DEBUG nova.api.openstack.wsgi_app [None req-ef162b00-80e6-4beb-910c-18dfd1d9ab5f None None] injected_network_template = /opt/stack/nova/nova/virt/interfaces.template {{(pid=99001) log_opt_values /opt/stack/data/venv/lib/python3.12/site-packages/oslo_config/cfg.py:3534}}
Aug 11 14:23:53.533090 np0000188603 devstack@n-api.service[99001]: DEBUG nova.api.openstack.wsgi_app [None req-ef162b00-80e6-4beb-910c-18dfd1d9ab5f None None] instance_build_timeout = 0 {{(pid=99001) log_opt_values /opt/stack/data/venv/lib/python3.12/site-packages/oslo_config/cfg.py:3534}}
Aug 11 14:23:53.533273 np0000188603 devstack@n-api.service[99001]: DEBUG nova.api.openstack.wsgi_app [None req-ef162b00-80e6-4beb-910c-18dfd1d9ab5f None None] instance_delete_interval = 300 {{(pid=99001) log_opt_values /opt/stack/data/venv/lib/python3.12/site-packages/oslo_config/cfg.py:3534}}
Aug 11 14:23:53.533429 np0000188603 devstack@n-api.service[99001]: DEBUG nova.api.openstack.wsgi_app [None req-ef162b00-80e6-4beb-910c-18dfd1d9ab5f None None] instance_format = [instance: %(uuid)s] {{(pid=99001) log_opt_values /opt/stack/data/venv/lib/python3.12/site-packages/oslo_config/cfg.py:3534}}
Aug 11 14:23:53.533567 np0000188603 devstack@n-api.service[99001]: DEBUG nova.api.openstack.wsgi_app [None req-ef162b00-80e6-4beb-910c-18dfd1d9ab5f None None] instance_name_template = instance-%08x {{(pid=99001) log_opt_values /opt/stack/data/venv/lib/python3.12/site-packages/oslo_config/cfg.py:3534}}
Aug 11 14:23:53.533692 np0000188603 devstack@n-api.service[99001]: DEBUG nova.api.openstack.wsgi_app [None req-ef162b00-80e6-4beb-910c-18dfd1d9ab5f None None] instance_usage_audit = False {{(pid=99001) log_opt_values /opt/stack/data/venv/lib/python3.12/site-packages/oslo_config/cfg.py:3534}}
Aug 11 14:23:53.533826 np0000188603 devstack@n-api.service[99001]: DEBUG nova.api.openstack.wsgi_app [None req-ef162b00-80e6-4beb-910c-18dfd1d9ab5f None None] instance_usage_audit_period = month {{(pid=99001) log_opt_values /opt/stack/data/venv/lib/python3.12/site-packages/oslo_config/cfg.py:3534}}
Aug 11 14:23:53.533959 np0000188603 devstack@n-api.service[99001]: DEBUG nova.api.openstack.wsgi_app [None req-ef162b00-80e6-4beb-910c-18dfd1d9ab5f None None] instance_uuid_format = [instance: %(uuid)s] {{(pid=99001) log_opt_values /opt/stack/data/venv/lib/python3.12/site-packages/oslo_config/cfg.py:3534}}
Aug 11 14:23:53.534089 np0000188603 devstack@n-api.service[99001]: DEBUG nova.api.openstack.wsgi_app [None req-ef162b00-80e6-4beb-910c-18dfd1d9ab5f None None] instances_path = /opt/stack/data/nova/instances {{(pid=99001) log_opt_values /opt/stack/data/venv/lib/python3.12/site-packages/oslo_config/cfg.py:3534}}
Aug 11 14:23:53.534223 np0000188603 devstack@n-api.service[99001]: DEBUG nova.api.openstack.wsgi_app [None req-ef162b00-80e6-4beb-910c-18dfd1d9ab5f None None] internal_service_availability_zone = internal {{(pid=99001) log_opt_values /opt/stack/data/venv/lib/python3.12/site-packages/oslo_config/cfg.py:3534}}
Aug 11 14:23:53.534361 np0000188603 devstack@n-api.service[99001]: DEBUG nova.api.openstack.wsgi_app [None req-ef162b00-80e6-4beb-910c-18dfd1d9ab5f None None] key = None {{(pid=99001) log_opt_values /opt/stack/data/venv/lib/python3.12/site-packages/oslo_config/cfg.py:3534}}
Aug 11 14:23:53.534488 np0000188603 devstack@n-api.service[99001]: DEBUG nova.api.openstack.wsgi_app [None req-ef162b00-80e6-4beb-910c-18dfd1d9ab5f None None] live_migration_retry_count = 30 {{(pid=99001) log_opt_values /opt/stack/data/venv/lib/python3.12/site-packages/oslo_config/cfg.py:3534}}
Aug 11 14:23:53.534621 np0000188603 devstack@n-api.service[99001]: DEBUG nova.api.openstack.wsgi_app [None req-ef162b00-80e6-4beb-910c-18dfd1d9ab5f None None] log_color = False {{(pid=99001) log_opt_values /opt/stack/data/venv/lib/python3.12/site-packages/oslo_config/cfg.py:3534}}
Aug 11 14:23:53.534751 np0000188603 devstack@n-api.service[99001]: DEBUG nova.api.openstack.wsgi_app [None req-ef162b00-80e6-4beb-910c-18dfd1d9ab5f None None] log_config_append = None {{(pid=99001) log_opt_values /opt/stack/data/venv/lib/python3.12/site-packages/oslo_config/cfg.py:3534}}
Aug 11 14:23:53.534902 np0000188603 devstack@n-api.service[99001]: DEBUG nova.api.openstack.wsgi_app [None req-ef162b00-80e6-4beb-910c-18dfd1d9ab5f None None] log_date_format = %Y-%m-%d %H:%M:%S {{(pid=99001) log_opt_values /opt/stack/data/venv/lib/python3.12/site-packages/oslo_config/cfg.py:3534}}
Aug 11 14:23:53.535012 np0000188603 devstack@n-api.service[99001]: DEBUG nova.api.openstack.wsgi_app [None req-ef162b00-80e6-4beb-910c-18dfd1d9ab5f None None] log_dir = None {{(pid=99001) log_opt_values /opt/stack/data/venv/lib/python3.12/site-packages/oslo_config/cfg.py:3534}}
Aug 11 14:23:53.535137 np0000188603 devstack@n-api.service[99001]: DEBUG nova.api.openstack.wsgi_app [None req-ef162b00-80e6-4beb-910c-18dfd1d9ab5f None None] log_file = None {{(pid=99001) log_opt_values /opt/stack/data/venv/lib/python3.12/site-packages/oslo_config/cfg.py:3534}}
Aug 11 14:23:53.535237 np0000188603 devstack@n-api.service[99001]: DEBUG nova.api.openstack.wsgi_app [None req-ef162b00-80e6-4beb-910c-18dfd1d9ab5f None None] log_options = True {{(pid=99001) log_opt_values /opt/stack/data/venv/lib/python3.12/site-packages/oslo_config/cfg.py:3534}}
