Apr 12 17:48:57.715843 np0000165288 nova-scheduler[109337]: DEBUG cotyledon.oslo_config_glue [-] vnc.server_listen = 127.0.0.1 {{(pid=109337) log_opt_values /opt/stack/data/venv/lib/python3.12/site-packages/oslo_config/cfg.py:3006}}
Apr 12 17:48:57.715843 np0000165288 nova-scheduler[109337]: DEBUG cotyledon.oslo_config_glue [-] vnc.server_proxyclient_address = 127.0.0.1 {{(pid=109337) log_opt_values /opt/stack/data/venv/lib/python3.12/site-packages/oslo_config/cfg.py:3006}}
Apr 12 17:48:57.715843 np0000165288 nova-scheduler[109337]: DEBUG cotyledon.oslo_config_glue [-] vnc.vencrypt_ca_certs = None {{(pid=109337) log_opt_values /opt/stack/data/venv/lib/python3.12/site-packages/oslo_config/cfg.py:3006}}
Apr 12 17:48:57.715843 np0000165288 nova-scheduler[109337]: DEBUG cotyledon.oslo_config_glue [-] vnc.vencrypt_client_cert = None {{(pid=109337) log_opt_values /opt/stack/data/venv/lib/python3.12/site-packages/oslo_config/cfg.py:3006}}
Apr 12 17:48:57.716055 np0000165288 nova-scheduler[109337]: DEBUG cotyledon.oslo_config_glue [-] vnc.vencrypt_client_key = None {{(pid=109337) log_opt_values /opt/stack/data/venv/lib/python3.12/site-packages/oslo_config/cfg.py:3006}}
Apr 12 17:48:57.716055 np0000165288 nova-scheduler[109337]: DEBUG cotyledon.oslo_config_glue [-] workarounds.disable_compute_service_check_for_ffu = False {{(pid=109337) log_opt_values /opt/stack/data/venv/lib/python3.12/site-packages/oslo_config/cfg.py:3006}}
Apr 12 17:48:57.716055 np0000165288 nova-scheduler[109337]: DEBUG cotyledon.oslo_config_glue [-] workarounds.disable_deep_image_inspection = False {{(pid=109337) log_opt_values /opt/stack/data/venv/lib/python3.12/site-packages/oslo_config/cfg.py:3006}}
Apr 12 17:48:57.716055 np0000165288 nova-scheduler[109337]: DEBUG cotyledon.oslo_config_glue [-] workarounds.disable_fallback_pcpu_query = False {{(pid=109337) log_opt_values /opt/stack/data/venv/lib/python3.12/site-packages/oslo_config/cfg.py:3006}}
Apr 12 17:48:57.716055 np0000165288 nova-scheduler[109337]: DEBUG cotyledon.oslo_config_glue [-] workarounds.disable_group_policy_check_upcall = False {{(pid=109337) log_opt_values /opt/stack/data/venv/lib/python3.12/site-packages/oslo_config/cfg.py:3006}}
Apr 12 17:48:57.716055 np0000165288 nova-scheduler[109337]: DEBUG cotyledon.oslo_config_glue [-] workarounds.disable_libvirt_livesnapshot = False {{(pid=109337) log_opt_values /opt/stack/data/venv/lib/python3.12/site-packages/oslo_config/cfg.py:3006}}
Apr 12 17:48:57.716055 np0000165288 nova-scheduler[109337]: DEBUG cotyledon.oslo_config_glue [-] workarounds.disable_rootwrap = False {{(pid=109337) log_opt_values /opt/stack/data/venv/lib/python3.12/site-packages/oslo_config/cfg.py:3006}}
Apr 12 17:48:57.716055 np0000165288 nova-scheduler[109337]: DEBUG cotyledon.oslo_config_glue [-] workarounds.enable_numa_live_migration = False {{(pid=109337) log_opt_values /opt/stack/data/venv/lib/python3.12/site-packages/oslo_config/cfg.py:3006}}
Apr 12 17:48:57.716055 np0000165288 nova-scheduler[109337]: DEBUG cotyledon.oslo_config_glue [-] workarounds.enable_qemu_monitor_announce_self = False {{(pid=109337) log_opt_values /opt/stack/data/venv/lib/python3.12/site-packages/oslo_config/cfg.py:3006}}
Apr 12 17:48:57.716261 np0000165288 nova-scheduler[109337]: DEBUG cotyledon.oslo_config_glue [-] workarounds.ensure_libvirt_rbd_instance_dir_cleanup = False {{(pid=109337) log_opt_values /opt/stack/data/venv/lib/python3.12/site-packages/oslo_config/cfg.py:3006}}
Apr 12 17:48:57.716261 np0000165288 nova-scheduler[109337]: DEBUG cotyledon.oslo_config_glue [-] workarounds.handle_virt_lifecycle_events = True {{(pid=109337) log_opt_values /opt/stack/data/venv/lib/python3.12/site-packages/oslo_config/cfg.py:3006}}
Apr 12 17:48:57.716261 np0000165288 nova-scheduler[109337]: DEBUG cotyledon.oslo_config_glue [-] workarounds.libvirt_disable_apic = False {{(pid=109337) log_opt_values /opt/stack/data/venv/lib/python3.12/site-packages/oslo_config/cfg.py:3006}}
Apr 12 17:48:57.716261 np0000165288 nova-scheduler[109337]: DEBUG cotyledon.oslo_config_glue [-] workarounds.never_download_image_if_on_rbd = False {{(pid=109337) log_opt_values /opt/stack/data/venv/lib/python3.12/site-packages/oslo_config/cfg.py:3006}}
Apr 12 17:48:57.716261 np0000165288 nova-scheduler[109337]: DEBUG cotyledon.oslo_config_glue [-] workarounds.qemu_monitor_announce_self_count = 3 {{(pid=109337) log_opt_values /opt/stack/data/venv/lib/python3.12/site-packages/oslo_config/cfg.py:3006}}
Apr 12 17:48:57.716261 np0000165288 nova-scheduler[109337]: DEBUG cotyledon.oslo_config_glue [-] workarounds.qemu_monitor_announce_self_interval = 1 {{(pid=109337) log_opt_values /opt/stack/data/venv/lib/python3.12/site-packages/oslo_config/cfg.py:3006}}
Apr 12 17:48:57.716261 np0000165288 nova-scheduler[109337]: DEBUG cotyledon.oslo_config_glue [-] workarounds.reserve_disk_resource_for_image_cache = False {{(pid=109337) log_opt_values /opt/stack/data/venv/lib/python3.12/site-packages/oslo_config/cfg.py:3006}}
Apr 12 17:48:57.716261 np0000165288 nova-scheduler[109337]: DEBUG cotyledon.oslo_config_glue [-] workarounds.skip_cpu_compare_at_startup = False {{(pid=109337) log_opt_values /opt/stack/data/venv/lib/python3.12/site-packages/oslo_config/cfg.py:3006}}
Apr 12 17:48:57.716261 np0000165288 nova-scheduler[109337]: DEBUG cotyledon.oslo_config_glue [-] workarounds.skip_cpu_compare_on_dest = False {{(pid=109337) log_opt_values /opt/stack/data/venv/lib/python3.12/site-packages/oslo_config/cfg.py:3006}}
Apr 12 17:48:57.716461 np0000165288 nova-scheduler[109337]: DEBUG cotyledon.oslo_config_glue [-] workarounds.skip_hypervisor_version_check_on_lm = False {{(pid=109337) log_opt_values /opt/stack/data/venv/lib/python3.12/site-packages/oslo_config/cfg.py:3006}}
Apr 12 17:48:57.716461 np0000165288 nova-scheduler[109337]: DEBUG cotyledon.oslo_config_glue [-] workarounds.skip_reserve_in_use_ironic_nodes = False {{(pid=109337) log_opt_values /opt/stack/data/venv/lib/python3.12/site-packages/oslo_config/cfg.py:3006}}
Apr 12 17:48:57.716461 np0000165288 nova-scheduler[109337]: DEBUG cotyledon.oslo_config_glue [-] workarounds.unified_limits_count_pcpu_as_vcpu = False {{(pid=109337) log_opt_values /opt/stack/data/venv/lib/python3.12/site-packages/oslo_config/cfg.py:3006}}
Apr 12 17:48:57.716461 np0000165288 nova-scheduler[109337]: DEBUG cotyledon.oslo_config_glue [-] workarounds.wait_for_vif_plugged_event_during_hard_reboot = [] {{(pid=109337) log_opt_values /opt/stack/data/venv/lib/python3.12/site-packages/oslo_config/cfg.py:3006}}
Apr 12 17:48:57.716461 np0000165288 nova-scheduler[109337]: DEBUG cotyledon.oslo_config_glue [-] wsgi.api_paste_config = /etc/nova/api-paste.ini {{(pid=109337) log_opt_values /opt/stack/data/venv/lib/python3.12/site-packages/oslo_config/cfg.py:3006}}
Apr 12 17:48:57.716461 np0000165288 nova-scheduler[109337]: DEBUG cotyledon.oslo_config_glue [-] wsgi.secure_proxy_ssl_header = None {{(pid=109337) log_opt_values /opt/stack/data/venv/lib/python3.12/site-packages/oslo_config/cfg.py:3006}}
Apr 12 17:48:57.716461 np0000165288 nova-scheduler[109337]: DEBUG cotyledon.oslo_config_glue [-] zvm.ca_file = None {{(pid=109337) log_opt_values /opt/stack/data/venv/lib/python3.12/site-packages/oslo_config/cfg.py:3006}}
Apr 12 17:48:57.716461 np0000165288 nova-scheduler[109337]: DEBUG cotyledon.oslo_config_glue [-] zvm.cloud_connector_url = None {{(pid=109337) log_opt_values /opt/stack/data/venv/lib/python3.12/site-packages/oslo_config/cfg.py:3006}}
Apr 12 17:48:57.716461 np0000165288 nova-scheduler[109337]: DEBUG cotyledon.oslo_config_glue [-] zvm.image_tmp_path = /opt/stack/data/nova/images {{(pid=109337) log_opt_values /opt/stack/data/venv/lib/python3.12/site-packages/oslo_config/cfg.py:3006}}
Apr 12 17:48:57.716693 np0000165288 nova-scheduler[109337]: DEBUG cotyledon.oslo_config_glue [-] zvm.reachable_timeout = 300 {{(pid=109337) log_opt_values /opt/stack/data/venv/lib/python3.12/site-packages/oslo_config/cfg.py:3006}}
Apr 12 17:48:57.716693 np0000165288 nova-scheduler[109337]: DEBUG cotyledon.oslo_config_glue [-] oslo_versionedobjects.fatal_exception_format_errors = False {{(pid=109337) log_opt_values /opt/stack/data/venv/lib/python3.12/site-packages/oslo_config/cfg.py:3006}}
Apr 12 17:48:57.716693 np0000165288 nova-scheduler[109337]: DEBUG cotyledon.oslo_config_glue [-] oslo_middleware.http_basic_auth_user_file = /etc/htpasswd {{(pid=109337) log_opt_values /opt/stack/data/venv/lib/python3.12/site-packages/oslo_config/cfg.py:3006}}
Apr 12 17:48:57.716693 np0000165288 nova-scheduler[109337]: DEBUG cotyledon.oslo_config_glue [-] oslo_messaging_metrics.metrics_buffer_size = 1000 {{(pid=109337) log_opt_values /opt/stack/data/venv/lib/python3.12/site-packages/oslo_config/cfg.py:3006}}
Apr 12 17:48:57.716693 np0000165288 nova-scheduler[109337]: DEBUG cotyledon.oslo_config_glue [-] oslo_messaging_metrics.metrics_enabled = False {{(pid=109337) log_opt_values /opt/stack/data/venv/lib/python3.12/site-packages/oslo_config/cfg.py:3006}}
Apr 12 17:48:57.716693 np0000165288 nova-scheduler[109337]: DEBUG cotyledon.oslo_config_glue [-] oslo_messaging_metrics.metrics_process_name = {{(pid=109337) log_opt_values /opt/stack/data/venv/lib/python3.12/site-packages/oslo_config/cfg.py:3006}}
Apr 12 17:48:57.716693 np0000165288 nova-scheduler[109337]: DEBUG cotyledon.oslo_config_glue [-] oslo_messaging_metrics.metrics_socket_file = /var/tmp/metrics_collector.sock {{(pid=109337) log_opt_values /opt/stack/data/venv/lib/python3.12/site-packages/oslo_config/cfg.py:3006}}
Apr 12 17:48:57.716693 np0000165288 nova-scheduler[109337]: DEBUG cotyledon.oslo_config_glue [-] oslo_messaging_metrics.metrics_thread_stop_timeout = 10 {{(pid=109337) log_opt_values /opt/stack/data/venv/lib/python3.12/site-packages/oslo_config/cfg.py:3006}}
Apr 12 17:48:57.716868 np0000165288 nova-scheduler[109337]: DEBUG cotyledon.oslo_config_glue [-] profiler.connection_string = messaging:// {{(pid=109337) log_opt_values /opt/stack/data/venv/lib/python3.12/site-packages/oslo_config/cfg.py:3006}}
Apr 12 17:48:57.716868 np0000165288 nova-scheduler[109337]: DEBUG cotyledon.oslo_config_glue [-] profiler.enabled = False {{(pid=109337) log_opt_values /opt/stack/data/venv/lib/python3.12/site-packages/oslo_config/cfg.py:3006}}
Apr 12 17:48:57.716868 np0000165288 nova-scheduler[109337]: DEBUG cotyledon.oslo_config_glue [-] profiler.es_doc_type = notification {{(pid=109337) log_opt_values /opt/stack/data/venv/lib/python3.12/site-packages/oslo_config/cfg.py:3006}}
Apr 12 17:48:57.716939 np0000165288 nova-scheduler[109320]: DEBUG dbcounter [-] [109320] Writer thread running {{(pid=109320) stat_writer /opt/stack/data/venv/lib/python3.12/site-packages/dbcounter.py:102}}
Apr 12 17:48:57.716964 np0000165288 nova-scheduler[109337]: DEBUG cotyledon.oslo_config_glue [-] profiler.es_scroll_size = 10000 {{(pid=109337) log_opt_values /opt/stack/data/venv/lib/python3.12/site-packages/oslo_config/cfg.py:3006}}
Apr 12 17:48:57.716964 np0000165288 nova-scheduler[109337]: DEBUG cotyledon.oslo_config_glue [-] profiler.es_scroll_time = 2m {{(pid=109337) log_opt_values /opt/stack/data/venv/lib/python3.12/site-packages/oslo_config/cfg.py:3006}}
Apr 12 17:48:57.716964 np0000165288 nova-scheduler[109337]: DEBUG cotyledon.oslo_config_glue [-] profiler.filter_error_trace = False {{(pid=109337) log_opt_values /opt/stack/data/venv/lib/python3.12/site-packages/oslo_config/cfg.py:3006}}
Apr 12 17:48:57.716964 np0000165288 nova-scheduler[109337]: DEBUG cotyledon.oslo_config_glue [-] profiler.hmac_keys = **** {{(pid=109337) log_opt_values /opt/stack/data/venv/lib/python3.12/site-packages/oslo_config/cfg.py:3006}}
Apr 12 17:48:57.716964 np0000165288 nova-scheduler[109337]: DEBUG cotyledon.oslo_config_glue [-] profiler.sentinel_service_name = mymaster {{(pid=109337) log_opt_values /opt/stack/data/venv/lib/python3.12/site-packages/oslo_config/cfg.py:3006}}
Apr 12 17:48:57.716964 np0000165288 nova-scheduler[109337]: DEBUG cotyledon.oslo_config_glue [-] profiler.socket_timeout = 0.1 {{(pid=109337) log_opt_values /opt/stack/data/venv/lib/python3.12/site-packages/oslo_config/cfg.py:3006}}
Apr 12 17:48:57.716964 np0000165288 nova-scheduler[109337]: DEBUG cotyledon.oslo_config_glue [-] profiler.trace_requests = False {{(pid=109337) log_opt_values /opt/stack/data/venv/lib/python3.12/site-packages/oslo_config/cfg.py:3006}}
Apr 12 17:48:57.716964 np0000165288 nova-scheduler[109337]: DEBUG cotyledon.oslo_config_glue [-] profiler.trace_sqlalchemy = False {{(pid=109337) log_opt_values /opt/stack/data/venv/lib/python3.12/site-packages/oslo_config/cfg.py:3006}}
Apr 12 17:48:57.716964 np0000165288 nova-scheduler[109337]: DEBUG cotyledon.oslo_config_glue [-] profiler_jaeger.process_tags = {} {{(pid=109337) log_opt_values /opt/stack/data/venv/lib/python3.12/site-packages/oslo_config/cfg.py:3006}}
Apr 12 17:48:57.717173 np0000165288 nova-scheduler[109337]: DEBUG cotyledon.oslo_config_glue [-] profiler_jaeger.service_name_prefix = None {{(pid=109337) log_opt_values /opt/stack/data/venv/lib/python3.12/site-packages/oslo_config/cfg.py:3006}}
Apr 12 17:48:57.717173 np0000165288 nova-scheduler[109337]: DEBUG cotyledon.oslo_config_glue [-] profiler_otlp.service_name_prefix = None {{(pid=109337) log_opt_values /opt/stack/data/venv/lib/python3.12/site-packages/oslo_config/cfg.py:3006}}
Apr 12 17:48:57.717173 np0000165288 nova-scheduler[109337]: DEBUG cotyledon.oslo_config_glue [-] oslo_messaging_rabbit.amqp_auto_delete = False {{(pid=109337) log_opt_values /opt/stack/data/venv/lib/python3.12/site-packages/oslo_config/cfg.py:3006}}
Apr 12 17:48:57.717173 np0000165288 nova-scheduler[109337]: DEBUG cotyledon.oslo_config_glue [-] oslo_messaging_rabbit.amqp_durable_queues = False {{(pid=109337) log_opt_values /opt/stack/data/venv/lib/python3.12/site-packages/oslo_config/cfg.py:3006}}
Apr 12 17:48:57.717312 np0000165288 nova-scheduler[109329]: DEBUG oslo_db.sqlalchemy.engines [None req-4f91f8d0-475c-4318-88c9-fecbb2fb4391 None None] MySQL server mode set to STRICT_TRANS_TABLES,STRICT_ALL_TABLES,NO_ZERO_IN_DATE,NO_ZERO_DATE,ERROR_FOR_DIVISION_BY_ZERO,TRADITIONAL,NO_ENGINE_SUBSTITUTION {{(pid=109329) _check_effective_sql_mode /opt/stack/data/venv/lib/python3.12/site-packages/oslo_db/sqlalchemy/engines.py:325}}
Apr 12 17:48:57.717356 np0000165288 nova-scheduler[109337]: DEBUG cotyledon.oslo_config_glue [-] oslo_messaging_rabbit.conn_pool_min_size = 2 {{(pid=109337) log_opt_values /opt/stack/data/venv/lib/python3.12/site-packages/oslo_config/cfg.py:3006}}
Apr 12 17:48:57.717356 np0000165288 nova-scheduler[109337]: DEBUG cotyledon.oslo_config_glue [-] oslo_messaging_rabbit.conn_pool_ttl = 1200 {{(pid=109337) log_opt_values /opt/stack/data/venv/lib/python3.12/site-packages/oslo_config/cfg.py:3006}}
Apr 12 17:48:57.717356 np0000165288 nova-scheduler[109337]: DEBUG cotyledon.oslo_config_glue [-] oslo_messaging_rabbit.direct_mandatory_flag = True {{(pid=109337) log_opt_values /opt/stack/data/venv/lib/python3.12/site-packages/oslo_config/cfg.py:3006}}
Apr 12 17:48:57.717356 np0000165288 nova-scheduler[109337]: DEBUG cotyledon.oslo_config_glue [-] oslo_messaging_rabbit.enable_cancel_on_failover = False {{(pid=109337) log_opt_values /opt/stack/data/venv/lib/python3.12/site-packages/oslo_config/cfg.py:3006}}
Apr 12 17:48:57.717356 np0000165288 nova-scheduler[109337]: DEBUG cotyledon.oslo_config_glue [-] oslo_messaging_rabbit.heartbeat_in_pthread = False {{(pid=109337) log_opt_values /opt/stack/data/venv/lib/python3.12/site-packages/oslo_config/cfg.py:3006}}
Apr 12 17:48:57.717356 np0000165288 nova-scheduler[109337]: DEBUG cotyledon.oslo_config_glue [-] oslo_messaging_rabbit.heartbeat_rate = 3 {{(pid=109337) log_opt_values /opt/stack/data/venv/lib/python3.12/site-packages/oslo_config/cfg.py:3006}}
Apr 12 17:48:57.717356 np0000165288 nova-scheduler[109337]: DEBUG cotyledon.oslo_config_glue [-] oslo_messaging_rabbit.heartbeat_timeout_threshold = 60 {{(pid=109337) log_opt_values /opt/stack/data/venv/lib/python3.12/site-packages/oslo_config/cfg.py:3006}}
Apr 12 17:48:57.717356 np0000165288 nova-scheduler[109337]: DEBUG cotyledon.oslo_config_glue [-] oslo_messaging_rabbit.hostname = np0000165288 {{(pid=109337) log_opt_values /opt/stack/data/venv/lib/python3.12/site-packages/oslo_config/cfg.py:3006}}
Apr 12 17:48:57.717356 np0000165288 nova-scheduler[109337]: DEBUG cotyledon.oslo_config_glue [-] oslo_messaging_rabbit.kombu_compression = None {{(pid=109337) log_opt_values /opt/stack/data/venv/lib/python3.12/site-packages/oslo_config/cfg.py:3006}}
Apr 12 17:48:57.717693 np0000165288 nova-scheduler[109337]: DEBUG cotyledon.oslo_config_glue [-] oslo_messaging_rabbit.kombu_failover_strategy = round-robin {{(pid=109337) log_opt_values /opt/stack/data/venv/lib/python3.12/site-packages/oslo_config/cfg.py:3006}}
Apr 12 17:48:57.717693 np0000165288 nova-scheduler[109337]: DEBUG cotyledon.oslo_config_glue [-] oslo_messaging_rabbit.kombu_missing_consumer_retry_timeout = 60 {{(pid=109337) log_opt_values /opt/stack/data/venv/lib/python3.12/site-packages/oslo_config/cfg.py:3006}}
Apr 12 17:48:57.717693 np0000165288 nova-scheduler[109337]: DEBUG cotyledon.oslo_config_glue [-] oslo_messaging_rabbit.kombu_reconnect_delay = 1.0 {{(pid=109337) log_opt_values /opt/stack/data/venv/lib/python3.12/site-packages/oslo_config/cfg.py:3006}}
Apr 12 17:48:57.717693 np0000165288 nova-scheduler[109337]: DEBUG cotyledon.oslo_config_glue [-] oslo_messaging_rabbit.kombu_reconnect_splay = 0.0 {{(pid=109337) log_opt_values /opt/stack/data/venv/lib/python3.12/site-packages/oslo_config/cfg.py:3006}}
Apr 12 17:48:57.717693 np0000165288 nova-scheduler[109337]: DEBUG cotyledon.oslo_config_glue [-] oslo_messaging_rabbit.processname = nova-scheduler {{(pid=109337) log_opt_values /opt/stack/data/venv/lib/python3.12/site-packages/oslo_config/cfg.py:3006}}
Apr 12 17:48:57.717693 np0000165288 nova-scheduler[109337]: DEBUG cotyledon.oslo_config_glue [-] oslo_messaging_rabbit.rabbit_ha_queues = False {{(pid=109337) log_opt_values /opt/stack/data/venv/lib/python3.12/site-packages/oslo_config/cfg.py:3006}}
Apr 12 17:48:57.717693 np0000165288 nova-scheduler[109337]: DEBUG cotyledon.oslo_config_glue [-] oslo_messaging_rabbit.rabbit_interval_max = 30 {{(pid=109337) log_opt_values /opt/stack/data/venv/lib/python3.12/site-packages/oslo_config/cfg.py:3006}}
Apr 12 17:48:57.717693 np0000165288 nova-scheduler[109337]: DEBUG cotyledon.oslo_config_glue [-] oslo_messaging_rabbit.rabbit_login_method = AMQPLAIN {{(pid=109337) log_opt_values /opt/stack/data/venv/lib/python3.12/site-packages/oslo_config/cfg.py:3006}}
Apr 12 17:48:57.717965 np0000165288 nova-scheduler[109337]: DEBUG cotyledon.oslo_config_glue [-] oslo_messaging_rabbit.rabbit_qos_prefetch_count = 0 {{(pid=109337) log_opt_values /opt/stack/data/venv/lib/python3.12/site-packages/oslo_config/cfg.py:3006}}
Apr 12 17:48:57.717965 np0000165288 nova-scheduler[109337]: DEBUG cotyledon.oslo_config_glue [-] oslo_messaging_rabbit.rabbit_quorum_delivery_limit = 0 {{(pid=109337) log_opt_values /opt/stack/data/venv/lib/python3.12/site-packages/oslo_config/cfg.py:3006}}
Apr 12 17:48:57.717965 np0000165288 nova-scheduler[109337]: DEBUG cotyledon.oslo_config_glue [-] oslo_messaging_rabbit.rabbit_quorum_max_memory_bytes = 0 {{(pid=109337) log_opt_values /opt/stack/data/venv/lib/python3.12/site-packages/oslo_config/cfg.py:3006}}
Apr 12 17:48:57.717965 np0000165288 nova-scheduler[109337]: DEBUG cotyledon.oslo_config_glue [-] oslo_messaging_rabbit.rabbit_quorum_max_memory_length = 0 {{(pid=109337) log_opt_values /opt/stack/data/venv/lib/python3.12/site-packages/oslo_config/cfg.py:3006}}
Apr 12 17:48:57.717965 np0000165288 nova-scheduler[109337]: DEBUG cotyledon.oslo_config_glue [-] oslo_messaging_rabbit.rabbit_quorum_queue = False {{(pid=109337) log_opt_values /opt/stack/data/venv/lib/python3.12/site-packages/oslo_config/cfg.py:3006}}
Apr 12 17:48:57.717965 np0000165288 nova-scheduler[109337]: DEBUG cotyledon.oslo_config_glue [-] oslo_messaging_rabbit.rabbit_retry_backoff = 2 {{(pid=109337) log_opt_values /opt/stack/data/venv/lib/python3.12/site-packages/oslo_config/cfg.py:3006}}
Apr 12 17:48:57.717965 np0000165288 nova-scheduler[109337]: DEBUG cotyledon.oslo_config_glue [-] oslo_messaging_rabbit.rabbit_retry_interval = 1 {{(pid=109337) log_opt_values /opt/stack/data/venv/lib/python3.12/site-packages/oslo_config/cfg.py:3006}}
Apr 12 17:48:57.717965 np0000165288 nova-scheduler[109337]: DEBUG cotyledon.oslo_config_glue [-] oslo_messaging_rabbit.rabbit_stream_fanout = False {{(pid=109337) log_opt_values /opt/stack/data/venv/lib/python3.12/site-packages/oslo_config/cfg.py:3006}}
Apr 12 17:48:57.718234 np0000165288 nova-scheduler[109337]: DEBUG cotyledon.oslo_config_glue [-] oslo_messaging_rabbit.rabbit_transient_queues_ttl = 1800 {{(pid=109337) log_opt_values /opt/stack/data/venv/lib/python3.12/site-packages/oslo_config/cfg.py:3006}}
Apr 12 17:48:57.718234 np0000165288 nova-scheduler[109337]: DEBUG cotyledon.oslo_config_glue [-] oslo_messaging_rabbit.rabbit_transient_quorum_queue = False {{(pid=109337) log_opt_values /opt/stack/data/venv/lib/python3.12/site-packages/oslo_config/cfg.py:3006}}
Apr 12 17:48:57.718234 np0000165288 nova-scheduler[109337]: DEBUG cotyledon.oslo_config_glue [-] oslo_messaging_rabbit.rpc_conn_pool_size = 30 {{(pid=109337) log_opt_values /opt/stack/data/venv/lib/python3.12/site-packages/oslo_config/cfg.py:3006}}
Apr 12 17:48:57.718234 np0000165288 nova-scheduler[109337]: DEBUG cotyledon.oslo_config_glue [-] oslo_messaging_rabbit.ssl = False {{(pid=109337) log_opt_values /opt/stack/data/venv/lib/python3.12/site-packages/oslo_config/cfg.py:3006}}
Apr 12 17:48:57.718234 np0000165288 nova-scheduler[109337]: DEBUG cotyledon.oslo_config_glue [-] oslo_messaging_rabbit.ssl_ca_file = {{(pid=109337) log_opt_values /opt/stack/data/venv/lib/python3.12/site-packages/oslo_config/cfg.py:3006}}
Apr 12 17:48:57.718234 np0000165288 nova-scheduler[109337]: DEBUG cotyledon.oslo_config_glue [-] oslo_messaging_rabbit.ssl_cert_file = {{(pid=109337) log_opt_values /opt/stack/data/venv/lib/python3.12/site-packages/oslo_config/cfg.py:3006}}
Apr 12 17:48:57.718234 np0000165288 nova-scheduler[109337]: DEBUG cotyledon.oslo_config_glue [-] oslo_messaging_rabbit.ssl_enforce_fips_mode = False {{(pid=109337) log_opt_values /opt/stack/data/venv/lib/python3.12/site-packages/oslo_config/cfg.py:3006}}
Apr 12 17:48:57.718234 np0000165288 nova-scheduler[109337]: DEBUG cotyledon.oslo_config_glue [-] oslo_messaging_rabbit.ssl_key_file = {{(pid=109337) log_opt_values /opt/stack/data/venv/lib/python3.12/site-packages/oslo_config/cfg.py:3006}}
Apr 12 17:48:57.718234 np0000165288 nova-scheduler[109337]: DEBUG cotyledon.oslo_config_glue [-] oslo_messaging_rabbit.ssl_version = {{(pid=109337) log_opt_values /opt/stack/data/venv/lib/python3.12/site-packages/oslo_config/cfg.py:3006}}
Apr 12 17:48:57.718576 np0000165288 nova-scheduler[109337]: DEBUG cotyledon.oslo_config_glue [-] oslo_messaging_rabbit.use_queue_manager = False {{(pid=109337) log_opt_values /opt/stack/data/venv/lib/python3.12/site-packages/oslo_config/cfg.py:3006}}
Apr 12 17:48:57.718576 np0000165288 nova-scheduler[109337]: DEBUG cotyledon.oslo_config_glue [-] oslo_messaging_notifications.driver = ['messagingv2'] {{(pid=109337) log_opt_values /opt/stack/data/venv/lib/python3.12/site-packages/oslo_config/cfg.py:3006}}
Apr 12 17:48:57.718576 np0000165288 nova-scheduler[109337]: DEBUG cotyledon.oslo_config_glue [-] oslo_messaging_notifications.retry = -1 {{(pid=109337) log_opt_values /opt/stack/data/venv/lib/python3.12/site-packages/oslo_config/cfg.py:3006}}
Apr 12 17:48:57.718576 np0000165288 nova-scheduler[109337]: DEBUG cotyledon.oslo_config_glue [-] oslo_messaging_notifications.topics = ['notifications'] {{(pid=109337) log_opt_values /opt/stack/data/venv/lib/python3.12/site-packages/oslo_config/cfg.py:3006}}
Apr 12 17:48:57.718576 np0000165288 nova-scheduler[109337]: DEBUG cotyledon.oslo_config_glue [-] oslo_messaging_notifications.transport_url = **** {{(pid=109337) log_opt_values /opt/stack/data/venv/lib/python3.12/site-packages/oslo_config/cfg.py:3006}}
Apr 12 17:48:57.718576 np0000165288 nova-scheduler[109337]: DEBUG cotyledon.oslo_config_glue [-] oslo_limit.auth_section = None {{(pid=109337) log_opt_values /opt/stack/data/venv/lib/python3.12/site-packages/oslo_config/cfg.py:3006}}
Apr 12 17:48:57.718576 np0000165288 nova-scheduler[109337]: DEBUG cotyledon.oslo_config_glue [-] oslo_limit.auth_type = None {{(pid=109337) log_opt_values /opt/stack/data/venv/lib/python3.12/site-packages/oslo_config/cfg.py:3006}}
Apr 12 17:48:57.718576 np0000165288 nova-scheduler[109337]: DEBUG cotyledon.oslo_config_glue [-] oslo_limit.cafile = None {{(pid=109337) log_opt_values /opt/stack/data/venv/lib/python3.12/site-packages/oslo_config/cfg.py:3006}}
Apr 12 17:48:57.718576 np0000165288 nova-scheduler[109337]: DEBUG cotyledon.oslo_config_glue [-] oslo_limit.certfile = None {{(pid=109337) log_opt_values /opt/stack/data/venv/lib/python3.12/site-packages/oslo_config/cfg.py:3006}}
Apr 12 17:48:57.718954 np0000165288 nova-scheduler[109337]: DEBUG cotyledon.oslo_config_glue [-] oslo_limit.collect_timing = False {{(pid=109337) log_opt_values /opt/stack/data/venv/lib/python3.12/site-packages/oslo_config/cfg.py:3006}}
Apr 12 17:48:57.718954 np0000165288 nova-scheduler[109337]: DEBUG cotyledon.oslo_config_glue [-] oslo_limit.connect_retries = None {{(pid=109337) log_opt_values /opt/stack/data/venv/lib/python3.12/site-packages/oslo_config/cfg.py:3006}}
Apr 12 17:48:57.718954 np0000165288 nova-scheduler[109337]: DEBUG cotyledon.oslo_config_glue [-] oslo_limit.connect_retry_delay = None {{(pid=109337) log_opt_values /opt/stack/data/venv/lib/python3.12/site-packages/oslo_config/cfg.py:3006}}
Apr 12 17:48:57.718954 np0000165288 nova-scheduler[109337]: DEBUG cotyledon.oslo_config_glue [-] oslo_limit.endpoint_id = None {{(pid=109337) log_opt_values /opt/stack/data/venv/lib/python3.12/site-packages/oslo_config/cfg.py:3006}}
Apr 12 17:48:57.718954 np0000165288 nova-scheduler[109337]: DEBUG cotyledon.oslo_config_glue [-] oslo_limit.endpoint_interface = public {{(pid=109337) log_opt_values /opt/stack/data/venv/lib/python3.12/site-packages/oslo_config/cfg.py:3006}}
Apr 12 17:48:57.718954 np0000165288 nova-scheduler[109337]: DEBUG cotyledon.oslo_config_glue [-] oslo_limit.endpoint_override = None {{(pid=109337) log_opt_values /opt/stack/data/venv/lib/python3.12/site-packages/oslo_config/cfg.py:3006}}
Apr 12 17:48:57.718954 np0000165288 nova-scheduler[109337]: DEBUG cotyledon.oslo_config_glue [-] oslo_limit.endpoint_region_name = None {{(pid=109337) log_opt_values /opt/stack/data/venv/lib/python3.12/site-packages/oslo_config/cfg.py:3006}}
Apr 12 17:48:57.718954 np0000165288 nova-scheduler[109337]: DEBUG cotyledon.oslo_config_glue [-] oslo_limit.endpoint_service_name = None {{(pid=109337) log_opt_values /opt/stack/data/venv/lib/python3.12/site-packages/oslo_config/cfg.py:3006}}
Apr 12 17:48:57.718954 np0000165288 nova-scheduler[109337]: DEBUG cotyledon.oslo_config_glue [-] oslo_limit.endpoint_service_type = None {{(pid=109337) log_opt_values /opt/stack/data/venv/lib/python3.12/site-packages/oslo_config/cfg.py:3006}}
Apr 12 17:48:57.719299 np0000165288 nova-scheduler[109337]: DEBUG cotyledon.oslo_config_glue [-] oslo_limit.insecure = False {{(pid=109337) log_opt_values /opt/stack/data/venv/lib/python3.12/site-packages/oslo_config/cfg.py:3006}}
Apr 12 17:48:57.719299 np0000165288 nova-scheduler[109337]: DEBUG cotyledon.oslo_config_glue [-] oslo_limit.keyfile = None {{(pid=109337) log_opt_values /opt/stack/data/venv/lib/python3.12/site-packages/oslo_config/cfg.py:3006}}
Apr 12 17:48:57.719299 np0000165288 nova-scheduler[109337]: DEBUG cotyledon.oslo_config_glue [-] oslo_limit.max_version = None {{(pid=109337) log_opt_values /opt/stack/data/venv/lib/python3.12/site-packages/oslo_config/cfg.py:3006}}
Apr 12 17:48:57.719299 np0000165288 nova-scheduler[109337]: DEBUG cotyledon.oslo_config_glue [-] oslo_limit.min_version = None {{(pid=109337) log_opt_values /opt/stack/data/venv/lib/python3.12/site-packages/oslo_config/cfg.py:3006}}
Apr 12 17:48:57.719299 np0000165288 nova-scheduler[109337]: DEBUG cotyledon.oslo_config_glue [-] oslo_limit.region_name = None {{(pid=109337) log_opt_values /opt/stack/data/venv/lib/python3.12/site-packages/oslo_config/cfg.py:3006}}
Apr 12 17:48:57.719299 np0000165288 nova-scheduler[109337]: DEBUG cotyledon.oslo_config_glue [-] oslo_limit.retriable_status_codes = None {{(pid=109337) log_opt_values /opt/stack/data/venv/lib/python3.12/site-packages/oslo_config/cfg.py:3006}}
Apr 12 17:48:57.719299 np0000165288 nova-scheduler[109337]: DEBUG cotyledon.oslo_config_glue [-] oslo_limit.service_name = None {{(pid=109337) log_opt_values /opt/stack/data/venv/lib/python3.12/site-packages/oslo_config/cfg.py:3006}}
Apr 12 17:48:57.719299 np0000165288 nova-scheduler[109337]: DEBUG cotyledon.oslo_config_glue [-] oslo_limit.service_type = None {{(pid=109337) log_opt_values /opt/stack/data/venv/lib/python3.12/site-packages/oslo_config/cfg.py:3006}}
Apr 12 17:48:57.719299 np0000165288 nova-scheduler[109337]: DEBUG cotyledon.oslo_config_glue [-] oslo_limit.split_loggers = False {{(pid=109337) log_opt_values /opt/stack/data/venv/lib/python3.12/site-packages/oslo_config/cfg.py:3006}}
Apr 12 17:48:57.719681 np0000165288 nova-scheduler[109337]: DEBUG cotyledon.oslo_config_glue [-] oslo_limit.status_code_retries = None {{(pid=109337) log_opt_values /opt/stack/data/venv/lib/python3.12/site-packages/oslo_config/cfg.py:3006}}
Apr 12 17:48:57.719681 np0000165288 nova-scheduler[109337]: DEBUG cotyledon.oslo_config_glue [-] oslo_limit.status_code_retry_delay = None {{(pid=109337) log_opt_values /opt/stack/data/venv/lib/python3.12/site-packages/oslo_config/cfg.py:3006}}
Apr 12 17:48:57.719681 np0000165288 nova-scheduler[109337]: DEBUG cotyledon.oslo_config_glue [-] oslo_limit.timeout = None {{(pid=109337) log_opt_values /opt/stack/data/venv/lib/python3.12/site-packages/oslo_config/cfg.py:3006}}
Apr 12 17:48:57.719681 np0000165288 nova-scheduler[109337]: DEBUG cotyledon.oslo_config_glue [-] oslo_limit.valid_interfaces = None {{(pid=109337) log_opt_values /opt/stack/data/venv/lib/python3.12/site-packages/oslo_config/cfg.py:3006}}
Apr 12 17:48:57.719681 np0000165288 nova-scheduler[109337]: DEBUG cotyledon.oslo_config_glue [-] oslo_limit.version = None {{(pid=109337) log_opt_values /opt/stack/data/venv/lib/python3.12/site-packages/oslo_config/cfg.py:3006}}
Apr 12 17:48:57.719681 np0000165288 nova-scheduler[109337]: DEBUG cotyledon.oslo_config_glue [-] oslo_reports.file_event_handler = None {{(pid=109337) log_opt_values /opt/stack/data/venv/lib/python3.12/site-packages/oslo_config/cfg.py:3006}}
Apr 12 17:48:57.719681 np0000165288 nova-scheduler[109337]: DEBUG cotyledon.oslo_config_glue [-] oslo_reports.file_event_handler_interval = 1 {{(pid=109337) log_opt_values /opt/stack/data/venv/lib/python3.12/site-packages/oslo_config/cfg.py:3006}}
Apr 12 17:48:57.719681 np0000165288 nova-scheduler[109337]: DEBUG cotyledon.oslo_config_glue [-] oslo_reports.log_dir = None {{(pid=109337) log_opt_values /opt/stack/data/venv/lib/python3.12/site-packages/oslo_config/cfg.py:3006}}
Apr 12 17:48:57.719681 np0000165288 nova-scheduler[109337]: DEBUG cotyledon.oslo_config_glue [-] ******************************************************************************** {{(pid=109337) log_opt_values /opt/stack/data/venv/lib/python3.12/site-packages/oslo_config/cfg.py:3013}}
Apr 12 17:48:57.719984 np0000165288 nova-scheduler[109337]: DEBUG cotyledon._service_worker [-] Run service ServiceWrapper(3) [109337] {{(pid=109337) wait_forever /opt/stack/data/venv/lib/python3.12/site-packages/cotyledon/_service_worker.py:218}}
Apr 12 17:48:57.719984 np0000165288 nova-scheduler[109337]: INFO nova.service [-] Starting scheduler node (version 33.1.0)
Apr 12 17:48:57.719984 np0000165288 nova-scheduler[109337]: INFO dbcounter [None req-77bf25c6-f51d-4228-a251-3f151be9e887 None None] Registered counter for database nova_cell0
Apr 12 17:48:57.720089 np0000165288 nova-scheduler[109329]: DEBUG dbcounter [-] [109329] Writer thread running {{(pid=109329) stat_writer /opt/stack/data/venv/lib/python3.12/site-packages/dbcounter.py:102}}
Apr 12 17:48:57.720132 np0000165288 nova-scheduler[109314]: DEBUG nova.service [None req-c74d9ff4-4d63-412d-9fc3-921ff33559dc None None] Creating RPC server for service: nova-scheduler on topic: scheduler {{(pid=109314) start /opt/stack/nova/nova/service.py:195}}
Apr 12 17:48:57.720183 np0000165288 nova-scheduler[109337]: DEBUG oslo_db.sqlalchemy.engines [None req-77bf25c6-f51d-4228-a251-3f151be9e887 None None] MySQL server mode set to STRICT_TRANS_TABLES,STRICT_ALL_TABLES,NO_ZERO_IN_DATE,NO_ZERO_DATE,ERROR_FOR_DIVISION_BY_ZERO,TRADITIONAL,NO_ENGINE_SUBSTITUTION {{(pid=109337) _check_effective_sql_mode /opt/stack/data/venv/lib/python3.12/site-packages/oslo_db/sqlalchemy/engines.py:325}}
Apr 12 17:48:57.721484 np0000165288 nova-scheduler[109320]: DEBUG nova.service [None req-a41d9a80-a784-42ff-b035-b742b932f8f7 None None] Creating RPC server for service: nova-scheduler on topic: scheduler {{(pid=109320) start /opt/stack/nova/nova/service.py:195}}
Apr 12 17:48:57.723815 np0000165288 nova-scheduler[109337]: DEBUG dbcounter [-] [109337] Writer thread running {{(pid=109337) stat_writer /opt/stack/data/venv/lib/python3.12/site-packages/dbcounter.py:102}}
Apr 12 17:48:57.726651 np0000165288 nova-scheduler[109337]: DEBUG nova.service [None req-77bf25c6-f51d-4228-a251-3f151be9e887 None None] Creating RPC server for service: nova-scheduler on topic: scheduler {{(pid=109337) start /opt/stack/nova/nova/service.py:195}}
Apr 12 17:48:57.731770 np0000165288 nova-scheduler[109329]: DEBUG nova.service [None req-4f91f8d0-475c-4318-88c9-fecbb2fb4391 None None] Creating RPC server for service: nova-scheduler on topic: scheduler {{(pid=109329) start /opt/stack/nova/nova/service.py:195}}
Apr 12 17:48:57.751623 np0000165288 nova-scheduler[109320]: DEBUG nova.service [None req-a41d9a80-a784-42ff-b035-b742b932f8f7 None None] Join ServiceGroup membership for this service scheduler {{(pid=109320) start /opt/stack/nova/nova/service.py:221}}
Apr 12 17:48:57.751801 np0000165288 nova-scheduler[109320]: DEBUG nova.servicegroup.drivers.db [None req-a41d9a80-a784-42ff-b035-b742b932f8f7 None None] DB_Driver: join new ServiceGroup member np0000165288 to the scheduler group, service = {{(pid=109320) join /opt/stack/nova/nova/servicegroup/drivers/db.py:44}}
Apr 12 17:48:57.755935 np0000165288 nova-scheduler[109329]: DEBUG nova.service [None req-4f91f8d0-475c-4318-88c9-fecbb2fb4391 None None] Join ServiceGroup membership for this service scheduler {{(pid=109329) start /opt/stack/nova/nova/service.py:221}}
Apr 12 17:48:57.756168 np0000165288 nova-scheduler[109314]: DEBUG nova.service [None req-c74d9ff4-4d63-412d-9fc3-921ff33559dc None None] Join ServiceGroup membership for this service scheduler {{(pid=109314) start /opt/stack/nova/nova/service.py:221}}
Apr 12 17:48:57.756241 np0000165288 nova-scheduler[109329]: DEBUG nova.servicegroup.drivers.db [None req-4f91f8d0-475c-4318-88c9-fecbb2fb4391 None None] DB_Driver: join new ServiceGroup member np0000165288 to the scheduler group, service = {{(pid=109329) join /opt/stack/nova/nova/servicegroup/drivers/db.py:44}}
Apr 12 17:48:57.756700 np0000165288 nova-scheduler[109314]: DEBUG nova.servicegroup.drivers.db [None req-c74d9ff4-4d63-412d-9fc3-921ff33559dc None None] DB_Driver: join new ServiceGroup member np0000165288 to the scheduler group, service = {{(pid=109314) join /opt/stack/nova/nova/servicegroup/drivers/db.py:44}}
Apr 12 17:48:57.759024 np0000165288 nova-scheduler[109337]: DEBUG nova.service [None req-77bf25c6-f51d-4228-a251-3f151be9e887 None None] Join ServiceGroup membership for this service scheduler {{(pid=109337) start /opt/stack/nova/nova/service.py:221}}
Apr 12 17:48:57.759382 np0000165288 nova-scheduler[109337]: DEBUG nova.servicegroup.drivers.db [None req-77bf25c6-f51d-4228-a251-3f151be9e887 None None] DB_Driver: join new ServiceGroup member np0000165288 to the scheduler group, service = {{(pid=109337) join /opt/stack/nova/nova/servicegroup/drivers/db.py:44}}
Apr 12 17:49:01.759003 np0000165288 nova-scheduler[109329]: DEBUG oslo.service.backend._threading.loopingcall [None req-6af271e7-99b3-48dc-ade6-373e2c3837da None None] Dynamic interval looping call 'nova.service.Service.periodic_tasks' sleeping for 60.00 seconds {{(pid=109329) _run_loop /opt/stack/data/venv/lib/python3.12/site-packages/oslo_service/backend/_threading/loopingcall.py:125}}
Apr 12 17:49:02.773375 np0000165288 nova-scheduler[109320]: DEBUG oslo.service.backend._threading.loopingcall [-] Fixed interval looping call 'nova.servicegroup.drivers.db.DbDriver._report_state' sleeping for 119.98 seconds {{(pid=109320) _run_loop /opt/stack/data/venv/lib/python3.12/site-packages/oslo_service/backend/_threading/loopingcall.py:125}}
Apr 12 17:49:02.774663 np0000165288 nova-scheduler[109314]: DEBUG oslo.service.backend._threading.loopingcall [-] Fixed interval looping call 'nova.servicegroup.drivers.db.DbDriver._report_state' sleeping for 119.98 seconds {{(pid=109314) _run_loop /opt/stack/data/venv/lib/python3.12/site-packages/oslo_service/backend/_threading/loopingcall.py:125}}
Apr 12 17:49:02.775089 np0000165288 nova-scheduler[109329]: DEBUG oslo.service.backend._threading.loopingcall [-] Fixed interval looping call 'nova.servicegroup.drivers.db.DbDriver._report_state' sleeping for 119.98 seconds {{(pid=109329) _run_loop /opt/stack/data/venv/lib/python3.12/site-packages/oslo_service/backend/_threading/loopingcall.py:125}}
Apr 12 17:49:02.776147 np0000165288 nova-scheduler[109337]: DEBUG oslo.service.backend._threading.loopingcall [-] Fixed interval looping call 'nova.servicegroup.drivers.db.DbDriver._report_state' sleeping for 119.99 seconds {{(pid=109337) _run_loop /opt/stack/data/venv/lib/python3.12/site-packages/oslo_service/backend/_threading/loopingcall.py:125}}
Apr 12 17:49:06.338117 np0000165288 nova-scheduler[108557]: DEBUG dbcounter [-] [108557] Writing DB stats nova_api:SELECT=3 {{(pid=108557) stat_writer /opt/stack/data/venv/lib/python3.12/site-packages/dbcounter.py:115}}
Apr 12 17:49:06.445100 np0000165288 nova-scheduler[108557]: DEBUG dbcounter [-] [108557] Writing DB stats nova_cell0:SELECT=1 {{(pid=108557) stat_writer /opt/stack/data/venv/lib/python3.12/site-packages/dbcounter.py:115}}
Apr 12 17:49:06.446115 np0000165288 nova-scheduler[108557]: DEBUG dbcounter [-] [108557] Writing DB stats nova_cell1:SELECT=1 {{(pid=108557) stat_writer /opt/stack/data/venv/lib/python3.12/site-packages/dbcounter.py:115}}
Apr 12 17:49:08.756326 np0000165288 nova-scheduler[109320]: DEBUG oslo.service.backend._threading.loopingcall [None req-3fc81c68-b51d-4dfa-9c26-e6774453c248 None None] Dynamic interval looping call 'nova.service.Service.periodic_tasks' sleeping for 60.00 seconds {{(pid=109320) _run_loop /opt/stack/data/venv/lib/python3.12/site-packages/oslo_service/backend/_threading/loopingcall.py:125}}
Apr 12 17:49:12.765845 np0000165288 nova-scheduler[109320]: DEBUG dbcounter [-] [109320] Writing DB stats nova_cell0:SELECT=5,nova_cell0:INSERT=1,nova_cell0:UPDATE=1 {{(pid=109320) stat_writer /opt/stack/data/venv/lib/python3.12/site-packages/dbcounter.py:115}}
Apr 12 17:49:12.769410 np0000165288 nova-scheduler[109329]: DEBUG dbcounter [-] [109329] Writing DB stats nova_cell0:SELECT=4,nova_cell0:INSERT=1,nova_cell0:UPDATE=1 {{(pid=109329) stat_writer /opt/stack/data/venv/lib/python3.12/site-packages/dbcounter.py:115}}
Apr 12 17:49:12.773297 np0000165288 nova-scheduler[109314]: DEBUG dbcounter [-] [109314] Writing DB stats nova_cell0:SELECT=4,nova_cell0:INSERT=1,nova_cell0:UPDATE=1 {{(pid=109314) stat_writer /opt/stack/data/venv/lib/python3.12/site-packages/dbcounter.py:115}}
Apr 12 17:49:12.775100 np0000165288 nova-scheduler[109337]: DEBUG dbcounter [-] [109337] Writing DB stats nova_cell0:SELECT=3,nova_cell0:UPDATE=1 {{(pid=109337) stat_writer /opt/stack/data/venv/lib/python3.12/site-packages/dbcounter.py:115}}
Apr 12 17:49:39.762309 np0000165288 nova-scheduler[109337]: DEBUG oslo.service.backend._threading.loopingcall [None req-8a0e6a11-3bb1-4f79-8510-f8acd2292480 None None] Dynamic interval looping call 'nova.service.Service.periodic_tasks' sleeping for 60.00 seconds {{(pid=109337) _run_loop /opt/stack/data/venv/lib/python3.12/site-packages/oslo_service/backend/_threading/loopingcall.py:125}}
Apr 12 17:49:44.760361 np0000165288 nova-scheduler[109314]: DEBUG oslo.service.backend._threading.loopingcall [None req-3adb9827-d157-4d6a-ba88-bb705ad959a0 None None] Dynamic interval looping call 'nova.service.Service.periodic_tasks' sleeping for 60.00 seconds {{(pid=109314) _run_loop /opt/stack/data/venv/lib/python3.12/site-packages/oslo_service/backend/_threading/loopingcall.py:125}}
Apr 12 17:50:01.759835 np0000165288 nova-scheduler[109329]: DEBUG oslo.service.backend._threading.loopingcall [None req-6af271e7-99b3-48dc-ade6-373e2c3837da None None] Dynamic interval looping call 'nova.service.Service.periodic_tasks' sleeping for 60.00 seconds {{(pid=109329) _run_loop /opt/stack/data/venv/lib/python3.12/site-packages/oslo_service/backend/_threading/loopingcall.py:125}}
Apr 12 17:50:08.756701 np0000165288 nova-scheduler[109320]: DEBUG oslo.service.backend._threading.loopingcall [None req-3fc81c68-b51d-4dfa-9c26-e6774453c248 None None] Dynamic interval looping call 'nova.service.Service.periodic_tasks' sleeping for 60.00 seconds {{(pid=109320) _run_loop /opt/stack/data/venv/lib/python3.12/site-packages/oslo_service/backend/_threading/loopingcall.py:125}}
Apr 12 17:50:39.762949 np0000165288 nova-scheduler[109337]: DEBUG oslo.service.backend._threading.loopingcall [None req-8a0e6a11-3bb1-4f79-8510-f8acd2292480 None None] Dynamic interval looping call 'nova.service.Service.periodic_tasks' sleeping for 60.00 seconds {{(pid=109337) _run_loop /opt/stack/data/venv/lib/python3.12/site-packages/oslo_service/backend/_threading/loopingcall.py:125}}
Apr 12 17:50:44.761297 np0000165288 nova-scheduler[109314]: DEBUG oslo.service.backend._threading.loopingcall [None req-3adb9827-d157-4d6a-ba88-bb705ad959a0 None None] Dynamic interval looping call 'nova.service.Service.periodic_tasks' sleeping for 60.00 seconds {{(pid=109314) _run_loop /opt/stack/data/venv/lib/python3.12/site-packages/oslo_service/backend/_threading/loopingcall.py:125}}
Apr 12 17:51:01.760558 np0000165288 nova-scheduler[109329]: DEBUG oslo.service.backend._threading.loopingcall [None req-6af271e7-99b3-48dc-ade6-373e2c3837da None None] Dynamic interval looping call 'nova.service.Service.periodic_tasks' sleeping for 60.00 seconds {{(pid=109329) _run_loop /opt/stack/data/venv/lib/python3.12/site-packages/oslo_service/backend/_threading/loopingcall.py:125}}
Apr 12 17:51:02.765042 np0000165288 nova-scheduler[109320]: DEBUG oslo.service.backend._threading.loopingcall [-] Fixed interval looping call 'nova.servicegroup.drivers.db.DbDriver._report_state' sleeping for 119.99 seconds {{(pid=109320) _run_loop /opt/stack/data/venv/lib/python3.12/site-packages/oslo_service/backend/_threading/loopingcall.py:125}}
Apr 12 17:51:02.765579 np0000165288 nova-scheduler[109314]: DEBUG oslo.service.backend._threading.loopingcall [-] Fixed interval looping call 'nova.servicegroup.drivers.db.DbDriver._report_state' sleeping for 119.99 seconds {{(pid=109314) _run_loop /opt/stack/data/venv/lib/python3.12/site-packages/oslo_service/backend/_threading/loopingcall.py:125}}
Apr 12 17:51:02.766305 np0000165288 nova-scheduler[109329]: DEBUG oslo.service.backend._threading.loopingcall [-] Fixed interval looping call 'nova.servicegroup.drivers.db.DbDriver._report_state' sleeping for 119.99 seconds {{(pid=109329) _run_loop /opt/stack/data/venv/lib/python3.12/site-packages/oslo_service/backend/_threading/loopingcall.py:125}}
Apr 12 17:51:02.772731 np0000165288 nova-scheduler[109337]: DEBUG oslo.service.backend._threading.loopingcall [-] Fixed interval looping call 'nova.servicegroup.drivers.db.DbDriver._report_state' sleeping for 119.99 seconds {{(pid=109337) _run_loop /opt/stack/data/venv/lib/python3.12/site-packages/oslo_service/backend/_threading/loopingcall.py:125}}
Apr 12 17:51:08.757415 np0000165288 nova-scheduler[109320]: DEBUG oslo.service.backend._threading.loopingcall [None req-3fc81c68-b51d-4dfa-9c26-e6774453c248 None None] Dynamic interval looping call 'nova.service.Service.periodic_tasks' sleeping for 60.00 seconds {{(pid=109320) _run_loop /opt/stack/data/venv/lib/python3.12/site-packages/oslo_service/backend/_threading/loopingcall.py:125}}
Apr 12 17:51:12.759593 np0000165288 nova-scheduler[109320]: DEBUG dbcounter [-] [109320] Writing DB stats nova_cell0:SELECT=1,nova_cell0:UPDATE=1 {{(pid=109320) stat_writer /opt/stack/data/venv/lib/python3.12/site-packages/dbcounter.py:115}}
Apr 12 17:51:12.760296 np0000165288 nova-scheduler[109314]: DEBUG dbcounter [-] [109314] Writing DB stats nova_cell0:SELECT=1,nova_cell0:UPDATE=1 {{(pid=109314) stat_writer /opt/stack/data/venv/lib/python3.12/site-packages/dbcounter.py:115}}
Apr 12 17:51:12.760975 np0000165288 nova-scheduler[109329]: DEBUG dbcounter [-] [109329] Writing DB stats nova_cell0:SELECT=1,nova_cell0:UPDATE=1 {{(pid=109329) stat_writer /opt/stack/data/venv/lib/python3.12/site-packages/dbcounter.py:115}}
Apr 12 17:51:12.769257 np0000165288 nova-scheduler[109337]: DEBUG dbcounter [-] [109337] Writing DB stats nova_cell0:SELECT=1 {{(pid=109337) stat_writer /opt/stack/data/venv/lib/python3.12/site-packages/dbcounter.py:115}}
Apr 12 17:51:39.763676 np0000165288 nova-scheduler[109337]: DEBUG oslo.service.backend._threading.loopingcall [None req-8a0e6a11-3bb1-4f79-8510-f8acd2292480 None None] Dynamic interval looping call 'nova.service.Service.periodic_tasks' sleeping for 60.00 seconds {{(pid=109337) _run_loop /opt/stack/data/venv/lib/python3.12/site-packages/oslo_service/backend/_threading/loopingcall.py:125}}
Apr 12 17:51:44.763623 np0000165288 nova-scheduler[109314]: DEBUG oslo.service.backend._threading.loopingcall [None req-3adb9827-d157-4d6a-ba88-bb705ad959a0 None None] Dynamic interval looping call 'nova.service.Service.periodic_tasks' sleeping for 60.00 seconds {{(pid=109314) _run_loop /opt/stack/data/venv/lib/python3.12/site-packages/oslo_service/backend/_threading/loopingcall.py:125}}
Apr 12 17:52:01.762302 np0000165288 nova-scheduler[109329]: DEBUG oslo.service.backend._threading.loopingcall [None req-6af271e7-99b3-48dc-ade6-373e2c3837da None None] Dynamic interval looping call 'nova.service.Service.periodic_tasks' sleeping for 60.00 seconds {{(pid=109329) _run_loop /opt/stack/data/venv/lib/python3.12/site-packages/oslo_service/backend/_threading/loopingcall.py:125}}
Apr 12 17:52:08.758262 np0000165288 nova-scheduler[109320]: DEBUG oslo.service.backend._threading.loopingcall [None req-3fc81c68-b51d-4dfa-9c26-e6774453c248 None None] Dynamic interval looping call 'nova.service.Service.periodic_tasks' sleeping for 60.00 seconds {{(pid=109320) _run_loop /opt/stack/data/venv/lib/python3.12/site-packages/oslo_service/backend/_threading/loopingcall.py:125}}
Apr 12 17:52:39.764481 np0000165288 nova-scheduler[109337]: DEBUG oslo.service.backend._threading.loopingcall [None req-8a0e6a11-3bb1-4f79-8510-f8acd2292480 None None] Dynamic interval looping call 'nova.service.Service.periodic_tasks' sleeping for 60.00 seconds {{(pid=109337) _run_loop /opt/stack/data/venv/lib/python3.12/site-packages/oslo_service/backend/_threading/loopingcall.py:125}}
Apr 12 17:52:44.765112 np0000165288 nova-scheduler[109314]: DEBUG oslo.service.backend._threading.loopingcall [None req-3adb9827-d157-4d6a-ba88-bb705ad959a0 None None] Dynamic interval looping call 'nova.service.Service.periodic_tasks' sleeping for 60.00 seconds {{(pid=109314) _run_loop /opt/stack/data/venv/lib/python3.12/site-packages/oslo_service/backend/_threading/loopingcall.py:125}}
Apr 12 17:52:53.418433 np0000165288 nova-scheduler[109320]: DEBUG nova.scheduler.manager [None req-7799ff3b-cbab-436d-8646-e1c4e648d4c3 demo demo] Starting to schedule for instances: ['01641212-df7f-4864-9c5a-cc6c07dfebc6'] {{(pid=109320) select_destinations /opt/stack/nova/nova/scheduler/manager.py:210}}
Apr 12 17:52:53.422847 np0000165288 nova-scheduler[109320]: DEBUG oslo_db.sqlalchemy.engines [None req-7799ff3b-cbab-436d-8646-e1c4e648d4c3 demo demo] Parent process 108557 forked (109320) with an open database connection, which is being discarded and recreated. {{(pid=109320) checkout /opt/stack/data/venv/lib/python3.12/site-packages/oslo_db/sqlalchemy/engines.py:402}}
Apr 12 17:52:53.429788 np0000165288 nova-scheduler[109320]: DEBUG dbcounter [-] [109320] Writer thread running {{(pid=109320) stat_writer /opt/stack/data/venv/lib/python3.12/site-packages/dbcounter.py:102}}
Apr 12 17:52:53.432474 np0000165288 nova-scheduler[109320]: DEBUG nova.scheduler.request_filter [None req-7799ff3b-cbab-436d-8646-e1c4e648d4c3 demo demo] Request filter 'map_az_to_placement_aggregate' took 0.0 seconds {{(pid=109320) wrapper /opt/stack/nova/nova/scheduler/request_filter.py:46}}
Apr 12 17:52:53.432854 np0000165288 nova-scheduler[109320]: DEBUG nova.scheduler.request_filter [None req-7799ff3b-cbab-436d-8646-e1c4e648d4c3 demo demo] compute_status_filter request filter added forbidden trait COMPUTE_STATUS_DISABLED {{(pid=109320) compute_status_filter /opt/stack/nova/nova/scheduler/request_filter.py:253}}
Apr 12 17:52:53.433027 np0000165288 nova-scheduler[109320]: DEBUG nova.scheduler.request_filter [None req-7799ff3b-cbab-436d-8646-e1c4e648d4c3 demo demo] Request filter 'compute_status_filter' took 0.0 seconds {{(pid=109320) wrapper /opt/stack/nova/nova/scheduler/request_filter.py:46}}
Apr 12 17:52:53.433262 np0000165288 nova-scheduler[109320]: DEBUG nova.scheduler.request_filter [None req-7799ff3b-cbab-436d-8646-e1c4e648d4c3 demo demo] Request filter 'accelerators_filter' took 0.0 seconds {{(pid=109320) wrapper /opt/stack/nova/nova/scheduler/request_filter.py:46}}
