Apr 12 17:49:28.604451 np0000165288 devstack@g-api.service[116047]: INFO glance.image_cache [None req-505b77e8-a313-483e-be29-2e753ecc7fa2 None None] Image cache loaded driver 'centralized_db'.
Apr 12 17:49:28.608447 np0000165288 devstack@g-api.service[116045]: DEBUG glance.image_cache.drivers.centralized_db [None req-951212a7-5c54-4d6b-a581-37cfd0da9086 None None] Node reference is already recorded, ignoring it {{(pid=116045) configure /opt/stack/glance/glance/image_cache/drivers/centralized_db.py:71}}
Apr 12 17:49:28.609183 np0000165288 devstack@g-api.service[116048]: DEBUG glance.image_cache.drivers.centralized_db [None req-c7f3f3f4-3fbf-4a70-81e8-592530ec6f1e None None] Node reference is already recorded, ignoring it {{(pid=116048) configure /opt/stack/glance/glance/image_cache/drivers/centralized_db.py:71}}
Apr 12 17:49:28.611496 np0000165288 devstack@g-api.service[116047]: DEBUG glance.image_cache.drivers.centralized_db [None req-505b77e8-a313-483e-be29-2e753ecc7fa2 None None] Node reference is already recorded, ignoring it {{(pid=116047) configure /opt/stack/glance/glance/image_cache/drivers/centralized_db.py:71}}
Apr 12 17:49:28.613361 np0000165288 devstack@g-api.service[116045]: DEBUG glance.api.v2.cached_images [None req-951212a7-5c54-4d6b-a581-37cfd0da9086 None None] Started cache worker thread {{(pid=116045) __init__ /opt/stack/glance/glance/api/v2/cached_images.py:69}}
Apr 12 17:49:28.613820 np0000165288 devstack@g-api.service[116045]: INFO glance.image_cache [None req-951212a7-5c54-4d6b-a581-37cfd0da9086 None None] Image cache loaded driver 'centralized_db'.
Apr 12 17:49:28.615573 np0000165288 devstack@g-api.service[116048]: DEBUG glance.api.v2.cached_images [None req-c7f3f3f4-3fbf-4a70-81e8-592530ec6f1e None None] Started cache worker thread {{(pid=116048) __init__ /opt/stack/glance/glance/api/v2/cached_images.py:69}}
Apr 12 17:49:28.616193 np0000165288 devstack@g-api.service[116048]: INFO glance.image_cache [None req-c7f3f3f4-3fbf-4a70-81e8-592530ec6f1e None None] Image cache loaded driver 'centralized_db'.
Apr 12 17:49:28.616290 np0000165288 devstack@g-api.service[116047]: INFO glance.api.middleware.cache_manage [None req-505b77e8-a313-483e-be29-2e753ecc7fa2 None None] Initialized image cache management middleware
Apr 12 17:49:28.616357 np0000165288 devstack@g-api.service[116047]: INFO glance.image_cache [None req-505b77e8-a313-483e-be29-2e753ecc7fa2 None None] Image cache loaded driver 'centralized_db'.
Apr 12 17:49:28.622874 np0000165288 devstack@g-api.service[116045]: DEBUG glance.image_cache.drivers.centralized_db [None req-951212a7-5c54-4d6b-a581-37cfd0da9086 None None] Node reference is already recorded, ignoring it {{(pid=116045) configure /opt/stack/glance/glance/image_cache/drivers/centralized_db.py:71}}
Apr 12 17:49:28.624841 np0000165288 devstack@g-api.service[116047]: DEBUG glance.image_cache.drivers.centralized_db [None req-505b77e8-a313-483e-be29-2e753ecc7fa2 None None] Node reference is already recorded, ignoring it {{(pid=116047) configure /opt/stack/glance/glance/image_cache/drivers/centralized_db.py:71}}
Apr 12 17:49:28.626805 np0000165288 devstack@g-api.service[116048]: DEBUG glance.image_cache.drivers.centralized_db [None req-c7f3f3f4-3fbf-4a70-81e8-592530ec6f1e None None] Node reference is already recorded, ignoring it {{(pid=116048) configure /opt/stack/glance/glance/image_cache/drivers/centralized_db.py:71}}
Apr 12 17:49:28.628689 np0000165288 devstack@g-api.service[116047]: INFO glance.api.middleware.cache [None req-505b77e8-a313-483e-be29-2e753ecc7fa2 None None] Initialized image cache middleware
Apr 12 17:49:28.629314 np0000165288 devstack@g-api.service[116045]: INFO glance.api.middleware.cache_manage [None req-951212a7-5c54-4d6b-a581-37cfd0da9086 None None] Initialized image cache management middleware
Apr 12 17:49:28.629465 np0000165288 devstack@g-api.service[116045]: INFO glance.image_cache [None req-951212a7-5c54-4d6b-a581-37cfd0da9086 None None] Image cache loaded driver 'centralized_db'.
Apr 12 17:49:28.631430 np0000165288 devstack@g-api.service[116048]: INFO glance.api.middleware.cache_manage [None req-c7f3f3f4-3fbf-4a70-81e8-592530ec6f1e None None] Initialized image cache management middleware
Apr 12 17:49:28.631630 np0000165288 devstack@g-api.service[116048]: INFO glance.image_cache [None req-c7f3f3f4-3fbf-4a70-81e8-592530ec6f1e None None] Image cache loaded driver 'centralized_db'.
Apr 12 17:49:28.634665 np0000165288 devstack@g-api.service[116047]: WARNING keystonemiddleware.auth_token [None req-505b77e8-a313-483e-be29-2e753ecc7fa2 None None] AuthToken middleware is set with keystone_authtoken.service_token_roles_required set to False. This is backwards compatible but deprecated behaviour. Please set this to True.
Apr 12 17:49:28.639171 np0000165288 devstack@g-api.service[116045]: DEBUG glance.image_cache.drivers.centralized_db [None req-951212a7-5c54-4d6b-a581-37cfd0da9086 None None] Node reference is already recorded, ignoring it {{(pid=116045) configure /opt/stack/glance/glance/image_cache/drivers/centralized_db.py:71}}
Apr 12 17:49:28.640146 np0000165288 devstack@g-api.service[116047]: DEBUG glance.common.config [None req-505b77e8-a313-483e-be29-2e753ecc7fa2 None None] ******************************************************************************** {{(pid=116047) log_opt_values /opt/stack/data/venv/lib/python3.12/site-packages/oslo_config/cfg.py:2979}}
Apr 12 17:49:28.640272 np0000165288 devstack@g-api.service[116047]: DEBUG glance.common.config [None req-505b77e8-a313-483e-be29-2e753ecc7fa2 None None] Configuration options gathered from: {{(pid=116047) log_opt_values /opt/stack/data/venv/lib/python3.12/site-packages/oslo_config/cfg.py:2980}}
Apr 12 17:49:28.640478 np0000165288 devstack@g-api.service[116047]: DEBUG glance.common.config [None req-505b77e8-a313-483e-be29-2e753ecc7fa2 None None] command line args: [] {{(pid=116047) log_opt_values /opt/stack/data/venv/lib/python3.12/site-packages/oslo_config/cfg.py:2981}}
Apr 12 17:49:28.640594 np0000165288 devstack@g-api.service[116047]: DEBUG glance.common.config [None req-505b77e8-a313-483e-be29-2e753ecc7fa2 None None] config files: ['/etc/glance/glance-image-import.conf', '/etc/glance/glance-api.conf'] {{(pid=116047) log_opt_values /opt/stack/data/venv/lib/python3.12/site-packages/oslo_config/cfg.py:2982}}
Apr 12 17:49:28.640680 np0000165288 devstack@g-api.service[116047]: DEBUG glance.common.config [None req-505b77e8-a313-483e-be29-2e753ecc7fa2 None None] ================================================================================ {{(pid=116047) log_opt_values /opt/stack/data/venv/lib/python3.12/site-packages/oslo_config/cfg.py:2987}}
Apr 12 17:49:28.640805 np0000165288 devstack@g-api.service[116047]: DEBUG glance.common.config [None req-505b77e8-a313-483e-be29-2e753ecc7fa2 None None] allow_anonymous_access = False {{(pid=116047) log_opt_values /opt/stack/data/venv/lib/python3.12/site-packages/oslo_config/cfg.py:2995}}
Apr 12 17:49:28.640893 np0000165288 devstack@g-api.service[116047]: DEBUG glance.common.config [None req-505b77e8-a313-483e-be29-2e753ecc7fa2 None None] api_limit_max = 1000 {{(pid=116047) log_opt_values /opt/stack/data/venv/lib/python3.12/site-packages/oslo_config/cfg.py:2995}}
Apr 12 17:49:28.640994 np0000165288 devstack@g-api.service[116047]: DEBUG glance.common.config [None req-505b77e8-a313-483e-be29-2e753ecc7fa2 None None] backlog = 4096 {{(pid=116047) log_opt_values /opt/stack/data/venv/lib/python3.12/site-packages/oslo_config/cfg.py:2995}}
Apr 12 17:49:28.641142 np0000165288 devstack@g-api.service[116047]: DEBUG glance.common.config [None req-505b77e8-a313-483e-be29-2e753ecc7fa2 None None] bind_host = 0.0.0.0 {{(pid=116047) log_opt_values /opt/stack/data/venv/lib/python3.12/site-packages/oslo_config/cfg.py:2995}}
Apr 12 17:49:28.641234 np0000165288 devstack@g-api.service[116047]: DEBUG glance.common.config [None req-505b77e8-a313-483e-be29-2e753ecc7fa2 None None] bind_port = 19292 {{(pid=116047) log_opt_values /opt/stack/data/venv/lib/python3.12/site-packages/oslo_config/cfg.py:2995}}
Apr 12 17:49:28.641321 np0000165288 devstack@g-api.service[116047]: DEBUG glance.common.config [None req-505b77e8-a313-483e-be29-2e753ecc7fa2 None None] client_socket_timeout = 900 {{(pid=116047) log_opt_values /opt/stack/data/venv/lib/python3.12/site-packages/oslo_config/cfg.py:2995}}
Apr 12 17:49:28.641431 np0000165288 devstack@g-api.service[116047]: DEBUG glance.common.config [None req-505b77e8-a313-483e-be29-2e753ecc7fa2 None None] config_dir = [] {{(pid=116047) log_opt_values /opt/stack/data/venv/lib/python3.12/site-packages/oslo_config/cfg.py:2995}}
Apr 12 17:49:28.641480 np0000165288 devstack@g-api.service[116048]: DEBUG glance.image_cache.drivers.centralized_db [None req-c7f3f3f4-3fbf-4a70-81e8-592530ec6f1e None None] Node reference is already recorded, ignoring it {{(pid=116048) configure /opt/stack/glance/glance/image_cache/drivers/centralized_db.py:71}}
Apr 12 17:49:28.641549 np0000165288 devstack@g-api.service[116047]: DEBUG glance.common.config [None req-505b77e8-a313-483e-be29-2e753ecc7fa2 None None] config_file = ['/etc/glance/glance-image-import.conf', '/etc/glance/glance-api.conf'] {{(pid=116047) log_opt_values /opt/stack/data/venv/lib/python3.12/site-packages/oslo_config/cfg.py:2995}}
Apr 12 17:49:28.641603 np0000165288 devstack@g-api.service[116047]: DEBUG glance.common.config [None req-505b77e8-a313-483e-be29-2e753ecc7fa2 None None] config_source = [] {{(pid=116047) log_opt_values /opt/stack/data/venv/lib/python3.12/site-packages/oslo_config/cfg.py:2995}}
Apr 12 17:49:28.641708 np0000165288 devstack@g-api.service[116047]: DEBUG glance.common.config [None req-505b77e8-a313-483e-be29-2e753ecc7fa2 None None] control_exchange = glance {{(pid=116047) log_opt_values /opt/stack/data/venv/lib/python3.12/site-packages/oslo_config/cfg.py:2995}}
Apr 12 17:49:28.641770 np0000165288 devstack@g-api.service[116047]: DEBUG glance.common.config [None req-505b77e8-a313-483e-be29-2e753ecc7fa2 None None] debug = True {{(pid=116047) log_opt_values /opt/stack/data/venv/lib/python3.12/site-packages/oslo_config/cfg.py:2995}}
Apr 12 17:49:28.641960 np0000165288 devstack@g-api.service[116047]: DEBUG glance.common.config [None req-505b77e8-a313-483e-be29-2e753ecc7fa2 None None] default_log_levels = ['amqp=WARN', 'boto=WARN', 'sqlalchemy=WARN', 'suds=INFO', 'oslo.messaging=INFO', 'oslo_messaging=INFO', 'iso8601=WARN', 'requests.packages.urllib3.connectionpool=WARN', 'urllib3.connectionpool=WARN', 'websocket=WARN', 'requests.packages.urllib3.util.retry=WARN', 'urllib3.util.retry=WARN', 'keystonemiddleware=WARN', 'routes.middleware=WARN', 'stevedore=WARN', 'taskflow=WARN', 'keystoneauth=WARN', 'oslo.cache=INFO', 'oslo_policy=INFO', 'dogpile.core.dogpile=INFO'] {{(pid=116047) log_opt_values /opt/stack/data/venv/lib/python3.12/site-packages/oslo_config/cfg.py:2995}}
Apr 12 17:49:28.642111 np0000165288 devstack@g-api.service[116047]: DEBUG glance.common.config [None req-505b77e8-a313-483e-be29-2e753ecc7fa2 None None] default_publisher_id = image.localhost {{(pid=116047) log_opt_values /opt/stack/data/venv/lib/python3.12/site-packages/oslo_config/cfg.py:2995}}
Apr 12 17:49:28.642156 np0000165288 devstack@g-api.service[116046]: INFO dbcounter [None req-ec906928-93dc-440a-a66f-7c35d3097053 None None] Registered counter for database glance
Apr 12 17:49:28.642212 np0000165288 devstack@g-api.service[116047]: DEBUG glance.common.config [None req-505b77e8-a313-483e-be29-2e753ecc7fa2 None None] delayed_delete = False {{(pid=116047) log_opt_values /opt/stack/data/venv/lib/python3.12/site-packages/oslo_config/cfg.py:2995}}
Apr 12 17:49:28.642251 np0000165288 devstack@g-api.service[116047]: DEBUG glance.common.config [None req-505b77e8-a313-483e-be29-2e753ecc7fa2 None None] digest_algorithm = sha256 {{(pid=116047) log_opt_values /opt/stack/data/venv/lib/python3.12/site-packages/oslo_config/cfg.py:2995}}
Apr 12 17:49:28.642332 np0000165288 devstack@g-api.service[116047]: DEBUG glance.common.config [None req-505b77e8-a313-483e-be29-2e753ecc7fa2 None None] disabled_notifications = [] {{(pid=116047) log_opt_values /opt/stack/data/venv/lib/python3.12/site-packages/oslo_config/cfg.py:2995}}
Apr 12 17:49:28.642431 np0000165288 devstack@g-api.service[116047]: DEBUG glance.common.config [None req-505b77e8-a313-483e-be29-2e753ecc7fa2 None None] do_secure_hash = True {{(pid=116047) log_opt_values /opt/stack/data/venv/lib/python3.12/site-packages/oslo_config/cfg.py:2995}}
Apr 12 17:49:28.642531 np0000165288 devstack@g-api.service[116047]: DEBUG glance.common.config [None req-505b77e8-a313-483e-be29-2e753ecc7fa2 None None] enabled_backends = None {{(pid=116047) log_opt_values /opt/stack/data/venv/lib/python3.12/site-packages/oslo_config/cfg.py:2995}}
Apr 12 17:49:28.642657 np0000165288 devstack@g-api.service[116047]: DEBUG glance.common.config [None req-505b77e8-a313-483e-be29-2e753ecc7fa2 None None] enabled_import_methods = ['glance-direct', 'web-download', 'copy-image'] {{(pid=116047) log_opt_values /opt/stack/data/venv/lib/python3.12/site-packages/oslo_config/cfg.py:2995}}
Apr 12 17:49:28.642763 np0000165288 devstack@g-api.service[116047]: DEBUG glance.common.config [None req-505b77e8-a313-483e-be29-2e753ecc7fa2 None None] hashing_algorithm = sha512 {{(pid=116047) log_opt_values /opt/stack/data/venv/lib/python3.12/site-packages/oslo_config/cfg.py:2995}}
Apr 12 17:49:28.642851 np0000165288 devstack@g-api.service[116047]: DEBUG glance.common.config [None req-505b77e8-a313-483e-be29-2e753ecc7fa2 None None] http_keepalive = True {{(pid=116047) log_opt_values /opt/stack/data/venv/lib/python3.12/site-packages/oslo_config/cfg.py:2995}}
Apr 12 17:49:28.642935 np0000165288 devstack@g-api.service[116047]: DEBUG glance.common.config [None req-505b77e8-a313-483e-be29-2e753ecc7fa2 None None] http_retries = 3 {{(pid=116047) log_opt_values /opt/stack/data/venv/lib/python3.12/site-packages/oslo_config/cfg.py:2995}}
Apr 12 17:49:28.643041 np0000165288 devstack@g-api.service[116047]: DEBUG glance.common.config [None req-505b77e8-a313-483e-be29-2e753ecc7fa2 None None] image_cache_dir = /opt/stack/data/glance/cache/ {{(pid=116047) log_opt_values /opt/stack/data/venv/lib/python3.12/site-packages/oslo_config/cfg.py:2995}}
Apr 12 17:49:28.643136 np0000165288 devstack@g-api.service[116047]: DEBUG glance.common.config [None req-505b77e8-a313-483e-be29-2e753ecc7fa2 None None] image_cache_driver = centralized_db {{(pid=116047) log_opt_values /opt/stack/data/venv/lib/python3.12/site-packages/oslo_config/cfg.py:2995}}
Apr 12 17:49:28.643224 np0000165288 devstack@g-api.service[116045]: INFO glance.api.middleware.cache [None req-951212a7-5c54-4d6b-a581-37cfd0da9086 None None] Initialized image cache middleware
Apr 12 17:49:28.643280 np0000165288 devstack@g-api.service[116047]: DEBUG glance.common.config [None req-505b77e8-a313-483e-be29-2e753ecc7fa2 None None] image_cache_max_size = 10737418240 {{(pid=116047) log_opt_values /opt/stack/data/venv/lib/python3.12/site-packages/oslo_config/cfg.py:2995}}
Apr 12 17:49:28.643321 np0000165288 devstack@g-api.service[116047]: DEBUG glance.common.config [None req-505b77e8-a313-483e-be29-2e753ecc7fa2 None None] image_cache_sqlite_db = cache.db {{(pid=116047) log_opt_values /opt/stack/data/venv/lib/python3.12/site-packages/oslo_config/cfg.py:2995}}
Apr 12 17:49:28.643422 np0000165288 devstack@g-api.service[116047]: DEBUG glance.common.config [None req-505b77e8-a313-483e-be29-2e753ecc7fa2 None None] image_cache_stall_time = 86400 {{(pid=116047) log_opt_values /opt/stack/data/venv/lib/python3.12/site-packages/oslo_config/cfg.py:2995}}
Apr 12 17:49:28.643512 np0000165288 devstack@g-api.service[116047]: DEBUG glance.common.config [None req-505b77e8-a313-483e-be29-2e753ecc7fa2 None None] image_location_quota = 10 {{(pid=116047) log_opt_values /opt/stack/data/venv/lib/python3.12/site-packages/oslo_config/cfg.py:2995}}
Apr 12 17:49:28.643629 np0000165288 devstack@g-api.service[116047]: DEBUG glance.common.config [None req-505b77e8-a313-483e-be29-2e753ecc7fa2 None None] image_member_quota = 128 {{(pid=116047) log_opt_values /opt/stack/data/venv/lib/python3.12/site-packages/oslo_config/cfg.py:2995}}
Apr 12 17:49:28.643733 np0000165288 devstack@g-api.service[116047]: DEBUG glance.common.config [None req-505b77e8-a313-483e-be29-2e753ecc7fa2 None None] image_property_quota = 128 {{(pid=116047) log_opt_values /opt/stack/data/venv/lib/python3.12/site-packages/oslo_config/cfg.py:2995}}
Apr 12 17:49:28.643823 np0000165288 devstack@g-api.service[116047]: DEBUG glance.common.config [None req-505b77e8-a313-483e-be29-2e753ecc7fa2 None None] image_size_cap = 1099511627776 {{(pid=116047) log_opt_values /opt/stack/data/venv/lib/python3.12/site-packages/oslo_config/cfg.py:2995}}
Apr 12 17:49:28.643917 np0000165288 devstack@g-api.service[116047]: DEBUG glance.common.config [None req-505b77e8-a313-483e-be29-2e753ecc7fa2 None None] image_tag_quota = 128 {{(pid=116047) log_opt_values /opt/stack/data/venv/lib/python3.12/site-packages/oslo_config/cfg.py:2995}}
Apr 12 17:49:28.644015 np0000165288 devstack@g-api.service[116047]: DEBUG glance.common.config [None req-505b77e8-a313-483e-be29-2e753ecc7fa2 None None] instance_format = [instance: %(uuid)s] {{(pid=116047) log_opt_values /opt/stack/data/venv/lib/python3.12/site-packages/oslo_config/cfg.py:2995}}
Apr 12 17:49:28.644114 np0000165288 devstack@g-api.service[116047]: DEBUG glance.common.config [None req-505b77e8-a313-483e-be29-2e753ecc7fa2 None None] instance_uuid_format = [instance: %(uuid)s] {{(pid=116047) log_opt_values /opt/stack/data/venv/lib/python3.12/site-packages/oslo_config/cfg.py:2995}}
Apr 12 17:49:28.644215 np0000165288 devstack@g-api.service[116047]: DEBUG glance.common.config [None req-505b77e8-a313-483e-be29-2e753ecc7fa2 None None] limit_param_default = 25 {{(pid=116047) log_opt_values /opt/stack/data/venv/lib/python3.12/site-packages/oslo_config/cfg.py:2995}}
Apr 12 17:49:28.644313 np0000165288 devstack@g-api.service[116047]: DEBUG glance.common.config [None req-505b77e8-a313-483e-be29-2e753ecc7fa2 None None] log_color = False {{(pid=116047) log_opt_values /opt/stack/data/venv/lib/python3.12/site-packages/oslo_config/cfg.py:2995}}
Apr 12 17:49:28.644414 np0000165288 devstack@g-api.service[116047]: DEBUG glance.common.config [None req-505b77e8-a313-483e-be29-2e753ecc7fa2 None None] log_config_append = None {{(pid=116047) log_opt_values /opt/stack/data/venv/lib/python3.12/site-packages/oslo_config/cfg.py:2995}}
Apr 12 17:49:28.644515 np0000165288 devstack@g-api.service[116047]: DEBUG glance.common.config [None req-505b77e8-a313-483e-be29-2e753ecc7fa2 None None] log_date_format = %Y-%m-%d %H:%M:%S {{(pid=116047) log_opt_values /opt/stack/data/venv/lib/python3.12/site-packages/oslo_config/cfg.py:2995}}
Apr 12 17:49:28.644632 np0000165288 devstack@g-api.service[116047]: DEBUG glance.common.config [None req-505b77e8-a313-483e-be29-2e753ecc7fa2 None None] log_dir = None {{(pid=116047) log_opt_values /opt/stack/data/venv/lib/python3.12/site-packages/oslo_config/cfg.py:2995}}
Apr 12 17:49:28.644724 np0000165288 devstack@g-api.service[116047]: DEBUG glance.common.config [None req-505b77e8-a313-483e-be29-2e753ecc7fa2 None None] log_file = None {{(pid=116047) log_opt_values /opt/stack/data/venv/lib/python3.12/site-packages/oslo_config/cfg.py:2995}}
Apr 12 17:49:28.644825 np0000165288 devstack@g-api.service[116047]: DEBUG glance.common.config [None req-505b77e8-a313-483e-be29-2e753ecc7fa2 None None] log_rotate_interval = 1 {{(pid=116047) log_opt_values /opt/stack/data/venv/lib/python3.12/site-packages/oslo_config/cfg.py:2995}}
Apr 12 17:49:28.644936 np0000165288 devstack@g-api.service[116047]: DEBUG glance.common.config [None req-505b77e8-a313-483e-be29-2e753ecc7fa2 None None] log_rotate_interval_type = days {{(pid=116047) log_opt_values /opt/stack/data/venv/lib/python3.12/site-packages/oslo_config/cfg.py:2995}}
Apr 12 17:49:28.645008 np0000165288 devstack@g-api.service[116047]: DEBUG glance.common.config [None req-505b77e8-a313-483e-be29-2e753ecc7fa2 None None] log_rotation_type = none {{(pid=116047) log_opt_values /opt/stack/data/venv/lib/python3.12/site-packages/oslo_config/cfg.py:2995}}
Apr 12 17:49:28.645086 np0000165288 devstack@g-api.service[116047]: DEBUG glance.common.config [None req-505b77e8-a313-483e-be29-2e753ecc7fa2 None None] logging_context_format_string = %(color)s%(levelname)s %(name)s [%(global_request_id)s %(request_id)s %(project_name)s %(user_name)s%(color)s] %(instance)s%(color)s%(message)s {{(pid=116047) log_opt_values /opt/stack/data/venv/lib/python3.12/site-packages/oslo_config/cfg.py:2995}}
Apr 12 17:49:28.645138 np0000165288 devstack@g-api.service[116047]: DEBUG glance.common.config [None req-505b77e8-a313-483e-be29-2e753ecc7fa2 None None] logging_debug_format_suffix = {{(pid=%(process)d) %(funcName)s %(pathname)s:%(lineno)d}} {{(pid=116047) log_opt_values /opt/stack/data/venv/lib/python3.12/site-packages/oslo_config/cfg.py:2995}}
Apr 12 17:49:28.645249 np0000165288 devstack@g-api.service[116047]: DEBUG glance.common.config [None req-505b77e8-a313-483e-be29-2e753ecc7fa2 None None] logging_default_format_string = %(color)s%(levelname)s %(name)s [-%(color)s] %(instance)s%(color)s%(message)s {{(pid=116047) log_opt_values /opt/stack/data/venv/lib/python3.12/site-packages/oslo_config/cfg.py:2995}}
Apr 12 17:49:28.645352 np0000165288 devstack@g-api.service[116047]: DEBUG glance.common.config [None req-505b77e8-a313-483e-be29-2e753ecc7fa2 None None] logging_exception_prefix = ERROR %(name)s %(instance)s {{(pid=116047) log_opt_values /opt/stack/data/venv/lib/python3.12/site-packages/oslo_config/cfg.py:2995}}
Apr 12 17:49:28.645403 np0000165288 devstack@g-api.service[116047]: DEBUG glance.common.config [None req-505b77e8-a313-483e-be29-2e753ecc7fa2 None None] logging_user_identity_format = %(user)s %(project)s %(domain)s %(system_scope)s %(user_domain)s %(project_domain)s {{(pid=116047) log_opt_values /opt/stack/data/venv/lib/python3.12/site-packages/oslo_config/cfg.py:2995}}
Apr 12 17:49:28.645508 np0000165288 devstack@g-api.service[116047]: DEBUG glance.common.config [None req-505b77e8-a313-483e-be29-2e753ecc7fa2 None None] max_header_line = 16384 {{(pid=116047) log_opt_values /opt/stack/data/venv/lib/python3.12/site-packages/oslo_config/cfg.py:2995}}
Apr 12 17:49:28.645624 np0000165288 devstack@g-api.service[116047]: DEBUG glance.common.config [None req-505b77e8-a313-483e-be29-2e753ecc7fa2 None None] max_logfile_count = 30 {{(pid=116047) log_opt_values /opt/stack/data/venv/lib/python3.12/site-packages/oslo_config/cfg.py:2995}}
Apr 12 17:49:28.645709 np0000165288 devstack@g-api.service[116047]: DEBUG glance.common.config [None req-505b77e8-a313-483e-be29-2e753ecc7fa2 None None] max_logfile_size_mb = 200 {{(pid=116047) log_opt_values /opt/stack/data/venv/lib/python3.12/site-packages/oslo_config/cfg.py:2995}}
Apr 12 17:49:28.645813 np0000165288 devstack@g-api.service[116047]: DEBUG glance.common.config [None req-505b77e8-a313-483e-be29-2e753ecc7fa2 None None] max_request_id_length = 64 {{(pid=116047) log_opt_values /opt/stack/data/venv/lib/python3.12/site-packages/oslo_config/cfg.py:2995}}
Apr 12 17:49:28.645912 np0000165288 devstack@g-api.service[116047]: DEBUG glance.common.config [None req-505b77e8-a313-483e-be29-2e753ecc7fa2 None None] metadata_encryption_key = **** {{(pid=116047) log_opt_values /opt/stack/data/venv/lib/python3.12/site-packages/oslo_config/cfg.py:2995}}
Apr 12 17:49:28.646011 np0000165288 devstack@g-api.service[116047]: DEBUG glance.common.config [None req-505b77e8-a313-483e-be29-2e753ecc7fa2 None None] node_staging_uri = file:///tmp/staging/ {{(pid=116047) log_opt_values /opt/stack/data/venv/lib/python3.12/site-packages/oslo_config/cfg.py:2995}}
Apr 12 17:49:28.646140 np0000165288 devstack@g-api.service[116047]: DEBUG glance.common.config [None req-505b77e8-a313-483e-be29-2e753ecc7fa2 None None] property_protection_file = None {{(pid=116047) log_opt_values /opt/stack/data/venv/lib/python3.12/site-packages/oslo_config/cfg.py:2995}}
Apr 12 17:49:28.646213 np0000165288 devstack@g-api.service[116047]: DEBUG glance.common.config [None req-505b77e8-a313-483e-be29-2e753ecc7fa2 None None] property_protection_rule_format = roles {{(pid=116047) log_opt_values /opt/stack/data/venv/lib/python3.12/site-packages/oslo_config/cfg.py:2995}}
Apr 12 17:49:28.646297 np0000165288 devstack@g-api.service[116047]: DEBUG glance.common.config [None req-505b77e8-a313-483e-be29-2e753ecc7fa2 None None] public_endpoint = https://199.19.213.137/image {{(pid=116047) log_opt_values /opt/stack/data/venv/lib/python3.12/site-packages/oslo_config/cfg.py:2995}}
Apr 12 17:49:28.646380 np0000165288 devstack@g-api.service[116047]: DEBUG glance.common.config [None req-505b77e8-a313-483e-be29-2e753ecc7fa2 None None] publish_errors = False {{(pid=116047) log_opt_values /opt/stack/data/venv/lib/python3.12/site-packages/oslo_config/cfg.py:2995}}
Apr 12 17:49:28.646475 np0000165288 devstack@g-api.service[116047]: DEBUG glance.common.config [None req-505b77e8-a313-483e-be29-2e753ecc7fa2 None None] pydev_worker_debug_host = None {{(pid=116047) log_opt_values /opt/stack/data/venv/lib/python3.12/site-packages/oslo_config/cfg.py:2995}}
Apr 12 17:49:28.646586 np0000165288 devstack@g-api.service[116047]: DEBUG glance.common.config [None req-505b77e8-a313-483e-be29-2e753ecc7fa2 None None] pydev_worker_debug_port = 5678 {{(pid=116047) log_opt_values /opt/stack/data/venv/lib/python3.12/site-packages/oslo_config/cfg.py:2995}}
Apr 12 17:49:28.646681 np0000165288 devstack@g-api.service[116047]: DEBUG glance.common.config [None req-505b77e8-a313-483e-be29-2e753ecc7fa2 None None] rate_limit_burst = 0 {{(pid=116047) log_opt_values /opt/stack/data/venv/lib/python3.12/site-packages/oslo_config/cfg.py:2995}}
Apr 12 17:49:28.646778 np0000165288 devstack@g-api.service[116047]: DEBUG glance.common.config [None req-505b77e8-a313-483e-be29-2e753ecc7fa2 None None] rate_limit_except_level = CRITICAL {{(pid=116047) log_opt_values /opt/stack/data/venv/lib/python3.12/site-packages/oslo_config/cfg.py:2995}}
Apr 12 17:49:28.646860 np0000165288 devstack@g-api.service[116047]: DEBUG glance.common.config [None req-505b77e8-a313-483e-be29-2e753ecc7fa2 None None] rate_limit_interval = 0 {{(pid=116047) log_opt_values /opt/stack/data/venv/lib/python3.12/site-packages/oslo_config/cfg.py:2995}}
Apr 12 17:49:28.646964 np0000165288 devstack@g-api.service[116047]: DEBUG glance.common.config [None req-505b77e8-a313-483e-be29-2e753ecc7fa2 None None] scrub_pool_size = 1 {{(pid=116047) log_opt_values /opt/stack/data/venv/lib/python3.12/site-packages/oslo_config/cfg.py:2995}}
Apr 12 17:49:28.647018 np0000165288 devstack@g-api.service[116048]: INFO glance.api.middleware.cache [None req-c7f3f3f4-3fbf-4a70-81e8-592530ec6f1e None None] Initialized image cache middleware
Apr 12 17:49:28.647061 np0000165288 devstack@g-api.service[116047]: DEBUG glance.common.config [None req-505b77e8-a313-483e-be29-2e753ecc7fa2 None None] scrub_time = 0 {{(pid=116047) log_opt_values /opt/stack/data/venv/lib/python3.12/site-packages/oslo_config/cfg.py:2995}}
Apr 12 17:49:28.647149 np0000165288 devstack@g-api.service[116047]: DEBUG glance.common.config [None req-505b77e8-a313-483e-be29-2e753ecc7fa2 None None] shell_completion = None {{(pid=116047) log_opt_values /opt/stack/data/venv/lib/python3.12/site-packages/oslo_config/cfg.py:2995}}
Apr 12 17:49:28.647257 np0000165288 devstack@g-api.service[116047]: DEBUG glance.common.config [None req-505b77e8-a313-483e-be29-2e753ecc7fa2 None None] show_image_direct_url = False {{(pid=116047) log_opt_values /opt/stack/data/venv/lib/python3.12/site-packages/oslo_config/cfg.py:2995}}
Apr 12 17:49:28.647450 np0000165288 devstack@g-api.service[116047]: WARNING oslo_config.cfg [None req-505b77e8-a313-483e-be29-2e753ecc7fa2 None None] Deprecated: Option "show_multiple_locations" from group "DEFAULT" is deprecated for removal (Use of this option, deprecated since Newton, is a security risk and will be removed once we figure out a way to satisfy those use cases that currently require it. An earlier announcement that the same functionality can be achieved with greater granularity by using policies is incorrect. You cannot work around this option via policy configuration at the present time, though that is the direction we believe the fix will take. Please keep an eye on the Glance release notes to stay up to date on progress in addressing this issue.). Its value may be silently ignored in the future.
Apr 12 17:49:28.647604 np0000165288 devstack@g-api.service[116047]: DEBUG glance.common.config [None req-505b77e8-a313-483e-be29-2e753ecc7fa2 None None] show_multiple_locations = False {{(pid=116047) log_opt_values /opt/stack/data/venv/lib/python3.12/site-packages/oslo_config/cfg.py:2995}}
Apr 12 17:49:28.647844 np0000165288 devstack@g-api.service[116047]: DEBUG glance.common.config [None req-505b77e8-a313-483e-be29-2e753ecc7fa2 None None] syslog_log_facility = LOG_USER {{(pid=116047) log_opt_values /opt/stack/data/venv/lib/python3.12/site-packages/oslo_config/cfg.py:2995}}
Apr 12 17:49:28.647844 np0000165288 devstack@g-api.service[116047]: DEBUG glance.common.config [None req-505b77e8-a313-483e-be29-2e753ecc7fa2 None None] tcp_keepidle = 600 {{(pid=116047) log_opt_values /opt/stack/data/venv/lib/python3.12/site-packages/oslo_config/cfg.py:2995}}
Apr 12 17:49:28.647844 np0000165288 devstack@g-api.service[116047]: DEBUG glance.common.config [None req-505b77e8-a313-483e-be29-2e753ecc7fa2 None None] transport_url = **** {{(pid=116047) log_opt_values /opt/stack/data/venv/lib/python3.12/site-packages/oslo_config/cfg.py:2995}}
Apr 12 17:49:28.648042 np0000165288 devstack@g-api.service[116047]: DEBUG glance.common.config [None req-505b77e8-a313-483e-be29-2e753ecc7fa2 None None] use_journal = False {{(pid=116047) log_opt_values /opt/stack/data/venv/lib/python3.12/site-packages/oslo_config/cfg.py:2995}}
Apr 12 17:49:28.648042 np0000165288 devstack@g-api.service[116047]: DEBUG glance.common.config [None req-505b77e8-a313-483e-be29-2e753ecc7fa2 None None] use_json = False {{(pid=116047) log_opt_values /opt/stack/data/venv/lib/python3.12/site-packages/oslo_config/cfg.py:2995}}
Apr 12 17:49:28.648201 np0000165288 devstack@g-api.service[116047]: DEBUG glance.common.config [None req-505b77e8-a313-483e-be29-2e753ecc7fa2 None None] use_keystone_limits = True {{(pid=116047) log_opt_values /opt/stack/data/venv/lib/python3.12/site-packages/oslo_config/cfg.py:2995}}
Apr 12 17:49:28.648201 np0000165288 devstack@g-api.service[116047]: DEBUG glance.common.config [None req-505b77e8-a313-483e-be29-2e753ecc7fa2 None None] use_stderr = False {{(pid=116047) log_opt_values /opt/stack/data/venv/lib/python3.12/site-packages/oslo_config/cfg.py:2995}}
Apr 12 17:49:28.648312 np0000165288 devstack@g-api.service[116047]: DEBUG glance.common.config [None req-505b77e8-a313-483e-be29-2e753ecc7fa2 None None] use_syslog = False {{(pid=116047) log_opt_values /opt/stack/data/venv/lib/python3.12/site-packages/oslo_config/cfg.py:2995}}
Apr 12 17:49:28.648400 np0000165288 devstack@g-api.service[116047]: DEBUG glance.common.config [None req-505b77e8-a313-483e-be29-2e753ecc7fa2 None None] user_storage_quota = 0 {{(pid=116047) log_opt_values /opt/stack/data/venv/lib/python3.12/site-packages/oslo_config/cfg.py:2995}}
Apr 12 17:49:28.648498 np0000165288 devstack@g-api.service[116047]: DEBUG glance.common.config [None req-505b77e8-a313-483e-be29-2e753ecc7fa2 None None] worker_self_reference_url = http://127.0.0.1:60999 {{(pid=116047) log_opt_values /opt/stack/data/venv/lib/python3.12/site-packages/oslo_config/cfg.py:2995}}
Apr 12 17:49:28.648617 np0000165288 devstack@g-api.service[116047]: DEBUG glance.common.config [None req-505b77e8-a313-483e-be29-2e753ecc7fa2 None None] workers = None {{(pid=116047) log_opt_values /opt/stack/data/venv/lib/python3.12/site-packages/oslo_config/cfg.py:2995}}
Apr 12 17:49:28.648727 np0000165288 devstack@g-api.service[116047]: DEBUG glance.common.config [None req-505b77e8-a313-483e-be29-2e753ecc7fa2 None None] oslo_concurrency.disable_process_locking = False {{(pid=116047) log_opt_values /opt/stack/data/venv/lib/python3.12/site-packages/oslo_config/cfg.py:3006}}
Apr 12 17:49:28.648836 np0000165288 devstack@g-api.service[116047]: DEBUG glance.common.config [None req-505b77e8-a313-483e-be29-2e753ecc7fa2 None None] oslo_concurrency.lock_path = /opt/stack/data/glance/locks {{(pid=116047) log_opt_values /opt/stack/data/venv/lib/python3.12/site-packages/oslo_config/cfg.py:3006}}
Apr 12 17:49:28.648935 np0000165288 devstack@g-api.service[116047]: DEBUG glance.common.config [None req-505b77e8-a313-483e-be29-2e753ecc7fa2 None None] oslo_middleware.enable_proxy_headers_parsing = False {{(pid=116047) log_opt_values /opt/stack/data/venv/lib/python3.12/site-packages/oslo_config/cfg.py:3006}}
Apr 12 17:49:28.649030 np0000165288 devstack@g-api.service[116047]: DEBUG glance.common.config [None req-505b77e8-a313-483e-be29-2e753ecc7fa2 None None] oslo_middleware.http_basic_auth_user_file = /etc/htpasswd {{(pid=116047) log_opt_values /opt/stack/data/venv/lib/python3.12/site-packages/oslo_config/cfg.py:3006}}
Apr 12 17:49:28.649129 np0000165288 devstack@g-api.service[116047]: DEBUG glance.common.config [None req-505b77e8-a313-483e-be29-2e753ecc7fa2 None None] paste_deploy.config_file = None {{(pid=116047) log_opt_values /opt/stack/data/venv/lib/python3.12/site-packages/oslo_config/cfg.py:3006}}
Apr 12 17:49:28.649226 np0000165288 devstack@g-api.service[116047]: DEBUG glance.common.config [None req-505b77e8-a313-483e-be29-2e753ecc7fa2 None None] paste_deploy.flavor = keystone+cachemanagement {{(pid=116047) log_opt_values /opt/stack/data/venv/lib/python3.12/site-packages/oslo_config/cfg.py:3006}}
Apr 12 17:49:28.649360 np0000165288 devstack@g-api.service[116047]: DEBUG glance.common.config [None req-505b77e8-a313-483e-be29-2e753ecc7fa2 None None] image_format.container_formats = ['ami', 'ari', 'aki', 'bare', 'ovf', 'ova', 'docker', 'compressed'] {{(pid=116047) log_opt_values /opt/stack/data/venv/lib/python3.12/site-packages/oslo_config/cfg.py:3006}}
Apr 12 17:49:28.649498 np0000165288 devstack@g-api.service[116047]: DEBUG glance.common.config [None req-505b77e8-a313-483e-be29-2e753ecc7fa2 None None] image_format.disk_formats = ['ami', 'ari', 'aki', 'vhd', 'vhdx', 'vmdk', 'raw', 'qcow2', 'vdi', 'iso', 'ploop'] {{(pid=116047) log_opt_values /opt/stack/data/venv/lib/python3.12/site-packages/oslo_config/cfg.py:3006}}
Apr 12 17:49:28.649620 np0000165288 devstack@g-api.service[116047]: DEBUG glance.common.config [None req-505b77e8-a313-483e-be29-2e753ecc7fa2 None None] image_format.gpt_safety_checks_nonfatal = ['mbr'] {{(pid=116047) log_opt_values /opt/stack/data/venv/lib/python3.12/site-packages/oslo_config/cfg.py:3006}}
Apr 12 17:49:28.649722 np0000165288 devstack@g-api.service[116047]: DEBUG glance.common.config [None req-505b77e8-a313-483e-be29-2e753ecc7fa2 None None] image_format.require_image_format_match = True {{(pid=116047) log_opt_values /opt/stack/data/venv/lib/python3.12/site-packages/oslo_config/cfg.py:3006}}
Apr 12 17:49:28.649835 np0000165288 devstack@g-api.service[116047]: DEBUG glance.common.config [None req-505b77e8-a313-483e-be29-2e753ecc7fa2 None None] image_format.vmdk_allowed_types = ['streamOptimized', 'monolithicSparse'] {{(pid=116047) log_opt_values /opt/stack/data/venv/lib/python3.12/site-packages/oslo_config/cfg.py:3006}}
Apr 12 17:49:28.649930 np0000165288 devstack@g-api.service[116047]: DEBUG glance.common.config [None req-505b77e8-a313-483e-be29-2e753ecc7fa2 None None] task.task_executor = taskflow {{(pid=116047) log_opt_values /opt/stack/data/venv/lib/python3.12/site-packages/oslo_config/cfg.py:3006}}
Apr 12 17:49:28.650071 np0000165288 devstack@g-api.service[116047]: DEBUG glance.common.config [None req-505b77e8-a313-483e-be29-2e753ecc7fa2 None None] task.task_time_to_live = 48 {{(pid=116047) log_opt_values /opt/stack/data/venv/lib/python3.12/site-packages/oslo_config/cfg.py:3006}}
Apr 12 17:49:28.650168 np0000165288 devstack@g-api.service[116047]: DEBUG glance.common.config [None req-505b77e8-a313-483e-be29-2e753ecc7fa2 None None] task.work_dir = None {{(pid=116047) log_opt_values /opt/stack/data/venv/lib/python3.12/site-packages/oslo_config/cfg.py:3006}}
Apr 12 17:49:28.650261 np0000165288 devstack@g-api.service[116047]: DEBUG glance.common.config [None req-505b77e8-a313-483e-be29-2e753ecc7fa2 None None] wsgi.python_interpreter = /opt/stack/data/venv/bin/python3 {{(pid=116047) log_opt_values /opt/stack/data/venv/lib/python3.12/site-packages/oslo_config/cfg.py:3006}}
Apr 12 17:49:28.650360 np0000165288 devstack@g-api.service[116047]: DEBUG glance.common.config [None req-505b77e8-a313-483e-be29-2e753ecc7fa2 None None] wsgi.task_pool_threads = 16 {{(pid=116047) log_opt_values /opt/stack/data/venv/lib/python3.12/site-packages/oslo_config/cfg.py:3006}}
Apr 12 17:49:28.650465 np0000165288 devstack@g-api.service[116047]: DEBUG glance.common.config [None req-505b77e8-a313-483e-be29-2e753ecc7fa2 None None] profiler.connection_string = messaging:// {{(pid=116047) log_opt_values /opt/stack/data/venv/lib/python3.12/site-packages/oslo_config/cfg.py:3006}}
Apr 12 17:49:28.650590 np0000165288 devstack@g-api.service[116047]: DEBUG glance.common.config [None req-505b77e8-a313-483e-be29-2e753ecc7fa2 None None] profiler.enabled = False {{(pid=116047) log_opt_values /opt/stack/data/venv/lib/python3.12/site-packages/oslo_config/cfg.py:3006}}
Apr 12 17:49:28.650686 np0000165288 devstack@g-api.service[116047]: DEBUG glance.common.config [None req-505b77e8-a313-483e-be29-2e753ecc7fa2 None None] profiler.es_doc_type = notification {{(pid=116047) log_opt_values /opt/stack/data/venv/lib/python3.12/site-packages/oslo_config/cfg.py:3006}}
Apr 12 17:49:28.650768 np0000165288 devstack@g-api.service[116047]: DEBUG glance.common.config [None req-505b77e8-a313-483e-be29-2e753ecc7fa2 None None] profiler.es_scroll_size = 10000 {{(pid=116047) log_opt_values /opt/stack/data/venv/lib/python3.12/site-packages/oslo_config/cfg.py:3006}}
Apr 12 17:49:28.650875 np0000165288 devstack@g-api.service[116047]: DEBUG glance.common.config [None req-505b77e8-a313-483e-be29-2e753ecc7fa2 None None] profiler.es_scroll_time = 2m {{(pid=116047) log_opt_values /opt/stack/data/venv/lib/python3.12/site-packages/oslo_config/cfg.py:3006}}
Apr 12 17:49:28.650970 np0000165288 devstack@g-api.service[116047]: DEBUG glance.common.config [None req-505b77e8-a313-483e-be29-2e753ecc7fa2 None None] profiler.filter_error_trace = False {{(pid=116047) log_opt_values /opt/stack/data/venv/lib/python3.12/site-packages/oslo_config/cfg.py:3006}}
Apr 12 17:49:28.651086 np0000165288 devstack@g-api.service[116047]: DEBUG glance.common.config [None req-505b77e8-a313-483e-be29-2e753ecc7fa2 None None] profiler.hmac_keys = **** {{(pid=116047) log_opt_values /opt/stack/data/venv/lib/python3.12/site-packages/oslo_config/cfg.py:3006}}
Apr 12 17:49:28.651178 np0000165288 devstack@g-api.service[116047]: DEBUG glance.common.config [None req-505b77e8-a313-483e-be29-2e753ecc7fa2 None None] profiler.sentinel_service_name = mymaster {{(pid=116047) log_opt_values /opt/stack/data/venv/lib/python3.12/site-packages/oslo_config/cfg.py:3006}}
Apr 12 17:49:28.651259 np0000165288 devstack@g-api.service[116045]: WARNING keystonemiddleware.auth_token [None req-951212a7-5c54-4d6b-a581-37cfd0da9086 None None] AuthToken middleware is set with keystone_authtoken.service_token_roles_required set to False. This is backwards compatible but deprecated behaviour. Please set this to True.
Apr 12 17:49:28.651376 np0000165288 devstack@g-api.service[116047]: DEBUG glance.common.config [None req-505b77e8-a313-483e-be29-2e753ecc7fa2 None None] profiler.socket_timeout = 0.1 {{(pid=116047) log_opt_values /opt/stack/data/venv/lib/python3.12/site-packages/oslo_config/cfg.py:3006}}
Apr 12 17:49:28.651376 np0000165288 devstack@g-api.service[116047]: DEBUG glance.common.config [None req-505b77e8-a313-483e-be29-2e753ecc7fa2 None None] profiler.trace_requests = False {{(pid=116047) log_opt_values /opt/stack/data/venv/lib/python3.12/site-packages/oslo_config/cfg.py:3006}}
Apr 12 17:49:28.651474 np0000165288 devstack@g-api.service[116047]: DEBUG glance.common.config [None req-505b77e8-a313-483e-be29-2e753ecc7fa2 None None] profiler.trace_sqlalchemy = False {{(pid=116047) log_opt_values /opt/stack/data/venv/lib/python3.12/site-packages/oslo_config/cfg.py:3006}}
Apr 12 17:49:28.651591 np0000165288 devstack@g-api.service[116047]: DEBUG glance.common.config [None req-505b77e8-a313-483e-be29-2e753ecc7fa2 None None] profiler_jaeger.process_tags = {} {{(pid=116047) log_opt_values /opt/stack/data/venv/lib/python3.12/site-packages/oslo_config/cfg.py:3006}}
Apr 12 17:49:28.651677 np0000165288 devstack@g-api.service[116047]: DEBUG glance.common.config [None req-505b77e8-a313-483e-be29-2e753ecc7fa2 None None] profiler_jaeger.service_name_prefix = None {{(pid=116047) log_opt_values /opt/stack/data/venv/lib/python3.12/site-packages/oslo_config/cfg.py:3006}}
Apr 12 17:49:28.651777 np0000165288 devstack@g-api.service[116047]: DEBUG glance.common.config [None req-505b77e8-a313-483e-be29-2e753ecc7fa2 None None] profiler_otlp.service_name_prefix = None {{(pid=116047) log_opt_values /opt/stack/data/venv/lib/python3.12/site-packages/oslo_config/cfg.py:3006}}
Apr 12 17:49:28.651878 np0000165288 devstack@g-api.service[116047]: DEBUG glance.common.config [None req-505b77e8-a313-483e-be29-2e753ecc7fa2 None None] import_filtering_opts.allowed_hosts = [] {{(pid=116047) log_opt_values /opt/stack/data/venv/lib/python3.12/site-packages/oslo_config/cfg.py:3006}}
Apr 12 17:49:28.651983 np0000165288 devstack@g-api.service[116047]: DEBUG glance.common.config [None req-505b77e8-a313-483e-be29-2e753ecc7fa2 None None] import_filtering_opts.allowed_ports = [80, 443] {{(pid=116047) log_opt_values /opt/stack/data/venv/lib/python3.12/site-packages/oslo_config/cfg.py:3006}}
Apr 12 17:49:28.652093 np0000165288 devstack@g-api.service[116047]: DEBUG glance.common.config [None req-505b77e8-a313-483e-be29-2e753ecc7fa2 None None] import_filtering_opts.allowed_schemes = ['http', 'https'] {{(pid=116047) log_opt_values /opt/stack/data/venv/lib/python3.12/site-packages/oslo_config/cfg.py:3006}}
Apr 12 17:49:28.652181 np0000165288 devstack@g-api.service[116047]: DEBUG glance.common.config [None req-505b77e8-a313-483e-be29-2e753ecc7fa2 None None] import_filtering_opts.disallowed_hosts = [] {{(pid=116047) log_opt_values /opt/stack/data/venv/lib/python3.12/site-packages/oslo_config/cfg.py:3006}}
Apr 12 17:49:28.652285 np0000165288 devstack@g-api.service[116047]: DEBUG glance.common.config [None req-505b77e8-a313-483e-be29-2e753ecc7fa2 None None] import_filtering_opts.disallowed_ports = [] {{(pid=116047) log_opt_values /opt/stack/data/venv/lib/python3.12/site-packages/oslo_config/cfg.py:3006}}
Apr 12 17:49:28.652386 np0000165288 devstack@g-api.service[116047]: DEBUG glance.common.config [None req-505b77e8-a313-483e-be29-2e753ecc7fa2 None None] import_filtering_opts.disallowed_schemes = [] {{(pid=116047) log_opt_values /opt/stack/data/venv/lib/python3.12/site-packages/oslo_config/cfg.py:3006}}
Apr 12 17:49:28.652482 np0000165288 devstack@g-api.service[116047]: DEBUG glance.common.config [None req-505b77e8-a313-483e-be29-2e753ecc7fa2 None None] oslo_messaging_metrics.metrics_buffer_size = 1000 {{(pid=116047) log_opt_values /opt/stack/data/venv/lib/python3.12/site-packages/oslo_config/cfg.py:3006}}
Apr 12 17:49:28.652623 np0000165288 devstack@g-api.service[116047]: DEBUG glance.common.config [None req-505b77e8-a313-483e-be29-2e753ecc7fa2 None None] oslo_messaging_metrics.metrics_enabled = False {{(pid=116047) log_opt_values /opt/stack/data/venv/lib/python3.12/site-packages/oslo_config/cfg.py:3006}}
Apr 12 17:49:28.652693 np0000165288 devstack@g-api.service[116047]: DEBUG glance.common.config [None req-505b77e8-a313-483e-be29-2e753ecc7fa2 None None] oslo_messaging_metrics.metrics_process_name = {{(pid=116047) log_opt_values /opt/stack/data/venv/lib/python3.12/site-packages/oslo_config/cfg.py:3006}}
Apr 12 17:49:28.652791 np0000165288 devstack@g-api.service[116047]: DEBUG glance.common.config [None req-505b77e8-a313-483e-be29-2e753ecc7fa2 None None] oslo_messaging_metrics.metrics_socket_file = /var/tmp/metrics_collector.sock {{(pid=116047) log_opt_values /opt/stack/data/venv/lib/python3.12/site-packages/oslo_config/cfg.py:3006}}
Apr 12 17:49:28.652876 np0000165288 devstack@g-api.service[116047]: DEBUG glance.common.config [None req-505b77e8-a313-483e-be29-2e753ecc7fa2 None None] oslo_messaging_metrics.metrics_thread_stop_timeout = 10 {{(pid=116047) log_opt_values /opt/stack/data/venv/lib/python3.12/site-packages/oslo_config/cfg.py:3006}}
Apr 12 17:49:28.653027 np0000165288 devstack@g-api.service[116047]: DEBUG glance.common.config [None req-505b77e8-a313-483e-be29-2e753ecc7fa2 None None] os_brick.lightos_discovery_client_address = localhost {{(pid=116047) log_opt_values /opt/stack/data/venv/lib/python3.12/site-packages/oslo_config/cfg.py:3006}}
Apr 12 17:49:28.653129 np0000165288 devstack@g-api.service[116047]: DEBUG glance.common.config [None req-505b77e8-a313-483e-be29-2e753ecc7fa2 None None] os_brick.lightos_discovery_client_dir_path = /etc/discovery-client/discovery.d/ {{(pid=116047) log_opt_values /opt/stack/data/venv/lib/python3.12/site-packages/oslo_config/cfg.py:3006}}
Apr 12 17:49:28.653225 np0000165288 devstack@g-api.service[116047]: DEBUG glance.common.config [None req-505b77e8-a313-483e-be29-2e753ecc7fa2 None None] os_brick.lightos_discovery_client_port = 6060 {{(pid=116047) log_opt_values /opt/stack/data/venv/lib/python3.12/site-packages/oslo_config/cfg.py:3006}}
Apr 12 17:49:28.653322 np0000165288 devstack@g-api.service[116047]: DEBUG glance.common.config [None req-505b77e8-a313-483e-be29-2e753ecc7fa2 None None] os_brick.lock_path = /opt/stack/data/os_brick {{(pid=116047) log_opt_values /opt/stack/data/venv/lib/python3.12/site-packages/oslo_config/cfg.py:3006}}
Apr 12 17:49:28.653420 np0000165288 devstack@g-api.service[116047]: DEBUG glance.common.config [None req-505b77e8-a313-483e-be29-2e753ecc7fa2 None None] os_brick.wait_mpath_device_attempts = 4 {{(pid=116047) log_opt_values /opt/stack/data/venv/lib/python3.12/site-packages/oslo_config/cfg.py:3006}}
Apr 12 17:49:28.653515 np0000165288 devstack@g-api.service[116047]: DEBUG glance.common.config [None req-505b77e8-a313-483e-be29-2e753ecc7fa2 None None] os_brick.wait_mpath_device_interval = 1 {{(pid=116047) log_opt_values /opt/stack/data/venv/lib/python3.12/site-packages/oslo_config/cfg.py:3006}}
Apr 12 17:49:28.653638 np0000165288 devstack@g-api.service[116047]: DEBUG glance.common.config [None req-505b77e8-a313-483e-be29-2e753ecc7fa2 None None] privsep_osbrick.capabilities = [21, 2] {{(pid=116047) log_opt_values /opt/stack/data/venv/lib/python3.12/site-packages/oslo_config/cfg.py:3006}}
Apr 12 17:49:28.653737 np0000165288 devstack@g-api.service[116047]: DEBUG glance.common.config [None req-505b77e8-a313-483e-be29-2e753ecc7fa2 None None] privsep_osbrick.group = None {{(pid=116047) log_opt_values /opt/stack/data/venv/lib/python3.12/site-packages/oslo_config/cfg.py:3006}}
Apr 12 17:49:28.653830 np0000165288 devstack@g-api.service[116047]: DEBUG glance.common.config [None req-505b77e8-a313-483e-be29-2e753ecc7fa2 None None] privsep_osbrick.helper_command = None {{(pid=116047) log_opt_values /opt/stack/data/venv/lib/python3.12/site-packages/oslo_config/cfg.py:3006}}
Apr 12 17:49:28.653922 np0000165288 devstack@g-api.service[116047]: DEBUG glance.common.config [None req-505b77e8-a313-483e-be29-2e753ecc7fa2 None None] privsep_osbrick.log_daemon_traceback = False {{(pid=116047) log_opt_values /opt/stack/data/venv/lib/python3.12/site-packages/oslo_config/cfg.py:3006}}
Apr 12 17:49:28.653993 np0000165288 devstack@g-api.service[116046]: DEBUG oslo_db.sqlalchemy.engines [None req-ec906928-93dc-440a-a66f-7c35d3097053 None None] MySQL server mode set to STRICT_TRANS_TABLES,STRICT_ALL_TABLES,NO_ZERO_IN_DATE,NO_ZERO_DATE,ERROR_FOR_DIVISION_BY_ZERO,TRADITIONAL,NO_ENGINE_SUBSTITUTION {{(pid=116046) _check_effective_sql_mode /opt/stack/data/venv/lib/python3.12/site-packages/oslo_db/sqlalchemy/engines.py:325}}
Apr 12 17:49:28.654129 np0000165288 devstack@g-api.service[116047]: DEBUG glance.common.config [None req-505b77e8-a313-483e-be29-2e753ecc7fa2 None None] privsep_osbrick.logger_name = brick_privsep_hide_output {{(pid=116047) log_opt_values /opt/stack/data/venv/lib/python3.12/site-packages/oslo_config/cfg.py:3006}}
Apr 12 17:49:28.654129 np0000165288 devstack@g-api.service[116047]: DEBUG glance.common.config [None req-505b77e8-a313-483e-be29-2e753ecc7fa2 None None] privsep_osbrick.thread_pool_size = 16 {{(pid=116047) log_opt_values /opt/stack/data/venv/lib/python3.12/site-packages/oslo_config/cfg.py:3006}}
Apr 12 17:49:28.654222 np0000165288 devstack@g-api.service[116048]: WARNING keystonemiddleware.auth_token [None req-c7f3f3f4-3fbf-4a70-81e8-592530ec6f1e None None] AuthToken middleware is set with keystone_authtoken.service_token_roles_required set to False. This is backwards compatible but deprecated behaviour. Please set this to True.
Apr 12 17:49:28.654278 np0000165288 devstack@g-api.service[116047]: DEBUG glance.common.config [None req-505b77e8-a313-483e-be29-2e753ecc7fa2 None None] privsep_osbrick.user = None {{(pid=116047) log_opt_values /opt/stack/data/venv/lib/python3.12/site-packages/oslo_config/cfg.py:3006}}
Apr 12 17:49:28.654316 np0000165288 devstack@g-api.service[116047]: DEBUG glance.common.config [None req-505b77e8-a313-483e-be29-2e753ecc7fa2 None None] glance_store.cinder_api_insecure = False {{(pid=116047) log_opt_values /opt/stack/data/venv/lib/python3.12/site-packages/oslo_config/cfg.py:3006}}
