Apr 21 06:13:12.954001 np0000168679 neutron-periodic-workers[105812]: DEBUG cotyledon.oslo_config_glue [-] ml2.overlay_ip_version = 4 {{(pid=105812) log_opt_values /opt/stack/data/venv/lib/python3.12/site-packages/oslo_config/cfg.py:3006}}
Apr 21 06:13:12.954035 np0000168679 neutron-periodic-workers[105812]: DEBUG cotyledon.oslo_config_glue [-] ml2.path_mtu = 0 {{(pid=105812) log_opt_values /opt/stack/data/venv/lib/python3.12/site-packages/oslo_config/cfg.py:3006}}
Apr 21 06:13:12.954085 np0000168679 neutron-periodic-workers[105812]: DEBUG cotyledon.oslo_config_glue [-] ml2.physical_network_mtus = {} {{(pid=105812) log_opt_values /opt/stack/data/venv/lib/python3.12/site-packages/oslo_config/cfg.py:3006}}
Apr 21 06:13:12.954115 np0000168679 neutron-periodic-workers[105812]: DEBUG cotyledon.oslo_config_glue [-] ml2.project_network_types = ['geneve'] {{(pid=105812) log_opt_values /opt/stack/data/venv/lib/python3.12/site-packages/oslo_config/cfg.py:3006}}
Apr 21 06:13:12.954154 np0000168679 neutron-periodic-workers[105812]: DEBUG cotyledon.oslo_config_glue [-] ml2.tunnelled_network_rp_name = rp_tunnelled {{(pid=105812) log_opt_values /opt/stack/data/venv/lib/python3.12/site-packages/oslo_config/cfg.py:3006}}
Apr 21 06:13:12.954193 np0000168679 neutron-periodic-workers[105812]: DEBUG cotyledon.oslo_config_glue [-] ml2.type_drivers = ['local', 'flat', 'vlan', 'geneve'] {{(pid=105812) log_opt_values /opt/stack/data/venv/lib/python3.12/site-packages/oslo_config/cfg.py:3006}}
Apr 21 06:13:12.954264 np0000168679 neutron-periodic-workers[105812]: DEBUG cotyledon.oslo_config_glue [-] ml2_type_flat.flat_networks = ['public'] {{(pid=105812) log_opt_values /opt/stack/data/venv/lib/python3.12/site-packages/oslo_config/cfg.py:3006}}
Apr 21 06:13:12.954326 np0000168679 neutron-periodic-workers[105812]: DEBUG cotyledon.oslo_config_glue [-] ml2_type_geneve.max_header_size = 38 {{(pid=105812) log_opt_values /opt/stack/data/venv/lib/python3.12/site-packages/oslo_config/cfg.py:3006}}
Apr 21 06:13:12.954373 np0000168679 neutron-periodic-workers[105812]: DEBUG cotyledon.oslo_config_glue [-] ml2_type_geneve.vni_ranges = ['1:65536'] {{(pid=105812) log_opt_values /opt/stack/data/venv/lib/python3.12/site-packages/oslo_config/cfg.py:3006}}
Apr 21 06:13:12.954425 np0000168679 neutron-periodic-workers[105812]: DEBUG cotyledon.oslo_config_glue [-] ml2_type_vlan.network_vlan_ranges = ['public'] {{(pid=105812) log_opt_values /opt/stack/data/venv/lib/python3.12/site-packages/oslo_config/cfg.py:3006}}
Apr 21 06:13:12.954494 np0000168679 neutron-periodic-workers[105812]: DEBUG cotyledon.oslo_config_glue [-] network_log.burst_limit = 25 {{(pid=105812) log_opt_values /opt/stack/data/venv/lib/python3.12/site-packages/oslo_config/cfg.py:3006}}
Apr 21 06:13:12.954539 np0000168679 neutron-periodic-workers[105812]: DEBUG cotyledon.oslo_config_glue [-] network_log.local_output_log_base = None {{(pid=105812) log_opt_values /opt/stack/data/venv/lib/python3.12/site-packages/oslo_config/cfg.py:3006}}
Apr 21 06:13:12.954583 np0000168679 neutron-periodic-workers[105812]: DEBUG cotyledon.oslo_config_glue [-] network_log.rate_limit = 100 {{(pid=105812) log_opt_values /opt/stack/data/venv/lib/python3.12/site-packages/oslo_config/cfg.py:3006}}
Apr 21 06:13:12.954638 np0000168679 neutron-periodic-workers[105812]: DEBUG cotyledon.oslo_config_glue [-] database.asyncio_connection = **** {{(pid=105812) log_opt_values /opt/stack/data/venv/lib/python3.12/site-packages/oslo_config/cfg.py:3006}}
Apr 21 06:13:12.954682 np0000168679 neutron-periodic-workers[105812]: DEBUG cotyledon.oslo_config_glue [-] database.asyncio_slave_connection = **** {{(pid=105812) log_opt_values /opt/stack/data/venv/lib/python3.12/site-packages/oslo_config/cfg.py:3006}}
Apr 21 06:13:12.954740 np0000168679 neutron-periodic-workers[105812]: DEBUG cotyledon.oslo_config_glue [-] database.backend = sqlalchemy {{(pid=105812) log_opt_values /opt/stack/data/venv/lib/python3.12/site-packages/oslo_config/cfg.py:3006}}
Apr 21 06:13:12.954793 np0000168679 neutron-periodic-workers[105812]: DEBUG cotyledon.oslo_config_glue [-] database.connection = **** {{(pid=105812) log_opt_values /opt/stack/data/venv/lib/python3.12/site-packages/oslo_config/cfg.py:3006}}
Apr 21 06:13:12.954822 np0000168679 neutron-periodic-workers[105812]: DEBUG cotyledon.oslo_config_glue [-] database.connection_debug = 0 {{(pid=105812) log_opt_values /opt/stack/data/venv/lib/python3.12/site-packages/oslo_config/cfg.py:3006}}
Apr 21 06:13:12.954875 np0000168679 neutron-periodic-workers[105812]: DEBUG cotyledon.oslo_config_glue [-] database.connection_parameters = {{(pid=105812) log_opt_values /opt/stack/data/venv/lib/python3.12/site-packages/oslo_config/cfg.py:3006}}
Apr 21 06:13:12.955166 np0000168679 neutron-periodic-workers[105812]: DEBUG cotyledon.oslo_config_glue [-] database.connection_recycle_time = 3600 {{(pid=105812) log_opt_values /opt/stack/data/venv/lib/python3.12/site-packages/oslo_config/cfg.py:3006}}
Apr 21 06:13:12.955213 np0000168679 neutron-periodic-workers[105812]: DEBUG cotyledon.oslo_config_glue [-] database.connection_trace = False {{(pid=105812) log_opt_values /opt/stack/data/venv/lib/python3.12/site-packages/oslo_config/cfg.py:3006}}
Apr 21 06:13:12.955258 np0000168679 neutron-periodic-workers[105812]: DEBUG cotyledon.oslo_config_glue [-] database.db_inc_retry_interval = True {{(pid=105812) log_opt_values /opt/stack/data/venv/lib/python3.12/site-packages/oslo_config/cfg.py:3006}}
Apr 21 06:13:12.955296 np0000168679 neutron-periodic-workers[105812]: DEBUG cotyledon.oslo_config_glue [-] database.db_max_retries = 20 {{(pid=105812) log_opt_values /opt/stack/data/venv/lib/python3.12/site-packages/oslo_config/cfg.py:3006}}
Apr 21 06:13:12.955327 np0000168679 neutron-periodic-workers[105812]: DEBUG cotyledon.oslo_config_glue [-] database.db_max_retry_interval = 10 {{(pid=105812) log_opt_values /opt/stack/data/venv/lib/python3.12/site-packages/oslo_config/cfg.py:3006}}
Apr 21 06:13:12.955354 np0000168679 neutron-periodic-workers[105812]: DEBUG cotyledon.oslo_config_glue [-] database.db_retry_interval = 1 {{(pid=105812) log_opt_values /opt/stack/data/venv/lib/python3.12/site-packages/oslo_config/cfg.py:3006}}
Apr 21 06:13:12.955404 np0000168679 neutron-periodic-workers[105812]: DEBUG cotyledon.oslo_config_glue [-] database.max_overflow = 50 {{(pid=105812) log_opt_values /opt/stack/data/venv/lib/python3.12/site-packages/oslo_config/cfg.py:3006}}
Apr 21 06:13:12.955436 np0000168679 neutron-periodic-workers[105812]: DEBUG cotyledon.oslo_config_glue [-] database.max_pool_size = 5 {{(pid=105812) log_opt_values /opt/stack/data/venv/lib/python3.12/site-packages/oslo_config/cfg.py:3006}}
Apr 21 06:13:12.955468 np0000168679 neutron-periodic-workers[105812]: DEBUG cotyledon.oslo_config_glue [-] database.max_retries = 10 {{(pid=105812) log_opt_values /opt/stack/data/venv/lib/python3.12/site-packages/oslo_config/cfg.py:3006}}
Apr 21 06:13:12.955501 np0000168679 neutron-periodic-workers[105812]: DEBUG cotyledon.oslo_config_glue [-] database.mysql_sql_mode = TRADITIONAL {{(pid=105812) log_opt_values /opt/stack/data/venv/lib/python3.12/site-packages/oslo_config/cfg.py:3006}}
Apr 21 06:13:12.955553 np0000168679 neutron-periodic-workers[105812]: DEBUG cotyledon.oslo_config_glue [-] database.mysql_wsrep_sync_wait = None {{(pid=105812) log_opt_values /opt/stack/data/venv/lib/python3.12/site-packages/oslo_config/cfg.py:3006}}
Apr 21 06:13:12.955587 np0000168679 neutron-periodic-workers[105812]: DEBUG cotyledon.oslo_config_glue [-] database.pool_timeout = None {{(pid=105812) log_opt_values /opt/stack/data/venv/lib/python3.12/site-packages/oslo_config/cfg.py:3006}}
Apr 21 06:13:12.955622 np0000168679 neutron-periodic-workers[105812]: DEBUG cotyledon.oslo_config_glue [-] database.retry_interval = 10 {{(pid=105812) log_opt_values /opt/stack/data/venv/lib/python3.12/site-packages/oslo_config/cfg.py:3006}}
Apr 21 06:13:12.955687 np0000168679 neutron-periodic-workers[105812]: DEBUG cotyledon.oslo_config_glue [-] database.slave_connection = **** {{(pid=105812) log_opt_values /opt/stack/data/venv/lib/python3.12/site-packages/oslo_config/cfg.py:3006}}
Apr 21 06:13:12.955770 np0000168679 neutron-periodic-workers[105812]: DEBUG cotyledon.oslo_config_glue [-] database.sqlite_synchronous = True {{(pid=105812) log_opt_values /opt/stack/data/venv/lib/python3.12/site-packages/oslo_config/cfg.py:3006}}
Apr 21 06:13:12.955847 np0000168679 neutron-periodic-workers[105812]: DEBUG cotyledon.oslo_config_glue [-] database.synchronous_reader = True {{(pid=105812) log_opt_values /opt/stack/data/venv/lib/python3.12/site-packages/oslo_config/cfg.py:3006}}
Apr 21 06:13:12.955879 np0000168679 neutron-periodic-workers[105812]: DEBUG cotyledon.oslo_config_glue [-] database.use_db_reconnect = False {{(pid=105812) log_opt_values /opt/stack/data/venv/lib/python3.12/site-packages/oslo_config/cfg.py:3006}}
Apr 21 06:13:12.955961 np0000168679 neutron-periodic-workers[105812]: DEBUG cotyledon.oslo_config_glue [-] ovn.bfd_min_rx = 1000 {{(pid=105812) log_opt_values /opt/stack/data/venv/lib/python3.12/site-packages/oslo_config/cfg.py:3006}}
Apr 21 06:13:12.956008 np0000168679 neutron-periodic-workers[105812]: DEBUG cotyledon.oslo_config_glue [-] ovn.bfd_min_tx = 100 {{(pid=105812) log_opt_values /opt/stack/data/venv/lib/python3.12/site-packages/oslo_config/cfg.py:3006}}
Apr 21 06:13:12.956046 np0000168679 neutron-periodic-workers[105812]: DEBUG cotyledon.oslo_config_glue [-] ovn.bfd_mult = 3 {{(pid=105812) log_opt_values /opt/stack/data/venv/lib/python3.12/site-packages/oslo_config/cfg.py:3006}}
Apr 21 06:13:12.956077 np0000168679 neutron-periodic-workers[105812]: DEBUG cotyledon.oslo_config_glue [-] ovn.broadcast_arps_to_all_routers = True {{(pid=105812) log_opt_values /opt/stack/data/venv/lib/python3.12/site-packages/oslo_config/cfg.py:3006}}
Apr 21 06:13:12.956132 np0000168679 neutron-periodic-workers[105812]: DEBUG cotyledon.oslo_config_glue [-] ovn.dhcp_default_lease_time = 43200 {{(pid=105812) log_opt_values /opt/stack/data/venv/lib/python3.12/site-packages/oslo_config/cfg.py:3006}}
Apr 21 06:13:12.956162 np0000168679 neutron-periodic-workers[105812]: DEBUG cotyledon.oslo_config_glue [-] ovn.disable_ovn_dhcp_for_baremetal_ports = False {{(pid=105812) log_opt_values /opt/stack/data/venv/lib/python3.12/site-packages/oslo_config/cfg.py:3006}}
Apr 21 06:13:12.956201 np0000168679 neutron-periodic-workers[105812]: DEBUG cotyledon.oslo_config_glue [-] ovn.dns_records_ovn_owned = False {{(pid=105812) log_opt_values /opt/stack/data/venv/lib/python3.12/site-packages/oslo_config/cfg.py:3006}}
Apr 21 06:13:12.956234 np0000168679 neutron-periodic-workers[105812]: DEBUG cotyledon.oslo_config_glue [-] ovn.dns_servers = [] {{(pid=105812) log_opt_values /opt/stack/data/venv/lib/python3.12/site-packages/oslo_config/cfg.py:3006}}
Apr 21 06:13:12.956286 np0000168679 neutron-periodic-workers[105812]: DEBUG cotyledon.oslo_config_glue [-] ovn.enable_distributed_floating_ip = False {{(pid=105812) log_opt_values /opt/stack/data/venv/lib/python3.12/site-packages/oslo_config/cfg.py:3006}}
Apr 21 06:13:12.956331 np0000168679 neutron-periodic-workers[105812]: DEBUG cotyledon.oslo_config_glue [-] ovn.fdb_age_threshold = 300 {{(pid=105812) log_opt_values /opt/stack/data/venv/lib/python3.12/site-packages/oslo_config/cfg.py:3006}}
Apr 21 06:13:12.956364 np0000168679 neutron-periodic-workers[105812]: DEBUG cotyledon.oslo_config_glue [-] ovn.ha_failover_strategy = normal {{(pid=105812) log_opt_values /opt/stack/data/venv/lib/python3.12/site-packages/oslo_config/cfg.py:3006}}
Apr 21 06:13:12.956403 np0000168679 neutron-periodic-workers[105812]: DEBUG cotyledon.oslo_config_glue [-] ovn.live_migration_activation_strategy = rarp {{(pid=105812) log_opt_values /opt/stack/data/venv/lib/python3.12/site-packages/oslo_config/cfg.py:3006}}
Apr 21 06:13:12.956433 np0000168679 neutron-periodic-workers[105812]: DEBUG cotyledon.oslo_config_glue [-] ovn.localnet_learn_fdb = False {{(pid=105812) log_opt_values /opt/stack/data/venv/lib/python3.12/site-packages/oslo_config/cfg.py:3006}}
Apr 21 06:13:12.956477 np0000168679 neutron-periodic-workers[105812]: DEBUG cotyledon.oslo_config_glue [-] ovn.mac_binding_age_threshold = 300 {{(pid=105812) log_opt_values /opt/stack/data/venv/lib/python3.12/site-packages/oslo_config/cfg.py:3006}}
Apr 21 06:13:12.956529 np0000168679 neutron-periodic-workers[105812]: DEBUG cotyledon.oslo_config_glue [-] ovn.neutron_sync_mode = log {{(pid=105812) log_opt_values /opt/stack/data/venv/lib/python3.12/site-packages/oslo_config/cfg.py:3006}}
Apr 21 06:13:12.956575 np0000168679 neutron-periodic-workers[105812]: DEBUG cotyledon.oslo_config_glue [-] ovn.ovn_dhcp4_global_options = {} {{(pid=105812) log_opt_values /opt/stack/data/venv/lib/python3.12/site-packages/oslo_config/cfg.py:3006}}
Apr 21 06:13:12.956608 np0000168679 neutron-periodic-workers[105812]: DEBUG cotyledon.oslo_config_glue [-] ovn.ovn_dhcp6_global_options = {} {{(pid=105812) log_opt_values /opt/stack/data/venv/lib/python3.12/site-packages/oslo_config/cfg.py:3006}}
Apr 21 06:13:12.956652 np0000168679 neutron-periodic-workers[105812]: DEBUG cotyledon.oslo_config_glue [-] ovn.ovn_l3_scheduler = leastloaded {{(pid=105812) log_opt_values /opt/stack/data/venv/lib/python3.12/site-packages/oslo_config/cfg.py:3006}}
Apr 21 06:13:12.956682 np0000168679 neutron-periodic-workers[105812]: DEBUG cotyledon.oslo_config_glue [-] ovn.ovn_metadata_enabled = True {{(pid=105812) log_opt_values /opt/stack/data/venv/lib/python3.12/site-packages/oslo_config/cfg.py:3006}}
Apr 21 06:13:12.956772 np0000168679 neutron-periodic-workers[105812]: DEBUG cotyledon.oslo_config_glue [-] ovn.ovn_nb_ca_cert = /opt/stack/data/CA/int-ca/ca-chain.pem {{(pid=105812) log_opt_values /opt/stack/data/venv/lib/python3.12/site-packages/oslo_config/cfg.py:3006}}
Apr 21 06:13:12.956824 np0000168679 neutron-periodic-workers[105812]: DEBUG cotyledon.oslo_config_glue [-] ovn.ovn_nb_certificate = /opt/stack/data/CA/int-ca/devstack-cert.crt {{(pid=105812) log_opt_values /opt/stack/data/venv/lib/python3.12/site-packages/oslo_config/cfg.py:3006}}
Apr 21 06:13:12.956871 np0000168679 neutron-periodic-workers[105812]: DEBUG cotyledon.oslo_config_glue [-] ovn.ovn_nb_connection = ['ssl:199.204.45.250:6641'] {{(pid=105812) log_opt_values /opt/stack/data/venv/lib/python3.12/site-packages/oslo_config/cfg.py:3006}}
Apr 21 06:13:12.956909 np0000168679 neutron-periodic-workers[105812]: DEBUG cotyledon.oslo_config_glue [-] ovn.ovn_nb_private_key = /opt/stack/data/CA/int-ca/private/devstack-cert.key {{(pid=105812) log_opt_values /opt/stack/data/venv/lib/python3.12/site-packages/oslo_config/cfg.py:3006}}
Apr 21 06:13:12.956950 np0000168679 neutron-periodic-workers[105812]: DEBUG cotyledon.oslo_config_glue [-] ovn.ovn_router_indirect_snat = False {{(pid=105812) log_opt_values /opt/stack/data/venv/lib/python3.12/site-packages/oslo_config/cfg.py:3006}}
Apr 21 06:13:12.956983 np0000168679 neutron-periodic-workers[105812]: DEBUG cotyledon.oslo_config_glue [-] ovn.ovn_sb_ca_cert = /opt/stack/data/CA/int-ca/ca-chain.pem {{(pid=105812) log_opt_values /opt/stack/data/venv/lib/python3.12/site-packages/oslo_config/cfg.py:3006}}
Apr 21 06:13:12.957028 np0000168679 neutron-periodic-workers[105812]: DEBUG cotyledon.oslo_config_glue [-] ovn.ovn_sb_certificate = /opt/stack/data/CA/int-ca/devstack-cert.crt {{(pid=105812) log_opt_values /opt/stack/data/venv/lib/python3.12/site-packages/oslo_config/cfg.py:3006}}
Apr 21 06:13:12.957060 np0000168679 neutron-periodic-workers[105812]: DEBUG cotyledon.oslo_config_glue [-] ovn.ovn_sb_connection = ['ssl:199.204.45.250:6642'] {{(pid=105812) log_opt_values /opt/stack/data/venv/lib/python3.12/site-packages/oslo_config/cfg.py:3006}}
Apr 21 06:13:12.957106 np0000168679 neutron-periodic-workers[105812]: DEBUG cotyledon.oslo_config_glue [-] ovn.ovn_sb_private_key = /opt/stack/data/CA/int-ca/private/devstack-cert.key {{(pid=105812) log_opt_values /opt/stack/data/venv/lib/python3.12/site-packages/oslo_config/cfg.py:3006}}
Apr 21 06:13:12.957139 np0000168679 neutron-periodic-workers[105812]: DEBUG cotyledon.oslo_config_glue [-] ovn.ovs_create_tap = False {{(pid=105812) log_opt_values /opt/stack/data/venv/lib/python3.12/site-packages/oslo_config/cfg.py:3006}}
Apr 21 06:13:12.957184 np0000168679 neutron-periodic-workers[105812]: DEBUG cotyledon.oslo_config_glue [-] ovn.ovsdb_connection_timeout = 180 {{(pid=105812) log_opt_values /opt/stack/data/venv/lib/python3.12/site-packages/oslo_config/cfg.py:3006}}
Apr 21 06:13:12.957229 np0000168679 neutron-periodic-workers[105812]: DEBUG cotyledon.oslo_config_glue [-] ovn.ovsdb_log_level = INFO {{(pid=105812) log_opt_values /opt/stack/data/venv/lib/python3.12/site-packages/oslo_config/cfg.py:3006}}
Apr 21 06:13:12.957264 np0000168679 neutron-periodic-workers[105812]: DEBUG cotyledon.oslo_config_glue [-] ovn.ovsdb_probe_interval = 60000 {{(pid=105812) log_opt_values /opt/stack/data/venv/lib/python3.12/site-packages/oslo_config/cfg.py:3006}}
Apr 21 06:13:12.957292 np0000168679 neutron-periodic-workers[105812]: DEBUG cotyledon.oslo_config_glue [-] ovn.ovsdb_retry_max_interval = 180 {{(pid=105812) log_opt_values /opt/stack/data/venv/lib/python3.12/site-packages/oslo_config/cfg.py:3006}}
Apr 21 06:13:12.957340 np0000168679 neutron-periodic-workers[105812]: DEBUG cotyledon.oslo_config_glue [-] ovn.stateless_nat_enabled = False {{(pid=105812) log_opt_values /opt/stack/data/venv/lib/python3.12/site-packages/oslo_config/cfg.py:3006}}
Apr 21 06:13:12.957386 np0000168679 neutron-periodic-workers[105812]: DEBUG cotyledon.oslo_config_glue [-] ovn.vhost_sock_dir = /var/run/openvswitch {{(pid=105812) log_opt_values /opt/stack/data/venv/lib/python3.12/site-packages/oslo_config/cfg.py:3006}}
Apr 21 06:13:12.957442 np0000168679 neutron-periodic-workers[105812]: DEBUG cotyledon.oslo_config_glue [-] OVS.bridge_mac_table_size = 50000 {{(pid=105812) log_opt_values /opt/stack/data/venv/lib/python3.12/site-packages/oslo_config/cfg.py:3006}}
Apr 21 06:13:12.957490 np0000168679 neutron-periodic-workers[105812]: DEBUG cotyledon.oslo_config_glue [-] OVS.igmp_flood = False {{(pid=105812) log_opt_values /opt/stack/data/venv/lib/python3.12/site-packages/oslo_config/cfg.py:3006}}
Apr 21 06:13:12.957520 np0000168679 neutron-periodic-workers[105812]: DEBUG cotyledon.oslo_config_glue [-] OVS.igmp_flood_reports = True {{(pid=105812) log_opt_values /opt/stack/data/venv/lib/python3.12/site-packages/oslo_config/cfg.py:3006}}
Apr 21 06:13:12.957568 np0000168679 neutron-periodic-workers[105812]: DEBUG cotyledon.oslo_config_glue [-] OVS.igmp_flood_unregistered = False {{(pid=105812) log_opt_values /opt/stack/data/venv/lib/python3.12/site-packages/oslo_config/cfg.py:3006}}
Apr 21 06:13:12.957612 np0000168679 neutron-periodic-workers[105812]: DEBUG cotyledon.oslo_config_glue [-] OVS.igmp_snooping_enable = False {{(pid=105812) log_opt_values /opt/stack/data/venv/lib/python3.12/site-packages/oslo_config/cfg.py:3006}}
Apr 21 06:13:12.957650 np0000168679 neutron-periodic-workers[105812]: DEBUG cotyledon.oslo_config_glue [-] OVS.ovsdb_timeout = 10 {{(pid=105812) log_opt_values /opt/stack/data/venv/lib/python3.12/site-packages/oslo_config/cfg.py:3006}}
Apr 21 06:13:12.957717 np0000168679 neutron-periodic-workers[105812]: DEBUG cotyledon.oslo_config_glue [-] ovn_nb_global.fdb_removal_limit = 0 {{(pid=105812) log_opt_values /opt/stack/data/venv/lib/python3.12/site-packages/oslo_config/cfg.py:3006}}
Apr 21 06:13:12.957771 np0000168679 neutron-periodic-workers[105812]: DEBUG cotyledon.oslo_config_glue [-] ovn_nb_global.ignore_lsp_down = False {{(pid=105812) log_opt_values /opt/stack/data/venv/lib/python3.12/site-packages/oslo_config/cfg.py:3006}}
Apr 21 06:13:12.957806 np0000168679 neutron-periodic-workers[105812]: DEBUG cotyledon.oslo_config_glue [-] ovn_nb_global.mac_binding_removal_limit = 0 {{(pid=105812) log_opt_values /opt/stack/data/venv/lib/python3.12/site-packages/oslo_config/cfg.py:3006}}
Apr 21 06:13:12.957849 np0000168679 neutron-periodic-workers[105812]: DEBUG cotyledon.oslo_config_glue [-] ******************************************************************************** {{(pid=105812) log_opt_values /opt/stack/data/venv/lib/python3.12/site-packages/oslo_config/cfg.py:3013}}
Apr 21 06:13:12.958185 np0000168679 neutron-periodic-workers[105812]: DEBUG cotyledon._service_worker [-] Run service ServiceWrapper(0) [105812] {{(pid=105812) wait_forever /opt/stack/data/venv/lib/python3.12/site-packages/cotyledon/_service_worker.py:218}}
Apr 21 06:13:22.577398 np0000168679 neutron-periodic-workers[104931]: DEBUG dbcounter [-] [104931] Writing DB stats neutron:SELECT=4 {{(pid=104931) stat_writer /opt/stack/data/venv/lib/python3.12/site-packages/dbcounter.py:115}}
Apr 21 06:14:07.916217 np0000168679 neutron-periodic-workers[105782]: DEBUG oslo_db.sqlalchemy.engines [None req-4d22603b-303a-42bf-b95e-68d0f1aebf8a None None] Parent process 104931 forked (105782) with an open database connection, which is being discarded and recreated. {{(pid=105782) checkout /opt/stack/data/venv/lib/python3.12/site-packages/oslo_db/sqlalchemy/engines.py:402}}
Apr 21 06:14:07.923690 np0000168679 neutron-periodic-workers[105782]: DEBUG dbcounter [-] [105782] Writer thread running {{(pid=105782) stat_writer /opt/stack/data/venv/lib/python3.12/site-packages/dbcounter.py:102}}
Apr 21 06:14:07.931943 np0000168679 neutron-periodic-workers[105782]: DEBUG oslo.service.backend._threading.loopingcall [None req-4d22603b-303a-42bf-b95e-68d0f1aebf8a None None] Fixed interval looping call 'neutron.plugins.ml2.plugin.DhcpAgentSchedulerDbMixin.remove_networks_from_down_agents' sleeping for 36.98 seconds {{(pid=105782) _run_loop /opt/stack/data/venv/lib/python3.12/site-packages/oslo_service/backend/_threading/loopingcall.py:125}}
Apr 21 06:14:09.939546 np0000168679 neutron-periodic-workers[105787]: DEBUG dbcounter [-] [105787] Writer thread running {{(pid=105787) stat_writer /opt/stack/data/venv/lib/python3.12/site-packages/dbcounter.py:102}}
Apr 21 06:14:09.942794 np0000168679 neutron-periodic-workers[105787]: DEBUG neutron.db.agents_db [None req-89417056-1a3a-4f35-a01a-7a5f002df988 None None] Agent healthcheck: found 0 active agents {{(pid=105787) agent_health_check /opt/stack/neutron/neutron/db/agents_db.py:317}}
Apr 21 06:14:09.942991 np0000168679 neutron-periodic-workers[105787]: DEBUG oslo.service.backend._threading.loopingcall [None req-89417056-1a3a-4f35-a01a-7a5f002df988 None None] Fixed interval looping call 'neutron.plugins.ml2.plugin.AgentDbMixin.agent_health_check' sleeping for 36.98 seconds {{(pid=105787) _run_loop /opt/stack/data/venv/lib/python3.12/site-packages/oslo_service/backend/_threading/loopingcall.py:125}}
Apr 21 06:14:17.930911 np0000168679 neutron-periodic-workers[105782]: DEBUG dbcounter [-] [105782] Writing DB stats neutron:SELECT=3 {{(pid=105782) stat_writer /opt/stack/data/venv/lib/python3.12/site-packages/dbcounter.py:115}}
Apr 21 06:14:19.940196 np0000168679 neutron-periodic-workers[105787]: DEBUG dbcounter [-] [105787] Writing DB stats neutron:SELECT=1 {{(pid=105787) stat_writer /opt/stack/data/venv/lib/python3.12/site-packages/dbcounter.py:115}}
Apr 21 06:14:44.922572 np0000168679 neutron-periodic-workers[105782]: DEBUG oslo.service.backend._threading.loopingcall [None req-4d22603b-303a-42bf-b95e-68d0f1aebf8a None None] Fixed interval looping call 'neutron.plugins.ml2.plugin.DhcpAgentSchedulerDbMixin.remove_networks_from_down_agents' sleeping for 36.99 seconds {{(pid=105782) _run_loop /opt/stack/data/venv/lib/python3.12/site-packages/oslo_service/backend/_threading/loopingcall.py:125}}
Apr 21 06:14:46.929206 np0000168679 neutron-periodic-workers[105787]: DEBUG neutron.db.agents_db [None req-89417056-1a3a-4f35-a01a-7a5f002df988 None None] Agent healthcheck: found 0 active agents {{(pid=105787) agent_health_check /opt/stack/neutron/neutron/db/agents_db.py:317}}
Apr 21 06:14:46.929206 np0000168679 neutron-periodic-workers[105787]: DEBUG oslo.service.backend._threading.loopingcall [None req-89417056-1a3a-4f35-a01a-7a5f002df988 None None] Fixed interval looping call 'neutron.plugins.ml2.plugin.AgentDbMixin.agent_health_check' sleeping for 36.99 seconds {{(pid=105787) _run_loop /opt/stack/data/venv/lib/python3.12/site-packages/oslo_service/backend/_threading/loopingcall.py:125}}
Apr 21 06:14:54.921141 np0000168679 neutron-periodic-workers[105782]: DEBUG dbcounter [-] [105782] Writing DB stats neutron:SELECT=3 {{(pid=105782) stat_writer /opt/stack/data/venv/lib/python3.12/site-packages/dbcounter.py:115}}
Apr 21 06:14:56.927216 np0000168679 neutron-periodic-workers[105787]: DEBUG dbcounter [-] [105787] Writing DB stats neutron:SELECT=1 {{(pid=105787) stat_writer /opt/stack/data/venv/lib/python3.12/site-packages/dbcounter.py:115}}
Apr 21 06:15:12.966421 np0000168679 neutron-periodic-workers[105798]: DEBUG dbcounter [-] [105798] Writer thread running {{(pid=105798) stat_writer /opt/stack/data/venv/lib/python3.12/site-packages/dbcounter.py:102}}
Apr 21 06:15:12.968411 np0000168679 neutron-periodic-workers[105798]: DEBUG oslo.service.backend._threading.loopingcall [None req-5109aa38-037e-4772-8d0d-84ee8a48a3b1 None None] Fixed interval looping call 'neutron.db.quota.driver_nolock.DbQuotaNoLockDriver._remove_expired_reservations' sleeping for 119.98 seconds {{(pid=105798) _run_loop /opt/stack/data/venv/lib/python3.12/site-packages/oslo_service/backend/_threading/loopingcall.py:125}}
Apr 21 06:15:21.921111 np0000168679 neutron-periodic-workers[105782]: DEBUG oslo.service.backend._threading.loopingcall [None req-4d22603b-303a-42bf-b95e-68d0f1aebf8a None None] Fixed interval looping call 'neutron.plugins.ml2.plugin.DhcpAgentSchedulerDbMixin.remove_networks_from_down_agents' sleeping for 36.99 seconds {{(pid=105782) _run_loop /opt/stack/data/venv/lib/python3.12/site-packages/oslo_service/backend/_threading/loopingcall.py:125}}
Apr 21 06:15:22.967863 np0000168679 neutron-periodic-workers[105798]: DEBUG dbcounter [-] [105798] Writing DB stats neutron:DELETE=1 {{(pid=105798) stat_writer /opt/stack/data/venv/lib/python3.12/site-packages/dbcounter.py:115}}
Apr 21 06:15:23.924990 np0000168679 neutron-periodic-workers[105787]: DEBUG neutron.db.agents_db [None req-89417056-1a3a-4f35-a01a-7a5f002df988 None None] Agent healthcheck: found 0 active agents {{(pid=105787) agent_health_check /opt/stack/neutron/neutron/db/agents_db.py:317}}
Apr 21 06:15:23.925508 np0000168679 neutron-periodic-workers[105787]: DEBUG oslo.service.backend._threading.loopingcall [None req-89417056-1a3a-4f35-a01a-7a5f002df988 None None] Fixed interval looping call 'neutron.plugins.ml2.plugin.AgentDbMixin.agent_health_check' sleeping for 36.99 seconds {{(pid=105787) _run_loop /opt/stack/data/venv/lib/python3.12/site-packages/oslo_service/backend/_threading/loopingcall.py:125}}
Apr 21 06:15:31.920163 np0000168679 neutron-periodic-workers[105782]: DEBUG dbcounter [-] [105782] Writing DB stats neutron:SELECT=3 {{(pid=105782) stat_writer /opt/stack/data/venv/lib/python3.12/site-packages/dbcounter.py:115}}
Apr 21 06:15:33.923357 np0000168679 neutron-periodic-workers[105787]: DEBUG dbcounter [-] [105787] Writing DB stats neutron:SELECT=1 {{(pid=105787) stat_writer /opt/stack/data/venv/lib/python3.12/site-packages/dbcounter.py:115}}
Apr 21 06:15:58.920992 np0000168679 neutron-periodic-workers[105782]: DEBUG oslo.service.backend._threading.loopingcall [None req-4d22603b-303a-42bf-b95e-68d0f1aebf8a None None] Fixed interval looping call 'neutron.plugins.ml2.plugin.DhcpAgentSchedulerDbMixin.remove_networks_from_down_agents' sleeping for 36.99 seconds {{(pid=105782) _run_loop /opt/stack/data/venv/lib/python3.12/site-packages/oslo_service/backend/_threading/loopingcall.py:125}}
Apr 21 06:16:00.921259 np0000168679 neutron-periodic-workers[105787]: DEBUG neutron.db.agents_db [None req-89417056-1a3a-4f35-a01a-7a5f002df988 None None] Agent healthcheck: found 0 active agents {{(pid=105787) agent_health_check /opt/stack/neutron/neutron/db/agents_db.py:317}}
Apr 21 06:16:00.921804 np0000168679 neutron-periodic-workers[105787]: DEBUG oslo.service.backend._threading.loopingcall [None req-89417056-1a3a-4f35-a01a-7a5f002df988 None None] Fixed interval looping call 'neutron.plugins.ml2.plugin.AgentDbMixin.agent_health_check' sleeping for 36.99 seconds {{(pid=105787) _run_loop /opt/stack/data/venv/lib/python3.12/site-packages/oslo_service/backend/_threading/loopingcall.py:125}}
Apr 21 06:16:08.920162 np0000168679 neutron-periodic-workers[105782]: DEBUG dbcounter [-] [105782] Writing DB stats neutron:SELECT=3 {{(pid=105782) stat_writer /opt/stack/data/venv/lib/python3.12/site-packages/dbcounter.py:115}}
Apr 21 06:16:10.919362 np0000168679 neutron-periodic-workers[105787]: DEBUG dbcounter [-] [105787] Writing DB stats neutron:SELECT=1 {{(pid=105787) stat_writer /opt/stack/data/venv/lib/python3.12/site-packages/dbcounter.py:115}}
Apr 21 06:16:35.921984 np0000168679 neutron-periodic-workers[105782]: DEBUG oslo.service.backend._threading.loopingcall [None req-4d22603b-303a-42bf-b95e-68d0f1aebf8a None None] Fixed interval looping call 'neutron.plugins.ml2.plugin.DhcpAgentSchedulerDbMixin.remove_networks_from_down_agents' sleeping for 36.99 seconds {{(pid=105782) _run_loop /opt/stack/data/venv/lib/python3.12/site-packages/oslo_service/backend/_threading/loopingcall.py:125}}
Apr 21 06:16:37.915646 np0000168679 neutron-periodic-workers[105787]: DEBUG neutron.db.agents_db [None req-89417056-1a3a-4f35-a01a-7a5f002df988 None None] Agent healthcheck: found 0 active agents {{(pid=105787) agent_health_check /opt/stack/neutron/neutron/db/agents_db.py:317}}
Apr 21 06:16:37.916182 np0000168679 neutron-periodic-workers[105787]: DEBUG oslo.service.backend._threading.loopingcall [None req-89417056-1a3a-4f35-a01a-7a5f002df988 None None] Fixed interval looping call 'neutron.plugins.ml2.plugin.AgentDbMixin.agent_health_check' sleeping for 37.00 seconds {{(pid=105787) _run_loop /opt/stack/data/venv/lib/python3.12/site-packages/oslo_service/backend/_threading/loopingcall.py:125}}
Apr 21 06:16:45.920856 np0000168679 neutron-periodic-workers[105782]: DEBUG dbcounter [-] [105782] Writing DB stats neutron:SELECT=3 {{(pid=105782) stat_writer /opt/stack/data/venv/lib/python3.12/site-packages/dbcounter.py:115}}
Apr 21 06:16:47.914491 np0000168679 neutron-periodic-workers[105787]: DEBUG dbcounter [-] [105787] Writing DB stats neutron:SELECT=1 {{(pid=105787) stat_writer /opt/stack/data/venv/lib/python3.12/site-packages/dbcounter.py:115}}
Apr 21 06:17:12.922018 np0000168679 neutron-periodic-workers[105782]: DEBUG oslo.service.backend._threading.loopingcall [None req-4d22603b-303a-42bf-b95e-68d0f1aebf8a None None] Fixed interval looping call 'neutron.plugins.ml2.plugin.DhcpAgentSchedulerDbMixin.remove_networks_from_down_agents' sleeping for 36.99 seconds {{(pid=105782) _run_loop /opt/stack/data/venv/lib/python3.12/site-packages/oslo_service/backend/_threading/loopingcall.py:125}}
Apr 21 06:17:12.954953 np0000168679 neutron-periodic-workers[105798]: DEBUG oslo.service.backend._threading.loopingcall [None req-5109aa38-037e-4772-8d0d-84ee8a48a3b1 None None] Fixed interval looping call 'neutron.db.quota.driver_nolock.DbQuotaNoLockDriver._remove_expired_reservations' sleeping for 119.99 seconds {{(pid=105798) _run_loop /opt/stack/data/venv/lib/python3.12/site-packages/oslo_service/backend/_threading/loopingcall.py:125}}
Apr 21 06:17:14.009156 np0000168679 neutron-periodic-workers[105812]: DEBUG dbcounter [-] [105812] Writer thread running {{(pid=105812) stat_writer /opt/stack/data/venv/lib/python3.12/site-packages/dbcounter.py:102}}
Apr 21 06:17:14.019680 np0000168679 neutron-periodic-workers[105812]: DEBUG oslo.service.backend._threading.loopingcall [None req-29f11a6e-2e41-4214-af6f-5f09ab01d1d8 None None] Fixed interval looping call 'neutron.services.ovn_l3.plugin.L3_NAT_dbonly_mixin._clean_garbage' sleeping for 299.94 seconds {{(pid=105812) _run_loop /opt/stack/data/venv/lib/python3.12/site-packages/oslo_service/backend/_threading/loopingcall.py:125}}
Apr 21 06:17:14.921760 np0000168679 neutron-periodic-workers[105787]: DEBUG neutron.db.agents_db [None req-89417056-1a3a-4f35-a01a-7a5f002df988 None None] Agent healthcheck: found 0 active agents {{(pid=105787) agent_health_check /opt/stack/neutron/neutron/db/agents_db.py:317}}
Apr 21 06:17:14.921760 np0000168679 neutron-periodic-workers[105787]: DEBUG oslo.service.backend._threading.loopingcall [None req-89417056-1a3a-4f35-a01a-7a5f002df988 None None] Fixed interval looping call 'neutron.plugins.ml2.plugin.AgentDbMixin.agent_health_check' sleeping for 36.99 seconds {{(pid=105787) _run_loop /opt/stack/data/venv/lib/python3.12/site-packages/oslo_service/backend/_threading/loopingcall.py:125}}
Apr 21 06:17:22.921184 np0000168679 neutron-periodic-workers[105782]: DEBUG dbcounter [-] [105782] Writing DB stats neutron:SELECT=3 {{(pid=105782) stat_writer /opt/stack/data/venv/lib/python3.12/site-packages/dbcounter.py:115}}
Apr 21 06:17:22.953530 np0000168679 neutron-periodic-workers[105798]: DEBUG dbcounter [-] [105798] Writing DB stats neutron:DELETE=1 {{(pid=105798) stat_writer /opt/stack/data/venv/lib/python3.12/site-packages/dbcounter.py:115}}
Apr 21 06:17:24.008754 np0000168679 neutron-periodic-workers[105812]: DEBUG dbcounter [-] [105812] Writing DB stats neutron:SELECT=1 {{(pid=105812) stat_writer /opt/stack/data/venv/lib/python3.12/site-packages/dbcounter.py:115}}
Apr 21 06:17:24.919765 np0000168679 neutron-periodic-workers[105787]: DEBUG dbcounter [-] [105787] Writing DB stats neutron:SELECT=1 {{(pid=105787) stat_writer /opt/stack/data/venv/lib/python3.12/site-packages/dbcounter.py:115}}
Apr 21 06:17:49.922175 np0000168679 neutron-periodic-workers[105782]: DEBUG oslo.service.backend._threading.loopingcall [None req-4d22603b-303a-42bf-b95e-68d0f1aebf8a None None] Fixed interval looping call 'neutron.plugins.ml2.plugin.DhcpAgentSchedulerDbMixin.remove_networks_from_down_agents' sleeping for 36.99 seconds {{(pid=105782) _run_loop /opt/stack/data/venv/lib/python3.12/site-packages/oslo_service/backend/_threading/loopingcall.py:125}}
Apr 21 06:17:51.922338 np0000168679 neutron-periodic-workers[105787]: DEBUG neutron.db.agents_db [None req-89417056-1a3a-4f35-a01a-7a5f002df988 None None] Agent healthcheck: found 0 active agents {{(pid=105787) agent_health_check /opt/stack/neutron/neutron/db/agents_db.py:317}}
Apr 21 06:17:51.922579 np0000168679 neutron-periodic-workers[105787]: DEBUG oslo.service.backend._threading.loopingcall [None req-89417056-1a3a-4f35-a01a-7a5f002df988 None None] Fixed interval looping call 'neutron.plugins.ml2.plugin.AgentDbMixin.agent_health_check' sleeping for 36.99 seconds {{(pid=105787) _run_loop /opt/stack/data/venv/lib/python3.12/site-packages/oslo_service/backend/_threading/loopingcall.py:125}}
Apr 21 06:17:59.920698 np0000168679 neutron-periodic-workers[105782]: DEBUG dbcounter [-] [105782] Writing DB stats neutron:SELECT=3 {{(pid=105782) stat_writer /opt/stack/data/venv/lib/python3.12/site-packages/dbcounter.py:115}}
Apr 21 06:18:01.918990 np0000168679 neutron-periodic-workers[105787]: DEBUG dbcounter [-] [105787] Writing DB stats neutron:SELECT=1 {{(pid=105787) stat_writer /opt/stack/data/venv/lib/python3.12/site-packages/dbcounter.py:115}}
Apr 21 06:18:26.922836 np0000168679 neutron-periodic-workers[105782]: DEBUG oslo.service.backend._threading.loopingcall [None req-4d22603b-303a-42bf-b95e-68d0f1aebf8a None None] Fixed interval looping call 'neutron.plugins.ml2.plugin.DhcpAgentSchedulerDbMixin.remove_networks_from_down_agents' sleeping for 36.99 seconds {{(pid=105782) _run_loop /opt/stack/data/venv/lib/python3.12/site-packages/oslo_service/backend/_threading/loopingcall.py:125}}
Apr 21 06:18:28.918469 np0000168679 neutron-periodic-workers[105787]: DEBUG neutron.db.agents_db [None req-89417056-1a3a-4f35-a01a-7a5f002df988 None None] Agent healthcheck: found 0 active agents {{(pid=105787) agent_health_check /opt/stack/neutron/neutron/db/agents_db.py:317}}
Apr 21 06:18:28.919207 np0000168679 neutron-periodic-workers[105787]: DEBUG oslo.service.backend._threading.loopingcall [None req-89417056-1a3a-4f35-a01a-7a5f002df988 None None] Fixed interval looping call 'neutron.plugins.ml2.plugin.AgentDbMixin.agent_health_check' sleeping for 36.99 seconds {{(pid=105787) _run_loop /opt/stack/data/venv/lib/python3.12/site-packages/oslo_service/backend/_threading/loopingcall.py:125}}
Apr 21 06:18:36.922074 np0000168679 neutron-periodic-workers[105782]: DEBUG dbcounter [-] [105782] Writing DB stats neutron:SELECT=3 {{(pid=105782) stat_writer /opt/stack/data/venv/lib/python3.12/site-packages/dbcounter.py:115}}
Apr 21 06:18:38.916554 np0000168679 neutron-periodic-workers[105787]: DEBUG dbcounter [-] [105787] Writing DB stats neutron:SELECT=1 {{(pid=105787) stat_writer /opt/stack/data/venv/lib/python3.12/site-packages/dbcounter.py:115}}
Apr 21 06:19:03.922746 np0000168679 neutron-periodic-workers[105782]: DEBUG oslo.service.backend._threading.loopingcall [None req-4d22603b-303a-42bf-b95e-68d0f1aebf8a None None] Fixed interval looping call 'neutron.plugins.ml2.plugin.DhcpAgentSchedulerDbMixin.remove_networks_from_down_agents' sleeping for 36.99 seconds {{(pid=105782) _run_loop /opt/stack/data/venv/lib/python3.12/site-packages/oslo_service/backend/_threading/loopingcall.py:125}}
Apr 21 06:19:05.914619 np0000168679 neutron-periodic-workers[105787]: DEBUG neutron.db.agents_db [None req-89417056-1a3a-4f35-a01a-7a5f002df988 None None] Agent healthcheck: found 0 active agents {{(pid=105787) agent_health_check /opt/stack/neutron/neutron/db/agents_db.py:317}}
Apr 21 06:19:05.915525 np0000168679 neutron-periodic-workers[105787]: DEBUG oslo.service.backend._threading.loopingcall [None req-89417056-1a3a-4f35-a01a-7a5f002df988 None None] Fixed interval looping call 'neutron.plugins.ml2.plugin.AgentDbMixin.agent_health_check' sleeping for 36.99 seconds {{(pid=105787) _run_loop /opt/stack/data/venv/lib/python3.12/site-packages/oslo_service/backend/_threading/loopingcall.py:125}}
Apr 21 06:19:12.951153 np0000168679 neutron-periodic-workers[105798]: DEBUG oslo.service.backend._threading.loopingcall [None req-5109aa38-037e-4772-8d0d-84ee8a48a3b1 None None] Fixed interval looping call 'neutron.db.quota.driver_nolock.DbQuotaNoLockDriver._remove_expired_reservations' sleeping for 119.99 seconds {{(pid=105798) _run_loop /opt/stack/data/venv/lib/python3.12/site-packages/oslo_service/backend/_threading/loopingcall.py:125}}
Apr 21 06:19:13.922563 np0000168679 neutron-periodic-workers[105782]: DEBUG dbcounter [-] [105782] Writing DB stats neutron:SELECT=3 {{(pid=105782) stat_writer /opt/stack/data/venv/lib/python3.12/site-packages/dbcounter.py:115}}
Apr 21 06:19:15.913193 np0000168679 neutron-periodic-workers[105787]: DEBUG dbcounter [-] [105787] Writing DB stats neutron:SELECT=1 {{(pid=105787) stat_writer /opt/stack/data/venv/lib/python3.12/site-packages/dbcounter.py:115}}
Apr 21 06:19:22.948863 np0000168679 neutron-periodic-workers[105798]: DEBUG dbcounter [-] [105798] Writing DB stats neutron:DELETE=1 {{(pid=105798) stat_writer /opt/stack/data/venv/lib/python3.12/site-packages/dbcounter.py:115}}
Apr 21 06:19:40.925409 np0000168679 neutron-periodic-workers[105782]: DEBUG oslo.service.backend._threading.loopingcall [None req-4d22603b-303a-42bf-b95e-68d0f1aebf8a None None] Fixed interval looping call 'neutron.plugins.ml2.plugin.DhcpAgentSchedulerDbMixin.remove_networks_from_down_agents' sleeping for 36.99 seconds {{(pid=105782) _run_loop /opt/stack/data/venv/lib/python3.12/site-packages/oslo_service/backend/_threading/loopingcall.py:125}}
Apr 21 06:19:42.911954 np0000168679 neutron-periodic-workers[105787]: DEBUG neutron.db.agents_db [None req-89417056-1a3a-4f35-a01a-7a5f002df988 None None] Agent healthcheck: found 0 active agents {{(pid=105787) agent_health_check /opt/stack/neutron/neutron/db/agents_db.py:317}}
Apr 21 06:19:42.912596 np0000168679 neutron-periodic-workers[105787]: DEBUG oslo.service.backend._threading.loopingcall [None req-89417056-1a3a-4f35-a01a-7a5f002df988 None None] Fixed interval looping call 'neutron.plugins.ml2.plugin.AgentDbMixin.agent_health_check' sleeping for 36.99 seconds {{(pid=105787) _run_loop /opt/stack/data/venv/lib/python3.12/site-packages/oslo_service/backend/_threading/loopingcall.py:125}}
Apr 21 06:19:50.923901 np0000168679 neutron-periodic-workers[105782]: DEBUG dbcounter [-] [105782] Writing DB stats neutron:SELECT=3 {{(pid=105782) stat_writer /opt/stack/data/venv/lib/python3.12/site-packages/dbcounter.py:115}}
Apr 21 06:19:52.909446 np0000168679 neutron-periodic-workers[105787]: DEBUG dbcounter [-] [105787] Writing DB stats neutron:SELECT=1 {{(pid=105787) stat_writer /opt/stack/data/venv/lib/python3.12/site-packages/dbcounter.py:115}}
Apr 21 06:20:17.923818 np0000168679 neutron-periodic-workers[105782]: DEBUG oslo.service.backend._threading.loopingcall [None req-4d22603b-303a-42bf-b95e-68d0f1aebf8a None None] Fixed interval looping call 'neutron.plugins.ml2.plugin.DhcpAgentSchedulerDbMixin.remove_networks_from_down_agents' sleeping for 36.99 seconds {{(pid=105782) _run_loop /opt/stack/data/venv/lib/python3.12/site-packages/oslo_service/backend/_threading/loopingcall.py:125}}
Apr 21 06:20:19.906267 np0000168679 neutron-periodic-workers[105787]: DEBUG neutron.db.agents_db [None req-89417056-1a3a-4f35-a01a-7a5f002df988 None None] Agent healthcheck: found 0 active agents {{(pid=105787) agent_health_check /opt/stack/neutron/neutron/db/agents_db.py:317}}
Apr 21 06:20:19.907181 np0000168679 neutron-periodic-workers[105787]: DEBUG oslo.service.backend._threading.loopingcall [None req-89417056-1a3a-4f35-a01a-7a5f002df988 None None] Fixed interval looping call 'neutron.plugins.ml2.plugin.AgentDbMixin.agent_health_check' sleeping for 37.00 seconds {{(pid=105787) _run_loop /opt/stack/data/venv/lib/python3.12/site-packages/oslo_service/backend/_threading/loopingcall.py:125}}
Apr 21 06:20:27.923099 np0000168679 neutron-periodic-workers[105782]: DEBUG dbcounter [-] [105782] Writing DB stats neutron:SELECT=3 {{(pid=105782) stat_writer /opt/stack/data/venv/lib/python3.12/site-packages/dbcounter.py:115}}
Apr 21 06:20:29.905904 np0000168679 neutron-periodic-workers[105787]: DEBUG dbcounter [-] [105787] Writing DB stats neutron:SELECT=1 {{(pid=105787) stat_writer /opt/stack/data/venv/lib/python3.12/site-packages/dbcounter.py:115}}
Apr 21 06:20:54.924000 np0000168679 neutron-periodic-workers[105782]: DEBUG oslo.service.backend._threading.loopingcall [None req-4d22603b-303a-42bf-b95e-68d0f1aebf8a None None] Fixed interval looping call 'neutron.plugins.ml2.plugin.DhcpAgentSchedulerDbMixin.remove_networks_from_down_agents' sleeping for 36.99 seconds {{(pid=105782) _run_loop /opt/stack/data/venv/lib/python3.12/site-packages/oslo_service/backend/_threading/loopingcall.py:125}}
Apr 21 06:20:56.912750 np0000168679 neutron-periodic-workers[105787]: DEBUG neutron.db.agents_db [None req-89417056-1a3a-4f35-a01a-7a5f002df988 None None] Agent healthcheck: found 0 active agents {{(pid=105787) agent_health_check /opt/stack/neutron/neutron/db/agents_db.py:317}}
Apr 21 06:20:56.913281 np0000168679 neutron-periodic-workers[105787]: DEBUG oslo.service.backend._threading.loopingcall [None req-89417056-1a3a-4f35-a01a-7a5f002df988 None None] Fixed interval looping call 'neutron.plugins.ml2.plugin.AgentDbMixin.agent_health_check' sleeping for 36.99 seconds {{(pid=105787) _run_loop /opt/stack/data/venv/lib/python3.12/site-packages/oslo_service/backend/_threading/loopingcall.py:125}}
Apr 21 06:21:04.923184 np0000168679 neutron-periodic-workers[105782]: DEBUG dbcounter [-] [105782] Writing DB stats neutron:SELECT=3 {{(pid=105782) stat_writer /opt/stack/data/venv/lib/python3.12/site-packages/dbcounter.py:115}}
Apr 21 06:21:06.910498 np0000168679 neutron-periodic-workers[105787]: DEBUG dbcounter [-] [105787] Writing DB stats neutron:SELECT=1 {{(pid=105787) stat_writer /opt/stack/data/venv/lib/python3.12/site-packages/dbcounter.py:115}}
Apr 21 06:21:12.945969 np0000168679 neutron-periodic-workers[105798]: DEBUG oslo.service.backend._threading.loopingcall [None req-5109aa38-037e-4772-8d0d-84ee8a48a3b1 None None] Fixed interval looping call 'neutron.db.quota.driver_nolock.DbQuotaNoLockDriver._remove_expired_reservations' sleeping for 120.00 seconds {{(pid=105798) _run_loop /opt/stack/data/venv/lib/python3.12/site-packages/oslo_service/backend/_threading/loopingcall.py:125}}
Apr 21 06:21:22.944621 np0000168679 neutron-periodic-workers[105798]: DEBUG dbcounter [-] [105798] Writing DB stats neutron:DELETE=1 {{(pid=105798) stat_writer /opt/stack/data/venv/lib/python3.12/site-packages/dbcounter.py:115}}
Apr 21 06:21:31.924206 np0000168679 neutron-periodic-workers[105782]: DEBUG oslo.service.backend._threading.loopingcall [None req-4d22603b-303a-42bf-b95e-68d0f1aebf8a None None] Fixed interval looping call 'neutron.plugins.ml2.plugin.DhcpAgentSchedulerDbMixin.remove_networks_from_down_agents' sleeping for 36.99 seconds {{(pid=105782) _run_loop /opt/stack/data/venv/lib/python3.12/site-packages/oslo_service/backend/_threading/loopingcall.py:125}}
Apr 21 06:21:33.908096 np0000168679 neutron-periodic-workers[105787]: DEBUG neutron.db.agents_db [None req-89417056-1a3a-4f35-a01a-7a5f002df988 None None] Agent healthcheck: found 0 active agents {{(pid=105787) agent_health_check /opt/stack/neutron/neutron/db/agents_db.py:317}}
Apr 21 06:21:33.909028 np0000168679 neutron-periodic-workers[105787]: DEBUG oslo.service.backend._threading.loopingcall [None req-89417056-1a3a-4f35-a01a-7a5f002df988 None None] Fixed interval looping call 'neutron.plugins.ml2.plugin.AgentDbMixin.agent_health_check' sleeping for 37.00 seconds {{(pid=105787) _run_loop /opt/stack/data/venv/lib/python3.12/site-packages/oslo_service/backend/_threading/loopingcall.py:125}}
Apr 21 06:21:41.922739 np0000168679 neutron-periodic-workers[105782]: DEBUG dbcounter [-] [105782] Writing DB stats neutron:SELECT=3 {{(pid=105782) stat_writer /opt/stack/data/venv/lib/python3.12/site-packages/dbcounter.py:115}}
Apr 21 06:21:43.906743 np0000168679 neutron-periodic-workers[105787]: DEBUG dbcounter [-] [105787] Writing DB stats neutron:SELECT=1 {{(pid=105787) stat_writer /opt/stack/data/venv/lib/python3.12/site-packages/dbcounter.py:115}}
Apr 21 06:22:08.921268 np0000168679 neutron-periodic-workers[105782]: DEBUG oslo.service.backend._threading.loopingcall [None req-4d22603b-303a-42bf-b95e-68d0f1aebf8a None None] Fixed interval looping call 'neutron.plugins.ml2.plugin.DhcpAgentSchedulerDbMixin.remove_networks_from_down_agents' sleeping for 36.99 seconds {{(pid=105782) _run_loop /opt/stack/data/venv/lib/python3.12/site-packages/oslo_service/backend/_threading/loopingcall.py:125}}
Apr 21 06:22:10.914369 np0000168679 neutron-periodic-workers[105787]: DEBUG neutron.db.agents_db [None req-89417056-1a3a-4f35-a01a-7a5f002df988 None None] Agent healthcheck: found 0 active agents {{(pid=105787) agent_health_check /opt/stack/neutron/neutron/db/agents_db.py:317}}
Apr 21 06:22:10.915118 np0000168679 neutron-periodic-workers[105787]: DEBUG oslo.service.backend._threading.loopingcall [None req-89417056-1a3a-4f35-a01a-7a5f002df988 None None] Fixed interval looping call 'neutron.plugins.ml2.plugin.AgentDbMixin.agent_health_check' sleeping for 36.99 seconds {{(pid=105787) _run_loop /opt/stack/data/venv/lib/python3.12/site-packages/oslo_service/backend/_threading/loopingcall.py:125}}
Apr 21 06:22:13.970077 np0000168679 neutron-periodic-workers[105812]: DEBUG oslo.service.backend._threading.loopingcall [None req-29f11a6e-2e41-4214-af6f-5f09ab01d1d8 None None] Fixed interval looping call 'neutron.services.ovn_l3.plugin.L3_NAT_dbonly_mixin._clean_garbage' sleeping for 299.99 seconds {{(pid=105812) _run_loop /opt/stack/data/venv/lib/python3.12/site-packages/oslo_service/backend/_threading/loopingcall.py:125}}
Apr 21 06:22:18.920500 np0000168679 neutron-periodic-workers[105782]: DEBUG dbcounter [-] [105782] Writing DB stats neutron:SELECT=3 {{(pid=105782) stat_writer /opt/stack/data/venv/lib/python3.12/site-packages/dbcounter.py:115}}
Apr 21 06:22:20.912325 np0000168679 neutron-periodic-workers[105787]: DEBUG dbcounter [-] [105787] Writing DB stats neutron:SELECT=1 {{(pid=105787) stat_writer /opt/stack/data/venv/lib/python3.12/site-packages/dbcounter.py:115}}
Apr 21 06:22:23.964726 np0000168679 neutron-periodic-workers[105812]: DEBUG dbcounter [-] [105812] Writing DB stats neutron:SELECT=1 {{(pid=105812) stat_writer /opt/stack/data/venv/lib/python3.12/site-packages/dbcounter.py:115}}
Apr 21 06:22:45.921304 np0000168679 neutron-periodic-workers[105782]: DEBUG oslo.service.backend._threading.loopingcall [None req-4d22603b-303a-42bf-b95e-68d0f1aebf8a None None] Fixed interval looping call 'neutron.plugins.ml2.plugin.DhcpAgentSchedulerDbMixin.remove_networks_from_down_agents' sleeping for 36.99 seconds {{(pid=105782) _run_loop /opt/stack/data/venv/lib/python3.12/site-packages/oslo_service/backend/_threading/loopingcall.py:125}}
Apr 21 06:22:47.908947 np0000168679 neutron-periodic-workers[105787]: DEBUG neutron.db.agents_db [None req-89417056-1a3a-4f35-a01a-7a5f002df988 None None] Agent healthcheck: found 0 active agents {{(pid=105787) agent_health_check /opt/stack/neutron/neutron/db/agents_db.py:317}}
Apr 21 06:22:47.909566 np0000168679 neutron-periodic-workers[105787]: DEBUG oslo.service.backend._threading.loopingcall [None req-89417056-1a3a-4f35-a01a-7a5f002df988 None None] Fixed interval looping call 'neutron.plugins.ml2.plugin.AgentDbMixin.agent_health_check' sleeping for 37.00 seconds {{(pid=105787) _run_loop /opt/stack/data/venv/lib/python3.12/site-packages/oslo_service/backend/_threading/loopingcall.py:125}}
Apr 21 06:22:55.920277 np0000168679 neutron-periodic-workers[105782]: DEBUG dbcounter [-] [105782] Writing DB stats neutron:SELECT=3 {{(pid=105782) stat_writer /opt/stack/data/venv/lib/python3.12/site-packages/dbcounter.py:115}}
