Jun 30 00:25:25.799083 np0000183499 devstack@n-api.service[100065]: DEBUG oslo_concurrency.lockutils [None req-54f928f5-54e9-4635-86c6-f7926656c823 demo demo] Lock "e6ed1fa6-86c8-4aee-9aac-815f47dc4a4e" acquired by "nova.context.set_target_cell..get_or_set_cached_cell_and_set_connections" :: waited 0.001s {{(pid=100065) inner /opt/stack/data/venv/lib/python3.12/site-packages/oslo_concurrency/lockutils.py:524}}
Jun 30 00:25:25.799083 np0000183499 devstack@n-api.service[100065]: DEBUG oslo_concurrency.lockutils [None req-54f928f5-54e9-4635-86c6-f7926656c823 demo demo] Lock "e6ed1fa6-86c8-4aee-9aac-815f47dc4a4e" "released" by "nova.context.set_target_cell..get_or_set_cached_cell_and_set_connections" :: held 0.000s {{(pid=100065) inner /opt/stack/data/venv/lib/python3.12/site-packages/oslo_concurrency/lockutils.py:543}}
Jun 30 00:25:25.799571 np0000183499 devstack@n-api.service[100065]: DEBUG oslo_concurrency.lockutils [None req-54f928f5-54e9-4635-86c6-f7926656c823 demo demo] Acquiring lock "e6ed1fa6-86c8-4aee-9aac-815f47dc4a4e" by "nova.context.set_target_cell..get_or_set_cached_cell_and_set_connections" {{(pid=100065) inner /opt/stack/data/venv/lib/python3.12/site-packages/oslo_concurrency/lockutils.py:511}}
Jun 30 00:25:25.799895 np0000183499 devstack@n-api.service[100065]: DEBUG oslo_concurrency.lockutils [None req-54f928f5-54e9-4635-86c6-f7926656c823 demo demo] Lock "e6ed1fa6-86c8-4aee-9aac-815f47dc4a4e" acquired by "nova.context.set_target_cell..get_or_set_cached_cell_and_set_connections" :: waited 0.000s {{(pid=100065) inner /opt/stack/data/venv/lib/python3.12/site-packages/oslo_concurrency/lockutils.py:524}}
Jun 30 00:25:25.800215 np0000183499 devstack@n-api.service[100065]: DEBUG oslo_concurrency.lockutils [None req-54f928f5-54e9-4635-86c6-f7926656c823 demo demo] Lock "e6ed1fa6-86c8-4aee-9aac-815f47dc4a4e" "released" by "nova.context.set_target_cell..get_or_set_cached_cell_and_set_connections" :: held 0.000s {{(pid=100065) inner /opt/stack/data/venv/lib/python3.12/site-packages/oslo_concurrency/lockutils.py:543}}
Jun 30 00:25:25.823450 np0000183499 devstack@n-api.service[100065]: WARNING neutronclient.v2_0.client [None req-54f928f5-54e9-4635-86c6-f7926656c823 demo demo] The python binding code in neutronclient is deprecated in favor of OpenstackSDK, please use that as this will be removed in a future release.
Jun 30 00:25:25.973562 np0000183499 devstack@n-api.service[100065]: DEBUG nova.policy [None req-54f928f5-54e9-4635-86c6-f7926656c823 demo demo] Policy check for os_compute_api:os-extended-server-attributes failed with credentials {'is_admin': False, 'user_id': '2fede69a36d844f5b2a3777b80e6b16f', 'user_domain_id': 'default', 'system_scope': None, 'domain_id': None, 'project_id': 'f8c77ea02bbc4303b093dd7ee72a4f29', 'project_domain_id': 'default', 'roles': ['reader', 'load-balancer_member', 'anotherrole', 'member'], 'is_admin_project': True, 'service_user_id': None, 'service_user_domain_id': None, 'service_project_id': None, 'service_project_domain_id': None, 'service_roles': []} {{(pid=100065) authorize /opt/stack/nova/nova/policy.py:192}}
Jun 30 00:25:25.980426 np0000183499 devstack@n-api.service[100065]: DEBUG nova.policy [None req-54f928f5-54e9-4635-86c6-f7926656c823 demo demo] Policy check for os_compute_api:servers:show:host_status failed with credentials {'is_admin': False, 'user_id': '2fede69a36d844f5b2a3777b80e6b16f', 'user_domain_id': 'default', 'system_scope': None, 'domain_id': None, 'project_id': 'f8c77ea02bbc4303b093dd7ee72a4f29', 'project_domain_id': 'default', 'roles': ['reader', 'load-balancer_member', 'anotherrole', 'member'], 'is_admin_project': True, 'service_user_id': None, 'service_user_domain_id': None, 'service_project_id': None, 'service_project_domain_id': None, 'service_roles': []} {{(pid=100065) authorize /opt/stack/nova/nova/policy.py:192}}
Jun 30 00:25:25.981112 np0000183499 devstack@n-api.service[100065]: DEBUG nova.policy [None req-54f928f5-54e9-4635-86c6-f7926656c823 demo demo] Policy check for os_compute_api:servers:show:host_status:unknown-only failed with credentials {'is_admin': False, 'user_id': '2fede69a36d844f5b2a3777b80e6b16f', 'user_domain_id': 'default', 'system_scope': None, 'domain_id': None, 'project_id': 'f8c77ea02bbc4303b093dd7ee72a4f29', 'project_domain_id': 'default', 'roles': ['reader', 'load-balancer_member', 'anotherrole', 'member'], 'is_admin_project': True, 'service_user_id': None, 'service_user_domain_id': None, 'service_project_id': None, 'service_project_domain_id': None, 'service_roles': []} {{(pid=100065) authorize /opt/stack/nova/nova/policy.py:192}}
Jun 30 00:25:25.986599 np0000183499 devstack@n-api.service[100065]: INFO nova.api.openstack.requestlog [None req-54f928f5-54e9-4635-86c6-f7926656c823 demo demo] 172.18.0.2 "GET /compute/v2.1/servers/a9e28404-6f3e-494b-a505-cf28bf82f13a" status: 200 len: 1588 microversion: 2.38 time: 0.197713
Jun 30 00:25:25.986934 np0000183499 devstack@n-api.service[100065]: [pid: 100065|app: 0|req: 37/148] 199.204.45.210 () {68 vars in 1487 bytes} [Tue Jun 30 00:25:25 2026] GET /compute/v2.1/servers/a9e28404-6f3e-494b-a505-cf28bf82f13a => generated 1588 bytes in 198 msecs (HTTP/1.1 200) 9 headers in 360 bytes (1 switches on core 0)
Jun 30 00:25:26.654870 np0000183499 devstack@n-api.service[100063]: DEBUG nova.api.openstack.wsgi [None req-d97d3cf4-950f-4cf7-a1d4-3cc5c5642a37 None None] Calling method '>' {{(pid=100063) _process_stack /opt/stack/nova/nova/api/openstack/wsgi.py:551}}
Jun 30 00:25:26.657192 np0000183499 devstack@n-api.service[100064]: DEBUG nova.api.openstack.wsgi [None req-4a9313a4-ec53-49b5-b5ca-260fb8c92eb2 demo demo] Calling method '>' {{(pid=100064) _process_stack /opt/stack/nova/nova/api/openstack/wsgi.py:551}}
Jun 30 00:25:26.659300 np0000183499 devstack@n-api.service[100063]: INFO nova.api.openstack.requestlog [None req-d97d3cf4-950f-4cf7-a1d4-3cc5c5642a37 None None] 172.18.0.2 "GET /compute/v2.1/" status: 200 len: 393 microversion: 2.1 time: 0.003759
Jun 30 00:25:26.659300 np0000183499 devstack@n-api.service[100063]: [pid: 100063|app: 0|req: 38/149] 199.204.45.210 () {64 vars in 1272 bytes} [Tue Jun 30 00:25:26 2026] GET /compute/v2.1/ => generated 393 bytes in 4 msecs (HTTP/1.1 200) 9 headers in 357 bytes (1 switches on core 0)
Jun 30 00:25:26.665555 np0000183499 devstack@n-api.service[100064]: INFO nova.api.openstack.requestlog [None req-4a9313a4-ec53-49b5-b5ca-260fb8c92eb2 demo demo] 172.18.0.2 "GET /compute/v2.1/" status: 200 len: 393 microversion: 2.1 time: 0.008399
Jun 30 00:25:26.666682 np0000183499 devstack@n-api.service[100064]: [pid: 100064|app: 0|req: 38/150] 199.204.45.210 () {64 vars in 1272 bytes} [Tue Jun 30 00:25:26 2026] GET /compute/v2.1/ => generated 393 bytes in 9 msecs (HTTP/1.1 200) 9 headers in 357 bytes (1 switches on core 0)
Jun 30 00:25:26.674506 np0000183499 devstack@n-api.service[100065]: DEBUG nova.api.openstack.wsgi [None req-d8540b75-73ad-4f5e-adc8-3233a7901455 demo demo] Calling method '>' {{(pid=100065) _process_stack /opt/stack/nova/nova/api/openstack/wsgi.py:551}}
Jun 30 00:25:26.675793 np0000183499 devstack@n-api.service[100066]: DEBUG nova.api.openstack.wsgi [None req-84fa7d60-8057-48d4-a848-2bd5c72f2ddb demo demo] Calling method '>' {{(pid=100066) _process_stack /opt/stack/nova/nova/api/openstack/wsgi.py:551}}
Jun 30 00:25:26.693507 np0000183499 devstack@n-api.service[100065]: INFO nova.api.openstack.requestlog [None req-d8540b75-73ad-4f5e-adc8-3233a7901455 demo demo] 172.18.0.2 "GET /compute/v2.1/flavors/detail" status: 200 len: 4022 microversion: 2.38 time: 0.021728
Jun 30 00:25:26.693870 np0000183499 devstack@n-api.service[100065]: [pid: 100065|app: 0|req: 38/151] 199.204.45.210 () {68 vars in 1397 bytes} [Tue Jun 30 00:25:26 2026] GET /compute/v2.1/flavors/detail => generated 4022 bytes in 22 msecs (HTTP/1.1 200) 9 headers in 360 bytes (1 switches on core 0)
Jun 30 00:25:26.702970 np0000183499 devstack@n-api.service[100066]: INFO nova.api.openstack.requestlog [None req-84fa7d60-8057-48d4-a848-2bd5c72f2ddb demo demo] 172.18.0.2 "GET /compute/v2.1/flavors/detail" status: 200 len: 4022 microversion: 2.38 time: 0.035184
Jun 30 00:25:26.703344 np0000183499 devstack@n-api.service[100066]: [pid: 100066|app: 0|req: 38/152] 199.204.45.210 () {68 vars in 1397 bytes} [Tue Jun 30 00:25:26 2026] GET /compute/v2.1/flavors/detail => generated 4022 bytes in 36 msecs (HTTP/1.1 200) 9 headers in 360 bytes (1 switches on core 0)
Jun 30 00:25:26.753755 np0000183499 devstack@n-api.service[100063]: DEBUG nova.api.openstack.wsgi [None req-d97d3cf4-950f-4cf7-a1d4-3cc5c5642a37 None None] Calling method '>' {{(pid=100063) _process_stack /opt/stack/nova/nova/api/openstack/wsgi.py:551}}
Jun 30 00:25:26.760063 np0000183499 devstack@n-api.service[100063]: INFO nova.api.openstack.requestlog [None req-d97d3cf4-950f-4cf7-a1d4-3cc5c5642a37 None None] 172.18.0.2 "GET /compute/v2.1/" status: 200 len: 393 microversion: 2.1 time: 0.006202
Jun 30 00:25:26.760063 np0000183499 devstack@n-api.service[100063]: [pid: 100063|app: 0|req: 39/153] 199.204.45.210 () {64 vars in 1272 bytes} [Tue Jun 30 00:25:26 2026] GET /compute/v2.1/ => generated 393 bytes in 6 msecs (HTTP/1.1 200) 9 headers in 357 bytes (1 switches on core 0)
Jun 30 00:25:26.769542 np0000183499 devstack@n-api.service[100064]: DEBUG nova.api.openstack.wsgi [None req-5e264469-0bf8-4062-bb20-d3705ba55b68 demo demo] Calling method '>' {{(pid=100064) _process_stack /opt/stack/nova/nova/api/openstack/wsgi.py:551}}
Jun 30 00:25:26.770508 np0000183499 devstack@n-api.service[100065]: DEBUG nova.api.openstack.wsgi [None req-d8540b75-73ad-4f5e-adc8-3233a7901455 demo demo] Calling method '>' {{(pid=100065) _process_stack /opt/stack/nova/nova/api/openstack/wsgi.py:551}}
Jun 30 00:25:26.776086 np0000183499 devstack@n-api.service[100065]: INFO nova.api.openstack.requestlog [None req-d8540b75-73ad-4f5e-adc8-3233a7901455 demo demo] 172.18.0.2 "GET /compute/v2.1/" status: 200 len: 393 microversion: 2.1 time: 0.005926
Jun 30 00:25:26.776536 np0000183499 devstack@n-api.service[100065]: [pid: 100065|app: 0|req: 39/154] 199.204.45.210 () {64 vars in 1272 bytes} [Tue Jun 30 00:25:26 2026] GET /compute/v2.1/ => generated 393 bytes in 7 msecs (HTTP/1.1 200) 9 headers in 357 bytes (1 switches on core 0)
Jun 30 00:25:26.787476 np0000183499 devstack@n-api.service[100066]: DEBUG nova.api.openstack.wsgi [None req-2907fa3d-cca5-40ec-bd67-994924138114 demo demo] Calling method '>' {{(pid=100066) _process_stack /opt/stack/nova/nova/api/openstack/wsgi.py:551}}
Jun 30 00:25:26.795930 np0000183499 devstack@n-api.service[100064]: INFO nova.api.openstack.requestlog [None req-5e264469-0bf8-4062-bb20-d3705ba55b68 demo demo] 172.18.0.2 "GET /compute/v2.1/flavors/detail" status: 200 len: 4022 microversion: 2.38 time: 0.029854
Jun 30 00:25:26.796191 np0000183499 devstack@n-api.service[100064]: [pid: 100064|app: 0|req: 39/155] 199.204.45.210 () {68 vars in 1397 bytes} [Tue Jun 30 00:25:26 2026] GET /compute/v2.1/flavors/detail => generated 4022 bytes in 31 msecs (HTTP/1.1 200) 9 headers in 360 bytes (1 switches on core 0)
Jun 30 00:25:26.811467 np0000183499 devstack@n-api.service[100066]: INFO nova.api.openstack.requestlog [None req-2907fa3d-cca5-40ec-bd67-994924138114 demo demo] 172.18.0.2 "GET /compute/v2.1/flavors/detail" status: 200 len: 4022 microversion: 2.38 time: 0.026196
Jun 30 00:25:26.811786 np0000183499 devstack@n-api.service[100066]: [pid: 100066|app: 0|req: 39/156] 199.204.45.210 () {68 vars in 1397 bytes} [Tue Jun 30 00:25:26 2026] GET /compute/v2.1/flavors/detail => generated 4022 bytes in 27 msecs (HTTP/1.1 200) 9 headers in 360 bytes (1 switches on core 0)
Jun 30 00:25:27.428607 np0000183499 devstack@n-api.service[100063]: DEBUG nova.api.openstack.wsgi [None req-d97d3cf4-950f-4cf7-a1d4-3cc5c5642a37 None None] Calling method '>' {{(pid=100063) _process_stack /opt/stack/nova/nova/api/openstack/wsgi.py:551}}
Jun 30 00:25:27.432221 np0000183499 devstack@n-api.service[100063]: INFO nova.api.openstack.requestlog [None req-d97d3cf4-950f-4cf7-a1d4-3cc5c5642a37 None None] 172.18.0.2 "GET /compute/v2.1/" status: 200 len: 393 microversion: 2.1 time: 0.006561
Jun 30 00:25:27.432221 np0000183499 devstack@n-api.service[100063]: [pid: 100063|app: 0|req: 40/157] 199.204.45.210 () {64 vars in 1272 bytes} [Tue Jun 30 00:25:27 2026] GET /compute/v2.1/ => generated 393 bytes in 7 msecs (HTTP/1.1 200) 9 headers in 357 bytes (1 switches on core 0)
Jun 30 00:25:27.443071 np0000183499 devstack@n-api.service[100065]: DEBUG nova.api.openstack.wsgi [None req-4720f940-0266-4a8e-994a-a3891fe21c92 demo demo] Calling method '>' {{(pid=100065) _process_stack /opt/stack/nova/nova/api/openstack/wsgi.py:551}}
Jun 30 00:25:27.452825 np0000183499 devstack@n-api.service[100065]: DEBUG nova.policy [None req-4720f940-0266-4a8e-994a-a3891fe21c92 demo demo] Policy check for os_compute_api:servers:allow_all_filters failed with credentials {'is_admin': False, 'user_id': '2fede69a36d844f5b2a3777b80e6b16f', 'user_domain_id': 'default', 'system_scope': None, 'domain_id': None, 'project_id': 'f8c77ea02bbc4303b093dd7ee72a4f29', 'project_domain_id': 'default', 'roles': ['reader', 'load-balancer_member', 'anotherrole', 'member'], 'is_admin_project': True, 'service_user_id': None, 'service_user_domain_id': None, 'service_project_id': None, 'service_project_domain_id': None, 'service_roles': []} {{(pid=100065) authorize /opt/stack/nova/nova/policy.py:192}}
Jun 30 00:25:27.454081 np0000183499 devstack@n-api.service[100065]: DEBUG nova.compute.api [None req-4720f940-0266-4a8e-994a-a3891fe21c92 demo demo] Searching by: {'name': '^kube-53er0-default-worker-t5gg6-572sc-b5f5b$', 'deleted': False, 'project_id': 'f8c77ea02bbc4303b093dd7ee72a4f29'} {{(pid=100065) get_all /opt/stack/nova/nova/compute/api.py:3110}}
Jun 30 00:25:27.460669 np0000183499 devstack@n-api.service[100065]: DEBUG oslo_concurrency.lockutils [None req-4720f940-0266-4a8e-994a-a3891fe21c92 demo demo] Acquiring lock "00000000-0000-0000-0000-000000000000" by "nova.context.set_target_cell..get_or_set_cached_cell_and_set_connections" {{(pid=100065) inner /opt/stack/data/venv/lib/python3.12/site-packages/oslo_concurrency/lockutils.py:511}}
Jun 30 00:25:27.460855 np0000183499 devstack@n-api.service[100065]: DEBUG oslo_concurrency.lockutils [None req-4720f940-0266-4a8e-994a-a3891fe21c92 demo demo] Lock "00000000-0000-0000-0000-000000000000" acquired by "nova.context.set_target_cell..get_or_set_cached_cell_and_set_connections" :: waited 0.000s {{(pid=100065) inner /opt/stack/data/venv/lib/python3.12/site-packages/oslo_concurrency/lockutils.py:524}}
Jun 30 00:25:27.461071 np0000183499 devstack@n-api.service[100065]: DEBUG oslo_concurrency.lockutils [None req-4720f940-0266-4a8e-994a-a3891fe21c92 demo demo] Lock "00000000-0000-0000-0000-000000000000" "released" by "nova.context.set_target_cell..get_or_set_cached_cell_and_set_connections" :: held 0.000s {{(pid=100065) inner /opt/stack/data/venv/lib/python3.12/site-packages/oslo_concurrency/lockutils.py:543}}
Jun 30 00:25:27.461497 np0000183499 devstack@n-api.service[100065]: DEBUG oslo_concurrency.lockutils [None req-4720f940-0266-4a8e-994a-a3891fe21c92 demo demo] Acquiring lock "e6ed1fa6-86c8-4aee-9aac-815f47dc4a4e" by "nova.context.set_target_cell..get_or_set_cached_cell_and_set_connections" {{(pid=100065) inner /opt/stack/data/venv/lib/python3.12/site-packages/oslo_concurrency/lockutils.py:511}}
Jun 30 00:25:27.465358 np0000183499 devstack@n-api.service[100065]: DEBUG oslo_concurrency.lockutils [None req-4720f940-0266-4a8e-994a-a3891fe21c92 demo demo] Lock "e6ed1fa6-86c8-4aee-9aac-815f47dc4a4e" acquired by "nova.context.set_target_cell..get_or_set_cached_cell_and_set_connections" :: waited 0.000s {{(pid=100065) inner /opt/stack/data/venv/lib/python3.12/site-packages/oslo_concurrency/lockutils.py:524}}
Jun 30 00:25:27.465358 np0000183499 devstack@n-api.service[100065]: DEBUG oslo_concurrency.lockutils [None req-4720f940-0266-4a8e-994a-a3891fe21c92 demo demo] Lock "e6ed1fa6-86c8-4aee-9aac-815f47dc4a4e" "released" by "nova.context.set_target_cell..get_or_set_cached_cell_and_set_connections" :: held 0.000s {{(pid=100065) inner /opt/stack/data/venv/lib/python3.12/site-packages/oslo_concurrency/lockutils.py:543}}
Jun 30 00:25:27.557070 np0000183499 devstack@n-api.service[100065]: DEBUG oslo_concurrency.lockutils [None req-4720f940-0266-4a8e-994a-a3891fe21c92 demo demo] Acquiring lock "00000000-0000-0000-0000-000000000000" by "nova.context.set_target_cell..get_or_set_cached_cell_and_set_connections" {{(pid=100065) inner /opt/stack/data/venv/lib/python3.12/site-packages/oslo_concurrency/lockutils.py:511}}
Jun 30 00:25:27.557409 np0000183499 devstack@n-api.service[100065]: DEBUG oslo_concurrency.lockutils [None req-4720f940-0266-4a8e-994a-a3891fe21c92 demo demo] Lock "00000000-0000-0000-0000-000000000000" acquired by "nova.context.set_target_cell..get_or_set_cached_cell_and_set_connections" :: waited 0.000s {{(pid=100065) inner /opt/stack/data/venv/lib/python3.12/site-packages/oslo_concurrency/lockutils.py:524}}
Jun 30 00:25:27.557724 np0000183499 devstack@n-api.service[100065]: DEBUG oslo_concurrency.lockutils [None req-4720f940-0266-4a8e-994a-a3891fe21c92 demo demo] Lock "00000000-0000-0000-0000-000000000000" "released" by "nova.context.set_target_cell..get_or_set_cached_cell_and_set_connections" :: held 0.000s {{(pid=100065) inner /opt/stack/data/venv/lib/python3.12/site-packages/oslo_concurrency/lockutils.py:543}}
Jun 30 00:25:27.558232 np0000183499 devstack@n-api.service[100065]: DEBUG oslo_concurrency.lockutils [None req-4720f940-0266-4a8e-994a-a3891fe21c92 demo demo] Acquiring lock "e6ed1fa6-86c8-4aee-9aac-815f47dc4a4e" by "nova.context.set_target_cell..get_or_set_cached_cell_and_set_connections" {{(pid=100065) inner /opt/stack/data/venv/lib/python3.12/site-packages/oslo_concurrency/lockutils.py:511}}
Jun 30 00:25:27.559501 np0000183499 devstack@n-api.service[100065]: DEBUG oslo_concurrency.lockutils [None req-4720f940-0266-4a8e-994a-a3891fe21c92 demo demo] Lock "e6ed1fa6-86c8-4aee-9aac-815f47dc4a4e" acquired by "nova.context.set_target_cell..get_or_set_cached_cell_and_set_connections" :: waited 0.001s {{(pid=100065) inner /opt/stack/data/venv/lib/python3.12/site-packages/oslo_concurrency/lockutils.py:524}}
Jun 30 00:25:27.559764 np0000183499 devstack@n-api.service[100065]: DEBUG oslo_concurrency.lockutils [None req-4720f940-0266-4a8e-994a-a3891fe21c92 demo demo] Lock "e6ed1fa6-86c8-4aee-9aac-815f47dc4a4e" "released" by "nova.context.set_target_cell..get_or_set_cached_cell_and_set_connections" :: held 0.000s {{(pid=100065) inner /opt/stack/data/venv/lib/python3.12/site-packages/oslo_concurrency/lockutils.py:543}}
Jun 30 00:25:27.562625 np0000183499 devstack@n-api.service[100065]: DEBUG nova.policy [None req-4720f940-0266-4a8e-994a-a3891fe21c92 demo demo] Policy check for os_compute_api:os-extended-server-attributes failed with credentials {'is_admin': False, 'user_id': '2fede69a36d844f5b2a3777b80e6b16f', 'user_domain_id': 'default', 'system_scope': None, 'domain_id': None, 'project_id': 'f8c77ea02bbc4303b093dd7ee72a4f29', 'project_domain_id': 'default', 'roles': ['reader', 'load-balancer_member', 'anotherrole', 'member'], 'is_admin_project': True, 'service_user_id': None, 'service_user_domain_id': None, 'service_project_id': None, 'service_project_domain_id': None, 'service_roles': []} {{(pid=100065) authorize /opt/stack/nova/nova/policy.py:192}}
Jun 30 00:25:27.569034 np0000183499 devstack@n-api.service[100065]: DEBUG nova.policy [None req-4720f940-0266-4a8e-994a-a3891fe21c92 demo demo] Policy check for os_compute_api:servers:show:host_status failed with credentials {'is_admin': False, 'user_id': '2fede69a36d844f5b2a3777b80e6b16f', 'user_domain_id': 'default', 'system_scope': None, 'domain_id': None, 'project_id': 'f8c77ea02bbc4303b093dd7ee72a4f29', 'project_domain_id': 'default', 'roles': ['reader', 'load-balancer_member', 'anotherrole', 'member'], 'is_admin_project': True, 'service_user_id': None, 'service_user_domain_id': None, 'service_project_id': None, 'service_project_domain_id': None, 'service_roles': []} {{(pid=100065) authorize /opt/stack/nova/nova/policy.py:192}}
Jun 30 00:25:27.569723 np0000183499 devstack@n-api.service[100065]: DEBUG nova.policy [None req-4720f940-0266-4a8e-994a-a3891fe21c92 demo demo] Policy check for os_compute_api:servers:show:host_status:unknown-only failed with credentials {'is_admin': False, 'user_id': '2fede69a36d844f5b2a3777b80e6b16f', 'user_domain_id': 'default', 'system_scope': None, 'domain_id': None, 'project_id': 'f8c77ea02bbc4303b093dd7ee72a4f29', 'project_domain_id': 'default', 'roles': ['reader', 'load-balancer_member', 'anotherrole', 'member'], 'is_admin_project': True, 'service_user_id': None, 'service_user_domain_id': None, 'service_project_id': None, 'service_project_domain_id': None, 'service_roles': []} {{(pid=100065) authorize /opt/stack/nova/nova/policy.py:192}}
Jun 30 00:25:27.572416 np0000183499 devstack@n-api.service[100065]: INFO nova.api.openstack.requestlog [None req-4720f940-0266-4a8e-994a-a3891fe21c92 demo demo] 172.18.0.2 "GET /compute/v2.1/servers/detail?name=%5Ekube-53er0-default-worker-t5gg6-572sc-b5f5b%24" status: 200 len: 15 microversion: 2.38 time: 0.132770
Jun 30 00:25:27.572752 np0000183499 devstack@n-api.service[100065]: [pid: 100065|app: 0|req: 40/158] 199.204.45.210 () {68 vars in 1506 bytes} [Tue Jun 30 00:25:27 2026] GET /compute/v2.1/servers/detail?name=%5Ekube-53er0-default-worker-t5gg6-572sc-b5f5b%24 => generated 15 bytes in 134 msecs (HTTP/1.1 200) 9 headers in 358 bytes (1 switches on core 0)
Jun 30 00:25:27.583823 np0000183499 devstack@n-api.service[100064]: DEBUG nova.api.openstack.wsgi [None req-5e264469-0bf8-4062-bb20-d3705ba55b68 demo demo] Calling method '>' {{(pid=100064) _process_stack /opt/stack/nova/nova/api/openstack/wsgi.py:551}}
Jun 30 00:25:27.590194 np0000183499 devstack@n-api.service[100064]: INFO nova.api.openstack.requestlog [None req-5e264469-0bf8-4062-bb20-d3705ba55b68 demo demo] 172.18.0.2 "GET /compute/v2.1/" status: 200 len: 393 microversion: 2.1 time: 0.003776
Jun 30 00:25:27.590194 np0000183499 devstack@n-api.service[100064]: [pid: 100064|app: 0|req: 40/159] 199.204.45.210 () {64 vars in 1272 bytes} [Tue Jun 30 00:25:27 2026] GET /compute/v2.1/ => generated 393 bytes in 4 msecs (HTTP/1.1 200) 9 headers in 357 bytes (1 switches on core 0)
Jun 30 00:25:27.604237 np0000183499 devstack@n-api.service[100066]: DEBUG nova.api.openstack.wsgi [None req-f877467b-fc9d-4a10-b956-ebabfc958084 demo demo] Action: 'create', calling method: >, body: {"os:scheduler_hints":{"different_failure_domain":false,"group":"0d664a0b-b7fe-43aa-ab2a-88fcff1604c7"},"server":{"block_device_mapping_v2":[{"boot_index":0,"delete_on_termination":true,"destination_type":"local","source_type":"image","uuid":"84c37963-c712-490b-b8c3-8c7c26de619a"}],"config_drive":false,"flavorRef":"4","imageRef":"84c37963-c712-490b-b8c3-8c7c26de619a","name":"kube-53er0-default-worker-t5gg6-572sc-b5f5b","networks":[{"port":"4f3ac959-ccb5-4a41-849e-7939f66e9e5a"}],"user_data":"IyMgdGVtcGxhdGU6IGppbmphCiNjbG91ZC1jb25maWcKCndyaXRlX2ZpbGVzOgotICAgcGF0aDogL2V0Yy9rdWJlcm5ldGVzLy5wbGFjZWhvbGRlcgogICAgZW5jb2Rpbmc6ICJiYXNlNjQiCiAgICBwZXJtaXNzaW9uczogJzA2NDQnCiAgICBjb250ZW50OiB8CiAgICAgIFVFeEJRMFZJVDB4RVJWST0KLSAgIHBhdGg6IC9ldGMvY29udGFpbmVyZC9jb25maWcudG9tbAogICAgZW5jb2Rpbmc6ICJiYXNlNjQiCiAgICBvd25lcjogcm9vdDpyb290CiAgICBwZXJtaXNzaW9uczogJzA2NDQnCiAgICBjb250ZW50OiB8CiAgICAgIEl5QlZjMlVnWTI5dVptbG5JSFpsY25OcGIyNGdNaUIwYnlCbGJtRmliR1VnYm1WM0lHTnZibVpwWjNWeVlYUnBiMjRnWm1sbGJHUnpMZ29qSUVOdmJtWnBaeUJtYVd4bElHbHpJSEJoY25ObFpDQmhjeUIyWlhKemFXOXVJREVnWW5rZ1pHVm1ZWFZzZEM0S2RtVnljMmx2YmlBOUlESUtDbWx0Y0c5eWRITWdQU0JiSWk5bGRHTXZZMjl1ZEdGcGJtVnlaQzlqYjI1bUxtUXZLaTUwYjIxc0lsMEtDbHR3YkhWbmFXNXpYUXBiY0d4MVoybHVjeTRpYVc4dVkyOXVkR0ZwYm1WeVpDNW5jbkJqTG5ZeExtTnlhU0pkQ2lBZ0lDQnpZVzVrWW05NFgybHRZV2RsSUQwZ0luSmxaMmx6ZEhKNUxtczRjeTVwYnk5d1lYVnpaVG96TGpraUNsdHdiSFZuYVc1ekxpSnBieTVqYjI1MFlXbHVaWEprTG1keWNHTXVkakV1WTNKcElpNWpiMjUwWVdsdVpYSmtMbkoxYm5ScGJXVnpMbkoxYm1OZENpQWdJQ0J5ZFc1MGFXMWxYM1I1Y0dVZ1BTQWlhVzh1WTI5dWRHRnBibVZ5WkM1eWRXNWpMbll5SWdwYmNHeDFaMmx1Y3k0aWFXOHVZMjl1ZEdGcGJtVnlaQzVuY25CakxuWXhMbU55YVNJdVkyOXVkR0ZwYm1WeVpDNXlkVzUwYVcxbGN5NXlkVzVqTG05d2RHbHZibk5kQ2lBZ0lDQlRlWE4wWlcxa1EyZHliM1Z3SUQwZ2RISjFaUW89Ci0gICBwYXRoOiAvcnVuL2t1YmVhZG0va3ViZWFkbS1qb2luLWNvbmZpZy55YW1sCiAgICBvd25lcjogcm9vdDpyb290CiAgICBwZXJtaXNzaW9uczogJzA2NDAnCiAgICBjb250ZW50OiB8CiAgICAgIC0tLQogICAgICBhcGlWZXJzaW9uOiBrdWJlYWRtLms4cy5pby92MWJldGE0CiAgICAgIGRpc2NvdmVyeToKICAgICAgICBib290c3RyYXBUb2tlbjoKICAgICAgICAgIGFwaVNlcnZlckVuZHBvaW50OiAxNzIuMjQuNS4xMTM6NjQ0MwogICAgICAgICAgY2FDZXJ0SGFzaGVzOgogICAgICAgICAgLSBzaGEyNTY6ZmQwZTBmNWVkODlkMjMzMWVhZmExODJlNDgwNGY5MzEwZDFiOTM1YzFlYzc5OTk0NjRkZjFlZDc3MDFkODRkMwogICAgICAgICAgdG9rZW46IGpsemF6NC4yd2gwNGh2b2ZldzF3dGFsCiAgICAgIGtpbmQ6IEpvaW5Db25maWd1cmF0aW9uCiAgICAgIG5vZGVSZWdpc3RyYXRpb246CiAgICAgICAga3ViZWxldEV4dHJhQXJnczoKICAgICAgICAtIG5hbWU6IGNsb3VkLXByb3ZpZGVyCiAgICAgICAgICB2YWx1ZTogZXh0ZXJuYWwKICAgICAgICAtIG5hbWU6IHRscy1jaXBoZXItc3VpdGVzCiAgICAgICAgICB2YWx1ZTogVExTX0VDREhFX0VDRFNBX1dJVEhfQUVTXzEyOF9HQ01fU0hBMjU2LFRMU19FQ0RIRV9FQ0RTQV9XSVRIX0FFU18yNTZfR0NNX1NIQTM4NCxUTFNfRUNESEVfRUNEU0FfV0lUSF9DSEFDSEEyMF9QT0xZMTMwNQogICAgICAgIG5hbWU6ICd7eyBsb2NhbF9ob3N0bmFtZSB9fScKICAgICAgICB0YWludHM6CiAgICAgICAgLSBlZmZlY3Q6IE5vU2NoZWR1bGUKICAgICAgICAgIGtleTogbm9kZS5jbHVzdGVyLngtazhzLmlvL3VuaW5pdGlhbGl6ZWQKICAgICAgCi0gICBwYXRoOiAvcnVuL2NsdXN0ZXItYXBpL3BsYWNlaG9sZGVyCiAgICBvd25lcjogcm9vdDpyb290CiAgICBwZXJtaXNzaW9uczogJzA2NDAnCiAgICBjb250ZW50OiAiVGhpcyBwbGFjZWhvbGRlciBmaWxlIGlzIHVzZWQgdG8gY3JlYXRlIHRoZSAvcnVuL2NsdXN0ZXItYXBpIHN1YiBkaXJlY3RvcnkgaW4gYSB3YXkgdGhhdCBpcyBjb21wYXRpYmxlIHdpdGggYm90aCBMaW51eCBhbmQgV2luZG93cyAobWtkaXIgLXAgL3J1bi9jbHVzdGVyLWFwaSBkb2VzIG5vdCB3b3JrIHdpdGggV2luZG93cykiCnJ1bmNtZDoKICAtICJzeXN0ZW1jdGwgZGFlbW9uLXJlbG9hZCIKICAtICJzeXN0ZW1jdGwgcmVzdGFydCBjb250YWluZXJkIgogIC0ga3ViZWFkbSBqb2luIC0tY29uZmlnIC9ydW4va3ViZWFkbS9rdWJlYWRtLWpvaW4tY29uZmlnLnlhbWwgICYmIGVjaG8gc3VjY2VzcyA+IC9ydW4vY2x1c3Rlci1hcGkvYm9vdHN0cmFwLXN1Y2Nlc3MuY29tcGxldGUKICAtICJlY2hvIFBMQUNFSE9MREVSIgo="}} {{(pid=100066) _process_stack /opt/stack/nova/nova/api/openstack/wsgi.py:549}}
Jun 30 00:25:27.604662 np0000183499 devstack@n-api.service[100063]: DEBUG nova.api.openstack.wsgi [None req-d97d3cf4-950f-4cf7-a1d4-3cc5c5642a37 None None] Calling method '>' {{(pid=100063) _process_stack /opt/stack/nova/nova/api/openstack/wsgi.py:551}}
Jun 30 00:25:27.607719 np0000183499 devstack@n-api.service[100063]: INFO nova.api.openstack.requestlog [None req-d97d3cf4-950f-4cf7-a1d4-3cc5c5642a37 None None] 172.18.0.2 "GET /compute/v2.1/" status: 200 len: 393 microversion: 2.1 time: 0.003541
Jun 30 00:25:27.608196 np0000183499 devstack@n-api.service[100063]: [pid: 100063|app: 0|req: 41/160] 199.204.45.210 () {64 vars in 1272 bytes} [Tue Jun 30 00:25:27 2026] GET /compute/v2.1/ => generated 393 bytes in 4 msecs (HTTP/1.1 200) 9 headers in 357 bytes (1 switches on core 0)
Jun 30 00:25:27.614258 np0000183499 devstack@n-api.service[100065]: DEBUG nova.api.openstack.wsgi [None req-955d5dcd-61e5-408a-b82c-443a41f3fdc6 demo demo] Calling method '>' {{(pid=100065) _process_stack /opt/stack/nova/nova/api/openstack/wsgi.py:551}}
Jun 30 00:25:27.621210 np0000183499 devstack@n-api.service[100065]: DEBUG nova.policy [None req-955d5dcd-61e5-408a-b82c-443a41f3fdc6 demo demo] Policy check for os_compute_api:servers:allow_all_filters failed with credentials {'is_admin': False, 'user_id': '2fede69a36d844f5b2a3777b80e6b16f', 'user_domain_id': 'default', 'system_scope': None, 'domain_id': None, 'project_id': 'f8c77ea02bbc4303b093dd7ee72a4f29', 'project_domain_id': 'default', 'roles': ['reader', 'load-balancer_member', 'anotherrole', 'member'], 'is_admin_project': True, 'service_user_id': None, 'service_user_domain_id': None, 'service_project_id': None, 'service_project_domain_id': None, 'service_roles': []} {{(pid=100065) authorize /opt/stack/nova/nova/policy.py:192}}
Jun 30 00:25:27.621210 np0000183499 devstack@n-api.service[100065]: DEBUG nova.compute.api [None req-955d5dcd-61e5-408a-b82c-443a41f3fdc6 demo demo] Searching by: {'name': '^kube-53er0-default-worker-t5gg6-572sc-xzjgn$', 'deleted': False, 'project_id': 'f8c77ea02bbc4303b093dd7ee72a4f29'} {{(pid=100065) get_all /opt/stack/nova/nova/compute/api.py:3110}}
Jun 30 00:25:27.625217 np0000183499 devstack@n-api.service[100065]: DEBUG oslo_concurrency.lockutils [None req-955d5dcd-61e5-408a-b82c-443a41f3fdc6 demo demo] Acquiring lock "00000000-0000-0000-0000-000000000000" by "nova.context.set_target_cell..get_or_set_cached_cell_and_set_connections" {{(pid=100065) inner /opt/stack/data/venv/lib/python3.12/site-packages/oslo_concurrency/lockutils.py:511}}
Jun 30 00:25:27.625777 np0000183499 devstack@n-api.service[100065]: DEBUG oslo_concurrency.lockutils [None req-955d5dcd-61e5-408a-b82c-443a41f3fdc6 demo demo] Lock "00000000-0000-0000-0000-000000000000" acquired by "nova.context.set_target_cell..get_or_set_cached_cell_and_set_connections" :: waited 0.001s {{(pid=100065) inner /opt/stack/data/venv/lib/python3.12/site-packages/oslo_concurrency/lockutils.py:524}}
Jun 30 00:25:27.626137 np0000183499 devstack@n-api.service[100065]: DEBUG oslo_concurrency.lockutils [None req-955d5dcd-61e5-408a-b82c-443a41f3fdc6 demo demo] Lock "00000000-0000-0000-0000-000000000000" "released" by "nova.context.set_target_cell..get_or_set_cached_cell_and_set_connections" :: held 0.000s {{(pid=100065) inner /opt/stack/data/venv/lib/python3.12/site-packages/oslo_concurrency/lockutils.py:543}}
Jun 30 00:25:27.627396 np0000183499 devstack@n-api.service[100065]: DEBUG oslo_concurrency.lockutils [None req-955d5dcd-61e5-408a-b82c-443a41f3fdc6 demo demo] Acquiring lock "e6ed1fa6-86c8-4aee-9aac-815f47dc4a4e" by "nova.context.set_target_cell..get_or_set_cached_cell_and_set_connections" {{(pid=100065) inner /opt/stack/data/venv/lib/python3.12/site-packages/oslo_concurrency/lockutils.py:511}}
Jun 30 00:25:27.627691 np0000183499 devstack@n-api.service[100065]: DEBUG oslo_concurrency.lockutils [None req-955d5dcd-61e5-408a-b82c-443a41f3fdc6 demo demo] Lock "e6ed1fa6-86c8-4aee-9aac-815f47dc4a4e" acquired by "nova.context.set_target_cell..get_or_set_cached_cell_and_set_connections" :: waited 0.001s {{(pid=100065) inner /opt/stack/data/venv/lib/python3.12/site-packages/oslo_concurrency/lockutils.py:524}}
Jun 30 00:25:27.627887 np0000183499 devstack@n-api.service[100065]: DEBUG oslo_concurrency.lockutils [None req-955d5dcd-61e5-408a-b82c-443a41f3fdc6 demo demo] Lock "e6ed1fa6-86c8-4aee-9aac-815f47dc4a4e" "released" by "nova.context.set_target_cell..get_or_set_cached_cell_and_set_connections" :: held 0.000s {{(pid=100065) inner /opt/stack/data/venv/lib/python3.12/site-packages/oslo_concurrency/lockutils.py:543}}
Jun 30 00:25:27.649214 np0000183499 devstack@n-api.service[100065]: DEBUG oslo_concurrency.lockutils [None req-955d5dcd-61e5-408a-b82c-443a41f3fdc6 demo demo] Acquiring lock "00000000-0000-0000-0000-000000000000" by "nova.context.set_target_cell..get_or_set_cached_cell_and_set_connections" {{(pid=100065) inner /opt/stack/data/venv/lib/python3.12/site-packages/oslo_concurrency/lockutils.py:511}}
Jun 30 00:25:27.649752 np0000183499 devstack@n-api.service[100065]: DEBUG oslo_concurrency.lockutils [None req-955d5dcd-61e5-408a-b82c-443a41f3fdc6 demo demo] Lock "00000000-0000-0000-0000-000000000000" acquired by "nova.context.set_target_cell..get_or_set_cached_cell_and_set_connections" :: waited 0.001s {{(pid=100065) inner /opt/stack/data/venv/lib/python3.12/site-packages/oslo_concurrency/lockutils.py:524}}
Jun 30 00:25:27.650207 np0000183499 devstack@n-api.service[100065]: DEBUG oslo_concurrency.lockutils [None req-955d5dcd-61e5-408a-b82c-443a41f3fdc6 demo demo] Lock "00000000-0000-0000-0000-000000000000" "released" by "nova.context.set_target_cell..get_or_set_cached_cell_and_set_connections" :: held 0.000s {{(pid=100065) inner /opt/stack/data/venv/lib/python3.12/site-packages/oslo_concurrency/lockutils.py:543}}
Jun 30 00:25:27.650984 np0000183499 devstack@n-api.service[100065]: DEBUG oslo_concurrency.lockutils [None req-955d5dcd-61e5-408a-b82c-443a41f3fdc6 demo demo] Acquiring lock "e6ed1fa6-86c8-4aee-9aac-815f47dc4a4e" by "nova.context.set_target_cell..get_or_set_cached_cell_and_set_connections" {{(pid=100065) inner /opt/stack/data/venv/lib/python3.12/site-packages/oslo_concurrency/lockutils.py:511}}
Jun 30 00:25:27.651469 np0000183499 devstack@n-api.service[100065]: DEBUG oslo_concurrency.lockutils [None req-955d5dcd-61e5-408a-b82c-443a41f3fdc6 demo demo] Lock "e6ed1fa6-86c8-4aee-9aac-815f47dc4a4e" acquired by "nova.context.set_target_cell..get_or_set_cached_cell_and_set_connections" :: waited 0.000s {{(pid=100065) inner /opt/stack/data/venv/lib/python3.12/site-packages/oslo_concurrency/lockutils.py:524}}
Jun 30 00:25:27.652032 np0000183499 devstack@n-api.service[100065]: DEBUG oslo_concurrency.lockutils [None req-955d5dcd-61e5-408a-b82c-443a41f3fdc6 demo demo] Lock "e6ed1fa6-86c8-4aee-9aac-815f47dc4a4e" "released" by "nova.context.set_target_cell..get_or_set_cached_cell_and_set_connections" :: held 0.000s {{(pid=100065) inner /opt/stack/data/venv/lib/python3.12/site-packages/oslo_concurrency/lockutils.py:543}}
Jun 30 00:25:27.655063 np0000183499 devstack@n-api.service[100065]: DEBUG nova.policy [None req-955d5dcd-61e5-408a-b82c-443a41f3fdc6 demo demo] Policy check for os_compute_api:os-extended-server-attributes failed with credentials {'is_admin': False, 'user_id': '2fede69a36d844f5b2a3777b80e6b16f', 'user_domain_id': 'default', 'system_scope': None, 'domain_id': None, 'project_id': 'f8c77ea02bbc4303b093dd7ee72a4f29', 'project_domain_id': 'default', 'roles': ['reader', 'load-balancer_member', 'anotherrole', 'member'], 'is_admin_project': True, 'service_user_id': None, 'service_user_domain_id': None, 'service_project_id': None, 'service_project_domain_id': None, 'service_roles': []} {{(pid=100065) authorize /opt/stack/nova/nova/policy.py:192}}
Jun 30 00:25:27.662704 np0000183499 devstack@n-api.service[100065]: DEBUG nova.policy [None req-955d5dcd-61e5-408a-b82c-443a41f3fdc6 demo demo] Policy check for os_compute_api:servers:show:host_status failed with credentials {'is_admin': False, 'user_id': '2fede69a36d844f5b2a3777b80e6b16f', 'user_domain_id': 'default', 'system_scope': None, 'domain_id': None, 'project_id': 'f8c77ea02bbc4303b093dd7ee72a4f29', 'project_domain_id': 'default', 'roles': ['reader', 'load-balancer_member', 'anotherrole', 'member'], 'is_admin_project': True, 'service_user_id': None, 'service_user_domain_id': None, 'service_project_id': None, 'service_project_domain_id': None, 'service_roles': []} {{(pid=100065) authorize /opt/stack/nova/nova/policy.py:192}}
Jun 30 00:25:27.664000 np0000183499 devstack@n-api.service[100065]: DEBUG nova.policy [None req-955d5dcd-61e5-408a-b82c-443a41f3fdc6 demo demo] Policy check for os_compute_api:servers:show:host_status:unknown-only failed with credentials {'is_admin': False, 'user_id': '2fede69a36d844f5b2a3777b80e6b16f', 'user_domain_id': 'default', 'system_scope': None, 'domain_id': None, 'project_id': 'f8c77ea02bbc4303b093dd7ee72a4f29', 'project_domain_id': 'default', 'roles': ['reader', 'load-balancer_member', 'anotherrole', 'member'], 'is_admin_project': True, 'service_user_id': None, 'service_user_domain_id': None, 'service_project_id': None, 'service_project_domain_id': None, 'service_roles': []} {{(pid=100065) authorize /opt/stack/nova/nova/policy.py:192}}
Jun 30 00:25:27.667462 np0000183499 devstack@n-api.service[100065]: INFO nova.api.openstack.requestlog [None req-955d5dcd-61e5-408a-b82c-443a41f3fdc6 demo demo] 172.18.0.2 "GET /compute/v2.1/servers/detail?name=%5Ekube-53er0-default-worker-t5gg6-572sc-xzjgn%24" status: 200 len: 15 microversion: 2.38 time: 0.054774
Jun 30 00:25:27.667978 np0000183499 devstack@n-api.service[100065]: [pid: 100065|app: 0|req: 41/161] 199.204.45.210 () {68 vars in 1506 bytes} [Tue Jun 30 00:25:27 2026] GET /compute/v2.1/servers/detail?name=%5Ekube-53er0-default-worker-t5gg6-572sc-xzjgn%24 => generated 15 bytes in 56 msecs (HTTP/1.1 200) 9 headers in 358 bytes (1 switches on core 0)
Jun 30 00:25:27.681388 np0000183499 devstack@n-api.service[100064]: DEBUG nova.api.openstack.wsgi [None req-5e264469-0bf8-4062-bb20-d3705ba55b68 demo demo] Calling method '>' {{(pid=100064) _process_stack /opt/stack/nova/nova/api/openstack/wsgi.py:551}}
Jun 30 00:25:27.685346 np0000183499 devstack@n-api.service[100064]: INFO nova.api.openstack.requestlog [None req-5e264469-0bf8-4062-bb20-d3705ba55b68 demo demo] 172.18.0.2 "GET /compute/v2.1/" status: 200 len: 393 microversion: 2.1 time: 0.004230
Jun 30 00:25:27.685536 np0000183499 devstack@n-api.service[100064]: [pid: 100064|app: 0|req: 41/162] 199.204.45.210 () {64 vars in 1272 bytes} [Tue Jun 30 00:25:27 2026] GET /compute/v2.1/ => generated 393 bytes in 5 msecs (HTTP/1.1 200) 9 headers in 357 bytes (1 switches on core 0)
Jun 30 00:25:27.698751 np0000183499 devstack@n-api.service[100063]: DEBUG nova.api.openstack.wsgi [None req-54d712bb-e3b2-4f7c-a8e3-59f8ee628f5c demo demo] Action: 'create', calling method: >, body: {"os:scheduler_hints":{"different_failure_domain":false,"group":"0d664a0b-b7fe-43aa-ab2a-88fcff1604c7"},"server":{"block_device_mapping_v2":[{"boot_index":0,"delete_on_termination":true,"destination_type":"local","source_type":"image","uuid":"84c37963-c712-490b-b8c3-8c7c26de619a"}],"config_drive":false,"flavorRef":"4","imageRef":"84c37963-c712-490b-b8c3-8c7c26de619a","name":"kube-53er0-default-worker-t5gg6-572sc-xzjgn","networks":[{"port":"8fd20179-bcd2-4ddb-af47-e377f473d453"}],"user_data":"IyMgdGVtcGxhdGU6IGppbmphCiNjbG91ZC1jb25maWcKCndyaXRlX2ZpbGVzOgotICAgcGF0aDogL2V0Yy9rdWJlcm5ldGVzLy5wbGFjZWhvbGRlcgogICAgZW5jb2Rpbmc6ICJiYXNlNjQiCiAgICBwZXJtaXNzaW9uczogJzA2NDQnCiAgICBjb250ZW50OiB8CiAgICAgIFVFeEJRMFZJVDB4RVJWST0KLSAgIHBhdGg6IC9ldGMvY29udGFpbmVyZC9jb25maWcudG9tbAogICAgZW5jb2Rpbmc6ICJiYXNlNjQiCiAgICBvd25lcjogcm9vdDpyb290CiAgICBwZXJtaXNzaW9uczogJzA2NDQnCiAgICBjb250ZW50OiB8CiAgICAgIEl5QlZjMlVnWTI5dVptbG5JSFpsY25OcGIyNGdNaUIwYnlCbGJtRmliR1VnYm1WM0lHTnZibVpwWjNWeVlYUnBiMjRnWm1sbGJHUnpMZ29qSUVOdmJtWnBaeUJtYVd4bElHbHpJSEJoY25ObFpDQmhjeUIyWlhKemFXOXVJREVnWW5rZ1pHVm1ZWFZzZEM0S2RtVnljMmx2YmlBOUlESUtDbWx0Y0c5eWRITWdQU0JiSWk5bGRHTXZZMjl1ZEdGcGJtVnlaQzlqYjI1bUxtUXZLaTUwYjIxc0lsMEtDbHR3YkhWbmFXNXpYUXBiY0d4MVoybHVjeTRpYVc4dVkyOXVkR0ZwYm1WeVpDNW5jbkJqTG5ZeExtTnlhU0pkQ2lBZ0lDQnpZVzVrWW05NFgybHRZV2RsSUQwZ0luSmxaMmx6ZEhKNUxtczRjeTVwYnk5d1lYVnpaVG96TGpraUNsdHdiSFZuYVc1ekxpSnBieTVqYjI1MFlXbHVaWEprTG1keWNHTXVkakV1WTNKcElpNWpiMjUwWVdsdVpYSmtMbkoxYm5ScGJXVnpMbkoxYm1OZENpQWdJQ0J5ZFc1MGFXMWxYM1I1Y0dVZ1BTQWlhVzh1WTI5dWRHRnBibVZ5WkM1eWRXNWpMbll5SWdwYmNHeDFaMmx1Y3k0aWFXOHVZMjl1ZEdGcGJtVnlaQzVuY25CakxuWXhMbU55YVNJdVkyOXVkR0ZwYm1WeVpDNXlkVzUwYVcxbGN5NXlkVzVqTG05d2RHbHZibk5kQ2lBZ0lDQlRlWE4wWlcxa1EyZHliM1Z3SUQwZ2RISjFaUW89Ci0gICBwYXRoOiAvcnVuL2t1YmVhZG0va3ViZWFkbS1qb2luLWNvbmZpZy55YW1sCiAgICBvd25lcjogcm9vdDpyb290CiAgICBwZXJtaXNzaW9uczogJzA2NDAnCiAgICBjb250ZW50OiB8CiAgICAgIC0tLQogICAgICBhcGlWZXJzaW9uOiBrdWJlYWRtLms4cy5pby92MWJldGE0CiAgICAgIGRpc2NvdmVyeToKICAgICAgICBib290c3RyYXBUb2tlbjoKICAgICAgICAgIGFwaVNlcnZlckVuZHBvaW50OiAxNzIuMjQuNS4xMTM6NjQ0MwogICAgICAgICAgY2FDZXJ0SGFzaGVzOgogICAgICAgICAgLSBzaGEyNTY6ZmQwZTBmNWVkODlkMjMzMWVhZmExODJlNDgwNGY5MzEwZDFiOTM1YzFlYzc5OTk0NjRkZjFlZDc3MDFkODRkMwogICAgICAgICAgdG9rZW46IGdtdjhmZy4yOWUxaXNyaXZwemIwNHFrCiAgICAgIGtpbmQ6IEpvaW5Db25maWd1cmF0aW9uCiAgICAgIG5vZGVSZWdpc3RyYXRpb246CiAgICAgICAga3ViZWxldEV4dHJhQXJnczoKICAgICAgICAtIG5hbWU6IGNsb3VkLXByb3ZpZGVyCiAgICAgICAgICB2YWx1ZTogZXh0ZXJuYWwKICAgICAgICAtIG5hbWU6IHRscy1jaXBoZXItc3VpdGVzCiAgICAgICAgICB2YWx1ZTogVExTX0VDREhFX0VDRFNBX1dJVEhfQUVTXzEyOF9HQ01fU0hBMjU2LFRMU19FQ0RIRV9FQ0RTQV9XSVRIX0FFU18yNTZfR0NNX1NIQTM4NCxUTFNfRUNESEVfRUNEU0FfV0lUSF9DSEFDSEEyMF9QT0xZMTMwNQogICAgICAgIG5hbWU6ICd7eyBsb2NhbF9ob3N0bmFtZSB9fScKICAgICAgICB0YWludHM6CiAgICAgICAgLSBlZmZlY3Q6IE5vU2NoZWR1bGUKICAgICAgICAgIGtleTogbm9kZS5jbHVzdGVyLngtazhzLmlvL3VuaW5pdGlhbGl6ZWQKICAgICAgCi0gICBwYXRoOiAvcnVuL2NsdXN0ZXItYXBpL3BsYWNlaG9sZGVyCiAgICBvd25lcjogcm9vdDpyb290CiAgICBwZXJtaXNzaW9uczogJzA2NDAnCiAgICBjb250ZW50OiAiVGhpcyBwbGFjZWhvbGRlciBmaWxlIGlzIHVzZWQgdG8gY3JlYXRlIHRoZSAvcnVuL2NsdXN0ZXItYXBpIHN1YiBkaXJlY3RvcnkgaW4gYSB3YXkgdGhhdCBpcyBjb21wYXRpYmxlIHdpdGggYm90aCBMaW51eCBhbmQgV2luZG93cyAobWtkaXIgLXAgL3J1bi9jbHVzdGVyLWFwaSBkb2VzIG5vdCB3b3JrIHdpdGggV2luZG93cykiCnJ1bmNtZDoKICAtICJzeXN0ZW1jdGwgZGFlbW9uLXJlbG9hZCIKICAtICJzeXN0ZW1jdGwgcmVzdGFydCBjb250YWluZXJkIgogIC0ga3ViZWFkbSBqb2luIC0tY29uZmlnIC9ydW4va3ViZWFkbS9rdWJlYWRtLWpvaW4tY29uZmlnLnlhbWwgICYmIGVjaG8gc3VjY2VzcyA+IC9ydW4vY2x1c3Rlci1hcGkvYm9vdHN0cmFwLXN1Y2Nlc3MuY29tcGxldGUKICAtICJlY2hvIFBMQUNFSE9MREVSIgo="}} {{(pid=100063) _process_stack /opt/stack/nova/nova/api/openstack/wsgi.py:549}}
Jun 30 00:25:27.770208 np0000183499 devstack@n-api.service[100066]: DEBUG oslo_concurrency.lockutils [None req-f877467b-fc9d-4a10-b956-ebabfc958084 demo demo] Acquiring lock "00000000-0000-0000-0000-000000000000" by "nova.context.set_target_cell..get_or_set_cached_cell_and_set_connections" {{(pid=100066) inner /opt/stack/data/venv/lib/python3.12/site-packages/oslo_concurrency/lockutils.py:511}}
Jun 30 00:25:27.770651 np0000183499 devstack@n-api.service[100066]: DEBUG oslo_concurrency.lockutils [None req-f877467b-fc9d-4a10-b956-ebabfc958084 demo demo] Lock "00000000-0000-0000-0000-000000000000" acquired by "nova.context.set_target_cell..get_or_set_cached_cell_and_set_connections" :: waited 0.001s {{(pid=100066) inner /opt/stack/data/venv/lib/python3.12/site-packages/oslo_concurrency/lockutils.py:524}}
Jun 30 00:25:27.771010 np0000183499 devstack@n-api.service[100066]: DEBUG oslo_concurrency.lockutils [None req-f877467b-fc9d-4a10-b956-ebabfc958084 demo demo] Lock "00000000-0000-0000-0000-000000000000" "released" by "nova.context.set_target_cell..get_or_set_cached_cell_and_set_connections" :: held 0.000s {{(pid=100066) inner /opt/stack/data/venv/lib/python3.12/site-packages/oslo_concurrency/lockutils.py:543}}
Jun 30 00:25:27.771850 np0000183499 devstack@n-api.service[100066]: DEBUG oslo_concurrency.lockutils [None req-f877467b-fc9d-4a10-b956-ebabfc958084 demo demo] Acquiring lock "e6ed1fa6-86c8-4aee-9aac-815f47dc4a4e" by "nova.context.set_target_cell..get_or_set_cached_cell_and_set_connections" {{(pid=100066) inner /opt/stack/data/venv/lib/python3.12/site-packages/oslo_concurrency/lockutils.py:511}}
Jun 30 00:25:27.772270 np0000183499 devstack@n-api.service[100066]: DEBUG oslo_concurrency.lockutils [None req-f877467b-fc9d-4a10-b956-ebabfc958084 demo demo] Lock "e6ed1fa6-86c8-4aee-9aac-815f47dc4a4e" acquired by "nova.context.set_target_cell..get_or_set_cached_cell_and_set_connections" :: waited 0.000s {{(pid=100066) inner /opt/stack/data/venv/lib/python3.12/site-packages/oslo_concurrency/lockutils.py:524}}
Jun 30 00:25:27.772623 np0000183499 devstack@n-api.service[100066]: DEBUG oslo_concurrency.lockutils [None req-f877467b-fc9d-4a10-b956-ebabfc958084 demo demo] Lock "e6ed1fa6-86c8-4aee-9aac-815f47dc4a4e" "released" by "nova.context.set_target_cell..get_or_set_cached_cell_and_set_connections" :: held 0.000s {{(pid=100066) inner /opt/stack/data/venv/lib/python3.12/site-packages/oslo_concurrency/lockutils.py:543}}
Jun 30 00:25:27.781804 np0000183499 devstack@n-api.service[100066]: DEBUG nova.network.neutron [None req-f877467b-fc9d-4a10-b956-ebabfc958084 demo demo] validate_networks() for [(None, None, '4f3ac959-ccb5-4a41-849e-7939f66e9e5a', None, None, None)] {{(pid=100066) validate_networks /opt/stack/nova/nova/network/neutron.py:2686}}
Jun 30 00:25:27.782875 np0000183499 devstack@n-api.service[100066]: WARNING neutronclient.v2_0.client [None req-f877467b-fc9d-4a10-b956-ebabfc958084 demo demo] The python binding code in neutronclient is deprecated in favor of OpenstackSDK, please use that as this will be removed in a future release.
Jun 30 00:25:27.824798 np0000183499 devstack@n-api.service[100063]: DEBUG oslo_concurrency.lockutils [None req-54d712bb-e3b2-4f7c-a8e3-59f8ee628f5c demo demo] Acquiring lock "00000000-0000-0000-0000-000000000000" by "nova.context.set_target_cell..get_or_set_cached_cell_and_set_connections" {{(pid=100063) inner /opt/stack/data/venv/lib/python3.12/site-packages/oslo_concurrency/lockutils.py:511}}
Jun 30 00:25:27.825188 np0000183499 devstack@n-api.service[100063]: DEBUG oslo_concurrency.lockutils [None req-54d712bb-e3b2-4f7c-a8e3-59f8ee628f5c demo demo] Lock "00000000-0000-0000-0000-000000000000" acquired by "nova.context.set_target_cell..get_or_set_cached_cell_and_set_connections" :: waited 0.001s {{(pid=100063) inner /opt/stack/data/venv/lib/python3.12/site-packages/oslo_concurrency/lockutils.py:524}}
Jun 30 00:25:27.825679 np0000183499 devstack@n-api.service[100063]: DEBUG oslo_concurrency.lockutils [None req-54d712bb-e3b2-4f7c-a8e3-59f8ee628f5c demo demo] Lock "00000000-0000-0000-0000-000000000000" "released" by "nova.context.set_target_cell..get_or_set_cached_cell_and_set_connections" :: held 0.000s {{(pid=100063) inner /opt/stack/data/venv/lib/python3.12/site-packages/oslo_concurrency/lockutils.py:543}}
Jun 30 00:25:27.826593 np0000183499 devstack@n-api.service[100063]: DEBUG oslo_concurrency.lockutils [None req-54d712bb-e3b2-4f7c-a8e3-59f8ee628f5c demo demo] Acquiring lock "e6ed1fa6-86c8-4aee-9aac-815f47dc4a4e" by "nova.context.set_target_cell..get_or_set_cached_cell_and_set_connections" {{(pid=100063) inner /opt/stack/data/venv/lib/python3.12/site-packages/oslo_concurrency/lockutils.py:511}}
Jun 30 00:25:27.826990 np0000183499 devstack@n-api.service[100063]: DEBUG oslo_concurrency.lockutils [None req-54d712bb-e3b2-4f7c-a8e3-59f8ee628f5c demo demo] Lock "e6ed1fa6-86c8-4aee-9aac-815f47dc4a4e" acquired by "nova.context.set_target_cell..get_or_set_cached_cell_and_set_connections" :: waited 0.000s {{(pid=100063) inner /opt/stack/data/venv/lib/python3.12/site-packages/oslo_concurrency/lockutils.py:524}}
Jun 30 00:25:27.827408 np0000183499 devstack@n-api.service[100063]: DEBUG oslo_concurrency.lockutils [None req-54d712bb-e3b2-4f7c-a8e3-59f8ee628f5c demo demo] Lock "e6ed1fa6-86c8-4aee-9aac-815f47dc4a4e" "released" by "nova.context.set_target_cell..get_or_set_cached_cell_and_set_connections" :: held 0.000s {{(pid=100063) inner /opt/stack/data/venv/lib/python3.12/site-packages/oslo_concurrency/lockutils.py:543}}
Jun 30 00:25:27.837550 np0000183499 devstack@n-api.service[100063]: DEBUG nova.network.neutron [None req-54d712bb-e3b2-4f7c-a8e3-59f8ee628f5c demo demo] validate_networks() for [(None, None, '8fd20179-bcd2-4ddb-af47-e377f473d453', None, None, None)] {{(pid=100063) validate_networks /opt/stack/nova/nova/network/neutron.py:2686}}
Jun 30 00:25:27.839815 np0000183499 devstack@n-api.service[100063]: WARNING neutronclient.v2_0.client [None req-54d712bb-e3b2-4f7c-a8e3-59f8ee628f5c demo demo] The python binding code in neutronclient is deprecated in favor of OpenstackSDK, please use that as this will be removed in a future release.
Jun 30 00:25:27.936834 np0000183499 devstack@n-api.service[100066]: WARNING neutronclient.v2_0.client [None req-f877467b-fc9d-4a10-b956-ebabfc958084 demo demo] The python binding code in neutronclient is deprecated in favor of OpenstackSDK, please use that as this will be removed in a future release.
Jun 30 00:25:27.963701 np0000183499 devstack@n-api.service[100063]: WARNING neutronclient.v2_0.client [None req-54d712bb-e3b2-4f7c-a8e3-59f8ee628f5c demo demo] The python binding code in neutronclient is deprecated in favor of OpenstackSDK, please use that as this will be removed in a future release.
Jun 30 00:25:28.191206 np0000183499 devstack@n-api.service[100063]: WARNING neutronclient.v2_0.client [None req-54d712bb-e3b2-4f7c-a8e3-59f8ee628f5c demo demo] The python binding code in neutronclient is deprecated in favor of OpenstackSDK, please use that as this will be removed in a future release.
Jun 30 00:25:28.274097 np0000183499 devstack@n-api.service[100063]: DEBUG nova.virt.hardware [None req-54d712bb-e3b2-4f7c-a8e3-59f8ee628f5c demo demo] Flavor limits 0:0:0 {{(pid=100063) get_cpu_topology_constraints /opt/stack/nova/nova/virt/hardware.py:488}}
Jun 30 00:25:28.274371 np0000183499 devstack@n-api.service[100063]: DEBUG nova.virt.hardware [None req-54d712bb-e3b2-4f7c-a8e3-59f8ee628f5c demo demo] Image limits 0:0:0 {{(pid=100063) get_cpu_topology_constraints /opt/stack/nova/nova/virt/hardware.py:492}}
Jun 30 00:25:28.275001 np0000183499 devstack@n-api.service[100063]: DEBUG nova.virt.hardware [None req-54d712bb-e3b2-4f7c-a8e3-59f8ee628f5c demo demo] Flavor pref 0:0:0 {{(pid=100063) get_cpu_topology_constraints /opt/stack/nova/nova/virt/hardware.py:528}}
Jun 30 00:25:28.275001 np0000183499 devstack@n-api.service[100063]: DEBUG nova.virt.hardware [None req-54d712bb-e3b2-4f7c-a8e3-59f8ee628f5c demo demo] Image pref 0:0:0 {{(pid=100063) get_cpu_topology_constraints /opt/stack/nova/nova/virt/hardware.py:532}}
Jun 30 00:25:28.275001 np0000183499 devstack@n-api.service[100063]: DEBUG nova.virt.hardware [None req-54d712bb-e3b2-4f7c-a8e3-59f8ee628f5c demo demo] Chose sockets=0, cores=0, threads=0; limits were sockets=65536, cores=65536, threads=65536 {{(pid=100063) get_cpu_topology_constraints /opt/stack/nova/nova/virt/hardware.py:570}}
Jun 30 00:25:28.289317 np0000183499 devstack@n-api.service[100063]: DEBUG oslo_concurrency.lockutils [None req-54d712bb-e3b2-4f7c-a8e3-59f8ee628f5c demo demo] Acquiring lock "00000000-0000-0000-0000-000000000000" by "nova.context.set_target_cell..get_or_set_cached_cell_and_set_connections" {{(pid=100063) inner /opt/stack/data/venv/lib/python3.12/site-packages/oslo_concurrency/lockutils.py:511}}
Jun 30 00:25:28.289847 np0000183499 devstack@n-api.service[100063]: DEBUG oslo_concurrency.lockutils [None req-54d712bb-e3b2-4f7c-a8e3-59f8ee628f5c demo demo] Lock "00000000-0000-0000-0000-000000000000" acquired by "nova.context.set_target_cell..get_or_set_cached_cell_and_set_connections" :: waited 0.000s {{(pid=100063) inner /opt/stack/data/venv/lib/python3.12/site-packages/oslo_concurrency/lockutils.py:524}}
