2026-04-23 11:36:31.024 9 INFO neutron.services.segments.plugin [-] Segment db180bb2-06a1-4982-9667-230c5b7b1217 resource provider not found; error: Placement Client Error (4xx): {"errors": [{"status": 404, "title": "Not Found", "detail": "The resource could not be found.\n\n No resource provider with uuid db180bb2-06a1-4982-9667-230c5b7b1217 found for delete ", "request_id": "req-8257182c-4d03-4abb-8801-6b7be86138c5"}]}
2026-04-23 11:36:31.122 10 INFO neutron.wsgi [None req-7f9dc653-c931-44be-8dbb-d51e1522c872 067f5a553dfd438a813dc16ae3d5a7ec 10db2107c8a9471da569a846fcbd6cca - - default default] 10.0.0.124 "DELETE /v2.0/subnets/ca081898-feee-49c0-9a7b-a59799ad77f3 HTTP/1.1" status: 204 len: 168 time: 0.2555327
2026-04-23 11:36:31.492 10 INFO neutron.wsgi [-] 10.0.0.224 "GET / HTTP/1.1" status: 200 len: 247 time: 0.0037477
2026-04-23 11:36:31.498 10 INFO neutron.wsgi [-] 10.0.0.224 "GET / HTTP/1.1" status: 200 len: 247 time: 0.0035200
2026-04-23 11:36:31.557 9 INFO neutron.wsgi [None req-aef539b0-a617-4462-be89-a259c4c6f211 067f5a553dfd438a813dc16ae3d5a7ec 10db2107c8a9471da569a846fcbd6cca - - default default] 10.0.0.124 "DELETE /v2.0/networks/02d1a742-14ef-44a6-8502-f3e636245d5f HTTP/1.1" status: 204 len: 168 time: 0.4291303
2026-04-23 11:36:31.647 9 INFO neutron.wsgi [None req-56c59802-f21d-4e00-bac8-b172d846a585 067f5a553dfd438a813dc16ae3d5a7ec 10db2107c8a9471da569a846fcbd6cca - - default default] 10.0.0.124 "GET /v2.0/security-groups?tenant_id=300a288affc64d20bcde42897acafb75&name=default HTTP/1.1" status: 200 len: 2996 time: 0.1680584
2026-04-23 11:36:31.724 9 INFO neutron.wsgi [None req-846ca65c-7f26-4146-a15c-b6bc818fc359 067f5a553dfd438a813dc16ae3d5a7ec 10db2107c8a9471da569a846fcbd6cca - - default default] 10.0.0.124 "GET /v2.0/security-groups?tenant_id=c2578b123d8846529ac9715fbeb3a045&name=default HTTP/1.1" status: 200 len: 2996 time: 0.0500762
2026-04-23 11:36:31.902 10 INFO neutron.wsgi [None req-c76e7738-2ec6-429c-a509-f5d892ec82a6 067f5a553dfd438a813dc16ae3d5a7ec 10db2107c8a9471da569a846fcbd6cca - - default default] 10.0.0.124 "DELETE /v2.0/security-groups/b5a73348-a85e-4d73-aa4c-19f88d7231fb HTTP/1.1" status: 204 len: 168 time: 0.2496622
2026-04-23 11:36:31.975 9 INFO neutron.wsgi [None req-1e30a88e-f570-4555-a2d0-1c3d5150c022 067f5a553dfd438a813dc16ae3d5a7ec 10db2107c8a9471da569a846fcbd6cca - - default default] 10.0.0.124 "DELETE /v2.0/security-groups/6300a7ed-419b-402f-aa49-e0f183160798 HTTP/1.1" status: 204 len: 168 time: 0.2446148
2026-04-23 11:36:32.240 10 INFO neutron.db.ovn_revision_numbers_db [None req-769f6c20-1b11-4823-bbfc-2f0301ef3286 54cbbac1a00342d791ef16958b0f381c 805b09df22884b1599fec2a2303a066f - - default default] Successfully bumped revision number for resource a2dd23fa-f5d0-421d-af85-4e250c1ef98c (type: security_groups) to 1
2026-04-23 11:36:32.256 10 INFO neutron.db.ovn_revision_numbers_db [None req-769f6c20-1b11-4823-bbfc-2f0301ef3286 54cbbac1a00342d791ef16958b0f381c 805b09df22884b1599fec2a2303a066f - - default default] Successfully bumped revision number for resource 14740a7f-e3b7-41e6-87d4-d5d8448fceaf (type: security_group_rules) to 0
2026-04-23 11:36:32.272 10 INFO neutron.db.ovn_revision_numbers_db [None req-769f6c20-1b11-4823-bbfc-2f0301ef3286 54cbbac1a00342d791ef16958b0f381c 805b09df22884b1599fec2a2303a066f - - default default] Successfully bumped revision number for resource 20b79805-1d93-4ba8-82f1-9df18fe13802 (type: security_group_rules) to 0
2026-04-23 11:36:32.289 10 INFO neutron.db.ovn_revision_numbers_db [None req-769f6c20-1b11-4823-bbfc-2f0301ef3286 54cbbac1a00342d791ef16958b0f381c 805b09df22884b1599fec2a2303a066f - - default default] Successfully bumped revision number for resource af2d0d3c-547b-4c90-ae93-971f649978b1 (type: security_group_rules) to 0
2026-04-23 11:36:32.304 10 INFO neutron.db.ovn_revision_numbers_db [None req-769f6c20-1b11-4823-bbfc-2f0301ef3286 54cbbac1a00342d791ef16958b0f381c 805b09df22884b1599fec2a2303a066f - - default default] Successfully bumped revision number for resource beb1e16d-a9be-4134-83a7-ffc230114ca0 (type: security_group_rules) to 0
2026-04-23 11:36:32.403 10 INFO neutron.db.ovn_revision_numbers_db [None req-769f6c20-1b11-4823-bbfc-2f0301ef3286 54cbbac1a00342d791ef16958b0f381c 805b09df22884b1599fec2a2303a066f - - default default] Successfully bumped revision number for resource a1a296dd-cba2-4f12-834a-0f5fe1d1221b (type: security_groups) to 1
2026-04-23 11:36:32.418 10 INFO neutron.db.ovn_revision_numbers_db [None req-769f6c20-1b11-4823-bbfc-2f0301ef3286 54cbbac1a00342d791ef16958b0f381c 805b09df22884b1599fec2a2303a066f - - default default] Successfully bumped revision number for resource 42dd8f86-8262-4edc-a497-97cb4ab05b8c (type: security_group_rules) to 0
2026-04-23 11:36:32.432 10 INFO neutron.db.ovn_revision_numbers_db [None req-769f6c20-1b11-4823-bbfc-2f0301ef3286 54cbbac1a00342d791ef16958b0f381c 805b09df22884b1599fec2a2303a066f - - default default] Successfully bumped revision number for resource ab113917-5350-49fb-8e44-b6a6668d082f (type: security_group_rules) to 0
2026-04-23 11:36:32.453 10 INFO neutron.wsgi [None req-769f6c20-1b11-4823-bbfc-2f0301ef3286 54cbbac1a00342d791ef16958b0f381c 805b09df22884b1599fec2a2303a066f - - default default] 10.0.0.124 "POST /v2.0/security-groups HTTP/1.1" status: 201 len: 1761 time: 0.5925000
2026-04-23 11:36:32.511 10 INFO neutron.wsgi [None req-12c4d704-4df3-4f9e-9e6d-039576d3ad86 54cbbac1a00342d791ef16958b0f381c 805b09df22884b1599fec2a2303a066f - - default default] 10.0.0.124 "GET /v2.0/security-groups HTTP/1.1" status: 200 len: 4539 time: 0.0533593
2026-04-23 11:36:32.595 10 INFO neutron.db.ovn_revision_numbers_db [None req-515ab05e-53c9-4f13-a7c6-fb8536619fe6 54cbbac1a00342d791ef16958b0f381c 805b09df22884b1599fec2a2303a066f - - default default] Successfully bumped revision number for resource a1a296dd-cba2-4f12-834a-0f5fe1d1221b (type: security_groups) to 2
2026-04-23 11:36:32.599 10 INFO neutron.wsgi [None req-515ab05e-53c9-4f13-a7c6-fb8536619fe6 54cbbac1a00342d791ef16958b0f381c 805b09df22884b1599fec2a2303a066f - - default default] 10.0.0.124 "PUT /v2.0/security-groups/a1a296dd-cba2-4f12-834a-0f5fe1d1221b HTTP/1.1" status: 200 len: 1794 time: 0.0831132
2026-04-23 11:36:32.646 9 INFO neutron.wsgi [None req-9480f503-61fb-4c9a-85c7-24e7a2827cb3 54cbbac1a00342d791ef16958b0f381c 805b09df22884b1599fec2a2303a066f - - default default] 10.0.0.124 "GET /v2.0/security-groups/a1a296dd-cba2-4f12-834a-0f5fe1d1221b HTTP/1.1" status: 200 len: 1794 time: 0.0387192
2026-04-23 11:36:32.779 9 INFO neutron.wsgi [None req-9524688b-c503-459a-a24f-63c4a0d93c3e 54cbbac1a00342d791ef16958b0f381c 805b09df22884b1599fec2a2303a066f - - default default] 10.0.0.124 "DELETE /v2.0/security-groups/a1a296dd-cba2-4f12-834a-0f5fe1d1221b HTTP/1.1" status: 204 len: 168 time: 0.1289065
2026-04-23 11:36:32.826 9 INFO neutron.wsgi [None req-9205291d-6866-4b8e-a090-7f2c89e01da2 54cbbac1a00342d791ef16958b0f381c 805b09df22884b1599fec2a2303a066f - - default default] 10.0.0.124 "GET /v2.0/security-groups HTTP/1.1" status: 200 len: 2996 time: 0.0424554
2026-04-23 11:36:32.851 10 INFO neutron.api.v2.resource [None req-c6e89f3f-8989-4b77-a582-306abb709b40 54cbbac1a00342d791ef16958b0f381c 805b09df22884b1599fec2a2303a066f - - default default] delete failed (client error): The resource could not be found.
2026-04-23 11:36:32.852 10 INFO neutron.wsgi [None req-c6e89f3f-8989-4b77-a582-306abb709b40 54cbbac1a00342d791ef16958b0f381c 805b09df22884b1599fec2a2303a066f - - default default] 10.0.0.124 "DELETE /v2.0/security-groups/a1a296dd-cba2-4f12-834a-0f5fe1d1221b HTTP/1.1" status: 404 len: 347 time: 0.0195971
2026-04-23 11:36:32.996 10 INFO neutron.db.ovn_revision_numbers_db [None req-c8d5388d-32aa-4ba3-9371-1598023ce9ed 54cbbac1a00342d791ef16958b0f381c 805b09df22884b1599fec2a2303a066f - - default default] Successfully bumped revision number for resource 6e55b1e8-3317-4c18-bd42-6391cf958c59 (type: security_groups) to 1
2026-04-23 11:36:33.020 10 INFO neutron.db.ovn_revision_numbers_db [None req-c8d5388d-32aa-4ba3-9371-1598023ce9ed 54cbbac1a00342d791ef16958b0f381c 805b09df22884b1599fec2a2303a066f - - default default] Successfully bumped revision number for resource 681c3b90-fc7d-4bd6-a319-ddd311644132 (type: security_group_rules) to 0
2026-04-23 11:36:33.045 9 INFO neutron.services.segments.plugin [-] Segment 84c35a3c-6f5a-45e7-9442-972c90ce696d resource provider aggregate not found
2026-04-23 11:36:33.047 10 INFO neutron.db.ovn_revision_numbers_db [None req-c8d5388d-32aa-4ba3-9371-1598023ce9ed 54cbbac1a00342d791ef16958b0f381c 805b09df22884b1599fec2a2303a066f - - default default] Successfully bumped revision number for resource e4b935b0-000c-4804-b832-14912687f714 (type: security_group_rules) to 0
2026-04-23 11:36:33.051 9 INFO neutron.services.segments.plugin [-] Segment 84c35a3c-6f5a-45e7-9442-972c90ce696d resource provider aggregate not found
2026-04-23 11:36:33.067 9 INFO neutron.services.segments.plugin [-] Segment 84c35a3c-6f5a-45e7-9442-972c90ce696d resource provider not found; error: Placement Client Error (4xx): {"errors": [{"status": 404, "title": "Not Found", "detail": "The resource could not be found.\n\n No resource provider with uuid 84c35a3c-6f5a-45e7-9442-972c90ce696d found for delete ", "request_id": "req-d68cd207-fd8b-409b-bd9a-0eb468cb8d8b"}]}
2026-04-23 11:36:33.073 9 INFO neutron.services.segments.plugin [-] Segment 84c35a3c-6f5a-45e7-9442-972c90ce696d resource provider not found; error: Placement Client Error (4xx): {"errors": [{"status": 404, "title": "Not Found", "detail": "The resource could not be found.\n\n No resource provider with uuid 84c35a3c-6f5a-45e7-9442-972c90ce696d found for delete ", "request_id": "req-a3201fa9-e1c5-40cd-9512-30743ce06a34"}]}
2026-04-23 11:36:33.082 10 INFO neutron.wsgi [None req-c8d5388d-32aa-4ba3-9371-1598023ce9ed 54cbbac1a00342d791ef16958b0f381c 805b09df22884b1599fec2a2303a066f - - default default] 10.0.0.124 "POST /v2.0/security-groups HTTP/1.1" status: 201 len: 1761 time: 0.2196779
2026-04-23 11:36:33.281 9 INFO neutron.db.ovn_revision_numbers_db [None req-87f6ad56-19e5-492e-b59f-fd5bc1669b6d 54cbbac1a00342d791ef16958b0f381c 805b09df22884b1599fec2a2303a066f - - default default] Successfully bumped revision number for resource b2709a18-3638-4d4e-a6d7-c161085b0828 (type: security_group_rules) to 0
2026-04-23 11:36:33.301 9 INFO neutron.wsgi [None req-87f6ad56-19e5-492e-b59f-fd5bc1669b6d 54cbbac1a00342d791ef16958b0f381c 805b09df22884b1599fec2a2303a066f - - default default] 10.0.0.124 "POST /v2.0/security-group-rules HTTP/1.1" status: 201 len: 768 time: 0.2115250
2026-04-23 11:36:33.320 9 INFO neutron.wsgi [None req-92b1d91f-4969-43ef-85fa-c0bc7928aec3 54cbbac1a00342d791ef16958b0f381c 805b09df22884b1599fec2a2303a066f - - default default] 10.0.0.124 "GET /v2.0/security-group-rules/b2709a18-3638-4d4e-a6d7-c161085b0828 HTTP/1.1" status: 200 len: 763 time: 0.0141902
2026-04-23 11:36:33.364 9 INFO neutron.wsgi [None req-9d5a257d-2103-491e-bbff-342882455bbb 54cbbac1a00342d791ef16958b0f381c 805b09df22884b1599fec2a2303a066f - - default default] 10.0.0.124 "GET /v2.0/security-group-rules HTTP/1.1" status: 200 len: 4113 time: 0.0389571
2026-04-23 11:36:33.473 9 INFO neutron.wsgi [None req-d8566b78-6973-49f5-8966-9bc29beee181 54cbbac1a00342d791ef16958b0f381c 805b09df22884b1599fec2a2303a066f - - default default] 10.0.0.124 "DELETE /v2.0/security-group-rules/b2709a18-3638-4d4e-a6d7-c161085b0828 HTTP/1.1" status: 204 len: 168 time: 0.1050830
2026-04-23 11:36:33.516 9 INFO neutron.wsgi [None req-c610fe5a-13d1-4970-bbc2-dd918e8c0ec1 54cbbac1a00342d791ef16958b0f381c 805b09df22884b1599fec2a2303a066f - - default default] 10.0.0.124 "GET /v2.0/security-group-rules HTTP/1.1" status: 200 len: 3567 time: 0.0388839
2026-04-23 11:36:33.633 9 INFO neutron.db.ovn_revision_numbers_db [None req-cd594d91-4023-4d81-8a4f-445d4993ea24 54cbbac1a00342d791ef16958b0f381c 805b09df22884b1599fec2a2303a066f - - default default] Successfully bumped revision number for resource 60ead917-0e04-4e07-b5bd-70f32a4aab01 (type: security_group_rules) to 0
2026-04-23 11:36:33.660 9 INFO neutron.wsgi [None req-cd594d91-4023-4d81-8a4f-445d4993ea24 54cbbac1a00342d791ef16958b0f381c 805b09df22884b1599fec2a2303a066f - - default default] 10.0.0.124 "POST /v2.0/security-group-rules HTTP/1.1" status: 201 len: 768 time: 0.1379149
2026-04-23 11:36:33.682 9 INFO neutron.wsgi [None req-6ee04cc3-cb0e-4432-bd2b-0aa25d60ab26 54cbbac1a00342d791ef16958b0f381c 805b09df22884b1599fec2a2303a066f - - default default] 10.0.0.124 "GET /v2.0/security-group-rules/60ead917-0e04-4e07-b5bd-70f32a4aab01 HTTP/1.1" status: 200 len: 763 time: 0.0146244
2026-04-23 11:36:33.724 9 INFO neutron.wsgi [None req-8a6ac54d-5d6f-4347-90cf-5c4c7f42a332 54cbbac1a00342d791ef16958b0f381c 805b09df22884b1599fec2a2303a066f - - default default] 10.0.0.124 "GET /v2.0/security-group-rules HTTP/1.1" status: 200 len: 4113 time: 0.0356390
2026-04-23 11:36:33.835 9 INFO neutron.wsgi [None req-321c2abe-a904-4029-aae7-5ff92bef68ad 54cbbac1a00342d791ef16958b0f381c 805b09df22884b1599fec2a2303a066f - - default default] 10.0.0.124 "DELETE /v2.0/security-group-rules/60ead917-0e04-4e07-b5bd-70f32a4aab01 HTTP/1.1" status: 204 len: 168 time: 0.1067588
2026-04-23 11:36:33.876 9 INFO neutron.wsgi [None req-634fd0cf-6aca-4941-8981-b7cecd7c487c 54cbbac1a00342d791ef16958b0f381c 805b09df22884b1599fec2a2303a066f - - default default] 10.0.0.124 "GET /v2.0/security-group-rules HTTP/1.1" status: 200 len: 3567 time: 0.0358140
2026-04-23 11:36:33.899 9 INFO neutron.db.securitygroups_db [None req-9532ebd9-e173-48e1-92c2-2c9b73dc8224 54cbbac1a00342d791ef16958b0f381c 805b09df22884b1599fec2a2303a066f - - default default] Project 805b09df22884b1599fec2a2303a066f added a security group rule with legacy IPv6 ICMP protocol name icmp, ipv6-icmp should be used instead. It was automatically converted.
2026-04-23 11:36:33.986 9 INFO neutron.db.ovn_revision_numbers_db [None req-9532ebd9-e173-48e1-92c2-2c9b73dc8224 54cbbac1a00342d791ef16958b0f381c 805b09df22884b1599fec2a2303a066f - - default default] Successfully bumped revision number for resource e28f1a3f-bfec-409a-8dac-d4c4dc265cd6 (type: security_group_rules) to 0
2026-04-23 11:36:34.010 10 INFO neutron.db.ovn_revision_numbers_db [None req-7a75b89a-c391-4283-8aa3-e6bb82a65b38 067f5a553dfd438a813dc16ae3d5a7ec 10db2107c8a9471da569a846fcbd6cca - - default default] Successfully bumped revision number for resource 8279e3e4-ec6c-43ac-80b4-9889192f905a (type: security_groups) to 1
2026-04-23 11:36:34.010 9 INFO neutron.wsgi [None req-9532ebd9-e173-48e1-92c2-2c9b73dc8224 54cbbac1a00342d791ef16958b0f381c 805b09df22884b1599fec2a2303a066f - - default default] 10.0.0.124 "POST /v2.0/security-group-rules HTTP/1.1" status: 201 len: 774 time: 0.1290758
2026-04-23 11:36:34.019 10 INFO neutron.db.ovn_revision_numbers_db [None req-cc987d19-a342-4f71-b6fa-98ceecbddc25 0af438458a354604b8969711e88215d0 50d3dbe41e3b41afb02f04ab9c7c6d82 - - default default] Successfully bumped revision number for resource 09050ae7-4e3f-4367-bb05-c773b1b19e11 (type: security_groups) to 1
2026-04-23 11:36:34.031 9 INFO neutron.wsgi [None req-d088fb3c-e317-457f-9b18-5560f9d52fe4 54cbbac1a00342d791ef16958b0f381c 805b09df22884b1599fec2a2303a066f - - default default] 10.0.0.124 "GET /v2.0/security-group-rules/e28f1a3f-bfec-409a-8dac-d4c4dc265cd6 HTTP/1.1" status: 200 len: 769 time: 0.0148277
2026-04-23 11:36:34.033 10 INFO neutron.db.ovn_revision_numbers_db [None req-7a75b89a-c391-4283-8aa3-e6bb82a65b38 067f5a553dfd438a813dc16ae3d5a7ec 10db2107c8a9471da569a846fcbd6cca - - default default] Successfully bumped revision number for resource 5c73b7d7-6576-4fbf-9a72-b4da51ef6285 (type: security_group_rules) to 0
2026-04-23 11:36:34.038 10 INFO neutron.db.ovn_revision_numbers_db [None req-cc987d19-a342-4f71-b6fa-98ceecbddc25 0af438458a354604b8969711e88215d0 50d3dbe41e3b41afb02f04ab9c7c6d82 - - default default] Successfully bumped revision number for resource 5f8f4814-deea-47be-9d96-a13819b878a1 (type: security_group_rules) to 0
2026-04-23 11:36:34.051 10 INFO neutron.db.ovn_revision_numbers_db [None req-7a75b89a-c391-4283-8aa3-e6bb82a65b38 067f5a553dfd438a813dc16ae3d5a7ec 10db2107c8a9471da569a846fcbd6cca - - default default] Successfully bumped revision number for resource 70e7dc3f-e958-42ea-abb0-5c2d4378fda6 (type: security_group_rules) to 0
2026-04-23 11:36:34.058 10 INFO neutron.db.ovn_revision_numbers_db [None req-cc987d19-a342-4f71-b6fa-98ceecbddc25 0af438458a354604b8969711e88215d0 50d3dbe41e3b41afb02f04ab9c7c6d82 - - default default] Successfully bumped revision number for resource 69d6a400-aa13-45bc-994d-b6d351c3bdcc (type: security_group_rules) to 0
2026-04-23 11:36:34.065 10 INFO neutron.db.ovn_revision_numbers_db [None req-7a75b89a-c391-4283-8aa3-e6bb82a65b38 067f5a553dfd438a813dc16ae3d5a7ec 10db2107c8a9471da569a846fcbd6cca - - default default] Successfully bumped revision number for resource d6d1f076-6ec2-46d0-99df-cccc770ee31d (type: security_group_rules) to 0
2026-04-23 11:36:34.070 9 INFO neutron.wsgi [None req-613ccadc-9137-4ff7-adff-ae7ee8a21dab 54cbbac1a00342d791ef16958b0f381c 805b09df22884b1599fec2a2303a066f - - default default] 10.0.0.124 "GET /v2.0/security-group-rules HTTP/1.1" status: 200 len: 4119 time: 0.0339494
2026-04-23 11:36:34.072 10 INFO neutron.db.ovn_revision_numbers_db [None req-cc987d19-a342-4f71-b6fa-98ceecbddc25 0af438458a354604b8969711e88215d0 50d3dbe41e3b41afb02f04ab9c7c6d82 - - default default] Successfully bumped revision number for resource 8d4a56c5-ebc3-4f46-bbe9-88086806e6cd (type: security_group_rules) to 0
2026-04-23 11:36:34.080 10 INFO neutron.db.ovn_revision_numbers_db [None req-7a75b89a-c391-4283-8aa3-e6bb82a65b38 067f5a553dfd438a813dc16ae3d5a7ec 10db2107c8a9471da569a846fcbd6cca - - default default] Successfully bumped revision number for resource dd90252b-d199-4155-bcd9-540c90a7b7e7 (type: security_group_rules) to 0
2026-04-23 11:36:34.084 10 INFO neutron.db.ovn_revision_numbers_db [None req-cc987d19-a342-4f71-b6fa-98ceecbddc25 0af438458a354604b8969711e88215d0 50d3dbe41e3b41afb02f04ab9c7c6d82 - - default default] Successfully bumped revision number for resource b4cb42e4-37c4-4f8d-8382-0b4b7cb7bc9e (type: security_group_rules) to 0
2026-04-23 11:36:34.136 10 INFO neutron.db.segments_db [None req-7a75b89a-c391-4283-8aa3-e6bb82a65b38 067f5a553dfd438a813dc16ae3d5a7ec 10db2107c8a9471da569a846fcbd6cca - - default default] Added segment 1ef7ee7a-5017-4f0d-aef9-ce1bf9ff259a of type geneve for network dd6ed664-2a83-4173-a879-46c1990c9c5e
2026-04-23 11:36:34.140 10 INFO neutron.db.segments_db [None req-cc987d19-a342-4f71-b6fa-98ceecbddc25 0af438458a354604b8969711e88215d0 50d3dbe41e3b41afb02f04ab9c7c6d82 - - default default] Added segment cfc000bb-2109-469e-b2e2-c2fb730af9cd of type geneve for network 1d46914c-08b6-4313-af2f-c7f9342d2622
2026-04-23 11:36:34.179 9 INFO neutron.wsgi [None req-6beae682-4b05-4880-b7cf-62999847b569 54cbbac1a00342d791ef16958b0f381c 805b09df22884b1599fec2a2303a066f - - default default] 10.0.0.124 "DELETE /v2.0/security-group-rules/e28f1a3f-bfec-409a-8dac-d4c4dc265cd6 HTTP/1.1" status: 204 len: 168 time: 0.1033902
2026-04-23 11:36:34.240 9 INFO neutron.wsgi [None req-2f8cc22f-a0b6-4751-be17-184d2ea7bca5 54cbbac1a00342d791ef16958b0f381c 805b09df22884b1599fec2a2303a066f - - default default] 10.0.0.124 "GET /v2.0/security-group-rules HTTP/1.1" status: 200 len: 3567 time: 0.0562389
2026-04-23 11:36:34.392 9 INFO neutron.wsgi [None req-9db8b63f-4437-42f0-b9ab-5c10f1429508 54cbbac1a00342d791ef16958b0f381c 805b09df22884b1599fec2a2303a066f - - default default] 10.0.0.124 "DELETE /v2.0/security-groups/6e55b1e8-3317-4c18-bd42-6391cf958c59 HTTP/1.1" status: 204 len: 168 time: 0.1476479
2026-04-23 11:36:34.446 9 INFO neutron.wsgi [None req-7943ff9e-a804-4cfa-832a-781d3e0bc617 54cbbac1a00342d791ef16958b0f381c 805b09df22884b1599fec2a2303a066f - - default default] 10.0.0.124 "GET /v2.0/security-groups HTTP/1.1" status: 200 len: 2996 time: 0.0491161
2026-04-23 11:36:34.515 9 INFO neutron.wsgi [None req-db00df1b-4539-4eab-a44a-be492a9edf3b 54cbbac1a00342d791ef16958b0f381c 805b09df22884b1599fec2a2303a066f - - default default] 10.0.0.124 "GET /v2.0/security-groups HTTP/1.1" status: 200 len: 2996 time: 0.0457845
2026-04-23 11:36:34.651 10 INFO neutron.db.ovn_revision_numbers_db [None req-7a75b89a-c391-4283-8aa3-e6bb82a65b38 067f5a553dfd438a813dc16ae3d5a7ec 10db2107c8a9471da569a846fcbd6cca - - default default] Successfully bumped revision number for resource dd6ed664-2a83-4173-a879-46c1990c9c5e (type: networks) to 1
2026-04-23 11:36:34.667 10 INFO neutron.db.ovn_revision_numbers_db [None req-cc987d19-a342-4f71-b6fa-98ceecbddc25 0af438458a354604b8969711e88215d0 50d3dbe41e3b41afb02f04ab9c7c6d82 - - default default] Successfully bumped revision number for resource 1d46914c-08b6-4313-af2f-c7f9342d2622 (type: networks) to 1
2026-04-23 11:36:34.908 10 WARNING neutron.scheduler.dhcp_agent_scheduler [None req-7a75b89a-c391-4283-8aa3-e6bb82a65b38 067f5a553dfd438a813dc16ae3d5a7ec 10db2107c8a9471da569a846fcbd6cca - - default default] No more DHCP agents
2026-04-23 11:36:34.912 10 WARNING neutron.scheduler.dhcp_agent_scheduler [None req-cc987d19-a342-4f71-b6fa-98ceecbddc25 0af438458a354604b8969711e88215d0 50d3dbe41e3b41afb02f04ab9c7c6d82 - - default default] No more DHCP agents
2026-04-23 11:36:34.914 10 WARNING neutron.api.rpc.agentnotifiers.dhcp_rpc_agent_api [None req-7a75b89a-c391-4283-8aa3-e6bb82a65b38 067f5a553dfd438a813dc16ae3d5a7ec 10db2107c8a9471da569a846fcbd6cca - - default default] Unable to schedule network dd6ed664-2a83-4173-a879-46c1990c9c5e: no agents available; will retry on subsequent port and subnet creation events.
2026-04-23 11:36:34.916 10 WARNING neutron.api.rpc.agentnotifiers.dhcp_rpc_agent_api [None req-cc987d19-a342-4f71-b6fa-98ceecbddc25 0af438458a354604b8969711e88215d0 50d3dbe41e3b41afb02f04ab9c7c6d82 - - default default] Unable to schedule network 1d46914c-08b6-4313-af2f-c7f9342d2622: no agents available; will retry on subsequent port and subnet creation events.
2026-04-23 11:36:35.076 10 INFO neutron.db.ovn_revision_numbers_db [None req-7a75b89a-c391-4283-8aa3-e6bb82a65b38 067f5a553dfd438a813dc16ae3d5a7ec 10db2107c8a9471da569a846fcbd6cca - - default default] Successfully bumped revision number for resource 58415fb1-def0-4174-a3b5-9476e4a2fdb4 (type: ports) to 1
2026-04-23 11:36:35.079 10 INFO neutron.db.ovn_revision_numbers_db [None req-cc987d19-a342-4f71-b6fa-98ceecbddc25 0af438458a354604b8969711e88215d0 50d3dbe41e3b41afb02f04ab9c7c6d82 - - default default] Successfully bumped revision number for resource 94d4f862-db7b-461b-b51c-873fd7d9d90e (type: ports) to 1
2026-04-23 11:36:35.109 10 INFO neutron.wsgi [None req-cc987d19-a342-4f71-b6fa-98ceecbddc25 0af438458a354604b8969711e88215d0 50d3dbe41e3b41afb02f04ab9c7c6d82 - - default default] 10.0.0.124 "POST /v2.0/networks HTTP/1.1" status: 201 len: 833 time: 1.3513365
2026-04-23 11:36:35.114 10 INFO neutron.wsgi [None req-7a75b89a-c391-4283-8aa3-e6bb82a65b38 067f5a553dfd438a813dc16ae3d5a7ec 10db2107c8a9471da569a846fcbd6cca - - default default] 10.0.0.124 "POST /v2.0/networks HTTP/1.1" status: 201 len: 946 time: 1.3904660
2026-04-23 11:36:35.220 9 INFO neutron.db.segments_db [None req-cfffec56-c874-4c45-9944-c4bcf4e4ed77 0af438458a354604b8969711e88215d0 50d3dbe41e3b41afb02f04ab9c7c6d82 - - default default] Added segment 8930b315-ae0a-4553-b802-92301e5b81b5 of type geneve for network 298470bc-954c-41ad-80b6-c1fcf6c44772
2026-04-23 11:36:35.234 9 INFO neutron.wsgi [None req-94daf0e3-fea1-43ad-a456-7f0aab0a7b7c 067f5a553dfd438a813dc16ae3d5a7ec 10db2107c8a9471da569a846fcbd6cca - - default default] 10.0.0.124 "GET /v2.0/security-groups?tenant_id=805b09df22884b1599fec2a2303a066f&name=default HTTP/1.1" status: 200 len: 2996 time: 0.1793911
2026-04-23 11:36:35.328 10 WARNING neutron.scheduler.dhcp_agent_scheduler [None req-605c94c4-09e5-4b4f-9f6c-3a25ce60b838 067f5a553dfd438a813dc16ae3d5a7ec 10db2107c8a9471da569a846fcbd6cca - - default default] No more DHCP agents
2026-04-23 11:36:35.331 10 WARNING neutron.api.rpc.agentnotifiers.dhcp_rpc_agent_api [None req-605c94c4-09e5-4b4f-9f6c-3a25ce60b838 067f5a553dfd438a813dc16ae3d5a7ec 10db2107c8a9471da569a846fcbd6cca - - default default] Unable to schedule network dd6ed664-2a83-4173-a879-46c1990c9c5e: no agents available; will retry on subsequent port and subnet creation events.
2026-04-23 11:36:35.436 9 INFO neutron.db.ovn_revision_numbers_db [None req-cfffec56-c874-4c45-9944-c4bcf4e4ed77 0af438458a354604b8969711e88215d0 50d3dbe41e3b41afb02f04ab9c7c6d82 - - default default] Successfully bumped revision number for resource 298470bc-954c-41ad-80b6-c1fcf6c44772 (type: networks) to 1
2026-04-23 11:36:35.548 10 INFO neutron.wsgi [None req-c59abb32-6a9d-4f85-89ef-e2ee1f345694 067f5a553dfd438a813dc16ae3d5a7ec 10db2107c8a9471da569a846fcbd6cca - - default default] 10.0.0.124 "DELETE /v2.0/security-groups/a2dd23fa-f5d0-421d-af85-4e250c1ef98c HTTP/1.1" status: 204 len: 168 time: 0.3075943
2026-04-23 11:36:35.619 9 WARNING neutron.scheduler.dhcp_agent_scheduler [None req-cfffec56-c874-4c45-9944-c4bcf4e4ed77 0af438458a354604b8969711e88215d0 50d3dbe41e3b41afb02f04ab9c7c6d82 - - default default] No more DHCP agents
2026-04-23 11:36:35.621 9 WARNING neutron.api.rpc.agentnotifiers.dhcp_rpc_agent_api [None req-cfffec56-c874-4c45-9944-c4bcf4e4ed77 0af438458a354604b8969711e88215d0 50d3dbe41e3b41afb02f04ab9c7c6d82 - - default default] Unable to schedule network 298470bc-954c-41ad-80b6-c1fcf6c44772: no agents available; will retry on subsequent port and subnet creation events.
2026-04-23 11:36:35.725 9 INFO neutron.db.ovn_revision_numbers_db [None req-cfffec56-c874-4c45-9944-c4bcf4e4ed77 0af438458a354604b8969711e88215d0 50d3dbe41e3b41afb02f04ab9c7c6d82 - - default default] Successfully bumped revision number for resource 41a26c1a-6a37-4b68-92d1-13c16ebb3fe5 (type: ports) to 1
2026-04-23 11:36:35.749 9 INFO neutron.wsgi [None req-cfffec56-c874-4c45-9944-c4bcf4e4ed77 0af438458a354604b8969711e88215d0 50d3dbe41e3b41afb02f04ab9c7c6d82 - - default default] 10.0.0.124 "POST /v2.0/networks HTTP/1.1" status: 201 len: 832 time: 0.6355121
2026-04-23 11:36:35.924 10 INFO neutron.db.ovn_revision_numbers_db [None req-605c94c4-09e5-4b4f-9f6c-3a25ce60b838 067f5a553dfd438a813dc16ae3d5a7ec 10db2107c8a9471da569a846fcbd6cca - - default default] Successfully bumped revision number for resource 58415fb1-def0-4174-a3b5-9476e4a2fdb4 (type: ports) to 2
2026-04-23 11:36:35.973 10 INFO neutron.db.ovn_revision_numbers_db [None req-605c94c4-09e5-4b4f-9f6c-3a25ce60b838 067f5a553dfd438a813dc16ae3d5a7ec 10db2107c8a9471da569a846fcbd6cca - - default default] Successfully bumped revision number for resource f7db2138-5252-48c9-927e-5a774de95fd0 (type: subnets) to 0
2026-04-23 11:36:35.988 10 INFO neutron.wsgi [None req-605c94c4-09e5-4b4f-9f6c-3a25ce60b838 067f5a553dfd438a813dc16ae3d5a7ec 10db2107c8a9471da569a846fcbd6cca - - default default] 10.0.0.124 "POST /v2.0/subnets HTTP/1.1" status: 201 len: 866 time: 0.8683021
2026-04-23 11:36:36.108 9 WARNING neutron.scheduler.dhcp_agent_scheduler [None req-9762071f-9447-4742-afb4-8a9a76a54fa8 0af438458a354604b8969711e88215d0 50d3dbe41e3b41afb02f04ab9c7c6d82 - - default default] No more DHCP agents
2026-04-23 11:36:36.112 9 WARNING neutron.api.rpc.agentnotifiers.dhcp_rpc_agent_api [None req-9762071f-9447-4742-afb4-8a9a76a54fa8 0af438458a354604b8969711e88215d0 50d3dbe41e3b41afb02f04ab9c7c6d82 - - default default] Unable to schedule network 1d46914c-08b6-4313-af2f-c7f9342d2622: no agents available; will retry on subsequent port and subnet creation events.
2026-04-23 11:36:36.146 9 INFO neutron.db.ovn_revision_numbers_db [None req-9762071f-9447-4742-afb4-8a9a76a54fa8 0af438458a354604b8969711e88215d0 50d3dbe41e3b41afb02f04ab9c7c6d82 - - default default] Successfully bumped revision number for resource 6032a9e1-815f-4c12-b4b4-ed2dbfd1d370 (type: subnets) to 0
2026-04-23 11:36:36.179 9 INFO neutron.wsgi [None req-9762071f-9447-4742-afb4-8a9a76a54fa8 0af438458a354604b8969711e88215d0 50d3dbe41e3b41afb02f04ab9c7c6d82 - - default default] 10.0.0.124 "POST /v2.0/subnets HTTP/1.1" status: 201 len: 821 time: 0.4249473
2026-04-23 11:36:36.502 10 WARNING neutron.scheduler.dhcp_agent_scheduler [None req-68980889-2a59-4266-84ec-6337c80d3092 067f5a553dfd438a813dc16ae3d5a7ec 10db2107c8a9471da569a846fcbd6cca - - default default] No more DHCP agents
2026-04-23 11:36:36.503 10 WARNING neutron.api.rpc.agentnotifiers.dhcp_rpc_agent_api [None req-68980889-2a59-4266-84ec-6337c80d3092 067f5a553dfd438a813dc16ae3d5a7ec 10db2107c8a9471da569a846fcbd6cca - - default default] Unable to schedule network 142002df-9476-4ba6-a597-002912b57917: no agents available; will retry on subsequent port and subnet creation events.
2026-04-23 11:36:36.556 9 WARNING neutron.scheduler.dhcp_agent_scheduler [None req-cbaf0d8d-7ee9-4034-ab65-9917d08990a4 0af438458a354604b8969711e88215d0 50d3dbe41e3b41afb02f04ab9c7c6d82 - - default default] No more DHCP agents
2026-04-23 11:36:36.560 9 WARNING neutron.api.rpc.agentnotifiers.dhcp_rpc_agent_api [None req-cbaf0d8d-7ee9-4034-ab65-9917d08990a4 0af438458a354604b8969711e88215d0 50d3dbe41e3b41afb02f04ab9c7c6d82 - - default default] Unable to schedule network 298470bc-954c-41ad-80b6-c1fcf6c44772: no agents available; will retry on subsequent port and subnet creation events.
2026-04-23 11:36:36.582 9 INFO neutron.db.ovn_revision_numbers_db [None req-739518ad-7e26-4cbd-a283-1ba29702a1f7 067f5a553dfd438a813dc16ae3d5a7ec 10db2107c8a9471da569a846fcbd6cca - - default default] Successfully bumped revision number for resource 548ed60f-ac60-441e-b839-ca7b5513e828 (type: security_groups) to 1
2026-04-23 11:36:36.601 9 INFO neutron.db.ovn_revision_numbers_db [None req-cbaf0d8d-7ee9-4034-ab65-9917d08990a4 0af438458a354604b8969711e88215d0 50d3dbe41e3b41afb02f04ab9c7c6d82 - - default default] Successfully bumped revision number for resource 944c687f-b391-4fcb-955e-6d8e7149dd96 (type: subnets) to 0
2026-04-23 11:36:36.604 9 INFO neutron.db.ovn_revision_numbers_db [None req-739518ad-7e26-4cbd-a283-1ba29702a1f7 067f5a553dfd438a813dc16ae3d5a7ec 10db2107c8a9471da569a846fcbd6cca - - default default] Successfully bumped revision number for resource 00c1a0fb-414b-412c-a7d8-8f04c9d44cd3 (type: security_group_rules) to 0
2026-04-23 11:36:36.624 9 INFO neutron.db.ovn_revision_numbers_db [None req-739518ad-7e26-4cbd-a283-1ba29702a1f7 067f5a553dfd438a813dc16ae3d5a7ec 10db2107c8a9471da569a846fcbd6cca - - default default] Successfully bumped revision number for resource 055e4cd9-8ac9-438d-9af8-80a0f9d1303c (type: security_group_rules) to 0
2026-04-23 11:36:36.628 9 INFO neutron.wsgi [None req-cbaf0d8d-7ee9-4034-ab65-9917d08990a4 0af438458a354604b8969711e88215d0 50d3dbe41e3b41afb02f04ab9c7c6d82 - - default default] 10.0.0.124 "POST /v2.0/subnets HTTP/1.1" status: 201 len: 830 time: 0.4189837
2026-04-23 11:36:36.666 9 INFO neutron.db.ovn_revision_numbers_db [None req-739518ad-7e26-4cbd-a283-1ba29702a1f7 067f5a553dfd438a813dc16ae3d5a7ec 10db2107c8a9471da569a846fcbd6cca - - default default] Successfully bumped revision number for resource 16fbdc17-8779-4bf9-bf4a-b031ddb79a9a (type: security_group_rules) to 0
2026-04-23 11:36:36.692 10 INFO neutron.db.ovn_revision_numbers_db [None req-68980889-2a59-4266-84ec-6337c80d3092 067f5a553dfd438a813dc16ae3d5a7ec 10db2107c8a9471da569a846fcbd6cca - - default default] Successfully bumped revision number for resource 6512f1d7-495f-468a-ae71-9753c70b8116 (type: ports) to 1
2026-04-23 11:36:36.697 9 INFO neutron.db.ovn_revision_numbers_db [None req-739518ad-7e26-4cbd-a283-1ba29702a1f7 067f5a553dfd438a813dc16ae3d5a7ec 10db2107c8a9471da569a846fcbd6cca - - default default] Successfully bumped revision number for resource 3b1a85e2-8432-464e-955d-17f42b06dcd7 (type: security_group_rules) to 0
2026-04-23 11:36:36.751 9 INFO neutron.wsgi [None req-739518ad-7e26-4cbd-a283-1ba29702a1f7 067f5a553dfd438a813dc16ae3d5a7ec 10db2107c8a9471da569a846fcbd6cca - - default default] 10.0.0.124 "GET /v2.0/security-groups?tenant_id=5b2fae2b8e764bfebacfbd723e507919&name=default HTTP/1.1" status: 200 len: 2996 time: 0.4834845
2026-04-23 11:36:36.854 9 INFO neutron.db.ovn_revision_numbers_db [None req-b346ae30-59ef-4f9e-9466-12dc4006e585 0af438458a354604b8969711e88215d0 50d3dbe41e3b41afb02f04ab9c7c6d82 - - default default] Successfully bumped revision number for resource a0daec92-95dd-406b-abde-21b3557561f9 (type: routers) to 1
2026-04-23 11:36:36.872 9 INFO neutron.wsgi [None req-b346ae30-59ef-4f9e-9466-12dc4006e585 0af438458a354604b8969711e88215d0 50d3dbe41e3b41afb02f04ab9c7c6d82 - - default default] 10.0.0.124 "POST /v2.0/routers HTTP/1.1" status: 201 len: 691 time: 0.2371988
2026-04-23 11:36:37.145 10 INFO neutron.wsgi [None req-b4023759-a805-43bf-b1e9-36ffcd035067 067f5a553dfd438a813dc16ae3d5a7ec 10db2107c8a9471da569a846fcbd6cca - - default default] 10.0.0.124 "DELETE /v2.0/security-groups/548ed60f-ac60-441e-b839-ca7b5513e828 HTTP/1.1" status: 204 len: 168 time: 0.3718159
2026-04-23 11:36:37.334 9 WARNING neutron.scheduler.dhcp_agent_scheduler [None req-fa0da914-e14d-437d-b404-437e6e60090e 0af438458a354604b8969711e88215d0 50d3dbe41e3b41afb02f04ab9c7c6d82 - - default default] No more DHCP agents
2026-04-23 11:36:37.339 9 WARNING neutron.api.rpc.agentnotifiers.dhcp_rpc_agent_api [None req-fa0da914-e14d-437d-b404-437e6e60090e 0af438458a354604b8969711e88215d0 50d3dbe41e3b41afb02f04ab9c7c6d82 - - default default] Unable to schedule network 1d46914c-08b6-4313-af2f-c7f9342d2622: no agents available; will retry on subsequent port and subnet creation events.
2026-04-23 11:36:37.372 10 INFO neutron.plugins.ml2.drivers.ovn.mech_driver.mech_driver [None req-a8ddc9fa-e0c2-481d-aef3-025a5f8d7d26 - - - - - -] OVN reports status up for port: 6512f1d7-495f-468a-ae71-9753c70b8116
2026-04-23 11:36:37.394 10 INFO neutron.plugins.ml2.drivers.ovn.mech_driver.ovsdb.ovsdb_monitor [None req-1b226416-d993-44df-a1b3-01a2eb806ff4 - - - - - -] Router 32f6cc5c-001c-43fd-a1ee-7f466dd0352a is bound to host instance
2026-04-23 11:36:37.402 10 INFO neutron.plugins.ml2.plugin [None req-a8ddc9fa-e0c2-481d-aef3-025a5f8d7d26 - - - - - -] Attempt 1 to provision port 6512f1d7-495f-468a-ae71-9753c70b8116
2026-04-23 11:36:37.424 10 INFO neutron.db.ovn_revision_numbers_db [None req-68980889-2a59-4266-84ec-6337c80d3092 067f5a553dfd438a813dc16ae3d5a7ec 10db2107c8a9471da569a846fcbd6cca - - default default] Successfully bumped revision number for resource 6512f1d7-495f-468a-ae71-9753c70b8116 (type: router_ports) to 1
2026-04-23 11:36:37.497 9 INFO neutron.db.ovn_revision_numbers_db [None req-fa0da914-e14d-437d-b404-437e6e60090e 0af438458a354604b8969711e88215d0 50d3dbe41e3b41afb02f04ab9c7c6d82 - - default default] Successfully bumped revision number for resource 3c940113-32cd-4f5a-9ad8-58a64d0fa6fa (type: ports) to 1
2026-04-23 11:36:37.501 9 INFO neutron.db.ovn_revision_numbers_db [None req-b7e13a3f-f22d-4a8a-b88e-fe4f2441739e 067f5a553dfd438a813dc16ae3d5a7ec 10db2107c8a9471da569a846fcbd6cca - - default default] Successfully bumped revision number for resource e9924f9b-7a9f-499f-9878-55d6c96984ba (type: security_groups) to 1
2026-04-23 11:36:37.532 9 INFO neutron.db.ovn_revision_numbers_db [None req-b7e13a3f-f22d-4a8a-b88e-fe4f2441739e 067f5a553dfd438a813dc16ae3d5a7ec 10db2107c8a9471da569a846fcbd6cca - - default default] Successfully bumped revision number for resource 3381b0f1-4a1a-43f8-b607-652d061e1ed5 (type: security_group_rules) to 0
2026-04-23 11:36:37.556 10 INFO neutron.db.ovn_revision_numbers_db [None req-68980889-2a59-4266-84ec-6337c80d3092 067f5a553dfd438a813dc16ae3d5a7ec 10db2107c8a9471da569a846fcbd6cca - - default default] Successfully bumped revision number for resource 32f6cc5c-001c-43fd-a1ee-7f466dd0352a (type: routers) to 2
2026-04-23 11:36:37.557 9 INFO neutron.db.ovn_revision_numbers_db [None req-b7e13a3f-f22d-4a8a-b88e-fe4f2441739e 067f5a553dfd438a813dc16ae3d5a7ec 10db2107c8a9471da569a846fcbd6cca - - default default] Successfully bumped revision number for resource 557cc4eb-8836-4670-af1d-f33bf5c72a15 (type: security_group_rules) to 0
2026-04-23 11:36:37.592 10 INFO neutron.wsgi [None req-68980889-2a59-4266-84ec-6337c80d3092 067f5a553dfd438a813dc16ae3d5a7ec 10db2107c8a9471da569a846fcbd6cca - - default default] 10.0.0.124 "POST /v2.0/routers HTTP/1.1" status: 201 len: 877 time: 1.5989432
2026-04-23 11:36:37.598 9 INFO neutron.db.ovn_revision_numbers_db [None req-b7e13a3f-f22d-4a8a-b88e-fe4f2441739e 067f5a553dfd438a813dc16ae3d5a7ec 10db2107c8a9471da569a846fcbd6cca - - default default] Successfully bumped revision number for resource 5947ff55-e137-49b8-9486-d123b23ec329 (type: security_group_rules) to 0
2026-04-23 11:36:37.637 9 INFO neutron.db.ovn_revision_numbers_db [None req-b7e13a3f-f22d-4a8a-b88e-fe4f2441739e 067f5a553dfd438a813dc16ae3d5a7ec 10db2107c8a9471da569a846fcbd6cca - - default default] Successfully bumped revision number for resource a6cf6e66-1f99-42e0-912d-22a623f9d121 (type: security_group_rules) to 0
2026-04-23 11:36:37.672 9 INFO neutron.wsgi [None req-b7e13a3f-f22d-4a8a-b88e-fe4f2441739e 067f5a553dfd438a813dc16ae3d5a7ec 10db2107c8a9471da569a846fcbd6cca - - default default] 10.0.0.124 "GET /v2.0/security-groups?tenant_id=e6bfee5811844cd983f3e4ba861d33f6&name=default HTTP/1.1" status: 200 len: 2996 time: 0.3589766
2026-04-23 11:36:37.975 9 INFO neutron.plugins.ml2.drivers.ovn.mech_driver.mech_driver [None req-47420532-066e-4611-a7af-ddffd074b744 - - - - - -] OVN reports status up for port: 3c940113-32cd-4f5a-9ad8-58a64d0fa6fa
2026-04-23 11:36:37.988 9 INFO neutron.plugins.ml2.plugin [None req-47420532-066e-4611-a7af-ddffd074b744 - - - - - -] Attempt 1 to provision port 3c940113-32cd-4f5a-9ad8-58a64d0fa6fa
2026-04-23 11:36:37.996 9 INFO neutron.db.ovn_revision_numbers_db [None req-fa0da914-e14d-437d-b404-437e6e60090e 0af438458a354604b8969711e88215d0 50d3dbe41e3b41afb02f04ab9c7c6d82 - - default default] Successfully bumped revision number for resource 3c940113-32cd-4f5a-9ad8-58a64d0fa6fa (type: router_ports) to 1
2026-04-23 11:36:38.015 9 INFO neutron.wsgi [None req-8ee3d28b-6c3b-4e57-98c9-8ae8b4928ce5 067f5a553dfd438a813dc16ae3d5a7ec 10db2107c8a9471da569a846fcbd6cca - - default default] 10.0.0.124 "DELETE /v2.0/security-groups/e9924f9b-7a9f-499f-9878-55d6c96984ba HTTP/1.1" status: 204 len: 168 time: 0.3361933
2026-04-23 11:36:38.156 9 INFO neutron.db.ovn_revision_numbers_db [None req-fa0da914-e14d-437d-b404-437e6e60090e 0af438458a354604b8969711e88215d0 50d3dbe41e3b41afb02f04ab9c7c6d82 - - default default] Successfully bumped revision number for resource 3c940113-32cd-4f5a-9ad8-58a64d0fa6fa (type: ports) to 1
2026-04-23 11:36:38.421 10 INFO neutron.db.ovn_revision_numbers_db [None req-1b226416-d993-44df-a1b3-01a2eb806ff4 - - - - - -] Successfully bumped revision number for resource 6512f1d7-495f-468a-ae71-9753c70b8116 (type: ports) to 1
2026-04-23 11:36:38.439 10 WARNING neutron.scheduler.dhcp_agent_scheduler [None req-bc471e8d-4b8a-478e-9f96-c040322d7b6f 067f5a553dfd438a813dc16ae3d5a7ec 10db2107c8a9471da569a846fcbd6cca - - default default] No more DHCP agents
2026-04-23 11:36:38.441 10 WARNING neutron.api.rpc.agentnotifiers.dhcp_rpc_agent_api [None req-bc471e8d-4b8a-478e-9f96-c040322d7b6f 067f5a553dfd438a813dc16ae3d5a7ec 10db2107c8a9471da569a846fcbd6cca - - default default] Unable to schedule network dd6ed664-2a83-4173-a879-46c1990c9c5e: no agents available; will retry on subsequent port and subnet creation events.
2026-04-23 11:36:38.468 9 WARNING neutron.scheduler.dhcp_agent_scheduler [None req-fa0da914-e14d-437d-b404-437e6e60090e 0af438458a354604b8969711e88215d0 50d3dbe41e3b41afb02f04ab9c7c6d82 - - default default] No more DHCP agents
2026-04-23 11:36:38.470 9 WARNING neutron.api.rpc.agentnotifiers.dhcp_rpc_agent_api [None req-fa0da914-e14d-437d-b404-437e6e60090e 0af438458a354604b8969711e88215d0 50d3dbe41e3b41afb02f04ab9c7c6d82 - - default default] Unable to schedule network 1d46914c-08b6-4313-af2f-c7f9342d2622: no agents available; will retry on subsequent port and subnet creation events.
2026-04-23 11:36:38.584 9 INFO neutron.db.ovn_revision_numbers_db [None req-47420532-066e-4611-a7af-ddffd074b744 - - - - - -] Successfully bumped revision number for resource 3c940113-32cd-4f5a-9ad8-58a64d0fa6fa (type: ports) to 2
2026-04-23 11:36:38.706 10 INFO neutron.db.ovn_revision_numbers_db [None req-bc471e8d-4b8a-478e-9f96-c040322d7b6f 067f5a553dfd438a813dc16ae3d5a7ec 10db2107c8a9471da569a846fcbd6cca - - default default] Successfully bumped revision number for resource 3efedf6a-463c-4a6c-95e7-a7cc95268e1f (type: ports) to 1
2026-04-23 11:36:38.723 9 INFO neutron.db.ovn_revision_numbers_db [None req-fa0da914-e14d-437d-b404-437e6e60090e 0af438458a354604b8969711e88215d0 50d3dbe41e3b41afb02f04ab9c7c6d82 - - default default] Successfully bumped revision number for resource 3c940113-32cd-4f5a-9ad8-58a64d0fa6fa (type: router_ports) to 2
2026-04-23 11:36:38.725 9 INFO neutron.wsgi [None req-fa0da914-e14d-437d-b404-437e6e60090e 0af438458a354604b8969711e88215d0 50d3dbe41e3b41afb02f04ab9c7c6d82 - - default default] 10.0.0.124 "PUT /v2.0/routers/a0daec92-95dd-406b-abde-21b3557561f9/add_router_interface HTTP/1.1" status: 200 len: 503 time: 1.8474975
2026-04-23 11:36:38.762 9 INFO neutron.wsgi [None req-ea20d2ef-82e2-4616-bde3-98910655dd03 0af438458a354604b8969711e88215d0 50d3dbe41e3b41afb02f04ab9c7c6d82 - - default default] 10.0.0.124 "GET /v2.0/ports/3c940113-32cd-4f5a-9ad8-58a64d0fa6fa HTTP/1.1" status: 200 len: 1141 time: 0.0322127
2026-04-23 11:36:38.790 10 INFO neutron.db.ovn_revision_numbers_db [None req-1b226416-d993-44df-a1b3-01a2eb806ff4 - - - - - -] Successfully bumped revision number for resource 6512f1d7-495f-468a-ae71-9753c70b8116 (type: router_ports) to 3
2026-04-23 11:36:39.023 10 INFO neutron.db.ovn_revision_numbers_db [None req-1b226416-d993-44df-a1b3-01a2eb806ff4 - - - - - -] Successfully bumped revision number for resource 6512f1d7-495f-468a-ae71-9753c70b8116 (type: ports) to 2
2026-04-23 11:36:39.313 10 INFO neutron.db.ovn_revision_numbers_db [None req-bc471e8d-4b8a-478e-9f96-c040322d7b6f 067f5a553dfd438a813dc16ae3d5a7ec 10db2107c8a9471da569a846fcbd6cca - - default default] Successfully bumped revision number for resource 3efedf6a-463c-4a6c-95e7-a7cc95268e1f (type: router_ports) to 1
2026-04-23 11:36:39.316 9 WARNING neutron.scheduler.dhcp_agent_scheduler [None req-86dd7b16-a9a4-4492-8289-032abbb8c6d3 0af438458a354604b8969711e88215d0 50d3dbe41e3b41afb02f04ab9c7c6d82 - - default default] No more DHCP agents
2026-04-23 11:36:39.319 9 WARNING neutron.api.rpc.agentnotifiers.dhcp_rpc_agent_api [None req-86dd7b16-a9a4-4492-8289-032abbb8c6d3 0af438458a354604b8969711e88215d0 50d3dbe41e3b41afb02f04ab9c7c6d82 - - default default] Unable to schedule network 298470bc-954c-41ad-80b6-c1fcf6c44772: no agents available; will retry on subsequent port and subnet creation events.
2026-04-23 11:36:39.367 10 INFO neutron.db.ovn_revision_numbers_db [None req-1b226416-d993-44df-a1b3-01a2eb806ff4 - - - - - -] Successfully bumped revision number for resource 6512f1d7-495f-468a-ae71-9753c70b8116 (type: ports) to 4
2026-04-23 11:36:39.469 9 INFO neutron.db.ovn_revision_numbers_db [None req-86dd7b16-a9a4-4492-8289-032abbb8c6d3 0af438458a354604b8969711e88215d0 50d3dbe41e3b41afb02f04ab9c7c6d82 - - default default] Successfully bumped revision number for resource 1b4ef9eb-4123-48b2-91f1-533056866095 (type: ports) to 1
2026-04-23 11:36:39.562 10 INFO neutron.db.ovn_revision_numbers_db [None req-bc471e8d-4b8a-478e-9f96-c040322d7b6f 067f5a553dfd438a813dc16ae3d5a7ec 10db2107c8a9471da569a846fcbd6cca - - default default] Successfully bumped revision number for resource 3efedf6a-463c-4a6c-95e7-a7cc95268e1f (type: ports) to 1
2026-04-23 11:36:39.669 10 WARNING neutron.scheduler.dhcp_agent_scheduler [None req-bc471e8d-4b8a-478e-9f96-c040322d7b6f 067f5a553dfd438a813dc16ae3d5a7ec 10db2107c8a9471da569a846fcbd6cca - - default default] No more DHCP agents
2026-04-23 11:36:39.671 10 WARNING neutron.api.rpc.agentnotifiers.dhcp_rpc_agent_api [None req-bc471e8d-4b8a-478e-9f96-c040322d7b6f 067f5a553dfd438a813dc16ae3d5a7ec 10db2107c8a9471da569a846fcbd6cca - - default default] Unable to schedule network dd6ed664-2a83-4173-a879-46c1990c9c5e: no agents available; will retry on subsequent port and subnet creation events.
2026-04-23 11:36:39.715 10 INFO neutron.db.ovn_revision_numbers_db [None req-1b226416-d993-44df-a1b3-01a2eb806ff4 - - - - - -] Successfully bumped revision number for resource 6512f1d7-495f-468a-ae71-9753c70b8116 (type: router_ports) to 4
2026-04-23 11:36:39.977 9 INFO neutron.db.ovn_revision_numbers_db [None req-86dd7b16-a9a4-4492-8289-032abbb8c6d3 0af438458a354604b8969711e88215d0 50d3dbe41e3b41afb02f04ab9c7c6d82 - - default default] Successfully bumped revision number for resource 1b4ef9eb-4123-48b2-91f1-533056866095 (type: router_ports) to 1
2026-04-23 11:36:40.095 9 INFO neutron.db.ovn_revision_numbers_db [None req-86dd7b16-a9a4-4492-8289-032abbb8c6d3 0af438458a354604b8969711e88215d0 50d3dbe41e3b41afb02f04ab9c7c6d82 - - default default] Successfully bumped revision number for resource 1b4ef9eb-4123-48b2-91f1-533056866095 (type: ports) to 1
2026-04-23 11:36:40.178 9 WARNING neutron.scheduler.dhcp_agent_scheduler [None req-86dd7b16-a9a4-4492-8289-032abbb8c6d3 0af438458a354604b8969711e88215d0 50d3dbe41e3b41afb02f04ab9c7c6d82 - - default default] No more DHCP agents
2026-04-23 11:36:40.181 9 WARNING neutron.api.rpc.agentnotifiers.dhcp_rpc_agent_api [None req-86dd7b16-a9a4-4492-8289-032abbb8c6d3 0af438458a354604b8969711e88215d0 50d3dbe41e3b41afb02f04ab9c7c6d82 - - default default] Unable to schedule network 298470bc-954c-41ad-80b6-c1fcf6c44772: no agents available; will retry on subsequent port and subnet creation events.
2026-04-23 11:36:40.198 10 INFO neutron.db.ovn_revision_numbers_db [None req-bc471e8d-4b8a-478e-9f96-c040322d7b6f 067f5a553dfd438a813dc16ae3d5a7ec 10db2107c8a9471da569a846fcbd6cca - - default default] Successfully bumped revision number for resource 3efedf6a-463c-4a6c-95e7-a7cc95268e1f (type: router_ports) to 1
2026-04-23 11:36:40.201 10 INFO neutron.wsgi [None req-bc471e8d-4b8a-478e-9f96-c040322d7b6f 067f5a553dfd438a813dc16ae3d5a7ec 10db2107c8a9471da569a846fcbd6cca - - default default] 10.0.0.124 "PUT /v2.0/routers/32f6cc5c-001c-43fd-a1ee-7f466dd0352a/add_router_interface HTTP/1.1" status: 200 len: 503 time: 2.6049891
2026-04-23 11:36:40.403 9 INFO neutron.db.ovn_revision_numbers_db [None req-a3eb0a24-1fc1-4d55-a5f6-2559a28d974d 067f5a553dfd438a813dc16ae3d5a7ec 10db2107c8a9471da569a846fcbd6cca - - default default] Successfully bumped revision number for resource 8d8be6b5-6aa8-4b12-bbaa-9a459628c4cd (type: security_groups) to 1
2026-04-23 11:36:40.409 9 INFO neutron.db.ovn_revision_numbers_db [None req-86dd7b16-a9a4-4492-8289-032abbb8c6d3 0af438458a354604b8969711e88215d0 50d3dbe41e3b41afb02f04ab9c7c6d82 - - default default] Successfully bumped revision number for resource 1b4ef9eb-4123-48b2-91f1-533056866095 (type: router_ports) to 1
2026-04-23 11:36:40.411 9 INFO neutron.wsgi [None req-86dd7b16-a9a4-4492-8289-032abbb8c6d3 0af438458a354604b8969711e88215d0 50d3dbe41e3b41afb02f04ab9c7c6d82 - - default default] 10.0.0.124 "PUT /v2.0/routers/a0daec92-95dd-406b-abde-21b3557561f9/add_router_interface HTTP/1.1" status: 200 len: 503 time: 1.6444106
2026-04-23 11:36:40.419 9 INFO neutron.db.ovn_revision_numbers_db [None req-a3eb0a24-1fc1-4d55-a5f6-2559a28d974d 067f5a553dfd438a813dc16ae3d5a7ec 10db2107c8a9471da569a846fcbd6cca - - default default] Successfully bumped revision number for resource 0bf68d70-3df4-4ab1-82a9-fd2426fd4915 (type: security_group_rules) to 0
2026-04-23 11:36:40.436 9 INFO neutron.db.ovn_revision_numbers_db [None req-a3eb0a24-1fc1-4d55-a5f6-2559a28d974d 067f5a553dfd438a813dc16ae3d5a7ec 10db2107c8a9471da569a846fcbd6cca - - default default] Successfully bumped revision number for resource 44651730-64cc-467a-b925-f25cab8602fb (type: security_group_rules) to 0
2026-04-23 11:36:40.452 9 INFO neutron.db.ovn_revision_numbers_db [None req-a3eb0a24-1fc1-4d55-a5f6-2559a28d974d 067f5a553dfd438a813dc16ae3d5a7ec 10db2107c8a9471da569a846fcbd6cca - - default default] Successfully bumped revision number for resource 81e86621-d9c8-4267-89e2-e09db87ca1dd (type: security_group_rules) to 0
2026-04-23 11:36:40.468 9 INFO neutron.db.ovn_revision_numbers_db [None req-a3eb0a24-1fc1-4d55-a5f6-2559a28d974d 067f5a553dfd438a813dc16ae3d5a7ec 10db2107c8a9471da569a846fcbd6cca - - default default] Successfully bumped revision number for resource b34faea5-f1ba-4d24-8cfc-70e2a85a46e3 (type: security_group_rules) to 0
2026-04-23 11:36:40.494 9 INFO neutron.wsgi [None req-a3eb0a24-1fc1-4d55-a5f6-2559a28d974d 067f5a553dfd438a813dc16ae3d5a7ec 10db2107c8a9471da569a846fcbd6cca - - default default] 10.0.0.124 "GET /v2.0/security-groups?tenant_id=937dcdfdb49d455fac190c9ee67c57aa&name=default HTTP/1.1" status: 200 len: 2996 time: 0.4349101
2026-04-23 11:36:40.506 10 INFO neutron.wsgi [None req-95c56e36-50f0-4c38-a433-e186f8228396 0af438458a354604b8969711e88215d0 50d3dbe41e3b41afb02f04ab9c7c6d82 - - default default] 10.0.0.124 "GET /v2.0/ports/1b4ef9eb-4123-48b2-91f1-533056866095 HTTP/1.1" status: 200 len: 1147 time: 0.0906148
2026-04-23 11:36:40.572 10 INFO neutron.wsgi [None req-3aa5eaf6-b351-4a24-aea0-d898c8edf697 0af438458a354604b8969711e88215d0 50d3dbe41e3b41afb02f04ab9c7c6d82 - - default default] 10.0.0.124 "GET /v2.0/ports/1b4ef9eb-4123-48b2-91f1-533056866095 HTTP/1.1" status: 200 len: 1147 time: 0.0602219
2026-04-23 11:36:40.712 9 INFO neutron.wsgi [None req-0a8bbabc-f468-4e42-bd23-d6a8c757e431 067f5a553dfd438a813dc16ae3d5a7ec 10db2107c8a9471da569a846fcbd6cca - - default default] 10.0.0.124 "DELETE /v2.0/security-groups/8d8be6b5-6aa8-4b12-bbaa-9a459628c4cd HTTP/1.1" status: 204 len: 168 time: 0.2123473
