2026-04-23 11:34:54.188 10 WARNING neutron.api.rpc.agentnotifiers.dhcp_rpc_agent_api [req-ae5a296f-a009-48a1-9995-c877ba3e2da2 req-872724c4-c798-471f-b201-793a5e33e32d 6d664c01f33a4bf4a0059f2aa20229b6 18b147c5ab674acb910ed91cb9bbde02 - - default default] Unable to schedule network d57ef508-96ec-4a0e-ab5a-bc5ec82f4d2e: no agents available; will retry on subsequent port and subnet creation events.
2026-04-23 11:34:54.403 10 INFO neutron.db.ovn_revision_numbers_db [None req-a8ddc9fa-e0c2-481d-aef3-025a5f8d7d26 - - - - - -] Successfully bumped revision number for resource 96c8b943-2faa-4c0a-b94f-0daace58a938 (type: ports) to 2
2026-04-23 11:34:54.411 10 INFO neutron.db.ovn_revision_numbers_db [req-23dda532-7ad4-4416-9e1d-55dbb4a323e7 req-42f79bab-14bb-4b56-ad00-c092abbccc9b a760d013f20644e688d860d7b0c9041a c2a9a1736e694f7aa0a712bd0db299ec - - default default] Successfully bumped revision number for resource 4d7ba891-14a4-4f90-a24f-cab7a0149de1 (type: ports) to 1
2026-04-23 11:34:54.454 9 INFO neutron.wsgi [req-ec420913-8c6c-4888-be3f-3b636f3099a1 req-626ceaec-fb0b-4b03-918f-8cdf18b7b29a a760d013f20644e688d860d7b0c9041a c2a9a1736e694f7aa0a712bd0db299ec - - default default] 10.0.0.234 "GET /v2.0/ports?device_id=02879c6d-a06c-4f07-8e0f-9dc6f4f15d10 HTTP/1.1" status: 200 len: 1156 time: 0.2414136
2026-04-23 11:34:54.456 10 INFO neutron.wsgi [req-23dda532-7ad4-4416-9e1d-55dbb4a323e7 req-42f79bab-14bb-4b56-ad00-c092abbccc9b a760d013f20644e688d860d7b0c9041a c2a9a1736e694f7aa0a712bd0db299ec - - default default] 199.204.45.222 "POST /v2.0/ports HTTP/1.1" status: 201 len: 1158 time: 1.1996264 /var/lib/openstack/lib/python3.10/site-packages/pycadf/identifier.py:71: UserWarning: Invalid uuid: neutron. To ensure interoperability, identifiers should be a valid uuid. warnings.warn(('Invalid uuid: %s. To ensure interoperability, '
2026-04-23 11:34:54.482 10 INFO neutron.wsgi [req-23dda532-7ad4-4416-9e1d-55dbb4a323e7 req-4a09df5e-bd0a-47f2-9549-b397b1a4868a a760d013f20644e688d860d7b0c9041a c2a9a1736e694f7aa0a712bd0db299ec - - default default] 199.204.45.222 "GET /v2.0/extensions HTTP/1.1" status: 200 len: 16525 time: 0.0143549
2026-04-23 11:34:54.504 10 INFO neutron.db.ovn_revision_numbers_db [req-ae5a296f-a009-48a1-9995-c877ba3e2da2 req-872724c4-c798-471f-b201-793a5e33e32d 6d664c01f33a4bf4a0059f2aa20229b6 18b147c5ab674acb910ed91cb9bbde02 - - default default] Successfully bumped revision number for resource 161fe477-657d-4303-9b85-5882fd724387 (type: ports) to 1
2026-04-23 11:34:54.509 9 INFO neutron.db.ovn_revision_numbers_db [None req-ca7dfd77-28b3-4044-be1b-d63e4b135dd0 a33af970d2aa4312aba3e3ac85e26f6c f2908195adc54878ab303c077ce55197 - - default default] Successfully bumped revision number for resource 209a478a-a9fa-43e6-917f-4702f3a2b12f (type: security_group_rules) to 0
2026-04-23 11:34:54.536 9 INFO neutron.wsgi [req-ec420913-8c6c-4888-be3f-3b636f3099a1 req-4c4f63b0-0e99-42bd-8264-d2099174bd23 a760d013f20644e688d860d7b0c9041a c2a9a1736e694f7aa0a712bd0db299ec - - default default] 10.0.0.234 "GET /v2.0/security-groups?id=91b02844-12d1-4e9f-aca0-4863a2cfb0d0&fields=id&fields=name HTTP/1.1" status: 200 len: 286 time: 0.0682023
2026-04-23 11:34:54.542 10 INFO neutron.wsgi [req-ae5a296f-a009-48a1-9995-c877ba3e2da2 req-872724c4-c798-471f-b201-793a5e33e32d 6d664c01f33a4bf4a0059f2aa20229b6 18b147c5ab674acb910ed91cb9bbde02 - - default default] 199.204.45.222 "POST /v2.0/ports HTTP/1.1" status: 201 len: 1162 time: 1.1698852
2026-04-23 11:34:54.556 9 INFO neutron.wsgi [None req-ca7dfd77-28b3-4044-be1b-d63e4b135dd0 a33af970d2aa4312aba3e3ac85e26f6c f2908195adc54878ab303c077ce55197 - - default default] 10.0.0.124 "POST /v2.0/security-group-rules HTTP/1.1" status: 201 len: 769 time: 0.5578427
2026-04-23 11:34:54.658 10 INFO neutron.db.ovn_revision_numbers_db [None req-a8ddc9fa-e0c2-481d-aef3-025a5f8d7d26 - - - - - -] Successfully bumped revision number for resource 96c8b943-2faa-4c0a-b94f-0daace58a938 (type: router_ports) to 2
2026-04-23 11:34:54.910 10 WARNING neutron.scheduler.dhcp_agent_scheduler [None req-3f28d56f-d04b-4516-b3d0-cac85ffb4ecd a33af970d2aa4312aba3e3ac85e26f6c f2908195adc54878ab303c077ce55197 - - default default] No more DHCP agents
2026-04-23 11:34:54.915 10 WARNING neutron.api.rpc.agentnotifiers.dhcp_rpc_agent_api [None req-3f28d56f-d04b-4516-b3d0-cac85ffb4ecd a33af970d2aa4312aba3e3ac85e26f6c f2908195adc54878ab303c077ce55197 - - default default] Unable to schedule network 142002df-9476-4ba6-a597-002912b57917: no agents available; will retry on subsequent port and subnet creation events.
2026-04-23 11:34:55.429 10 INFO neutron.wsgi [req-69d756d7-6c98-4a15-939b-41c84a367c0e req-dfb8ee33-83d5-40b1-9765-d8f2c5847d39 6d664c01f33a4bf4a0059f2aa20229b6 18b147c5ab674acb910ed91cb9bbde02 - - default default] 10.0.0.234 "GET /v2.0/ports?device_id=a669f320-227d-4b98-8fda-757d949bce1a HTTP/1.1" status: 200 len: 1160 time: 0.3103771
2026-04-23 11:34:55.606 10 INFO neutron.wsgi [req-69d756d7-6c98-4a15-939b-41c84a367c0e req-f3dfc928-318e-4002-9777-cabf5ae5f17e 6d664c01f33a4bf4a0059f2aa20229b6 18b147c5ab674acb910ed91cb9bbde02 - - default default] 10.0.0.234 "GET /v2.0/security-groups?id=832a141c-083c-4ae6-850b-275dab80e73a&fields=id&fields=name HTTP/1.1" status: 200 len: 313 time: 0.1678715
2026-04-23 11:34:55.670 9 INFO neutron.wsgi [req-cac7109e-d80d-4cd1-95fe-064eec873465 req-083e578a-b8de-4630-8132-5fced1a3f3a4 a760d013f20644e688d860d7b0c9041a c2a9a1736e694f7aa0a712bd0db299ec - - default default] 10.0.0.234 "GET /v2.0/ports?device_id=02879c6d-a06c-4f07-8e0f-9dc6f4f15d10 HTTP/1.1" status: 200 len: 1168 time: 0.0655682
2026-04-23 11:34:55.742 9 INFO neutron.wsgi [None req-911c1ec7-27fb-4353-96c2-819ae23bbb49 067f5a553dfd438a813dc16ae3d5a7ec 10db2107c8a9471da569a846fcbd6cca - - default default] 10.0.0.124 "PUT /v2.0/routers/f28b9136-3b13-4ce4-83af-7409072f46eb/remove_router_interface HTTP/1.1" status: 200 len: 503 time: 1.9105644
2026-04-23 11:34:55.749 9 INFO neutron.wsgi [req-cac7109e-d80d-4cd1-95fe-064eec873465 req-2a8570c1-f0ec-4581-afe4-458fbb9ef88f a760d013f20644e688d860d7b0c9041a c2a9a1736e694f7aa0a712bd0db299ec - - default default] 10.0.0.234 "GET /v2.0/security-groups?id=91b02844-12d1-4e9f-aca0-4863a2cfb0d0&fields=id&fields=name HTTP/1.1" status: 200 len: 286 time: 0.0725553
2026-04-23 11:34:55.753 10 INFO neutron.db.ovn_revision_numbers_db [None req-3f28d56f-d04b-4516-b3d0-cac85ffb4ecd a33af970d2aa4312aba3e3ac85e26f6c f2908195adc54878ab303c077ce55197 - - default default] Successfully bumped revision number for resource 68db4dc7-90a0-4f0d-99d9-7cd602d04c93 (type: floatingips) to 0 /var/lib/openstack/lib/python3.10/site-packages/pycadf/identifier.py:71: UserWarning: Invalid uuid: neutron. To ensure interoperability, identifiers should be a valid uuid. warnings.warn(('Invalid uuid: %s. To ensure interoperability, '
2026-04-23 11:34:55.819 10 INFO neutron.wsgi [None req-3f28d56f-d04b-4516-b3d0-cac85ffb4ecd a33af970d2aa4312aba3e3ac85e26f6c f2908195adc54878ab303c077ce55197 - - default default] 10.0.0.124 "POST /v2.0/floatingips HTTP/1.1" status: 201 len: 751 time: 1.2547133
2026-04-23 11:34:55.831 10 INFO neutron.db.ovn_revision_numbers_db [req-23dda532-7ad4-4416-9e1d-55dbb4a323e7 req-900a4ce9-5b00-40a7-b91d-fe8dd4086f41 3b5b869d738f4e6cba975cf94a01acd2 15b933f9502a497eb0b2802a7799b651 - - fb3a080562804969af6eb1fc6f74c10f fb3a080562804969af6eb1fc6f74c10f] Successfully bumped revision number for resource 4d7ba891-14a4-4f90-a24f-cab7a0149de1 (type: ports) to 2
2026-04-23 11:34:55.865 10 INFO neutron.db.ovn_revision_numbers_db [req-ae5a296f-a009-48a1-9995-c877ba3e2da2 req-9a7fc341-e459-47c5-85a7-e3dfcde9d251 3b5b869d738f4e6cba975cf94a01acd2 15b933f9502a497eb0b2802a7799b651 - - fb3a080562804969af6eb1fc6f74c10f fb3a080562804969af6eb1fc6f74c10f] Successfully bumped revision number for resource 161fe477-657d-4303-9b85-5882fd724387 (type: ports) to 2
2026-04-23 11:34:56.334 10 INFO neutron.db.ovn_revision_numbers_db [req-23dda532-7ad4-4416-9e1d-55dbb4a323e7 req-900a4ce9-5b00-40a7-b91d-fe8dd4086f41 3b5b869d738f4e6cba975cf94a01acd2 15b933f9502a497eb0b2802a7799b651 - - fb3a080562804969af6eb1fc6f74c10f fb3a080562804969af6eb1fc6f74c10f] Successfully bumped revision number for resource 4d7ba891-14a4-4f90-a24f-cab7a0149de1 (type: ports) to 2
2026-04-23 11:34:56.382 10 INFO neutron.wsgi [req-23dda532-7ad4-4416-9e1d-55dbb4a323e7 req-900a4ce9-5b00-40a7-b91d-fe8dd4086f41 3b5b869d738f4e6cba975cf94a01acd2 15b933f9502a497eb0b2802a7799b651 - - fb3a080562804969af6eb1fc6f74c10f fb3a080562804969af6eb1fc6f74c10f] 199.204.45.222 "PUT /v2.0/ports/4d7ba891-14a4-4f90-a24f-cab7a0149de1 HTTP/1.1" status: 200 len: 1376 time: 1.5659740 /var/lib/openstack/lib/python3.10/site-packages/pycadf/identifier.py:71: UserWarning: Invalid uuid: neutron. To ensure interoperability, identifiers should be a valid uuid. warnings.warn(('Invalid uuid: %s. To ensure interoperability, '
2026-04-23 11:34:56.470 10 INFO neutron.db.ovn_revision_numbers_db [req-ae5a296f-a009-48a1-9995-c877ba3e2da2 req-9a7fc341-e459-47c5-85a7-e3dfcde9d251 3b5b869d738f4e6cba975cf94a01acd2 15b933f9502a497eb0b2802a7799b651 - - fb3a080562804969af6eb1fc6f74c10f fb3a080562804969af6eb1fc6f74c10f] Successfully bumped revision number for resource 161fe477-657d-4303-9b85-5882fd724387 (type: ports) to 2
2026-04-23 11:34:56.480 10 INFO neutron.wsgi [req-23dda532-7ad4-4416-9e1d-55dbb4a323e7 req-b36d85d2-3894-4377-a5a7-454e5955f8fe 3b5b869d738f4e6cba975cf94a01acd2 15b933f9502a497eb0b2802a7799b651 - - fb3a080562804969af6eb1fc6f74c10f fb3a080562804969af6eb1fc6f74c10f] 199.204.45.222 "GET /v2.0/ports?tenant_id=c2a9a1736e694f7aa0a712bd0db299ec&device_id=02879c6d-a06c-4f07-8e0f-9dc6f4f15d10 HTTP/1.1" status: 200 len: 1407 time: 0.0547800
2026-04-23 11:34:56.536 10 INFO neutron.wsgi [req-23dda532-7ad4-4416-9e1d-55dbb4a323e7 req-08892d3f-9ab0-4edb-ae73-b3d523796d0a 3b5b869d738f4e6cba975cf94a01acd2 15b933f9502a497eb0b2802a7799b651 - - fb3a080562804969af6eb1fc6f74c10f fb3a080562804969af6eb1fc6f74c10f] 199.204.45.222 "GET /v2.0/floatingips?fixed_ip_address=10.100.0.8&port_id=4d7ba891-14a4-4f90-a24f-cab7a0149de1 HTTP/1.1" status: 200 len: 217 time: 0.0431664
2026-04-23 11:34:56.542 10 INFO neutron.wsgi [req-ae5a296f-a009-48a1-9995-c877ba3e2da2 req-9a7fc341-e459-47c5-85a7-e3dfcde9d251 3b5b869d738f4e6cba975cf94a01acd2 15b933f9502a497eb0b2802a7799b651 - - fb3a080562804969af6eb1fc6f74c10f fb3a080562804969af6eb1fc6f74c10f] 199.204.45.222 "PUT /v2.0/ports/161fe477-657d-4303-9b85-5882fd724387 HTTP/1.1" status: 200 len: 1380 time: 1.7261672
2026-04-23 11:34:56.599 10 INFO neutron.wsgi [req-23dda532-7ad4-4416-9e1d-55dbb4a323e7 req-30ebd44d-12ec-4113-8175-582796de077b 3b5b869d738f4e6cba975cf94a01acd2 15b933f9502a497eb0b2802a7799b651 - - fb3a080562804969af6eb1fc6f74c10f fb3a080562804969af6eb1fc6f74c10f] 199.204.45.222 "GET /v2.0/subnets?id=41d94e5d-2dd3-4d7f-92f4-582909dc91fe HTTP/1.1" status: 200 len: 871 time: 0.0486717
2026-04-23 11:34:56.656 10 INFO neutron.wsgi [req-23dda532-7ad4-4416-9e1d-55dbb4a323e7 req-310786ce-5242-4d7f-9feb-309897f5fe78 3b5b869d738f4e6cba975cf94a01acd2 15b933f9502a497eb0b2802a7799b651 - - fb3a080562804969af6eb1fc6f74c10f fb3a080562804969af6eb1fc6f74c10f] 199.204.45.222 "GET /v2.0/ports?network_id=5165385f-5b24-451b-9fd5-80b5664048bd&device_owner=network%3Adhcp HTTP/1.1" status: 200 len: 210 time: 0.0503907
2026-04-23 11:34:56.690 10 INFO neutron.wsgi [req-ae5a296f-a009-48a1-9995-c877ba3e2da2 req-c5a2a158-2809-467d-b9bd-8c8d00dc3f08 3b5b869d738f4e6cba975cf94a01acd2 15b933f9502a497eb0b2802a7799b651 - - fb3a080562804969af6eb1fc6f74c10f fb3a080562804969af6eb1fc6f74c10f] 199.204.45.222 "GET /v2.0/ports?tenant_id=18b147c5ab674acb910ed91cb9bbde02&device_id=a669f320-227d-4b98-8fda-757d949bce1a HTTP/1.1" status: 200 len: 1411 time: 0.0746605
2026-04-23 11:34:56.767 10 INFO neutron.wsgi [req-ae5a296f-a009-48a1-9995-c877ba3e2da2 req-c1bc2927-e4e1-49eb-a9da-fa6af2ce52a2 3b5b869d738f4e6cba975cf94a01acd2 15b933f9502a497eb0b2802a7799b651 - - fb3a080562804969af6eb1fc6f74c10f fb3a080562804969af6eb1fc6f74c10f] 199.204.45.222 "GET /v2.0/floatingips?fixed_ip_address=10.100.0.14&port_id=161fe477-657d-4303-9b85-5882fd724387 HTTP/1.1" status: 200 len: 217 time: 0.0552583
2026-04-23 11:34:56.777 10 INFO neutron.wsgi [req-f6b0d7bc-8ca9-4c89-aa1e-6d2ac14e8ea7 req-f615332b-39fc-4ff2-8666-015c8062edea 6d664c01f33a4bf4a0059f2aa20229b6 18b147c5ab674acb910ed91cb9bbde02 - - default default] 10.0.0.234 "GET /v2.0/ports?device_id=a669f320-227d-4b98-8fda-757d949bce1a HTTP/1.1" status: 200 len: 1172 time: 0.0901294
2026-04-23 11:34:56.828 10 INFO neutron.wsgi [req-23dda532-7ad4-4416-9e1d-55dbb4a323e7 req-d9748758-5c63-49ef-a18f-eb9dd9f369f2 3b5b869d738f4e6cba975cf94a01acd2 15b933f9502a497eb0b2802a7799b651 - - fb3a080562804969af6eb1fc6f74c10f fb3a080562804969af6eb1fc6f74c10f] 199.204.45.222 "GET /v2.0/networks/5165385f-5b24-451b-9fd5-80b5664048bd?fields=segments HTTP/1.1" status: 200 len: 212 time: 0.1589026
2026-04-23 11:34:56.850 10 INFO neutron.notifiers.nova [-] Nova event matching ['req-83569667-5c93-4eee-9abb-3897959341e1'] response: {'name': 'network-changed', 'server_uuid': '02879c6d-a06c-4f07-8e0f-9dc6f4f15d10', 'tag': '4d7ba891-14a4-4f90-a24f-cab7a0149de1', 'status': 'completed', 'code': 200}
2026-04-23 11:34:56.856 10 INFO neutron.wsgi [req-ae5a296f-a009-48a1-9995-c877ba3e2da2 req-89bb09fa-a0ac-4598-ae9d-13f44f5889fc 3b5b869d738f4e6cba975cf94a01acd2 15b933f9502a497eb0b2802a7799b651 - - fb3a080562804969af6eb1fc6f74c10f fb3a080562804969af6eb1fc6f74c10f] 199.204.45.222 "GET /v2.0/subnets?id=ca3b2f16-195f-4f5e-aa65-b6389f3b880a HTTP/1.1" status: 200 len: 869 time: 0.0784342
2026-04-23 11:34:56.898 10 INFO neutron.wsgi [req-f6b0d7bc-8ca9-4c89-aa1e-6d2ac14e8ea7 req-3d887af0-4307-43f6-8ca9-759716a87627 6d664c01f33a4bf4a0059f2aa20229b6 18b147c5ab674acb910ed91cb9bbde02 - - default default] 10.0.0.234 "GET /v2.0/security-groups?id=832a141c-083c-4ae6-850b-275dab80e73a&fields=id&fields=name HTTP/1.1" status: 200 len: 313 time: 0.1113591 /var/lib/openstack/lib/python3.10/site-packages/pycadf/identifier.py:71: UserWarning: Invalid uuid: neutron. To ensure interoperability, identifiers should be a valid uuid. warnings.warn(('Invalid uuid: %s. To ensure interoperability, '
2026-04-23 11:34:56.927 10 INFO neutron.wsgi [req-ae5a296f-a009-48a1-9995-c877ba3e2da2 req-1a3d86e6-6ded-4ac6-8edc-b4da217efee2 3b5b869d738f4e6cba975cf94a01acd2 15b933f9502a497eb0b2802a7799b651 - - fb3a080562804969af6eb1fc6f74c10f fb3a080562804969af6eb1fc6f74c10f] 199.204.45.222 "GET /v2.0/ports?network_id=d57ef508-96ec-4a0e-ab5a-bc5ec82f4d2e&device_owner=network%3Adhcp HTTP/1.1" status: 200 len: 210 time: 0.0594387
2026-04-23 11:34:56.943 9 INFO neutron.wsgi [req-b674e082-74de-4491-a80c-d2e7591c8a04 req-599e1130-4a5c-4215-b55e-de041301687c a760d013f20644e688d860d7b0c9041a c2a9a1736e694f7aa0a712bd0db299ec - - default default] 10.0.0.234 "GET /v2.0/ports?device_id=02879c6d-a06c-4f07-8e0f-9dc6f4f15d10 HTTP/1.1" status: 200 len: 1168 time: 0.0485344
2026-04-23 11:34:56.985 9 INFO neutron.wsgi [req-b674e082-74de-4491-a80c-d2e7591c8a04 req-73c623db-ff25-4655-a2dc-d5284f304357 a760d013f20644e688d860d7b0c9041a c2a9a1736e694f7aa0a712bd0db299ec - - default default] 10.0.0.234 "GET /v2.0/security-groups?id=91b02844-12d1-4e9f-aca0-4863a2cfb0d0&fields=id&fields=name HTTP/1.1" status: 200 len: 286 time: 0.0355389
2026-04-23 11:34:56.996 10 INFO neutron.wsgi [req-23dda532-7ad4-4416-9e1d-55dbb4a323e7 req-5ab565c5-9de9-4860-85e6-28222175ffff 3b5b869d738f4e6cba975cf94a01acd2 15b933f9502a497eb0b2802a7799b651 - - fb3a080562804969af6eb1fc6f74c10f fb3a080562804969af6eb1fc6f74c10f] 199.204.45.222 "GET /v2.0/networks/5165385f-5b24-451b-9fd5-80b5664048bd?fields=provider%3Aphysical_network&fields=provider%3Anetwork_type HTTP/1.1" status: 200 len: 277 time: 0.1586857
2026-04-23 11:34:57.018 10 INFO neutron.wsgi [req-ae5a296f-a009-48a1-9995-c877ba3e2da2 req-01a61ae1-092c-4790-a712-10a66b4096f8 3b5b869d738f4e6cba975cf94a01acd2 15b933f9502a497eb0b2802a7799b651 - - fb3a080562804969af6eb1fc6f74c10f fb3a080562804969af6eb1fc6f74c10f] 199.204.45.222 "GET /v2.0/networks/d57ef508-96ec-4a0e-ab5a-bc5ec82f4d2e?fields=segments HTTP/1.1" status: 200 len: 212 time: 0.0805209
2026-04-23 11:34:57.136 10 INFO neutron.wsgi [req-cc097605-1c5c-4903-9768-cb2e19f4a12d req-dc8c2d00-b73e-42c6-9c9a-e34e78887c5d 3b5b869d738f4e6cba975cf94a01acd2 15b933f9502a497eb0b2802a7799b651 - - fb3a080562804969af6eb1fc6f74c10f fb3a080562804969af6eb1fc6f74c10f] 199.204.45.222 "GET /v2.0/ports?tenant_id=c2a9a1736e694f7aa0a712bd0db299ec&device_id=02879c6d-a06c-4f07-8e0f-9dc6f4f15d10 HTTP/1.1" status: 200 len: 1407 time: 0.0867610
2026-04-23 11:34:57.161 10 INFO neutron.wsgi [req-ae5a296f-a009-48a1-9995-c877ba3e2da2 req-005a1f9b-abbf-4317-85f9-0860622fa7ed 3b5b869d738f4e6cba975cf94a01acd2 15b933f9502a497eb0b2802a7799b651 - - fb3a080562804969af6eb1fc6f74c10f fb3a080562804969af6eb1fc6f74c10f] 199.204.45.222 "GET /v2.0/networks/d57ef508-96ec-4a0e-ab5a-bc5ec82f4d2e?fields=provider%3Aphysical_network&fields=provider%3Anetwork_type HTTP/1.1" status: 200 len: 277 time: 0.1288867
2026-04-23 11:34:57.187 10 INFO neutron.wsgi [None req-991ef973-b538-418d-b2be-bf0500ff9f0c 067f5a553dfd438a813dc16ae3d5a7ec 10db2107c8a9471da569a846fcbd6cca - - default default] 10.0.0.124 "DELETE /v2.0/routers/f28b9136-3b13-4ce4-83af-7409072f46eb HTTP/1.1" status: 204 len: 168 time: 1.4378018
2026-04-23 11:34:57.310 10 INFO neutron.wsgi [req-cc097605-1c5c-4903-9768-cb2e19f4a12d req-4e74ad6d-066a-48cb-9c0c-c02e2ae9c573 3b5b869d738f4e6cba975cf94a01acd2 15b933f9502a497eb0b2802a7799b651 - - fb3a080562804969af6eb1fc6f74c10f fb3a080562804969af6eb1fc6f74c10f] 199.204.45.222 "GET /v2.0/networks?id=5165385f-5b24-451b-9fd5-80b5664048bd HTTP/1.1" status: 200 len: 976 time: 0.0973761
2026-04-23 11:34:57.340 10 INFO neutron.wsgi [req-cc097605-1c5c-4903-9768-cb2e19f4a12d req-8c3962eb-c1c7-401c-abc6-c1cd97c94fc7 3b5b869d738f4e6cba975cf94a01acd2 15b933f9502a497eb0b2802a7799b651 - - fb3a080562804969af6eb1fc6f74c10f fb3a080562804969af6eb1fc6f74c10f] 199.204.45.222 "GET /v2.0/floatingips?fixed_ip_address=10.100.0.8&port_id=4d7ba891-14a4-4f90-a24f-cab7a0149de1 HTTP/1.1" status: 200 len: 217 time: 0.0240407
2026-04-23 11:34:57.525 10 INFO neutron.wsgi [req-cc097605-1c5c-4903-9768-cb2e19f4a12d req-08f436a4-3429-4e3d-a67f-eabaa065f284 3b5b869d738f4e6cba975cf94a01acd2 15b933f9502a497eb0b2802a7799b651 - - fb3a080562804969af6eb1fc6f74c10f fb3a080562804969af6eb1fc6f74c10f] 199.204.45.222 "GET /v2.0/subnets?id=41d94e5d-2dd3-4d7f-92f4-582909dc91fe HTTP/1.1" status: 200 len: 871 time: 0.1795168
2026-04-23 11:34:57.564 10 INFO neutron.wsgi [req-cc097605-1c5c-4903-9768-cb2e19f4a12d req-de0ea153-f9bf-4e50-8854-03296f564be5 3b5b869d738f4e6cba975cf94a01acd2 15b933f9502a497eb0b2802a7799b651 - - fb3a080562804969af6eb1fc6f74c10f fb3a080562804969af6eb1fc6f74c10f] 199.204.45.222 "GET /v2.0/ports?network_id=5165385f-5b24-451b-9fd5-80b5664048bd&device_owner=network%3Adhcp HTTP/1.1" status: 200 len: 210 time: 0.0267146
2026-04-23 11:34:57.638 10 INFO neutron.wsgi [None req-8fc6aa82-bae0-4767-a320-09c29dec8177 067f5a553dfd438a813dc16ae3d5a7ec 10db2107c8a9471da569a846fcbd6cca - - default default] 10.0.0.124 "DELETE /v2.0/subnets/ae2865bd-ebf9-4c6b-a0bf-c402f6866e5e HTTP/1.1" status: 204 len: 168 time: 0.4406652
2026-04-23 11:34:57.676 10 INFO neutron.wsgi [req-cc097605-1c5c-4903-9768-cb2e19f4a12d req-01c1c120-847e-4d2e-8e3d-60dbc99a7523 3b5b869d738f4e6cba975cf94a01acd2 15b933f9502a497eb0b2802a7799b651 - - fb3a080562804969af6eb1fc6f74c10f fb3a080562804969af6eb1fc6f74c10f] 199.204.45.222 "GET /v2.0/networks/5165385f-5b24-451b-9fd5-80b5664048bd?fields=segments HTTP/1.1" status: 200 len: 212 time: 0.1037943
2026-04-23 11:34:57.764 10 INFO neutron.wsgi [req-cc097605-1c5c-4903-9768-cb2e19f4a12d req-acac46ff-a106-459d-abdb-02313af7ba8d 3b5b869d738f4e6cba975cf94a01acd2 15b933f9502a497eb0b2802a7799b651 - - fb3a080562804969af6eb1fc6f74c10f fb3a080562804969af6eb1fc6f74c10f] 199.204.45.222 "GET /v2.0/networks/5165385f-5b24-451b-9fd5-80b5664048bd?fields=provider%3Aphysical_network&fields=provider%3Anetwork_type HTTP/1.1" status: 200 len: 277 time: 0.0770113
2026-04-23 11:34:58.072 10 INFO neutron.wsgi [req-71b1ca6a-7887-403d-a2e3-a85d4baae728 req-b858d22e-47c1-4dda-839a-a6db1a829be7 6d664c01f33a4bf4a0059f2aa20229b6 18b147c5ab674acb910ed91cb9bbde02 - - default default] 10.0.0.234 "GET /v2.0/ports?device_id=a669f320-227d-4b98-8fda-757d949bce1a HTTP/1.1" status: 200 len: 1172 time: 0.0942822
2026-04-23 11:34:58.091 9 INFO neutron.wsgi [req-29492c87-e9b3-43b7-b764-26639a831f25 req-ab439a29-9c2c-42a5-baa7-e17d9b98a94e a760d013f20644e688d860d7b0c9041a c2a9a1736e694f7aa0a712bd0db299ec - - default default] 10.0.0.234 "GET /v2.0/ports?device_id=02879c6d-a06c-4f07-8e0f-9dc6f4f15d10 HTTP/1.1" status: 200 len: 1168 time: 0.0400574
2026-04-23 11:34:58.135 9 INFO neutron.wsgi [req-29492c87-e9b3-43b7-b764-26639a831f25 req-ee23b2c3-2525-4778-bbd8-94b7b13422ea a760d013f20644e688d860d7b0c9041a c2a9a1736e694f7aa0a712bd0db299ec - - default default] 10.0.0.234 "GET /v2.0/security-groups?id=91b02844-12d1-4e9f-aca0-4863a2cfb0d0&fields=id&fields=name HTTP/1.1" status: 200 len: 286 time: 0.0376353
2026-04-23 11:34:58.179 10 INFO neutron.wsgi [req-71b1ca6a-7887-403d-a2e3-a85d4baae728 req-66d31a20-87c3-4164-8f7d-48216f8d3678 6d664c01f33a4bf4a0059f2aa20229b6 18b147c5ab674acb910ed91cb9bbde02 - - default default] 10.0.0.234 "GET /v2.0/security-groups?id=832a141c-083c-4ae6-850b-275dab80e73a&fields=id&fields=name HTTP/1.1" status: 200 len: 313 time: 0.0909040
2026-04-23 11:34:58.202 10 INFO neutron.wsgi [None req-8021909b-ce72-4058-ab0b-49bdb0e12814 067f5a553dfd438a813dc16ae3d5a7ec 10db2107c8a9471da569a846fcbd6cca - - default default] 10.0.0.124 "DELETE /v2.0/networks/32448d9a-e1fa-4af0-94f4-1a3009c6e315 HTTP/1.1" status: 204 len: 168 time: 0.5558996
2026-04-23 11:34:58.374 10 INFO neutron.wsgi [None req-54e04c18-a051-4e9f-b725-b7ddda92389c 067f5a553dfd438a813dc16ae3d5a7ec 10db2107c8a9471da569a846fcbd6cca - - default default] 10.0.0.124 "GET /v2.0/security-groups?tenant_id=6ec83691d7a54ec5b7238e19709381e8&name=default HTTP/1.1" status: 200 len: 2992 time: 0.0445585
2026-04-23 11:34:58.630 10 INFO neutron.wsgi [None req-55bfd225-7dbf-4c02-9f4b-b1e12964977a 067f5a553dfd438a813dc16ae3d5a7ec 10db2107c8a9471da569a846fcbd6cca - - default default] 10.0.0.124 "DELETE /v2.0/security-groups/4fb559bf-c3d1-4aa7-bbf4-a6d1de5c38d7 HTTP/1.1" status: 204 len: 168 time: 0.2517669
2026-04-23 11:34:58.672 10 INFO neutron.services.segments.plugin [-] Segment 769a2b87-87c6-4ac6-a7aa-50ae8daee6d7 resource provider aggregate not found
2026-04-23 11:34:58.678 10 INFO neutron.services.segments.plugin [-] Segment 769a2b87-87c6-4ac6-a7aa-50ae8daee6d7 resource provider aggregate not found
2026-04-23 11:34:58.695 10 INFO neutron.services.segments.plugin [-] Segment 769a2b87-87c6-4ac6-a7aa-50ae8daee6d7 resource provider not found; error: Placement Client Error (4xx): {"errors": [{"status": 404, "title": "Not Found", "detail": "The resource could not be found.\n\n No resource provider with uuid 769a2b87-87c6-4ac6-a7aa-50ae8daee6d7 found for delete ", "request_id": "req-61928b62-e9a0-4ed0-be64-15e320cfb3e5"}]}
2026-04-23 11:34:58.699 10 INFO neutron.services.segments.plugin [-] Segment 769a2b87-87c6-4ac6-a7aa-50ae8daee6d7 resource provider not found; error: Placement Client Error (4xx): {"errors": [{"status": 404, "title": "Not Found", "detail": "The resource could not be found.\n\n No resource provider with uuid 769a2b87-87c6-4ac6-a7aa-50ae8daee6d7 found for delete ", "request_id": "req-6a2f887f-8a1d-446d-a334-b8f502a78c82"}]}
2026-04-23 11:34:58.735 9 WARNING neutron.plugins.ml2.drivers.ovn.mech_driver.ovsdb.ovn_client [None req-47420532-066e-4611-a7af-ddffd074b744 - - - - - -] No hosting information found for port b6122351-295e-46e5-a544-dacce33a8328: RuntimeError: No hosting information found for port b6122351-295e-46e5-a544-dacce33a8328
2026-04-23 11:34:58.897 10 INFO neutron.notifiers.nova [-] Nova event matching ['req-fd24c9c5-c7aa-4122-a7ee-086828dcbe95'] response: {'name': 'network-changed', 'server_uuid': 'a669f320-227d-4b98-8fda-757d949bce1a', 'tag': '161fe477-657d-4303-9b85-5882fd724387', 'status': 'completed', 'code': 200}
2026-04-23 11:34:58.956 10 INFO neutron.wsgi [req-556e8e02-9bd6-4afc-9174-f13235d51975 req-03e8281f-aa59-4dbb-a55a-a013e33ca34e 3b5b869d738f4e6cba975cf94a01acd2 15b933f9502a497eb0b2802a7799b651 - - fb3a080562804969af6eb1fc6f74c10f fb3a080562804969af6eb1fc6f74c10f] 199.204.45.222 "GET /v2.0/ports?tenant_id=18b147c5ab674acb910ed91cb9bbde02&device_id=a669f320-227d-4b98-8fda-757d949bce1a HTTP/1.1" status: 200 len: 1411 time: 0.0354466
2026-04-23 11:34:59.025 10 INFO neutron.wsgi [req-556e8e02-9bd6-4afc-9174-f13235d51975 req-3076abaf-0293-4e53-87f5-7ce96dde77bc 3b5b869d738f4e6cba975cf94a01acd2 15b933f9502a497eb0b2802a7799b651 - - fb3a080562804969af6eb1fc6f74c10f fb3a080562804969af6eb1fc6f74c10f] 199.204.45.222 "GET /v2.0/networks?id=d57ef508-96ec-4a0e-ab5a-bc5ec82f4d2e HTTP/1.1" status: 200 len: 973 time: 0.0621800
2026-04-23 11:34:59.052 10 INFO neutron.wsgi [req-556e8e02-9bd6-4afc-9174-f13235d51975 req-ad5e69e7-fdbb-4878-b6e3-0f3c8c21876d 3b5b869d738f4e6cba975cf94a01acd2 15b933f9502a497eb0b2802a7799b651 - - fb3a080562804969af6eb1fc6f74c10f fb3a080562804969af6eb1fc6f74c10f] 199.204.45.222 "GET /v2.0/floatingips?fixed_ip_address=10.100.0.14&port_id=161fe477-657d-4303-9b85-5882fd724387 HTTP/1.1" status: 200 len: 217 time: 0.0216620
2026-04-23 11:34:59.097 10 INFO neutron.wsgi [req-556e8e02-9bd6-4afc-9174-f13235d51975 req-39abedd5-8223-4c97-907c-6d6c6f3b9d70 3b5b869d738f4e6cba975cf94a01acd2 15b933f9502a497eb0b2802a7799b651 - - fb3a080562804969af6eb1fc6f74c10f fb3a080562804969af6eb1fc6f74c10f] 199.204.45.222 "GET /v2.0/subnets?id=ca3b2f16-195f-4f5e-aa65-b6389f3b880a HTTP/1.1" status: 200 len: 869 time: 0.0388153
2026-04-23 11:34:59.125 10 INFO neutron.wsgi [req-556e8e02-9bd6-4afc-9174-f13235d51975 req-0c6b79ee-c7a1-4cbf-baa4-eb71b78995b3 3b5b869d738f4e6cba975cf94a01acd2 15b933f9502a497eb0b2802a7799b651 - - fb3a080562804969af6eb1fc6f74c10f fb3a080562804969af6eb1fc6f74c10f] 199.204.45.222 "GET /v2.0/ports?network_id=d57ef508-96ec-4a0e-ab5a-bc5ec82f4d2e&device_owner=network%3Adhcp HTTP/1.1" status: 200 len: 210 time: 0.0215394
2026-04-23 11:34:59.194 10 INFO neutron.wsgi [req-556e8e02-9bd6-4afc-9174-f13235d51975 req-4ce9e379-740c-444b-8b11-bbddc119966d 3b5b869d738f4e6cba975cf94a01acd2 15b933f9502a497eb0b2802a7799b651 - - fb3a080562804969af6eb1fc6f74c10f fb3a080562804969af6eb1fc6f74c10f] 199.204.45.222 "GET /v2.0/networks/d57ef508-96ec-4a0e-ab5a-bc5ec82f4d2e?fields=segments HTTP/1.1" status: 200 len: 212 time: 0.0628297
2026-04-23 11:34:59.319 10 INFO neutron.wsgi [req-556e8e02-9bd6-4afc-9174-f13235d51975 req-0624cba8-ab1a-4a68-afb6-ae9dfa29c91b 3b5b869d738f4e6cba975cf94a01acd2 15b933f9502a497eb0b2802a7799b651 - - fb3a080562804969af6eb1fc6f74c10f fb3a080562804969af6eb1fc6f74c10f] 199.204.45.222 "GET /v2.0/networks/d57ef508-96ec-4a0e-ab5a-bc5ec82f4d2e?fields=provider%3Aphysical_network&fields=provider%3Anetwork_type HTTP/1.1" status: 200 len: 277 time: 0.1154420
2026-04-23 11:34:59.354 9 INFO neutron.wsgi [req-201061b6-9132-4a80-bceb-38e8d932e64d req-7bb6f7e8-c580-4330-9839-02c3b4435c2f 6d664c01f33a4bf4a0059f2aa20229b6 18b147c5ab674acb910ed91cb9bbde02 - - default default] 10.0.0.234 "GET /v2.0/ports?device_id=a669f320-227d-4b98-8fda-757d949bce1a HTTP/1.1" status: 200 len: 1172 time: 0.1121778
2026-04-23 11:34:59.374 10 INFO neutron.wsgi [req-c7360b03-ecc6-4119-928f-ea85bb88bc12 req-e2f6c4b6-6a3e-4e6c-ac2e-71e05c14a176 a760d013f20644e688d860d7b0c9041a c2a9a1736e694f7aa0a712bd0db299ec - - default default] 10.0.0.234 "GET /v2.0/ports?device_id=02879c6d-a06c-4f07-8e0f-9dc6f4f15d10 HTTP/1.1" status: 200 len: 1168 time: 0.1563566
2026-04-23 11:34:59.410 9 INFO neutron.wsgi [req-201061b6-9132-4a80-bceb-38e8d932e64d req-4f514027-e6f8-4e32-999a-25aba2d1b44b 6d664c01f33a4bf4a0059f2aa20229b6 18b147c5ab674acb910ed91cb9bbde02 - - default default] 10.0.0.234 "GET /v2.0/security-groups?id=832a141c-083c-4ae6-850b-275dab80e73a&fields=id&fields=name HTTP/1.1" status: 200 len: 313 time: 0.0445340
2026-04-23 11:34:59.424 10 INFO neutron.wsgi [req-c7360b03-ecc6-4119-928f-ea85bb88bc12 req-fb28858e-9a85-4800-8f5f-573079ae1e36 a760d013f20644e688d860d7b0c9041a c2a9a1736e694f7aa0a712bd0db299ec - - default default] 10.0.0.234 "GET /v2.0/security-groups?id=91b02844-12d1-4e9f-aca0-4863a2cfb0d0&fields=id&fields=name HTTP/1.1" status: 200 len: 286 time: 0.0417941
2026-04-23 11:34:59.827 10 WARNING neutron.plugins.ml2.drivers.ovn.mech_driver.ovsdb.ovn_client [None req-a8ddc9fa-e0c2-481d-aef3-025a5f8d7d26 - - - - - -] No hosting information found for port 96c8b943-2faa-4c0a-b94f-0daace58a938: RuntimeError: No hosting information found for port 96c8b943-2faa-4c0a-b94f-0daace58a938
2026-04-23 11:34:59.828 10 INFO neutron.plugins.ml2.drivers.ovn.mech_driver.mech_driver [None req-a8ddc9fa-e0c2-481d-aef3-025a5f8d7d26 - - - - - -] OVN reports status up for port: 1d65887a-9942-4f80-aa06-dad9a066d2eb
2026-04-23 11:34:59.851 10 INFO neutron.plugins.ml2.plugin [None req-a8ddc9fa-e0c2-481d-aef3-025a5f8d7d26 - - - - - -] Attempt 1 to provision port 1d65887a-9942-4f80-aa06-dad9a066d2eb
2026-04-23 11:34:59.919 9 INFO neutron.plugins.ml2.drivers.ovn.mech_driver.mech_driver [None req-47420532-066e-4611-a7af-ddffd074b744 - - - - - -] OVN reports status up for port: 4d7ba891-14a4-4f90-a24f-cab7a0149de1
2026-04-23 11:34:59.946 9 INFO neutron.plugins.ml2.plugin [None req-47420532-066e-4611-a7af-ddffd074b744 - - - - - -] Attempt 1 to provision port 4d7ba891-14a4-4f90-a24f-cab7a0149de1
2026-04-23 11:34:59.980 10 INFO neutron.plugins.ml2.drivers.ovn.mech_driver.mech_driver [None req-a8ddc9fa-e0c2-481d-aef3-025a5f8d7d26 - - - - - -] OVN reports status up for port: 161fe477-657d-4303-9b85-5882fd724387
2026-04-23 11:34:59.992 10 INFO neutron.plugins.ml2.plugin [None req-a8ddc9fa-e0c2-481d-aef3-025a5f8d7d26 - - - - - -] Attempt 1 to provision port 161fe477-657d-4303-9b85-5882fd724387
2026-04-23 11:35:00.394 9 INFO neutron.db.ovn_revision_numbers_db [None req-47420532-066e-4611-a7af-ddffd074b744 - - - - - -] Successfully bumped revision number for resource 4d7ba891-14a4-4f90-a24f-cab7a0149de1 (type: ports) to 4
2026-04-23 11:35:00.395 10 INFO neutron.db.ovn_revision_numbers_db [None req-a8ddc9fa-e0c2-481d-aef3-025a5f8d7d26 - - - - - -] Successfully bumped revision number for resource 161fe477-657d-4303-9b85-5882fd724387 (type: ports) to 4 /var/lib/openstack/lib/python3.10/site-packages/pycadf/identifier.py:71: UserWarning: Invalid uuid: neutron. To ensure interoperability, identifiers should be a valid uuid. warnings.warn(('Invalid uuid: %s. To ensure interoperability, '
2026-04-23 11:35:00.548 9 INFO neutron.wsgi [req-493ae20e-5ee3-4a03-93ec-c22ac01f8cb4 req-dbbef1a3-394f-4405-b8db-17c6bf7ef671 6d664c01f33a4bf4a0059f2aa20229b6 18b147c5ab674acb910ed91cb9bbde02 - - default default] 10.0.0.234 "GET /v2.0/ports?device_id=a669f320-227d-4b98-8fda-757d949bce1a HTTP/1.1" status: 200 len: 1174 time: 0.0485470 /var/lib/openstack/lib/python3.10/site-packages/pycadf/identifier.py:71: UserWarning: Invalid uuid: neutron. To ensure interoperability, identifiers should be a valid uuid. warnings.warn(('Invalid uuid: %s. To ensure interoperability, '
2026-04-23 11:35:00.637 9 INFO neutron.wsgi [req-493ae20e-5ee3-4a03-93ec-c22ac01f8cb4 req-df5ddfad-ed39-4cc7-8bff-0e2ca8dd44da 6d664c01f33a4bf4a0059f2aa20229b6 18b147c5ab674acb910ed91cb9bbde02 - - default default] 10.0.0.234 "GET /v2.0/security-groups?id=832a141c-083c-4ae6-850b-275dab80e73a&fields=id&fields=name HTTP/1.1" status: 200 len: 313 time: 0.0799246
2026-04-23 11:35:00.646 10 INFO neutron.wsgi [req-8a7330da-2951-428c-b955-0b770b6f3b55 req-ef14bce6-d8a2-48ce-ba5f-0ec0fe910cd7 a33af970d2aa4312aba3e3ac85e26f6c f2908195adc54878ab303c077ce55197 - - default default] 10.0.0.234 "GET /v2.0/security-groups?name=tempest-securitygroup--697745231&fields=id&tenant_id=f2908195adc54878ab303c077ce55197 HTTP/1.1" status: 200 len: 267 time: 0.0791125
2026-04-23 11:35:00.770 10 INFO neutron.wsgi [req-8a7330da-2951-428c-b955-0b770b6f3b55 req-b27fc25c-453c-47a9-9692-ed5245a35316 a33af970d2aa4312aba3e3ac85e26f6c f2908195adc54878ab303c077ce55197 - - default default] 10.0.0.234 "GET /v2.0/networks?id=aae4c854-ba62-4073-b979-e1a5bb5a459b HTTP/1.1" status: 200 len: 879 time: 0.1086352
2026-04-23 11:35:00.792 10 INFO neutron.wsgi [req-8a7330da-2951-428c-b955-0b770b6f3b55 req-f8fe2e9b-450b-4128-9a7c-8c689a0e0f81 a33af970d2aa4312aba3e3ac85e26f6c f2908195adc54878ab303c077ce55197 - - default default] 10.0.0.234 "GET /v2.0/quotas/f2908195adc54878ab303c077ce55197 HTTP/1.1" status: 200 len: 386 time: 0.0144751
2026-04-23 11:35:00.805 9 INFO neutron.wsgi [req-e18688d3-075e-40b1-9dbc-fdd519767d25 req-212aac89-5d70-4121-977b-3fd5da916d7c a760d013f20644e688d860d7b0c9041a c2a9a1736e694f7aa0a712bd0db299ec - - default default] 10.0.0.234 "GET /v2.0/ports?device_id=02879c6d-a06c-4f07-8e0f-9dc6f4f15d10 HTTP/1.1" status: 200 len: 1170 time: 0.1181321
2026-04-23 11:35:00.862 9 INFO neutron.wsgi [req-e18688d3-075e-40b1-9dbc-fdd519767d25 req-7af9ebab-89db-44ed-851e-553ab6567d6f a760d013f20644e688d860d7b0c9041a c2a9a1736e694f7aa0a712bd0db299ec - - default default] 10.0.0.234 "GET /v2.0/security-groups?id=91b02844-12d1-4e9f-aca0-4863a2cfb0d0&fields=id&fields=name HTTP/1.1" status: 200 len: 286 time: 0.0466728
2026-04-23 11:35:00.926 10 INFO neutron.wsgi [req-8a7330da-2951-428c-b955-0b770b6f3b55 req-3545c0f4-d274-47b6-86a3-6d64f6d4d9b0 a33af970d2aa4312aba3e3ac85e26f6c f2908195adc54878ab303c077ce55197 - - default default] 10.0.0.234 "GET /v2.0/ports?tenant_id=f2908195adc54878ab303c077ce55197&fields=id HTTP/1.1" status: 200 len: 302 time: 0.1279709
2026-04-23 11:35:00.957 9 INFO neutron.notifiers.nova [-] Nova event matching ['req-b61f990a-04ad-477f-bf8e-00bbcc2a9f7e'] response: {'server_uuid': '02879c6d-a06c-4f07-8e0f-9dc6f4f15d10', 'name': 'network-vif-plugged', 'status': 'completed', 'tag': '4d7ba891-14a4-4f90-a24f-cab7a0149de1', 'code': 200}
2026-04-23 11:35:00.983 10 INFO neutron.db.ovn_revision_numbers_db [None req-fd52c8fa-e8b8-44c7-b641-d02a9ac3ac09 067f5a553dfd438a813dc16ae3d5a7ec 10db2107c8a9471da569a846fcbd6cca - - default default] Successfully bumped revision number for resource d72e855c-c5fe-4e1b-815f-3acca9b80be6 (type: security_groups) to 1
2026-04-23 11:35:01.015 10 INFO neutron.notifiers.nova [-] Nova event matching ['req-fdf758db-992e-4266-b632-b9ac7eb85ac8'] response: {'server_uuid': 'a669f320-227d-4b98-8fda-757d949bce1a', 'name': 'network-vif-plugged', 'status': 'completed', 'tag': '161fe477-657d-4303-9b85-5882fd724387', 'code': 200}
2026-04-23 11:35:01.015 10 INFO neutron.notifiers.nova [-] Nova event matching ['req-fdf758db-992e-4266-b632-b9ac7eb85ac8'] response: {'server_uuid': 'a669f320-227d-4b98-8fda-757d949bce1a', 'name': 'network-vif-plugged', 'status': 'completed', 'tag': '161fe477-657d-4303-9b85-5882fd724387', 'code': 200}
2026-04-23 11:35:01.024 10 INFO neutron.db.ovn_revision_numbers_db [None req-fd52c8fa-e8b8-44c7-b641-d02a9ac3ac09 067f5a553dfd438a813dc16ae3d5a7ec 10db2107c8a9471da569a846fcbd6cca - - default default] Successfully bumped revision number for resource 156da096-45b2-489c-b5a1-645940cfb03c (type: security_group_rules) to 0
2026-04-23 11:35:01.055 10 INFO neutron.wsgi [req-8a7330da-2951-428c-b955-0b770b6f3b55 req-fea66f11-cbb9-4140-8c69-fc53eb3fe8b8 3b5b869d738f4e6cba975cf94a01acd2 15b933f9502a497eb0b2802a7799b651 - - fb3a080562804969af6eb1fc6f74c10f fb3a080562804969af6eb1fc6f74c10f] 10.0.0.234 "GET /v2.0/networks/aae4c854-ba62-4073-b979-e1a5bb5a459b?fields=segments HTTP/1.1" status: 200 len: 212 time: 0.1076365
2026-04-23 11:35:01.056 10 INFO neutron.db.ovn_revision_numbers_db [None req-fd52c8fa-e8b8-44c7-b641-d02a9ac3ac09 067f5a553dfd438a813dc16ae3d5a7ec 10db2107c8a9471da569a846fcbd6cca - - default default] Successfully bumped revision number for resource 1c555386-c7e1-4875-9128-282131d6ea34 (type: security_group_rules) to 0
2026-04-23 11:35:01.093 10 INFO neutron.db.ovn_revision_numbers_db [None req-fd52c8fa-e8b8-44c7-b641-d02a9ac3ac09 067f5a553dfd438a813dc16ae3d5a7ec 10db2107c8a9471da569a846fcbd6cca - - default default] Successfully bumped revision number for resource bc9ac781-fa88-473a-9131-581a1aa2f20c (type: security_group_rules) to 0
2026-04-23 11:35:01.161 10 INFO neutron.db.ovn_revision_numbers_db [None req-fd52c8fa-e8b8-44c7-b641-d02a9ac3ac09 067f5a553dfd438a813dc16ae3d5a7ec 10db2107c8a9471da569a846fcbd6cca - - default default] Successfully bumped revision number for resource d0acd6bf-49b9-433d-b7c9-c584b513c579 (type: security_group_rules) to 0
2026-04-23 11:35:01.191 10 INFO neutron.wsgi [req-8a7330da-2951-428c-b955-0b770b6f3b55 req-35d9f74a-8f00-4092-bd5e-886c782a89f3 3b5b869d738f4e6cba975cf94a01acd2 15b933f9502a497eb0b2802a7799b651 - - fb3a080562804969af6eb1fc6f74c10f fb3a080562804969af6eb1fc6f74c10f] 10.0.0.234 "GET /v2.0/networks/aae4c854-ba62-4073-b979-e1a5bb5a459b?fields=provider%3Aphysical_network&fields=provider%3Anetwork_type HTTP/1.1" status: 200 len: 277 time: 0.1248651
2026-04-23 11:35:01.265 10 INFO neutron.db.segments_db [None req-fd52c8fa-e8b8-44c7-b641-d02a9ac3ac09 067f5a553dfd438a813dc16ae3d5a7ec 10db2107c8a9471da569a846fcbd6cca - - default default] Added segment 56ce278e-72ca-45bb-b95f-b9e24dc858cc of type geneve for network 39747d90-70b4-4e04-b7b0-8673ac81d466
2026-04-23 11:35:01.461 10 INFO neutron.db.ovn_revision_numbers_db [None req-fd52c8fa-e8b8-44c7-b641-d02a9ac3ac09 067f5a553dfd438a813dc16ae3d5a7ec 10db2107c8a9471da569a846fcbd6cca - - default default] Successfully bumped revision number for resource 39747d90-70b4-4e04-b7b0-8673ac81d466 (type: networks) to 1
2026-04-23 11:35:01.491 9 INFO neutron.wsgi [-] 10.0.0.224 "GET / HTTP/1.1" status: 200 len: 247 time: 0.0017409
2026-04-23 11:35:01.493 9 INFO neutron.wsgi [-] 10.0.0.224 "GET / HTTP/1.1" status: 200 len: 247 time: 0.0014062
2026-04-23 11:35:01.646 9 INFO neutron.wsgi [req-5821ee2d-bdf4-46c6-a088-3a9b8943caad req-1f45f500-f594-4878-ad69-f80eb9d6f644 a33af970d2aa4312aba3e3ac85e26f6c f2908195adc54878ab303c077ce55197 - - default default] 10.0.0.234 "GET /v2.0/ports?device_id=b0259d01-3605-4296-9c8e-3908f0782568 HTTP/1.1" status: 200 len: 210 time: 0.0236766
2026-04-23 11:35:01.748 10 WARNING neutron.scheduler.dhcp_agent_scheduler [None req-fd52c8fa-e8b8-44c7-b641-d02a9ac3ac09 067f5a553dfd438a813dc16ae3d5a7ec 10db2107c8a9471da569a846fcbd6cca - - default default] No more DHCP agents
2026-04-23 11:35:01.752 10 WARNING neutron.api.rpc.agentnotifiers.dhcp_rpc_agent_api [None req-fd52c8fa-e8b8-44c7-b641-d02a9ac3ac09 067f5a553dfd438a813dc16ae3d5a7ec 10db2107c8a9471da569a846fcbd6cca - - default default] Unable to schedule network 39747d90-70b4-4e04-b7b0-8673ac81d466: no agents available; will retry on subsequent port and subnet creation events.
2026-04-23 11:35:01.852 10 INFO neutron.wsgi [req-fddc1d11-2982-4249-a647-d9822562edad req-7b210489-e601-46a2-a264-ace77526354c 6d664c01f33a4bf4a0059f2aa20229b6 18b147c5ab674acb910ed91cb9bbde02 - - default default] 10.0.0.234 "GET /v2.0/ports?device_id=a669f320-227d-4b98-8fda-757d949bce1a HTTP/1.1" status: 200 len: 1174 time: 0.1371078
2026-04-23 11:35:01.914 10 INFO neutron.db.ovn_revision_numbers_db [None req-fd52c8fa-e8b8-44c7-b641-d02a9ac3ac09 067f5a553dfd438a813dc16ae3d5a7ec 10db2107c8a9471da569a846fcbd6cca - - default default] Successfully bumped revision number for resource ba3760cb-b6b9-48f9-9e1f-a45fd989227d (type: ports) to 1
2026-04-23 11:35:01.928 10 INFO neutron.wsgi [req-fddc1d11-2982-4249-a647-d9822562edad req-8473ba21-2e01-4e81-98b7-1f8115234a78 6d664c01f33a4bf4a0059f2aa20229b6 18b147c5ab674acb910ed91cb9bbde02 - - default default] 10.0.0.234 "GET /v2.0/security-groups?id=832a141c-083c-4ae6-850b-275dab80e73a&fields=id&fields=name HTTP/1.1" status: 200 len: 313 time: 0.0617387
2026-04-23 11:35:01.945 10 INFO neutron.wsgi [None req-fd52c8fa-e8b8-44c7-b641-d02a9ac3ac09 067f5a553dfd438a813dc16ae3d5a7ec 10db2107c8a9471da569a846fcbd6cca - - default default] 10.0.0.124 "POST /v2.0/networks HTTP/1.1" status: 201 len: 947 time: 1.3702512
2026-04-23 11:35:01.989 9 INFO neutron.wsgi [req-c2be7d8d-1b07-471a-ade9-075bbbe9efe6 req-2708abf3-954c-406f-952e-54ace7e28ad1 a760d013f20644e688d860d7b0c9041a c2a9a1736e694f7aa0a712bd0db299ec - - default default] 10.0.0.234 "GET /v2.0/ports?device_id=02879c6d-a06c-4f07-8e0f-9dc6f4f15d10 HTTP/1.1" status: 200 len: 1170 time: 0.0476611
2026-04-23 11:35:02.042 9 INFO neutron.wsgi [req-c2be7d8d-1b07-471a-ade9-075bbbe9efe6 req-a96d0aa8-aed3-48af-bff1-88495026f42c a760d013f20644e688d860d7b0c9041a c2a9a1736e694f7aa0a712bd0db299ec - - default default] 10.0.0.234 "GET /v2.0/security-groups?id=91b02844-12d1-4e9f-aca0-4863a2cfb0d0&fields=id&fields=name HTTP/1.1" status: 200 len: 286 time: 0.0446532
2026-04-23 11:35:02.090 10 INFO neutron.wsgi [req-37b82a8f-7859-4df2-8249-c2262f6eb17a req-1eeedd3e-d6b2-4bbd-ae67-e3e4c3f1b830 6d664c01f33a4bf4a0059f2aa20229b6 18b147c5ab674acb910ed91cb9bbde02 - - default default] 10.0.0.234 "GET /v2.0/ports?device_id=a669f320-227d-4b98-8fda-757d949bce1a HTTP/1.1" status: 200 len: 1174 time: 0.0527384
2026-04-23 11:35:02.485 10 WARNING neutron.scheduler.dhcp_agent_scheduler [None req-c8a7406a-c9ab-48c8-8b13-6120c90b24e9 067f5a553dfd438a813dc16ae3d5a7ec 10db2107c8a9471da569a846fcbd6cca - - default default] No more DHCP agents
2026-04-23 11:35:02.486 9 INFO neutron.plugins.ml2.drivers.ovn.mech_driver.mech_driver [None req-47420532-066e-4611-a7af-ddffd074b744 - - - - - -] OVN reports status down for port: 4d7ba891-14a4-4f90-a24f-cab7a0149de1
2026-04-23 11:35:02.498 9 INFO neutron.wsgi [req-c1ae7f7a-257c-4feb-b955-f03087e0a9c1 req-bf9db5cc-da65-4ad4-84b5-86a63554ab9e a760d013f20644e688d860d7b0c9041a c2a9a1736e694f7aa0a712bd0db299ec - - default default] 10.0.0.234 "GET /v2.0/ports?device_id=02879c6d-a06c-4f07-8e0f-9dc6f4f15d10 HTTP/1.1" status: 200 len: 1170 time: 0.0575924
2026-04-23 11:35:02.501 10 WARNING neutron.api.rpc.agentnotifiers.dhcp_rpc_agent_api [None req-c8a7406a-c9ab-48c8-8b13-6120c90b24e9 067f5a553dfd438a813dc16ae3d5a7ec 10db2107c8a9471da569a846fcbd6cca - - default default] Unable to schedule network 39747d90-70b4-4e04-b7b0-8673ac81d466: no agents available; will retry on subsequent port and subnet creation events.
2026-04-23 11:35:02.549 9 INFO neutron.wsgi [req-c1ae7f7a-257c-4feb-b955-f03087e0a9c1 req-1265a6cd-c43b-4a43-a042-ec013338956d a760d013f20644e688d860d7b0c9041a c2a9a1736e694f7aa0a712bd0db299ec - - default default] 10.0.0.234 "GET /v2.0/security-groups?id=91b02844-12d1-4e9f-aca0-4863a2cfb0d0&fields=id&fields=name HTTP/1.1" status: 200 len: 286 time: 0.0405180
2026-04-23 11:35:02.644 10 INFO neutron.wsgi [req-8a7330da-2951-428c-b955-0b770b6f3b55 req-bc4fa441-2bf9-4fbb-9783-af0ff7fe6df2 a33af970d2aa4312aba3e3ac85e26f6c f2908195adc54878ab303c077ce55197 - - default default] 199.204.45.222 "GET /v2.0/networks?id=aae4c854-ba62-4073-b979-e1a5bb5a459b HTTP/1.1" status: 200 len: 879 time: 0.1574335
2026-04-23 11:35:02.676 10 INFO neutron.db.l3_db [None req-c811dee4-ca8d-4df4-a6ec-10f71b609372 6d664c01f33a4bf4a0059f2aa20229b6 18b147c5ab674acb910ed91cb9bbde02 - - default default] Floating IP c659474d-ef5d-4126-a75a-cecf18f5c559 associated. External IP: 10.96.250.210, port: 161fe477-657d-4303-9b85-5882fd724387.
2026-04-23 11:35:02.766 10 INFO neutron.wsgi [req-562084f0-27ed-433b-a028-93ac6b082b1e req-308c2726-77dc-4783-b093-c0a4d5ecfda4 a33af970d2aa4312aba3e3ac85e26f6c f2908195adc54878ab303c077ce55197 - - default default] 10.0.0.234 "GET /v2.0/ports?device_id=b0259d01-3605-4296-9c8e-3908f0782568 HTTP/1.1" status: 200 len: 210 time: 0.0477457
2026-04-23 11:35:02.774 10 INFO neutron.wsgi [req-8a7330da-2951-428c-b955-0b770b6f3b55 req-29381477-1cbe-4978-b65e-5702cd8a6b71 a33af970d2aa4312aba3e3ac85e26f6c f2908195adc54878ab303c077ce55197 - - default default] 199.204.45.222 "GET /v2.0/security-groups?fields=id&fields=name&tenant_id=f2908195adc54878ab303c077ce55197 HTTP/1.1" status: 200 len: 379 time: 0.1240516
2026-04-23 11:35:02.851 9 INFO neutron.db.ovn_revision_numbers_db [None req-47420532-066e-4611-a7af-ddffd074b744 - - - - - -] Successfully bumped revision number for resource 4d7ba891-14a4-4f90-a24f-cab7a0149de1 (type: ports) to 5
2026-04-23 11:35:02.905 10 INFO neutron.wsgi [req-44862693-baf8-43f6-b022-f6b3235a198b req-82db0be8-2b5b-434c-9031-8914f4ac60c3 a760d013f20644e688d860d7b0c9041a c2a9a1736e694f7aa0a712bd0db299ec - - default default] 199.204.45.222 "GET /v2.0/ports?device_id=02879c6d-a06c-4f07-8e0f-9dc6f4f15d10 HTTP/1.1" status: 200 len: 1168 time: 0.0818992
2026-04-23 11:35:02.998 9 INFO neutron.notifiers.nova [-] Nova event matching ['req-26b200eb-f02f-48d7-a54e-56d5f70e0716'] response: {'server_uuid': '02879c6d-a06c-4f07-8e0f-9dc6f4f15d10', 'name': 'network-vif-plugged', 'status': 'completed', 'tag': '4d7ba891-14a4-4f90-a24f-cab7a0149de1', 'code': 200}
2026-04-23 11:35:02.998 9 INFO neutron.notifiers.nova [-] Nova event matching ['req-26b200eb-f02f-48d7-a54e-56d5f70e0716'] response: {'server_uuid': '02879c6d-a06c-4f07-8e0f-9dc6f4f15d10', 'name': 'network-vif-unplugged', 'status': 'completed', 'tag': '4d7ba891-14a4-4f90-a24f-cab7a0149de1', 'code': 200}
2026-04-23 11:35:02.998 9 INFO neutron.notifiers.nova [-] Nova event matching ['req-26b200eb-f02f-48d7-a54e-56d5f70e0716'] response: {'server_uuid': '02879c6d-a06c-4f07-8e0f-9dc6f4f15d10', 'name': 'network-vif-plugged', 'status': 'completed', 'tag': '4d7ba891-14a4-4f90-a24f-cab7a0149de1', 'code': 200}
2026-04-23 11:35:03.400 10 INFO neutron.db.ovn_revision_numbers_db [None req-c811dee4-ca8d-4df4-a6ec-10f71b609372 6d664c01f33a4bf4a0059f2aa20229b6 18b147c5ab674acb910ed91cb9bbde02 - - default default] Successfully bumped revision number for resource c659474d-ef5d-4126-a75a-cecf18f5c559 (type: floatingips) to 1
2026-04-23 11:35:03.692 10 INFO neutron.db.ovn_revision_numbers_db [None req-c811dee4-ca8d-4df4-a6ec-10f71b609372 6d664c01f33a4bf4a0059f2aa20229b6 18b147c5ab674acb910ed91cb9bbde02 - - default default] Successfully bumped revision number for resource c659474d-ef5d-4126-a75a-cecf18f5c559 (type: floatingips) to 2
2026-04-23 11:35:03.701 10 INFO neutron.wsgi [req-ffe9db3b-acbf-470f-85f0-d07d67f72a44 req-b2cc1678-a7ad-4dba-a3cc-3f31aab9389e a760d013f20644e688d860d7b0c9041a c2a9a1736e694f7aa0a712bd0db299ec - - default default] 10.0.0.234 "GET /v2.0/ports?device_id=02879c6d-a06c-4f07-8e0f-9dc6f4f15d10 HTTP/1.1" status: 200 len: 1168 time: 0.0645795 /var/lib/openstack/lib/python3.10/site-packages/pycadf/identifier.py:71: UserWarning: Invalid uuid: neutron. To ensure interoperability, identifiers should be a valid uuid. warnings.warn(('Invalid uuid: %s. To ensure interoperability, '
2026-04-23 11:35:03.779 10 INFO neutron.wsgi [None req-c811dee4-ca8d-4df4-a6ec-10f71b609372 6d664c01f33a4bf4a0059f2aa20229b6 18b147c5ab674acb910ed91cb9bbde02 - - default default] 10.0.0.124 "PUT /v2.0/floatingips/c659474d-ef5d-4126-a75a-cecf18f5c559 HTTP/1.1" status: 200 len: 1050 time: 1.6729741
2026-04-23 11:35:03.818 10 INFO neutron.notifiers.nova [-] Nova event matching ['req-38c907a3-7a92-4877-ad4b-f315c04b5752'] response: {'name': 'network-changed', 'server_uuid': 'a669f320-227d-4b98-8fda-757d949bce1a', 'tag': '161fe477-657d-4303-9b85-5882fd724387', 'status': 'completed', 'code': 200} /var/lib/openstack/lib/python3.10/site-packages/pycadf/identifier.py:71: UserWarning: Invalid uuid: neutron. To ensure interoperability, identifiers should be a valid uuid. warnings.warn(('Invalid uuid: %s. To ensure interoperability, '
2026-04-23 11:35:03.852 10 INFO neutron.wsgi [req-ffe9db3b-acbf-470f-85f0-d07d67f72a44 req-abdd6388-17ff-4796-bc10-4334b2d05d48 a760d013f20644e688d860d7b0c9041a c2a9a1736e694f7aa0a712bd0db299ec - - default default] 10.0.0.234 "GET /v2.0/security-groups?id=91b02844-12d1-4e9f-aca0-4863a2cfb0d0&fields=id&fields=name HTTP/1.1" status: 200 len: 286 time: 0.1422498
2026-04-23 11:35:03.856 10 INFO neutron.wsgi [req-44862693-baf8-43f6-b022-f6b3235a198b req-010bdbee-1453-45e8-8c7f-4e9b719418fc a760d013f20644e688d860d7b0c9041a c2a9a1736e694f7aa0a712bd0db299ec - - default default] 199.204.45.222 "DELETE /v2.0/ports/4d7ba891-14a4-4f90-a24f-cab7a0149de1 HTTP/1.1" status: 204 len: 173 time: 0.9368174
2026-04-23 11:35:03.883 10 WARNING neutron.scheduler.dhcp_agent_scheduler [req-8a7330da-2951-428c-b955-0b770b6f3b55 req-e8700db1-74f0-485a-b599-bf2f63f11242 a33af970d2aa4312aba3e3ac85e26f6c f2908195adc54878ab303c077ce55197 - - default default] No more DHCP agents
2026-04-23 11:35:03.891 10 WARNING neutron.api.rpc.agentnotifiers.dhcp_rpc_agent_api [req-8a7330da-2951-428c-b955-0b770b6f3b55 req-e8700db1-74f0-485a-b599-bf2f63f11242 a33af970d2aa4312aba3e3ac85e26f6c f2908195adc54878ab303c077ce55197 - - default default] Unable to schedule network aae4c854-ba62-4073-b979-e1a5bb5a459b: no agents available; will retry on subsequent port and subnet creation events.
2026-04-23 11:35:03.929 9 INFO neutron.wsgi [req-2a6c0ec6-17d3-4f17-b554-2a905141fa48 req-6082bad1-2f1e-466d-b61e-9f91ebc46f5e 3b5b869d738f4e6cba975cf94a01acd2 15b933f9502a497eb0b2802a7799b651 - - fb3a080562804969af6eb1fc6f74c10f fb3a080562804969af6eb1fc6f74c10f] 199.204.45.222 "GET /v2.0/ports?tenant_id=18b147c5ab674acb910ed91cb9bbde02&device_id=a669f320-227d-4b98-8fda-757d949bce1a HTTP/1.1" status: 200 len: 1413 time: 0.0905066
2026-04-23 11:35:03.994 10 INFO neutron.db.ovn_revision_numbers_db [None req-c8a7406a-c9ab-48c8-8b13-6120c90b24e9 067f5a553dfd438a813dc16ae3d5a7ec 10db2107c8a9471da569a846fcbd6cca - - default default] Successfully bumped revision number for resource ba3760cb-b6b9-48f9-9e1f-a45fd989227d (type: ports) to 2
2026-04-23 11:35:04.067 10 INFO neutron.db.ovn_revision_numbers_db [None req-c8a7406a-c9ab-48c8-8b13-6120c90b24e9 067f5a553dfd438a813dc16ae3d5a7ec 10db2107c8a9471da569a846fcbd6cca - - default default] Successfully bumped revision number for resource 8c657be2-bc5b-4e8a-8dd8-99e50e44a6fe (type: subnets) to 0
