2026-04-23 11:37:37.725 9 INFO neutron.wsgi [None req-021e90dd-932f-432b-a905-6e1062ff67a0 027837127de445519aa646b7d98d2f82 dd4ac6e3026944b8b57d31835f221171 - - default default] 10.0.0.124 "GET /v2.0/ports?device_id=8de8badc-377e-4c28-ac3f-e1abf77ddb31 HTTP/1.1" status: 200 len: 205 time: 0.0189230
2026-04-23 11:37:37.750 9 INFO neutron.api.v2.resource [None req-52f6ac8a-f56e-4006-906f-c9ad9df02ab6 027837127de445519aa646b7d98d2f82 dd4ac6e3026944b8b57d31835f221171 - - default default] delete failed (client error): The resource could not be found.
2026-04-23 11:37:37.751 9 INFO neutron.wsgi [None req-52f6ac8a-f56e-4006-906f-c9ad9df02ab6 027837127de445519aa646b7d98d2f82 dd4ac6e3026944b8b57d31835f221171 - - default default] 10.0.0.124 "DELETE /v2.0/routers/8de8badc-377e-4c28-ac3f-e1abf77ddb31 HTTP/1.1" status: 404 len: 336 time: 0.0210786
2026-04-23 11:37:37.770 9 INFO neutron.pecan_wsgi.hooks.translation [None req-99a4eaf1-48aa-4ee2-b362-dd0d54a653eb 027837127de445519aa646b7d98d2f82 dd4ac6e3026944b8b57d31835f221171 - - default default] DELETE failed (client error): The resource could not be found.
2026-04-23 11:37:37.772 9 INFO neutron.wsgi [None req-99a4eaf1-48aa-4ee2-b362-dd0d54a653eb 027837127de445519aa646b7d98d2f82 dd4ac6e3026944b8b57d31835f221171 - - default default] 10.0.0.124 "DELETE /v2.0/subnets/bff1a6d3-f262-47ac-ac94-c126a1f30e97 HTTP/1.1" status: 404 len: 337 time: 0.0165088
2026-04-23 11:37:37.807 9 INFO neutron.wsgi [None req-222782f7-cdf3-4093-a861-4dbdd440703d 027837127de445519aa646b7d98d2f82 dd4ac6e3026944b8b57d31835f221171 - - default default] 10.0.0.124 "GET /v2.0/ports?device_id=c115beed-8cb7-4e88-8b7d-8d01c1ca23c0 HTTP/1.1" status: 200 len: 205 time: 0.0293670
2026-04-23 11:37:37.838 9 INFO neutron.api.v2.resource [None req-42056be1-93ad-4453-9ae9-9c5e5ded4a68 027837127de445519aa646b7d98d2f82 dd4ac6e3026944b8b57d31835f221171 - - default default] delete failed (client error): The resource could not be found.
2026-04-23 11:37:37.839 9 INFO neutron.wsgi [None req-42056be1-93ad-4453-9ae9-9c5e5ded4a68 027837127de445519aa646b7d98d2f82 dd4ac6e3026944b8b57d31835f221171 - - default default] 10.0.0.124 "DELETE /v2.0/routers/c115beed-8cb7-4e88-8b7d-8d01c1ca23c0 HTTP/1.1" status: 404 len: 336 time: 0.0284431
2026-04-23 11:37:37.861 9 INFO neutron.pecan_wsgi.hooks.translation [None req-d4b93aac-99d6-43be-8449-387ac0ec4384 027837127de445519aa646b7d98d2f82 dd4ac6e3026944b8b57d31835f221171 - - default default] DELETE failed (client error): The resource could not be found.
2026-04-23 11:37:37.864 9 INFO neutron.wsgi [None req-d4b93aac-99d6-43be-8449-387ac0ec4384 027837127de445519aa646b7d98d2f82 dd4ac6e3026944b8b57d31835f221171 - - default default] 10.0.0.124 "DELETE /v2.0/subnets/67cb710c-242d-41e3-948d-a2f91aa4f5bc HTTP/1.1" status: 404 len: 337 time: 0.0206366
2026-04-23 11:37:37.887 9 INFO neutron.wsgi [None req-0fd761ab-c8d0-46ec-9bd0-0b5a87d6d787 027837127de445519aa646b7d98d2f82 dd4ac6e3026944b8b57d31835f221171 - - default default] 10.0.0.124 "GET /v2.0/ports?device_id=93b7bc83-2c63-495e-a6f7-d280a721e62e HTTP/1.1" status: 200 len: 205 time: 0.0187528
2026-04-23 11:37:37.911 9 INFO neutron.api.v2.resource [None req-d798c0e8-3b28-4936-b684-693142645222 027837127de445519aa646b7d98d2f82 dd4ac6e3026944b8b57d31835f221171 - - default default] delete failed (client error): The resource could not be found.
2026-04-23 11:37:37.912 9 INFO neutron.wsgi [None req-d798c0e8-3b28-4936-b684-693142645222 027837127de445519aa646b7d98d2f82 dd4ac6e3026944b8b57d31835f221171 - - default default] 10.0.0.124 "DELETE /v2.0/routers/93b7bc83-2c63-495e-a6f7-d280a721e62e HTTP/1.1" status: 404 len: 336 time: 0.0208051
2026-04-23 11:37:37.934 9 INFO neutron.pecan_wsgi.hooks.translation [None req-9e8edd1e-13a7-4709-99f2-306b20b5913c 027837127de445519aa646b7d98d2f82 dd4ac6e3026944b8b57d31835f221171 - - default default] DELETE failed (client error): The resource could not be found.
2026-04-23 11:37:37.936 9 INFO neutron.wsgi [None req-9e8edd1e-13a7-4709-99f2-306b20b5913c 027837127de445519aa646b7d98d2f82 dd4ac6e3026944b8b57d31835f221171 - - default default] 10.0.0.124 "DELETE /v2.0/subnets/6b090012-50df-49a5-bc5c-e9cd56891fb5 HTTP/1.1" status: 404 len: 337 time: 0.0197022
2026-04-23 11:37:37.955 9 INFO neutron.pecan_wsgi.hooks.translation [None req-66370234-d554-4e57-8aeb-7ab3f87940b7 027837127de445519aa646b7d98d2f82 dd4ac6e3026944b8b57d31835f221171 - - default default] DELETE failed (client error): The resource could not be found.
2026-04-23 11:37:37.957 9 INFO neutron.wsgi [None req-66370234-d554-4e57-8aeb-7ab3f87940b7 027837127de445519aa646b7d98d2f82 dd4ac6e3026944b8b57d31835f221171 - - default default] 10.0.0.124 "DELETE /v2.0/subnets/68cba257-abd2-4831-bac9-76e59f1ca8e9 HTTP/1.1" status: 404 len: 337 time: 0.0164154
2026-04-23 11:37:38.809 10 INFO neutron.wsgi [None req-e9c3e784-6022-4510-a126-912dc87ed380 067f5a553dfd438a813dc16ae3d5a7ec 10db2107c8a9471da569a846fcbd6cca - - default default] 10.0.0.124 "GET /v2.0/security-groups?tenant_id=dd4ac6e3026944b8b57d31835f221171&name=default HTTP/1.1" status: 200 len: 2996 time: 0.2075179
2026-04-23 11:37:39.048 10 INFO neutron.wsgi [None req-5739ca61-07ca-40d5-a3b6-e2707aab0ff8 067f5a553dfd438a813dc16ae3d5a7ec 10db2107c8a9471da569a846fcbd6cca - - default default] 10.0.0.124 "DELETE /v2.0/security-groups/5e6400be-c9fb-441a-9137-6c747114ed9d HTTP/1.1" status: 204 len: 168 time: 0.2345331
2026-04-23 11:37:39.647 10 INFO neutron.db.ovn_revision_numbers_db [None req-b371ba63-9d6f-40b2-ba1f-6c507abfac41 b159b8db27cf48a3837b3a315a0fb0d7 bd369d7649d54c95abb112c887b95824 - - default default] Successfully bumped revision number for resource 50cee482-74c1-451b-b2d6-52161a2422e8 (type: security_groups) to 1
2026-04-23 11:37:39.661 10 INFO neutron.db.ovn_revision_numbers_db [None req-b371ba63-9d6f-40b2-ba1f-6c507abfac41 b159b8db27cf48a3837b3a315a0fb0d7 bd369d7649d54c95abb112c887b95824 - - default default] Successfully bumped revision number for resource 921f19ac-d704-4774-acee-5c57198cab77 (type: security_group_rules) to 0
2026-04-23 11:37:39.684 10 INFO neutron.db.ovn_revision_numbers_db [None req-b371ba63-9d6f-40b2-ba1f-6c507abfac41 b159b8db27cf48a3837b3a315a0fb0d7 bd369d7649d54c95abb112c887b95824 - - default default] Successfully bumped revision number for resource 94f9968e-8d93-4a66-b655-696c33243cc2 (type: security_group_rules) to 0
2026-04-23 11:37:39.699 10 INFO neutron.db.ovn_revision_numbers_db [None req-b371ba63-9d6f-40b2-ba1f-6c507abfac41 b159b8db27cf48a3837b3a315a0fb0d7 bd369d7649d54c95abb112c887b95824 - - default default] Successfully bumped revision number for resource af623c38-5b6f-47f5-9a42-821f56be99a0 (type: security_group_rules) to 0
2026-04-23 11:37:39.713 10 INFO neutron.db.ovn_revision_numbers_db [None req-b371ba63-9d6f-40b2-ba1f-6c507abfac41 b159b8db27cf48a3837b3a315a0fb0d7 bd369d7649d54c95abb112c887b95824 - - default default] Successfully bumped revision number for resource e928ab78-cbd4-4017-af14-1291ab4a6f1b (type: security_group_rules) to 0
2026-04-23 11:37:39.762 10 INFO neutron.db.segments_db [None req-b371ba63-9d6f-40b2-ba1f-6c507abfac41 b159b8db27cf48a3837b3a315a0fb0d7 bd369d7649d54c95abb112c887b95824 - - default default] Added segment 8fb81de5-12af-414a-8557-e2ca28bcf0a5 of type geneve for network 481bcf7f-8d38-45e3-a530-e5aaa9b2c40f
2026-04-23 11:37:39.907 10 INFO neutron.db.ovn_revision_numbers_db [None req-b371ba63-9d6f-40b2-ba1f-6c507abfac41 b159b8db27cf48a3837b3a315a0fb0d7 bd369d7649d54c95abb112c887b95824 - - default default] Successfully bumped revision number for resource 481bcf7f-8d38-45e3-a530-e5aaa9b2c40f (type: networks) to 1
2026-04-23 11:37:40.095 10 WARNING neutron.scheduler.dhcp_agent_scheduler [None req-b371ba63-9d6f-40b2-ba1f-6c507abfac41 b159b8db27cf48a3837b3a315a0fb0d7 bd369d7649d54c95abb112c887b95824 - - default default] No more DHCP agents
2026-04-23 11:37:40.098 10 WARNING neutron.api.rpc.agentnotifiers.dhcp_rpc_agent_api [None req-b371ba63-9d6f-40b2-ba1f-6c507abfac41 b159b8db27cf48a3837b3a315a0fb0d7 bd369d7649d54c95abb112c887b95824 - - default default] Unable to schedule network 481bcf7f-8d38-45e3-a530-e5aaa9b2c40f: no agents available; will retry on subsequent port and subnet creation events.
2026-04-23 11:37:40.180 10 INFO neutron.db.ovn_revision_numbers_db [None req-b371ba63-9d6f-40b2-ba1f-6c507abfac41 b159b8db27cf48a3837b3a315a0fb0d7 bd369d7649d54c95abb112c887b95824 - - default default] Successfully bumped revision number for resource 8cfb15a4-94e5-42d4-acc9-3a712f3453a1 (type: ports) to 1
2026-04-23 11:37:40.210 10 INFO neutron.wsgi [None req-b371ba63-9d6f-40b2-ba1f-6c507abfac41 b159b8db27cf48a3837b3a315a0fb0d7 bd369d7649d54c95abb112c887b95824 - - default default] 10.0.0.124 "POST /v2.0/networks HTTP/1.1" status: 201 len: 830 time: 0.8798628
2026-04-23 11:37:40.455 9 INFO neutron.db.ovn_revision_numbers_db [None req-7bc01a53-92fb-44ee-89aa-281f4522e5cc ae1187e73078411eb896d49658edb70c 756d84a5f6cd424684114c173e335490 - - default default] Successfully bumped revision number for resource f542d15d-1a46-4425-bf05-5cbd26ef0b66 (type: security_groups) to 1
2026-04-23 11:37:40.456 10 WARNING neutron.scheduler.dhcp_agent_scheduler [None req-840e1b4a-521a-4b78-8698-798887abc23a b159b8db27cf48a3837b3a315a0fb0d7 bd369d7649d54c95abb112c887b95824 - - default default] No more DHCP agents
2026-04-23 11:37:40.460 10 WARNING neutron.api.rpc.agentnotifiers.dhcp_rpc_agent_api [None req-840e1b4a-521a-4b78-8698-798887abc23a b159b8db27cf48a3837b3a315a0fb0d7 bd369d7649d54c95abb112c887b95824 - - default default] Unable to schedule network 481bcf7f-8d38-45e3-a530-e5aaa9b2c40f: no agents available; will retry on subsequent port and subnet creation events.
2026-04-23 11:37:40.478 9 INFO neutron.db.ovn_revision_numbers_db [None req-7bc01a53-92fb-44ee-89aa-281f4522e5cc ae1187e73078411eb896d49658edb70c 756d84a5f6cd424684114c173e335490 - - default default] Successfully bumped revision number for resource 1b5c97b2-0836-4448-aae6-9febd0711d99 (type: security_group_rules) to 0
2026-04-23 11:37:40.501 9 INFO neutron.db.ovn_revision_numbers_db [None req-7bc01a53-92fb-44ee-89aa-281f4522e5cc ae1187e73078411eb896d49658edb70c 756d84a5f6cd424684114c173e335490 - - default default] Successfully bumped revision number for resource 79b94ecd-cf63-4384-8910-00a1a4ecc8ad (type: security_group_rules) to 0
2026-04-23 11:37:40.516 9 INFO neutron.db.ovn_revision_numbers_db [None req-7bc01a53-92fb-44ee-89aa-281f4522e5cc ae1187e73078411eb896d49658edb70c 756d84a5f6cd424684114c173e335490 - - default default] Successfully bumped revision number for resource a6140768-4ca7-47b2-9b62-e58a048c91ef (type: security_group_rules) to 0
2026-04-23 11:37:40.537 9 INFO neutron.db.ovn_revision_numbers_db [None req-7bc01a53-92fb-44ee-89aa-281f4522e5cc ae1187e73078411eb896d49658edb70c 756d84a5f6cd424684114c173e335490 - - default default] Successfully bumped revision number for resource c9a15014-ef89-4275-a07c-46126095892e (type: security_group_rules) to 0
2026-04-23 11:37:40.558 10 INFO neutron.db.ovn_revision_numbers_db [None req-840e1b4a-521a-4b78-8698-798887abc23a b159b8db27cf48a3837b3a315a0fb0d7 bd369d7649d54c95abb112c887b95824 - - default default] Successfully bumped revision number for resource 5f2b3b07-8808-4af4-a13a-73a5ac40e6ca (type: ports) to 1
2026-04-23 11:37:40.591 10 INFO neutron.wsgi [None req-840e1b4a-521a-4b78-8698-798887abc23a b159b8db27cf48a3837b3a315a0fb0d7 bd369d7649d54c95abb112c887b95824 - - default default] 10.0.0.124 "POST /v2.0/ports HTTP/1.1" status: 201 len: 942 time: 0.3751180 /var/lib/openstack/lib/python3.10/site-packages/pycadf/identifier.py:71: UserWarning: Invalid uuid: neutron. To ensure interoperability, identifiers should be a valid uuid. warnings.warn(('Invalid uuid: %s. To ensure interoperability, '
2026-04-23 11:37:40.600 9 INFO neutron.db.segments_db [None req-7bc01a53-92fb-44ee-89aa-281f4522e5cc ae1187e73078411eb896d49658edb70c 756d84a5f6cd424684114c173e335490 - - default default] Added segment 2db6ea5b-eb70-4e5c-95db-88bde215ef90 of type geneve for network 169c0a03-6514-4f8f-87cc-9640a9fea717
2026-04-23 11:37:40.817 10 INFO neutron.wsgi [None req-61bfe32e-d3ce-4e43-8dd1-1a34b0ed4173 b159b8db27cf48a3837b3a315a0fb0d7 bd369d7649d54c95abb112c887b95824 - - default default] 10.0.0.124 "POST /v2.0/trunks HTTP/1.1" status: 201 len: 608 time: 0.2226255
2026-04-23 11:37:40.931 10 INFO neutron.db.segments_db [None req-e4cb1885-372d-4d76-a454-98c279d5ace1 b159b8db27cf48a3837b3a315a0fb0d7 bd369d7649d54c95abb112c887b95824 - - default default] Added segment 600840cc-099a-4dda-87af-b3d581e63f0b of type geneve for network f2a2d848-6354-4f9c-94c8-2e627834a0cc
2026-04-23 11:37:40.950 9 INFO neutron.db.ovn_revision_numbers_db [None req-7bc01a53-92fb-44ee-89aa-281f4522e5cc ae1187e73078411eb896d49658edb70c 756d84a5f6cd424684114c173e335490 - - default default] Successfully bumped revision number for resource 169c0a03-6514-4f8f-87cc-9640a9fea717 (type: networks) to 1
2026-04-23 11:37:41.109 10 INFO neutron.db.ovn_revision_numbers_db [None req-e4cb1885-372d-4d76-a454-98c279d5ace1 b159b8db27cf48a3837b3a315a0fb0d7 bd369d7649d54c95abb112c887b95824 - - default default] Successfully bumped revision number for resource f2a2d848-6354-4f9c-94c8-2e627834a0cc (type: networks) to 1
2026-04-23 11:37:41.186 9 WARNING neutron.scheduler.dhcp_agent_scheduler [None req-7bc01a53-92fb-44ee-89aa-281f4522e5cc ae1187e73078411eb896d49658edb70c 756d84a5f6cd424684114c173e335490 - - default default] No more DHCP agents
2026-04-23 11:37:41.188 9 WARNING neutron.api.rpc.agentnotifiers.dhcp_rpc_agent_api [None req-7bc01a53-92fb-44ee-89aa-281f4522e5cc ae1187e73078411eb896d49658edb70c 756d84a5f6cd424684114c173e335490 - - default default] Unable to schedule network 169c0a03-6514-4f8f-87cc-9640a9fea717: no agents available; will retry on subsequent port and subnet creation events.
2026-04-23 11:37:41.210 10 INFO neutron.db.ovn_revision_numbers_db [None req-57a8b112-1660-4b2b-aaf4-8f66bd7d884b 103b842ed1164671a33fe42bf111b05e edae0e36256f4682b818cdb5641e8393 - - default default] Successfully bumped revision number for resource 9c579266-81f8-4288-a158-e483edc01051 (type: security_groups) to 1
2026-04-23 11:37:41.229 10 INFO neutron.db.ovn_revision_numbers_db [None req-57a8b112-1660-4b2b-aaf4-8f66bd7d884b 103b842ed1164671a33fe42bf111b05e edae0e36256f4682b818cdb5641e8393 - - default default] Successfully bumped revision number for resource 8af35f45-c1dc-472b-a4bd-ce2449ee53f5 (type: security_group_rules) to 0
2026-04-23 11:37:41.252 10 INFO neutron.db.ovn_revision_numbers_db [None req-57a8b112-1660-4b2b-aaf4-8f66bd7d884b 103b842ed1164671a33fe42bf111b05e edae0e36256f4682b818cdb5641e8393 - - default default] Successfully bumped revision number for resource 9d0fe226-c8a5-4c4d-b4c2-56b01abb5596 (type: security_group_rules) to 0
2026-04-23 11:37:41.295 9 INFO neutron.db.ovn_revision_numbers_db [None req-7bc01a53-92fb-44ee-89aa-281f4522e5cc ae1187e73078411eb896d49658edb70c 756d84a5f6cd424684114c173e335490 - - default default] Successfully bumped revision number for resource 6abf79bb-8dc9-4c4d-ae8b-e34a5dba2c0b (type: ports) to 1
2026-04-23 11:37:41.321 9 INFO neutron.wsgi [None req-7bc01a53-92fb-44ee-89aa-281f4522e5cc ae1187e73078411eb896d49658edb70c 756d84a5f6cd424684114c173e335490 - - default default] 10.0.0.124 "POST /v2.0/networks HTTP/1.1" status: 201 len: 830 time: 1.2226415
2026-04-23 11:37:41.492 10 INFO neutron.db.ovn_revision_numbers_db [None req-57a8b112-1660-4b2b-aaf4-8f66bd7d884b 103b842ed1164671a33fe42bf111b05e edae0e36256f4682b818cdb5641e8393 - - default default] Successfully bumped revision number for resource c5a4f4b5-a710-40ef-a06a-12bd9c2abbf1 (type: security_group_rules) to 0
2026-04-23 11:37:41.506 10 WARNING neutron.scheduler.dhcp_agent_scheduler [None req-e4cb1885-372d-4d76-a454-98c279d5ace1 b159b8db27cf48a3837b3a315a0fb0d7 bd369d7649d54c95abb112c887b95824 - - default default] No more DHCP agents
2026-04-23 11:37:41.509 10 WARNING neutron.api.rpc.agentnotifiers.dhcp_rpc_agent_api [None req-e4cb1885-372d-4d76-a454-98c279d5ace1 b159b8db27cf48a3837b3a315a0fb0d7 bd369d7649d54c95abb112c887b95824 - - default default] Unable to schedule network f2a2d848-6354-4f9c-94c8-2e627834a0cc: no agents available; will retry on subsequent port and subnet creation events.
2026-04-23 11:37:41.511 10 INFO neutron.db.ovn_revision_numbers_db [None req-57a8b112-1660-4b2b-aaf4-8f66bd7d884b 103b842ed1164671a33fe42bf111b05e edae0e36256f4682b818cdb5641e8393 - - default default] Successfully bumped revision number for resource f5d8ab1d-0268-4b02-8afa-d5e6a7e02738 (type: security_group_rules) to 0
2026-04-23 11:37:41.568 10 INFO neutron.db.segments_db [None req-57a8b112-1660-4b2b-aaf4-8f66bd7d884b 103b842ed1164671a33fe42bf111b05e edae0e36256f4682b818cdb5641e8393 - - default default] Added segment 62d9fba1-2761-42c1-b010-ac68b9aa7abb of type geneve for network 468f5c5f-a7e8-4511-92fa-3e612dec8287
2026-04-23 11:37:41.586 9 WARNING neutron.scheduler.dhcp_agent_scheduler [None req-b1a0abca-5703-4cd7-a11e-b2d4c189ac58 ae1187e73078411eb896d49658edb70c 756d84a5f6cd424684114c173e335490 - - default default] No more DHCP agents
2026-04-23 11:37:41.587 9 WARNING neutron.api.rpc.agentnotifiers.dhcp_rpc_agent_api [None req-b1a0abca-5703-4cd7-a11e-b2d4c189ac58 ae1187e73078411eb896d49658edb70c 756d84a5f6cd424684114c173e335490 - - default default] Unable to schedule network 169c0a03-6514-4f8f-87cc-9640a9fea717: no agents available; will retry on subsequent port and subnet creation events.
2026-04-23 11:37:41.615 10 INFO neutron.db.ovn_revision_numbers_db [None req-e4cb1885-372d-4d76-a454-98c279d5ace1 b159b8db27cf48a3837b3a315a0fb0d7 bd369d7649d54c95abb112c887b95824 - - default default] Successfully bumped revision number for resource d686b362-323d-4e37-9db1-e5871988e5f6 (type: ports) to 1
2026-04-23 11:37:41.646 10 INFO neutron.wsgi [None req-e4cb1885-372d-4d76-a454-98c279d5ace1 b159b8db27cf48a3837b3a315a0fb0d7 bd369d7649d54c95abb112c887b95824 - - default default] 10.0.0.124 "POST /v2.0/networks HTTP/1.1" status: 201 len: 831 time: 0.8236144
2026-04-23 11:37:41.753 10 INFO neutron.db.ovn_revision_numbers_db [None req-57a8b112-1660-4b2b-aaf4-8f66bd7d884b 103b842ed1164671a33fe42bf111b05e edae0e36256f4682b818cdb5641e8393 - - default default] Successfully bumped revision number for resource 468f5c5f-a7e8-4511-92fa-3e612dec8287 (type: networks) to 1
2026-04-23 11:37:41.838 10 WARNING neutron.plugins.ml2.drivers.ovn.mech_driver.ovsdb.ovn_client [None req-a8ddc9fa-e0c2-481d-aef3-025a5f8d7d26 - - - - - -] No port found with ID 9158d21a-7961-4f29-9851-5001463abd13: RuntimeError: No port found with ID 9158d21a-7961-4f29-9851-5001463abd13
2026-04-23 11:37:41.977 10 WARNING neutron.scheduler.dhcp_agent_scheduler [None req-69fed86f-ebc8-47b6-8758-4b1a92600917 b159b8db27cf48a3837b3a315a0fb0d7 bd369d7649d54c95abb112c887b95824 - - default default] No more DHCP agents
2026-04-23 11:37:41.980 10 WARNING neutron.api.rpc.agentnotifiers.dhcp_rpc_agent_api [None req-69fed86f-ebc8-47b6-8758-4b1a92600917 b159b8db27cf48a3837b3a315a0fb0d7 bd369d7649d54c95abb112c887b95824 - - default default] Unable to schedule network f2a2d848-6354-4f9c-94c8-2e627834a0cc: no agents available; will retry on subsequent port and subnet creation events.
2026-04-23 11:37:41.982 10 WARNING neutron.scheduler.dhcp_agent_scheduler [None req-57a8b112-1660-4b2b-aaf4-8f66bd7d884b 103b842ed1164671a33fe42bf111b05e edae0e36256f4682b818cdb5641e8393 - - default default] No more DHCP agents
2026-04-23 11:37:41.989 10 WARNING neutron.api.rpc.agentnotifiers.dhcp_rpc_agent_api [None req-57a8b112-1660-4b2b-aaf4-8f66bd7d884b 103b842ed1164671a33fe42bf111b05e edae0e36256f4682b818cdb5641e8393 - - default default] Unable to schedule network 468f5c5f-a7e8-4511-92fa-3e612dec8287: no agents available; will retry on subsequent port and subnet creation events.
2026-04-23 11:37:42.068 9 INFO neutron.db.ovn_revision_numbers_db [None req-b1a0abca-5703-4cd7-a11e-b2d4c189ac58 ae1187e73078411eb896d49658edb70c 756d84a5f6cd424684114c173e335490 - - default default] Successfully bumped revision number for resource 6abf79bb-8dc9-4c4d-ae8b-e34a5dba2c0b (type: ports) to 2
2026-04-23 11:37:42.116 10 INFO neutron.db.ovn_revision_numbers_db [None req-57a8b112-1660-4b2b-aaf4-8f66bd7d884b 103b842ed1164671a33fe42bf111b05e edae0e36256f4682b818cdb5641e8393 - - default default] Successfully bumped revision number for resource 1ec643a5-0669-4848-b132-90efe513424b (type: ports) to 1
2026-04-23 11:37:42.117 9 INFO neutron.db.ovn_revision_numbers_db [None req-b1a0abca-5703-4cd7-a11e-b2d4c189ac58 ae1187e73078411eb896d49658edb70c 756d84a5f6cd424684114c173e335490 - - default default] Successfully bumped revision number for resource 808c7370-cb1f-494f-95f3-9c6b3c0b9010 (type: subnets) to 0
2026-04-23 11:37:42.121 10 INFO neutron.db.ovn_revision_numbers_db [None req-69fed86f-ebc8-47b6-8758-4b1a92600917 b159b8db27cf48a3837b3a315a0fb0d7 bd369d7649d54c95abb112c887b95824 - - default default] Successfully bumped revision number for resource 4c4c81d9-0dc3-4a18-8385-42bd04079140 (type: ports) to 1
2026-04-23 11:37:42.135 9 INFO neutron.wsgi [None req-b1a0abca-5703-4cd7-a11e-b2d4c189ac58 ae1187e73078411eb896d49658edb70c 756d84a5f6cd424684114c173e335490 - - default default] 10.0.0.124 "POST /v2.0/subnets HTTP/1.1" status: 201 len: 801 time: 0.8067980
2026-04-23 11:37:42.144 10 INFO neutron.wsgi [None req-57a8b112-1660-4b2b-aaf4-8f66bd7d884b 103b842ed1164671a33fe42bf111b05e edae0e36256f4682b818cdb5641e8393 - - default default] 10.0.0.124 "POST /v2.0/networks HTTP/1.1" status: 201 len: 831 time: 1.3041468 /var/lib/openstack/lib/python3.10/site-packages/pycadf/identifier.py:71: UserWarning: Invalid uuid: neutron. To ensure interoperability, identifiers should be a valid uuid. warnings.warn(('Invalid uuid: %s. To ensure interoperability, '
2026-04-23 11:37:42.161 10 INFO neutron.wsgi [None req-69fed86f-ebc8-47b6-8758-4b1a92600917 b159b8db27cf48a3837b3a315a0fb0d7 bd369d7649d54c95abb112c887b95824 - - default default] 10.0.0.124 "POST /v2.0/ports HTTP/1.1" status: 201 len: 942 time: 0.5100491
2026-04-23 11:37:42.204 9 INFO neutron.wsgi [None req-edecb66c-6f88-44e0-9a78-25628c1b05ed ae1187e73078411eb896d49658edb70c 756d84a5f6cd424684114c173e335490 - - default default] 10.0.0.124 "PUT /v2.0/subnets/808c7370-cb1f-494f-95f3-9c6b3c0b9010/tags HTTP/1.1" status: 200 len: 218 time: 0.0624592
2026-04-23 11:37:42.266 9 INFO neutron.wsgi [None req-e09c9285-8da8-4b17-8269-b8046ca2f744 ae1187e73078411eb896d49658edb70c 756d84a5f6cd424684114c173e335490 - - default default] 10.0.0.124 "GET /v2.0/subnets/808c7370-cb1f-494f-95f3-9c6b3c0b9010/tags HTTP/1.1" status: 200 len: 218 time: 0.0568383
2026-04-23 11:37:42.328 9 INFO neutron.wsgi [None req-6523b70a-8227-4f5e-999a-6405dc0eda5f ae1187e73078411eb896d49658edb70c 756d84a5f6cd424684114c173e335490 - - default default] 10.0.0.124 "PUT /v2.0/subnets/808c7370-cb1f-494f-95f3-9c6b3c0b9010/tags/green HTTP/1.1" status: 201 len: 201 time: 0.0576112
2026-04-23 11:37:42.367 9 INFO neutron.wsgi [None req-486186ae-8093-45b6-9c69-0d85656be35a 067f5a553dfd438a813dc16ae3d5a7ec 10db2107c8a9471da569a846fcbd6cca - - default default] 10.0.0.37 "GET /v2.0/routers HTTP/1.1" status: 200 len: 189 time: 0.1109478
2026-04-23 11:37:42.404 9 INFO neutron.wsgi [None req-e7f3617a-67ac-4920-bbc3-0b54a06c0e9c 067f5a553dfd438a813dc16ae3d5a7ec 10db2107c8a9471da569a846fcbd6cca - - default default] 10.0.0.37 "GET /v2.0/agents?binary=ovn-controller HTTP/1.1" status: 200 len: 591 time: 0.0307956
2026-04-23 11:37:42.417 9 INFO neutron.wsgi [None req-1e8f7c95-e906-4d7d-9ee6-6888c2879924 ae1187e73078411eb896d49658edb70c 756d84a5f6cd424684114c173e335490 - - default default] 10.0.0.124 "GET /v2.0/subnets/808c7370-cb1f-494f-95f3-9c6b3c0b9010/tags HTTP/1.1" status: 200 len: 227 time: 0.0814395
2026-04-23 11:37:42.431 9 INFO neutron.wsgi [None req-c15cb6f2-8621-4a0c-bbf9-8fec64f4171b 067f5a553dfd438a813dc16ae3d5a7ec 10db2107c8a9471da569a846fcbd6cca - - default default] 10.0.0.37 "GET /v2.0/network-ip-availabilities HTTP/1.1" status: 200 len: 2497 time: 0.0238459
2026-04-23 11:37:42.478 9 INFO neutron.wsgi [None req-d6f0a54e-4291-4d3e-9229-7375df74b0a8 ae1187e73078411eb896d49658edb70c 756d84a5f6cd424684114c173e335490 - - default default] 10.0.0.124 "PUT /v2.0/subnets/808c7370-cb1f-494f-95f3-9c6b3c0b9010/tags/red HTTP/1.1" status: 201 len: 201 time: 0.0561295
2026-04-23 11:37:42.480 10 INFO neutron.wsgi [None req-5e2de6be-5042-42fb-84dc-df5f57cbd11d b159b8db27cf48a3837b3a315a0fb0d7 bd369d7649d54c95abb112c887b95824 - - default default] 10.0.0.124 "POST /v2.0/trunks HTTP/1.1" status: 201 len: 608 time: 0.3135700 /var/lib/openstack/lib/python3.10/site-packages/pycadf/identifier.py:71: UserWarning: Invalid uuid: neutron. To ensure interoperability, identifiers should be a valid uuid. warnings.warn(('Invalid uuid: %s. To ensure interoperability, '
2026-04-23 11:37:42.505 10 WARNING neutron.scheduler.dhcp_agent_scheduler [None req-f6bdd02b-dc19-4a10-8ff9-40eb6b3f3835 103b842ed1164671a33fe42bf111b05e edae0e36256f4682b818cdb5641e8393 - - default default] No more DHCP agents
2026-04-23 11:37:42.507 10 WARNING neutron.api.rpc.agentnotifiers.dhcp_rpc_agent_api [None req-f6bdd02b-dc19-4a10-8ff9-40eb6b3f3835 103b842ed1164671a33fe42bf111b05e edae0e36256f4682b818cdb5641e8393 - - default default] Unable to schedule network 468f5c5f-a7e8-4511-92fa-3e612dec8287: no agents available; will retry on subsequent port and subnet creation events.
2026-04-23 11:37:42.530 9 INFO neutron.wsgi [None req-cfcf5e85-da1f-4f80-b6c8-3c9afdf4f1da 067f5a553dfd438a813dc16ae3d5a7ec 10db2107c8a9471da569a846fcbd6cca - - default default] 10.0.0.37 "GET /v2.0/security-groups HTTP/1.1" status: 200 len: 25139 time: 0.0917110
2026-04-23 11:37:42.536 9 INFO neutron.wsgi [None req-f919a54f-c9ea-41a3-9e29-b670a4b5dcf2 ae1187e73078411eb896d49658edb70c 756d84a5f6cd424684114c173e335490 - - default default] 10.0.0.124 "GET /v2.0/subnets/808c7370-cb1f-494f-95f3-9c6b3c0b9010/tags HTTP/1.1" status: 200 len: 227 time: 0.0516641 /var/lib/openstack/lib/python3.10/site-packages/pycadf/identifier.py:71: UserWarning: Invalid uuid: neutron. To ensure interoperability, identifiers should be a valid uuid. warnings.warn(('Invalid uuid: %s. To ensure interoperability, '
2026-04-23 11:37:42.586 9 INFO neutron.wsgi [None req-7090b21d-2d39-4a62-a0ba-c04c347cb354 067f5a553dfd438a813dc16ae3d5a7ec 10db2107c8a9471da569a846fcbd6cca - - default default] 10.0.0.37 "GET /v2.0/subnets HTTP/1.1" status: 200 len: 2067 time: 0.0480855
2026-04-23 11:37:42.616 9 INFO neutron.wsgi [None req-d9e1ac3d-2278-4b37-86c1-3e28c50d906f 067f5a553dfd438a813dc16ae3d5a7ec 10db2107c8a9471da569a846fcbd6cca - - default default] 10.0.0.37 "GET /v2.0/floatingips HTTP/1.1" status: 200 len: 193 time: 0.0292671
2026-04-23 11:37:42.654 10 INFO neutron.wsgi [None req-77e8ee7b-9112-4deb-b6ba-ba0f185f7e28 ae1187e73078411eb896d49658edb70c 756d84a5f6cd424684114c173e335490 - - default default] 10.0.0.124 "PUT /v2.0/subnets/808c7370-cb1f-494f-95f3-9c6b3c0b9010/tags/black.or.white HTTP/1.1" status: 201 len: 201 time: 0.1051533
2026-04-23 11:37:42.664 10 INFO neutron.db.segments_db [None req-237f38a3-d97f-424f-b7f0-85cd3f7773a5 b159b8db27cf48a3837b3a315a0fb0d7 bd369d7649d54c95abb112c887b95824 - - default default] Added segment 6c49503c-0e4a-49ff-bde9-8f2bbace902b of type geneve for network e6e974c9-8dd7-45f7-9b9a-54ab86701644
2026-04-23 11:37:42.665 10 INFO neutron.db.ovn_revision_numbers_db [None req-f6bdd02b-dc19-4a10-8ff9-40eb6b3f3835 103b842ed1164671a33fe42bf111b05e edae0e36256f4682b818cdb5641e8393 - - default default] Successfully bumped revision number for resource f3a6bcc4-b094-40ce-9004-30390456637d (type: ports) to 1
2026-04-23 11:37:42.723 10 INFO neutron.wsgi [None req-a812230a-4c2c-47f5-bae3-3dede0a8731a ae1187e73078411eb896d49658edb70c 756d84a5f6cd424684114c173e335490 - - default default] 10.0.0.124 "GET /v2.0/subnets/808c7370-cb1f-494f-95f3-9c6b3c0b9010/tags HTTP/1.1" status: 200 len: 245 time: 0.0643809
2026-04-23 11:37:42.726 10 INFO neutron.wsgi [None req-f6bdd02b-dc19-4a10-8ff9-40eb6b3f3835 103b842ed1164671a33fe42bf111b05e edae0e36256f4682b818cdb5641e8393 - - default default] 10.0.0.124 "POST /v2.0/ports HTTP/1.1" status: 201 len: 942 time: 0.5756791
2026-04-23 11:37:42.738 9 INFO neutron.wsgi [None req-9fc333b9-3250-41f1-800d-d6ed0ee821f5 067f5a553dfd438a813dc16ae3d5a7ec 10db2107c8a9471da569a846fcbd6cca - - default default] 10.0.0.37 "GET /v2.0/networks HTTP/1.1" status: 200 len: 5214 time: 0.1209552
2026-04-23 11:37:42.782 9 INFO neutron.wsgi [None req-3b79396a-af01-4acb-a585-b97a1a1acb41 067f5a553dfd438a813dc16ae3d5a7ec 10db2107c8a9471da569a846fcbd6cca - - default default] 10.0.0.37 "GET /v2.0/subnets HTTP/1.1" status: 200 len: 2084 time: 0.0395513
2026-04-23 11:37:42.804 9 INFO neutron.wsgi [None req-9d986c45-3c27-4848-9074-054d2f6c3473 067f5a553dfd438a813dc16ae3d5a7ec 10db2107c8a9471da569a846fcbd6cca - - default default] 10.0.0.37 "GET /v2.0/subnetpools HTTP/1.1" status: 200 len: 193 time: 0.0148492
2026-04-23 11:37:42.833 10 INFO neutron.wsgi [None req-1d27244e-7c17-4f3b-b1d8-18c5d6be4a16 ae1187e73078411eb896d49658edb70c 756d84a5f6cd424684114c173e335490 - - default default] 10.0.0.124 "PUT /v2.0/subnets/808c7370-cb1f-494f-95f3-9c6b3c0b9010/tags HTTP/1.1" status: 200 len: 230 time: 0.1004014
2026-04-23 11:37:42.887 9 INFO neutron.wsgi [None req-e9dbf18d-98f0-4544-88da-fd448d5420d7 067f5a553dfd438a813dc16ae3d5a7ec 10db2107c8a9471da569a846fcbd6cca - - default default] 10.0.0.37 "GET /v2.0/ports HTTP/1.1" status: 200 len: 11758 time: 0.0822644
2026-04-23 11:37:42.906 9 INFO neutron.wsgi [None req-ba30bc3b-809e-4299-90d4-569f93c7c085 067f5a553dfd438a813dc16ae3d5a7ec 10db2107c8a9471da569a846fcbd6cca - - default default] 10.0.0.37 "GET /v2.0/agents HTTP/1.1" status: 200 len: 997 time: 0.0129681
2026-04-23 11:37:42.914 10 INFO neutron.wsgi [None req-486afadb-59bf-471f-8349-4926a0b1b497 ae1187e73078411eb896d49658edb70c 756d84a5f6cd424684114c173e335490 - - default default] 10.0.0.124 "GET /v2.0/subnets/808c7370-cb1f-494f-95f3-9c6b3c0b9010/tags HTTP/1.1" status: 200 len: 230 time: 0.0768261
2026-04-23 11:37:42.922 10 INFO neutron.db.segments_db [None req-3825452b-28f7-4e0c-8b12-4a4891f98e07 103b842ed1164671a33fe42bf111b05e edae0e36256f4682b818cdb5641e8393 - - default default] Added segment f3d773a8-fc71-48bb-86c2-8a311b112c14 of type geneve for network 9aa4cda5-f34f-4c5c-b416-782176d59e17
2026-04-23 11:37:42.957 9 INFO neutron.wsgi [None req-a1cf3df6-8b6b-415e-b5ad-87d9f3e3e24a ae1187e73078411eb896d49658edb70c 756d84a5f6cd424684114c173e335490 - - default default] 10.0.0.124 "GET /v2.0/subnets/808c7370-cb1f-494f-95f3-9c6b3c0b9010/tags/red HTTP/1.1" status: 204 len: 168 time: 0.0388999
2026-04-23 11:37:42.961 10 INFO neutron.db.ovn_revision_numbers_db [None req-237f38a3-d97f-424f-b7f0-85cd3f7773a5 b159b8db27cf48a3837b3a315a0fb0d7 bd369d7649d54c95abb112c887b95824 - - default default] Successfully bumped revision number for resource e6e974c9-8dd7-45f7-9b9a-54ab86701644 (type: networks) to 1
2026-04-23 11:37:42.995 9 INFO neutron.api.v2.resource [None req-6e6dd74a-ae05-49ea-977e-2ca15e1846b6 ae1187e73078411eb896d49658edb70c 756d84a5f6cd424684114c173e335490 - - default default] show failed (client error): The resource could not be found.
2026-04-23 11:37:42.996 9 INFO neutron.wsgi [None req-6e6dd74a-ae05-49ea-977e-2ca15e1846b6 ae1187e73078411eb896d49658edb70c 756d84a5f6cd424684114c173e335490 - - default default] 10.0.0.124 "GET /v2.0/subnets/808c7370-cb1f-494f-95f3-9c6b3c0b9010/tags/green HTTP/1.1" status: 404 len: 299 time: 0.0354421
2026-04-23 11:37:43.050 9 INFO neutron.wsgi [None req-f266bb49-56a3-4445-8e9b-68c7e08cd8c2 ae1187e73078411eb896d49658edb70c 756d84a5f6cd424684114c173e335490 - - default default] 10.0.0.124 "DELETE /v2.0/subnets/808c7370-cb1f-494f-95f3-9c6b3c0b9010/tags/red HTTP/1.1" status: 204 len: 168 time: 0.0496593
2026-04-23 11:37:43.103 9 INFO neutron.wsgi [None req-a8b5ba80-c43d-4ad5-a516-bcdd2f74bd9e ae1187e73078411eb896d49658edb70c 756d84a5f6cd424684114c173e335490 - - default default] 10.0.0.124 "GET /v2.0/subnets/808c7370-cb1f-494f-95f3-9c6b3c0b9010/tags HTTP/1.1" status: 200 len: 223 time: 0.0430529
2026-04-23 11:37:43.148 9 INFO neutron.api.v2.resource [None req-273c3e1d-6e64-4b57-a0ac-e0831ceb5ba2 ae1187e73078411eb896d49658edb70c 756d84a5f6cd424684114c173e335490 - - default default] delete failed (client error): The resource could not be found.
2026-04-23 11:37:43.150 9 INFO neutron.wsgi [None req-273c3e1d-6e64-4b57-a0ac-e0831ceb5ba2 ae1187e73078411eb896d49658edb70c 756d84a5f6cd424684114c173e335490 - - default default] 10.0.0.124 "DELETE /v2.0/subnets/808c7370-cb1f-494f-95f3-9c6b3c0b9010/tags/green HTTP/1.1" status: 404 len: 299 time: 0.0406995
2026-04-23 11:37:43.157 10 INFO neutron.db.ovn_revision_numbers_db [None req-3825452b-28f7-4e0c-8b12-4a4891f98e07 103b842ed1164671a33fe42bf111b05e edae0e36256f4682b818cdb5641e8393 - - default default] Successfully bumped revision number for resource 9aa4cda5-f34f-4c5c-b416-782176d59e17 (type: networks) to 1
2026-04-23 11:37:43.229 9 INFO neutron.wsgi [None req-11ffa65a-237f-43b5-a1f2-5bafddc38b37 ae1187e73078411eb896d49658edb70c 756d84a5f6cd424684114c173e335490 - - default default] 10.0.0.124 "DELETE /v2.0/subnets/808c7370-cb1f-494f-95f3-9c6b3c0b9010/tags HTTP/1.1" status: 204 len: 168 time: 0.0718234
2026-04-23 11:37:43.271 10 WARNING neutron.scheduler.dhcp_agent_scheduler [None req-237f38a3-d97f-424f-b7f0-85cd3f7773a5 b159b8db27cf48a3837b3a315a0fb0d7 bd369d7649d54c95abb112c887b95824 - - default default] No more DHCP agents
2026-04-23 11:37:43.274 9 INFO neutron.wsgi [None req-7ef6acab-3992-48af-ab31-7276d6350eaa ae1187e73078411eb896d49658edb70c 756d84a5f6cd424684114c173e335490 - - default default] 10.0.0.124 "GET /v2.0/subnets/808c7370-cb1f-494f-95f3-9c6b3c0b9010/tags HTTP/1.1" status: 200 len: 205 time: 0.0400450
2026-04-23 11:37:43.285 10 WARNING neutron.api.rpc.agentnotifiers.dhcp_rpc_agent_api [None req-237f38a3-d97f-424f-b7f0-85cd3f7773a5 b159b8db27cf48a3837b3a315a0fb0d7 bd369d7649d54c95abb112c887b95824 - - default default] Unable to schedule network e6e974c9-8dd7-45f7-9b9a-54ab86701644: no agents available; will retry on subsequent port and subnet creation events.
2026-04-23 11:37:43.460 10 INFO neutron.db.ovn_revision_numbers_db [None req-237f38a3-d97f-424f-b7f0-85cd3f7773a5 b159b8db27cf48a3837b3a315a0fb0d7 bd369d7649d54c95abb112c887b95824 - - default default] Successfully bumped revision number for resource 5238a070-1713-4e99-aae3-8b861331d0bd (type: ports) to 1
2026-04-23 11:37:43.496 10 WARNING neutron.scheduler.dhcp_agent_scheduler [None req-3825452b-28f7-4e0c-8b12-4a4891f98e07 103b842ed1164671a33fe42bf111b05e edae0e36256f4682b818cdb5641e8393 - - default default] No more DHCP agents
2026-04-23 11:37:43.499 10 WARNING neutron.api.rpc.agentnotifiers.dhcp_rpc_agent_api [None req-3825452b-28f7-4e0c-8b12-4a4891f98e07 103b842ed1164671a33fe42bf111b05e edae0e36256f4682b818cdb5641e8393 - - default default] Unable to schedule network 9aa4cda5-f34f-4c5c-b416-782176d59e17: no agents available; will retry on subsequent port and subnet creation events.
2026-04-23 11:37:43.502 10 INFO neutron.wsgi [None req-237f38a3-d97f-424f-b7f0-85cd3f7773a5 b159b8db27cf48a3837b3a315a0fb0d7 bd369d7649d54c95abb112c887b95824 - - default default] 10.0.0.124 "POST /v2.0/networks HTTP/1.1" status: 201 len: 831 time: 1.0166671
2026-04-23 11:37:43.567 10 INFO neutron.db.ovn_revision_numbers_db [None req-3825452b-28f7-4e0c-8b12-4a4891f98e07 103b842ed1164671a33fe42bf111b05e edae0e36256f4682b818cdb5641e8393 - - default default] Successfully bumped revision number for resource f8f2bfb3-3056-4cd0-9f21-97d6614c285a (type: ports) to 1
2026-04-23 11:37:43.587 9 INFO neutron.wsgi [None req-a6ea3e21-81c9-40a6-93fb-5572c50e45c3 ae1187e73078411eb896d49658edb70c 756d84a5f6cd424684114c173e335490 - - default default] 10.0.0.124 "DELETE /v2.0/subnets/808c7370-cb1f-494f-95f3-9c6b3c0b9010 HTTP/1.1" status: 204 len: 168 time: 0.2984171
2026-04-23 11:37:43.591 10 INFO neutron.wsgi [None req-3825452b-28f7-4e0c-8b12-4a4891f98e07 103b842ed1164671a33fe42bf111b05e edae0e36256f4682b818cdb5641e8393 - - default default] 10.0.0.124 "POST /v2.0/networks HTTP/1.1" status: 201 len: 831 time: 0.8578944
2026-04-23 11:37:43.864 10 WARNING neutron.scheduler.dhcp_agent_scheduler [None req-ea22a6e3-3b15-4f95-bc04-5b48817d7d0e 103b842ed1164671a33fe42bf111b05e edae0e36256f4682b818cdb5641e8393 - - default default] No more DHCP agents
2026-04-23 11:37:43.868 10 WARNING neutron.api.rpc.agentnotifiers.dhcp_rpc_agent_api [None req-ea22a6e3-3b15-4f95-bc04-5b48817d7d0e 103b842ed1164671a33fe42bf111b05e edae0e36256f4682b818cdb5641e8393 - - default default] Unable to schedule network 9aa4cda5-f34f-4c5c-b416-782176d59e17: no agents available; will retry on subsequent port and subnet creation events.
2026-04-23 11:37:43.898 9 WARNING neutron.scheduler.dhcp_agent_scheduler [None req-54196f29-aa76-46f5-bc36-27e475d40771 b159b8db27cf48a3837b3a315a0fb0d7 bd369d7649d54c95abb112c887b95824 - - default default] No more DHCP agents
2026-04-23 11:37:43.903 9 WARNING neutron.api.rpc.agentnotifiers.dhcp_rpc_agent_api [None req-54196f29-aa76-46f5-bc36-27e475d40771 b159b8db27cf48a3837b3a315a0fb0d7 bd369d7649d54c95abb112c887b95824 - - default default] Unable to schedule network e6e974c9-8dd7-45f7-9b9a-54ab86701644: no agents available; will retry on subsequent port and subnet creation events. /var/lib/openstack/lib/python3.10/site-packages/pycadf/identifier.py:71: UserWarning: Invalid uuid: neutron. To ensure interoperability, identifiers should be a valid uuid. warnings.warn(('Invalid uuid: %s. To ensure interoperability, '
2026-04-23 11:37:43.959 10 INFO neutron.db.ovn_revision_numbers_db [None req-ea22a6e3-3b15-4f95-bc04-5b48817d7d0e 103b842ed1164671a33fe42bf111b05e edae0e36256f4682b818cdb5641e8393 - - default default] Successfully bumped revision number for resource 4f6fc226-d7e3-4394-95fd-32ef14eebec6 (type: ports) to 1
2026-04-23 11:37:43.989 10 INFO neutron.wsgi [None req-ea22a6e3-3b15-4f95-bc04-5b48817d7d0e 103b842ed1164671a33fe42bf111b05e edae0e36256f4682b818cdb5641e8393 - - default default] 10.0.0.124 "POST /v2.0/ports HTTP/1.1" status: 201 len: 942 time: 0.3936760 /var/lib/openstack/lib/python3.10/site-packages/pycadf/identifier.py:71: UserWarning: Invalid uuid: neutron. To ensure interoperability, identifiers should be a valid uuid. warnings.warn(('Invalid uuid: %s. To ensure interoperability, '
2026-04-23 11:37:44.076 10 INFO neutron.db.ovn_revision_numbers_db [None req-73045b60-bfe3-43ec-9b8d-b6254569a111 067f5a553dfd438a813dc16ae3d5a7ec 10db2107c8a9471da569a846fcbd6cca - - default default] Successfully bumped revision number for resource 3904a31c-7e3a-421f-950c-10cc1cbe4d56 (type: security_groups) to 1
2026-04-23 11:37:44.077 9 INFO neutron.db.ovn_revision_numbers_db [None req-54196f29-aa76-46f5-bc36-27e475d40771 b159b8db27cf48a3837b3a315a0fb0d7 bd369d7649d54c95abb112c887b95824 - - default default] Successfully bumped revision number for resource d95186b0-0e09-4e24-82ae-16d17db63dbb (type: ports) to 1
2026-04-23 11:37:44.099 10 INFO neutron.db.ovn_revision_numbers_db [None req-73045b60-bfe3-43ec-9b8d-b6254569a111 067f5a553dfd438a813dc16ae3d5a7ec 10db2107c8a9471da569a846fcbd6cca - - default default] Successfully bumped revision number for resource 28ff9143-adec-4ea1-8795-d5ab84413402 (type: security_group_rules) to 0
2026-04-23 11:37:44.110 9 INFO neutron.wsgi [None req-54196f29-aa76-46f5-bc36-27e475d40771 b159b8db27cf48a3837b3a315a0fb0d7 bd369d7649d54c95abb112c887b95824 - - default default] 10.0.0.124 "POST /v2.0/ports HTTP/1.1" status: 201 len: 942 time: 0.6017141
2026-04-23 11:37:44.123 10 INFO neutron.db.ovn_revision_numbers_db [None req-73045b60-bfe3-43ec-9b8d-b6254569a111 067f5a553dfd438a813dc16ae3d5a7ec 10db2107c8a9471da569a846fcbd6cca - - default default] Successfully bumped revision number for resource 3d60f5d9-bad6-4ec5-9abc-4bc46c31351c (type: security_group_rules) to 0
2026-04-23 11:37:44.143 10 INFO neutron.db.ovn_revision_numbers_db [None req-73045b60-bfe3-43ec-9b8d-b6254569a111 067f5a553dfd438a813dc16ae3d5a7ec 10db2107c8a9471da569a846fcbd6cca - - default default] Successfully bumped revision number for resource 74d48f01-21b0-48c6-bd53-1d5e2b0734bc (type: security_group_rules) to 0
2026-04-23 11:37:44.159 10 INFO neutron.db.ovn_revision_numbers_db [None req-73045b60-bfe3-43ec-9b8d-b6254569a111 067f5a553dfd438a813dc16ae3d5a7ec 10db2107c8a9471da569a846fcbd6cca - - default default] Successfully bumped revision number for resource e1b9c010-a58b-41de-8cf5-5049195bb537 (type: security_group_rules) to 0
2026-04-23 11:37:44.170 9 INFO neutron.services.segments.plugin [-] Segment 2db6ea5b-eb70-4e5c-95db-88bde215ef90 resource provider aggregate not found
2026-04-23 11:37:44.175 9 INFO neutron.db.segments_db [None req-5d991531-abcc-4d42-af5f-7ef7ba4d21d6 103b842ed1164671a33fe42bf111b05e edae0e36256f4682b818cdb5641e8393 - - default default] Added segment 9231be3a-3005-406c-9402-c7c36db2a005 of type geneve for network 54bd7b15-9c0c-4fd8-ab0b-7b37ad8edfa9
2026-04-23 11:37:44.178 9 INFO neutron.services.segments.plugin [-] Segment 2db6ea5b-eb70-4e5c-95db-88bde215ef90 resource provider aggregate not found
2026-04-23 11:37:44.181 10 INFO neutron.wsgi [None req-73045b60-bfe3-43ec-9b8d-b6254569a111 067f5a553dfd438a813dc16ae3d5a7ec 10db2107c8a9471da569a846fcbd6cca - - default default] 10.0.0.124 "GET /v2.0/security-groups?tenant_id=baa85ecd91d14d05b4dfb59fecacd4dd&name=default HTTP/1.1" status: 200 len: 2996 time: 0.3966556
2026-04-23 11:37:44.203 9 INFO neutron.services.segments.plugin [-] Segment 2db6ea5b-eb70-4e5c-95db-88bde215ef90 resource provider not found; error: Placement Client Error (4xx): {"errors": [{"status": 404, "title": "Not Found", "detail": "The resource could not be found.\n\n No resource provider with uuid 2db6ea5b-eb70-4e5c-95db-88bde215ef90 found for delete ", "request_id": "req-018f3cae-277d-4b9a-95e1-830005a4adb0"}]}
2026-04-23 11:37:44.204 9 INFO neutron.services.segments.plugin [-] Segment 2db6ea5b-eb70-4e5c-95db-88bde215ef90 resource provider not found; error: Placement Client Error (4xx): {"errors": [{"status": 404, "title": "Not Found", "detail": "The resource could not be found.\n\n No resource provider with uuid 2db6ea5b-eb70-4e5c-95db-88bde215ef90 found for delete ", "request_id": "req-60260135-ad32-49bc-a176-b94ee132ed38"}]}
2026-04-23 11:37:44.260 9 INFO neutron.wsgi [None req-36e14e29-f14b-4cbd-9264-ee93a499616d ae1187e73078411eb896d49658edb70c 756d84a5f6cd424684114c173e335490 - - default default] 10.0.0.124 "DELETE /v2.0/networks/169c0a03-6514-4f8f-87cc-9640a9fea717 HTTP/1.1" status: 204 len: 168 time: 0.6670785
2026-04-23 11:37:44.392 10 INFO neutron.wsgi [None req-8da5b011-ce87-493c-91ea-477491407394 067f5a553dfd438a813dc16ae3d5a7ec 10db2107c8a9471da569a846fcbd6cca - - default default] 10.0.0.124 "DELETE /v2.0/security-groups/3904a31c-7e3a-421f-950c-10cc1cbe4d56 HTTP/1.1" status: 204 len: 168 time: 0.2047019
2026-04-23 11:37:44.636 9 INFO neutron.db.ovn_revision_numbers_db [None req-5d991531-abcc-4d42-af5f-7ef7ba4d21d6 103b842ed1164671a33fe42bf111b05e edae0e36256f4682b818cdb5641e8393 - - default default] Successfully bumped revision number for resource 54bd7b15-9c0c-4fd8-ab0b-7b37ad8edfa9 (type: networks) to 1
2026-04-23 11:37:44.703 9 INFO neutron.wsgi [None req-e5c1507b-2cda-40a8-a6af-f468e742d120 b159b8db27cf48a3837b3a315a0fb0d7 bd369d7649d54c95abb112c887b95824 - - default default] 10.0.0.124 "POST /v2.0/trunks HTTP/1.1" status: 201 len: 608 time: 0.5868363
2026-04-23 11:37:44.802 10 INFO neutron.db.segments_db [None req-cbd5980d-0afe-48d9-a6ec-2b749a8530b6 b159b8db27cf48a3837b3a315a0fb0d7 bd369d7649d54c95abb112c887b95824 - - default default] Added segment 12edb93f-9bbe-47d4-bcfe-01f42cfb2843 of type geneve for network 5d50f658-5871-494c-a953-c2d0b3f9b54b
2026-04-23 11:37:44.853 9 WARNING neutron.scheduler.dhcp_agent_scheduler [None req-5d991531-abcc-4d42-af5f-7ef7ba4d21d6 103b842ed1164671a33fe42bf111b05e edae0e36256f4682b818cdb5641e8393 - - default default] No more DHCP agents
2026-04-23 11:37:44.854 9 WARNING neutron.api.rpc.agentnotifiers.dhcp_rpc_agent_api [None req-5d991531-abcc-4d42-af5f-7ef7ba4d21d6 103b842ed1164671a33fe42bf111b05e edae0e36256f4682b818cdb5641e8393 - - default default] Unable to schedule network 54bd7b15-9c0c-4fd8-ab0b-7b37ad8edfa9: no agents available; will retry on subsequent port and subnet creation events.
2026-04-23 11:37:44.943 9 INFO neutron.db.ovn_revision_numbers_db [None req-5d991531-abcc-4d42-af5f-7ef7ba4d21d6 103b842ed1164671a33fe42bf111b05e edae0e36256f4682b818cdb5641e8393 - - default default] Successfully bumped revision number for resource e96a7218-f74a-4bad-ae83-e8acde863e7b (type: ports) to 1
2026-04-23 11:37:44.973 9 INFO neutron.wsgi [None req-5d991531-abcc-4d42-af5f-7ef7ba4d21d6 103b842ed1164671a33fe42bf111b05e edae0e36256f4682b818cdb5641e8393 - - default default] 10.0.0.124 "POST /v2.0/networks HTTP/1.1" status: 201 len: 831 time: 0.9787891
2026-04-23 11:37:44.986 10 INFO neutron.db.ovn_revision_numbers_db [None req-cbd5980d-0afe-48d9-a6ec-2b749a8530b6 b159b8db27cf48a3837b3a315a0fb0d7 bd369d7649d54c95abb112c887b95824 - - default default] Successfully bumped revision number for resource 5d50f658-5871-494c-a953-c2d0b3f9b54b (type: networks) to 1
2026-04-23 11:37:45.238 9 INFO neutron.db.ovn_revision_numbers_db [None req-a037704c-52d1-4e69-9895-137bc6f53a2b 067f5a553dfd438a813dc16ae3d5a7ec 10db2107c8a9471da569a846fcbd6cca - - default default] Successfully bumped revision number for resource 6ec81861-5cb1-4075-a629-742eb9b802c4 (type: security_groups) to 1
2026-04-23 11:37:45.260 9 INFO neutron.db.ovn_revision_numbers_db [None req-a037704c-52d1-4e69-9895-137bc6f53a2b 067f5a553dfd438a813dc16ae3d5a7ec 10db2107c8a9471da569a846fcbd6cca - - default default] Successfully bumped revision number for resource 02567e5c-c6a3-42fa-8838-c077f6481387 (type: security_group_rules) to 0
2026-04-23 11:37:45.272 10 WARNING neutron.scheduler.dhcp_agent_scheduler [None req-cbd5980d-0afe-48d9-a6ec-2b749a8530b6 b159b8db27cf48a3837b3a315a0fb0d7 bd369d7649d54c95abb112c887b95824 - - default default] No more DHCP agents
2026-04-23 11:37:45.279 10 WARNING neutron.api.rpc.agentnotifiers.dhcp_rpc_agent_api [None req-cbd5980d-0afe-48d9-a6ec-2b749a8530b6 b159b8db27cf48a3837b3a315a0fb0d7 bd369d7649d54c95abb112c887b95824 - - default default] Unable to schedule network 5d50f658-5871-494c-a953-c2d0b3f9b54b: no agents available; will retry on subsequent port and subnet creation events.
2026-04-23 11:37:45.280 9 INFO neutron.db.ovn_revision_numbers_db [None req-a037704c-52d1-4e69-9895-137bc6f53a2b 067f5a553dfd438a813dc16ae3d5a7ec 10db2107c8a9471da569a846fcbd6cca - - default default] Successfully bumped revision number for resource 0f69b491-d675-425c-80a5-52054f7e37cf (type: security_group_rules) to 0
2026-04-23 11:37:45.312 9 INFO neutron.db.ovn_revision_numbers_db [None req-a037704c-52d1-4e69-9895-137bc6f53a2b 067f5a553dfd438a813dc16ae3d5a7ec 10db2107c8a9471da569a846fcbd6cca - - default default] Successfully bumped revision number for resource 20e31429-395b-4be1-87fc-e4d463f2a771 (type: security_group_rules) to 0
2026-04-23 11:37:45.335 9 INFO neutron.db.ovn_revision_numbers_db [None req-a037704c-52d1-4e69-9895-137bc6f53a2b 067f5a553dfd438a813dc16ae3d5a7ec 10db2107c8a9471da569a846fcbd6cca - - default default] Successfully bumped revision number for resource 49b9caba-4acb-494a-8bef-1b1523c7ed4d (type: security_group_rules) to 0
2026-04-23 11:37:45.361 9 INFO neutron.wsgi [None req-a037704c-52d1-4e69-9895-137bc6f53a2b 067f5a553dfd438a813dc16ae3d5a7ec 10db2107c8a9471da569a846fcbd6cca - - default default] 10.0.0.124 "GET /v2.0/security-groups?tenant_id=2b008551e64e4f71ab3e7846433f5387&name=default HTTP/1.1" status: 200 len: 2996 time: 0.3727047
2026-04-23 11:37:45.418 10 WARNING neutron.scheduler.dhcp_agent_scheduler [None req-f909f70d-f566-48c9-b68d-dcff2abf5667 103b842ed1164671a33fe42bf111b05e edae0e36256f4682b818cdb5641e8393 - - default default] No more DHCP agents
2026-04-23 11:37:45.421 10 WARNING neutron.api.rpc.agentnotifiers.dhcp_rpc_agent_api [None req-f909f70d-f566-48c9-b68d-dcff2abf5667 103b842ed1164671a33fe42bf111b05e edae0e36256f4682b818cdb5641e8393 - - default default] Unable to schedule network 54bd7b15-9c0c-4fd8-ab0b-7b37ad8edfa9: no agents available; will retry on subsequent port and subnet creation events.
2026-04-23 11:37:45.469 10 INFO neutron.db.ovn_revision_numbers_db [None req-cbd5980d-0afe-48d9-a6ec-2b749a8530b6 b159b8db27cf48a3837b3a315a0fb0d7 bd369d7649d54c95abb112c887b95824 - - default default] Successfully bumped revision number for resource 8245aa85-f855-4f3c-9151-ed02f7808269 (type: ports) to 1
2026-04-23 11:37:45.508 10 INFO neutron.wsgi [None req-cbd5980d-0afe-48d9-a6ec-2b749a8530b6 b159b8db27cf48a3837b3a315a0fb0d7 bd369d7649d54c95abb112c887b95824 - - default default] 10.0.0.124 "POST /v2.0/networks HTTP/1.1" status: 201 len: 831 time: 0.7999046 /var/lib/openstack/lib/python3.10/site-packages/pycadf/identifier.py:71: UserWarning: Invalid uuid: neutron. To ensure interoperability, identifiers should be a valid uuid. warnings.warn(('Invalid uuid: %s. To ensure interoperability, '
2026-04-23 11:37:45.536 10 INFO neutron.db.ovn_revision_numbers_db [None req-f909f70d-f566-48c9-b68d-dcff2abf5667 103b842ed1164671a33fe42bf111b05e edae0e36256f4682b818cdb5641e8393 - - default default] Successfully bumped revision number for resource 4b5eb5de-5f45-41f8-8127-c9c8a953dd8a (type: ports) to 1
2026-04-23 11:37:45.577 10 INFO neutron.wsgi [None req-f909f70d-f566-48c9-b68d-dcff2abf5667 103b842ed1164671a33fe42bf111b05e edae0e36256f4682b818cdb5641e8393 - - default default] 10.0.0.124 "POST /v2.0/ports HTTP/1.1" status: 201 len: 942 time: 0.6002910
