Feb 24 01:23:25.062483 np0000156682 nova-scheduler[108489]: DEBUG cotyledon.oslo_config_glue [-] vnc.auth_schemes = ['none'] {{(pid=108489) log_opt_values /opt/stack/data/venv/lib/python3.12/site-packages/oslo_config/cfg.py:3006}}
Feb 24 01:23:25.062590 np0000156682 nova-scheduler[108489]: DEBUG cotyledon.oslo_config_glue [-] vnc.enabled = True {{(pid=108489) log_opt_values /opt/stack/data/venv/lib/python3.12/site-packages/oslo_config/cfg.py:3006}}
Feb 24 01:23:25.062590 np0000156682 nova-scheduler[108489]: DEBUG cotyledon.oslo_config_glue [-] vnc.novncproxy_base_url = http://127.0.0.1:6080/vnc_auto.html {{(pid=108489) log_opt_values /opt/stack/data/venv/lib/python3.12/site-packages/oslo_config/cfg.py:3006}}
Feb 24 01:23:25.062654 np0000156682 nova-scheduler[108489]: DEBUG cotyledon.oslo_config_glue [-] vnc.novncproxy_host = 0.0.0.0 {{(pid=108489) log_opt_values /opt/stack/data/venv/lib/python3.12/site-packages/oslo_config/cfg.py:3006}}
Feb 24 01:23:25.062690 np0000156682 nova-scheduler[108489]: DEBUG cotyledon.oslo_config_glue [-] vnc.novncproxy_port = 6080 {{(pid=108489) log_opt_values /opt/stack/data/venv/lib/python3.12/site-packages/oslo_config/cfg.py:3006}}
Feb 24 01:23:25.062725 np0000156682 nova-scheduler[108489]: DEBUG cotyledon.oslo_config_glue [-] vnc.server_listen = 127.0.0.1 {{(pid=108489) log_opt_values /opt/stack/data/venv/lib/python3.12/site-packages/oslo_config/cfg.py:3006}}
Feb 24 01:23:25.062779 np0000156682 nova-scheduler[108489]: DEBUG cotyledon.oslo_config_glue [-] vnc.server_proxyclient_address = 127.0.0.1 {{(pid=108489) log_opt_values /opt/stack/data/venv/lib/python3.12/site-packages/oslo_config/cfg.py:3006}}
Feb 24 01:23:25.062832 np0000156682 nova-scheduler[108489]: DEBUG cotyledon.oslo_config_glue [-] vnc.vencrypt_ca_certs = None {{(pid=108489) log_opt_values /opt/stack/data/venv/lib/python3.12/site-packages/oslo_config/cfg.py:3006}}
Feb 24 01:23:25.062876 np0000156682 nova-scheduler[108489]: DEBUG cotyledon.oslo_config_glue [-] vnc.vencrypt_client_cert = None {{(pid=108489) log_opt_values /opt/stack/data/venv/lib/python3.12/site-packages/oslo_config/cfg.py:3006}}
Feb 24 01:23:25.062913 np0000156682 nova-scheduler[108489]: DEBUG cotyledon.oslo_config_glue [-] vnc.vencrypt_client_key = None {{(pid=108489) log_opt_values /opt/stack/data/venv/lib/python3.12/site-packages/oslo_config/cfg.py:3006}}
Feb 24 01:23:25.062967 np0000156682 nova-scheduler[108489]: DEBUG cotyledon.oslo_config_glue [-] workarounds.disable_compute_service_check_for_ffu = False {{(pid=108489) log_opt_values /opt/stack/data/venv/lib/python3.12/site-packages/oslo_config/cfg.py:3006}}
Feb 24 01:23:25.063010 np0000156682 nova-scheduler[108489]: DEBUG cotyledon.oslo_config_glue [-] workarounds.disable_deep_image_inspection = False {{(pid=108489) log_opt_values /opt/stack/data/venv/lib/python3.12/site-packages/oslo_config/cfg.py:3006}}
Feb 24 01:23:25.063197 np0000156682 nova-scheduler[108489]: DEBUG cotyledon.oslo_config_glue [-] workarounds.disable_fallback_pcpu_query = False {{(pid=108489) log_opt_values /opt/stack/data/venv/lib/python3.12/site-packages/oslo_config/cfg.py:3006}}
Feb 24 01:23:25.063238 np0000156682 nova-scheduler[108489]: DEBUG cotyledon.oslo_config_glue [-] workarounds.disable_group_policy_check_upcall = False {{(pid=108489) log_opt_values /opt/stack/data/venv/lib/python3.12/site-packages/oslo_config/cfg.py:3006}}
Feb 24 01:23:25.063284 np0000156682 nova-scheduler[108489]: DEBUG cotyledon.oslo_config_glue [-] workarounds.disable_libvirt_livesnapshot = False {{(pid=108489) log_opt_values /opt/stack/data/venv/lib/python3.12/site-packages/oslo_config/cfg.py:3006}}
Feb 24 01:23:25.063316 np0000156682 nova-scheduler[108489]: DEBUG cotyledon.oslo_config_glue [-] workarounds.disable_rootwrap = False {{(pid=108489) log_opt_values /opt/stack/data/venv/lib/python3.12/site-packages/oslo_config/cfg.py:3006}}
Feb 24 01:23:25.063358 np0000156682 nova-scheduler[108489]: DEBUG cotyledon.oslo_config_glue [-] workarounds.enable_numa_live_migration = False {{(pid=108489) log_opt_values /opt/stack/data/venv/lib/python3.12/site-packages/oslo_config/cfg.py:3006}}
Feb 24 01:23:25.063396 np0000156682 nova-scheduler[108489]: DEBUG cotyledon.oslo_config_glue [-] workarounds.enable_qemu_monitor_announce_self = False {{(pid=108489) log_opt_values /opt/stack/data/venv/lib/python3.12/site-packages/oslo_config/cfg.py:3006}}
Feb 24 01:23:25.063438 np0000156682 nova-scheduler[108489]: DEBUG cotyledon.oslo_config_glue [-] workarounds.ensure_libvirt_rbd_instance_dir_cleanup = False {{(pid=108489) log_opt_values /opt/stack/data/venv/lib/python3.12/site-packages/oslo_config/cfg.py:3006}}
Feb 24 01:23:25.063480 np0000156682 nova-scheduler[108489]: DEBUG cotyledon.oslo_config_glue [-] workarounds.handle_virt_lifecycle_events = True {{(pid=108489) log_opt_values /opt/stack/data/venv/lib/python3.12/site-packages/oslo_config/cfg.py:3006}}
Feb 24 01:23:25.063552 np0000156682 nova-scheduler[108489]: DEBUG cotyledon.oslo_config_glue [-] workarounds.libvirt_disable_apic = False {{(pid=108489) log_opt_values /opt/stack/data/venv/lib/python3.12/site-packages/oslo_config/cfg.py:3006}}
Feb 24 01:23:25.063589 np0000156682 nova-scheduler[108489]: DEBUG cotyledon.oslo_config_glue [-] workarounds.never_download_image_if_on_rbd = False {{(pid=108489) log_opt_values /opt/stack/data/venv/lib/python3.12/site-packages/oslo_config/cfg.py:3006}}
Feb 24 01:23:25.063638 np0000156682 nova-scheduler[108489]: DEBUG cotyledon.oslo_config_glue [-] workarounds.qemu_monitor_announce_self_count = 3 {{(pid=108489) log_opt_values /opt/stack/data/venv/lib/python3.12/site-packages/oslo_config/cfg.py:3006}}
Feb 24 01:23:25.063677 np0000156682 nova-scheduler[108489]: DEBUG cotyledon.oslo_config_glue [-] workarounds.qemu_monitor_announce_self_interval = 1 {{(pid=108489) log_opt_values /opt/stack/data/venv/lib/python3.12/site-packages/oslo_config/cfg.py:3006}}
Feb 24 01:23:25.063727 np0000156682 nova-scheduler[108489]: DEBUG cotyledon.oslo_config_glue [-] workarounds.reserve_disk_resource_for_image_cache = False {{(pid=108489) log_opt_values /opt/stack/data/venv/lib/python3.12/site-packages/oslo_config/cfg.py:3006}}
Feb 24 01:23:25.063800 np0000156682 nova-scheduler[108489]: DEBUG cotyledon.oslo_config_glue [-] workarounds.skip_cpu_compare_at_startup = False {{(pid=108489) log_opt_values /opt/stack/data/venv/lib/python3.12/site-packages/oslo_config/cfg.py:3006}}
Feb 24 01:23:25.063852 np0000156682 nova-scheduler[108489]: DEBUG cotyledon.oslo_config_glue [-] workarounds.skip_cpu_compare_on_dest = False {{(pid=108489) log_opt_values /opt/stack/data/venv/lib/python3.12/site-packages/oslo_config/cfg.py:3006}}
Feb 24 01:23:25.063896 np0000156682 nova-scheduler[108489]: DEBUG cotyledon.oslo_config_glue [-] workarounds.skip_hypervisor_version_check_on_lm = False {{(pid=108489) log_opt_values /opt/stack/data/venv/lib/python3.12/site-packages/oslo_config/cfg.py:3006}}
Feb 24 01:23:25.063930 np0000156682 nova-scheduler[108489]: DEBUG cotyledon.oslo_config_glue [-] workarounds.skip_reserve_in_use_ironic_nodes = False {{(pid=108489) log_opt_values /opt/stack/data/venv/lib/python3.12/site-packages/oslo_config/cfg.py:3006}}
Feb 24 01:23:25.063977 np0000156682 nova-scheduler[108489]: DEBUG cotyledon.oslo_config_glue [-] workarounds.unified_limits_count_pcpu_as_vcpu = False {{(pid=108489) log_opt_values /opt/stack/data/venv/lib/python3.12/site-packages/oslo_config/cfg.py:3006}}
Feb 24 01:23:25.064020 np0000156682 nova-scheduler[108489]: DEBUG cotyledon.oslo_config_glue [-] workarounds.wait_for_vif_plugged_event_during_hard_reboot = [] {{(pid=108489) log_opt_values /opt/stack/data/venv/lib/python3.12/site-packages/oslo_config/cfg.py:3006}}
Feb 24 01:23:25.064097 np0000156682 nova-scheduler[108489]: DEBUG cotyledon.oslo_config_glue [-] wsgi.api_paste_config = /etc/nova/api-paste.ini {{(pid=108489) log_opt_values /opt/stack/data/venv/lib/python3.12/site-packages/oslo_config/cfg.py:3006}}
Feb 24 01:23:25.064168 np0000156682 nova-scheduler[108489]: DEBUG cotyledon.oslo_config_glue [-] wsgi.secure_proxy_ssl_header = None {{(pid=108489) log_opt_values /opt/stack/data/venv/lib/python3.12/site-packages/oslo_config/cfg.py:3006}}
Feb 24 01:23:25.064220 np0000156682 nova-scheduler[108489]: DEBUG cotyledon.oslo_config_glue [-] zvm.ca_file = None {{(pid=108489) log_opt_values /opt/stack/data/venv/lib/python3.12/site-packages/oslo_config/cfg.py:3006}}
Feb 24 01:23:25.064264 np0000156682 nova-scheduler[108489]: DEBUG cotyledon.oslo_config_glue [-] zvm.cloud_connector_url = None {{(pid=108489) log_opt_values /opt/stack/data/venv/lib/python3.12/site-packages/oslo_config/cfg.py:3006}}
Feb 24 01:23:25.064308 np0000156682 nova-scheduler[108489]: DEBUG cotyledon.oslo_config_glue [-] zvm.image_tmp_path = /opt/stack/data/nova/images {{(pid=108489) log_opt_values /opt/stack/data/venv/lib/python3.12/site-packages/oslo_config/cfg.py:3006}}
Feb 24 01:23:25.064352 np0000156682 nova-scheduler[108489]: DEBUG cotyledon.oslo_config_glue [-] zvm.reachable_timeout = 300 {{(pid=108489) log_opt_values /opt/stack/data/venv/lib/python3.12/site-packages/oslo_config/cfg.py:3006}}
Feb 24 01:23:25.064418 np0000156682 nova-scheduler[108489]: DEBUG cotyledon.oslo_config_glue [-] oslo_versionedobjects.fatal_exception_format_errors = False {{(pid=108489) log_opt_values /opt/stack/data/venv/lib/python3.12/site-packages/oslo_config/cfg.py:3006}}
Feb 24 01:23:25.064489 np0000156682 nova-scheduler[108489]: DEBUG cotyledon.oslo_config_glue [-] oslo_middleware.http_basic_auth_user_file = /etc/htpasswd {{(pid=108489) log_opt_values /opt/stack/data/venv/lib/python3.12/site-packages/oslo_config/cfg.py:3006}}
Feb 24 01:23:25.064564 np0000156682 nova-scheduler[108489]: DEBUG cotyledon.oslo_config_glue [-] oslo_messaging_metrics.metrics_buffer_size = 1000 {{(pid=108489) log_opt_values /opt/stack/data/venv/lib/python3.12/site-packages/oslo_config/cfg.py:3006}}
Feb 24 01:23:25.064624 np0000156682 nova-scheduler[108489]: DEBUG cotyledon.oslo_config_glue [-] oslo_messaging_metrics.metrics_enabled = False {{(pid=108489) log_opt_values /opt/stack/data/venv/lib/python3.12/site-packages/oslo_config/cfg.py:3006}}
Feb 24 01:23:25.064667 np0000156682 nova-scheduler[108489]: DEBUG cotyledon.oslo_config_glue [-] oslo_messaging_metrics.metrics_process_name = {{(pid=108489) log_opt_values /opt/stack/data/venv/lib/python3.12/site-packages/oslo_config/cfg.py:3006}}
Feb 24 01:23:25.064738 np0000156682 nova-scheduler[108489]: DEBUG cotyledon.oslo_config_glue [-] oslo_messaging_metrics.metrics_socket_file = /var/tmp/metrics_collector.sock {{(pid=108489) log_opt_values /opt/stack/data/venv/lib/python3.12/site-packages/oslo_config/cfg.py:3006}}
Feb 24 01:23:25.064787 np0000156682 nova-scheduler[108489]: DEBUG cotyledon.oslo_config_glue [-] oslo_messaging_metrics.metrics_thread_stop_timeout = 10 {{(pid=108489) log_opt_values /opt/stack/data/venv/lib/python3.12/site-packages/oslo_config/cfg.py:3006}}
Feb 24 01:23:25.064870 np0000156682 nova-scheduler[108489]: DEBUG cotyledon.oslo_config_glue [-] profiler.connection_string = messaging:// {{(pid=108489) log_opt_values /opt/stack/data/venv/lib/python3.12/site-packages/oslo_config/cfg.py:3006}}
Feb 24 01:23:25.064928 np0000156682 nova-scheduler[108489]: DEBUG cotyledon.oslo_config_glue [-] profiler.enabled = False {{(pid=108489) log_opt_values /opt/stack/data/venv/lib/python3.12/site-packages/oslo_config/cfg.py:3006}}
Feb 24 01:23:25.064970 np0000156682 nova-scheduler[108489]: DEBUG cotyledon.oslo_config_glue [-] profiler.es_doc_type = notification {{(pid=108489) log_opt_values /opt/stack/data/venv/lib/python3.12/site-packages/oslo_config/cfg.py:3006}}
Feb 24 01:23:25.065134 np0000156682 nova-scheduler[108489]: DEBUG cotyledon.oslo_config_glue [-] profiler.es_scroll_size = 10000 {{(pid=108489) log_opt_values /opt/stack/data/venv/lib/python3.12/site-packages/oslo_config/cfg.py:3006}}
Feb 24 01:23:25.065232 np0000156682 nova-scheduler[108489]: DEBUG cotyledon.oslo_config_glue [-] profiler.es_scroll_time = 2m {{(pid=108489) log_opt_values /opt/stack/data/venv/lib/python3.12/site-packages/oslo_config/cfg.py:3006}}
Feb 24 01:23:25.065369 np0000156682 nova-scheduler[108489]: DEBUG cotyledon.oslo_config_glue [-] profiler.filter_error_trace = False {{(pid=108489) log_opt_values /opt/stack/data/venv/lib/python3.12/site-packages/oslo_config/cfg.py:3006}}
Feb 24 01:23:25.065459 np0000156682 nova-scheduler[108489]: DEBUG cotyledon.oslo_config_glue [-] profiler.hmac_keys = **** {{(pid=108489) log_opt_values /opt/stack/data/venv/lib/python3.12/site-packages/oslo_config/cfg.py:3006}}
Feb 24 01:23:25.065554 np0000156682 nova-scheduler[108489]: DEBUG cotyledon.oslo_config_glue [-] profiler.sentinel_service_name = mymaster {{(pid=108489) log_opt_values /opt/stack/data/venv/lib/python3.12/site-packages/oslo_config/cfg.py:3006}}
Feb 24 01:23:25.065642 np0000156682 nova-scheduler[108489]: DEBUG cotyledon.oslo_config_glue [-] profiler.socket_timeout = 0.1 {{(pid=108489) log_opt_values /opt/stack/data/venv/lib/python3.12/site-packages/oslo_config/cfg.py:3006}}
Feb 24 01:23:25.065729 np0000156682 nova-scheduler[108489]: DEBUG cotyledon.oslo_config_glue [-] profiler.trace_requests = False {{(pid=108489) log_opt_values /opt/stack/data/venv/lib/python3.12/site-packages/oslo_config/cfg.py:3006}}
Feb 24 01:23:25.065773 np0000156682 nova-scheduler[108489]: DEBUG cotyledon.oslo_config_glue [-] profiler.trace_sqlalchemy = False {{(pid=108489) log_opt_values /opt/stack/data/venv/lib/python3.12/site-packages/oslo_config/cfg.py:3006}}
Feb 24 01:23:25.065843 np0000156682 nova-scheduler[108489]: DEBUG cotyledon.oslo_config_glue [-] profiler_jaeger.process_tags = {} {{(pid=108489) log_opt_values /opt/stack/data/venv/lib/python3.12/site-packages/oslo_config/cfg.py:3006}}
Feb 24 01:23:25.065885 np0000156682 nova-scheduler[108489]: DEBUG cotyledon.oslo_config_glue [-] profiler_jaeger.service_name_prefix = None {{(pid=108489) log_opt_values /opt/stack/data/venv/lib/python3.12/site-packages/oslo_config/cfg.py:3006}}
Feb 24 01:23:25.065946 np0000156682 nova-scheduler[108489]: DEBUG cotyledon.oslo_config_glue [-] profiler_otlp.service_name_prefix = None {{(pid=108489) log_opt_values /opt/stack/data/venv/lib/python3.12/site-packages/oslo_config/cfg.py:3006}}
Feb 24 01:23:25.066041 np0000156682 nova-scheduler[108489]: DEBUG cotyledon.oslo_config_glue [-] oslo_messaging_rabbit.amqp_auto_delete = False {{(pid=108489) log_opt_values /opt/stack/data/venv/lib/python3.12/site-packages/oslo_config/cfg.py:3006}}
Feb 24 01:23:25.066110 np0000156682 nova-scheduler[108489]: DEBUG cotyledon.oslo_config_glue [-] oslo_messaging_rabbit.amqp_durable_queues = False {{(pid=108489) log_opt_values /opt/stack/data/venv/lib/python3.12/site-packages/oslo_config/cfg.py:3006}}
Feb 24 01:23:25.066179 np0000156682 nova-scheduler[108489]: DEBUG cotyledon.oslo_config_glue [-] oslo_messaging_rabbit.conn_pool_min_size = 2 {{(pid=108489) log_opt_values /opt/stack/data/venv/lib/python3.12/site-packages/oslo_config/cfg.py:3006}}
Feb 24 01:23:25.066246 np0000156682 nova-scheduler[108489]: DEBUG cotyledon.oslo_config_glue [-] oslo_messaging_rabbit.conn_pool_ttl = 1200 {{(pid=108489) log_opt_values /opt/stack/data/venv/lib/python3.12/site-packages/oslo_config/cfg.py:3006}}
Feb 24 01:23:25.066605 np0000156682 nova-scheduler[108489]: DEBUG cotyledon.oslo_config_glue [-] oslo_messaging_rabbit.direct_mandatory_flag = True {{(pid=108489) log_opt_values /opt/stack/data/venv/lib/python3.12/site-packages/oslo_config/cfg.py:3006}}
Feb 24 01:23:25.066605 np0000156682 nova-scheduler[108489]: DEBUG cotyledon.oslo_config_glue [-] oslo_messaging_rabbit.enable_cancel_on_failover = False {{(pid=108489) log_opt_values /opt/stack/data/venv/lib/python3.12/site-packages/oslo_config/cfg.py:3006}}
Feb 24 01:23:25.066605 np0000156682 nova-scheduler[108489]: DEBUG cotyledon.oslo_config_glue [-] oslo_messaging_rabbit.heartbeat_in_pthread = False {{(pid=108489) log_opt_values /opt/stack/data/venv/lib/python3.12/site-packages/oslo_config/cfg.py:3006}}
Feb 24 01:23:25.066605 np0000156682 nova-scheduler[108489]: DEBUG cotyledon.oslo_config_glue [-] oslo_messaging_rabbit.heartbeat_rate = 3 {{(pid=108489) log_opt_values /opt/stack/data/venv/lib/python3.12/site-packages/oslo_config/cfg.py:3006}}
Feb 24 01:23:25.066605 np0000156682 nova-scheduler[108489]: DEBUG cotyledon.oslo_config_glue [-] oslo_messaging_rabbit.heartbeat_timeout_threshold = 60 {{(pid=108489) log_opt_values /opt/stack/data/venv/lib/python3.12/site-packages/oslo_config/cfg.py:3006}}
Feb 24 01:23:25.066605 np0000156682 nova-scheduler[108489]: DEBUG cotyledon.oslo_config_glue [-] oslo_messaging_rabbit.hostname = np0000156682 {{(pid=108489) log_opt_values /opt/stack/data/venv/lib/python3.12/site-packages/oslo_config/cfg.py:3006}}
Feb 24 01:23:25.066605 np0000156682 nova-scheduler[108489]: DEBUG cotyledon.oslo_config_glue [-] oslo_messaging_rabbit.kombu_compression = None {{(pid=108489) log_opt_values /opt/stack/data/venv/lib/python3.12/site-packages/oslo_config/cfg.py:3006}}
Feb 24 01:23:25.066605 np0000156682 nova-scheduler[108489]: DEBUG cotyledon.oslo_config_glue [-] oslo_messaging_rabbit.kombu_failover_strategy = round-robin {{(pid=108489) log_opt_values /opt/stack/data/venv/lib/python3.12/site-packages/oslo_config/cfg.py:3006}}
Feb 24 01:23:25.066905 np0000156682 nova-scheduler[108489]: DEBUG cotyledon.oslo_config_glue [-] oslo_messaging_rabbit.kombu_missing_consumer_retry_timeout = 60 {{(pid=108489) log_opt_values /opt/stack/data/venv/lib/python3.12/site-packages/oslo_config/cfg.py:3006}}
Feb 24 01:23:25.066905 np0000156682 nova-scheduler[108489]: DEBUG cotyledon.oslo_config_glue [-] oslo_messaging_rabbit.kombu_reconnect_delay = 1.0 {{(pid=108489) log_opt_values /opt/stack/data/venv/lib/python3.12/site-packages/oslo_config/cfg.py:3006}}
Feb 24 01:23:25.066905 np0000156682 nova-scheduler[108489]: DEBUG cotyledon.oslo_config_glue [-] oslo_messaging_rabbit.kombu_reconnect_splay = 0.0 {{(pid=108489) log_opt_values /opt/stack/data/venv/lib/python3.12/site-packages/oslo_config/cfg.py:3006}}
Feb 24 01:23:25.066905 np0000156682 nova-scheduler[108489]: DEBUG cotyledon.oslo_config_glue [-] oslo_messaging_rabbit.processname = nova-scheduler {{(pid=108489) log_opt_values /opt/stack/data/venv/lib/python3.12/site-packages/oslo_config/cfg.py:3006}}
Feb 24 01:23:25.066905 np0000156682 nova-scheduler[108489]: DEBUG cotyledon.oslo_config_glue [-] oslo_messaging_rabbit.rabbit_ha_queues = False {{(pid=108489) log_opt_values /opt/stack/data/venv/lib/python3.12/site-packages/oslo_config/cfg.py:3006}}
Feb 24 01:23:25.066905 np0000156682 nova-scheduler[108489]: DEBUG cotyledon.oslo_config_glue [-] oslo_messaging_rabbit.rabbit_interval_max = 30 {{(pid=108489) log_opt_values /opt/stack/data/venv/lib/python3.12/site-packages/oslo_config/cfg.py:3006}}
Feb 24 01:23:25.066905 np0000156682 nova-scheduler[108489]: DEBUG cotyledon.oslo_config_glue [-] oslo_messaging_rabbit.rabbit_login_method = AMQPLAIN {{(pid=108489) log_opt_values /opt/stack/data/venv/lib/python3.12/site-packages/oslo_config/cfg.py:3006}}
Feb 24 01:23:25.067171 np0000156682 nova-scheduler[108489]: DEBUG cotyledon.oslo_config_glue [-] oslo_messaging_rabbit.rabbit_qos_prefetch_count = 0 {{(pid=108489) log_opt_values /opt/stack/data/venv/lib/python3.12/site-packages/oslo_config/cfg.py:3006}}
Feb 24 01:23:25.067171 np0000156682 nova-scheduler[108489]: DEBUG cotyledon.oslo_config_glue [-] oslo_messaging_rabbit.rabbit_quorum_delivery_limit = 0 {{(pid=108489) log_opt_values /opt/stack/data/venv/lib/python3.12/site-packages/oslo_config/cfg.py:3006}}
Feb 24 01:23:25.067171 np0000156682 nova-scheduler[108489]: DEBUG cotyledon.oslo_config_glue [-] oslo_messaging_rabbit.rabbit_quorum_max_memory_bytes = 0 {{(pid=108489) log_opt_values /opt/stack/data/venv/lib/python3.12/site-packages/oslo_config/cfg.py:3006}}
Feb 24 01:23:25.067171 np0000156682 nova-scheduler[108489]: DEBUG cotyledon.oslo_config_glue [-] oslo_messaging_rabbit.rabbit_quorum_max_memory_length = 0 {{(pid=108489) log_opt_values /opt/stack/data/venv/lib/python3.12/site-packages/oslo_config/cfg.py:3006}}
Feb 24 01:23:25.067171 np0000156682 nova-scheduler[108489]: DEBUG cotyledon.oslo_config_glue [-] oslo_messaging_rabbit.rabbit_quorum_queue = False {{(pid=108489) log_opt_values /opt/stack/data/venv/lib/python3.12/site-packages/oslo_config/cfg.py:3006}}
Feb 24 01:23:25.067171 np0000156682 nova-scheduler[108489]: DEBUG cotyledon.oslo_config_glue [-] oslo_messaging_rabbit.rabbit_retry_backoff = 2 {{(pid=108489) log_opt_values /opt/stack/data/venv/lib/python3.12/site-packages/oslo_config/cfg.py:3006}}
Feb 24 01:23:25.067371 np0000156682 nova-scheduler[108489]: DEBUG cotyledon.oslo_config_glue [-] oslo_messaging_rabbit.rabbit_retry_interval = 1 {{(pid=108489) log_opt_values /opt/stack/data/venv/lib/python3.12/site-packages/oslo_config/cfg.py:3006}}
Feb 24 01:23:25.067371 np0000156682 nova-scheduler[108489]: DEBUG cotyledon.oslo_config_glue [-] oslo_messaging_rabbit.rabbit_stream_fanout = False {{(pid=108489) log_opt_values /opt/stack/data/venv/lib/python3.12/site-packages/oslo_config/cfg.py:3006}}
Feb 24 01:23:25.067371 np0000156682 nova-scheduler[108489]: DEBUG cotyledon.oslo_config_glue [-] oslo_messaging_rabbit.rabbit_transient_queues_ttl = 1800 {{(pid=108489) log_opt_values /opt/stack/data/venv/lib/python3.12/site-packages/oslo_config/cfg.py:3006}}
Feb 24 01:23:25.067371 np0000156682 nova-scheduler[108489]: DEBUG cotyledon.oslo_config_glue [-] oslo_messaging_rabbit.rabbit_transient_quorum_queue = False {{(pid=108489) log_opt_values /opt/stack/data/venv/lib/python3.12/site-packages/oslo_config/cfg.py:3006}}
Feb 24 01:23:25.067371 np0000156682 nova-scheduler[108489]: DEBUG cotyledon.oslo_config_glue [-] oslo_messaging_rabbit.rpc_conn_pool_size = 30 {{(pid=108489) log_opt_values /opt/stack/data/venv/lib/python3.12/site-packages/oslo_config/cfg.py:3006}}
Feb 24 01:23:25.067698 np0000156682 nova-scheduler[108489]: DEBUG cotyledon.oslo_config_glue [-] oslo_messaging_rabbit.ssl = False {{(pid=108489) log_opt_values /opt/stack/data/venv/lib/python3.12/site-packages/oslo_config/cfg.py:3006}}
Feb 24 01:23:25.067698 np0000156682 nova-scheduler[108489]: DEBUG cotyledon.oslo_config_glue [-] oslo_messaging_rabbit.ssl_ca_file = {{(pid=108489) log_opt_values /opt/stack/data/venv/lib/python3.12/site-packages/oslo_config/cfg.py:3006}}
Feb 24 01:23:25.067698 np0000156682 nova-scheduler[108489]: DEBUG cotyledon.oslo_config_glue [-] oslo_messaging_rabbit.ssl_cert_file = {{(pid=108489) log_opt_values /opt/stack/data/venv/lib/python3.12/site-packages/oslo_config/cfg.py:3006}}
Feb 24 01:23:25.067698 np0000156682 nova-scheduler[108489]: DEBUG cotyledon.oslo_config_glue [-] oslo_messaging_rabbit.ssl_enforce_fips_mode = False {{(pid=108489) log_opt_values /opt/stack/data/venv/lib/python3.12/site-packages/oslo_config/cfg.py:3006}}
Feb 24 01:23:25.067698 np0000156682 nova-scheduler[108489]: DEBUG cotyledon.oslo_config_glue [-] oslo_messaging_rabbit.ssl_key_file = {{(pid=108489) log_opt_values /opt/stack/data/venv/lib/python3.12/site-packages/oslo_config/cfg.py:3006}}
Feb 24 01:23:25.067698 np0000156682 nova-scheduler[108489]: DEBUG cotyledon.oslo_config_glue [-] oslo_messaging_rabbit.ssl_version = {{(pid=108489) log_opt_values /opt/stack/data/venv/lib/python3.12/site-packages/oslo_config/cfg.py:3006}}
Feb 24 01:23:25.067698 np0000156682 nova-scheduler[108489]: DEBUG cotyledon.oslo_config_glue [-] oslo_messaging_rabbit.use_queue_manager = False {{(pid=108489) log_opt_values /opt/stack/data/venv/lib/python3.12/site-packages/oslo_config/cfg.py:3006}}
Feb 24 01:23:25.067698 np0000156682 nova-scheduler[108489]: DEBUG cotyledon.oslo_config_glue [-] oslo_messaging_notifications.driver = ['messagingv2'] {{(pid=108489) log_opt_values /opt/stack/data/venv/lib/python3.12/site-packages/oslo_config/cfg.py:3006}}
Feb 24 01:23:25.067966 np0000156682 nova-scheduler[108489]: DEBUG cotyledon.oslo_config_glue [-] oslo_messaging_notifications.retry = -1 {{(pid=108489) log_opt_values /opt/stack/data/venv/lib/python3.12/site-packages/oslo_config/cfg.py:3006}}
Feb 24 01:23:25.067966 np0000156682 nova-scheduler[108489]: DEBUG cotyledon.oslo_config_glue [-] oslo_messaging_notifications.topics = ['notifications'] {{(pid=108489) log_opt_values /opt/stack/data/venv/lib/python3.12/site-packages/oslo_config/cfg.py:3006}}
Feb 24 01:23:25.067966 np0000156682 nova-scheduler[108489]: DEBUG cotyledon.oslo_config_glue [-] oslo_messaging_notifications.transport_url = **** {{(pid=108489) log_opt_values /opt/stack/data/venv/lib/python3.12/site-packages/oslo_config/cfg.py:3006}}
Feb 24 01:23:25.067966 np0000156682 nova-scheduler[108489]: DEBUG cotyledon.oslo_config_glue [-] oslo_limit.auth_section = None {{(pid=108489) log_opt_values /opt/stack/data/venv/lib/python3.12/site-packages/oslo_config/cfg.py:3006}}
Feb 24 01:23:25.067966 np0000156682 nova-scheduler[108489]: DEBUG cotyledon.oslo_config_glue [-] oslo_limit.auth_type = None {{(pid=108489) log_opt_values /opt/stack/data/venv/lib/python3.12/site-packages/oslo_config/cfg.py:3006}}
Feb 24 01:23:25.068151 np0000156682 nova-scheduler[108489]: DEBUG cotyledon.oslo_config_glue [-] oslo_limit.cafile = None {{(pid=108489) log_opt_values /opt/stack/data/venv/lib/python3.12/site-packages/oslo_config/cfg.py:3006}}
Feb 24 01:23:25.068151 np0000156682 nova-scheduler[108489]: DEBUG cotyledon.oslo_config_glue [-] oslo_limit.certfile = None {{(pid=108489) log_opt_values /opt/stack/data/venv/lib/python3.12/site-packages/oslo_config/cfg.py:3006}}
Feb 24 01:23:25.068151 np0000156682 nova-scheduler[108489]: DEBUG cotyledon.oslo_config_glue [-] oslo_limit.collect_timing = False {{(pid=108489) log_opt_values /opt/stack/data/venv/lib/python3.12/site-packages/oslo_config/cfg.py:3006}}
Feb 24 01:23:25.068269 np0000156682 nova-scheduler[108489]: DEBUG cotyledon.oslo_config_glue [-] oslo_limit.connect_retries = None {{(pid=108489) log_opt_values /opt/stack/data/venv/lib/python3.12/site-packages/oslo_config/cfg.py:3006}}
Feb 24 01:23:25.068269 np0000156682 nova-scheduler[108489]: DEBUG cotyledon.oslo_config_glue [-] oslo_limit.connect_retry_delay = None {{(pid=108489) log_opt_values /opt/stack/data/venv/lib/python3.12/site-packages/oslo_config/cfg.py:3006}}
Feb 24 01:23:25.068338 np0000156682 nova-scheduler[108489]: DEBUG cotyledon.oslo_config_glue [-] oslo_limit.endpoint_id = None {{(pid=108489) log_opt_values /opt/stack/data/venv/lib/python3.12/site-packages/oslo_config/cfg.py:3006}}
Feb 24 01:23:25.068338 np0000156682 nova-scheduler[108489]: DEBUG cotyledon.oslo_config_glue [-] oslo_limit.endpoint_interface = public {{(pid=108489) log_opt_values /opt/stack/data/venv/lib/python3.12/site-packages/oslo_config/cfg.py:3006}}
Feb 24 01:23:25.068407 np0000156682 nova-scheduler[108489]: DEBUG cotyledon.oslo_config_glue [-] oslo_limit.endpoint_override = None {{(pid=108489) log_opt_values /opt/stack/data/venv/lib/python3.12/site-packages/oslo_config/cfg.py:3006}}
Feb 24 01:23:25.068407 np0000156682 nova-scheduler[108489]: DEBUG cotyledon.oslo_config_glue [-] oslo_limit.endpoint_region_name = None {{(pid=108489) log_opt_values /opt/stack/data/venv/lib/python3.12/site-packages/oslo_config/cfg.py:3006}}
Feb 24 01:23:25.068476 np0000156682 nova-scheduler[108489]: DEBUG cotyledon.oslo_config_glue [-] oslo_limit.endpoint_service_name = None {{(pid=108489) log_opt_values /opt/stack/data/venv/lib/python3.12/site-packages/oslo_config/cfg.py:3006}}
Feb 24 01:23:25.068515 np0000156682 nova-scheduler[108489]: DEBUG cotyledon.oslo_config_glue [-] oslo_limit.endpoint_service_type = None {{(pid=108489) log_opt_values /opt/stack/data/venv/lib/python3.12/site-packages/oslo_config/cfg.py:3006}}
Feb 24 01:23:25.068559 np0000156682 nova-scheduler[108489]: DEBUG cotyledon.oslo_config_glue [-] oslo_limit.insecure = False {{(pid=108489) log_opt_values /opt/stack/data/venv/lib/python3.12/site-packages/oslo_config/cfg.py:3006}}
Feb 24 01:23:25.068559 np0000156682 nova-scheduler[108489]: DEBUG cotyledon.oslo_config_glue [-] oslo_limit.keyfile = None {{(pid=108489) log_opt_values /opt/stack/data/venv/lib/python3.12/site-packages/oslo_config/cfg.py:3006}}
Feb 24 01:23:25.068642 np0000156682 nova-scheduler[108489]: DEBUG cotyledon.oslo_config_glue [-] oslo_limit.max_version = None {{(pid=108489) log_opt_values /opt/stack/data/venv/lib/python3.12/site-packages/oslo_config/cfg.py:3006}}
Feb 24 01:23:25.068642 np0000156682 nova-scheduler[108489]: DEBUG cotyledon.oslo_config_glue [-] oslo_limit.min_version = None {{(pid=108489) log_opt_values /opt/stack/data/venv/lib/python3.12/site-packages/oslo_config/cfg.py:3006}}
Feb 24 01:23:25.068711 np0000156682 nova-scheduler[108489]: DEBUG cotyledon.oslo_config_glue [-] oslo_limit.region_name = None {{(pid=108489) log_opt_values /opt/stack/data/venv/lib/python3.12/site-packages/oslo_config/cfg.py:3006}}
Feb 24 01:23:25.068711 np0000156682 nova-scheduler[108489]: DEBUG cotyledon.oslo_config_glue [-] oslo_limit.retriable_status_codes = None {{(pid=108489) log_opt_values /opt/stack/data/venv/lib/python3.12/site-packages/oslo_config/cfg.py:3006}}
Feb 24 01:23:25.068786 np0000156682 nova-scheduler[108489]: DEBUG cotyledon.oslo_config_glue [-] oslo_limit.service_name = None {{(pid=108489) log_opt_values /opt/stack/data/venv/lib/python3.12/site-packages/oslo_config/cfg.py:3006}}
Feb 24 01:23:25.068827 np0000156682 nova-scheduler[108489]: DEBUG cotyledon.oslo_config_glue [-] oslo_limit.service_type = None {{(pid=108489) log_opt_values /opt/stack/data/venv/lib/python3.12/site-packages/oslo_config/cfg.py:3006}}
Feb 24 01:23:25.068868 np0000156682 nova-scheduler[108489]: DEBUG cotyledon.oslo_config_glue [-] oslo_limit.split_loggers = False {{(pid=108489) log_opt_values /opt/stack/data/venv/lib/python3.12/site-packages/oslo_config/cfg.py:3006}}
Feb 24 01:23:25.068914 np0000156682 nova-scheduler[108489]: DEBUG cotyledon.oslo_config_glue [-] oslo_limit.status_code_retries = None {{(pid=108489) log_opt_values /opt/stack/data/venv/lib/python3.12/site-packages/oslo_config/cfg.py:3006}}
Feb 24 01:23:25.068954 np0000156682 nova-scheduler[108489]: DEBUG cotyledon.oslo_config_glue [-] oslo_limit.status_code_retry_delay = None {{(pid=108489) log_opt_values /opt/stack/data/venv/lib/python3.12/site-packages/oslo_config/cfg.py:3006}}
Feb 24 01:23:25.069209 np0000156682 nova-scheduler[108489]: DEBUG cotyledon.oslo_config_glue [-] oslo_limit.timeout = None {{(pid=108489) log_opt_values /opt/stack/data/venv/lib/python3.12/site-packages/oslo_config/cfg.py:3006}}
Feb 24 01:23:25.069267 np0000156682 nova-scheduler[108489]: DEBUG cotyledon.oslo_config_glue [-] oslo_limit.valid_interfaces = None {{(pid=108489) log_opt_values /opt/stack/data/venv/lib/python3.12/site-packages/oslo_config/cfg.py:3006}}
Feb 24 01:23:25.069335 np0000156682 nova-scheduler[108489]: DEBUG cotyledon.oslo_config_glue [-] oslo_limit.version = None {{(pid=108489) log_opt_values /opt/stack/data/venv/lib/python3.12/site-packages/oslo_config/cfg.py:3006}}
Feb 24 01:23:25.069409 np0000156682 nova-scheduler[108489]: DEBUG cotyledon.oslo_config_glue [-] oslo_reports.file_event_handler = None {{(pid=108489) log_opt_values /opt/stack/data/venv/lib/python3.12/site-packages/oslo_config/cfg.py:3006}}
Feb 24 01:23:25.069478 np0000156682 nova-scheduler[108489]: DEBUG cotyledon.oslo_config_glue [-] oslo_reports.file_event_handler_interval = 1 {{(pid=108489) log_opt_values /opt/stack/data/venv/lib/python3.12/site-packages/oslo_config/cfg.py:3006}}
Feb 24 01:23:25.069547 np0000156682 nova-scheduler[108489]: DEBUG cotyledon.oslo_config_glue [-] oslo_reports.log_dir = None {{(pid=108489) log_opt_values /opt/stack/data/venv/lib/python3.12/site-packages/oslo_config/cfg.py:3006}}
Feb 24 01:23:25.069606 np0000156682 nova-scheduler[108489]: DEBUG cotyledon.oslo_config_glue [-] ******************************************************************************** {{(pid=108489) log_opt_values /opt/stack/data/venv/lib/python3.12/site-packages/oslo_config/cfg.py:3013}}
Feb 24 01:23:25.069815 np0000156682 nova-scheduler[108489]: DEBUG cotyledon._service_worker [-] Run service ServiceWrapper(3) [108489] {{(pid=108489) wait_forever /opt/stack/data/venv/lib/python3.12/site-packages/cotyledon/_service_worker.py:218}}
Feb 24 01:23:25.070883 np0000156682 nova-scheduler[108489]: INFO nova.service [-] Starting scheduler node (version 32.1.0)
Feb 24 01:23:25.075895 np0000156682 nova-scheduler[108489]: INFO dbcounter [None req-b80c8b92-489f-4a7a-9d84-0b1673ecea11 None None] Registered counter for database nova_cell0
Feb 24 01:23:25.091341 np0000156682 nova-scheduler[108489]: DEBUG oslo_db.sqlalchemy.engines [None req-b80c8b92-489f-4a7a-9d84-0b1673ecea11 None None] MySQL server mode set to STRICT_TRANS_TABLES,STRICT_ALL_TABLES,NO_ZERO_IN_DATE,NO_ZERO_DATE,ERROR_FOR_DIVISION_BY_ZERO,TRADITIONAL,NO_ENGINE_SUBSTITUTION {{(pid=108489) _check_effective_sql_mode /opt/stack/data/venv/lib/python3.12/site-packages/oslo_db/sqlalchemy/engines.py:325}}
Feb 24 01:23:25.113229 np0000156682 nova-scheduler[108489]: DEBUG dbcounter [-] [108489] Writer thread running {{(pid=108489) stat_writer /opt/stack/data/venv/lib/python3.12/site-packages/dbcounter.py:102}}
Feb 24 01:23:25.117519 np0000156682 nova-scheduler[108489]: DEBUG nova.service [None req-b80c8b92-489f-4a7a-9d84-0b1673ecea11 None None] Creating RPC server for service: nova-scheduler on topic: scheduler {{(pid=108489) start /opt/stack/nova/nova/service.py:195}}
Feb 24 01:23:25.149085 np0000156682 nova-scheduler[108489]: DEBUG nova.service [None req-b80c8b92-489f-4a7a-9d84-0b1673ecea11 None None] Join ServiceGroup membership for this service scheduler {{(pid=108489) start /opt/stack/nova/nova/service.py:221}}
Feb 24 01:23:25.149085 np0000156682 nova-scheduler[108489]: DEBUG nova.servicegroup.drivers.db [None req-b80c8b92-489f-4a7a-9d84-0b1673ecea11 None None] DB_Driver: join new ServiceGroup member np0000156682 to the scheduler group, service = {{(pid=108489) join /opt/stack/nova/nova/servicegroup/drivers/db.py:44}}
Feb 24 01:23:30.061609 np0000156682 nova-scheduler[108465]: DEBUG oslo.service.backend._threading.loopingcall [-] Fixed interval looping call 'nova.servicegroup.drivers.db.DbDriver._report_state' sleeping for 119.98 seconds {{(pid=108465) _run_loop /opt/stack/data/venv/lib/python3.12/site-packages/oslo_service/backend/_threading/loopingcall.py:125}}
Feb 24 01:23:30.062695 np0000156682 nova-scheduler[108474]: DEBUG oslo.service.backend._threading.loopingcall [-] Fixed interval looping call 'nova.servicegroup.drivers.db.DbDriver._report_state' sleeping for 119.97 seconds {{(pid=108474) _run_loop /opt/stack/data/venv/lib/python3.12/site-packages/oslo_service/backend/_threading/loopingcall.py:125}}
Feb 24 01:23:30.063182 np0000156682 nova-scheduler[108483]: DEBUG oslo.service.backend._threading.loopingcall [-] Fixed interval looping call 'nova.servicegroup.drivers.db.DbDriver._report_state' sleeping for 119.98 seconds {{(pid=108483) _run_loop /opt/stack/data/venv/lib/python3.12/site-packages/oslo_service/backend/_threading/loopingcall.py:125}}
Feb 24 01:23:30.160769 np0000156682 nova-scheduler[108489]: DEBUG oslo.service.backend._threading.loopingcall [-] Fixed interval looping call 'nova.servicegroup.drivers.db.DbDriver._report_state' sleeping for 119.99 seconds {{(pid=108489) _run_loop /opt/stack/data/venv/lib/python3.12/site-packages/oslo_service/backend/_threading/loopingcall.py:125}}
Feb 24 01:23:33.602543 np0000156682 nova-scheduler[107789]: DEBUG dbcounter [-] [107789] Writing DB stats nova_api:SELECT=3 {{(pid=107789) stat_writer /opt/stack/data/venv/lib/python3.12/site-packages/dbcounter.py:115}}
Feb 24 01:23:33.723899 np0000156682 nova-scheduler[107789]: DEBUG dbcounter [-] [107789] Writing DB stats nova_cell0:SELECT=1 {{(pid=107789) stat_writer /opt/stack/data/venv/lib/python3.12/site-packages/dbcounter.py:115}}
Feb 24 01:23:33.723899 np0000156682 nova-scheduler[107789]: DEBUG dbcounter [-] [107789] Writing DB stats nova_cell1:SELECT=1 {{(pid=107789) stat_writer /opt/stack/data/venv/lib/python3.12/site-packages/dbcounter.py:115}}
Feb 24 01:23:40.048664 np0000156682 nova-scheduler[108465]: DEBUG dbcounter [-] [108465] Writing DB stats nova_cell0:SELECT=4,nova_cell0:INSERT=1,nova_cell0:UPDATE=1 {{(pid=108465) stat_writer /opt/stack/data/venv/lib/python3.12/site-packages/dbcounter.py:115}}
Feb 24 01:23:40.050490 np0000156682 nova-scheduler[108474]: DEBUG dbcounter [-] [108474] Writing DB stats nova_cell0:SELECT=3,nova_cell0:UPDATE=1 {{(pid=108474) stat_writer /opt/stack/data/venv/lib/python3.12/site-packages/dbcounter.py:115}}
Feb 24 01:23:40.062579 np0000156682 nova-scheduler[108483]: DEBUG dbcounter [-] [108483] Writing DB stats nova_cell0:SELECT=3,nova_cell0:UPDATE=1 {{(pid=108483) stat_writer /opt/stack/data/venv/lib/python3.12/site-packages/dbcounter.py:115}}
Feb 24 01:23:40.157600 np0000156682 nova-scheduler[108489]: DEBUG dbcounter [-] [108489] Writing DB stats nova_cell0:SELECT=3 {{(pid=108489) stat_writer /opt/stack/data/venv/lib/python3.12/site-packages/dbcounter.py:115}}
Feb 24 01:23:59.148433 np0000156682 nova-scheduler[108489]: DEBUG oslo.service.backend._threading.loopingcall [None req-a199a6ba-b9da-4ad4-94f1-f6ee6922cf50 None None] Dynamic interval looping call 'nova.service.Service.periodic_tasks' sleeping for 60.00 seconds {{(pid=108489) _run_loop /opt/stack/data/venv/lib/python3.12/site-packages/oslo_service/backend/_threading/loopingcall.py:125}}
Feb 24 01:24:11.032114 np0000156682 nova-scheduler[108474]: DEBUG oslo.service.backend._threading.loopingcall [None req-144a7be9-b973-4a57-8d3d-633600f74f53 None None] Dynamic interval looping call 'nova.service.Service.periodic_tasks' sleeping for 60.00 seconds {{(pid=108474) _run_loop /opt/stack/data/venv/lib/python3.12/site-packages/oslo_service/backend/_threading/loopingcall.py:125}}
Feb 24 01:24:16.048853 np0000156682 nova-scheduler[108483]: DEBUG oslo.service.backend._threading.loopingcall [None req-05ef4fc6-22dc-4c73-83f1-4744ae0efb1b None None] Dynamic interval looping call 'nova.service.Service.periodic_tasks' sleeping for 60.00 seconds {{(pid=108483) _run_loop /opt/stack/data/venv/lib/python3.12/site-packages/oslo_service/backend/_threading/loopingcall.py:125}}
Feb 24 01:24:18.041175 np0000156682 nova-scheduler[108465]: DEBUG oslo.service.backend._threading.loopingcall [None req-e3e062fb-1f69-44f1-8847-c1bb58e09103 None None] Dynamic interval looping call 'nova.service.Service.periodic_tasks' sleeping for 60.00 seconds {{(pid=108465) _run_loop /opt/stack/data/venv/lib/python3.12/site-packages/oslo_service/backend/_threading/loopingcall.py:125}}
Feb 24 01:24:59.149452 np0000156682 nova-scheduler[108489]: DEBUG oslo.service.backend._threading.loopingcall [None req-a199a6ba-b9da-4ad4-94f1-f6ee6922cf50 None None] Dynamic interval looping call 'nova.service.Service.periodic_tasks' sleeping for 60.00 seconds {{(pid=108489) _run_loop /opt/stack/data/venv/lib/python3.12/site-packages/oslo_service/backend/_threading/loopingcall.py:125}}
Feb 24 01:25:11.033005 np0000156682 nova-scheduler[108474]: DEBUG oslo.service.backend._threading.loopingcall [None req-144a7be9-b973-4a57-8d3d-633600f74f53 None None] Dynamic interval looping call 'nova.service.Service.periodic_tasks' sleeping for 60.00 seconds {{(pid=108474) _run_loop /opt/stack/data/venv/lib/python3.12/site-packages/oslo_service/backend/_threading/loopingcall.py:125}}
Feb 24 01:25:16.049935 np0000156682 nova-scheduler[108483]: DEBUG oslo.service.backend._threading.loopingcall [None req-05ef4fc6-22dc-4c73-83f1-4744ae0efb1b None None] Dynamic interval looping call 'nova.service.Service.periodic_tasks' sleeping for 60.00 seconds {{(pid=108483) _run_loop /opt/stack/data/venv/lib/python3.12/site-packages/oslo_service/backend/_threading/loopingcall.py:125}}
Feb 24 01:25:18.042202 np0000156682 nova-scheduler[108465]: DEBUG oslo.service.backend._threading.loopingcall [None req-e3e062fb-1f69-44f1-8847-c1bb58e09103 None None] Dynamic interval looping call 'nova.service.Service.periodic_tasks' sleeping for 60.00 seconds {{(pid=108465) _run_loop /opt/stack/data/venv/lib/python3.12/site-packages/oslo_service/backend/_threading/loopingcall.py:125}}
Feb 24 01:25:30.115375 np0000156682 nova-scheduler[108474]: DEBUG oslo.service.backend._threading.loopingcall [-] Fixed interval looping call 'nova.servicegroup.drivers.db.DbDriver._report_state' sleeping for 119.92 seconds {{(pid=108474) _run_loop /opt/stack/data/venv/lib/python3.12/site-packages/oslo_service/backend/_threading/loopingcall.py:125}}
Feb 24 01:25:30.221179 np0000156682 nova-scheduler[108465]: DEBUG oslo.service.backend._threading.loopingcall [-] Fixed interval looping call 'nova.servicegroup.drivers.db.DbDriver._report_state' sleeping for 119.93 seconds {{(pid=108465) _run_loop /opt/stack/data/venv/lib/python3.12/site-packages/oslo_service/backend/_threading/loopingcall.py:125}}
Feb 24 01:25:30.221801 np0000156682 nova-scheduler[108483]: DEBUG oslo.service.backend._threading.loopingcall [-] Fixed interval looping call 'nova.servicegroup.drivers.db.DbDriver._report_state' sleeping for 119.93 seconds {{(pid=108483) _run_loop /opt/stack/data/venv/lib/python3.12/site-packages/oslo_service/backend/_threading/loopingcall.py:125}}
Feb 24 01:25:30.222053 np0000156682 nova-scheduler[108489]: DEBUG oslo.service.backend._threading.loopingcall [-] Fixed interval looping call 'nova.servicegroup.drivers.db.DbDriver._report_state' sleeping for 119.99 seconds {{(pid=108489) _run_loop /opt/stack/data/venv/lib/python3.12/site-packages/oslo_service/backend/_threading/loopingcall.py:125}}
Feb 24 01:25:40.050881 np0000156682 nova-scheduler[108474]: DEBUG dbcounter [-] [108474] Writing DB stats nova_cell0:SELECT=1,nova_cell0:UPDATE=1 {{(pid=108474) stat_writer /opt/stack/data/venv/lib/python3.12/site-packages/dbcounter.py:115}}
Feb 24 01:25:40.051614 np0000156682 nova-scheduler[108483]: DEBUG dbcounter [-] [108483] Writing DB stats nova_cell0:SELECT=1,nova_cell0:UPDATE=1 {{(pid=108483) stat_writer /opt/stack/data/venv/lib/python3.12/site-packages/dbcounter.py:115}}
Feb 24 01:25:40.052193 np0000156682 nova-scheduler[108465]: DEBUG dbcounter [-] [108465] Writing DB stats nova_cell0:SELECT=1,nova_cell0:UPDATE=1 {{(pid=108465) stat_writer /opt/stack/data/venv/lib/python3.12/site-packages/dbcounter.py:115}}
Feb 24 01:25:40.155187 np0000156682 nova-scheduler[108489]: DEBUG dbcounter [-] [108489] Writing DB stats nova_cell0:SELECT=1 {{(pid=108489) stat_writer /opt/stack/data/venv/lib/python3.12/site-packages/dbcounter.py:115}}
Feb 24 01:25:59.150310 np0000156682 nova-scheduler[108489]: DEBUG oslo.service.backend._threading.loopingcall [None req-a199a6ba-b9da-4ad4-94f1-f6ee6922cf50 None None] Dynamic interval looping call 'nova.service.Service.periodic_tasks' sleeping for 60.00 seconds {{(pid=108489) _run_loop /opt/stack/data/venv/lib/python3.12/site-packages/oslo_service/backend/_threading/loopingcall.py:125}}
Feb 24 01:26:11.034280 np0000156682 nova-scheduler[108474]: DEBUG oslo.service.backend._threading.loopingcall [None req-144a7be9-b973-4a57-8d3d-633600f74f53 None None] Dynamic interval looping call 'nova.service.Service.periodic_tasks' sleeping for 60.00 seconds {{(pid=108474) _run_loop /opt/stack/data/venv/lib/python3.12/site-packages/oslo_service/backend/_threading/loopingcall.py:125}}
Feb 24 01:26:16.051144 np0000156682 nova-scheduler[108483]: DEBUG oslo.service.backend._threading.loopingcall [None req-05ef4fc6-22dc-4c73-83f1-4744ae0efb1b None None] Dynamic interval looping call 'nova.service.Service.periodic_tasks' sleeping for 60.00 seconds {{(pid=108483) _run_loop /opt/stack/data/venv/lib/python3.12/site-packages/oslo_service/backend/_threading/loopingcall.py:125}}
Feb 24 01:26:18.043098 np0000156682 nova-scheduler[108465]: DEBUG oslo.service.backend._threading.loopingcall [None req-e3e062fb-1f69-44f1-8847-c1bb58e09103 None None] Dynamic interval looping call 'nova.service.Service.periodic_tasks' sleeping for 60.00 seconds {{(pid=108465) _run_loop /opt/stack/data/venv/lib/python3.12/site-packages/oslo_service/backend/_threading/loopingcall.py:125}}
Feb 24 01:26:59.151086 np0000156682 nova-scheduler[108489]: DEBUG oslo.service.backend._threading.loopingcall [None req-a199a6ba-b9da-4ad4-94f1-f6ee6922cf50 None None] Dynamic interval looping call 'nova.service.Service.periodic_tasks' sleeping for 60.00 seconds {{(pid=108489) _run_loop /opt/stack/data/venv/lib/python3.12/site-packages/oslo_service/backend/_threading/loopingcall.py:125}}
Feb 24 01:27:11.035462 np0000156682 nova-scheduler[108474]: DEBUG oslo.service.backend._threading.loopingcall [None req-144a7be9-b973-4a57-8d3d-633600f74f53 None None] Dynamic interval looping call 'nova.service.Service.periodic_tasks' sleeping for 60.00 seconds {{(pid=108474) _run_loop /opt/stack/data/venv/lib/python3.12/site-packages/oslo_service/backend/_threading/loopingcall.py:125}}
Feb 24 01:27:16.052084 np0000156682 nova-scheduler[108483]: DEBUG oslo.service.backend._threading.loopingcall [None req-05ef4fc6-22dc-4c73-83f1-4744ae0efb1b None None] Dynamic interval looping call 'nova.service.Service.periodic_tasks' sleeping for 60.00 seconds {{(pid=108483) _run_loop /opt/stack/data/venv/lib/python3.12/site-packages/oslo_service/backend/_threading/loopingcall.py:125}}
Feb 24 01:27:18.044091 np0000156682 nova-scheduler[108465]: DEBUG oslo.service.backend._threading.loopingcall [None req-e3e062fb-1f69-44f1-8847-c1bb58e09103 None None] Dynamic interval looping call 'nova.service.Service.periodic_tasks' sleeping for 60.00 seconds {{(pid=108465) _run_loop /opt/stack/data/venv/lib/python3.12/site-packages/oslo_service/backend/_threading/loopingcall.py:125}}
Feb 24 01:27:30.047620 np0000156682 nova-scheduler[108474]: DEBUG oslo.service.backend._threading.loopingcall [-] Fixed interval looping call 'nova.servicegroup.drivers.db.DbDriver._report_state' sleeping for 119.99 seconds {{(pid=108474) _run_loop /opt/stack/data/venv/lib/python3.12/site-packages/oslo_service/backend/_threading/loopingcall.py:125}}
Feb 24 01:27:30.055142 np0000156682 nova-scheduler[108483]: DEBUG oslo.service.backend._threading.loopingcall [-] Fixed interval looping call 'nova.servicegroup.drivers.db.DbDriver._report_state' sleeping for 119.99 seconds {{(pid=108483) _run_loop /opt/stack/data/venv/lib/python3.12/site-packages/oslo_service/backend/_threading/loopingcall.py:125}}
Feb 24 01:27:30.056228 np0000156682 nova-scheduler[108465]: DEBUG oslo.service.backend._threading.loopingcall [-] Fixed interval looping call 'nova.servicegroup.drivers.db.DbDriver._report_state' sleeping for 119.99 seconds {{(pid=108465) _run_loop /opt/stack/data/venv/lib/python3.12/site-packages/oslo_service/backend/_threading/loopingcall.py:125}}
Feb 24 01:27:30.156207 np0000156682 nova-scheduler[108489]: DEBUG oslo.service.backend._threading.loopingcall [-] Fixed interval looping call 'nova.servicegroup.drivers.db.DbDriver._report_state' sleeping for 119.99 seconds {{(pid=108489) _run_loop /opt/stack/data/venv/lib/python3.12/site-packages/oslo_service/backend/_threading/loopingcall.py:125}}
Feb 24 01:27:40.041029 np0000156682 nova-scheduler[108474]: DEBUG dbcounter [-] [108474] Writing DB stats nova_cell0:SELECT=1,nova_cell0:UPDATE=1 {{(pid=108474) stat_writer /opt/stack/data/venv/lib/python3.12/site-packages/dbcounter.py:115}}
Feb 24 01:27:40.051746 np0000156682 nova-scheduler[108465]: DEBUG dbcounter [-] [108465] Writing DB stats nova_cell0:SELECT=1 {{(pid=108465) stat_writer /opt/stack/data/venv/lib/python3.12/site-packages/dbcounter.py:115}}
Feb 24 01:27:40.052303 np0000156682 nova-scheduler[108483]: DEBUG dbcounter [-] [108483] Writing DB stats nova_cell0:SELECT=1 {{(pid=108483) stat_writer /opt/stack/data/venv/lib/python3.12/site-packages/dbcounter.py:115}}
Feb 24 01:27:40.152784 np0000156682 nova-scheduler[108489]: DEBUG dbcounter [-] [108489] Writing DB stats nova_cell0:SELECT=1 {{(pid=108489) stat_writer /opt/stack/data/venv/lib/python3.12/site-packages/dbcounter.py:115}}
Feb 24 01:27:59.152423 np0000156682 nova-scheduler[108489]: DEBUG oslo.service.backend._threading.loopingcall [None req-a199a6ba-b9da-4ad4-94f1-f6ee6922cf50 None None] Dynamic interval looping call 'nova.service.Service.periodic_tasks' sleeping for 60.00 seconds {{(pid=108489) _run_loop /opt/stack/data/venv/lib/python3.12/site-packages/oslo_service/backend/_threading/loopingcall.py:125}}
Feb 24 01:28:11.036276 np0000156682 nova-scheduler[108474]: DEBUG oslo.service.backend._threading.loopingcall [None req-144a7be9-b973-4a57-8d3d-633600f74f53 None None] Dynamic interval looping call 'nova.service.Service.periodic_tasks' sleeping for 60.00 seconds {{(pid=108474) _run_loop /opt/stack/data/venv/lib/python3.12/site-packages/oslo_service/backend/_threading/loopingcall.py:125}}
Feb 24 01:28:16.053274 np0000156682 nova-scheduler[108483]: DEBUG oslo.service.backend._threading.loopingcall [None req-05ef4fc6-22dc-4c73-83f1-4744ae0efb1b None None] Dynamic interval looping call 'nova.service.Service.periodic_tasks' sleeping for 60.00 seconds {{(pid=108483) _run_loop /opt/stack/data/venv/lib/python3.12/site-packages/oslo_service/backend/_threading/loopingcall.py:125}}
Feb 24 01:28:18.045007 np0000156682 nova-scheduler[108465]: DEBUG oslo.service.backend._threading.loopingcall [None req-e3e062fb-1f69-44f1-8847-c1bb58e09103 None None] Dynamic interval looping call 'nova.service.Service.periodic_tasks' sleeping for 60.00 seconds {{(pid=108465) _run_loop /opt/stack/data/venv/lib/python3.12/site-packages/oslo_service/backend/_threading/loopingcall.py:125}}
Feb 24 01:28:20.283860 np0000156682 nova-scheduler[108474]: DEBUG nova.scheduler.manager [None req-021b3cb3-678d-4815-9315-1e108fee6e5f demo demo] Starting to schedule for instances: ['fa4b150e-44ba-4d5a-b5cf-ac9371946150'] {{(pid=108474) select_destinations /opt/stack/nova/nova/scheduler/manager.py:187}}
