Mar 05 02:49:40.622662 np0000157819 nova-scheduler[108299]: DEBUG cotyledon.oslo_config_glue [-] vnc.vencrypt_client_key = None {{(pid=108299) log_opt_values /opt/stack/data/venv/lib/python3.12/site-packages/oslo_config/cfg.py:3006}}
Mar 05 02:49:40.622662 np0000157819 nova-scheduler[108299]: DEBUG cotyledon.oslo_config_glue [-] workarounds.disable_compute_service_check_for_ffu = False {{(pid=108299) log_opt_values /opt/stack/data/venv/lib/python3.12/site-packages/oslo_config/cfg.py:3006}}
Mar 05 02:49:40.622662 np0000157819 nova-scheduler[108299]: DEBUG cotyledon.oslo_config_glue [-] workarounds.disable_deep_image_inspection = False {{(pid=108299) log_opt_values /opt/stack/data/venv/lib/python3.12/site-packages/oslo_config/cfg.py:3006}}
Mar 05 02:49:40.622662 np0000157819 nova-scheduler[108299]: DEBUG cotyledon.oslo_config_glue [-] workarounds.disable_fallback_pcpu_query = False {{(pid=108299) log_opt_values /opt/stack/data/venv/lib/python3.12/site-packages/oslo_config/cfg.py:3006}}
Mar 05 02:49:40.622877 np0000157819 nova-scheduler[108299]: DEBUG cotyledon.oslo_config_glue [-] workarounds.disable_group_policy_check_upcall = False {{(pid=108299) log_opt_values /opt/stack/data/venv/lib/python3.12/site-packages/oslo_config/cfg.py:3006}}
Mar 05 02:49:40.622877 np0000157819 nova-scheduler[108299]: DEBUG cotyledon.oslo_config_glue [-] workarounds.disable_libvirt_livesnapshot = False {{(pid=108299) log_opt_values /opt/stack/data/venv/lib/python3.12/site-packages/oslo_config/cfg.py:3006}}
Mar 05 02:49:40.622877 np0000157819 nova-scheduler[108299]: DEBUG cotyledon.oslo_config_glue [-] workarounds.disable_rootwrap = False {{(pid=108299) log_opt_values /opt/stack/data/venv/lib/python3.12/site-packages/oslo_config/cfg.py:3006}}
Mar 05 02:49:40.622877 np0000157819 nova-scheduler[108299]: DEBUG cotyledon.oslo_config_glue [-] workarounds.enable_numa_live_migration = False {{(pid=108299) log_opt_values /opt/stack/data/venv/lib/python3.12/site-packages/oslo_config/cfg.py:3006}}
Mar 05 02:49:40.622877 np0000157819 nova-scheduler[108299]: DEBUG cotyledon.oslo_config_glue [-] workarounds.enable_qemu_monitor_announce_self = False {{(pid=108299) log_opt_values /opt/stack/data/venv/lib/python3.12/site-packages/oslo_config/cfg.py:3006}}
Mar 05 02:49:40.622877 np0000157819 nova-scheduler[108299]: DEBUG cotyledon.oslo_config_glue [-] workarounds.ensure_libvirt_rbd_instance_dir_cleanup = False {{(pid=108299) log_opt_values /opt/stack/data/venv/lib/python3.12/site-packages/oslo_config/cfg.py:3006}}
Mar 05 02:49:40.622877 np0000157819 nova-scheduler[108299]: DEBUG cotyledon.oslo_config_glue [-] workarounds.handle_virt_lifecycle_events = True {{(pid=108299) log_opt_values /opt/stack/data/venv/lib/python3.12/site-packages/oslo_config/cfg.py:3006}}
Mar 05 02:49:40.622877 np0000157819 nova-scheduler[108299]: DEBUG cotyledon.oslo_config_glue [-] workarounds.libvirt_disable_apic = False {{(pid=108299) log_opt_values /opt/stack/data/venv/lib/python3.12/site-packages/oslo_config/cfg.py:3006}}
Mar 05 02:49:40.622877 np0000157819 nova-scheduler[108299]: DEBUG cotyledon.oslo_config_glue [-] workarounds.never_download_image_if_on_rbd = False {{(pid=108299) log_opt_values /opt/stack/data/venv/lib/python3.12/site-packages/oslo_config/cfg.py:3006}}
Mar 05 02:49:40.623066 np0000157819 nova-scheduler[108299]: DEBUG cotyledon.oslo_config_glue [-] workarounds.qemu_monitor_announce_self_count = 3 {{(pid=108299) log_opt_values /opt/stack/data/venv/lib/python3.12/site-packages/oslo_config/cfg.py:3006}}
Mar 05 02:49:40.623066 np0000157819 nova-scheduler[108299]: DEBUG cotyledon.oslo_config_glue [-] workarounds.qemu_monitor_announce_self_interval = 1 {{(pid=108299) log_opt_values /opt/stack/data/venv/lib/python3.12/site-packages/oslo_config/cfg.py:3006}}
Mar 05 02:49:40.623066 np0000157819 nova-scheduler[108299]: DEBUG cotyledon.oslo_config_glue [-] workarounds.reserve_disk_resource_for_image_cache = False {{(pid=108299) log_opt_values /opt/stack/data/venv/lib/python3.12/site-packages/oslo_config/cfg.py:3006}}
Mar 05 02:49:40.623066 np0000157819 nova-scheduler[108299]: DEBUG cotyledon.oslo_config_glue [-] workarounds.skip_cpu_compare_at_startup = False {{(pid=108299) log_opt_values /opt/stack/data/venv/lib/python3.12/site-packages/oslo_config/cfg.py:3006}}
Mar 05 02:49:40.623066 np0000157819 nova-scheduler[108299]: DEBUG cotyledon.oslo_config_glue [-] workarounds.skip_cpu_compare_on_dest = False {{(pid=108299) log_opt_values /opt/stack/data/venv/lib/python3.12/site-packages/oslo_config/cfg.py:3006}}
Mar 05 02:49:40.623066 np0000157819 nova-scheduler[108299]: DEBUG cotyledon.oslo_config_glue [-] workarounds.skip_hypervisor_version_check_on_lm = False {{(pid=108299) log_opt_values /opt/stack/data/venv/lib/python3.12/site-packages/oslo_config/cfg.py:3006}}
Mar 05 02:49:40.623066 np0000157819 nova-scheduler[108299]: DEBUG cotyledon.oslo_config_glue [-] workarounds.skip_reserve_in_use_ironic_nodes = False {{(pid=108299) log_opt_values /opt/stack/data/venv/lib/python3.12/site-packages/oslo_config/cfg.py:3006}}
Mar 05 02:49:40.623066 np0000157819 nova-scheduler[108299]: DEBUG cotyledon.oslo_config_glue [-] workarounds.unified_limits_count_pcpu_as_vcpu = False {{(pid=108299) log_opt_values /opt/stack/data/venv/lib/python3.12/site-packages/oslo_config/cfg.py:3006}}
Mar 05 02:49:40.623248 np0000157819 nova-scheduler[108299]: DEBUG cotyledon.oslo_config_glue [-] workarounds.wait_for_vif_plugged_event_during_hard_reboot = [] {{(pid=108299) log_opt_values /opt/stack/data/venv/lib/python3.12/site-packages/oslo_config/cfg.py:3006}}
Mar 05 02:49:40.623248 np0000157819 nova-scheduler[108299]: DEBUG cotyledon.oslo_config_glue [-] wsgi.api_paste_config = /etc/nova/api-paste.ini {{(pid=108299) log_opt_values /opt/stack/data/venv/lib/python3.12/site-packages/oslo_config/cfg.py:3006}}
Mar 05 02:49:40.623248 np0000157819 nova-scheduler[108299]: DEBUG cotyledon.oslo_config_glue [-] wsgi.secure_proxy_ssl_header = None {{(pid=108299) log_opt_values /opt/stack/data/venv/lib/python3.12/site-packages/oslo_config/cfg.py:3006}}
Mar 05 02:49:40.623248 np0000157819 nova-scheduler[108299]: DEBUG cotyledon.oslo_config_glue [-] zvm.ca_file = None {{(pid=108299) log_opt_values /opt/stack/data/venv/lib/python3.12/site-packages/oslo_config/cfg.py:3006}}
Mar 05 02:49:40.623248 np0000157819 nova-scheduler[108299]: DEBUG cotyledon.oslo_config_glue [-] zvm.cloud_connector_url = None {{(pid=108299) log_opt_values /opt/stack/data/venv/lib/python3.12/site-packages/oslo_config/cfg.py:3006}}
Mar 05 02:49:40.623248 np0000157819 nova-scheduler[108299]: DEBUG cotyledon.oslo_config_glue [-] zvm.image_tmp_path = /opt/stack/data/nova/images {{(pid=108299) log_opt_values /opt/stack/data/venv/lib/python3.12/site-packages/oslo_config/cfg.py:3006}}
Mar 05 02:49:40.623248 np0000157819 nova-scheduler[108299]: DEBUG cotyledon.oslo_config_glue [-] zvm.reachable_timeout = 300 {{(pid=108299) log_opt_values /opt/stack/data/venv/lib/python3.12/site-packages/oslo_config/cfg.py:3006}}
Mar 05 02:49:40.623248 np0000157819 nova-scheduler[108299]: DEBUG cotyledon.oslo_config_glue [-] oslo_versionedobjects.fatal_exception_format_errors = False {{(pid=108299) log_opt_values /opt/stack/data/venv/lib/python3.12/site-packages/oslo_config/cfg.py:3006}}
Mar 05 02:49:40.623248 np0000157819 nova-scheduler[108299]: DEBUG cotyledon.oslo_config_glue [-] oslo_middleware.http_basic_auth_user_file = /etc/htpasswd {{(pid=108299) log_opt_values /opt/stack/data/venv/lib/python3.12/site-packages/oslo_config/cfg.py:3006}}
Mar 05 02:49:40.623433 np0000157819 nova-scheduler[108299]: DEBUG cotyledon.oslo_config_glue [-] oslo_messaging_metrics.metrics_buffer_size = 1000 {{(pid=108299) log_opt_values /opt/stack/data/venv/lib/python3.12/site-packages/oslo_config/cfg.py:3006}}
Mar 05 02:49:40.623433 np0000157819 nova-scheduler[108299]: DEBUG cotyledon.oslo_config_glue [-] oslo_messaging_metrics.metrics_enabled = False {{(pid=108299) log_opt_values /opt/stack/data/venv/lib/python3.12/site-packages/oslo_config/cfg.py:3006}}
Mar 05 02:49:40.623433 np0000157819 nova-scheduler[108299]: DEBUG cotyledon.oslo_config_glue [-] oslo_messaging_metrics.metrics_process_name = {{(pid=108299) log_opt_values /opt/stack/data/venv/lib/python3.12/site-packages/oslo_config/cfg.py:3006}}
Mar 05 02:49:40.623433 np0000157819 nova-scheduler[108299]: DEBUG cotyledon.oslo_config_glue [-] oslo_messaging_metrics.metrics_socket_file = /var/tmp/metrics_collector.sock {{(pid=108299) log_opt_values /opt/stack/data/venv/lib/python3.12/site-packages/oslo_config/cfg.py:3006}}
Mar 05 02:49:40.623433 np0000157819 nova-scheduler[108299]: DEBUG cotyledon.oslo_config_glue [-] oslo_messaging_metrics.metrics_thread_stop_timeout = 10 {{(pid=108299) log_opt_values /opt/stack/data/venv/lib/python3.12/site-packages/oslo_config/cfg.py:3006}}
Mar 05 02:49:40.623433 np0000157819 nova-scheduler[108299]: DEBUG cotyledon.oslo_config_glue [-] profiler.connection_string = messaging:// {{(pid=108299) log_opt_values /opt/stack/data/venv/lib/python3.12/site-packages/oslo_config/cfg.py:3006}}
Mar 05 02:49:40.623433 np0000157819 nova-scheduler[108299]: DEBUG cotyledon.oslo_config_glue [-] profiler.enabled = False {{(pid=108299) log_opt_values /opt/stack/data/venv/lib/python3.12/site-packages/oslo_config/cfg.py:3006}}
Mar 05 02:49:40.623433 np0000157819 nova-scheduler[108299]: DEBUG cotyledon.oslo_config_glue [-] profiler.es_doc_type = notification {{(pid=108299) log_opt_values /opt/stack/data/venv/lib/python3.12/site-packages/oslo_config/cfg.py:3006}}
Mar 05 02:49:40.623433 np0000157819 nova-scheduler[108299]: DEBUG cotyledon.oslo_config_glue [-] profiler.es_scroll_size = 10000 {{(pid=108299) log_opt_values /opt/stack/data/venv/lib/python3.12/site-packages/oslo_config/cfg.py:3006}}
Mar 05 02:49:40.623643 np0000157819 nova-scheduler[108299]: DEBUG cotyledon.oslo_config_glue [-] profiler.es_scroll_time = 2m {{(pid=108299) log_opt_values /opt/stack/data/venv/lib/python3.12/site-packages/oslo_config/cfg.py:3006}}
Mar 05 02:49:40.623643 np0000157819 nova-scheduler[108299]: DEBUG cotyledon.oslo_config_glue [-] profiler.filter_error_trace = False {{(pid=108299) log_opt_values /opt/stack/data/venv/lib/python3.12/site-packages/oslo_config/cfg.py:3006}}
Mar 05 02:49:40.623643 np0000157819 nova-scheduler[108299]: DEBUG cotyledon.oslo_config_glue [-] profiler.hmac_keys = **** {{(pid=108299) log_opt_values /opt/stack/data/venv/lib/python3.12/site-packages/oslo_config/cfg.py:3006}}
Mar 05 02:49:40.623643 np0000157819 nova-scheduler[108299]: DEBUG cotyledon.oslo_config_glue [-] profiler.sentinel_service_name = mymaster {{(pid=108299) log_opt_values /opt/stack/data/venv/lib/python3.12/site-packages/oslo_config/cfg.py:3006}}
Mar 05 02:49:40.623643 np0000157819 nova-scheduler[108299]: DEBUG cotyledon.oslo_config_glue [-] profiler.socket_timeout = 0.1 {{(pid=108299) log_opt_values /opt/stack/data/venv/lib/python3.12/site-packages/oslo_config/cfg.py:3006}}
Mar 05 02:49:40.623643 np0000157819 nova-scheduler[108299]: DEBUG cotyledon.oslo_config_glue [-] profiler.trace_requests = False {{(pid=108299) log_opt_values /opt/stack/data/venv/lib/python3.12/site-packages/oslo_config/cfg.py:3006}}
Mar 05 02:49:40.623643 np0000157819 nova-scheduler[108299]: DEBUG cotyledon.oslo_config_glue [-] profiler.trace_sqlalchemy = False {{(pid=108299) log_opt_values /opt/stack/data/venv/lib/python3.12/site-packages/oslo_config/cfg.py:3006}}
Mar 05 02:49:40.623643 np0000157819 nova-scheduler[108299]: DEBUG cotyledon.oslo_config_glue [-] profiler_jaeger.process_tags = {} {{(pid=108299) log_opt_values /opt/stack/data/venv/lib/python3.12/site-packages/oslo_config/cfg.py:3006}}
Mar 05 02:49:40.623643 np0000157819 nova-scheduler[108299]: DEBUG cotyledon.oslo_config_glue [-] profiler_jaeger.service_name_prefix = None {{(pid=108299) log_opt_values /opt/stack/data/venv/lib/python3.12/site-packages/oslo_config/cfg.py:3006}}
Mar 05 02:49:40.623889 np0000157819 nova-scheduler[108299]: DEBUG cotyledon.oslo_config_glue [-] profiler_otlp.service_name_prefix = None {{(pid=108299) log_opt_values /opt/stack/data/venv/lib/python3.12/site-packages/oslo_config/cfg.py:3006}}
Mar 05 02:49:40.623889 np0000157819 nova-scheduler[108299]: DEBUG cotyledon.oslo_config_glue [-] oslo_messaging_rabbit.amqp_auto_delete = False {{(pid=108299) log_opt_values /opt/stack/data/venv/lib/python3.12/site-packages/oslo_config/cfg.py:3006}}
Mar 05 02:49:40.623889 np0000157819 nova-scheduler[108299]: DEBUG cotyledon.oslo_config_glue [-] oslo_messaging_rabbit.amqp_durable_queues = False {{(pid=108299) log_opt_values /opt/stack/data/venv/lib/python3.12/site-packages/oslo_config/cfg.py:3006}}
Mar 05 02:49:40.623889 np0000157819 nova-scheduler[108299]: DEBUG cotyledon.oslo_config_glue [-] oslo_messaging_rabbit.conn_pool_min_size = 2 {{(pid=108299) log_opt_values /opt/stack/data/venv/lib/python3.12/site-packages/oslo_config/cfg.py:3006}}
Mar 05 02:49:40.623889 np0000157819 nova-scheduler[108299]: DEBUG cotyledon.oslo_config_glue [-] oslo_messaging_rabbit.conn_pool_ttl = 1200 {{(pid=108299) log_opt_values /opt/stack/data/venv/lib/python3.12/site-packages/oslo_config/cfg.py:3006}}
Mar 05 02:49:40.623889 np0000157819 nova-scheduler[108299]: DEBUG cotyledon.oslo_config_glue [-] oslo_messaging_rabbit.direct_mandatory_flag = True {{(pid=108299) log_opt_values /opt/stack/data/venv/lib/python3.12/site-packages/oslo_config/cfg.py:3006}}
Mar 05 02:49:40.623889 np0000157819 nova-scheduler[108299]: DEBUG cotyledon.oslo_config_glue [-] oslo_messaging_rabbit.enable_cancel_on_failover = False {{(pid=108299) log_opt_values /opt/stack/data/venv/lib/python3.12/site-packages/oslo_config/cfg.py:3006}}
Mar 05 02:49:40.623889 np0000157819 nova-scheduler[108299]: DEBUG cotyledon.oslo_config_glue [-] oslo_messaging_rabbit.heartbeat_in_pthread = False {{(pid=108299) log_opt_values /opt/stack/data/venv/lib/python3.12/site-packages/oslo_config/cfg.py:3006}}
Mar 05 02:49:40.623889 np0000157819 nova-scheduler[108299]: DEBUG cotyledon.oslo_config_glue [-] oslo_messaging_rabbit.heartbeat_rate = 3 {{(pid=108299) log_opt_values /opt/stack/data/venv/lib/python3.12/site-packages/oslo_config/cfg.py:3006}}
Mar 05 02:49:40.624081 np0000157819 nova-scheduler[108299]: DEBUG cotyledon.oslo_config_glue [-] oslo_messaging_rabbit.heartbeat_timeout_threshold = 60 {{(pid=108299) log_opt_values /opt/stack/data/venv/lib/python3.12/site-packages/oslo_config/cfg.py:3006}}
Mar 05 02:49:40.624081 np0000157819 nova-scheduler[108299]: DEBUG cotyledon.oslo_config_glue [-] oslo_messaging_rabbit.hostname = np0000157819 {{(pid=108299) log_opt_values /opt/stack/data/venv/lib/python3.12/site-packages/oslo_config/cfg.py:3006}}
Mar 05 02:49:40.624081 np0000157819 nova-scheduler[108299]: DEBUG cotyledon.oslo_config_glue [-] oslo_messaging_rabbit.kombu_compression = None {{(pid=108299) log_opt_values /opt/stack/data/venv/lib/python3.12/site-packages/oslo_config/cfg.py:3006}}
Mar 05 02:49:40.624081 np0000157819 nova-scheduler[108299]: DEBUG cotyledon.oslo_config_glue [-] oslo_messaging_rabbit.kombu_failover_strategy = round-robin {{(pid=108299) log_opt_values /opt/stack/data/venv/lib/python3.12/site-packages/oslo_config/cfg.py:3006}}
Mar 05 02:49:40.624081 np0000157819 nova-scheduler[108299]: DEBUG cotyledon.oslo_config_glue [-] oslo_messaging_rabbit.kombu_missing_consumer_retry_timeout = 60 {{(pid=108299) log_opt_values /opt/stack/data/venv/lib/python3.12/site-packages/oslo_config/cfg.py:3006}}
Mar 05 02:49:40.624081 np0000157819 nova-scheduler[108299]: DEBUG cotyledon.oslo_config_glue [-] oslo_messaging_rabbit.kombu_reconnect_delay = 1.0 {{(pid=108299) log_opt_values /opt/stack/data/venv/lib/python3.12/site-packages/oslo_config/cfg.py:3006}}
Mar 05 02:49:40.624081 np0000157819 nova-scheduler[108299]: DEBUG cotyledon.oslo_config_glue [-] oslo_messaging_rabbit.kombu_reconnect_splay = 0.0 {{(pid=108299) log_opt_values /opt/stack/data/venv/lib/python3.12/site-packages/oslo_config/cfg.py:3006}}
Mar 05 02:49:40.624081 np0000157819 nova-scheduler[108299]: DEBUG cotyledon.oslo_config_glue [-] oslo_messaging_rabbit.processname = nova-scheduler {{(pid=108299) log_opt_values /opt/stack/data/venv/lib/python3.12/site-packages/oslo_config/cfg.py:3006}}
Mar 05 02:49:40.624255 np0000157819 nova-scheduler[108299]: DEBUG cotyledon.oslo_config_glue [-] oslo_messaging_rabbit.rabbit_ha_queues = False {{(pid=108299) log_opt_values /opt/stack/data/venv/lib/python3.12/site-packages/oslo_config/cfg.py:3006}}
Mar 05 02:49:40.624255 np0000157819 nova-scheduler[108299]: DEBUG cotyledon.oslo_config_glue [-] oslo_messaging_rabbit.rabbit_interval_max = 30 {{(pid=108299) log_opt_values /opt/stack/data/venv/lib/python3.12/site-packages/oslo_config/cfg.py:3006}}
Mar 05 02:49:40.624255 np0000157819 nova-scheduler[108299]: DEBUG cotyledon.oslo_config_glue [-] oslo_messaging_rabbit.rabbit_login_method = AMQPLAIN {{(pid=108299) log_opt_values /opt/stack/data/venv/lib/python3.12/site-packages/oslo_config/cfg.py:3006}}
Mar 05 02:49:40.624255 np0000157819 nova-scheduler[108299]: DEBUG cotyledon.oslo_config_glue [-] oslo_messaging_rabbit.rabbit_qos_prefetch_count = 0 {{(pid=108299) log_opt_values /opt/stack/data/venv/lib/python3.12/site-packages/oslo_config/cfg.py:3006}}
Mar 05 02:49:40.624255 np0000157819 nova-scheduler[108299]: DEBUG cotyledon.oslo_config_glue [-] oslo_messaging_rabbit.rabbit_quorum_delivery_limit = 0 {{(pid=108299) log_opt_values /opt/stack/data/venv/lib/python3.12/site-packages/oslo_config/cfg.py:3006}}
Mar 05 02:49:40.624255 np0000157819 nova-scheduler[108299]: DEBUG cotyledon.oslo_config_glue [-] oslo_messaging_rabbit.rabbit_quorum_max_memory_bytes = 0 {{(pid=108299) log_opt_values /opt/stack/data/venv/lib/python3.12/site-packages/oslo_config/cfg.py:3006}}
Mar 05 02:49:40.624255 np0000157819 nova-scheduler[108299]: DEBUG cotyledon.oslo_config_glue [-] oslo_messaging_rabbit.rabbit_quorum_max_memory_length = 0 {{(pid=108299) log_opt_values /opt/stack/data/venv/lib/python3.12/site-packages/oslo_config/cfg.py:3006}}
Mar 05 02:49:40.624255 np0000157819 nova-scheduler[108299]: DEBUG cotyledon.oslo_config_glue [-] oslo_messaging_rabbit.rabbit_quorum_queue = False {{(pid=108299) log_opt_values /opt/stack/data/venv/lib/python3.12/site-packages/oslo_config/cfg.py:3006}}
Mar 05 02:49:40.624434 np0000157819 nova-scheduler[108299]: DEBUG cotyledon.oslo_config_glue [-] oslo_messaging_rabbit.rabbit_retry_backoff = 2 {{(pid=108299) log_opt_values /opt/stack/data/venv/lib/python3.12/site-packages/oslo_config/cfg.py:3006}}
Mar 05 02:49:40.624434 np0000157819 nova-scheduler[108299]: DEBUG cotyledon.oslo_config_glue [-] oslo_messaging_rabbit.rabbit_retry_interval = 1 {{(pid=108299) log_opt_values /opt/stack/data/venv/lib/python3.12/site-packages/oslo_config/cfg.py:3006}}
Mar 05 02:49:40.624434 np0000157819 nova-scheduler[108299]: DEBUG cotyledon.oslo_config_glue [-] oslo_messaging_rabbit.rabbit_stream_fanout = False {{(pid=108299) log_opt_values /opt/stack/data/venv/lib/python3.12/site-packages/oslo_config/cfg.py:3006}}
Mar 05 02:49:40.624434 np0000157819 nova-scheduler[108299]: DEBUG cotyledon.oslo_config_glue [-] oslo_messaging_rabbit.rabbit_transient_queues_ttl = 1800 {{(pid=108299) log_opt_values /opt/stack/data/venv/lib/python3.12/site-packages/oslo_config/cfg.py:3006}}
Mar 05 02:49:40.624434 np0000157819 nova-scheduler[108299]: DEBUG cotyledon.oslo_config_glue [-] oslo_messaging_rabbit.rabbit_transient_quorum_queue = False {{(pid=108299) log_opt_values /opt/stack/data/venv/lib/python3.12/site-packages/oslo_config/cfg.py:3006}}
Mar 05 02:49:40.624434 np0000157819 nova-scheduler[108299]: DEBUG cotyledon.oslo_config_glue [-] oslo_messaging_rabbit.rpc_conn_pool_size = 30 {{(pid=108299) log_opt_values /opt/stack/data/venv/lib/python3.12/site-packages/oslo_config/cfg.py:3006}}
Mar 05 02:49:40.624434 np0000157819 nova-scheduler[108299]: DEBUG cotyledon.oslo_config_glue [-] oslo_messaging_rabbit.ssl = False {{(pid=108299) log_opt_values /opt/stack/data/venv/lib/python3.12/site-packages/oslo_config/cfg.py:3006}}
Mar 05 02:49:40.624434 np0000157819 nova-scheduler[108299]: DEBUG cotyledon.oslo_config_glue [-] oslo_messaging_rabbit.ssl_ca_file = {{(pid=108299) log_opt_values /opt/stack/data/venv/lib/python3.12/site-packages/oslo_config/cfg.py:3006}}
Mar 05 02:49:40.624434 np0000157819 nova-scheduler[108299]: DEBUG cotyledon.oslo_config_glue [-] oslo_messaging_rabbit.ssl_cert_file = {{(pid=108299) log_opt_values /opt/stack/data/venv/lib/python3.12/site-packages/oslo_config/cfg.py:3006}}
Mar 05 02:49:40.624630 np0000157819 nova-scheduler[108299]: DEBUG cotyledon.oslo_config_glue [-] oslo_messaging_rabbit.ssl_enforce_fips_mode = False {{(pid=108299) log_opt_values /opt/stack/data/venv/lib/python3.12/site-packages/oslo_config/cfg.py:3006}}
Mar 05 02:49:40.624630 np0000157819 nova-scheduler[108299]: DEBUG cotyledon.oslo_config_glue [-] oslo_messaging_rabbit.ssl_key_file = {{(pid=108299) log_opt_values /opt/stack/data/venv/lib/python3.12/site-packages/oslo_config/cfg.py:3006}}
Mar 05 02:49:40.624630 np0000157819 nova-scheduler[108299]: DEBUG cotyledon.oslo_config_glue [-] oslo_messaging_rabbit.ssl_version = {{(pid=108299) log_opt_values /opt/stack/data/venv/lib/python3.12/site-packages/oslo_config/cfg.py:3006}}
Mar 05 02:49:40.624630 np0000157819 nova-scheduler[108299]: DEBUG cotyledon.oslo_config_glue [-] oslo_messaging_rabbit.use_queue_manager = False {{(pid=108299) log_opt_values /opt/stack/data/venv/lib/python3.12/site-packages/oslo_config/cfg.py:3006}}
Mar 05 02:49:40.624630 np0000157819 nova-scheduler[108299]: DEBUG cotyledon.oslo_config_glue [-] oslo_messaging_notifications.driver = ['messagingv2'] {{(pid=108299) log_opt_values /opt/stack/data/venv/lib/python3.12/site-packages/oslo_config/cfg.py:3006}}
Mar 05 02:49:40.624630 np0000157819 nova-scheduler[108299]: DEBUG cotyledon.oslo_config_glue [-] oslo_messaging_notifications.retry = -1 {{(pid=108299) log_opt_values /opt/stack/data/venv/lib/python3.12/site-packages/oslo_config/cfg.py:3006}}
Mar 05 02:49:40.624630 np0000157819 nova-scheduler[108299]: DEBUG cotyledon.oslo_config_glue [-] oslo_messaging_notifications.topics = ['notifications'] {{(pid=108299) log_opt_values /opt/stack/data/venv/lib/python3.12/site-packages/oslo_config/cfg.py:3006}}
Mar 05 02:49:40.624630 np0000157819 nova-scheduler[108299]: DEBUG cotyledon.oslo_config_glue [-] oslo_messaging_notifications.transport_url = **** {{(pid=108299) log_opt_values /opt/stack/data/venv/lib/python3.12/site-packages/oslo_config/cfg.py:3006}}
Mar 05 02:49:40.624630 np0000157819 nova-scheduler[108299]: DEBUG cotyledon.oslo_config_glue [-] oslo_limit.auth_section = None {{(pid=108299) log_opt_values /opt/stack/data/venv/lib/python3.12/site-packages/oslo_config/cfg.py:3006}}
Mar 05 02:49:40.624843 np0000157819 nova-scheduler[108299]: DEBUG cotyledon.oslo_config_glue [-] oslo_limit.auth_type = None {{(pid=108299) log_opt_values /opt/stack/data/venv/lib/python3.12/site-packages/oslo_config/cfg.py:3006}}
Mar 05 02:49:40.624843 np0000157819 nova-scheduler[108299]: DEBUG cotyledon.oslo_config_glue [-] oslo_limit.cafile = None {{(pid=108299) log_opt_values /opt/stack/data/venv/lib/python3.12/site-packages/oslo_config/cfg.py:3006}}
Mar 05 02:49:40.624843 np0000157819 nova-scheduler[108299]: DEBUG cotyledon.oslo_config_glue [-] oslo_limit.certfile = None {{(pid=108299) log_opt_values /opt/stack/data/venv/lib/python3.12/site-packages/oslo_config/cfg.py:3006}}
Mar 05 02:49:40.624843 np0000157819 nova-scheduler[108299]: DEBUG cotyledon.oslo_config_glue [-] oslo_limit.collect_timing = False {{(pid=108299) log_opt_values /opt/stack/data/venv/lib/python3.12/site-packages/oslo_config/cfg.py:3006}}
Mar 05 02:49:40.624843 np0000157819 nova-scheduler[108299]: DEBUG cotyledon.oslo_config_glue [-] oslo_limit.connect_retries = None {{(pid=108299) log_opt_values /opt/stack/data/venv/lib/python3.12/site-packages/oslo_config/cfg.py:3006}}
Mar 05 02:49:40.624843 np0000157819 nova-scheduler[108299]: DEBUG cotyledon.oslo_config_glue [-] oslo_limit.connect_retry_delay = None {{(pid=108299) log_opt_values /opt/stack/data/venv/lib/python3.12/site-packages/oslo_config/cfg.py:3006}}
Mar 05 02:49:40.624843 np0000157819 nova-scheduler[108299]: DEBUG cotyledon.oslo_config_glue [-] oslo_limit.endpoint_id = None {{(pid=108299) log_opt_values /opt/stack/data/venv/lib/python3.12/site-packages/oslo_config/cfg.py:3006}}
Mar 05 02:49:40.624843 np0000157819 nova-scheduler[108299]: DEBUG cotyledon.oslo_config_glue [-] oslo_limit.endpoint_interface = public {{(pid=108299) log_opt_values /opt/stack/data/venv/lib/python3.12/site-packages/oslo_config/cfg.py:3006}}
Mar 05 02:49:40.624843 np0000157819 nova-scheduler[108299]: DEBUG cotyledon.oslo_config_glue [-] oslo_limit.endpoint_override = None {{(pid=108299) log_opt_values /opt/stack/data/venv/lib/python3.12/site-packages/oslo_config/cfg.py:3006}}
Mar 05 02:49:40.625041 np0000157819 nova-scheduler[108299]: DEBUG cotyledon.oslo_config_glue [-] oslo_limit.endpoint_region_name = None {{(pid=108299) log_opt_values /opt/stack/data/venv/lib/python3.12/site-packages/oslo_config/cfg.py:3006}}
Mar 05 02:49:40.625041 np0000157819 nova-scheduler[108299]: DEBUG cotyledon.oslo_config_glue [-] oslo_limit.endpoint_service_name = None {{(pid=108299) log_opt_values /opt/stack/data/venv/lib/python3.12/site-packages/oslo_config/cfg.py:3006}}
Mar 05 02:49:40.625041 np0000157819 nova-scheduler[108299]: DEBUG cotyledon.oslo_config_glue [-] oslo_limit.endpoint_service_type = None {{(pid=108299) log_opt_values /opt/stack/data/venv/lib/python3.12/site-packages/oslo_config/cfg.py:3006}}
Mar 05 02:49:40.625041 np0000157819 nova-scheduler[108299]: DEBUG cotyledon.oslo_config_glue [-] oslo_limit.insecure = False {{(pid=108299) log_opt_values /opt/stack/data/venv/lib/python3.12/site-packages/oslo_config/cfg.py:3006}}
Mar 05 02:49:40.625041 np0000157819 nova-scheduler[108299]: DEBUG cotyledon.oslo_config_glue [-] oslo_limit.keyfile = None {{(pid=108299) log_opt_values /opt/stack/data/venv/lib/python3.12/site-packages/oslo_config/cfg.py:3006}}
Mar 05 02:49:40.625041 np0000157819 nova-scheduler[108299]: DEBUG cotyledon.oslo_config_glue [-] oslo_limit.max_version = None {{(pid=108299) log_opt_values /opt/stack/data/venv/lib/python3.12/site-packages/oslo_config/cfg.py:3006}}
Mar 05 02:49:40.625041 np0000157819 nova-scheduler[108299]: DEBUG cotyledon.oslo_config_glue [-] oslo_limit.min_version = None {{(pid=108299) log_opt_values /opt/stack/data/venv/lib/python3.12/site-packages/oslo_config/cfg.py:3006}}
Mar 05 02:49:40.625041 np0000157819 nova-scheduler[108299]: DEBUG cotyledon.oslo_config_glue [-] oslo_limit.region_name = None {{(pid=108299) log_opt_values /opt/stack/data/venv/lib/python3.12/site-packages/oslo_config/cfg.py:3006}}
Mar 05 02:49:40.625041 np0000157819 nova-scheduler[108299]: DEBUG cotyledon.oslo_config_glue [-] oslo_limit.retriable_status_codes = None {{(pid=108299) log_opt_values /opt/stack/data/venv/lib/python3.12/site-packages/oslo_config/cfg.py:3006}}
Mar 05 02:49:40.625247 np0000157819 nova-scheduler[108299]: DEBUG cotyledon.oslo_config_glue [-] oslo_limit.service_name = None {{(pid=108299) log_opt_values /opt/stack/data/venv/lib/python3.12/site-packages/oslo_config/cfg.py:3006}}
Mar 05 02:49:40.625247 np0000157819 nova-scheduler[108299]: DEBUG cotyledon.oslo_config_glue [-] oslo_limit.service_type = None {{(pid=108299) log_opt_values /opt/stack/data/venv/lib/python3.12/site-packages/oslo_config/cfg.py:3006}}
Mar 05 02:49:40.625247 np0000157819 nova-scheduler[108299]: DEBUG cotyledon.oslo_config_glue [-] oslo_limit.split_loggers = False {{(pid=108299) log_opt_values /opt/stack/data/venv/lib/python3.12/site-packages/oslo_config/cfg.py:3006}}
Mar 05 02:49:40.625247 np0000157819 nova-scheduler[108299]: DEBUG cotyledon.oslo_config_glue [-] oslo_limit.status_code_retries = None {{(pid=108299) log_opt_values /opt/stack/data/venv/lib/python3.12/site-packages/oslo_config/cfg.py:3006}}
Mar 05 02:49:40.625247 np0000157819 nova-scheduler[108299]: DEBUG cotyledon.oslo_config_glue [-] oslo_limit.status_code_retry_delay = None {{(pid=108299) log_opt_values /opt/stack/data/venv/lib/python3.12/site-packages/oslo_config/cfg.py:3006}}
Mar 05 02:49:40.625247 np0000157819 nova-scheduler[108299]: DEBUG cotyledon.oslo_config_glue [-] oslo_limit.timeout = None {{(pid=108299) log_opt_values /opt/stack/data/venv/lib/python3.12/site-packages/oslo_config/cfg.py:3006}}
Mar 05 02:49:40.625247 np0000157819 nova-scheduler[108299]: DEBUG cotyledon.oslo_config_glue [-] oslo_limit.valid_interfaces = None {{(pid=108299) log_opt_values /opt/stack/data/venv/lib/python3.12/site-packages/oslo_config/cfg.py:3006}}
Mar 05 02:49:40.625247 np0000157819 nova-scheduler[108299]: DEBUG cotyledon.oslo_config_glue [-] oslo_limit.version = None {{(pid=108299) log_opt_values /opt/stack/data/venv/lib/python3.12/site-packages/oslo_config/cfg.py:3006}}
Mar 05 02:49:40.625247 np0000157819 nova-scheduler[108299]: DEBUG cotyledon.oslo_config_glue [-] oslo_reports.file_event_handler = None {{(pid=108299) log_opt_values /opt/stack/data/venv/lib/python3.12/site-packages/oslo_config/cfg.py:3006}}
Mar 05 02:49:40.625438 np0000157819 nova-scheduler[108299]: DEBUG cotyledon.oslo_config_glue [-] oslo_reports.file_event_handler_interval = 1 {{(pid=108299) log_opt_values /opt/stack/data/venv/lib/python3.12/site-packages/oslo_config/cfg.py:3006}}
Mar 05 02:49:40.625438 np0000157819 nova-scheduler[108299]: DEBUG cotyledon.oslo_config_glue [-] oslo_reports.log_dir = None {{(pid=108299) log_opt_values /opt/stack/data/venv/lib/python3.12/site-packages/oslo_config/cfg.py:3006}}
Mar 05 02:49:40.625438 np0000157819 nova-scheduler[108299]: DEBUG cotyledon.oslo_config_glue [-] ******************************************************************************** {{(pid=108299) log_opt_values /opt/stack/data/venv/lib/python3.12/site-packages/oslo_config/cfg.py:3013}}
Mar 05 02:49:40.625438 np0000157819 nova-scheduler[108299]: DEBUG cotyledon._service_worker [-] Run service ServiceWrapper(3) [108299] {{(pid=108299) wait_forever /opt/stack/data/venv/lib/python3.12/site-packages/cotyledon/_service_worker.py:218}}
Mar 05 02:49:40.625438 np0000157819 nova-scheduler[108299]: INFO nova.service [-] Starting scheduler node (version 32.1.0)
Mar 05 02:49:40.625631 np0000157819 nova-scheduler[108292]: DEBUG oslo_db.sqlalchemy.engines [None req-b1ba9072-c341-4377-8e1c-df2f960da728 None None] MySQL server mode set to STRICT_TRANS_TABLES,STRICT_ALL_TABLES,NO_ZERO_IN_DATE,NO_ZERO_DATE,ERROR_FOR_DIVISION_BY_ZERO,TRADITIONAL,NO_ENGINE_SUBSTITUTION {{(pid=108292) _check_effective_sql_mode /opt/stack/data/venv/lib/python3.12/site-packages/oslo_db/sqlalchemy/engines.py:325}}
Mar 05 02:49:40.625668 np0000157819 nova-scheduler[108299]: INFO dbcounter [None req-9d49b82c-7eab-4e81-bbed-97d7636c6398 None None] Registered counter for database nova_cell0
Mar 05 02:49:40.625701 np0000157819 nova-scheduler[108292]: DEBUG dbcounter [-] [108292] Writer thread running {{(pid=108292) stat_writer /opt/stack/data/venv/lib/python3.12/site-packages/dbcounter.py:102}}
Mar 05 02:49:40.625736 np0000157819 nova-scheduler[108299]: DEBUG oslo_db.sqlalchemy.engines [None req-9d49b82c-7eab-4e81-bbed-97d7636c6398 None None] MySQL server mode set to STRICT_TRANS_TABLES,STRICT_ALL_TABLES,NO_ZERO_IN_DATE,NO_ZERO_DATE,ERROR_FOR_DIVISION_BY_ZERO,TRADITIONAL,NO_ENGINE_SUBSTITUTION {{(pid=108299) _check_effective_sql_mode /opt/stack/data/venv/lib/python3.12/site-packages/oslo_db/sqlalchemy/engines.py:325}}
Mar 05 02:49:40.625736 np0000157819 nova-scheduler[108299]: DEBUG dbcounter [-] [108299] Writer thread running {{(pid=108299) stat_writer /opt/stack/data/venv/lib/python3.12/site-packages/dbcounter.py:102}}
Mar 05 02:49:40.875711 np0000157819 nova-scheduler[108275]: DEBUG nova.service [None req-a4c3380f-caa9-4002-b14d-1fde2b602fd6 None None] Creating RPC server for service: nova-scheduler on topic: scheduler {{(pid=108275) start /opt/stack/nova/nova/service.py:195}}
Mar 05 02:49:40.882059 np0000157819 nova-scheduler[108299]: DEBUG nova.service [None req-9d49b82c-7eab-4e81-bbed-97d7636c6398 None None] Creating RPC server for service: nova-scheduler on topic: scheduler {{(pid=108299) start /opt/stack/nova/nova/service.py:195}}
Mar 05 02:49:40.887886 np0000157819 nova-scheduler[108282]: DEBUG nova.service [None req-1b33095e-7f24-43e8-8184-6a52489f58b4 None None] Creating RPC server for service: nova-scheduler on topic: scheduler {{(pid=108282) start /opt/stack/nova/nova/service.py:195}}
Mar 05 02:49:40.889627 np0000157819 nova-scheduler[108292]: DEBUG nova.service [None req-b1ba9072-c341-4377-8e1c-df2f960da728 None None] Creating RPC server for service: nova-scheduler on topic: scheduler {{(pid=108292) start /opt/stack/nova/nova/service.py:195}}
Mar 05 02:49:40.906461 np0000157819 nova-scheduler[108275]: DEBUG nova.service [None req-a4c3380f-caa9-4002-b14d-1fde2b602fd6 None None] Join ServiceGroup membership for this service scheduler {{(pid=108275) start /opt/stack/nova/nova/service.py:221}}
Mar 05 02:49:40.906820 np0000157819 nova-scheduler[108275]: DEBUG nova.servicegroup.drivers.db [None req-a4c3380f-caa9-4002-b14d-1fde2b602fd6 None None] DB_Driver: join new ServiceGroup member np0000157819 to the scheduler group, service = {{(pid=108275) join /opt/stack/nova/nova/servicegroup/drivers/db.py:44}}
Mar 05 02:49:40.912985 np0000157819 nova-scheduler[108299]: DEBUG nova.service [None req-9d49b82c-7eab-4e81-bbed-97d7636c6398 None None] Join ServiceGroup membership for this service scheduler {{(pid=108299) start /opt/stack/nova/nova/service.py:221}}
Mar 05 02:49:40.913242 np0000157819 nova-scheduler[108299]: DEBUG nova.servicegroup.drivers.db [None req-9d49b82c-7eab-4e81-bbed-97d7636c6398 None None] DB_Driver: join new ServiceGroup member np0000157819 to the scheduler group, service = {{(pid=108299) join /opt/stack/nova/nova/servicegroup/drivers/db.py:44}}
Mar 05 02:49:40.914504 np0000157819 nova-scheduler[108282]: DEBUG nova.service [None req-1b33095e-7f24-43e8-8184-6a52489f58b4 None None] Join ServiceGroup membership for this service scheduler {{(pid=108282) start /opt/stack/nova/nova/service.py:221}}
Mar 05 02:49:40.914848 np0000157819 nova-scheduler[108282]: DEBUG nova.servicegroup.drivers.db [None req-1b33095e-7f24-43e8-8184-6a52489f58b4 None None] DB_Driver: join new ServiceGroup member np0000157819 to the scheduler group, service = {{(pid=108282) join /opt/stack/nova/nova/servicegroup/drivers/db.py:44}}
Mar 05 02:49:40.919297 np0000157819 nova-scheduler[108292]: DEBUG nova.service [None req-b1ba9072-c341-4377-8e1c-df2f960da728 None None] Join ServiceGroup membership for this service scheduler {{(pid=108292) start /opt/stack/nova/nova/service.py:221}}
Mar 05 02:49:40.919645 np0000157819 nova-scheduler[108292]: DEBUG nova.servicegroup.drivers.db [None req-b1ba9072-c341-4377-8e1c-df2f960da728 None None] DB_Driver: join new ServiceGroup member np0000157819 to the scheduler group, service = {{(pid=108292) join /opt/stack/nova/nova/servicegroup/drivers/db.py:44}}
Mar 05 02:49:45.933060 np0000157819 nova-scheduler[108275]: DEBUG oslo.service.backend._threading.loopingcall [-] Fixed interval looping call 'nova.servicegroup.drivers.db.DbDriver._report_state' sleeping for 119.98 seconds {{(pid=108275) _run_loop /opt/stack/data/venv/lib/python3.12/site-packages/oslo_service/backend/_threading/loopingcall.py:125}}
Mar 05 02:49:45.934459 np0000157819 nova-scheduler[108299]: DEBUG oslo.service.backend._threading.loopingcall [-] Fixed interval looping call 'nova.servicegroup.drivers.db.DbDriver._report_state' sleeping for 119.98 seconds {{(pid=108299) _run_loop /opt/stack/data/venv/lib/python3.12/site-packages/oslo_service/backend/_threading/loopingcall.py:125}}
Mar 05 02:49:45.934994 np0000157819 nova-scheduler[108282]: DEBUG oslo.service.backend._threading.loopingcall [-] Fixed interval looping call 'nova.servicegroup.drivers.db.DbDriver._report_state' sleeping for 119.98 seconds {{(pid=108282) _run_loop /opt/stack/data/venv/lib/python3.12/site-packages/oslo_service/backend/_threading/loopingcall.py:125}}
Mar 05 02:49:45.935474 np0000157819 nova-scheduler[108292]: DEBUG oslo.service.backend._threading.loopingcall [-] Fixed interval looping call 'nova.servicegroup.drivers.db.DbDriver._report_state' sleeping for 119.99 seconds {{(pid=108292) _run_loop /opt/stack/data/venv/lib/python3.12/site-packages/oslo_service/backend/_threading/loopingcall.py:125}}
Mar 05 02:49:49.232248 np0000157819 nova-scheduler[107585]: DEBUG dbcounter [-] [107585] Writing DB stats nova_api:SELECT=3 {{(pid=107585) stat_writer /opt/stack/data/venv/lib/python3.12/site-packages/dbcounter.py:115}}
Mar 05 02:49:49.332489 np0000157819 nova-scheduler[107585]: DEBUG dbcounter [-] [107585] Writing DB stats nova_cell1:SELECT=1 {{(pid=107585) stat_writer /opt/stack/data/venv/lib/python3.12/site-packages/dbcounter.py:115}}
Mar 05 02:49:49.341493 np0000157819 nova-scheduler[107585]: DEBUG dbcounter [-] [107585] Writing DB stats nova_cell0:SELECT=1 {{(pid=107585) stat_writer /opt/stack/data/venv/lib/python3.12/site-packages/dbcounter.py:115}}
Mar 05 02:49:55.927007 np0000157819 nova-scheduler[108275]: DEBUG dbcounter [-] [108275] Writing DB stats nova_cell0:SELECT=4,nova_cell0:INSERT=1,nova_cell0:UPDATE=1 {{(pid=108275) stat_writer /opt/stack/data/venv/lib/python3.12/site-packages/dbcounter.py:115}}
Mar 05 02:49:55.929164 np0000157819 nova-scheduler[108299]: DEBUG dbcounter [-] [108299] Writing DB stats nova_cell0:SELECT=5,nova_cell0:INSERT=1,nova_cell0:UPDATE=1 {{(pid=108299) stat_writer /opt/stack/data/venv/lib/python3.12/site-packages/dbcounter.py:115}}
Mar 05 02:49:55.930113 np0000157819 nova-scheduler[108282]: DEBUG dbcounter [-] [108282] Writing DB stats nova_cell0:SELECT=5,nova_cell0:INSERT=1,nova_cell0:UPDATE=1 {{(pid=108282) stat_writer /opt/stack/data/venv/lib/python3.12/site-packages/dbcounter.py:115}}
Mar 05 02:49:55.931926 np0000157819 nova-scheduler[108292]: DEBUG dbcounter [-] [108292] Writing DB stats nova_cell0:SELECT=5,nova_cell0:INSERT=1,nova_cell0:UPDATE=1 {{(pid=108292) stat_writer /opt/stack/data/venv/lib/python3.12/site-packages/dbcounter.py:115}}
Mar 05 02:49:57.916158 np0000157819 nova-scheduler[108299]: DEBUG oslo.service.backend._threading.loopingcall [None req-68308168-74b8-482b-ab15-21ef0acf1aed None None] Dynamic interval looping call 'nova.service.Service.periodic_tasks' sleeping for 60.00 seconds {{(pid=108299) _run_loop /opt/stack/data/venv/lib/python3.12/site-packages/oslo_service/backend/_threading/loopingcall.py:125}}
Mar 05 02:50:14.910873 np0000157819 nova-scheduler[108275]: DEBUG oslo.service.backend._threading.loopingcall [None req-0987ab07-cab7-41b0-8032-d8ad0d4ba380 None None] Dynamic interval looping call 'nova.service.Service.periodic_tasks' sleeping for 60.00 seconds {{(pid=108275) _run_loop /opt/stack/data/venv/lib/python3.12/site-packages/oslo_service/backend/_threading/loopingcall.py:125}}
Mar 05 02:50:26.922982 np0000157819 nova-scheduler[108292]: DEBUG oslo.service.backend._threading.loopingcall [None req-9368772c-2e7f-4beb-a4cb-d44837ca34aa None None] Dynamic interval looping call 'nova.service.Service.periodic_tasks' sleeping for 60.00 seconds {{(pid=108292) _run_loop /opt/stack/data/venv/lib/python3.12/site-packages/oslo_service/backend/_threading/loopingcall.py:125}}
Mar 05 02:50:40.920157 np0000157819 nova-scheduler[108282]: DEBUG oslo.service.backend._threading.loopingcall [None req-8c0b5832-bcb9-43cb-aa61-5b6ff924abcd None None] Dynamic interval looping call 'nova.service.Service.periodic_tasks' sleeping for 60.00 seconds {{(pid=108282) _run_loop /opt/stack/data/venv/lib/python3.12/site-packages/oslo_service/backend/_threading/loopingcall.py:125}}
Mar 05 02:50:57.917075 np0000157819 nova-scheduler[108299]: DEBUG oslo.service.backend._threading.loopingcall [None req-68308168-74b8-482b-ab15-21ef0acf1aed None None] Dynamic interval looping call 'nova.service.Service.periodic_tasks' sleeping for 60.00 seconds {{(pid=108299) _run_loop /opt/stack/data/venv/lib/python3.12/site-packages/oslo_service/backend/_threading/loopingcall.py:125}}
Mar 05 02:51:14.911625 np0000157819 nova-scheduler[108275]: DEBUG oslo.service.backend._threading.loopingcall [None req-0987ab07-cab7-41b0-8032-d8ad0d4ba380 None None] Dynamic interval looping call 'nova.service.Service.periodic_tasks' sleeping for 60.00 seconds {{(pid=108275) _run_loop /opt/stack/data/venv/lib/python3.12/site-packages/oslo_service/backend/_threading/loopingcall.py:125}}
Mar 05 02:51:26.923773 np0000157819 nova-scheduler[108292]: DEBUG oslo.service.backend._threading.loopingcall [None req-9368772c-2e7f-4beb-a4cb-d44837ca34aa None None] Dynamic interval looping call 'nova.service.Service.periodic_tasks' sleeping for 60.00 seconds {{(pid=108292) _run_loop /opt/stack/data/venv/lib/python3.12/site-packages/oslo_service/backend/_threading/loopingcall.py:125}}
Mar 05 02:51:40.920689 np0000157819 nova-scheduler[108282]: DEBUG oslo.service.backend._threading.loopingcall [None req-8c0b5832-bcb9-43cb-aa61-5b6ff924abcd None None] Dynamic interval looping call 'nova.service.Service.periodic_tasks' sleeping for 60.00 seconds {{(pid=108282) _run_loop /opt/stack/data/venv/lib/python3.12/site-packages/oslo_service/backend/_threading/loopingcall.py:125}}
Mar 05 02:51:45.924795 np0000157819 nova-scheduler[108275]: DEBUG oslo.service.backend._threading.loopingcall [-] Fixed interval looping call 'nova.servicegroup.drivers.db.DbDriver._report_state' sleeping for 119.99 seconds {{(pid=108275) _run_loop /opt/stack/data/venv/lib/python3.12/site-packages/oslo_service/backend/_threading/loopingcall.py:125}}
Mar 05 02:51:45.925438 np0000157819 nova-scheduler[108282]: DEBUG oslo.service.backend._threading.loopingcall [-] Fixed interval looping call 'nova.servicegroup.drivers.db.DbDriver._report_state' sleeping for 119.99 seconds {{(pid=108282) _run_loop /opt/stack/data/venv/lib/python3.12/site-packages/oslo_service/backend/_threading/loopingcall.py:125}}
Mar 05 02:51:45.925990 np0000157819 nova-scheduler[108299]: DEBUG oslo.service.backend._threading.loopingcall [-] Fixed interval looping call 'nova.servicegroup.drivers.db.DbDriver._report_state' sleeping for 119.99 seconds {{(pid=108299) _run_loop /opt/stack/data/venv/lib/python3.12/site-packages/oslo_service/backend/_threading/loopingcall.py:125}}
Mar 05 02:51:45.929193 np0000157819 nova-scheduler[108292]: DEBUG oslo.service.backend._threading.loopingcall [-] Fixed interval looping call 'nova.servicegroup.drivers.db.DbDriver._report_state' sleeping for 120.00 seconds {{(pid=108292) _run_loop /opt/stack/data/venv/lib/python3.12/site-packages/oslo_service/backend/_threading/loopingcall.py:125}}
Mar 05 02:51:55.918581 np0000157819 nova-scheduler[108275]: DEBUG dbcounter [-] [108275] Writing DB stats nova_cell0:SELECT=1,nova_cell0:UPDATE=1 {{(pid=108275) stat_writer /opt/stack/data/venv/lib/python3.12/site-packages/dbcounter.py:115}}
Mar 05 02:51:55.919625 np0000157819 nova-scheduler[108282]: DEBUG dbcounter [-] [108282] Writing DB stats nova_cell0:SELECT=1,nova_cell0:UPDATE=1 {{(pid=108282) stat_writer /opt/stack/data/venv/lib/python3.12/site-packages/dbcounter.py:115}}
Mar 05 02:51:55.920196 np0000157819 nova-scheduler[108299]: DEBUG dbcounter [-] [108299] Writing DB stats nova_cell0:SELECT=1,nova_cell0:UPDATE=1 {{(pid=108299) stat_writer /opt/stack/data/venv/lib/python3.12/site-packages/dbcounter.py:115}}
Mar 05 02:51:55.927408 np0000157819 nova-scheduler[108292]: DEBUG dbcounter [-] [108292] Writing DB stats nova_cell0:SELECT=1 {{(pid=108292) stat_writer /opt/stack/data/venv/lib/python3.12/site-packages/dbcounter.py:115}}
Mar 05 02:51:57.918451 np0000157819 nova-scheduler[108299]: DEBUG oslo.service.backend._threading.loopingcall [None req-68308168-74b8-482b-ab15-21ef0acf1aed None None] Dynamic interval looping call 'nova.service.Service.periodic_tasks' sleeping for 60.00 seconds {{(pid=108299) _run_loop /opt/stack/data/venv/lib/python3.12/site-packages/oslo_service/backend/_threading/loopingcall.py:125}}
Mar 05 02:52:14.912499 np0000157819 nova-scheduler[108275]: DEBUG oslo.service.backend._threading.loopingcall [None req-0987ab07-cab7-41b0-8032-d8ad0d4ba380 None None] Dynamic interval looping call 'nova.service.Service.periodic_tasks' sleeping for 60.00 seconds {{(pid=108275) _run_loop /opt/stack/data/venv/lib/python3.12/site-packages/oslo_service/backend/_threading/loopingcall.py:125}}
Mar 05 02:52:26.928034 np0000157819 nova-scheduler[108292]: DEBUG oslo.service.backend._threading.loopingcall [None req-9368772c-2e7f-4beb-a4cb-d44837ca34aa None None] Dynamic interval looping call 'nova.service.Service.periodic_tasks' sleeping for 60.00 seconds {{(pid=108292) _run_loop /opt/stack/data/venv/lib/python3.12/site-packages/oslo_service/backend/_threading/loopingcall.py:125}}
Mar 05 02:52:40.921616 np0000157819 nova-scheduler[108282]: DEBUG oslo.service.backend._threading.loopingcall [None req-8c0b5832-bcb9-43cb-aa61-5b6ff924abcd None None] Dynamic interval looping call 'nova.service.Service.periodic_tasks' sleeping for 60.00 seconds {{(pid=108282) _run_loop /opt/stack/data/venv/lib/python3.12/site-packages/oslo_service/backend/_threading/loopingcall.py:125}}
Mar 05 02:52:57.918667 np0000157819 nova-scheduler[108299]: DEBUG oslo.service.backend._threading.loopingcall [None req-68308168-74b8-482b-ab15-21ef0acf1aed None None] Dynamic interval looping call 'nova.service.Service.periodic_tasks' sleeping for 60.00 seconds {{(pid=108299) _run_loop /opt/stack/data/venv/lib/python3.12/site-packages/oslo_service/backend/_threading/loopingcall.py:125}}
Mar 05 02:53:14.914276 np0000157819 nova-scheduler[108275]: DEBUG oslo.service.backend._threading.loopingcall [None req-0987ab07-cab7-41b0-8032-d8ad0d4ba380 None None] Dynamic interval looping call 'nova.service.Service.periodic_tasks' sleeping for 60.00 seconds {{(pid=108275) _run_loop /opt/stack/data/venv/lib/python3.12/site-packages/oslo_service/backend/_threading/loopingcall.py:125}}
Mar 05 02:53:26.929265 np0000157819 nova-scheduler[108292]: DEBUG oslo.service.backend._threading.loopingcall [None req-9368772c-2e7f-4beb-a4cb-d44837ca34aa None None] Dynamic interval looping call 'nova.service.Service.periodic_tasks' sleeping for 60.00 seconds {{(pid=108292) _run_loop /opt/stack/data/venv/lib/python3.12/site-packages/oslo_service/backend/_threading/loopingcall.py:125}}
Mar 05 02:53:40.922354 np0000157819 nova-scheduler[108282]: DEBUG oslo.service.backend._threading.loopingcall [None req-8c0b5832-bcb9-43cb-aa61-5b6ff924abcd None None] Dynamic interval looping call 'nova.service.Service.periodic_tasks' sleeping for 60.00 seconds {{(pid=108282) _run_loop /opt/stack/data/venv/lib/python3.12/site-packages/oslo_service/backend/_threading/loopingcall.py:125}}
Mar 05 02:53:45.886520 np0000157819 nova-scheduler[108275]: DEBUG nova.scheduler.manager [None req-6d709114-b54e-4c4d-befd-281ccd02073f demo demo] Starting to schedule for instances: ['6456a069-78e8-4ee7-bb08-5701b84a0b4f'] {{(pid=108275) select_destinations /opt/stack/nova/nova/scheduler/manager.py:210}}
Mar 05 02:53:45.889073 np0000157819 nova-scheduler[108275]: DEBUG oslo_db.sqlalchemy.engines [None req-6d709114-b54e-4c4d-befd-281ccd02073f demo demo] Parent process 107585 forked (108275) with an open database connection, which is being discarded and recreated. {{(pid=108275) checkout /opt/stack/data/venv/lib/python3.12/site-packages/oslo_db/sqlalchemy/engines.py:402}}
Mar 05 02:53:45.897269 np0000157819 nova-scheduler[108275]: DEBUG dbcounter [-] [108275] Writer thread running {{(pid=108275) stat_writer /opt/stack/data/venv/lib/python3.12/site-packages/dbcounter.py:102}}
Mar 05 02:53:45.899716 np0000157819 nova-scheduler[108275]: DEBUG nova.scheduler.request_filter [None req-6d709114-b54e-4c4d-befd-281ccd02073f demo demo] Request filter 'map_az_to_placement_aggregate' took 0.0 seconds {{(pid=108275) wrapper /opt/stack/nova/nova/scheduler/request_filter.py:46}}
Mar 05 02:53:45.900013 np0000157819 nova-scheduler[108275]: DEBUG nova.scheduler.request_filter [None req-6d709114-b54e-4c4d-befd-281ccd02073f demo demo] compute_status_filter request filter added forbidden trait COMPUTE_STATUS_DISABLED {{(pid=108275) compute_status_filter /opt/stack/nova/nova/scheduler/request_filter.py:253}}
Mar 05 02:53:45.900138 np0000157819 nova-scheduler[108275]: DEBUG nova.scheduler.request_filter [None req-6d709114-b54e-4c4d-befd-281ccd02073f demo demo] Request filter 'compute_status_filter' took 0.0 seconds {{(pid=108275) wrapper /opt/stack/nova/nova/scheduler/request_filter.py:46}}
Mar 05 02:53:45.900284 np0000157819 nova-scheduler[108275]: DEBUG nova.scheduler.request_filter [None req-6d709114-b54e-4c4d-befd-281ccd02073f demo demo] Request filter 'accelerators_filter' took 0.0 seconds {{(pid=108275) wrapper /opt/stack/nova/nova/scheduler/request_filter.py:46}}
Mar 05 02:53:45.900578 np0000157819 nova-scheduler[108275]: DEBUG nova.scheduler.request_filter [None req-6d709114-b54e-4c4d-befd-281ccd02073f demo demo] Request filter 'packed_virtqueue_filter' took 0.0 seconds {{(pid=108275) wrapper /opt/stack/nova/nova/scheduler/request_filter.py:46}}
Mar 05 02:53:45.902906 np0000157819 nova-scheduler[108275]: WARNING neutronclient.v2_0.client [None req-6d709114-b54e-4c4d-befd-281ccd02073f demo demo] The python binding code in neutronclient is deprecated in favor of OpenstackSDK, please use that as this will be removed in a future release.
Mar 05 02:53:45.927034 np0000157819 nova-scheduler[108275]: DEBUG oslo.service.backend._threading.loopingcall [-] Fixed interval looping call 'nova.servicegroup.drivers.db.DbDriver._report_state' sleeping for 119.99 seconds {{(pid=108275) _run_loop /opt/stack/data/venv/lib/python3.12/site-packages/oslo_service/backend/_threading/loopingcall.py:125}}
