Mar 23 06:14:10.159181 np0000160339 devstack@neutron-api.service[102292]: INFO neutron.api.extensions [None req-7a8955cd-84f7-4dba-ba00-ae06b30830db None None] Extension port-hardware-offload-type not supported by any of loaded plugins
Mar 23 06:14:10.159270 np0000160339 devstack@neutron-api.service[102292]: DEBUG neutron.api.extensions [None req-7a8955cd-84f7-4dba-ba00-ae06b30830db None None] Loading extension file: port_hint_ovs_tx_steering.py {{(pid=102292) _load_all_extensions_from_path /opt/stack/neutron/neutron/api/extensions.py:449}}
Mar 23 06:14:10.159497 np0000160339 devstack@neutron-api.service[102292]: DEBUG neutron.api.extensions [None req-7a8955cd-84f7-4dba-ba00-ae06b30830db None None] Ext name="Port hint: Open vSwitch Tx steering" alias="port-hint-ovs-tx-steering" description="Enable Port hint: Open vSwitch Tx steering" updated="2023-01-01T00:00:00-00:00" {{(pid=102292) _check_extension /opt/stack/neutron/neutron/api/extensions.py:415}}
Mar 23 06:14:10.159566 np0000160339 devstack@neutron-api.service[102290]: INFO neutron.quota [None req-1222f59f-3651-4cb8-a3b6-250812051f90 None None] Loaded quota_driver: .
Mar 23 06:14:10.159642 np0000160339 devstack@neutron-api.service[102290]: INFO neutron.plugins.ml2.plugin [None req-1222f59f-3651-4cb8-a3b6-250812051f90 None None] Modular L2 Plugin initialization complete
Mar 23 06:14:10.159693 np0000160339 devstack@neutron-api.service[102292]: INFO neutron.api.extensions [None req-7a8955cd-84f7-4dba-ba00-ae06b30830db None None] Extension port-hint-ovs-tx-steering not supported by any of loaded plugins
Mar 23 06:14:10.159738 np0000160339 devstack@neutron-api.service[102290]: DEBUG neutron.manager [None req-1222f59f-3651-4cb8-a3b6-250812051f90 None None] Loading services supported by the core plugin {{(pid=102290) _load_services_from_core_plugin /opt/stack/neutron/neutron/manager.py:169}}
Mar 23 06:14:10.159777 np0000160339 devstack@neutron-api.service[102292]: DEBUG neutron.api.extensions [None req-7a8955cd-84f7-4dba-ba00-ae06b30830db None None] Loading extension file: port_hints.py {{(pid=102292) _load_all_extensions_from_path /opt/stack/neutron/neutron/api/extensions.py:449}}
Mar 23 06:14:10.159855 np0000160339 devstack@neutron-api.service[102290]: INFO neutron.plugins.ml2.managers [None req-1222f59f-3651-4cb8-a3b6-250812051f90 None None] Got port-security extension from driver 'port_security'
Mar 23 06:14:10.159988 np0000160339 devstack@neutron-api.service[102292]: DEBUG neutron.api.extensions [None req-7a8955cd-84f7-4dba-ba00-ae06b30830db None None] Ext name="Port hints" alias="port-hints" description="Backend specific port hints to allow backend specific tuning" updated="2023-01-01T00:00:00-00:00" {{(pid=102292) _check_extension /opt/stack/neutron/neutron/api/extensions.py:415}}
Mar 23 06:14:10.160120 np0000160339 devstack@neutron-api.service[102290]: DEBUG neutron.manager [None req-1222f59f-3651-4cb8-a3b6-250812051f90 None None] Loading service plugins: ['ovn-router', 'auto_allocate', 'tag', 'timestamp', 'network_ip_availability', 'flavors', 'revisions'] {{(pid=102290) _load_service_plugins /opt/stack/neutron/neutron/manager.py:194}}
Mar 23 06:14:10.160176 np0000160339 devstack@neutron-api.service[102292]: INFO neutron.api.extensions [None req-7a8955cd-84f7-4dba-ba00-ae06b30830db None None] Extension port-hints not supported by any of loaded plugins
Mar 23 06:14:10.160218 np0000160339 devstack@neutron-api.service[102290]: INFO neutron.manager [None req-1222f59f-3651-4cb8-a3b6-250812051f90 None None] Loading Plugin: ovn-router
Mar 23 06:14:10.160262 np0000160339 devstack@neutron-api.service[102292]: DEBUG neutron.api.extensions [None req-7a8955cd-84f7-4dba-ba00-ae06b30830db None None] Loading extension file: port_mac_address_override.py {{(pid=102292) _load_all_extensions_from_path /opt/stack/neutron/neutron/api/extensions.py:449}}
Mar 23 06:14:10.160467 np0000160339 devstack@neutron-api.service[102292]: DEBUG neutron.api.extensions [None req-7a8955cd-84f7-4dba-ba00-ae06b30830db None None] Ext name="Neutron Port MAC address override" alias="port-mac-override" description="Allow overriding the MAC address of a direct-physical Port via the active binding profile" updated="2022-03-18T10:00:00-00:00" {{(pid=102292) _check_extension /opt/stack/neutron/neutron/api/extensions.py:415}}
Mar 23 06:14:10.160650 np0000160339 devstack@neutron-api.service[102292]: INFO neutron.api.extensions [None req-7a8955cd-84f7-4dba-ba00-ae06b30830db None None] Extension port-mac-override not supported by any of loaded plugins
Mar 23 06:14:10.160741 np0000160339 devstack@neutron-api.service[102292]: DEBUG neutron.api.extensions [None req-7a8955cd-84f7-4dba-ba00-ae06b30830db None None] Loading extension file: port_mac_address_regenerate.py {{(pid=102292) _load_all_extensions_from_path /opt/stack/neutron/neutron/api/extensions.py:449}}
Mar 23 06:14:10.160986 np0000160339 devstack@neutron-api.service[102292]: DEBUG neutron.api.extensions [None req-7a8955cd-84f7-4dba-ba00-ae06b30830db None None] Ext name="Neutron Port MAC address regenerate" alias="port-mac-address-regenerate" description="Network port MAC address regenerate" updated="2018-05-03T10:00:00-00:00" {{(pid=102292) _check_extension /opt/stack/neutron/neutron/api/extensions.py:415}}
Mar 23 06:14:10.161150 np0000160339 devstack@neutron-api.service[102292]: INFO neutron.api.extensions [None req-7a8955cd-84f7-4dba-ba00-ae06b30830db None None] Loaded extension: port-mac-address-regenerate
Mar 23 06:14:10.161236 np0000160339 devstack@neutron-api.service[102292]: DEBUG neutron.api.extensions [None req-7a8955cd-84f7-4dba-ba00-ae06b30830db None None] Loading extension file: port_numa_affinity_policy.py {{(pid=102292) _load_all_extensions_from_path /opt/stack/neutron/neutron/api/extensions.py:449}}
Mar 23 06:14:10.161470 np0000160339 devstack@neutron-api.service[102292]: DEBUG neutron.api.extensions [None req-7a8955cd-84f7-4dba-ba00-ae06b30830db None None] Ext name="Port NUMA affinity policy" alias="port-numa-affinity-policy" description="Expose the port NUMA affinity policy" updated="2020-07-08T10:00:00-00:00" {{(pid=102292) _check_extension /opt/stack/neutron/neutron/api/extensions.py:415}}
Mar 23 06:14:10.161653 np0000160339 devstack@neutron-api.service[102292]: INFO neutron.api.extensions [None req-7a8955cd-84f7-4dba-ba00-ae06b30830db None None] Loaded extension: port-numa-affinity-policy
Mar 23 06:14:10.161716 np0000160339 devstack@neutron-api.service[102289]: DEBUG neutron.services.provider_configuration [None req-929cd7c2-40ba-4884-96bc-fd36f1140f88 None None] Service providers = [] {{(pid=102289) parse_service_provider_opt /opt/stack/neutron/neutron/services/provider_configuration.py:171}}
Mar 23 06:14:10.161770 np0000160339 devstack@neutron-api.service[102292]: DEBUG neutron.api.extensions [None req-7a8955cd-84f7-4dba-ba00-ae06b30830db None None] Loading extension file: port_numa_affinity_policy_socket.py {{(pid=102292) _load_all_extensions_from_path /opt/stack/neutron/neutron/api/extensions.py:449}}
Mar 23 06:14:10.161813 np0000160339 devstack@neutron-api.service[102289]: DEBUG neutron.db.servicetype_db [None req-929cd7c2-40ba-4884-96bc-fd36f1140f88 None None] Adding provider configuration for service L3_ROUTER_NAT {{(pid=102289) add_provider_configuration /opt/stack/neutron/neutron/db/servicetype_db.py:42}}
Mar 23 06:14:10.161977 np0000160339 devstack@neutron-api.service[102292]: DEBUG neutron.api.extensions [None req-7a8955cd-84f7-4dba-ba00-ae06b30830db None None] Ext name="Port NUMA affinity policy "socket"" alias="port-numa-affinity-policy-socket" description="Adds "socket" to the supported port NUMA affinity policies" updated="2024-02-09T10:00:00-00:00" {{(pid=102292) _check_extension /opt/stack/neutron/neutron/api/extensions.py:415}}
Mar 23 06:14:10.162145 np0000160339 devstack@neutron-api.service[102292]: INFO neutron.api.extensions [None req-7a8955cd-84f7-4dba-ba00-ae06b30830db None None] Loaded extension: port-numa-affinity-policy-socket
Mar 23 06:14:10.162233 np0000160339 devstack@neutron-api.service[102292]: DEBUG neutron.api.extensions [None req-7a8955cd-84f7-4dba-ba00-ae06b30830db None None] Loading extension file: port_resource_request.py {{(pid=102292) _load_all_extensions_from_path /opt/stack/neutron/neutron/api/extensions.py:449}}
Mar 23 06:14:10.162462 np0000160339 devstack@neutron-api.service[102292]: DEBUG neutron.api.extensions [None req-7a8955cd-84f7-4dba-ba00-ae06b30830db None None] Ext name="Port Resource Request" alias="port-resource-request" description="Expose resource request to Port" updated="2018-05-08T10:00:00-00:00" {{(pid=102292) _check_extension /opt/stack/neutron/neutron/api/extensions.py:415}}
Mar 23 06:14:10.162647 np0000160339 devstack@neutron-api.service[102292]: INFO neutron.api.extensions [None req-7a8955cd-84f7-4dba-ba00-ae06b30830db None None] Extension port-resource-request not supported by any of loaded plugins
Mar 23 06:14:10.162737 np0000160339 devstack@neutron-api.service[102292]: DEBUG neutron.api.extensions [None req-7a8955cd-84f7-4dba-ba00-ae06b30830db None None] Loading extension file: port_resource_request_groups.py {{(pid=102292) _load_all_extensions_from_path /opt/stack/neutron/neutron/api/extensions.py:449}}
Mar 23 06:14:10.162972 np0000160339 devstack@neutron-api.service[102292]: DEBUG neutron.api.extensions [None req-7a8955cd-84f7-4dba-ba00-ae06b30830db None None] Ext name="Port Resource Request Groups" alias="port-resource-request-groups" description="Support requesting multiple groups of resources and traits from the same RP subtree in resource_request" updated="2021-08-02T10:00:00-00:00" {{(pid=102292) _check_extension /opt/stack/neutron/neutron/api/extensions.py:415}}
Mar 23 06:14:10.163115 np0000160339 devstack@neutron-api.service[102289]: DEBUG neutron_lib.callbacks.manager [None req-929cd7c2-40ba-4884-96bc-fd36f1140f88 None None] Subscribe: > router precommit_create 55549900, False {{(pid=102289) subscribe /opt/stack/data/venv/lib/python3.12/site-packages/neutron_lib/callbacks/manager.py:52}}
Mar 23 06:14:10.163175 np0000160339 devstack@neutron-api.service[102292]: INFO neutron.api.extensions [None req-7a8955cd-84f7-4dba-ba00-ae06b30830db None None] Extension port-resource-request-groups not supported by any of loaded plugins
Mar 23 06:14:10.163221 np0000160339 devstack@neutron-api.service[102289]: DEBUG neutron_lib.callbacks.manager [None req-929cd7c2-40ba-4884-96bc-fd36f1140f88 None None] Subscribe: > router_interface after_create 55550000, False {{(pid=102289) subscribe /opt/stack/data/venv/lib/python3.12/site-packages/neutron_lib/callbacks/manager.py:52}}
Mar 23 06:14:10.163265 np0000160339 devstack@neutron-api.service[102292]: DEBUG neutron.api.extensions [None req-7a8955cd-84f7-4dba-ba00-ae06b30830db None None] Loading extension file: port_trusted_vif.py {{(pid=102292) _load_all_extensions_from_path /opt/stack/neutron/neutron/api/extensions.py:449}}
Mar 23 06:14:10.163317 np0000160339 devstack@neutron-api.service[102289]: DEBUG neutron_lib.callbacks.manager [None req-929cd7c2-40ba-4884-96bc-fd36f1140f88 None None] Subscribe: > floatingip after_create 55550000, False {{(pid=102289) subscribe /opt/stack/data/venv/lib/python3.12/site-packages/neutron_lib/callbacks/manager.py:52}}
Mar 23 06:14:10.163432 np0000160339 devstack@neutron-api.service[102289]: DEBUG neutron_lib.callbacks.manager [None req-929cd7c2-40ba-4884-96bc-fd36f1140f88 None None] Subscribe: > floatingip precommit_create 55550000, False {{(pid=102289) subscribe /opt/stack/data/venv/lib/python3.12/site-packages/neutron_lib/callbacks/manager.py:52}}
Mar 23 06:14:10.163488 np0000160339 devstack@neutron-api.service[102292]: DEBUG neutron.api.extensions [None req-7a8955cd-84f7-4dba-ba00-ae06b30830db None None] Ext name="Port trusted vif" alias="port-trusted-vif" description="Expose port 'trusted' attribute in the API" updated="2024-07-10T10:00:00-00:00" {{(pid=102292) _check_extension /opt/stack/neutron/neutron/api/extensions.py:415}}
Mar 23 06:14:10.163533 np0000160339 devstack@neutron-api.service[102289]: DEBUG neutron_lib.callbacks.manager [None req-929cd7c2-40ba-4884-96bc-fd36f1140f88 None None] Subscribe: > floatingip precommit_update 55550000, False {{(pid=102289) subscribe /opt/stack/data/venv/lib/python3.12/site-packages/neutron_lib/callbacks/manager.py:52}}
Mar 23 06:14:10.163651 np0000160339 devstack@neutron-api.service[102289]: DEBUG neutron_lib.callbacks.manager [None req-929cd7c2-40ba-4884-96bc-fd36f1140f88 None None] Subscribe: > floatingip after_delete 55550000, False {{(pid=102289) subscribe /opt/stack/data/venv/lib/python3.12/site-packages/neutron_lib/callbacks/manager.py:52}}
Mar 23 06:14:10.163710 np0000160339 devstack@neutron-api.service[102292]: INFO neutron.api.extensions [None req-7a8955cd-84f7-4dba-ba00-ae06b30830db None None] Extension port-trusted-vif not supported by any of loaded plugins
Mar 23 06:14:10.163746 np0000160339 devstack@neutron-api.service[102289]: DEBUG neutron_lib.callbacks.manager [None req-929cd7c2-40ba-4884-96bc-fd36f1140f88 None None] Subscribe: > floatingip after_status_update 55550000, False {{(pid=102289) subscribe /opt/stack/data/venv/lib/python3.12/site-packages/neutron_lib/callbacks/manager.py:52}}
Mar 23 06:14:10.163787 np0000160339 devstack@neutron-api.service[102292]: DEBUG neutron.api.extensions [None req-7a8955cd-84f7-4dba-ba00-ae06b30830db None None] Loading extension file: portbindings.py {{(pid=102292) _load_all_extensions_from_path /opt/stack/neutron/neutron/api/extensions.py:449}}
Mar 23 06:14:10.163930 np0000160339 devstack@neutron-api.service[102289]: DEBUG neutron_lib.callbacks.manager [None req-929cd7c2-40ba-4884-96bc-fd36f1140f88 None None] Subscribe: > floatingip after_update 55550000, False {{(pid=102289) subscribe /opt/stack/data/venv/lib/python3.12/site-packages/neutron_lib/callbacks/manager.py:52}}
Mar 23 06:14:10.163984 np0000160339 devstack@neutron-api.service[102289]: DEBUG neutron_lib.callbacks.manager [None req-929cd7c2-40ba-4884-96bc-fd36f1140f88 None None] Subscribe: > port_forwarding after_create 55550000, False {{(pid=102289) subscribe /opt/stack/data/venv/lib/python3.12/site-packages/neutron_lib/callbacks/manager.py:52}}
Mar 23 06:14:10.164028 np0000160339 devstack@neutron-api.service[102292]: DEBUG neutron.api.extensions [None req-7a8955cd-84f7-4dba-ba00-ae06b30830db None None] Ext name="Port Binding" alias="binding" description="Expose port bindings of a virtual port to external application" updated="2014-02-03T10:00:00-00:00" {{(pid=102292) _check_extension /opt/stack/neutron/neutron/api/extensions.py:415}}
Mar 23 06:14:10.164072 np0000160339 devstack@neutron-api.service[102289]: DEBUG neutron_lib.callbacks.manager [None req-929cd7c2-40ba-4884-96bc-fd36f1140f88 None None] Subscribe: > router_interface after_delete 55550000, False {{(pid=102289) subscribe /opt/stack/data/venv/lib/python3.12/site-packages/neutron_lib/callbacks/manager.py:52}}
Mar 23 06:14:10.164149 np0000160339 devstack@neutron-api.service[102289]: DEBUG neutron_lib.callbacks.manager [None req-929cd7c2-40ba-4884-96bc-fd36f1140f88 None None] Subscribe: > router after_create 55550000, False {{(pid=102289) subscribe /opt/stack/data/venv/lib/python3.12/site-packages/neutron_lib/callbacks/manager.py:52}}
Mar 23 06:14:10.164198 np0000160339 devstack@neutron-api.service[102292]: INFO neutron.api.extensions [None req-7a8955cd-84f7-4dba-ba00-ae06b30830db None None] Loaded extension: binding
Mar 23 06:14:10.164239 np0000160339 devstack@neutron-api.service[102292]: DEBUG neutron.api.extensions [None req-7a8955cd-84f7-4dba-ba00-ae06b30830db None None] Loading extension file: portbindings_extended.py {{(pid=102292) _load_all_extensions_from_path /opt/stack/neutron/neutron/api/extensions.py:449}}
Mar 23 06:14:10.164297 np0000160339 devstack@neutron-api.service[102289]: DEBUG neutron_lib.callbacks.manager [None req-929cd7c2-40ba-4884-96bc-fd36f1140f88 None None] Subscribe: > router precommit_create 55550000, False {{(pid=102289) subscribe /opt/stack/data/venv/lib/python3.12/site-packages/neutron_lib/callbacks/manager.py:52}}
Mar 23 06:14:10.164342 np0000160339 devstack@neutron-api.service[102289]: DEBUG neutron_lib.callbacks.manager [None req-929cd7c2-40ba-4884-96bc-fd36f1140f88 None None] Subscribe: > router after_delete 55550000, False {{(pid=102289) subscribe /opt/stack/data/venv/lib/python3.12/site-packages/neutron_lib/callbacks/manager.py:52}}
Mar 23 06:14:10.164444 np0000160339 devstack@neutron-api.service[102289]: DEBUG neutron_lib.callbacks.manager [None req-929cd7c2-40ba-4884-96bc-fd36f1140f88 None None] Subscribe: > router after_update 55550000, False {{(pid=102289) subscribe /opt/stack/data/venv/lib/python3.12/site-packages/neutron_lib/callbacks/manager.py:52}}
Mar 23 06:14:10.164495 np0000160339 devstack@neutron-api.service[102292]: DEBUG neutron.api.extensions [None req-7a8955cd-84f7-4dba-ba00-ae06b30830db None None] Ext name="Port Bindings Extended" alias="binding-extended" description="Expose port bindings of a virtual port to external application" updated="2017-07-17T10:00:00-00:00" {{(pid=102292) _check_extension /opt/stack/neutron/neutron/api/extensions.py:415}}
Mar 23 06:14:10.164556 np0000160339 devstack@neutron-api.service[102289]: DEBUG neutron.services.service_base [None req-929cd7c2-40ba-4884-96bc-fd36f1140f88 None None] Loaded 'neutron.services.ovn_l3.service_providers.ovn.OvnDriver' provider for service L3_ROUTER_NAT {{(pid=102289) load_drivers /opt/stack/neutron/neutron/services/service_base.py:49}}
Mar 23 06:14:10.164673 np0000160339 devstack@neutron-api.service[102292]: INFO neutron.api.extensions [None req-7a8955cd-84f7-4dba-ba00-ae06b30830db None None] Loaded extension: binding-extended
Mar 23 06:14:10.164723 np0000160339 devstack@neutron-api.service[102289]: DEBUG neutron_lib.callbacks.manager [None req-929cd7c2-40ba-4884-96bc-fd36f1140f88 None None] Subscribe: > process after_init 55550001, True {{(pid=102289) subscribe /opt/stack/data/venv/lib/python3.12/site-packages/neutron_lib/callbacks/manager.py:52}}
Mar 23 06:14:10.164777 np0000160339 devstack@neutron-api.service[102292]: DEBUG neutron.api.extensions [None req-7a8955cd-84f7-4dba-ba00-ae06b30830db None None] Loading extension file: portsecurity.py {{(pid=102292) _load_all_extensions_from_path /opt/stack/neutron/neutron/api/extensions.py:449}}
Mar 23 06:14:10.164835 np0000160339 devstack@neutron-api.service[102289]: DEBUG neutron.manager [None req-929cd7c2-40ba-4884-96bc-fd36f1140f88 None None] Successfully loaded L3_ROUTER_NAT plugin. Description: L3 Router Service Plugin for basic L3 forwarding using OVN {{(pid=102289) _create_and_add_service_plugin /opt/stack/neutron/neutron/manager.py:229}}
Mar 23 06:14:10.164924 np0000160339 devstack@neutron-api.service[102289]: INFO neutron.manager [None req-929cd7c2-40ba-4884-96bc-fd36f1140f88 None None] Loading Plugin: auto_allocate
Mar 23 06:14:10.164977 np0000160339 devstack@neutron-api.service[102292]: DEBUG neutron.api.extensions [None req-7a8955cd-84f7-4dba-ba00-ae06b30830db None None] Ext name="Port Security" alias="port-security" description="Provides port security" updated="2012-07-23T10:00:00-00:00" {{(pid=102292) _check_extension /opt/stack/neutron/neutron/api/extensions.py:415}}
Mar 23 06:14:10.165153 np0000160339 devstack@neutron-api.service[102292]: INFO neutron.api.extensions [None req-7a8955cd-84f7-4dba-ba00-ae06b30830db None None] Loaded extension: port-security
Mar 23 06:14:10.165244 np0000160339 devstack@neutron-api.service[102292]: DEBUG neutron.api.extensions [None req-7a8955cd-84f7-4dba-ba00-ae06b30830db None None] Loading extension file: project_id.py {{(pid=102292) _load_all_extensions_from_path /opt/stack/neutron/neutron/api/extensions.py:449}}
Mar 23 06:14:10.165476 np0000160339 devstack@neutron-api.service[102292]: DEBUG neutron.api.extensions [None req-7a8955cd-84f7-4dba-ba00-ae06b30830db None None] Ext name="project_id field enabled" alias="project-id" description="Extension that indicates that project_id field is enabled." updated="2016-09-09T09:09:09-09:09" {{(pid=102292) _check_extension /opt/stack/neutron/neutron/api/extensions.py:415}}
Mar 23 06:14:10.165570 np0000160339 devstack@neutron-api.service[102292]: INFO neutron.api.extensions [None req-7a8955cd-84f7-4dba-ba00-ae06b30830db None None] Loaded extension: project-id
Mar 23 06:14:10.165686 np0000160339 devstack@neutron-api.service[102292]: DEBUG neutron.api.extensions [None req-7a8955cd-84f7-4dba-ba00-ae06b30830db None None] Loading extension file: providernet.py {{(pid=102292) _load_all_extensions_from_path /opt/stack/neutron/neutron/api/extensions.py:449}}
Mar 23 06:14:10.165830 np0000160339 devstack@neutron-api.service[102289]: DEBUG neutron_lib.callbacks.manager [None req-929cd7c2-40ba-4884-96bc-fd36f1140f88 None None] Subscribe: network precommit_update 55550000, False {{(pid=102289) subscribe /opt/stack/data/venv/lib/python3.12/site-packages/neutron_lib/callbacks/manager.py:52}}
Mar 23 06:14:10.165908 np0000160339 devstack@neutron-api.service[102292]: DEBUG neutron.api.extensions [None req-7a8955cd-84f7-4dba-ba00-ae06b30830db None None] Ext name="Provider Network" alias="provider" description="Expose mapping of virtual networks to physical networks" updated="2012-09-07T10:00:00-00:00" {{(pid=102292) _check_extension /opt/stack/neutron/neutron/api/extensions.py:415}}
Mar 23 06:14:10.165969 np0000160339 devstack@neutron-api.service[102289]: DEBUG neutron_lib.callbacks.manager [None req-929cd7c2-40ba-4884-96bc-fd36f1140f88 None None] Subscribe: network precommit_create 55550000, False {{(pid=102289) subscribe /opt/stack/data/venv/lib/python3.12/site-packages/neutron_lib/callbacks/manager.py:52}}
Mar 23 06:14:10.166079 np0000160339 devstack@neutron-api.service[102292]: INFO neutron.api.extensions [None req-7a8955cd-84f7-4dba-ba00-ae06b30830db None None] Loaded extension: provider
Mar 23 06:14:10.166134 np0000160339 devstack@neutron-api.service[102289]: DEBUG neutron.manager [None req-929cd7c2-40ba-4884-96bc-fd36f1140f88 None None] Successfully loaded auto-allocated-topology plugin. Description: Auto Allocated Topology - aka get me a network. {{(pid=102289) _create_and_add_service_plugin /opt/stack/neutron/neutron/manager.py:229}}
Mar 23 06:14:10.166177 np0000160339 devstack@neutron-api.service[102292]: DEBUG neutron.api.extensions [None req-7a8955cd-84f7-4dba-ba00-ae06b30830db None None] Loading extension file: qinq.py {{(pid=102292) _load_all_extensions_from_path /opt/stack/neutron/neutron/api/extensions.py:449}}
Mar 23 06:14:10.166219 np0000160339 devstack@neutron-api.service[102289]: INFO neutron.manager [None req-929cd7c2-40ba-4884-96bc-fd36f1140f88 None None] Loading Plugin: tag
Mar 23 06:14:10.166416 np0000160339 devstack@neutron-api.service[102292]: DEBUG neutron.api.extensions [None req-7a8955cd-84f7-4dba-ba00-ae06b30830db None None] Ext name="QinQ networks" alias="qinq" description="Expose network 'qinq' attribute in the API. This allows to configure network to allow vlan in vlan configuration using 0x8a88 ethertype (QinQ)." updated="2024-12-02T10:00:00-00:00" {{(pid=102292) _check_extension /opt/stack/neutron/neutron/api/extensions.py:415}}
Mar 23 06:14:10.166599 np0000160339 devstack@neutron-api.service[102292]: INFO neutron.api.extensions [None req-7a8955cd-84f7-4dba-ba00-ae06b30830db None None] Loaded extension: qinq
Mar 23 06:14:10.166695 np0000160339 devstack@neutron-api.service[102292]: DEBUG neutron.api.extensions [None req-7a8955cd-84f7-4dba-ba00-ae06b30830db None None] Loading extension file: qos.py {{(pid=102292) _load_all_extensions_from_path /opt/stack/neutron/neutron/api/extensions.py:449}}
Mar 23 06:14:10.167621 np0000160339 devstack@neutron-api.service[102292]: DEBUG neutron.api.extensions [None req-7a8955cd-84f7-4dba-ba00-ae06b30830db None None] Ext name="Quality of Service" alias="qos" description="The Quality of Service extension." updated="2015-06-08T10:00:00-00:00" {{(pid=102292) _check_extension /opt/stack/neutron/neutron/api/extensions.py:415}}
Mar 23 06:14:10.167777 np0000160339 devstack@neutron-api.service[102292]: INFO neutron.api.extensions [None req-7a8955cd-84f7-4dba-ba00-ae06b30830db None None] Extension qos not supported by any of loaded plugins
Mar 23 06:14:10.167869 np0000160339 devstack@neutron-api.service[102292]: DEBUG neutron.api.extensions [None req-7a8955cd-84f7-4dba-ba00-ae06b30830db None None] Loading extension file: qos_bw_limit_direction.py {{(pid=102292) _load_all_extensions_from_path /opt/stack/neutron/neutron/api/extensions.py:449}}
Mar 23 06:14:10.168142 np0000160339 devstack@neutron-api.service[102292]: DEBUG neutron.api.extensions [None req-7a8955cd-84f7-4dba-ba00-ae06b30830db None None] Ext name="Direction for QoS bandwidth limit rule" alias="qos-bw-limit-direction" description="Allow to configure QoS bandwidth limit rule with specific direction: ingress or egress" updated="2017-04-10T10:00:00-00:00" {{(pid=102292) _check_extension /opt/stack/neutron/neutron/api/extensions.py:415}}
Mar 23 06:14:10.168313 np0000160339 devstack@neutron-api.service[102292]: INFO neutron.api.extensions [None req-7a8955cd-84f7-4dba-ba00-ae06b30830db None None] Extension qos-bw-limit-direction not supported by any of loaded plugins
Mar 23 06:14:10.168394 np0000160339 devstack@neutron-api.service[102292]: DEBUG neutron.api.extensions [None req-7a8955cd-84f7-4dba-ba00-ae06b30830db None None] Loading extension file: qos_bw_minimum_ingress.py {{(pid=102292) _load_all_extensions_from_path /opt/stack/neutron/neutron/api/extensions.py:449}}
Mar 23 06:14:10.168641 np0000160339 devstack@neutron-api.service[102292]: DEBUG neutron.api.extensions [None req-7a8955cd-84f7-4dba-ba00-ae06b30830db None None] Ext name="Ingress direction for QoS minimum bandwidth rule" alias="qos-bw-minimum-ingress" description="Allow to configure QoS minumum bandwidth rule with ingress direction." updated="2018-07-09T10:00:00-00:00" {{(pid=102292) _check_extension /opt/stack/neutron/neutron/api/extensions.py:415}}
Mar 23 06:14:10.168820 np0000160339 devstack@neutron-api.service[102292]: INFO neutron.api.extensions [None req-7a8955cd-84f7-4dba-ba00-ae06b30830db None None] Extension qos-bw-minimum-ingress not supported by any of loaded plugins
Mar 23 06:14:10.168874 np0000160339 devstack@neutron-api.service[102289]: DEBUG neutron.manager [None req-929cd7c2-40ba-4884-96bc-fd36f1140f88 None None] Successfully loaded TAG plugin. Description: Tag support {{(pid=102289) _create_and_add_service_plugin /opt/stack/neutron/neutron/manager.py:229}}
Mar 23 06:14:10.168921 np0000160339 devstack@neutron-api.service[102292]: DEBUG neutron.api.extensions [None req-7a8955cd-84f7-4dba-ba00-ae06b30830db None None] Loading extension file: qos_default.py {{(pid=102292) _load_all_extensions_from_path /opt/stack/neutron/neutron/api/extensions.py:449}}
Mar 23 06:14:10.168961 np0000160339 devstack@neutron-api.service[102289]: INFO neutron.manager [None req-929cd7c2-40ba-4884-96bc-fd36f1140f88 None None] Loading Plugin: timestamp
Mar 23 06:14:10.169131 np0000160339 devstack@neutron-api.service[102292]: DEBUG neutron.api.extensions [None req-7a8955cd-84f7-4dba-ba00-ae06b30830db None None] Ext name="QoS default policy" alias="qos-default" description="Expose the QoS default policy per project" updated="2017-041-06T10:00:00-00:00" {{(pid=102292) _check_extension /opt/stack/neutron/neutron/api/extensions.py:415}}
Mar 23 06:14:10.169213 np0000160339 devstack@neutron-api.service[102290]: DEBUG neutron_lib.callbacks.manager [None req-1222f59f-3651-4cb8-a3b6-250812051f90 None None] Subscribe: > router before_delete 55550000, False {{(pid=102290) subscribe /opt/stack/data/venv/lib/python3.12/site-packages/neutron_lib/callbacks/manager.py:52}}
Mar 23 06:14:10.169315 np0000160339 devstack@neutron-api.service[102292]: INFO neutron.api.extensions [None req-7a8955cd-84f7-4dba-ba00-ae06b30830db None None] Extension qos-default not supported by any of loaded plugins
Mar 23 06:14:10.169367 np0000160339 devstack@neutron-api.service[102290]: DEBUG neutron_lib.callbacks.manager [None req-1222f59f-3651-4cb8-a3b6-250812051f90 None None] Subscribe: port after_update 55550000, False {{(pid=102290) subscribe /opt/stack/data/venv/lib/python3.12/site-packages/neutron_lib/callbacks/manager.py:52}}
Mar 23 06:14:10.169420 np0000160339 devstack@neutron-api.service[102292]: DEBUG neutron.api.extensions [None req-7a8955cd-84f7-4dba-ba00-ae06b30830db None None] Loading extension file: qos_fip.py {{(pid=102292) _load_all_extensions_from_path /opt/stack/neutron/neutron/api/extensions.py:449}}
Mar 23 06:14:10.169464 np0000160339 devstack@neutron-api.service[102290]: DEBUG neutron_lib.callbacks.manager [None req-1222f59f-3651-4cb8-a3b6-250812051f90 None None] Subscribe: port after_delete 55550000, False {{(pid=102290) subscribe /opt/stack/data/venv/lib/python3.12/site-packages/neutron_lib/callbacks/manager.py:52}}
Mar 23 06:14:10.169508 np0000160339 devstack@neutron-api.service[102290]: DEBUG neutron_lib.callbacks.manager [None req-1222f59f-3651-4cb8-a3b6-250812051f90 None None] Subscribe: subnet after_update 55550000, False {{(pid=102290) subscribe /opt/stack/data/venv/lib/python3.12/site-packages/neutron_lib/callbacks/manager.py:52}}
Mar 23 06:14:10.169623 np0000160339 devstack@neutron-api.service[102292]: DEBUG neutron.api.extensions [None req-7a8955cd-84f7-4dba-ba00-ae06b30830db None None] Ext name="Floating IP QoS" alias="qos-fip" description="The floating IP Quality of Service extension" updated="2017-07-20T00:00:00-00:00" {{(pid=102292) _check_extension /opt/stack/neutron/neutron/api/extensions.py:415}}
Mar 23 06:14:10.169676 np0000160339 devstack@neutron-api.service[102290]: DEBUG neutron_lib.callbacks.manager [None req-1222f59f-3651-4cb8-a3b6-250812051f90 None None] Subscribe: subnetpool_address_scope after_update 55550000, False {{(pid=102290) subscribe /opt/stack/data/venv/lib/python3.12/site-packages/neutron_lib/callbacks/manager.py:52}}
Mar 23 06:14:10.169735 np0000160339 devstack@neutron-api.service[102290]: DEBUG neutron_lib.callbacks.manager [None req-1222f59f-3651-4cb8-a3b6-250812051f90 None None] Subscribe: port before_update 55550000, False {{(pid=102290) subscribe /opt/stack/data/venv/lib/python3.12/site-packages/neutron_lib/callbacks/manager.py:52}}
Mar 23 06:14:10.169779 np0000160339 devstack@neutron-api.service[102292]: INFO neutron.api.extensions [None req-7a8955cd-84f7-4dba-ba00-ae06b30830db None None] Extension qos-fip not supported by any of loaded plugins
Mar 23 06:14:10.169827 np0000160339 devstack@neutron-api.service[102290]: DEBUG neutron_lib.callbacks.manager [None req-1222f59f-3651-4cb8-a3b6-250812051f90 None None] Subscribe: port after_update 55550000, False {{(pid=102290) subscribe /opt/stack/data/venv/lib/python3.12/site-packages/neutron_lib/callbacks/manager.py:52}}
Mar 23 06:14:10.169873 np0000160339 devstack@neutron-api.service[102292]: DEBUG neutron.api.extensions [None req-7a8955cd-84f7-4dba-ba00-ae06b30830db None None] Loading extension file: qos_fip_network_policy.py {{(pid=102292) _load_all_extensions_from_path /opt/stack/neutron/neutron/api/extensions.py:449}}
Mar 23 06:14:10.169942 np0000160339 devstack@neutron-api.service[102290]: DEBUG neutron_lib.callbacks.manager [None req-1222f59f-3651-4cb8-a3b6-250812051f90 None None] Subscribe: > port precommit_delete 55550000, False {{(pid=102290) subscribe /opt/stack/data/venv/lib/python3.12/site-packages/neutron_lib/callbacks/manager.py:52}}
Mar 23 06:14:10.170048 np0000160339 devstack@neutron-api.service[102290]: DEBUG neutron_lib.callbacks.manager [None req-1222f59f-3651-4cb8-a3b6-250812051f90 None None] Subscribe: port before_update 55550000, False {{(pid=102290) subscribe /opt/stack/data/venv/lib/python3.12/site-packages/neutron_lib/callbacks/manager.py:52}}
Mar 23 06:14:10.170100 np0000160339 devstack@neutron-api.service[102292]: DEBUG neutron.api.extensions [None req-7a8955cd-84f7-4dba-ba00-ae06b30830db None None] Ext name="QoS floating IP network policy ID" alias="qos-fip-network-policy" description="Adds a the QoS network ID to the floating IP definition" updated="2021-11-15T10:00:00-00:00" {{(pid=102292) _check_extension /opt/stack/neutron/neutron/api/extensions.py:415}}
Mar 23 06:14:10.170157 np0000160339 devstack@neutron-api.service[102289]: DEBUG neutron.manager [None req-929cd7c2-40ba-4884-96bc-fd36f1140f88 None None] Successfully loaded timestamp plugin. Description: Adds timestamps to Neutron resources with standard attributes {{(pid=102289) _create_and_add_service_plugin /opt/stack/neutron/neutron/manager.py:229}}
Mar 23 06:14:10.170204 np0000160339 devstack@neutron-api.service[102290]: DEBUG neutron_lib.callbacks.manager [None req-1222f59f-3651-4cb8-a3b6-250812051f90 None None] Subscribe: port before_delete 55550000, False {{(pid=102290) subscribe /opt/stack/data/venv/lib/python3.12/site-packages/neutron_lib/callbacks/manager.py:52}}
Mar 23 06:14:10.170250 np0000160339 devstack@neutron-api.service[102289]: INFO neutron.manager [None req-929cd7c2-40ba-4884-96bc-fd36f1140f88 None None] Loading Plugin: network_ip_availability
Mar 23 06:14:10.170298 np0000160339 devstack@neutron-api.service[102290]: DEBUG neutron_lib.callbacks.manager [None req-1222f59f-3651-4cb8-a3b6-250812051f90 None None] Subscribe: > router precommit_create 55550000, False {{(pid=102290) subscribe /opt/stack/data/venv/lib/python3.12/site-packages/neutron_lib/callbacks/manager.py:52}}
Mar 23 06:14:10.170341 np0000160339 devstack@neutron-api.service[102292]: INFO neutron.api.extensions [None req-7a8955cd-84f7-4dba-ba00-ae06b30830db None None] Extension qos-fip-network-policy not supported by any of loaded plugins
Mar 23 06:14:10.170341 np0000160339 devstack@neutron-api.service[102292]: DEBUG neutron.api.extensions [None req-7a8955cd-84f7-4dba-ba00-ae06b30830db None None] Loading extension file: qos_gateway_ip.py {{(pid=102292) _load_all_extensions_from_path /opt/stack/neutron/neutron/api/extensions.py:449}}
Mar 23 06:14:10.170419 np0000160339 devstack@neutron-api.service[102290]: DEBUG neutron_lib.callbacks.manager [None req-1222f59f-3651-4cb8-a3b6-250812051f90 None None] Subscribe: > router precommit_create 55550000, False {{(pid=102290) subscribe /opt/stack/data/venv/lib/python3.12/site-packages/neutron_lib/callbacks/manager.py:52}}
Mar 23 06:14:10.170464 np0000160339 devstack@neutron-api.service[102290]: DEBUG neutron_lib.callbacks.manager [None req-1222f59f-3651-4cb8-a3b6-250812051f90 None None] Subscribe: > router precommit_update 55550000, False {{(pid=102290) subscribe /opt/stack/data/venv/lib/python3.12/site-packages/neutron_lib/callbacks/manager.py:52}}
Mar 23 06:14:10.170565 np0000160339 devstack@neutron-api.service[102290]: DEBUG neutron_lib.callbacks.manager [None req-1222f59f-3651-4cb8-a3b6-250812051f90 None None] Subscribe: subnet after_update 55550000, False {{(pid=102290) subscribe /opt/stack/data/venv/lib/python3.12/site-packages/neutron_lib/callbacks/manager.py:52}}
Mar 23 06:14:10.170630 np0000160339 devstack@neutron-api.service[102292]: DEBUG neutron.api.extensions [None req-7a8955cd-84f7-4dba-ba00-ae06b30830db None None] Ext name="Router gateway IP QoS" alias="qos-gateway-ip" description="The Router gateway IP Quality of Service extension" updated="2018-02-24T00:00:00-00:00" {{(pid=102292) _check_extension /opt/stack/neutron/neutron/api/extensions.py:415}}
Mar 23 06:14:10.170760 np0000160339 devstack@neutron-api.service[102292]: INFO neutron.api.extensions [None req-7a8955cd-84f7-4dba-ba00-ae06b30830db None None] Extension qos-gateway-ip not supported by any of loaded plugins
Mar 23 06:14:10.170850 np0000160339 devstack@neutron-api.service[102292]: DEBUG neutron.api.extensions [None req-7a8955cd-84f7-4dba-ba00-ae06b30830db None None] Loading extension file: qos_port_network_policy.py {{(pid=102292) _load_all_extensions_from_path /opt/stack/neutron/neutron/api/extensions.py:449}}
Mar 23 06:14:10.171110 np0000160339 devstack@neutron-api.service[102292]: DEBUG neutron.api.extensions [None req-7a8955cd-84f7-4dba-ba00-ae06b30830db None None] Ext name="QoS port network policy ID" alias="qos-port-network-policy" description="Adds a the QoS network ID to the port definition" updated="2019-11-01T10:00:00-00:00" {{(pid=102292) _check_extension /opt/stack/neutron/neutron/api/extensions.py:415}}
Mar 23 06:14:10.171285 np0000160339 devstack@neutron-api.service[102292]: INFO neutron.api.extensions [None req-7a8955cd-84f7-4dba-ba00-ae06b30830db None None] Extension qos-port-network-policy not supported by any of loaded plugins
Mar 23 06:14:10.171340 np0000160339 devstack@neutron-api.service[102290]: DEBUG neutron.quota.resource_registry [None req-1222f59f-3651-4cb8-a3b6-250812051f90 None None] Tracking information for resource: router configured {{(pid=102290) set_tracked_resource /opt/stack/neutron/neutron/quota/resource_registry.py:203}}
Mar 23 06:14:10.171394 np0000160339 devstack@neutron-api.service[102292]: DEBUG neutron.api.extensions [None req-7a8955cd-84f7-4dba-ba00-ae06b30830db None None] Loading extension file: qos_pps_minimum_rule.py {{(pid=102292) _load_all_extensions_from_path /opt/stack/neutron/neutron/api/extensions.py:449}}
Mar 23 06:14:10.171441 np0000160339 devstack@neutron-api.service[102290]: DEBUG neutron.quota.resource_registry [None req-1222f59f-3651-4cb8-a3b6-250812051f90 None None] Tracking information for resource: floatingip configured {{(pid=102290) set_tracked_resource /opt/stack/neutron/neutron/quota/resource_registry.py:203}}
Mar 23 06:14:10.171509 np0000160339 devstack@neutron-api.service[102290]: INFO neutron.services.ovn_l3.plugin [None req-1222f59f-3651-4cb8-a3b6-250812051f90 None None] Starting OVNL3RouterPlugin
Mar 23 06:14:10.171644 np0000160339 devstack@neutron-api.service[102292]: DEBUG neutron.api.extensions [None req-7a8955cd-84f7-4dba-ba00-ae06b30830db None None] Ext name="QoS minimum packet rate rule" alias="qos-pps-minimum" description="Allow to configure QoS minimum packet rate rule." updated="2021-07-14T10:00:00-00:00" {{(pid=102292) _check_extension /opt/stack/neutron/neutron/api/extensions.py:415}}
Mar 23 06:14:10.171764 np0000160339 devstack@neutron-api.service[102290]: DEBUG neutron_lib.callbacks.manager [None req-1222f59f-3651-4cb8-a3b6-250812051f90 None None] Subscribe: > port_forwarding_plugin after_init 55550000, False {{(pid=102290) subscribe /opt/stack/data/venv/lib/python3.12/site-packages/neutron_lib/callbacks/manager.py:52}}
Mar 23 06:14:10.171816 np0000160339 devstack@neutron-api.service[102292]: INFO neutron.api.extensions [None req-7a8955cd-84f7-4dba-ba00-ae06b30830db None None] Extension qos-pps-minimum not supported by any of loaded plugins
Mar 23 06:14:10.171872 np0000160339 devstack@neutron-api.service[102292]: DEBUG neutron.api.extensions [None req-7a8955cd-84f7-4dba-ba00-ae06b30830db None None] Loading extension file: qos_pps_minimum_rule_alias.py {{(pid=102292) _load_all_extensions_from_path /opt/stack/neutron/neutron/api/extensions.py:449}}
Mar 23 06:14:10.171992 np0000160339 devstack@neutron-api.service[102290]: DEBUG neutron_lib.callbacks.manager [None req-1222f59f-3651-4cb8-a3b6-250812051f90 None None] Subscribe: > router before_create 55550100, False {{(pid=102290) subscribe /opt/stack/data/venv/lib/python3.12/site-packages/neutron_lib/callbacks/manager.py:52}}
Mar 23 06:14:10.172110 np0000160339 devstack@neutron-api.service[102292]: DEBUG neutron.api.extensions [None req-7a8955cd-84f7-4dba-ba00-ae06b30830db None None] Ext name="QoS minimum packet rate rule alias" alias="qos-pps-minimum-rule-alias" description="API to enable GET, PUT and DELETE operations on QoS minimum packet rate rule without specifying policy ID" updated="2021-10-22T10:00:00-00:00" {{(pid=102292) _check_extension /opt/stack/neutron/neutron/api/extensions.py:415}}
Mar 23 06:14:10.172177 np0000160339 devstack@neutron-api.service[102290]: DEBUG neutron_lib.callbacks.manager [None req-1222f59f-3651-4cb8-a3b6-250812051f90 None None] Subscribe: > router precommit_delete 55550100, False {{(pid=102290) subscribe /opt/stack/data/venv/lib/python3.12/site-packages/neutron_lib/callbacks/manager.py:52}}
Mar 23 06:14:10.172226 np0000160339 devstack@neutron-api.service[102290]: DEBUG neutron_lib.callbacks.manager [None req-1222f59f-3651-4cb8-a3b6-250812051f90 None None] Subscribe: > router precommit_create 55550100, False {{(pid=102290) subscribe /opt/stack/data/venv/lib/python3.12/site-packages/neutron_lib/callbacks/manager.py:52}}
Mar 23 06:14:10.172267 np0000160339 devstack@neutron-api.service[102289]: DEBUG neutron_lib.callbacks.manager [None req-929cd7c2-40ba-4884-96bc-fd36f1140f88 None None] Subscribe: > rbac-policy before_create 55550000, False {{(pid=102289) subscribe /opt/stack/data/venv/lib/python3.12/site-packages/neutron_lib/callbacks/manager.py:52}}
Mar 23 06:14:10.172314 np0000160339 devstack@neutron-api.service[102292]: INFO neutron.api.extensions [None req-7a8955cd-84f7-4dba-ba00-ae06b30830db None None] Extension qos-pps-minimum-rule-alias not supported by any of loaded plugins
Mar 23 06:14:10.172356 np0000160339 devstack@neutron-api.service[102290]: DEBUG neutron_lib.callbacks.manager [None req-1222f59f-3651-4cb8-a3b6-250812051f90 None None] Subscribe: > router precommit_update 55550100, False {{(pid=102290) subscribe /opt/stack/data/venv/lib/python3.12/site-packages/neutron_lib/callbacks/manager.py:52}}
Mar 23 06:14:10.172410 np0000160339 devstack@neutron-api.service[102292]: DEBUG neutron.api.extensions [None req-7a8955cd-84f7-4dba-ba00-ae06b30830db None None] Loading extension file: qos_pps_rule.py {{(pid=102292) _load_all_extensions_from_path /opt/stack/neutron/neutron/api/extensions.py:449}}
Mar 23 06:14:10.172451 np0000160339 devstack@neutron-api.service[102289]: DEBUG neutron_lib.callbacks.manager [None req-929cd7c2-40ba-4884-96bc-fd36f1140f88 None None] Subscribe: > rbac-policy before_update 55550000, False {{(pid=102289) subscribe /opt/stack/data/venv/lib/python3.12/site-packages/neutron_lib/callbacks/manager.py:52}}
Mar 23 06:14:10.172490 np0000160339 devstack@neutron-api.service[102289]: DEBUG neutron_lib.callbacks.manager [None req-929cd7c2-40ba-4884-96bc-fd36f1140f88 None None] Subscribe: > rbac-policy before_delete 55550000, False {{(pid=102289) subscribe /opt/stack/data/venv/lib/python3.12/site-packages/neutron_lib/callbacks/manager.py:52}}
Mar 23 06:14:10.172636 np0000160339 devstack@neutron-api.service[102292]: DEBUG neutron.api.extensions [None req-7a8955cd-84f7-4dba-ba00-ae06b30830db None None] Ext name="QoS Rule Type Packet per Second Extension" alias="qos-pps" description="Add QoS Rule Type Packet per Second" updated="2021-05-12T10:00:00-00:00" {{(pid=102292) _check_extension /opt/stack/neutron/neutron/api/extensions.py:415}}
Mar 23 06:14:10.172790 np0000160339 devstack@neutron-api.service[102292]: INFO neutron.api.extensions [None req-7a8955cd-84f7-4dba-ba00-ae06b30830db None None] Extension qos-pps not supported by any of loaded plugins
Mar 23 06:14:10.172867 np0000160339 devstack@neutron-api.service[102289]: DEBUG neutron.manager [None req-929cd7c2-40ba-4884-96bc-fd36f1140f88 None None] Successfully loaded network-ip-availability plugin. Description: Provides IP availability data for each network and subnet. {{(pid=102289) _create_and_add_service_plugin /opt/stack/neutron/neutron/manager.py:229}}
Mar 23 06:14:10.172904 np0000160339 devstack@neutron-api.service[102292]: DEBUG neutron.api.extensions [None req-7a8955cd-84f7-4dba-ba00-ae06b30830db None None] Loading extension file: qos_rule_type_details.py {{(pid=102292) _load_all_extensions_from_path /opt/stack/neutron/neutron/api/extensions.py:449}}
Mar 23 06:14:10.172957 np0000160339 devstack@neutron-api.service[102289]: INFO neutron.manager [None req-929cd7c2-40ba-4884-96bc-fd36f1140f88 None None] Loading Plugin: flavors
Mar 23 06:14:10.173098 np0000160339 devstack@neutron-api.service[102292]: DEBUG neutron.api.extensions [None req-7a8955cd-84f7-4dba-ba00-ae06b30830db None None] Ext name="Details of QoS rule types" alias="qos-rule-type-details" description="Expose details about QoS rule types supported by loaded backend drivers" updated="2017-06-22T10:00:00-00:00" {{(pid=102292) _check_extension /opt/stack/neutron/neutron/api/extensions.py:415}}
Mar 23 06:14:10.173272 np0000160339 devstack@neutron-api.service[102292]: INFO neutron.api.extensions [None req-7a8955cd-84f7-4dba-ba00-ae06b30830db None None] Extension qos-rule-type-details not supported by any of loaded plugins
Mar 23 06:14:10.173360 np0000160339 devstack@neutron-api.service[102292]: DEBUG neutron.api.extensions [None req-7a8955cd-84f7-4dba-ba00-ae06b30830db None None] Loading extension file: qos_rule_type_filter.py {{(pid=102292) _load_all_extensions_from_path /opt/stack/neutron/neutron/api/extensions.py:449}}
Mar 23 06:14:10.173625 np0000160339 devstack@neutron-api.service[102292]: DEBUG neutron.api.extensions [None req-7a8955cd-84f7-4dba-ba00-ae06b30830db None None] Ext name="Allow to filter the list of QoS rule types" alias="qos-rule-type-filter" description="Allows to filter the QoS rule type list adding two new flags. "all_rules" prints all implemented QoS rule types."all_supported" prints all supported QoS rule types by the loaded mechanism drivers" updated="2022-02-02T10:00:00-00:00" {{(pid=102292) _check_extension /opt/stack/neutron/neutron/api/extensions.py:415}}
Mar 23 06:14:10.173777 np0000160339 devstack@neutron-api.service[102292]: INFO neutron.api.extensions [None req-7a8955cd-84f7-4dba-ba00-ae06b30830db None None] Extension qos-rule-type-filter not supported by any of loaded plugins
Mar 23 06:14:10.173865 np0000160339 devstack@neutron-api.service[102292]: DEBUG neutron.api.extensions [None req-7a8955cd-84f7-4dba-ba00-ae06b30830db None None] Loading extension file: qos_rules_alias.py {{(pid=102292) _load_all_extensions_from_path /opt/stack/neutron/neutron/api/extensions.py:449}}
Mar 23 06:14:10.173964 np0000160339 devstack@neutron-api.service[102289]: DEBUG neutron.manager [None req-929cd7c2-40ba-4884-96bc-fd36f1140f88 None None] Successfully loaded FLAVORS plugin. Description: Neutron Flavors and Service Profiles manager plugin {{(pid=102289) _create_and_add_service_plugin /opt/stack/neutron/neutron/manager.py:229}}
Mar 23 06:14:10.174101 np0000160339 devstack@neutron-api.service[102289]: INFO neutron.manager [None req-929cd7c2-40ba-4884-96bc-fd36f1140f88 None None] Loading Plugin: revisions
Mar 23 06:14:10.174149 np0000160339 devstack@neutron-api.service[102292]: DEBUG neutron.api.extensions [None req-7a8955cd-84f7-4dba-ba00-ae06b30830db None None] Ext name="Quality of Service rules alias API" alias="qos-rules-alias" description="API to enable GET, PUT and DELETE operations on QoS policy rules without specifying policy ID" updated="2018-10-07T10:00:00-00:00" {{(pid=102292) _check_extension /opt/stack/neutron/neutron/api/extensions.py:415}}
Mar 23 06:14:10.174274 np0000160339 devstack@neutron-api.service[102292]: INFO neutron.api.extensions [None req-7a8955cd-84f7-4dba-ba00-ae06b30830db None None] Extension qos-rules-alias not supported by any of loaded plugins
Mar 23 06:14:10.174373 np0000160339 devstack@neutron-api.service[102292]: DEBUG neutron.api.extensions [None req-7a8955cd-84f7-4dba-ba00-ae06b30830db None None] Loading extension file: quota_check_limit.py {{(pid=102292) _load_all_extensions_from_path /opt/stack/neutron/neutron/api/extensions.py:449}}
Mar 23 06:14:10.174643 np0000160339 devstack@neutron-api.service[102292]: DEBUG neutron.api.extensions [None req-7a8955cd-84f7-4dba-ba00-ae06b30830db None None] Ext name="Quota engine limit check" alias="quota-check-limit" description="Support for checking the resource usage before applying a new quota limit" updated="2021-09-08T16:00:00-00:00" {{(pid=102292) _check_extension /opt/stack/neutron/neutron/api/extensions.py:415}}
Mar 23 06:14:10.174791 np0000160339 devstack@neutron-api.service[102292]: INFO neutron.api.extensions [None req-7a8955cd-84f7-4dba-ba00-ae06b30830db None None] Loaded extension: quota-check-limit
Mar 23 06:14:10.174879 np0000160339 devstack@neutron-api.service[102292]: DEBUG neutron.api.extensions [None req-7a8955cd-84f7-4dba-ba00-ae06b30830db None None] Loading extension file: quota_check_limit_default.py {{(pid=102292) _load_all_extensions_from_path /opt/stack/neutron/neutron/api/extensions.py:449}}
Mar 23 06:14:10.175166 np0000160339 devstack@neutron-api.service[102292]: DEBUG neutron.api.extensions [None req-7a8955cd-84f7-4dba-ba00-ae06b30830db None None] Ext name="Quota engine limit check by default" alias="quota-check-limit-default" description="By default, the Neutron quota engine checks the resource usage before applying a new quota limit" updated="2024-08-21T16:00:00-00:00" {{(pid=102292) _check_extension /opt/stack/neutron/neutron/api/extensions.py:415}}
Mar 23 06:14:10.175239 np0000160339 devstack@neutron-api.service[102289]: DEBUG neutron.manager [None req-929cd7c2-40ba-4884-96bc-fd36f1140f88 None None] Successfully loaded revision_plugin plugin. Description: Adds revision numbers to resources. {{(pid=102289) _create_and_add_service_plugin /opt/stack/neutron/neutron/manager.py:229}}
Mar 23 06:14:10.175311 np0000160339 devstack@neutron-api.service[102289]: DEBUG oslo_concurrency.lockutils [None req-929cd7c2-40ba-4884-96bc-fd36f1140f88 None None] Lock "manager" "released" by "neutron.manager.NeutronManager._create_instance" :: held 4.619s {{(pid=102289) inner /opt/stack/data/venv/lib/python3.12/site-packages/oslo_concurrency/lockutils.py:538}}
Mar 23 06:14:10.175357 np0000160339 devstack@neutron-api.service[102292]: INFO neutron.api.extensions [None req-7a8955cd-84f7-4dba-ba00-ae06b30830db None None] Loaded extension: quota-check-limit-default
Mar 23 06:14:10.175407 np0000160339 devstack@neutron-api.service[102292]: DEBUG neutron.api.extensions [None req-7a8955cd-84f7-4dba-ba00-ae06b30830db None None] Loading extension file: quotasv2.py {{(pid=102292) _load_all_extensions_from_path /opt/stack/neutron/neutron/api/extensions.py:449}}
